2024-05-15T13:49:52.044+0000 7f6b1b90a700 1 --2- 172.21.15.33:0/2108290547 >> [v2:172.21.15.33:6800/2680375465,v1:172.21.15.33:6801/2680375465] conn(0x7f6b0003e4c0 0x7f6b00040980 secure :-1 s=READY pgs=13 cs=0 l=1 rev1=1 crypto rx=0x7f6b04006fd0 tx=0x7f6b04006e40 comp rx=0 tx=0).stop
2024-05-15T13:49:53.339 INFO:teuthology.orchestra.run.smithi033.stdout:/usr/bin/ceph: stderr
2024-05-15T13:49:52.044+0000 7f6b1b90a700 1 -- 172.21.15.33:0/2108290547 >> [v2:172.21.15.33:3300/0,v1:172.21.15.33:6789/0] conn(0x7f6b1407ee60 msgr2=0x7f6b1419f200 secure :-1 s=STATE_CONNECTION_ESTABLISHED l=1).mark_down
2024-05-15T13:49:53.339 INFO:teuthology.orchestra.run.smithi033.stdout:/usr/bin/ceph: stderr
2024-05-15T13:49:52.044+0000 7f6b1b90a700 1 --2- 172.21.15.33:0/2108290547 >> [v2:172.21.15.33:3300/0,v1:172.21.15.33:6789/0] conn(0x7f6b1407ee60 0x7f6b1419f200 secure :-1 s=READY pgs=50 cs=0 l=1 rev1=1 crypto rx=0x7f6b10011ac0 tx=0x7f6b10011ba0 comp rx=0 tx=0).stop
2024-05-15T13:49:53.339 INFO:teuthology.orchestra.run.smithi033.stdout:/usr/bin/ceph: stderr
2024-05-15T13:49:52.044+0000 7f6b1b90a700 1 -- 172.21.15.33:0/2108290547 shutdown_connections
2024-05-15T13:49:53.339 INFO:teuthology.orchestra.run.smithi033.stdout:/usr/bin/ceph: stderr
2024-05-15T13:49:52.044+0000 7f6b1b90a700 1 --2- 172.21.15.33:0/2108290547 >> [v2:172.21.15.33:6800/2680375465,v1:172.21.15.33:6801/2680375465] conn(0x7f6b0003e4c0 0x7f6b00040980 unknown :-1 s=CLOSED pgs=13 cs=0 l=1 rev1=1 crypto rx=0 tx=0 comp rx=0 tx=0).stop
2024-05-15T13:49:53.339 INFO:teuthology.orchestra.run.smithi033.stdout:/usr/bin/ceph: stderr
2024-05-15T13:49:52.044+0000 7f6b1b90a700 1 --2- 172.21.15.33:0/2108290547 >> [v2:172.21.15.33:3300/0,v1:172.21.15.33:6789/0] conn(0x7f6b1407ee60 0x7f6b1419f200 unknown :-1 s=CLOSED pgs=50 cs=0 l=1 rev1=1 crypto rx=0 tx=0 comp rx=0 tx=0).stop
2024-05-15T13:49:53.339 INFO:teuthology.orchestra.run.smithi033.stdout:/usr/bin/ceph: stderr
2024-05-15T13:49:52.044+0000 7f6b1b90a700 1 -- 172.21.15.33:0/2108290547 >> 172.21.15.33:0/2108290547 conn(0x7f6b14104660 msgr2=0x7f6b14105250 unknown :-1 s=STATE_NONE l=0).mark_down
2024-05-15T13:49:53.339 INFO:teuthology.orchestra.run.smithi033.stdout:/usr/bin/ceph: stderr
2024-05-15T13:49:52.044+0000 7f6b1b90a700 1 -- 172.21.15.33:0/2108290547 shutdown_connections
2024-05-15T13:49:53.339 INFO:teuthology.orchestra.run.smithi033.stdout:/usr/bin/ceph: stderr
2024-05-15T13:49:52.044+0000 7f6b1b90a700 1 -- 172.21.15.33:0/2108290547 wait complete.
2024-05-15T13:49:54.567 INFO:teuthology.orchestra.run.smithi033.stdout:/usr/bin/ceph: stderr
2024-05-15T13:49:53.796+0000 7f789f500700 1 Processor -- start
2024-05-15T13:49:54.567 INFO:teuthology.orchestra.run.smithi033.stdout:/usr/bin/ceph: stderr
2024-05-15T13:49:53.796+0000 7f789f500700 1 -- start start
2024-05-15T13:49:54.567 INFO:teuthology.orchestra.run.smithi033.stdout:/usr/bin/ceph: stderr
2024-05-15T13:49:53.796+0000 7f789f500700 1 --2- >> [v2:172.21.15.33:3300/0,v1:172.21.15.33:6789/0] conn(0x7f7898109b20 0x7f789810bf10 unknown :-1 s=NONE pgs=0 cs=0 l=0 rev1=0 crypto rx=0 tx=0 comp rx=0 tx=0).connect
2024-05-15T13:49:54.567 INFO:teuthology.orchestra.run.smithi033.stdout:/usr/bin/ceph: stderr
2024-05-15T13:49:53.796+0000 7f789f500700 1 -- --> [v2:172.21.15.33:3300/0,v1:172.21.15.33:6789/0] -- mon_getmap magic: 0 -- 0x7f789807ce40 con 0x7f7898109b20
2024-05-15T13:49:54.568 INFO:teuthology.orchestra.run.smithi033.stdout:/usr/bin/ceph: stderr
2024-05-15T13:49:53.796+0000 7f789d29c700 1 --2- >> [v2:172.21.15.33:3300/0,v1:172.21.15.33:6789/0] conn(0x7f7898109b20 0x7f789810bf10 unknown :-1 s=BANNER_CONNECTING pgs=0 cs=0 l=0 rev1=0 crypto rx=0 tx=0 comp rx=0 tx=0)._handle_peer_banner_payload supported=3 required=0
2024-05-15T13:49:54.568 INFO:teuthology.orchestra.run.smithi033.stdout:/usr/bin/ceph: stderr
2024-05-15T13:49:53.796+0000 7f789d29c700 1 --2- >> [v2:172.21.15.33:3300/0,v1:172.21.15.33:6789/0] conn(0x7f7898109b20 0x7f789810bf10 unknown :-1 s=HELLO_CONNECTING pgs=0 cs=0 l=0 rev1=1 crypto rx=0 tx=0 comp rx=0 tx=0).handle_hello peer v2:172.21.15.33:3300/0 says I am v2:172.21.15.33:59882/0 (socket says 172.21.15.33:59882)
2024-05-15T13:49:54.568 INFO:teuthology.orchestra.run.smithi033.stdout:/usr/bin/ceph: stderr
2024-05-15T13:49:53.796+0000 7f789d29c700 1 -- 172.21.15.33:0/776396358 learned_addr learned my addr 172.21.15.33:0/776396358 (peer_addr_for_me v2:172.21.15.33:0/0)
2024-05-15T13:49:54.568 INFO:teuthology.orchestra.run.smithi033.stdout:/usr/bin/ceph: stderr
2024-05-15T13:49:53.796+0000 7f789d29c700 1 -- 172.21.15.33:0/776396358 --> [v2:172.21.15.33:3300/0,v1:172.21.15.33:6789/0] -- mon_subscribe({config=0+,monmap=0+}) -- 0x7f789810c450 con 0x7f7898109b20
2024-05-15T13:49:54.568 INFO:teuthology.orchestra.run.smithi033.stdout:/usr/bin/ceph: stderr
2024-05-15T13:49:53.797+0000 7f789d29c700 1 --2- 172.21.15.33:0/776396358 >> [v2:172.21.15.33:3300/0,v1:172.21.15.33:6789/0] conn(0x7f7898109b20 0x7f789810bf10 secure :-1 s=READY pgs=51 cs=0 l=1 rev1=1 crypto rx=0x7f788c0098a0 tx=0x7f788c009bb0 comp rx=0 tx=0).ready entity=mon.0 client_cookie=cb242a0539f8154e server_cookie=0 in_seq=0 out_seq=0
2024-05-15T13:49:54.568 INFO:teuthology.orchestra.run.smithi033.stdout:/usr/bin/ceph: stderr
2024-05-15T13:49:53.797+0000 7f788bfff700 1 -- 172.21.15.33:0/776396358 <== mon.0 v2:172.21.15.33:3300/0 1 ==== mon_map magic: 0 ==== 205+0+0 (secure 0 0 0) 0x7f788c004160 con 0x7f7898109b20
2024-05-15T13:49:54.568 INFO:teuthology.orchestra.run.smithi033.stdout:/usr/bin/ceph: stderr
2024-05-15T13:49:53.797+0000 7f788bfff700 1 -- 172.21.15.33:0/776396358 <== mon.0 v2:172.21.15.33:3300/0 2 ==== config(26 keys) ==== 1101+0+0 (secure 0 0 0) 0x7f788c004300 con 0x7f7898109b20
2024-05-15T13:49:54.568 INFO:teuthology.orchestra.run.smithi033.stdout:/usr/bin/ceph: stderr
2024-05-15T13:49:53.797+0000 7f788bfff700 1 -- 172.21.15.33:0/776396358 <== mon.0 v2:172.21.15.33:3300/0 3 ==== mon_map magic: 0 ==== 205+0+0 (secure 0 0 0) 0x7f788c011a20 con 0x7f7898109b20
2024-05-15T13:49:54.568 INFO:teuthology.orchestra.run.smithi033.stdout:/usr/bin/ceph: stderr
2024-05-15T13:49:53.797+0000 7f789f500700 1 -- 172.21.15.33:0/776396358 >> [v2:172.21.15.33:3300/0,v1:172.21.15.33:6789/0] conn(0x7f7898109b20 msgr2=0x7f789810bf10 secure :-1 s=STATE_CONNECTION_ESTABLISHED l=1).mark_down
2024-05-15T13:49:54.568 INFO:teuthology.orchestra.run.smithi033.stdout:/usr/bin/ceph: stderr
2024-05-15T13:49:53.797+0000 7f789f500700 1 --2- 172.21.15.33:0/776396358 >> [v2:172.21.15.33:3300/0,v1:172.21.15.33:6789/0] conn(0x7f7898109b20 0x7f789810bf10 secure :-1 s=READY pgs=51 cs=0 l=1 rev1=1 crypto rx=0x7f788c0098a0 tx=0x7f788c009bb0 comp rx=0 tx=0).stop
2024-05-15T13:49:54.568 INFO:teuthology.orchestra.run.smithi033.stdout:/usr/bin/ceph: stderr
2024-05-15T13:49:53.797+0000 7f789f500700 1 -- 172.21.15.33:0/776396358 shutdown_connections
2024-05-15T13:49:54.568 INFO:teuthology.orchestra.run.smithi033.stdout:/usr/bin/ceph: stderr
2024-05-15T13:49:53.798+0000 7f789f500700 1 --2- 172.21.15.33:0/776396358 >> [v2:172.21.15.33:3300/0,v1:172.21.15.33:6789/0] conn(0x7f7898109b20 0x7f789810bf10 unknown :-1 s=CLOSED pgs=51 cs=0 l=1 rev1=1 crypto rx=0 tx=0 comp rx=0 tx=0).stop
2024-05-15T13:49:54.568 INFO:teuthology.orchestra.run.smithi033.stdout:/usr/bin/ceph: stderr
2024-05-15T13:49:53.798+0000 7f789f500700 1 -- 172.21.15.33:0/776396358 >> 172.21.15.33:0/776396358 conn(0x7f7898103510 msgr2=0x7f7898105930 unknown :-1 s=STATE_NONE l=0).mark_down
2024-05-15T13:49:54.569 INFO:teuthology.orchestra.run.smithi033.stdout:/usr/bin/ceph: stderr
2024-05-15T13:49:53.798+0000 7f789f500700 1 -- 172.21.15.33:0/776396358 shutdown_connections
2024-05-15T13:49:54.569 INFO:teuthology.orchestra.run.smithi033.stdout:/usr/bin/ceph: stderr
2024-05-15T13:49:53.798+0000 7f789f500700 1 -- 172.21.15.33:0/776396358 wait complete.
2024-05-15T13:49:54.569 INFO:teuthology.orchestra.run.smithi033.stdout:/usr/bin/ceph: stderr
2024-05-15T13:49:53.798+0000 7f789f500700 1 Processor -- start
2024-05-15T13:49:54.569 INFO:teuthology.orchestra.run.smithi033.stdout:/usr/bin/ceph: stderr
2024-05-15T13:49:53.798+0000 7f789f500700 1 -- start start
2024-05-15T13:49:54.569 INFO:teuthology.orchestra.run.smithi033.stdout:/usr/bin/ceph: stderr
2024-05-15T13:49:53.798+0000 7f789f500700 1 --2- >> [v2:172.21.15.33:3300/0,v1:172.21.15.33:6789/0] conn(0x7f7898109b20 0x7f789819cf60 unknown :-1 s=NONE pgs=0 cs=0 l=1 rev1=0 crypto rx=0 tx=0 comp rx=0 tx=0).connect
2024-05-15T13:49:54.569 INFO:teuthology.orchestra.run.smithi033.stdout:/usr/bin/ceph: stderr
2024-05-15T13:49:53.799+0000 7f789f500700 1 -- --> [v2:172.21.15.33:3300/0,v1:172.21.15.33:6789/0] -- mon_getmap magic: 0 -- 0x7f789810d400 con 0x7f7898109b20
2024-05-15T13:49:54.569 INFO:teuthology.orchestra.run.smithi033.stdout:/usr/bin/ceph: stderr
2024-05-15T13:49:53.799+0000 7f789d29c700 1 --2- >> [v2:172.21.15.33:3300/0,v1:172.21.15.33:6789/0] conn(0x7f7898109b20 0x7f789819cf60 unknown :-1 s=BANNER_CONNECTING pgs=0 cs=0 l=1 rev1=0 crypto rx=0 tx=0 comp rx=0 tx=0)._handle_peer_banner_payload supported=3 required=0
2024-05-15T13:49:54.569 INFO:teuthology.orchestra.run.smithi033.stdout:/usr/bin/ceph: stderr
2024-05-15T13:49:53.799+0000 7f789d29c700 1 --2- >> [v2:172.21.15.33:3300/0,v1:172.21.15.33:6789/0] conn(0x7f7898109b20 0x7f789819cf60 unknown :-1 s=HELLO_CONNECTING pgs=0 cs=0 l=1 rev1=1 crypto rx=0 tx=0 comp rx=0 tx=0).handle_hello peer v2:172.21.15.33:3300/0 says I am v2:172.21.15.33:59890/0 (socket says 172.21.15.33:59890)
2024-05-15T13:49:54.569 INFO:teuthology.orchestra.run.smithi033.stdout:/usr/bin/ceph: stderr
2024-05-15T13:49:53.799+0000 7f789d29c700 1 -- 172.21.15.33:0/408511128 learned_addr learned my addr 172.21.15.33:0/408511128 (peer_addr_for_me v2:172.21.15.33:0/0)
2024-05-15T13:49:54.569 INFO:teuthology.orchestra.run.smithi033.stdout:/usr/bin/ceph: stderr
2024-05-15T13:49:53.799+0000 7f789d29c700 1 -- 172.21.15.33:0/408511128 --> [v2:172.21.15.33:3300/0,v1:172.21.15.33:6789/0] -- mon_subscribe({config=0+,monmap=0+}) -- 0x7f789819d4a0 con 0x7f7898109b20
2024-05-15T13:49:54.569 INFO:teuthology.orchestra.run.smithi033.stdout:/usr/bin/ceph: stderr
2024-05-15T13:49:53.799+0000 7f789d29c700 1 --2- 172.21.15.33:0/408511128 >> [v2:172.21.15.33:3300/0,v1:172.21.15.33:6789/0] conn(0x7f7898109b20 0x7f789819cf60 secure :-1 s=READY pgs=52 cs=0 l=1 rev1=1 crypto rx=0x7f788c004660 tx=0x7f788c011aa0 comp rx=0 tx=0).ready entity=mon.0 client_cookie=0 server_cookie=0 in_seq=0 out_seq=0
2024-05-15T13:49:54.569 INFO:teuthology.orchestra.run.smithi033.stdout:/usr/bin/ceph: stderr
2024-05-15T13:49:53.799+0000 7f788a7fc700 1 -- 172.21.15.33:0/408511128 <== mon.0 v2:172.21.15.33:3300/0 1 ==== mon_map magic: 0 ==== 205+0+0 (secure 0 0 0) 0x7f788c003aa0 con 0x7f7898109b20
2024-05-15T13:49:54.569 INFO:teuthology.orchestra.run.smithi033.stdout:/usr/bin/ceph: stderr
2024-05-15T13:49:53.799+0000 7f788a7fc700 1 -- 172.21.15.33:0/408511128 <== mon.0 v2:172.21.15.33:3300/0 2 ==== config(26 keys) ==== 1101+0+0 (secure 0 0 0) 0x7f788c01b8f0 con 0x7f7898109b20
2024-05-15T13:49:54.569 INFO:teuthology.orchestra.run.smithi033.stdout:/usr/bin/ceph: stderr
2024-05-15T13:49:53.799+0000 7f788a7fc700 1 -- 172.21.15.33:0/408511128 <== mon.0 v2:172.21.15.33:3300/0 3 ==== mon_map magic: 0 ==== 205+0+0 (secure 0 0 0) 0x7f788c023900 con 0x7f7898109b20
2024-05-15T13:49:54.570 INFO:teuthology.orchestra.run.smithi033.stdout:/usr/bin/ceph: stderr
2024-05-15T13:49:53.799+0000 7f789f500700 1 -- 172.21.15.33:0/408511128 --> [v2:172.21.15.33:3300/0,v1:172.21.15.33:6789/0] -- mon_subscribe({mgrmap=0+}) -- 0x7f789819d730 con 0x7f7898109b20
2024-05-15T13:49:54.570 INFO:teuthology.orchestra.run.smithi033.stdout:/usr/bin/ceph: stderr
2024-05-15T13:49:53.799+0000 7f789f500700 1 -- 172.21.15.33:0/408511128 --> [v2:172.21.15.33:3300/0,v1:172.21.15.33:6789/0] -- mon_subscribe({osdmap=0}) -- 0x7f78981a0420 con 0x7f7898109b20
2024-05-15T13:49:54.570 INFO:teuthology.orchestra.run.smithi033.stdout:/usr/bin/ceph: stderr
2024-05-15T13:49:53.800+0000 7f788a7fc700 1 -- 172.21.15.33:0/408511128 <== mon.0 v2:172.21.15.33:3300/0 4 ==== mgrmap(e 8) ==== 50222+0+0 (secure 0 0 0) 0x7f788c023bc0 con 0x7f7898109b20
2024-05-15T13:49:54.570 INFO:teuthology.orchestra.run.smithi033.stdout:/usr/bin/ceph: stderr
2024-05-15T13:49:53.800+0000 7f789f500700 1 -- 172.21.15.33:0/408511128 --> [v2:172.21.15.33:3300/0,v1:172.21.15.33:6789/0] -- mon_command({"prefix": "get_command_descriptions"} v 0) -- 0x7f7898064ba0 con 0x7f7898109b20
2024-05-15T13:49:54.570 INFO:teuthology.orchestra.run.smithi033.stdout:/usr/bin/ceph: stderr
2024-05-15T13:49:53.801+0000 7f788a7fc700 1 --2- 172.21.15.33:0/408511128 >> [v2:172.21.15.33:6800/2680375465,v1:172.21.15.33:6801/2680375465] conn(0x7f788403e470 0x7f7884040930 unknown :-1 s=NONE pgs=0 cs=0 l=1 rev1=0 crypto rx=0 tx=0 comp rx=0 tx=0).connect
2024-05-15T13:49:54.570 INFO:teuthology.orchestra.run.smithi033.stdout:/usr/bin/ceph: stderr
2024-05-15T13:49:53.801+0000 7f788a7fc700 1 -- 172.21.15.33:0/408511128 <== mon.0 v2:172.21.15.33:3300/0 5 ==== osd_map(2..2 src has 1..2) ==== 940+0+0 (secure 0 0 0) 0x7f788c053ff0 con 0x7f7898109b20
2024-05-15T13:49:54.570 INFO:teuthology.orchestra.run.smithi033.stdout:/usr/bin/ceph: stderr
2024-05-15T13:49:53.801+0000 7f789ca9b700 1 --2- 172.21.15.33:0/408511128 >> [v2:172.21.15.33:6800/2680375465,v1:172.21.15.33:6801/2680375465] conn(0x7f788403e470 0x7f7884040930 unknown :-1 s=BANNER_CONNECTING pgs=0 cs=0 l=1 rev1=0 crypto rx=0 tx=0 comp rx=0 tx=0)._handle_peer_banner_payload supported=3 required=0
2024-05-15T13:49:54.570 INFO:teuthology.orchestra.run.smithi033.stdout:/usr/bin/ceph: stderr
2024-05-15T13:49:53.801+0000 7f789ca9b700 1 --2- 172.21.15.33:0/408511128 >> [v2:172.21.15.33:6800/2680375465,v1:172.21.15.33:6801/2680375465] conn(0x7f788403e470 0x7f7884040930 secure :-1 s=READY pgs=14 cs=0 l=1 rev1=1 crypto rx=0x7f7894006fd0 tx=0x7f7894006e40 comp rx=0 tx=0).ready entity=mgr.14120 client_cookie=0 server_cookie=0 in_seq=0 out_seq=0
2024-05-15T13:49:54.570 INFO:teuthology.orchestra.run.smithi033.stdout:/usr/bin/ceph: stderr
2024-05-15T13:49:53.806+0000 7f788a7fc700 1 -- 172.21.15.33:0/408511128 <== mon.0 v2:172.21.15.33:3300/0 6 ==== mon_command_ack([{"prefix": "get_command_descriptions"}]=0 v0) ==== 72+0+191963 (secure 0 0 0) 0x7f788c01f030 con 0x7f7898109b20
2024-05-15T13:49:54.570 INFO:teuthology.orchestra.run.smithi033.stdout:/usr/bin/ceph: stderr
2024-05-15T13:49:54.021+0000 7f789f500700 1 -- 172.21.15.33:0/408511128 --> [v2:172.21.15.33:3300/0,v1:172.21.15.33:6789/0] -- mon_command([{prefix=config set, name=mgr/cephadm/container_init}] v 0) -- 0x7f78981a0a20 con 0x7f7898109b20
2024-05-15T13:49:54.570 INFO:teuthology.orchestra.run.smithi033.stdout:/usr/bin/ceph: stderr
2024-05-15T13:49:54.024+0000 7f788a7fc700 1 -- 172.21.15.33:0/408511128 <== mon.0 v2:172.21.15.33:3300/0 7 ==== mon_command_ack([{prefix=config set, name=mgr/cephadm/container_init}]=0 v7)=0 v7) ==== 142+0+0 (secure 0 0 0) 0x7f788c01b440 con 0x7f7898109b20
2024-05-15T13:49:54.570 INFO:teuthology.orchestra.run.smithi033.stdout:/usr/bin/ceph: stderr
2024-05-15T13:49:54.026+0000 7f789f500700 1 -- 172.21.15.33:0/408511128 >> [v2:172.21.15.33:6800/2680375465,v1:172.21.15.33:6801/2680375465] conn(0x7f788403e470 msgr2=0x7f7884040930 secure :-1 s=STATE_CONNECTION_ESTABLISHED l=1).mark_down
2024-05-15T13:49:54.570 INFO:teuthology.orchestra.run.smithi033.stdout:/usr/bin/ceph: stderr
2024-05-15T13:49:54.026+0000 7f789f500700 1 --2- 172.21.15.33:0/408511128 >> [v2:172.21.15.33:6800/2680375465,v1:172.21.15.33:6801/2680375465] conn(0x7f788403e470 0x7f7884040930 secure :-1 s=READY pgs=14 cs=0 l=1 rev1=1 crypto rx=0x7f7894006fd0 tx=0x7f7894006e40 comp rx=0 tx=0).stop
2024-05-15T13:49:54.570 INFO:teuthology.orchestra.run.smithi033.stdout:/usr/bin/ceph: stderr
2024-05-15T13:49:54.026+0000 7f789f500700 1 -- 172.21.15.33:0/408511128 >> [v2:172.21.15.33:3300/0,v1:172.21.15.33:6789/0] conn(0x7f7898109b20 msgr2=0x7f789819cf60 secure :-1 s=STATE_CONNECTION_ESTABLISHED l=1).mark_down
2024-05-15T13:49:54.571 INFO:teuthology.orchestra.run.smithi033.stdout:/usr/bin/ceph: stderr
2024-05-15T13:49:54.026+0000 7f789f500700 1 --2- 172.21.15.33:0/408511128 >> [v2:172.21.15.33:3300/0,v1:172.21.15.33:6789/0] conn(0x7f7898109b20 0x7f789819cf60 secure :-1 s=READY pgs=52 cs=0 l=1 rev1=1 crypto rx=0x7f788c004660 tx=0x7f788c011aa0 comp rx=0 tx=0).stop
2024-05-15T13:49:54.571 INFO:teuthology.orchestra.run.smithi033.stdout:/usr/bin/ceph: stderr
2024-05-15T13:49:54.027+0000 7f789f500700 1 -- 172.21.15.33:0/408511128 shutdown_connections
2024-05-15T13:49:54.571 INFO:teuthology.orchestra.run.smithi033.stdout:/usr/bin/ceph: stderr
2024-05-15T13:49:54.027+0000 7f789f500700 1 --2- 172.21.15.33:0/408511128 >> [v2:172.21.15.33:6800/2680375465,v1:172.21.15.33:6801/2680375465] conn(0x7f788403e470 0x7f7884040930 unknown :-1 s=CLOSED pgs=14 cs=0 l=1 rev1=1 crypto rx=0 tx=0 comp rx=0 tx=0).stop
2024-05-15T13:49:54.571 INFO:teuthology.orchestra.run.smithi033.stdout:/usr/bin/ceph: stderr
2024-05-15T13:49:54.027+0000 7f789f500700 1 --2- 172.21.15.33:0/408511128 >> [v2:172.21.15.33:3300/0,v1:172.21.15.33:6789/0] conn(0x7f7898109b20 0x7f789819cf60 unknown :-1 s=CLOSED pgs=52 cs=0 l=1 rev1=1 crypto rx=0 tx=0 comp rx=0 tx=0).stop
2024-05-15T13:49:54.571 INFO:teuthology.orchestra.run.smithi033.stdout:/usr/bin/ceph: stderr
2024-05-15T13:49:54.027+0000 7f789f500700 1 -- 172.21.15.33:0/408511128 >> 172.21.15.33:0/408511128 conn(0x7f7898103510 msgr2=0x7f7898104050 unknown :-1 s=STATE_NONE l=0).mark_down
2024-05-15T13:49:54.571 INFO:teuthology.orchestra.run.smithi033.stdout:/usr/bin/ceph: stderr
2024-05-15T13:49:54.027+0000 7f789f500700 1 -- 172.21.15.33:0/408511128 shutdown_connections
2024-05-15T13:49:54.571 INFO:teuthology.orchestra.run.smithi033.stdout:/usr/bin/ceph: stderr
2024-05-15T13:49:54.027+0000 7f789f500700 1 -- 172.21.15.33:0/408511128 wait complete.
2024-05-15T13:49:54.809 INFO:journalctl@ceph.mon.a.smithi033.stdout:May 15 13:49:54 smithi033 ceph-mon[31650]: from='mgr.14120 172.21.15.33:0/2424021838' entity='mgr.x'
2024-05-15T13:49:54.810 INFO:journalctl@ceph.mon.a.smithi033.stdout:May 15 13:49:54 smithi033 ceph-mon[31650]: from='client.? 172.21.15.33:0/408511128' entity='client.admin'
2024-05-15T13:49:56.295 INFO:teuthology.orchestra.run.smithi033.stdout:/usr/bin/ceph: stderr
2024-05-15T13:49:55.004+0000 7fdbf60a8700 1 Processor -- start
2024-05-15T13:49:56.295 INFO:teuthology.orchestra.run.smithi033.stdout:/usr/bin/ceph: stderr
2024-05-15T13:49:55.004+0000 7fdbf60a8700 1 -- start start
2024-05-15T13:49:56.295 INFO:teuthology.orchestra.run.smithi033.stdout:/usr/bin/ceph: stderr
2024-05-15T13:49:55.004+0000 7fdbf60a8700 1 --2- >> [v2:172.21.15.33:3300/0,v1:172.21.15.33:6789/0] conn(0x7fdbf0109550 0x7fdbf0109970 unknown :-1 s=NONE pgs=0 cs=0 l=0 rev1=0 crypto rx=0 tx=0 comp rx=0 tx=0).connect
2024-05-15T13:49:56.295 INFO:teuthology.orchestra.run.smithi033.stdout:/usr/bin/ceph: stderr
2024-05-15T13:49:55.004+0000 7fdbf60a8700 1 -- --> [v2:172.21.15.33:3300/0,v1:172.21.15.33:6789/0] -- mon_getmap magic: 0 -- 0x7fdbf0109f40 con 0x7fdbf0109550
2024-05-15T13:49:56.295 INFO:teuthology.orchestra.run.smithi033.stdout:/usr/bin/ceph: stderr
2024-05-15T13:49:55.004+0000 7fdbef7fe700 1 --2- >> [v2:172.21.15.33:3300/0,v1:172.21.15.33:6789/0] conn(0x7fdbf0109550 0x7fdbf0109970 unknown :-1 s=BANNER_CONNECTING pgs=0 cs=0 l=0 rev1=0 crypto rx=0 tx=0 comp rx=0 tx=0)._handle_peer_banner_payload supported=3 required=0
2024-05-15T13:49:56.295 INFO:teuthology.orchestra.run.smithi033.stdout:/usr/bin/ceph: stderr
2024-05-15T13:49:55.004+0000 7fdbef7fe700 1 --2- >> [v2:172.21.15.33:3300/0,v1:172.21.15.33:6789/0] conn(0x7fdbf0109550 0x7fdbf0109970 unknown :-1 s=HELLO_CONNECTING pgs=0 cs=0 l=0 rev1=1 crypto rx=0 tx=0 comp rx=0 tx=0).handle_hello peer v2:172.21.15.33:3300/0 says I am v2:172.21.15.33:59894/0 (socket says 172.21.15.33:59894)
2024-05-15T13:49:56.295 INFO:teuthology.orchestra.run.smithi033.stdout:/usr/bin/ceph: stderr
2024-05-15T13:49:55.004+0000 7fdbef7fe700 1 -- 172.21.15.33:0/1780481336 learned_addr learned my addr 172.21.15.33:0/1780481336 (peer_addr_for_me v2:172.21.15.33:0/0)
2024-05-15T13:49:56.296 INFO:teuthology.orchestra.run.smithi033.stdout:/usr/bin/ceph: stderr
2024-05-15T13:49:55.004+0000 7fdbef7fe700 1 -- 172.21.15.33:0/1780481336 --> [v2:172.21.15.33:3300/0,v1:172.21.15.33:6789/0] -- mon_subscribe({config=0+,monmap=0+}) -- 0x7fdbf0108200 con 0x7fdbf0109550
2024-05-15T13:49:56.296 INFO:teuthology.orchestra.run.smithi033.stdout:/usr/bin/ceph: stderr
2024-05-15T13:49:55.005+0000 7fdbef7fe700 1 --2- 172.21.15.33:0/1780481336 >> [v2:172.21.15.33:3300/0,v1:172.21.15.33:6789/0] conn(0x7fdbf0109550 0x7fdbf0109970 secure :-1 s=READY pgs=53 cs=0 l=1 rev1=1 crypto rx=0x7fdbe00098a0 tx=0x7fdbe0009bb0 comp rx=0 tx=0).ready entity=mon.0 client_cookie=e95de88e832bf37 server_cookie=0 in_seq=0 out_seq=0
2024-05-15T13:49:56.296 INFO:teuthology.orchestra.run.smithi033.stdout:/usr/bin/ceph: stderr
2024-05-15T13:49:55.005+0000 7fdbeeffd700 1 -- 172.21.15.33:0/1780481336 <== mon.0 v2:172.21.15.33:3300/0 1 ==== mon_map magic: 0 ==== 205+0+0 (secure 0 0 0) 0x7fdbe0004160 con 0x7fdbf0109550
2024-05-15T13:49:56.296 INFO:teuthology.orchestra.run.smithi033.stdout:/usr/bin/ceph: stderr
2024-05-15T13:49:55.005+0000 7fdbeeffd700 1 -- 172.21.15.33:0/1780481336 <== mon.0 v2:172.21.15.33:3300/0 2 ==== config(26 keys) ==== 1101+0+0 (secure 0 0 0) 0x7fdbe0004300 con 0x7fdbf0109550
2024-05-15T13:49:56.296 INFO:teuthology.orchestra.run.smithi033.stdout:/usr/bin/ceph: stderr
2024-05-15T13:49:55.005+0000 7fdbeeffd700 1 -- 172.21.15.33:0/1780481336 <== mon.0 v2:172.21.15.33:3300/0 3 ==== mon_map magic: 0 ==== 205+0+0 (secure 0 0 0) 0x7fdbe0011a20 con 0x7fdbf0109550
2024-05-15T13:49:56.296 INFO:teuthology.orchestra.run.smithi033.stdout:/usr/bin/ceph: stderr
2024-05-15T13:49:55.005+0000 7fdbf60a8700 1 -- 172.21.15.33:0/1780481336 >> [v2:172.21.15.33:3300/0,v1:172.21.15.33:6789/0] conn(0x7fdbf0109550 msgr2=0x7fdbf0109970 secure :-1 s=STATE_CONNECTION_ESTABLISHED l=1).mark_down
2024-05-15T13:49:56.296 INFO:teuthology.orchestra.run.smithi033.stdout:/usr/bin/ceph: stderr
2024-05-15T13:49:55.005+0000 7fdbf60a8700 1 --2- 172.21.15.33:0/1780481336 >> [v2:172.21.15.33:3300/0,v1:172.21.15.33:6789/0] conn(0x7fdbf0109550 0x7fdbf0109970 secure :-1 s=READY pgs=53 cs=0 l=1 rev1=1 crypto rx=0x7fdbe00098a0 tx=0x7fdbe0009bb0 comp rx=0 tx=0).stop
2024-05-15T13:49:56.296 INFO:teuthology.orchestra.run.smithi033.stdout:/usr/bin/ceph: stderr
2024-05-15T13:49:55.005+0000 7fdbf60a8700 1 -- 172.21.15.33:0/1780481336 shutdown_connections
2024-05-15T13:49:56.296 INFO:teuthology.orchestra.run.smithi033.stdout:/usr/bin/ceph: stderr
2024-05-15T13:49:55.005+0000 7fdbf60a8700 1 --2- 172.21.15.33:0/1780481336 >> [v2:172.21.15.33:3300/0,v1:172.21.15.33:6789/0] conn(0x7fdbf0109550 0x7fdbf0109970 unknown :-1 s=CLOSED pgs=53 cs=0 l=1 rev1=1 crypto rx=0 tx=0 comp rx=0 tx=0).stop
2024-05-15T13:49:56.296 INFO:teuthology.orchestra.run.smithi033.stdout:/usr/bin/ceph: stderr
2024-05-15T13:49:55.005+0000 7fdbf60a8700 1 -- 172.21.15.33:0/1780481336 >> 172.21.15.33:0/1780481336 conn(0x7fdbf0102cb0 msgr2=0x7fdbf01050d0 unknown :-1 s=STATE_NONE l=0).mark_down
2024-05-15T13:49:56.296 INFO:teuthology.orchestra.run.smithi033.stdout:/usr/bin/ceph: stderr
2024-05-15T13:49:55.005+0000 7fdbf60a8700 1 -- 172.21.15.33:0/1780481336 shutdown_connections
2024-05-15T13:49:56.296 INFO:teuthology.orchestra.run.smithi033.stdout:/usr/bin/ceph: stderr
2024-05-15T13:49:55.005+0000 7fdbf60a8700 1 -- 172.21.15.33:0/1780481336 wait complete.
2024-05-15T13:49:56.296 INFO:teuthology.orchestra.run.smithi033.stdout:/usr/bin/ceph: stderr
2024-05-15T13:49:55.006+0000 7fdbf60a8700 1 Processor -- start
2024-05-15T13:49:56.296 INFO:teuthology.orchestra.run.smithi033.stdout:/usr/bin/ceph: stderr
2024-05-15T13:49:55.006+0000 7fdbf60a8700 1 -- start start
2024-05-15T13:49:56.297 INFO:teuthology.orchestra.run.smithi033.stdout:/usr/bin/ceph: stderr
2024-05-15T13:49:55.006+0000 7fdbf60a8700 1 --2- >> [v2:172.21.15.33:3300/0,v1:172.21.15.33:6789/0] conn(0x7fdbf0109550 0x7fdbf0107b70 unknown :-1 s=NONE pgs=0 cs=0 l=1 rev1=0 crypto rx=0 tx=0 comp rx=0 tx=0).connect
2024-05-15T13:49:56.297 INFO:teuthology.orchestra.run.smithi033.stdout:/usr/bin/ceph: stderr
2024-05-15T13:49:55.006+0000 7fdbf60a8700 1 -- --> [v2:172.21.15.33:3300/0,v1:172.21.15.33:6789/0] -- mon_getmap magic: 0 -- 0x7fdbf010c5c0 con 0x7fdbf0109550
2024-05-15T13:49:56.297 INFO:teuthology.orchestra.run.smithi033.stdout:/usr/bin/ceph: stderr
2024-05-15T13:49:55.006+0000 7fdbef7fe700 1 --2- >> [v2:172.21.15.33:3300/0,v1:172.21.15.33:6789/0] conn(0x7fdbf0109550 0x7fdbf0107b70 unknown :-1 s=BANNER_CONNECTING pgs=0 cs=0 l=1 rev1=0 crypto rx=0 tx=0 comp rx=0 tx=0)._handle_peer_banner_payload supported=3 required=0
2024-05-15T13:49:56.297 INFO:teuthology.orchestra.run.smithi033.stdout:/usr/bin/ceph: stderr
2024-05-15T13:49:55.007+0000 7fdbef7fe700 1 --2- >> [v2:172.21.15.33:3300/0,v1:172.21.15.33:6789/0] conn(0x7fdbf0109550 0x7fdbf0107b70 unknown :-1 s=HELLO_CONNECTING pgs=0 cs=0 l=1 rev1=1 crypto rx=0 tx=0 comp rx=0 tx=0).handle_hello peer v2:172.21.15.33:3300/0 says I am v2:172.21.15.33:59910/0 (socket says 172.21.15.33:59910)
2024-05-15T13:49:56.297 INFO:teuthology.orchestra.run.smithi033.stdout:/usr/bin/ceph: stderr
2024-05-15T13:49:55.007+0000 7fdbef7fe700 1 -- 172.21.15.33:0/4234942342 learned_addr learned my addr 172.21.15.33:0/4234942342 (peer_addr_for_me v2:172.21.15.33:0/0)
2024-05-15T13:49:56.297 INFO:teuthology.orchestra.run.smithi033.stdout:/usr/bin/ceph: stderr
2024-05-15T13:49:55.007+0000 7fdbef7fe700 1 -- 172.21.15.33:0/4234942342 --> [v2:172.21.15.33:3300/0,v1:172.21.15.33:6789/0] -- mon_subscribe({config=0+,monmap=0+}) -- 0x7fdbf019fd90 con 0x7fdbf0109550
2024-05-15T13:49:56.297 INFO:teuthology.orchestra.run.smithi033.stdout:/usr/bin/ceph: stderr
2024-05-15T13:49:55.007+0000 7fdbef7fe700 1 --2- 172.21.15.33:0/4234942342 >> [v2:172.21.15.33:3300/0,v1:172.21.15.33:6789/0] conn(0x7fdbf0109550 0x7fdbf0107b70 secure :-1 s=READY pgs=54 cs=0 l=1 rev1=1 crypto rx=0x7fdbe0000c00 tx=0x7fdbe0011aa0 comp rx=0 tx=0).ready entity=mon.0 client_cookie=0 server_cookie=0 in_seq=0 out_seq=0
2024-05-15T13:49:56.297 INFO:teuthology.orchestra.run.smithi033.stdout:/usr/bin/ceph: stderr
2024-05-15T13:49:55.007+0000 7fdbed7fa700 1 -- 172.21.15.33:0/4234942342 <== mon.0 v2:172.21.15.33:3300/0 1 ==== mon_map magic: 0 ==== 205+0+0 (secure 0 0 0) 0x7fdbe0003aa0 con 0x7fdbf0109550
2024-05-15T13:49:56.297 INFO:teuthology.orchestra.run.smithi033.stdout:/usr/bin/ceph: stderr
2024-05-15T13:49:55.007+0000 7fdbed7fa700 1 -- 172.21.15.33:0/4234942342 <== mon.0 v2:172.21.15.33:3300/0 2 ==== config(26 keys) ==== 1101+0+0 (secure 0 0 0) 0x7fdbe001b8f0 con 0x7fdbf0109550
2024-05-15T13:49:56.297 INFO:teuthology.orchestra.run.smithi033.stdout:/usr/bin/ceph: stderr
2024-05-15T13:49:55.007+0000 7fdbf60a8700 1 -- 172.21.15.33:0/4234942342 --> [v2:172.21.15.33:3300/0,v1:172.21.15.33:6789/0] -- mon_subscribe({mgrmap=0+}) -- 0x7fdbf019ff60 con 0x7fdbf0109550
2024-05-15T13:49:56.297 INFO:teuthology.orchestra.run.smithi033.stdout:/usr/bin/ceph: stderr
2024-05-15T13:49:55.007+0000 7fdbed7fa700 1 -- 172.21.15.33:0/4234942342 <== mon.0 v2:172.21.15.33:3300/0 3 ==== mon_map magic: 0 ==== 205+0+0 (secure 0 0 0) 0x7fdbe0023890 con 0x7fdbf0109550
2024-05-15T13:49:56.297 INFO:teuthology.orchestra.run.smithi033.stdout:/usr/bin/ceph: stderr
2024-05-15T13:49:55.007+0000 7fdbf60a8700 1 -- 172.21.15.33:0/4234942342 --> [v2:172.21.15.33:3300/0,v1:172.21.15.33:6789/0] -- mon_subscribe({osdmap=0}) -- 0x7fdbf01a0300 con 0x7fdbf0109550
2024-05-15T13:49:56.297 INFO:teuthology.orchestra.run.smithi033.stdout:/usr/bin/ceph: stderr
2024-05-15T13:49:55.008+0000 7fdbed7fa700 1 -- 172.21.15.33:0/4234942342 <== mon.0 v2:172.21.15.33:3300/0 4 ==== mgrmap(e 8) ==== 50222+0+0 (secure 0 0 0) 0x7fdbe002c3f0 con 0x7fdbf0109550
2024-05-15T13:49:56.298 INFO:teuthology.orchestra.run.smithi033.stdout:/usr/bin/ceph: stderr
2024-05-15T13:49:55.008+0000 7fdbf60a8700 1 -- 172.21.15.33:0/4234942342 --> [v2:172.21.15.33:3300/0,v1:172.21.15.33:6789/0] -- mon_command({"prefix": "get_command_descriptions"} v 0) -- 0x7fdbf0064ba0 con 0x7fdbf0109550
2024-05-15T13:49:56.298 INFO:teuthology.orchestra.run.smithi033.stdout:/usr/bin/ceph: stderr
2024-05-15T13:49:55.008+0000 7fdbed7fa700 1 --2- 172.21.15.33:0/4234942342 >> [v2:172.21.15.33:6800/2680375465,v1:172.21.15.33:6801/2680375465] conn(0x7fdbdc03e4c0 0x7fdbdc040980 unknown :-1 s=NONE pgs=0 cs=0 l=1 rev1=0 crypto rx=0 tx=0 comp rx=0 tx=0).connect
2024-05-15T13:49:56.298 INFO:teuthology.orchestra.run.smithi033.stdout:/usr/bin/ceph: stderr
2024-05-15T13:49:55.008+0000 7fdbed7fa700 1 -- 172.21.15.33:0/4234942342 <== mon.0 v2:172.21.15.33:3300/0 5 ==== osd_map(2..2 src has 1..2) ==== 940+0+0 (secure 0 0 0) 0x7fdbe0053f00 con 0x7fdbf0109550
2024-05-15T13:49:56.298 INFO:teuthology.orchestra.run.smithi033.stdout:/usr/bin/ceph: stderr
2024-05-15T13:49:55.009+0000 7fdbe6ffd700 1 --2- 172.21.15.33:0/4234942342 >> [v2:172.21.15.33:6800/2680375465,v1:172.21.15.33:6801/2680375465] conn(0x7fdbdc03e4c0 0x7fdbdc040980 unknown :-1 s=BANNER_CONNECTING pgs=0 cs=0 l=1 rev1=0 crypto rx=0 tx=0 comp rx=0 tx=0)._handle_peer_banner_payload supported=3 required=0
2024-05-15T13:49:56.298 INFO:teuthology.orchestra.run.smithi033.stdout:/usr/bin/ceph: stderr
2024-05-15T13:49:55.009+0000 7fdbe6ffd700 1 --2- 172.21.15.33:0/4234942342 >> [v2:172.21.15.33:6800/2680375465,v1:172.21.15.33:6801/2680375465] conn(0x7fdbdc03e4c0 0x7fdbdc040980 secure :-1 s=READY pgs=15 cs=0 l=1 rev1=1 crypto rx=0x7fdbd8006fd0 tx=0x7fdbd8006e40 comp rx=0 tx=0).ready entity=mgr.14120 client_cookie=0 server_cookie=0 in_seq=0 out_seq=0
2024-05-15T13:49:56.298 INFO:teuthology.orchestra.run.smithi033.stdout:/usr/bin/ceph: stderr
2024-05-15T13:49:55.013+0000 7fdbed7fa700 1 -- 172.21.15.33:0/4234942342 <== mon.0 v2:172.21.15.33:3300/0 6 ==== mon_command_ack([{"prefix": "get_command_descriptions"}]=0 v0) ==== 72+0+191963 (secure 0 0 0) 0x7fdbe001f030 con 0x7fdbf0109550
2024-05-15T13:49:56.298 INFO:teuthology.orchestra.run.smithi033.stdout:/usr/bin/ceph: stderr
2024-05-15T13:49:55.239+0000 7fdbf60a8700 1 -- 172.21.15.33:0/4234942342 --> [v2:172.21.15.33:3300/0,v1:172.21.15.33:6789/0] -- mon_command([{prefix=config set, name=mgr/dashboard/ssl_server_port}] v 0) -- 0x7fdbf01a0640 con 0x7fdbf0109550
2024-05-15T13:49:56.298 INFO:teuthology.orchestra.run.smithi033.stdout:/usr/bin/ceph: stderr
2024-05-15T13:49:55.241+0000 7fdbed7fa700 1 -- 172.21.15.33:0/4234942342 <== mon.0 v2:172.21.15.33:3300/0 7 ==== mon_command_ack([{prefix=config set, name=mgr/dashboard/ssl_server_port}]=0 v8)=0 v8) ==== 130+0+0 (secure 0 0 0) 0x7fdbf01a0640 con 0x7fdbf0109550
2024-05-15T13:49:56.298 INFO:teuthology.orchestra.run.smithi033.stdout:/usr/bin/ceph: stderr
2024-05-15T13:49:55.244+0000 7fdbf60a8700 1 -- 172.21.15.33:0/4234942342 >> [v2:172.21.15.33:6800/2680375465,v1:172.21.15.33:6801/2680375465] conn(0x7fdbdc03e4c0 msgr2=0x7fdbdc040980 secure :-1 s=STATE_CONNECTION_ESTABLISHED l=1).mark_down
2024-05-15T13:49:56.298 INFO:teuthology.orchestra.run.smithi033.stdout:/usr/bin/ceph: stderr
2024-05-15T13:49:55.244+0000 7fdbf60a8700 1 --2- 172.21.15.33:0/4234942342 >> [v2:172.21.15.33:6800/2680375465,v1:172.21.15.33:6801/2680375465] conn(0x7fdbdc03e4c0 0x7fdbdc040980 secure :-1 s=READY pgs=15 cs=0 l=1 rev1=1 crypto rx=0x7fdbd8006fd0 tx=0x7fdbd8006e40 comp rx=0 tx=0).stop
2024-05-15T13:49:56.298 INFO:teuthology.orchestra.run.smithi033.stdout:/usr/bin/ceph: stderr
2024-05-15T13:49:55.244+0000 7fdbf60a8700 1 -- 172.21.15.33:0/4234942342 >> [v2:172.21.15.33:3300/0,v1:172.21.15.33:6789/0] conn(0x7fdbf0109550 msgr2=0x7fdbf0107b70 secure :-1 s=STATE_CONNECTION_ESTABLISHED l=1).mark_down
2024-05-15T13:49:56.298 INFO:teuthology.orchestra.run.smithi033.stdout:/usr/bin/ceph: stderr
2024-05-15T13:49:55.244+0000 7fdbf60a8700 1 --2- 172.21.15.33:0/4234942342 >> [v2:172.21.15.33:3300/0,v1:172.21.15.33:6789/0] conn(0x7fdbf0109550 0x7fdbf0107b70 secure :-1 s=READY pgs=54 cs=0 l=1 rev1=1 crypto rx=0x7fdbe0000c00 tx=0x7fdbe0011aa0 comp rx=0 tx=0).stop
2024-05-15T13:49:56.298 INFO:teuthology.orchestra.run.smithi033.stdout:/usr/bin/ceph: stderr
2024-05-15T13:49:55.244+0000 7fdbf60a8700 1 -- 172.21.15.33:0/4234942342 shutdown_connections
2024-05-15T13:49:56.299 INFO:teuthology.orchestra.run.smithi033.stdout:/usr/bin/ceph: stderr
2024-05-15T13:49:55.244+0000 7fdbf60a8700 1 --2- 172.21.15.33:0/4234942342 >> [v2:172.21.15.33:6800/2680375465,v1:172.21.15.33:6801/2680375465] conn(0x7fdbdc03e4c0 0x7fdbdc040980 unknown :-1 s=CLOSED pgs=15 cs=0 l=1 rev1=1 crypto rx=0 tx=0 comp rx=0 tx=0).stop
2024-05-15T13:49:56.299 INFO:teuthology.orchestra.run.smithi033.stdout:/usr/bin/ceph: stderr
2024-05-15T13:49:55.244+0000 7fdbf60a8700 1 --2- 172.21.15.33:0/4234942342 >> [v2:172.21.15.33:3300/0,v1:172.21.15.33:6789/0] conn(0x7fdbf0109550 0x7fdbf0107b70 unknown :-1 s=CLOSED pgs=54 cs=0 l=1 rev1=1 crypto rx=0 tx=0 comp rx=0 tx=0).stop
2024-05-15T13:49:56.299 INFO:teuthology.orchestra.run.smithi033.stdout:/usr/bin/ceph: stderr
2024-05-15T13:49:55.244+0000 7fdbf60a8700 1 -- 172.21.15.33:0/4234942342 >> 172.21.15.33:0/4234942342 conn(0x7fdbf0102cb0 msgr2=0x7fdbf0103810 unknown :-1 s=STATE_NONE l=0).mark_down
2024-05-15T13:49:56.299 INFO:teuthology.orchestra.run.smithi033.stdout:/usr/bin/ceph: stderr
2024-05-15T13:49:55.244+0000 7fdbf60a8700 1 -- 172.21.15.33:0/4234942342 shutdown_connections
2024-05-15T13:49:56.299 INFO:teuthology.orchestra.run.smithi033.stdout:/usr/bin/ceph: stderr
2024-05-15T13:49:55.244+0000 7fdbf60a8700 1 -- 172.21.15.33:0/4234942342 wait complete.
2024-05-15T13:49:56.299 INFO:teuthology.orchestra.run.smithi033.stdout:Enabling the dashboard module...
2024-05-15T13:49:56.534 INFO:journalctl@ceph.mon.a.smithi033.stdout:May 15 13:49:56 smithi033 ceph-mon[31650]: from='client.? 172.21.15.33:0/4234942342' entity='client.admin'
2024-05-15T13:49:57.692 INFO:journalctl@ceph.mon.a.smithi033.stdout:May 15 13:49:57 smithi033 ceph-mon[31650]: from='mgr.14120 172.21.15.33:0/2424021838' entity='mgr.x'
2024-05-15T13:49:57.692 INFO:journalctl@ceph.mon.a.smithi033.stdout:May 15 13:49:57 smithi033 ceph-mon[31650]: from='client.? 172.21.15.33:0/1887098231' entity='client.admin' cmd=[{"prefix": "mgr module enable", "module": "dashboard"}]: dispatch
2024-05-15T13:49:57.692 INFO:journalctl@ceph.mgr.x.smithi033.stdout:May 15 13:49:57 smithi033 ceph-bca78ca4-12c1-11ef-bc98-c7b262605968-mgr-x[31876]: ignoring --setuser ceph since I am not root
2024-05-15T13:49:57.692 INFO:journalctl@ceph.mgr.x.smithi033.stdout:May 15 13:49:57 smithi033 ceph-bca78ca4-12c1-11ef-bc98-c7b262605968-mgr-x[31876]: ignoring --setgroup ceph since I am not root
2024-05-15T13:49:57.692 INFO:journalctl@ceph.mgr.x.smithi033.stdout:May 15 13:49:57 smithi033 ceph-bca78ca4-12c1-11ef-bc98-c7b262605968-mgr-x[31876]:
2024-05-15T13:49:57.590+0000 7fbe91ccc200 -1 mgr[py] Module balancer has missing NOTIFY_TYPES member
2024-05-15T13:49:58.010 INFO:journalctl@ceph.mgr.x.smithi033.stdout:May 15 13:49:57 smithi033 ceph-bca78ca4-12c1-11ef-bc98-c7b262605968-mgr-x[31876]:
2024-05-15T13:49:57.792+0000 7fbe91ccc200 -1 mgr[py] Module orchestrator has missing NOTIFY_TYPES member
2024-05-15T13:49:58.011 INFO:journalctl@ceph.mgr.x.smithi033.stdout:May 15 13:49:57 smithi033 ceph-bca78ca4-12c1-11ef-bc98-c7b262605968-mgr-x[31876]:
2024-05-15T13:49:57.898+0000 7fbe91ccc200 -1 mgr[py] Module snap_schedule has missing NOTIFY_TYPES member
2024-05-15T13:49:58.018 INFO:teuthology.orchestra.run.smithi033.stdout:/usr/bin/ceph: stderr
2024-05-15T13:49:56.741+0000 7f1e0d02d700 1 Processor -- start
2024-05-15T13:49:58.018 INFO:teuthology.orchestra.run.smithi033.stdout:/usr/bin/ceph: stderr
2024-05-15T13:49:56.741+0000 7f1e0d02d700 1 -- start start
2024-05-15T13:49:58.018 INFO:teuthology.orchestra.run.smithi033.stdout:/usr/bin/ceph: stderr
2024-05-15T13:49:56.742+0000 7f1e0d02d700 1 --2- >> [v2:172.21.15.33:3300/0,v1:172.21.15.33:6789/0] conn(0x7f1e08109060 0x7f1e08109480 unknown :-1 s=NONE pgs=0 cs=0 l=0 rev1=0 crypto rx=0 tx=0 comp rx=0 tx=0).connect
2024-05-15T13:49:58.018 INFO:teuthology.orchestra.run.smithi033.stdout:/usr/bin/ceph: stderr
2024-05-15T13:49:56.742+0000 7f1e0d02d700 1 -- --> [v2:172.21.15.33:3300/0,v1:172.21.15.33:6789/0] -- mon_getmap magic: 0 -- 0x7f1e08109a50 con 0x7f1e08109060
2024-05-15T13:49:58.018 INFO:teuthology.orchestra.run.smithi033.stdout:/usr/bin/ceph: stderr
2024-05-15T13:49:56.742+0000 7f1e06d9d700 1 --2- >> [v2:172.21.15.33:3300/0,v1:172.21.15.33:6789/0] conn(0x7f1e08109060 0x7f1e08109480 unknown :-1 s=BANNER_CONNECTING pgs=0 cs=0 l=0 rev1=0 crypto rx=0 tx=0 comp rx=0 tx=0)._handle_peer_banner_payload supported=3 required=0
2024-05-15T13:49:58.018 INFO:teuthology.orchestra.run.smithi033.stdout:/usr/bin/ceph: stderr
2024-05-15T13:49:56.742+0000 7f1e06d9d700 1 --2- >> [v2:172.21.15.33:3300/0,v1:172.21.15.33:6789/0] conn(0x7f1e08109060 0x7f1e08109480 unknown :-1 s=HELLO_CONNECTING pgs=0 cs=0 l=0 rev1=1 crypto rx=0 tx=0 comp rx=0 tx=0).handle_hello peer v2:172.21.15.33:3300/0 says I am v2:172.21.15.33:59922/0 (socket says 172.21.15.33:59922)
2024-05-15T13:49:58.018 INFO:teuthology.orchestra.run.smithi033.stdout:/usr/bin/ceph: stderr
2024-05-15T13:49:56.742+0000 7f1e06d9d700 1 -- 172.21.15.33:0/159464505 learned_addr learned my addr 172.21.15.33:0/159464505 (peer_addr_for_me v2:172.21.15.33:0/0)
2024-05-15T13:49:58.019 INFO:teuthology.orchestra.run.smithi033.stdout:/usr/bin/ceph: stderr
2024-05-15T13:49:56.742+0000 7f1e06d9d700 1 -- 172.21.15.33:0/159464505 --> [v2:172.21.15.33:3300/0,v1:172.21.15.33:6789/0] -- mon_subscribe({config=0+,monmap=0+}) -- 0x7f1e0810a210 con 0x7f1e08109060
2024-05-15T13:49:58.019 INFO:teuthology.orchestra.run.smithi033.stdout:/usr/bin/ceph: stderr
2024-05-15T13:49:56.742+0000 7f1e06d9d700 1 --2- 172.21.15.33:0/159464505 >> [v2:172.21.15.33:3300/0,v1:172.21.15.33:6789/0] conn(0x7f1e08109060 0x7f1e08109480 secure :-1 s=READY pgs=55 cs=0 l=1 rev1=1 crypto rx=0x7f1df80098a0 tx=0x7f1df8009bb0 comp rx=0 tx=0).ready entity=mon.0 client_cookie=9f9a0b6bf6620079 server_cookie=0 in_seq=0 out_seq=0
2024-05-15T13:49:58.019 INFO:teuthology.orchestra.run.smithi033.stdout:/usr/bin/ceph: stderr
2024-05-15T13:49:56.742+0000 7f1e05d9b700 1 -- 172.21.15.33:0/159464505 <== mon.0 v2:172.21.15.33:3300/0 1 ==== mon_map magic: 0 ==== 205+0+0 (secure 0 0 0) 0x7f1df8004160 con 0x7f1e08109060
2024-05-15T13:49:58.019 INFO:teuthology.orchestra.run.smithi033.stdout:/usr/bin/ceph: stderr
2024-05-15T13:49:56.743+0000 7f1e05d9b700 1 -- 172.21.15.33:0/159464505 <== mon.0 v2:172.21.15.33:3300/0 2 ==== config(26 keys) ==== 1101+0+0 (secure 0 0 0) 0x7f1df8004300 con 0x7f1e08109060
2024-05-15T13:49:58.019 INFO:teuthology.orchestra.run.smithi033.stdout:/usr/bin/ceph: stderr
2024-05-15T13:49:56.743+0000 7f1e05d9b700 1 -- 172.21.15.33:0/159464505 <== mon.0 v2:172.21.15.33:3300/0 3 ==== mon_map magic: 0 ==== 205+0+0 (secure 0 0 0) 0x7f1df8011a20 con 0x7f1e08109060
2024-05-15T13:49:58.019 INFO:teuthology.orchestra.run.smithi033.stdout:/usr/bin/ceph: stderr
2024-05-15T13:49:56.743+0000 7f1e0d02d700 1 -- 172.21.15.33:0/159464505 >> [v2:172.21.15.33:3300/0,v1:172.21.15.33:6789/0] conn(0x7f1e08109060 msgr2=0x7f1e08109480 secure :-1 s=STATE_CONNECTION_ESTABLISHED l=1).mark_down
2024-05-15T13:49:58.019 INFO:teuthology.orchestra.run.smithi033.stdout:/usr/bin/ceph: stderr
2024-05-15T13:49:56.743+0000 7f1e0d02d700 1 --2- 172.21.15.33:0/159464505 >> [v2:172.21.15.33:3300/0,v1:172.21.15.33:6789/0] conn(0x7f1e08109060 0x7f1e08109480 secure :-1 s=READY pgs=55 cs=0 l=1 rev1=1 crypto rx=0x7f1df80098a0 tx=0x7f1df8009bb0 comp rx=0 tx=0).stop
2024-05-15T13:49:58.019 INFO:teuthology.orchestra.run.smithi033.stdout:/usr/bin/ceph: stderr
2024-05-15T13:49:56.743+0000 7f1e0d02d700 1 -- 172.21.15.33:0/159464505 shutdown_connections
2024-05-15T13:49:58.019 INFO:teuthology.orchestra.run.smithi033.stdout:/usr/bin/ceph: stderr
2024-05-15T13:49:56.743+0000 7f1e0d02d700 1 --2- 172.21.15.33:0/159464505 >> [v2:172.21.15.33:3300/0,v1:172.21.15.33:6789/0] conn(0x7f1e08109060 0x7f1e08109480 unknown :-1 s=CLOSED pgs=55 cs=0 l=1 rev1=1 crypto rx=0 tx=0 comp rx=0 tx=0).stop
2024-05-15T13:49:58.019 INFO:teuthology.orchestra.run.smithi033.stdout:/usr/bin/ceph: stderr
2024-05-15T13:49:56.743+0000 7f1e0d02d700 1 -- 172.21.15.33:0/159464505 >> 172.21.15.33:0/159464505 conn(0x7f1e08104660 msgr2=0x7f1e08106a80 unknown :-1 s=STATE_NONE l=0).mark_down
2024-05-15T13:49:58.019 INFO:teuthology.orchestra.run.smithi033.stdout:/usr/bin/ceph: stderr
2024-05-15T13:49:56.743+0000 7f1e0d02d700 1 -- 172.21.15.33:0/159464505 shutdown_connections
2024-05-15T13:49:58.019 INFO:teuthology.orchestra.run.smithi033.stdout:/usr/bin/ceph: stderr
2024-05-15T13:49:56.743+0000 7f1e0d02d700 1 -- 172.21.15.33:0/159464505 wait complete.
2024-05-15T13:49:58.019 INFO:teuthology.orchestra.run.smithi033.stdout:/usr/bin/ceph: stderr
2024-05-15T13:49:56.744+0000 7f1e0d02d700 1 Processor -- start
2024-05-15T13:49:58.020 INFO:teuthology.orchestra.run.smithi033.stdout:/usr/bin/ceph: stderr
2024-05-15T13:49:56.744+0000 7f1e0d02d700 1 -- start start
2024-05-15T13:49:58.020 INFO:teuthology.orchestra.run.smithi033.stdout:/usr/bin/ceph: stderr
2024-05-15T13:49:56.745+0000 7f1e0d02d700 1 --2- >> [v2:172.21.15.33:3300/0,v1:172.21.15.33:6789/0] conn(0x7f1e08109060 0x7f1e0819cfa0 unknown :-1 s=NONE pgs=0 cs=0 l=1 rev1=0 crypto rx=0 tx=0 comp rx=0 tx=0).connect
2024-05-15T13:49:58.020 INFO:teuthology.orchestra.run.smithi033.stdout:/usr/bin/ceph: stderr
2024-05-15T13:49:56.745+0000 7f1e0d02d700 1 -- --> [v2:172.21.15.33:3300/0,v1:172.21.15.33:6789/0] -- mon_getmap magic: 0 -- 0x7f1e0810d5c0 con 0x7f1e08109060
2024-05-15T13:49:58.020 INFO:teuthology.orchestra.run.smithi033.stdout:/usr/bin/ceph: stderr
2024-05-15T13:49:56.745+0000 7f1e06d9d700 1 --2- >> [v2:172.21.15.33:3300/0,v1:172.21.15.33:6789/0] conn(0x7f1e08109060 0x7f1e0819cfa0 unknown :-1 s=BANNER_CONNECTING pgs=0 cs=0 l=1 rev1=0 crypto rx=0 tx=0 comp rx=0 tx=0)._handle_peer_banner_payload supported=3 required=0
2024-05-15T13:49:58.020 INFO:teuthology.orchestra.run.smithi033.stdout:/usr/bin/ceph: stderr
2024-05-15T13:49:56.745+0000 7f1e06d9d700 1 --2- >> [v2:172.21.15.33:3300/0,v1:172.21.15.33:6789/0] conn(0x7f1e08109060 0x7f1e0819cfa0 unknown :-1 s=HELLO_CONNECTING pgs=0 cs=0 l=1 rev1=1 crypto rx=0 tx=0 comp rx=0 tx=0).handle_hello peer v2:172.21.15.33:3300/0 says I am v2:172.21.15.33:59938/0 (socket says 172.21.15.33:59938)
2024-05-15T13:49:58.020 INFO:teuthology.orchestra.run.smithi033.stdout:/usr/bin/ceph: stderr
2024-05-15T13:49:56.745+0000 7f1e06d9d700 1 -- 172.21.15.33:0/1887098231 learned_addr learned my addr 172.21.15.33:0/1887098231 (peer_addr_for_me v2:172.21.15.33:0/0)
2024-05-15T13:49:58.020 INFO:teuthology.orchestra.run.smithi033.stdout:/usr/bin/ceph: stderr
2024-05-15T13:49:56.745+0000 7f1e06d9d700 1 -- 172.21.15.33:0/1887098231 --> [v2:172.21.15.33:3300/0,v1:172.21.15.33:6789/0] -- mon_subscribe({config=0+,monmap=0+}) -- 0x7f1e0819d4e0 con 0x7f1e08109060
2024-05-15T13:49:58.020 INFO:teuthology.orchestra.run.smithi033.stdout:/usr/bin/ceph: stderr
2024-05-15T13:49:56.745+0000 7f1e06d9d700 1 --2- 172.21.15.33:0/1887098231 >> [v2:172.21.15.33:3300/0,v1:172.21.15.33:6789/0] conn(0x7f1e08109060 0x7f1e0819cfa0 secure :-1 s=READY pgs=56 cs=0 l=1 rev1=1 crypto rx=0x7f1df80119f0 tx=0x7f1df8011ad0 comp rx=0 tx=0).ready entity=mon.0 client_cookie=0 server_cookie=0 in_seq=0 out_seq=0
2024-05-15T13:49:58.020 INFO:teuthology.orchestra.run.smithi033.stdout:/usr/bin/ceph: stderr
2024-05-15T13:49:56.745+0000 7f1dfffff700 1 -- 172.21.15.33:0/1887098231 <== mon.0 v2:172.21.15.33:3300/0 1 ==== mon_map magic: 0 ==== 205+0+0 (secure 0 0 0) 0x7f1df80039e0 con 0x7f1e08109060
2024-05-15T13:49:58.020 INFO:teuthology.orchestra.run.smithi033.stdout:/usr/bin/ceph: stderr
2024-05-15T13:49:56.745+0000 7f1dfffff700 1 -- 172.21.15.33:0/1887098231 <== mon.0 v2:172.21.15.33:3300/0 2 ==== config(26 keys) ==== 1101+0+0 (secure 0 0 0) 0x7f1df801b8f0 con 0x7f1e08109060
2024-05-15T13:49:58.020 INFO:teuthology.orchestra.run.smithi033.stdout:/usr/bin/ceph: stderr
2024-05-15T13:49:56.745+0000 7f1e0d02d700 1 -- 172.21.15.33:0/1887098231 --> [v2:172.21.15.33:3300/0,v1:172.21.15.33:6789/0] -- mon_subscribe({mgrmap=0+}) -- 0x7f1e0819d770 con 0x7f1e08109060
2024-05-15T13:49:58.020 INFO:teuthology.orchestra.run.smithi033.stdout:/usr/bin/ceph: stderr
2024-05-15T13:49:56.745+0000 7f1dfffff700 1 -- 172.21.15.33:0/1887098231 <== mon.0 v2:172.21.15.33:3300/0 3 ==== mon_map magic: 0 ==== 205+0+0 (secure 0 0 0) 0x7f1df80237a0 con 0x7f1e08109060
2024-05-15T13:49:58.020 INFO:teuthology.orchestra.run.smithi033.stdout:/usr/bin/ceph: stderr
2024-05-15T13:49:56.746+0000 7f1e0d02d700 1 -- 172.21.15.33:0/1887098231 --> [v2:172.21.15.33:3300/0,v1:172.21.15.33:6789/0] -- mon_subscribe({osdmap=0}) -- 0x7f1e081a0460 con 0x7f1e08109060
2024-05-15T13:49:58.020 INFO:teuthology.orchestra.run.smithi033.stdout:/usr/bin/ceph: stderr
2024-05-15T13:49:56.746+0000 7f1dfffff700 1 -- 172.21.15.33:0/1887098231 <== mon.0 v2:172.21.15.33:3300/0 4 ==== mgrmap(e 8) ==== 50222+0+0 (secure 0 0 0) 0x7f1df8023a50 con 0x7f1e08109060
2024-05-15T13:49:58.021 INFO:teuthology.orchestra.run.smithi033.stdout:/usr/bin/ceph: stderr
2024-05-15T13:49:56.747+0000 7f1dfffff700 1 --2- 172.21.15.33:0/1887098231 >> [v2:172.21.15.33:6800/2680375465,v1:172.21.15.33:6801/2680375465] conn(0x7f1df403e4d0 0x7f1df4040990 unknown :-1 s=NONE pgs=0 cs=0 l=1 rev1=0 crypto rx=0 tx=0 comp rx=0 tx=0).connect
2024-05-15T13:49:58.021 INFO:teuthology.orchestra.run.smithi033.stdout:/usr/bin/ceph: stderr
2024-05-15T13:49:56.747+0000 7f1dfffff700 1 -- 172.21.15.33:0/1887098231 <== mon.0 v2:172.21.15.33:3300/0 5 ==== osd_map(2..2 src has 1..2) ==== 940+0+0 (secure 0 0 0) 0x7f1df8054e00 con 0x7f1e08109060
2024-05-15T13:49:58.021 INFO:teuthology.orchestra.run.smithi033.stdout:/usr/bin/ceph: stderr
2024-05-15T13:49:56.747+0000 7f1e0d02d700 1 -- 172.21.15.33:0/1887098231 --> [v2:172.21.15.33:3300/0,v1:172.21.15.33:6789/0] -- mon_command({"prefix": "get_command_descriptions"} v 0) -- 0x7f1e08064ba0 con 0x7f1e08109060
2024-05-15T13:49:58.021 INFO:teuthology.orchestra.run.smithi033.stdout:/usr/bin/ceph: stderr
2024-05-15T13:49:56.747+0000 7f1e0659c700 1 --2- 172.21.15.33:0/1887098231 >> [v2:172.21.15.33:6800/2680375465,v1:172.21.15.33:6801/2680375465] conn(0x7f1df403e4d0 0x7f1df4040990 unknown :-1 s=BANNER_CONNECTING pgs=0 cs=0 l=1 rev1=0 crypto rx=0 tx=0 comp rx=0 tx=0)._handle_peer_banner_payload supported=3 required=0
2024-05-15T13:49:58.021 INFO:teuthology.orchestra.run.smithi033.stdout:/usr/bin/ceph: stderr
2024-05-15T13:49:56.747+0000 7f1e0659c700 1 --2- 172.21.15.33:0/1887098231 >> [v2:172.21.15.33:6800/2680375465,v1:172.21.15.33:6801/2680375465] conn(0x7f1df403e4d0 0x7f1df4040990 secure :-1 s=READY pgs=16 cs=0 l=1 rev1=1 crypto rx=0x7f1df0006fd0 tx=0x7f1df0006e40 comp rx=0 tx=0).ready entity=mgr.14120 client_cookie=0 server_cookie=0 in_seq=0 out_seq=0
2024-05-15T13:49:58.021 INFO:teuthology.orchestra.run.smithi033.stdout:/usr/bin/ceph: stderr
2024-05-15T13:49:56.752+0000 7f1dfffff700 1 -- 172.21.15.33:0/1887098231 <== mon.0 v2:172.21.15.33:3300/0 6 ==== mon_command_ack([{"prefix": "get_command_descriptions"}]=0 v0) ==== 72+0+191963 (secure 0 0 0) 0x7f1df801f030 con 0x7f1e08109060
2024-05-15T13:49:58.021 INFO:teuthology.orchestra.run.smithi033.stdout:/usr/bin/ceph: stderr
2024-05-15T13:49:57.046+0000 7f1e0d02d700 1 -- 172.21.15.33:0/1887098231 --> [v2:172.21.15.33:3300/0,v1:172.21.15.33:6789/0] -- mon_command({"prefix": "mgr module enable", "module": "dashboard"} v 0) -- 0x7f1e081a0980 con 0x7f1e08109060
2024-05-15T13:49:58.021 INFO:teuthology.orchestra.run.smithi033.stdout:/usr/bin/ceph: stderr
2024-05-15T13:49:57.383+0000 7f1dfffff700 1 -- 172.21.15.33:0/1887098231 <== mon.0 v2:172.21.15.33:3300/0 7 ==== mon_command_ack([{"prefix": "mgr module enable", "module": "dashboard"}]=0 v9) ==== 88+0+0 (secure 0 0 0) 0x7f1df800b3e0 con 0x7f1e08109060
2024-05-15T13:49:58.021 INFO:teuthology.orchestra.run.smithi033.stdout:/usr/bin/ceph: stderr
2024-05-15T13:49:57.385+0000 7f1dfffff700 1 -- 172.21.15.33:0/1887098231 <== mon.0 v2:172.21.15.33:3300/0 8 ==== mgrmap(e 9) ==== 50235+0+0 (secure 0 0 0) 0x7f1df802c3f0 con 0x7f1e08109060
2024-05-15T13:49:58.021 INFO:teuthology.orchestra.run.smithi033.stdout:/usr/bin/ceph: stderr
2024-05-15T13:49:57.387+0000 7f1e0d02d700 1 -- 172.21.15.33:0/1887098231 >> [v2:172.21.15.33:6800/2680375465,v1:172.21.15.33:6801/2680375465] conn(0x7f1df403e4d0 msgr2=0x7f1df4040990 secure :-1 s=STATE_CONNECTION_ESTABLISHED l=1).mark_down
2024-05-15T13:49:58.021 INFO:teuthology.orchestra.run.smithi033.stdout:/usr/bin/ceph: stderr
2024-05-15T13:49:57.387+0000 7f1e0d02d700 1 --2- 172.21.15.33:0/1887098231 >> [v2:172.21.15.33:6800/2680375465,v1:172.21.15.33:6801/2680375465] conn(0x7f1df403e4d0 0x7f1df4040990 secure :-1 s=READY pgs=16 cs=0 l=1 rev1=1 crypto rx=0x7f1df0006fd0 tx=0x7f1df0006e40 comp rx=0 tx=0).stop
2024-05-15T13:49:58.021 INFO:teuthology.orchestra.run.smithi033.stdout:/usr/bin/ceph: stderr
2024-05-15T13:49:57.387+0000 7f1e0d02d700 1 -- 172.21.15.33:0/1887098231 >> [v2:172.21.15.33:3300/0,v1:172.21.15.33:6789/0] conn(0x7f1e08109060 msgr2=0x7f1e0819cfa0 secure :-1 s=STATE_CONNECTION_ESTABLISHED l=1).mark_down
2024-05-15T13:49:58.021 INFO:teuthology.orchestra.run.smithi033.stdout:/usr/bin/ceph: stderr
2024-05-15T13:49:57.387+0000 7f1e0d02d700 1 --2- 172.21.15.33:0/1887098231 >> [v2:172.21.15.33:3300/0,v1:172.21.15.33:6789/0] conn(0x7f1e08109060 0x7f1e0819cfa0 secure :-1 s=READY pgs=56 cs=0 l=1 rev1=1 crypto rx=0x7f1df80119f0 tx=0x7f1df8011ad0 comp rx=0 tx=0).stop
2024-05-15T13:49:58.022 INFO:teuthology.orchestra.run.smithi033.stdout:/usr/bin/ceph: stderr
2024-05-15T13:49:57.387+0000 7f1e0d02d700 1 -- 172.21.15.33:0/1887098231 shutdown_connections
2024-05-15T13:49:58.022 INFO:teuthology.orchestra.run.smithi033.stdout:/usr/bin/ceph: stderr
