2024-05-20T19:11:34.962 INFO:teuthology.orchestra.run.smithi135.stdout:/usr/bin/ceph: stderr
2024-05-20T19:11:33.900+0000 7f80e7200700 1 --2- 172.21.15.135:0/1098015268 >> [v2:172.21.15.135:3300/0,v1:172.21.15.135:6789/0] conn(0x7f80e010b0d0 0x7f80e010b4f0 unknown :-1 s=CLOSED pgs=18 cs=0 l=1 rev1=1 crypto rx=0 tx=0 comp rx=0 tx=0).stop
2024-05-20T19:11:34.962 INFO:teuthology.orchestra.run.smithi135.stdout:/usr/bin/ceph: stderr
2024-05-20T19:11:33.900+0000 7f80e7200700 1 -- 172.21.15.135:0/1098015268 >> 172.21.15.135:0/1098015268 conn(0x7f80e007e4e0 msgr2=0x7f80e007e910 unknown :-1 s=STATE_NONE l=0).mark_down
2024-05-20T19:11:34.962 INFO:teuthology.orchestra.run.smithi135.stdout:/usr/bin/ceph: stderr
2024-05-20T19:11:33.901+0000 7f80e7200700 1 -- 172.21.15.135:0/1098015268 shutdown_connections
2024-05-20T19:11:34.962 INFO:teuthology.orchestra.run.smithi135.stdout:/usr/bin/ceph: stderr
2024-05-20T19:11:33.901+0000 7f80e7200700 1 -- 172.21.15.135:0/1098015268 wait complete.
2024-05-20T19:11:34.962 INFO:teuthology.orchestra.run.smithi135.stdout:/usr/bin/ceph: stderr
2024-05-20T19:11:33.902+0000 7f80e7200700 1 Processor -- start
2024-05-20T19:11:34.962 INFO:teuthology.orchestra.run.smithi135.stdout:/usr/bin/ceph: stderr
2024-05-20T19:11:33.902+0000 7f80e7200700 1 -- start start
2024-05-20T19:11:34.962 INFO:teuthology.orchestra.run.smithi135.stdout:/usr/bin/ceph: stderr
2024-05-20T19:11:33.902+0000 7f80e7200700 1 --2- >> [v2:172.21.15.135:3300/0,v1:172.21.15.135:6789/0] conn(0x7f80e010b0d0 0x7f80e0083390 unknown :-1 s=NONE pgs=0 cs=0 l=1 rev1=0 crypto rx=0 tx=0 comp rx=0 tx=0).connect
2024-05-20T19:11:34.962 INFO:teuthology.orchestra.run.smithi135.stdout:/usr/bin/ceph: stderr
2024-05-20T19:11:33.902+0000 7f80e7200700 1 -- --> [v2:172.21.15.135:3300/0,v1:172.21.15.135:6789/0] -- mon_getmap magic: 0 -- 0x7f80e010f680 con 0x7f80e010b0d0
2024-05-20T19:11:34.963 INFO:teuthology.orchestra.run.smithi135.stdout:/usr/bin/ceph: stderr
2024-05-20T19:11:33.902+0000 7f80dfe00700 1 --2- >> [v2:172.21.15.135:3300/0,v1:172.21.15.135:6789/0] conn(0x7f80e010b0d0 0x7f80e0083390 unknown :-1 s=BANNER_CONNECTING pgs=0 cs=0 l=1 rev1=0 crypto rx=0 tx=0 comp rx=0 tx=0)._handle_peer_banner_payload supported=3 required=0
2024-05-20T19:11:34.963 INFO:teuthology.orchestra.run.smithi135.stdout:/usr/bin/ceph: stderr
2024-05-20T19:11:33.902+0000 7f80dfe00700 1 --2- >> [v2:172.21.15.135:3300/0,v1:172.21.15.135:6789/0] conn(0x7f80e010b0d0 0x7f80e0083390 unknown :-1 s=HELLO_CONNECTING pgs=0 cs=0 l=1 rev1=1 crypto rx=0 tx=0 comp rx=0 tx=0).handle_hello peer v2:172.21.15.135:3300/0 says I am v2:172.21.15.135:60206/0 (socket says 172.21.15.135:60206)
2024-05-20T19:11:34.963 INFO:teuthology.orchestra.run.smithi135.stdout:/usr/bin/ceph: stderr
2024-05-20T19:11:33.902+0000 7f80dfe00700 1 -- 172.21.15.135:0/2330856841 learned_addr learned my addr 172.21.15.135:0/2330856841 (peer_addr_for_me v2:172.21.15.135:0/0)
2024-05-20T19:11:34.963 INFO:teuthology.orchestra.run.smithi135.stdout:/usr/bin/ceph: stderr
2024-05-20T19:11:33.903+0000 7f80dfe00700 1 -- 172.21.15.135:0/2330856841 --> [v2:172.21.15.135:3300/0,v1:172.21.15.135:6789/0] -- mon_subscribe({config=0+,monmap=0+}) -- 0x7f80e00838d0 con 0x7f80e010b0d0
2024-05-20T19:11:34.963 INFO:teuthology.orchestra.run.smithi135.stdout:/usr/bin/ceph: stderr
2024-05-20T19:11:33.903+0000 7f80dfe00700 1 --2- 172.21.15.135:0/2330856841 >> [v2:172.21.15.135:3300/0,v1:172.21.15.135:6789/0] conn(0x7f80e010b0d0 0x7f80e0083390 secure :-1 s=READY pgs=19 cs=0 l=1 rev1=1 crypto rx=0x7f80d00117b0 tx=0x7f80d0011b70 comp rx=0 tx=0).ready entity=mon.0 client_cookie=0 server_cookie=0 in_seq=0 out_seq=0
2024-05-20T19:11:34.963 INFO:teuthology.orchestra.run.smithi135.stdout:/usr/bin/ceph: stderr
2024-05-20T19:11:33.903+0000 7f80dcc00700 1 -- 172.21.15.135:0/2330856841 <== mon.0 v2:172.21.15.135:3300/0 1 ==== mon_map magic: 0 ==== 205+0+0 (secure 0 0 0) 0x7f80d0003af0 con 0x7f80e010b0d0
2024-05-20T19:11:34.963 INFO:teuthology.orchestra.run.smithi135.stdout:/usr/bin/ceph: stderr
2024-05-20T19:11:33.903+0000 7f80dcc00700 1 -- 172.21.15.135:0/2330856841 <== mon.0 v2:172.21.15.135:3300/0 2 ==== config(26 keys) ==== 1070+0+0 (secure 0 0 0) 0x7f80d0020070 con 0x7f80e010b0d0
2024-05-20T19:11:34.963 INFO:teuthology.orchestra.run.smithi135.stdout:/usr/bin/ceph: stderr
2024-05-20T19:11:33.903+0000 7f80e7200700 1 -- 172.21.15.135:0/2330856841 --> [v2:172.21.15.135:3300/0,v1:172.21.15.135:6789/0] -- mon_subscribe({mgrmap=0+}) -- 0x7f80e0083b60 con 0x7f80e010b0d0
2024-05-20T19:11:34.963 INFO:teuthology.orchestra.run.smithi135.stdout:/usr/bin/ceph: stderr
2024-05-20T19:11:33.904+0000 7f80dcc00700 1 -- 172.21.15.135:0/2330856841 <== mon.0 v2:172.21.15.135:3300/0 3 ==== mon_map magic: 0 ==== 205+0+0 (secure 0 0 0) 0x7f80d0019630 con 0x7f80e010b0d0
2024-05-20T19:11:34.963 INFO:teuthology.orchestra.run.smithi135.stdout:/usr/bin/ceph: stderr
2024-05-20T19:11:33.904+0000 7f80e7200700 1 -- 172.21.15.135:0/2330856841 --> [v2:172.21.15.135:3300/0,v1:172.21.15.135:6789/0] -- mon_subscribe({osdmap=0}) -- 0x7f80e0080120 con 0x7f80e010b0d0
2024-05-20T19:11:34.963 INFO:teuthology.orchestra.run.smithi135.stdout:/usr/bin/ceph: stderr
2024-05-20T19:11:33.905+0000 7f80e7200700 1 -- 172.21.15.135:0/2330856841 --> [v2:172.21.15.135:3300/0,v1:172.21.15.135:6789/0] -- mon_command({"prefix": "get_command_descriptions"} v 0) -- 0x7f80e0083d30 con 0x7f80e010b0d0
2024-05-20T19:11:34.963 INFO:teuthology.orchestra.run.smithi135.stdout:/usr/bin/ceph: stderr
2024-05-20T19:11:33.905+0000 7f80dcc00700 1 -- 172.21.15.135:0/2330856841 <== mon.0 v2:172.21.15.135:3300/0 4 ==== mgrmap(e 4) ==== 50211+0+0 (secure 0 0 0) 0x7f80d001a9c0 con 0x7f80e010b0d0
2024-05-20T19:11:34.963 INFO:teuthology.orchestra.run.smithi135.stdout:/usr/bin/ceph: stderr
2024-05-20T19:11:33.906+0000 7f80dcc00700 1 --2- 172.21.15.135:0/2330856841 >> [v2:172.21.15.135:6800/2939836772,v1:172.21.15.135:6801/2939836772] conn(0x7f80c403e470 0x7f80c4040930 unknown :-1 s=NONE pgs=0 cs=0 l=1 rev1=0 crypto rx=0 tx=0 comp rx=0 tx=0).connect
2024-05-20T19:11:34.964 INFO:teuthology.orchestra.run.smithi135.stdout:/usr/bin/ceph: stderr
2024-05-20T19:11:33.906+0000 7f80dcc00700 1 -- 172.21.15.135:0/2330856841 <== mon.0 v2:172.21.15.135:3300/0 5 ==== osd_map(1..1 src has 1..1) ==== 725+0+0 (secure 0 0 0) 0x7f80d0053a60 con 0x7f80e010b0d0
2024-05-20T19:11:34.964 INFO:teuthology.orchestra.run.smithi135.stdout:/usr/bin/ceph: stderr
2024-05-20T19:11:33.907+0000 7f80df400700 1 --2- 172.21.15.135:0/2330856841 >> [v2:172.21.15.135:6800/2939836772,v1:172.21.15.135:6801/2939836772] conn(0x7f80c403e470 0x7f80c4040930 unknown :-1 s=BANNER_CONNECTING pgs=0 cs=0 l=1 rev1=0 crypto rx=0 tx=0 comp rx=0 tx=0)._handle_peer_banner_payload supported=3 required=0
2024-05-20T19:11:34.964 INFO:teuthology.orchestra.run.smithi135.stdout:/usr/bin/ceph: stderr
2024-05-20T19:11:33.908+0000 7f80df400700 1 --2- 172.21.15.135:0/2330856841 >> [v2:172.21.15.135:6800/2939836772,v1:172.21.15.135:6801/2939836772] conn(0x7f80c403e470 0x7f80c4040930 secure :-1 s=READY pgs=6 cs=0 l=1 rev1=1 crypto rx=0x7f80cc006fd0 tx=0x7f80cc006e40 comp rx=0 tx=0).ready entity=mgr.14100 client_cookie=0 server_cookie=0 in_seq=0 out_seq=0
2024-05-20T19:11:34.964 INFO:teuthology.orchestra.run.smithi135.stdout:/usr/bin/ceph: stderr
2024-05-20T19:11:33.912+0000 7f80dcc00700 1 -- 172.21.15.135:0/2330856841 <== mon.0 v2:172.21.15.135:3300/0 6 ==== mon_command_ack([{"prefix": "get_command_descriptions"}]=0 v0) ==== 72+0+191963 (secure 0 0 0) 0x7f80e0083d30 con 0x7f80e010b0d0
2024-05-20T19:11:34.964 INFO:teuthology.orchestra.run.smithi135.stdout:/usr/bin/ceph: stderr
2024-05-20T19:11:34.231+0000 7f80e7200700 1 -- 172.21.15.135:0/2330856841 --> [v2:172.21.15.135:3300/0,v1:172.21.15.135:6789/0] -- mon_command({"prefix": "status", "format": "json-pretty"} v 0) -- 0x7f80e0080750 con 0x7f80e010b0d0
2024-05-20T19:11:34.964 INFO:teuthology.orchestra.run.smithi135.stdout:/usr/bin/ceph: stderr
2024-05-20T19:11:34.232+0000 7f80dcc00700 1 -- 172.21.15.135:0/2330856841 <== mon.0 v2:172.21.15.135:3300/0 7 ==== mon_command_ack([{"prefix": "status", "format": "json-pretty"}]=0 v0) ==== 79+0+1239 (secure 0 0 0) 0x7f80d00172b0 con 0x7f80e010b0d0
2024-05-20T19:11:34.964 INFO:teuthology.orchestra.run.smithi135.stdout:/usr/bin/ceph: stderr
2024-05-20T19:11:34.235+0000 7f80e7200700 1 -- 172.21.15.135:0/2330856841 >> [v2:172.21.15.135:6800/2939836772,v1:172.21.15.135:6801/2939836772] conn(0x7f80c403e470 msgr2=0x7f80c4040930 secure :-1 s=STATE_CONNECTION_ESTABLISHED l=1).mark_down
2024-05-20T19:11:34.964 INFO:teuthology.orchestra.run.smithi135.stdout:/usr/bin/ceph: stderr
2024-05-20T19:11:34.235+0000 7f80e7200700 1 --2- 172.21.15.135:0/2330856841 >> [v2:172.21.15.135:6800/2939836772,v1:172.21.15.135:6801/2939836772] conn(0x7f80c403e470 0x7f80c4040930 secure :-1 s=READY pgs=6 cs=0 l=1 rev1=1 crypto rx=0x7f80cc006fd0 tx=0x7f80cc006e40 comp rx=0 tx=0).stop
2024-05-20T19:11:34.964 INFO:teuthology.orchestra.run.smithi135.stdout:/usr/bin/ceph: stderr
2024-05-20T19:11:34.235+0000 7f80e7200700 1 -- 172.21.15.135:0/2330856841 >> [v2:172.21.15.135:3300/0,v1:172.21.15.135:6789/0] conn(0x7f80e010b0d0 msgr2=0x7f80e0083390 secure :-1 s=STATE_CONNECTION_ESTABLISHED l=1).mark_down
2024-05-20T19:11:34.964 INFO:teuthology.orchestra.run.smithi135.stdout:/usr/bin/ceph: stderr
2024-05-20T19:11:34.235+0000 7f80e7200700 1 --2- 172.21.15.135:0/2330856841 >> [v2:172.21.15.135:3300/0,v1:172.21.15.135:6789/0] conn(0x7f80e010b0d0 0x7f80e0083390 secure :-1 s=READY pgs=19 cs=0 l=1 rev1=1 crypto rx=0x7f80d00117b0 tx=0x7f80d0011b70 comp rx=0 tx=0).stop
2024-05-20T19:11:34.964 INFO:teuthology.orchestra.run.smithi135.stdout:/usr/bin/ceph: stderr
2024-05-20T19:11:34.235+0000 7f80e7200700 1 -- 172.21.15.135:0/2330856841 shutdown_connections
2024-05-20T19:11:34.964 INFO:teuthology.orchestra.run.smithi135.stdout:/usr/bin/ceph: stderr
2024-05-20T19:11:34.235+0000 7f80e7200700 1 --2- 172.21.15.135:0/2330856841 >> [v2:172.21.15.135:6800/2939836772,v1:172.21.15.135:6801/2939836772] conn(0x7f80c403e470 0x7f80c4040930 unknown :-1 s=CLOSED pgs=6 cs=0 l=1 rev1=1 crypto rx=0 tx=0 comp rx=0 tx=0).stop
2024-05-20T19:11:34.964 INFO:teuthology.orchestra.run.smithi135.stdout:/usr/bin/ceph: stderr
2024-05-20T19:11:34.235+0000 7f80e7200700 1 --2- 172.21.15.135:0/2330856841 >> [v2:172.21.15.135:3300/0,v1:172.21.15.135:6789/0] conn(0x7f80e010b0d0 0x7f80e0083390 unknown :-1 s=CLOSED pgs=19 cs=0 l=1 rev1=1 crypto rx=0 tx=0 comp rx=0 tx=0).stop
2024-05-20T19:11:34.965 INFO:teuthology.orchestra.run.smithi135.stdout:/usr/bin/ceph: stderr
2024-05-20T19:11:34.235+0000 7f80e7200700 1 -- 172.21.15.135:0/2330856841 >> 172.21.15.135:0/2330856841 conn(0x7f80e007e4e0 msgr2=0x7f80e0108dc0 unknown :-1 s=STATE_NONE l=0).mark_down
2024-05-20T19:11:34.965 INFO:teuthology.orchestra.run.smithi135.stdout:/usr/bin/ceph: stderr
2024-05-20T19:11:34.235+0000 7f80e7200700 1 -- 172.21.15.135:0/2330856841 shutdown_connections
2024-05-20T19:11:34.965 INFO:teuthology.orchestra.run.smithi135.stdout:/usr/bin/ceph: stderr
2024-05-20T19:11:34.235+0000 7f80e7200700 1 -- 172.21.15.135:0/2330856841 wait complete.
2024-05-20T19:11:34.965 INFO:teuthology.orchestra.run.smithi135.stdout:mgr is available
2024-05-20T19:11:36.158 INFO:journalctl@ceph.mon.a.smithi135.stdout:May 20 19:11:35 smithi135 ceph-mon[31444]: from='client.? 172.21.15.135:0/1022137593' entity='client.admin' cmd=[{"prefix": "config assimilate-conf"}]: dispatch
2024-05-20T19:11:36.475 INFO:teuthology.orchestra.run.smithi135.stdout:/usr/bin/ceph: stdout
2024-05-20T19:11:36.475 INFO:teuthology.orchestra.run.smithi135.stdout:/usr/bin/ceph: stdout [global]
2024-05-20T19:11:36.475 INFO:teuthology.orchestra.run.smithi135.stdout:/usr/bin/ceph: stdout fsid = 8d9efb76-16dc-11ef-bc9a-c7b262605968
2024-05-20T19:11:36.476 INFO:teuthology.orchestra.run.smithi135.stdout:/usr/bin/ceph: stdout mon_cluster_log_file_level = debug
2024-05-20T19:11:36.476 INFO:teuthology.orchestra.run.smithi135.stdout:/usr/bin/ceph: stdout mon_osd_allow_pg_remap = true
2024-05-20T19:11:36.476 INFO:teuthology.orchestra.run.smithi135.stdout:/usr/bin/ceph: stdout mon_osd_allow_primary_affinity = true
2024-05-20T19:11:36.476 INFO:teuthology.orchestra.run.smithi135.stdout:/usr/bin/ceph: stdout mon_warn_on_no_sortbitwise = false
2024-05-20T19:11:36.476 INFO:teuthology.orchestra.run.smithi135.stdout:/usr/bin/ceph: stdout osd_crush_chooseleaf_type = 0
2024-05-20T19:11:36.476 INFO:teuthology.orchestra.run.smithi135.stdout:/usr/bin/ceph: stdout
2024-05-20T19:11:36.476 INFO:teuthology.orchestra.run.smithi135.stdout:/usr/bin/ceph: stdout [mgr]
2024-05-20T19:11:36.476 INFO:teuthology.orchestra.run.smithi135.stdout:/usr/bin/ceph: stdout mgr/telemetry/nag = false
2024-05-20T19:11:36.476 INFO:teuthology.orchestra.run.smithi135.stdout:/usr/bin/ceph: stdout
2024-05-20T19:11:36.476 INFO:teuthology.orchestra.run.smithi135.stdout:/usr/bin/ceph: stdout [osd]
2024-05-20T19:11:36.476 INFO:teuthology.orchestra.run.smithi135.stdout:/usr/bin/ceph: stdout mon_osd_backfillfull_ratio = 0.85
2024-05-20T19:11:36.476 INFO:teuthology.orchestra.run.smithi135.stdout:/usr/bin/ceph: stdout mon_osd_full_ratio = 0.9
2024-05-20T19:11:36.476 INFO:teuthology.orchestra.run.smithi135.stdout:/usr/bin/ceph: stdout mon_osd_nearfull_ratio = 0.8
2024-05-20T19:11:36.476 INFO:teuthology.orchestra.run.smithi135.stdout:/usr/bin/ceph: stdout osd_map_max_advance = 10
2024-05-20T19:11:36.477 INFO:teuthology.orchestra.run.smithi135.stdout:/usr/bin/ceph: stdout osd_sloppy_crc = true
2024-05-20T19:11:36.477 INFO:teuthology.orchestra.run.smithi135.stdout:/usr/bin/ceph: stderr
2024-05-20T19:11:35.552+0000 7fef85e00700 1 Processor -- start
2024-05-20T19:11:36.477 INFO:teuthology.orchestra.run.smithi135.stdout:/usr/bin/ceph: stderr
2024-05-20T19:11:35.553+0000 7fef85e00700 1 -- start start
2024-05-20T19:11:36.477 INFO:teuthology.orchestra.run.smithi135.stdout:/usr/bin/ceph: stderr
2024-05-20T19:11:35.553+0000 7fef85e00700 1 --2- >> [v2:172.21.15.135:3300/0,v1:172.21.15.135:6789/0] conn(0x7fef8010b0d0 0x7fef8010b4f0 unknown :-1 s=NONE pgs=0 cs=0 l=0 rev1=0 crypto rx=0 tx=0 comp rx=0 tx=0).connect
2024-05-20T19:11:36.477 INFO:teuthology.orchestra.run.smithi135.stdout:/usr/bin/ceph: stderr
2024-05-20T19:11:35.553+0000 7fef85e00700 1 -- --> [v2:172.21.15.135:3300/0,v1:172.21.15.135:6789/0] -- mon_getmap magic: 0 -- 0x7fef8010bac0 con 0x7fef8010b0d0
2024-05-20T19:11:36.477 INFO:teuthology.orchestra.run.smithi135.stdout:/usr/bin/ceph: stderr
2024-05-20T19:11:35.553+0000 7fef7ea00700 1 --2- >> [v2:172.21.15.135:3300/0,v1:172.21.15.135:6789/0] conn(0x7fef8010b0d0 0x7fef8010b4f0 unknown :-1 s=BANNER_CONNECTING pgs=0 cs=0 l=0 rev1=0 crypto rx=0 tx=0 comp rx=0 tx=0)._handle_peer_banner_payload supported=3 required=0
2024-05-20T19:11:36.477 INFO:teuthology.orchestra.run.smithi135.stdout:/usr/bin/ceph: stderr
2024-05-20T19:11:35.553+0000 7fef7ea00700 1 --2- >> [v2:172.21.15.135:3300/0,v1:172.21.15.135:6789/0] conn(0x7fef8010b0d0 0x7fef8010b4f0 unknown :-1 s=HELLO_CONNECTING pgs=0 cs=0 l=0 rev1=1 crypto rx=0 tx=0 comp rx=0 tx=0).handle_hello peer v2:172.21.15.135:3300/0 says I am v2:172.21.15.135:60214/0 (socket says 172.21.15.135:60214)
2024-05-20T19:11:36.477 INFO:teuthology.orchestra.run.smithi135.stdout:/usr/bin/ceph: stderr
2024-05-20T19:11:35.553+0000 7fef7ea00700 1 -- 172.21.15.135:0/528676076 learned_addr learned my addr 172.21.15.135:0/528676076 (peer_addr_for_me v2:172.21.15.135:0/0)
2024-05-20T19:11:36.477 INFO:teuthology.orchestra.run.smithi135.stdout:/usr/bin/ceph: stderr
2024-05-20T19:11:35.554+0000 7fef7ea00700 1 -- 172.21.15.135:0/528676076 --> [v2:172.21.15.135:3300/0,v1:172.21.15.135:6789/0] -- mon_subscribe({config=0+,monmap=0+}) -- 0x7fef8010c2d0 con 0x7fef8010b0d0
2024-05-20T19:11:36.477 INFO:teuthology.orchestra.run.smithi135.stdout:/usr/bin/ceph: stderr
2024-05-20T19:11:35.554+0000 7fef7ea00700 1 --2- 172.21.15.135:0/528676076 >> [v2:172.21.15.135:3300/0,v1:172.21.15.135:6789/0] conn(0x7fef8010b0d0 0x7fef8010b4f0 secure :-1 s=READY pgs=20 cs=0 l=1 rev1=1 crypto rx=0x7fef700098a0 tx=0x7fef70009bb0 comp rx=0 tx=0).ready entity=mon.0 client_cookie=3c7e13f400a861e1 server_cookie=0 in_seq=0 out_seq=0
2024-05-20T19:11:36.477 INFO:teuthology.orchestra.run.smithi135.stdout:/usr/bin/ceph: stderr
2024-05-20T19:11:35.555+0000 7fef7e000700 1 -- 172.21.15.135:0/528676076 <== mon.0 v2:172.21.15.135:3300/0 1 ==== mon_map magic: 0 ==== 205+0+0 (secure 0 0 0) 0x7fef70004160 con 0x7fef8010b0d0
2024-05-20T19:11:36.477 INFO:teuthology.orchestra.run.smithi135.stdout:/usr/bin/ceph: stderr
2024-05-20T19:11:35.555+0000 7fef7e000700 1 -- 172.21.15.135:0/528676076 <== mon.0 v2:172.21.15.135:3300/0 2 ==== config(26 keys) ==== 1070+0+0 (secure 0 0 0) 0x7fef70004300 con 0x7fef8010b0d0
2024-05-20T19:11:36.477 INFO:teuthology.orchestra.run.smithi135.stdout:/usr/bin/ceph: stderr
2024-05-20T19:11:35.555+0000 7fef7e000700 1 -- 172.21.15.135:0/528676076 <== mon.0 v2:172.21.15.135:3300/0 3 ==== mon_map magic: 0 ==== 205+0+0 (secure 0 0 0) 0x7fef70011af0 con 0x7fef8010b0d0
2024-05-20T19:11:36.478 INFO:teuthology.orchestra.run.smithi135.stdout:/usr/bin/ceph: stderr
2024-05-20T19:11:35.555+0000 7fef85e00700 1 -- 172.21.15.135:0/528676076 >> [v2:172.21.15.135:3300/0,v1:172.21.15.135:6789/0] conn(0x7fef8010b0d0 msgr2=0x7fef8010b4f0 secure :-1 s=STATE_CONNECTION_ESTABLISHED l=1).mark_down
2024-05-20T19:11:36.478 INFO:teuthology.orchestra.run.smithi135.stdout:/usr/bin/ceph: stderr
2024-05-20T19:11:35.555+0000 7fef85e00700 1 --2- 172.21.15.135:0/528676076 >> [v2:172.21.15.135:3300/0,v1:172.21.15.135:6789/0] conn(0x7fef8010b0d0 0x7fef8010b4f0 secure :-1 s=READY pgs=20 cs=0 l=1 rev1=1 crypto rx=0x7fef700098a0 tx=0x7fef70009bb0 comp rx=0 tx=0).stop
2024-05-20T19:11:36.478 INFO:teuthology.orchestra.run.smithi135.stdout:/usr/bin/ceph: stderr
2024-05-20T19:11:35.556+0000 7fef85e00700 1 -- 172.21.15.135:0/528676076 shutdown_connections
2024-05-20T19:11:36.478 INFO:teuthology.orchestra.run.smithi135.stdout:/usr/bin/ceph: stderr
2024-05-20T19:11:35.556+0000 7fef85e00700 1 --2- 172.21.15.135:0/528676076 >> [v2:172.21.15.135:3300/0,v1:172.21.15.135:6789/0] conn(0x7fef8010b0d0 0x7fef8010b4f0 unknown :-1 s=CLOSED pgs=20 cs=0 l=1 rev1=1 crypto rx=0 tx=0 comp rx=0 tx=0).stop
2024-05-20T19:11:36.478 INFO:teuthology.orchestra.run.smithi135.stdout:/usr/bin/ceph: stderr
2024-05-20T19:11:35.556+0000 7fef85e00700 1 -- 172.21.15.135:0/528676076 >> 172.21.15.135:0/528676076 conn(0x7fef8007e4e0 msgr2=0x7fef8007e910 unknown :-1 s=STATE_NONE l=0).mark_down
2024-05-20T19:11:36.478 INFO:teuthology.orchestra.run.smithi135.stdout:/usr/bin/ceph: stderr
2024-05-20T19:11:35.556+0000 7fef85e00700 1 -- 172.21.15.135:0/528676076 shutdown_connections
2024-05-20T19:11:36.478 INFO:teuthology.orchestra.run.smithi135.stdout:/usr/bin/ceph: stderr
2024-05-20T19:11:35.556+0000 7fef85e00700 1 -- 172.21.15.135:0/528676076 wait complete.
2024-05-20T19:11:36.478 INFO:teuthology.orchestra.run.smithi135.stdout:/usr/bin/ceph: stderr
2024-05-20T19:11:35.557+0000 7fef85e00700 1 Processor -- start
2024-05-20T19:11:36.478 INFO:teuthology.orchestra.run.smithi135.stdout:/usr/bin/ceph: stderr
2024-05-20T19:11:35.557+0000 7fef85e00700 1 -- start start
2024-05-20T19:11:36.478 INFO:teuthology.orchestra.run.smithi135.stdout:/usr/bin/ceph: stderr
2024-05-20T19:11:35.557+0000 7fef85e00700 1 --2- >> [v2:172.21.15.135:3300/0,v1:172.21.15.135:6789/0] conn(0x7fef8010b0d0 0x7fef8019f120 unknown :-1 s=NONE pgs=0 cs=0 l=1 rev1=0 crypto rx=0 tx=0 comp rx=0 tx=0).connect
2024-05-20T19:11:36.478 INFO:teuthology.orchestra.run.smithi135.stdout:/usr/bin/ceph: stderr
2024-05-20T19:11:35.557+0000 7fef85e00700 1 -- --> [v2:172.21.15.135:3300/0,v1:172.21.15.135:6789/0] -- mon_getmap magic: 0 -- 0x7fef8010f680 con 0x7fef8010b0d0
2024-05-20T19:11:36.479 INFO:teuthology.orchestra.run.smithi135.stdout:/usr/bin/ceph: stderr
2024-05-20T19:11:35.557+0000 7fef7ea00700 1 --2- >> [v2:172.21.15.135:3300/0,v1:172.21.15.135:6789/0] conn(0x7fef8010b0d0 0x7fef8019f120 unknown :-1 s=BANNER_CONNECTING pgs=0 cs=0 l=1 rev1=0 crypto rx=0 tx=0 comp rx=0 tx=0)._handle_peer_banner_payload supported=3 required=0
2024-05-20T19:11:36.479 INFO:teuthology.orchestra.run.smithi135.stdout:/usr/bin/ceph: stderr
2024-05-20T19:11:35.557+0000 7fef7ea00700 1 --2- >> [v2:172.21.15.135:3300/0,v1:172.21.15.135:6789/0] conn(0x7fef8010b0d0 0x7fef8019f120 unknown :-1 s=HELLO_CONNECTING pgs=0 cs=0 l=1 rev1=1 crypto rx=0 tx=0 comp rx=0 tx=0).handle_hello peer v2:172.21.15.135:3300/0 says I am v2:172.21.15.135:60228/0 (socket says 172.21.15.135:60228)
2024-05-20T19:11:36.479 INFO:teuthology.orchestra.run.smithi135.stdout:/usr/bin/ceph: stderr
2024-05-20T19:11:35.557+0000 7fef7ea00700 1 -- 172.21.15.135:0/1022137593 learned_addr learned my addr 172.21.15.135:0/1022137593 (peer_addr_for_me v2:172.21.15.135:0/0)
2024-05-20T19:11:36.479 INFO:teuthology.orchestra.run.smithi135.stdout:/usr/bin/ceph: stderr
2024-05-20T19:11:35.558+0000 7fef7ea00700 1 -- 172.21.15.135:0/1022137593 --> [v2:172.21.15.135:3300/0,v1:172.21.15.135:6789/0] -- mon_subscribe({config=0+,monmap=0+}) -- 0x7fef8019f660 con 0x7fef8010b0d0
2024-05-20T19:11:36.479 INFO:teuthology.orchestra.run.smithi135.stdout:/usr/bin/ceph: stderr
2024-05-20T19:11:35.558+0000 7fef7ea00700 1 --2- 172.21.15.135:0/1022137593 >> [v2:172.21.15.135:3300/0,v1:172.21.15.135:6789/0] conn(0x7fef8010b0d0 0x7fef8019f120 secure :-1 s=READY pgs=21 cs=0 l=1 rev1=1 crypto rx=0x7fef70009fb0 tx=0x7fef70011940 comp rx=0 tx=0).ready entity=mon.0 client_cookie=0 server_cookie=0 in_seq=0 out_seq=0
2024-05-20T19:11:36.479 INFO:teuthology.orchestra.run.smithi135.stdout:/usr/bin/ceph: stderr
2024-05-20T19:11:35.558+0000 7fef84a00700 1 -- 172.21.15.135:0/1022137593 <== mon.0 v2:172.21.15.135:3300/0 1 ==== mon_map magic: 0 ==== 205+0+0 (secure 0 0 0) 0x7fef700036a0 con 0x7fef8010b0d0
2024-05-20T19:11:36.479 INFO:teuthology.orchestra.run.smithi135.stdout:/usr/bin/ceph: stderr
2024-05-20T19:11:35.558+0000 7fef84a00700 1 -- 172.21.15.135:0/1022137593 <== mon.0 v2:172.21.15.135:3300/0 2 ==== config(26 keys) ==== 1070+0+0 (secure 0 0 0) 0x7fef7001a430 con 0x7fef8010b0d0
2024-05-20T19:11:36.479 INFO:teuthology.orchestra.run.smithi135.stdout:/usr/bin/ceph: stderr
2024-05-20T19:11:35.558+0000 7fef85e00700 1 -- 172.21.15.135:0/1022137593 --> [v2:172.21.15.135:3300/0,v1:172.21.15.135:6789/0] -- mon_subscribe({mgrmap=0+}) -- 0x7fef8019f8f0 con 0x7fef8010b0d0
2024-05-20T19:11:36.479 INFO:teuthology.orchestra.run.smithi135.stdout:/usr/bin/ceph: stderr
2024-05-20T19:11:35.558+0000 7fef84a00700 1 -- 172.21.15.135:0/1022137593 <== mon.0 v2:172.21.15.135:3300/0 3 ==== mon_map magic: 0 ==== 205+0+0 (secure 0 0 0) 0x7fef70019550 con 0x7fef8010b0d0
2024-05-20T19:11:36.480 INFO:teuthology.orchestra.run.smithi135.stdout:/usr/bin/ceph: stderr
2024-05-20T19:11:35.559+0000 7fef85e00700 1 -- 172.21.15.135:0/1022137593 --> [v2:172.21.15.135:3300/0,v1:172.21.15.135:6789/0] -- mon_subscribe({osdmap=0}) -- 0x7fef801a25e0 con 0x7fef8010b0d0
2024-05-20T19:11:36.480 INFO:teuthology.orchestra.run.smithi135.stdout:/usr/bin/ceph: stderr
2024-05-20T19:11:35.560+0000 7fef84a00700 1 -- 172.21.15.135:0/1022137593 <== mon.0 v2:172.21.15.135:3300/0 4 ==== mgrmap(e 4) ==== 50211+0+0 (secure 0 0 0) 0x7fef7001a8e0 con 0x7fef8010b0d0
2024-05-20T19:11:36.480 INFO:teuthology.orchestra.run.smithi135.stdout:/usr/bin/ceph: stderr
2024-05-20T19:11:35.560+0000 7fef85e00700 1 -- 172.21.15.135:0/1022137593 --> [v2:172.21.15.135:3300/0,v1:172.21.15.135:6789/0] -- mon_command({"prefix": "get_command_descriptions"} v 0) -- 0x7fef80064ba0 con 0x7fef8010b0d0
2024-05-20T19:11:36.480 INFO:teuthology.orchestra.run.smithi135.stdout:/usr/bin/ceph: stderr
2024-05-20T19:11:35.560+0000 7fef84a00700 1 --2- 172.21.15.135:0/1022137593 >> [v2:172.21.15.135:6800/2939836772,v1:172.21.15.135:6801/2939836772] conn(0x7fef6403e420 0x7fef640408e0 unknown :-1 s=NONE pgs=0 cs=0 l=1 rev1=0 crypto rx=0 tx=0 comp rx=0 tx=0).connect
2024-05-20T19:11:36.480 INFO:teuthology.orchestra.run.smithi135.stdout:/usr/bin/ceph: stderr
2024-05-20T19:11:35.560+0000 7fef84a00700 1 -- 172.21.15.135:0/1022137593 <== mon.0 v2:172.21.15.135:3300/0 5 ==== osd_map(1..1 src has 1..1) ==== 725+0+0 (secure 0 0 0) 0x7fef70053790 con 0x7fef8010b0d0
2024-05-20T19:11:36.480 INFO:teuthology.orchestra.run.smithi135.stdout:/usr/bin/ceph: stderr
2024-05-20T19:11:35.560+0000 7fef77e00700 1 --2- 172.21.15.135:0/1022137593 >> [v2:172.21.15.135:6800/2939836772,v1:172.21.15.135:6801/2939836772] conn(0x7fef6403e420 0x7fef640408e0 unknown :-1 s=BANNER_CONNECTING pgs=0 cs=0 l=1 rev1=0 crypto rx=0 tx=0 comp rx=0 tx=0)._handle_peer_banner_payload supported=3 required=0
2024-05-20T19:11:36.480 INFO:teuthology.orchestra.run.smithi135.stdout:/usr/bin/ceph: stderr
2024-05-20T19:11:35.561+0000 7fef77e00700 1 --2- 172.21.15.135:0/1022137593 >> [v2:172.21.15.135:6800/2939836772,v1:172.21.15.135:6801/2939836772] conn(0x7fef6403e420 0x7fef640408e0 secure :-1 s=READY pgs=7 cs=0 l=1 rev1=1 crypto rx=0x7fef68006fd0 tx=0x7fef68006e40 comp rx=0 tx=0).ready entity=mgr.14100 client_cookie=0 server_cookie=0 in_seq=0 out_seq=0
2024-05-20T19:11:36.480 INFO:teuthology.orchestra.run.smithi135.stdout:/usr/bin/ceph: stderr
2024-05-20T19:11:35.566+0000 7fef84a00700 1 -- 172.21.15.135:0/1022137593 <== mon.0 v2:172.21.15.135:3300/0 6 ==== mon_command_ack([{"prefix": "get_command_descriptions"}]=0 v0) ==== 72+0+191963 (secure 0 0 0) 0x7fef7000b3e0 con 0x7fef8010b0d0
2024-05-20T19:11:36.480 INFO:teuthology.orchestra.run.smithi135.stdout:/usr/bin/ceph: stderr
2024-05-20T19:11:35.796+0000 7fef85e00700 1 -- 172.21.15.135:0/1022137593 --> [v2:172.21.15.135:3300/0,v1:172.21.15.135:6789/0] -- mon_command({"prefix": "config assimilate-conf"} v 0) -- 0x7fef801a27b0 con 0x7fef8010b0d0
2024-05-20T19:11:36.480 INFO:teuthology.orchestra.run.smithi135.stdout:/usr/bin/ceph: stderr
2024-05-20T19:11:35.799+0000 7fef84a00700 1 -- 172.21.15.135:0/1022137593 <== mon.0 v2:172.21.15.135:3300/0 7 ==== mon_command_ack([{"prefix": "config assimilate-conf"}]=0 v3) ==== 70+0+409 (secure 0 0 0) 0x7fef7001a690 con 0x7fef8010b0d0
2024-05-20T19:11:36.480 INFO:teuthology.orchestra.run.smithi135.stdout:/usr/bin/ceph: stderr
2024-05-20T19:11:35.802+0000 7fef85e00700 1 -- 172.21.15.135:0/1022137593 >> [v2:172.21.15.135:6800/2939836772,v1:172.21.15.135:6801/2939836772] conn(0x7fef6403e420 msgr2=0x7fef640408e0 secure :-1 s=STATE_CONNECTION_ESTABLISHED l=1).mark_down
2024-05-20T19:11:36.481 INFO:teuthology.orchestra.run.smithi135.stdout:/usr/bin/ceph: stderr
2024-05-20T19:11:35.802+0000 7fef85e00700 1 --2- 172.21.15.135:0/1022137593 >> [v2:172.21.15.135:6800/2939836772,v1:172.21.15.135:6801/2939836772] conn(0x7fef6403e420 0x7fef640408e0 secure :-1 s=READY pgs=7 cs=0 l=1 rev1=1 crypto rx=0x7fef68006fd0 tx=0x7fef68006e40 comp rx=0 tx=0).stop
2024-05-20T19:11:36.481 INFO:teuthology.orchestra.run.smithi135.stdout:/usr/bin/ceph: stderr
2024-05-20T19:11:35.802+0000 7fef85e00700 1 -- 172.21.15.135:0/1022137593 >> [v2:172.21.15.135:3300/0,v1:172.21.15.135:6789/0] conn(0x7fef8010b0d0 msgr2=0x7fef8019f120 secure :-1 s=STATE_CONNECTION_ESTABLISHED l=1).mark_down
2024-05-20T19:11:36.481 INFO:teuthology.orchestra.run.smithi135.stdout:/usr/bin/ceph: stderr
2024-05-20T19:11:35.802+0000 7fef85e00700 1 --2- 172.21.15.135:0/1022137593 >> [v2:172.21.15.135:3300/0,v1:172.21.15.135:6789/0] conn(0x7fef8010b0d0 0x7fef8019f120 secure :-1 s=READY pgs=21 cs=0 l=1 rev1=1 crypto rx=0x7fef70009fb0 tx=0x7fef70011940 comp rx=0 tx=0).stop
2024-05-20T19:11:36.481 INFO:teuthology.orchestra.run.smithi135.stdout:/usr/bin/ceph: stderr
2024-05-20T19:11:35.802+0000 7fef85e00700 1 -- 172.21.15.135:0/1022137593 shutdown_connections
2024-05-20T19:11:36.481 INFO:teuthology.orchestra.run.smithi135.stdout:/usr/bin/ceph: stderr
2024-05-20T19:11:35.802+0000 7fef85e00700 1 --2- 172.21.15.135:0/1022137593 >> [v2:172.21.15.135:6800/2939836772,v1:172.21.15.135:6801/2939836772] conn(0x7fef6403e420 0x7fef640408e0 unknown :-1 s=CLOSED pgs=7 cs=0 l=1 rev1=1 crypto rx=0 tx=0 comp rx=0 tx=0).stop
2024-05-20T19:11:36.481 INFO:teuthology.orchestra.run.smithi135.stdout:/usr/bin/ceph: stderr
2024-05-20T19:11:35.802+0000 7fef85e00700 1 --2- 172.21.15.135:0/1022137593 >> [v2:172.21.15.135:3300/0,v1:172.21.15.135:6789/0] conn(0x7fef8010b0d0 0x7fef8019f120 unknown :-1 s=CLOSED pgs=21 cs=0 l=1 rev1=1 crypto rx=0 tx=0 comp rx=0 tx=0).stop
2024-05-20T19:11:36.481 INFO:teuthology.orchestra.run.smithi135.stdout:/usr/bin/ceph: stderr
2024-05-20T19:11:35.802+0000 7fef85e00700 1 -- 172.21.15.135:0/1022137593 >> 172.21.15.135:0/1022137593 conn(0x7fef8007e4e0 msgr2=0x7fef80108dc0 unknown :-1 s=STATE_NONE l=0).mark_down
2024-05-20T19:11:36.481 INFO:teuthology.orchestra.run.smithi135.stdout:/usr/bin/ceph: stderr
2024-05-20T19:11:35.802+0000 7fef85e00700 1 -- 172.21.15.135:0/1022137593 shutdown_connections
2024-05-20T19:11:36.481 INFO:teuthology.orchestra.run.smithi135.stdout:/usr/bin/ceph: stderr
2024-05-20T19:11:35.802+0000 7fef85e00700 1 -- 172.21.15.135:0/1022137593 wait complete.
2024-05-20T19:11:36.481 INFO:teuthology.orchestra.run.smithi135.stdout:Enabling cephadm module...
2024-05-20T19:11:37.702 INFO:journalctl@ceph.mon.a.smithi135.stdout:May 20 19:11:37 smithi135 ceph-mon[31444]: from='client.? 172.21.15.135:0/1199279999' entity='client.admin' cmd=[{"prefix": "mgr module enable", "module": "cephadm"}]: dispatch
2024-05-20T19:11:37.702 INFO:journalctl@ceph.mgr.x.smithi135.stdout:May 20 19:11:37 smithi135 ceph-8d9efb76-16dc-11ef-bc9a-c7b262605968-mgr-x[31668]: ignoring --setuser ceph since I am not root
2024-05-20T19:11:37.702 INFO:journalctl@ceph.mgr.x.smithi135.stdout:May 20 19:11:37 smithi135 ceph-8d9efb76-16dc-11ef-bc9a-c7b262605968-mgr-x[31668]: ignoring --setgroup ceph since I am not root
2024-05-20T19:11:37.703 INFO:journalctl@ceph.mgr.x.smithi135.stdout:May 20 19:11:37 smithi135 ceph-8d9efb76-16dc-11ef-bc9a-c7b262605968-mgr-x[31668]:
2024-05-20T19:11:37.700+0000 7f45e477e200 -1 mgr[py] Module balancer has missing NOTIFY_TYPES member
2024-05-20T19:11:37.953 INFO:journalctl@ceph.mgr.x.smithi135.stdout:May 20 19:11:37 smithi135 ceph-8d9efb76-16dc-11ef-bc9a-c7b262605968-mgr-x[31668]:
2024-05-20T19:11:37.940+0000 7f45e477e200 -1 mgr[py] Module orchestrator has missing NOTIFY_TYPES member
2024-05-20T19:11:38.185 INFO:teuthology.orchestra.run.smithi135.stdout:/usr/bin/ceph: stderr
2024-05-20T19:11:37.064+0000 7f6031800700 1 Processor -- start
2024-05-20T19:11:38.185 INFO:teuthology.orchestra.run.smithi135.stdout:/usr/bin/ceph: stderr
2024-05-20T19:11:37.064+0000 7f6031800700 1 -- start start
2024-05-20T19:11:38.186 INFO:teuthology.orchestra.run.smithi135.stdout:/usr/bin/ceph: stderr
2024-05-20T19:11:37.065+0000 7f6031800700 1 --2- >> [v2:172.21.15.135:3300/0,v1:172.21.15.135:6789/0] conn(0x7f602c108ea0 0x7f602c1092c0 unknown :-1 s=NONE pgs=0 cs=0 l=0 rev1=0 crypto rx=0 tx=0 comp rx=0 tx=0).connect
2024-05-20T19:11:38.187 INFO:teuthology.orchestra.run.smithi135.stdout:/usr/bin/ceph: stderr
2024-05-20T19:11:37.065+0000 7f6031800700 1 -- --> [v2:172.21.15.135:3300/0,v1:172.21.15.135:6789/0] -- mon_getmap magic: 0 -- 0x7f602c109800 con 0x7f602c108ea0
2024-05-20T19:11:38.187 INFO:teuthology.orchestra.run.smithi135.stdout:/usr/bin/ceph: stderr
2024-05-20T19:11:37.065+0000 7f602aa00700 1 --2- >> [v2:172.21.15.135:3300/0,v1:172.21.15.135:6789/0] conn(0x7f602c108ea0 0x7f602c1092c0 unknown :-1 s=BANNER_CONNECTING pgs=0 cs=0 l=0 rev1=0 crypto rx=0 tx=0 comp rx=0 tx=0)._handle_peer_banner_payload supported=3 required=0
2024-05-20T19:11:38.187 INFO:teuthology.orchestra.run.smithi135.stdout:/usr/bin/ceph: stderr
2024-05-20T19:11:37.065+0000 7f602aa00700 1 --2- >> [v2:172.21.15.135:3300/0,v1:172.21.15.135:6789/0] conn(0x7f602c108ea0 0x7f602c1092c0 unknown :-1 s=HELLO_CONNECTING pgs=0 cs=0 l=0 rev1=1 crypto rx=0 tx=0 comp rx=0 tx=0).handle_hello peer v2:172.21.15.135:3300/0 says I am v2:172.21.15.135:60236/0 (socket says 172.21.15.135:60236)
2024-05-20T19:11:38.187 INFO:teuthology.orchestra.run.smithi135.stdout:/usr/bin/ceph: stderr
2024-05-20T19:11:37.065+0000 7f602aa00700 1 -- 172.21.15.135:0/323140669 learned_addr learned my addr 172.21.15.135:0/323140669 (peer_addr_for_me v2:172.21.15.135:0/0)
2024-05-20T19:11:38.187 INFO:teuthology.orchestra.run.smithi135.stdout:/usr/bin/ceph: stderr
2024-05-20T19:11:37.066+0000 7f602aa00700 1 -- 172.21.15.135:0/323140669 --> [v2:172.21.15.135:3300/0,v1:172.21.15.135:6789/0] -- mon_subscribe({config=0+,monmap=0+}) -- 0x7f602c10a040 con 0x7f602c108ea0
2024-05-20T19:11:38.187 INFO:teuthology.orchestra.run.smithi135.stdout:/usr/bin/ceph: stderr
2024-05-20T19:11:37.066+0000 7f602aa00700 1 --2- 172.21.15.135:0/323140669 >> [v2:172.21.15.135:3300/0,v1:172.21.15.135:6789/0] conn(0x7f602c108ea0 0x7f602c1092c0 secure :-1 s=READY pgs=22 cs=0 l=1 rev1=1 crypto rx=0x7f601c0098a0 tx=0x7f601c009bb0 comp rx=0 tx=0).ready entity=mon.0 client_cookie=1b49a94d94ee3831 server_cookie=0 in_seq=0 out_seq=0
2024-05-20T19:11:38.188 INFO:teuthology.orchestra.run.smithi135.stdout:/usr/bin/ceph: stderr
2024-05-20T19:11:37.066+0000 7f6029600700 1 -- 172.21.15.135:0/323140669 <== mon.0 v2:172.21.15.135:3300/0 1 ==== mon_map magic: 0 ==== 205+0+0 (secure 0 0 0) 0x7f601c004160 con 0x7f602c108ea0
2024-05-20T19:11:38.188 INFO:teuthology.orchestra.run.smithi135.stdout:/usr/bin/ceph: stderr
2024-05-20T19:11:37.066+0000 7f6029600700 1 -- 172.21.15.135:0/323140669 <== mon.0 v2:172.21.15.135:3300/0 2 ==== config(26 keys) ==== 1070+0+0 (secure 0 0 0) 0x7f601c004300 con 0x7f602c108ea0
2024-05-20T19:11:38.188 INFO:teuthology.orchestra.run.smithi135.stdout:/usr/bin/ceph: stderr
2024-05-20T19:11:37.066+0000 7f6029600700 1 -- 172.21.15.135:0/323140669 <== mon.0 v2:172.21.15.135:3300/0 3 ==== mon_map magic: 0 ==== 205+0+0 (secure 0 0 0) 0x7f601c011af0 con 0x7f602c108ea0
2024-05-20T19:11:38.188 INFO:teuthology.orchestra.run.smithi135.stdout:/usr/bin/ceph: stderr
2024-05-20T19:11:37.067+0000 7f6031800700 1 -- 172.21.15.135:0/323140669 >> [v2:172.21.15.135:3300/0,v1:172.21.15.135:6789/0] conn(0x7f602c108ea0 msgr2=0x7f602c1092c0 secure :-1 s=STATE_CONNECTION_ESTABLISHED l=1).mark_down
2024-05-20T19:11:38.191 INFO:teuthology.orchestra.run.smithi135.stdout:/usr/bin/ceph: stderr
2024-05-20T19:11:37.067+0000 7f6031800700 1 --2- 172.21.15.135:0/323140669 >> [v2:172.21.15.135:3300/0,v1:172.21.15.135:6789/0] conn(0x7f602c108ea0 0x7f602c1092c0 secure :-1 s=READY pgs=22 cs=0 l=1 rev1=1 crypto rx=0x7f601c0098a0 tx=0x7f601c009bb0 comp rx=0 tx=0).stop
2024-05-20T19:11:38.191 INFO:teuthology.orchestra.run.smithi135.stdout:/usr/bin/ceph: stderr
2024-05-20T19:11:37.067+0000 7f6031800700 1 -- 172.21.15.135:0/323140669 shutdown_connections
2024-05-20T19:11:38.191 INFO:teuthology.orchestra.run.smithi135.stdout:/usr/bin/ceph: stderr
2024-05-20T19:11:37.067+0000 7f6031800700 1 --2- 172.21.15.135:0/323140669 >> [v2:172.21.15.135:3300/0,v1:172.21.15.135:6789/0] conn(0x7f602c108ea0 0x7f602c1092c0 unknown :-1 s=CLOSED pgs=22 cs=0 l=1 rev1=1 crypto rx=0 tx=0 comp rx=0 tx=0).stop
2024-05-20T19:11:38.191 INFO:teuthology.orchestra.run.smithi135.stdout:/usr/bin/ceph: stderr
2024-05-20T19:11:37.067+0000 7f6031800700 1 -- 172.21.15.135:0/323140669 >> 172.21.15.135:0/323140669 conn(0x7f602c1044d0 msgr2=0x7f602c1068f0 unknown :-1 s=STATE_NONE l=0).mark_down
2024-05-20T19:11:38.191 INFO:teuthology.orchestra.run.smithi135.stdout:/usr/bin/ceph: stderr
2024-05-20T19:11:37.067+0000 7f6031800700 1 -- 172.21.15.135:0/323140669 shutdown_connections
2024-05-20T19:11:38.191 INFO:teuthology.orchestra.run.smithi135.stdout:/usr/bin/ceph: stderr
2024-05-20T19:11:37.068+0000 7f6031800700 1 -- 172.21.15.135:0/323140669 wait complete.
2024-05-20T19:11:38.192 INFO:teuthology.orchestra.run.smithi135.stdout:/usr/bin/ceph: stderr
2024-05-20T19:11:37.068+0000 7f6031800700 1 Processor -- start
2024-05-20T19:11:38.192 INFO:teuthology.orchestra.run.smithi135.stdout:/usr/bin/ceph: stderr
2024-05-20T19:11:37.069+0000 7f6031800700 1 -- start start
2024-05-20T19:11:38.192 INFO:teuthology.orchestra.run.smithi135.stdout:/usr/bin/ceph: stderr
2024-05-20T19:11:37.069+0000 7f6031800700 1 --2- >> [v2:172.21.15.135:3300/0,v1:172.21.15.135:6789/0] conn(0x7f602c108ea0 0x7f602c19f0c0 unknown :-1 s=NONE pgs=0 cs=0 l=1 rev1=0 crypto rx=0 tx=0 comp rx=0 tx=0).connect
2024-05-20T19:11:38.192 INFO:teuthology.orchestra.run.smithi135.stdout:/usr/bin/ceph: stderr
2024-05-20T19:11:37.069+0000 7f6031800700 1 -- --> [v2:172.21.15.135:3300/0,v1:172.21.15.135:6789/0] -- mon_getmap magic: 0 -- 0x7f602c10d300 con 0x7f602c108ea0
2024-05-20T19:11:38.192 INFO:teuthology.orchestra.run.smithi135.stdout:/usr/bin/ceph: stderr
2024-05-20T19:11:37.069+0000 7f602aa00700 1 --2- >> [v2:172.21.15.135:3300/0,v1:172.21.15.135:6789/0] conn(0x7f602c108ea0 0x7f602c19f0c0 unknown :-1 s=BANNER_CONNECTING pgs=0 cs=0 l=1 rev1=0 crypto rx=0 tx=0 comp rx=0 tx=0)._handle_peer_banner_payload supported=3 required=0
2024-05-20T19:11:38.192 INFO:teuthology.orchestra.run.smithi135.stdout:/usr/bin/ceph: stderr
2024-05-20T19:11:37.069+0000 7f602aa00700 1 --2- >> [v2:172.21.15.135:3300/0,v1:172.21.15.135:6789/0] conn(0x7f602c108ea0 0x7f602c19f0c0 unknown :-1 s=HELLO_CONNECTING pgs=0 cs=0 l=1 rev1=1 crypto rx=0 tx=0 comp rx=0 tx=0).handle_hello peer v2:172.21.15.135:3300/0 says I am v2:172.21.15.135:60240/0 (socket says 172.21.15.135:60240)
2024-05-20T19:11:38.192 INFO:teuthology.orchestra.run.smithi135.stdout:/usr/bin/ceph: stderr
2024-05-20T19:11:37.069+0000 7f602aa00700 1 -- 172.21.15.135:0/1199279999 learned_addr learned my addr 172.21.15.135:0/1199279999 (peer_addr_for_me v2:172.21.15.135:0/0)
2024-05-20T19:11:38.192 INFO:teuthology.orchestra.run.smithi135.stdout:/usr/bin/ceph: stderr
2024-05-20T19:11:37.070+0000 7f602aa00700 1 -- 172.21.15.135:0/1199279999 --> [v2:172.21.15.135:3300/0,v1:172.21.15.135:6789/0] -- mon_subscribe({config=0+,monmap=0+}) -- 0x7f602c19f600 con 0x7f602c108ea0
2024-05-20T19:11:38.192 INFO:teuthology.orchestra.run.smithi135.stdout:/usr/bin/ceph: stderr
2024-05-20T19:11:37.070+0000 7f602aa00700 1 --2- 172.21.15.135:0/1199279999 >> [v2:172.21.15.135:3300/0,v1:172.21.15.135:6789/0] conn(0x7f602c108ea0 0x7f602c19f0c0 secure :-1 s=READY pgs=23 cs=0 l=1 rev1=1 crypto rx=0x7f601c0117b0 tx=0x7f601c011b70 comp rx=0 tx=0).ready entity=mon.0 client_cookie=0 server_cookie=0 in_seq=0 out_seq=0
2024-05-20T19:11:38.192 INFO:teuthology.orchestra.run.smithi135.stdout:/usr/bin/ceph: stderr
2024-05-20T19:11:37.070+0000 7f6023400700 1 -- 172.21.15.135:0/1199279999 <== mon.0 v2:172.21.15.135:3300/0 1 ==== mon_map magic: 0 ==== 205+0+0 (secure 0 0 0) 0x7f601c003af0 con 0x7f602c108ea0
2024-05-20T19:11:38.192 INFO:teuthology.orchestra.run.smithi135.stdout:/usr/bin/ceph: stderr
2024-05-20T19:11:37.070+0000 7f6023400700 1 -- 172.21.15.135:0/1199279999 <== mon.0 v2:172.21.15.135:3300/0 2 ==== config(26 keys) ==== 1070+0+0 (secure 0 0 0) 0x7f601c020070 con 0x7f602c108ea0
2024-05-20T19:11:38.193 INFO:teuthology.orchestra.run.smithi135.stdout:/usr/bin/ceph: stderr
2024-05-20T19:11:37.070+0000 7f6031800700 1 -- 172.21.15.135:0/1199279999 --> [v2:172.21.15.135:3300/0,v1:172.21.15.135:6789/0] -- mon_subscribe({mgrmap=0+}) -- 0x7f602c19f890 con 0x7f602c108ea0
2024-05-20T19:11:38.193 INFO:teuthology.orchestra.run.smithi135.stdout:/usr/bin/ceph: stderr
2024-05-20T19:11:37.070+0000 7f6023400700 1 -- 172.21.15.135:0/1199279999 <== mon.0 v2:172.21.15.135:3300/0 3 ==== mon_map magic: 0 ==== 205+0+0 (secure 0 0 0) 0x7f601c019630 con 0x7f602c108ea0
2024-05-20T19:11:38.193 INFO:teuthology.orchestra.run.smithi135.stdout:/usr/bin/ceph: stderr
2024-05-20T19:11:37.070+0000 7f6031800700 1 -- 172.21.15.135:0/1199279999 --> [v2:172.21.15.135:3300/0,v1:172.21.15.135:6789/0] -- mon_subscribe({osdmap=0}) -- 0x7f602c1a2580 con 0x7f602c108ea0
2024-05-20T19:11:38.193 INFO:teuthology.orchestra.run.smithi135.stdout:/usr/bin/ceph: stderr
2024-05-20T19:11:37.072+0000 7f6031800700 1 -- 172.21.15.135:0/1199279999 --> [v2:172.21.15.135:3300/0,v1:172.21.15.135:6789/0] -- mon_command({"prefix": "get_command_descriptions"} v 0) -- 0x7f602c064ba0 con 0x7f602c108ea0
2024-05-20T19:11:38.193 INFO:teuthology.orchestra.run.smithi135.stdout:/usr/bin/ceph: stderr
2024-05-20T19:11:37.072+0000 7f6023400700 1 -- 172.21.15.135:0/1199279999 <== mon.0 v2:172.21.15.135:3300/0 4 ==== mgrmap(e 4) ==== 50211+0+0 (secure 0 0 0) 0x7f601c01a430 con 0x7f602c108ea0
2024-05-20T19:11:38.193 INFO:teuthology.orchestra.run.smithi135.stdout:/usr/bin/ceph: stderr
2024-05-20T19:11:37.072+0000 7f6023400700 1 --2- 172.21.15.135:0/1199279999 >> [v2:172.21.15.135:6800/2939836772,v1:172.21.15.135:6801/2939836772] conn(0x7f601003e470 0x7f6010040930 unknown :-1 s=NONE pgs=0 cs=0 l=1 rev1=0 crypto rx=0 tx=0 comp rx=0 tx=0).connect
2024-05-20T19:11:38.193 INFO:teuthology.orchestra.run.smithi135.stdout:/usr/bin/ceph: stderr
2024-05-20T19:11:37.072+0000 7f6023400700 1 -- 172.21.15.135:0/1199279999 <== mon.0 v2:172.21.15.135:3300/0 5 ==== osd_map(1..1 src has 1..1) ==== 725+0+0 (secure 0 0 0) 0x7f601c053a20 con 0x7f602c108ea0
2024-05-20T19:11:38.193 INFO:teuthology.orchestra.run.smithi135.stdout:/usr/bin/ceph: stderr
2024-05-20T19:11:37.073+0000 7f602a000700 1 --2- 172.21.15.135:0/1199279999 >> [v2:172.21.15.135:6800/2939836772,v1:172.21.15.135:6801/2939836772] conn(0x7f601003e470 0x7f6010040930 unknown :-1 s=BANNER_CONNECTING pgs=0 cs=0 l=1 rev1=0 crypto rx=0 tx=0 comp rx=0 tx=0)._handle_peer_banner_payload supported=3 required=0
2024-05-20T19:11:38.193 INFO:teuthology.orchestra.run.smithi135.stdout:/usr/bin/ceph: stderr
2024-05-20T19:11:37.073+0000 7f602a000700 1 --2- 172.21.15.135:0/1199279999 >> [v2:172.21.15.135:6800/2939836772,v1:172.21.15.135:6801/2939836772] conn(0x7f601003e470 0x7f6010040930 secure :-1 s=READY pgs=8 cs=0 l=1 rev1=1 crypto rx=0x7f6018006fd0 tx=0x7f6018006e40 comp rx=0 tx=0).ready entity=mgr.14100 client_cookie=0 server_cookie=0 in_seq=0 out_seq=0
2024-05-20T19:11:38.193 INFO:teuthology.orchestra.run.smithi135.stdout:/usr/bin/ceph: stderr
2024-05-20T19:11:37.078+0000 7f6023400700 1 -- 172.21.15.135:0/1199279999 <== mon.0 v2:172.21.15.135:3300/0 6 ==== mon_command_ack([{"prefix": "get_command_descriptions"}]=0 v0) ==== 72+0+191963 (secure 0 0 0) 0x7f601c0042a0 con 0x7f602c108ea0
2024-05-20T19:11:38.193 INFO:teuthology.orchestra.run.smithi135.stdout:/usr/bin/ceph: stderr
2024-05-20T19:11:37.366+0000 7f6031800700 1 -- 172.21.15.135:0/1199279999 --> [v2:172.21.15.135:3300/0,v1:172.21.15.135:6789/0] -- mon_command({"prefix": "mgr module enable", "module": "cephadm"} v 0) -- 0x7f602c1a2750 con 0x7f602c108ea0
2024-05-20T19:11:38.193 INFO:teuthology.orchestra.run.smithi135.stdout:/usr/bin/ceph: stderr
2024-05-20T19:11:37.420+0000 7f6023400700 1 -- 172.21.15.135:0/1199279999 <== mon.0 v2:172.21.15.135:3300/0 7 ==== mon_command_ack([{"prefix": "mgr module enable", "module": "cephadm"}]=0 v5) ==== 86+0+0 (secure 0 0 0) 0x7f602c1a2750 con 0x7f602c108ea0
2024-05-20T19:11:38.195 INFO:teuthology.orchestra.run.smithi135.stdout:/usr/bin/ceph: stderr
2024-05-20T19:11:37.423+0000 7f6023400700 1 -- 172.21.15.135:0/1199279999 <== mon.0 v2:172.21.15.135:3300/0 8 ==== mgrmap(e 5) ==== 50222+0+0 (secure 0 0 0) 0x7f601c02a060 con 0x7f602c108ea0
2024-05-20T19:11:38.195 INFO:teuthology.orchestra.run.smithi135.stdout:/usr/bin/ceph: stderr
2024-05-20T19:11:37.424+0000 7f6031800700 1 -- 172.21.15.135:0/1199279999 >> [v2:172.21.15.135:6800/2939836772,v1:172.21.15.135:6801/2939836772] conn(0x7f601003e470 msgr2=0x7f6010040930 secure :-1 s=STATE_CONNECTION_ESTABLISHED l=1).mark_down
2024-05-20T19:11:38.195 INFO:teuthology.orchestra.run.smithi135.stdout:/usr/bin/ceph: stderr
2024-05-20T19:11:37.424+0000 7f6031800700 1 --2- 172.21.15.135:0/1199279999 >> [v2:172.21.15.135:6800/2939836772,v1:172.21.15.135:6801/2939836772] conn(0x7f601003e470 0x7f6010040930 secure :-1 s=READY pgs=8 cs=0 l=1 rev1=1 crypto rx=0x7f6018006fd0 tx=0x7f6018006e40 comp rx=0 tx=0).stop
2024-05-20T19:11:38.195 INFO:teuthology.orchestra.run.smithi135.stdout:/usr/bin/ceph: stderr
2024-05-20T19:11:37.424+0000 7f6031800700 1 -- 172.21.15.135:0/1199279999 >> [v2:172.21.15.135:3300/0,v1:172.21.15.135:6789/0] conn(0x7f602c108ea0 msgr2=0x7f602c19f0c0 secure :-1 s=STATE_CONNECTION_ESTABLISHED l=1).mark_down
2024-05-20T19:11:38.195 INFO:teuthology.orchestra.run.smithi135.stdout:/usr/bin/ceph: stderr
2024-05-20T19:11:37.424+0000 7f6031800700 1 --2- 172.21.15.135:0/1199279999 >> [v2:172.21.15.135:3300/0,v1:172.21.15.135:6789/0] conn(0x7f602c108ea0 0x7f602c19f0c0 secure :-1 s=READY pgs=23 cs=0 l=1 rev1=1 crypto rx=0x7f601c0117b0 tx=0x7f601c011b70 comp rx=0 tx=0).stop
2024-05-20T19:11:38.195 INFO:teuthology.orchestra.run.smithi135.stdout:/usr/bin/ceph: stderr
2024-05-20T19:11:37.425+0000 7f6031800700 1 -- 172.21.15.135:0/1199279999 shutdown_connections
2024-05-20T19:11:38.195 INFO:teuthology.orchestra.run.smithi135.stdout:/usr/bin/ceph: stderr
2024-05-20T19:11:37.425+0000 7f6031800700 1 --2- 172.21.15.135:0/1199279999 >> [v2:172.21.15.135:6800/2939836772,v1:172.21.15.135:6801/2939836772] conn(0x7f601003e470 0x7f6010040930 unknown :-1 s=CLOSED pgs=8 cs=0 l=1 rev1=1 crypto rx=0 tx=0 comp rx=0 tx=0).stop
2024-05-20T19:11:38.195 INFO:teuthology.orchestra.run.smithi135.stdout:/usr/bin/ceph: stderr
2024-05-20T19:11:37.425+0000 7f6031800700 1 --2- 172.21.15.135:0/1199279999 >> [v2:172.21.15.135:3300/0,v1:172.21.15.135:6789/0] conn(0x7f602c108ea0 0x7f602c19f0c0 unknown :-1 s=CLOSED pgs=23 cs=0 l=1 rev1=1 crypto rx=0 tx=0 comp rx=0 tx=0).stop
2024-05-20T19:11:38.195 INFO:teuthology.orchestra.run.smithi135.stdout:/usr/bin/ceph: stderr
2024-05-20T19:11:37.425+0000 7f6031800700 1 -- 172.21.15.135:0/1199279999 >> 172.21.15.135:0/1199279999 conn(0x7f602c1044d0 msgr2=0x7f602c105020 unknown :-1 s=STATE_NONE l=0).mark_down
2024-05-20T19:11:38.195 INFO:teuthology.orchestra.run.smithi135.stdout:/usr/bin/ceph: stderr
2024-05-20T19:11:37.425+0000 7f6031800700 1 -- 172.21.15.135:0/1199279999 shutdown_connections
2024-05-20T19:11:38.196 INFO:teuthology.orchestra.run.smithi135.stdout:/usr/bin/ceph: stderr
2024-05-20T19:11:37.425+0000 7f6031800700 1 -- 172.21.15.135:0/1199279999 wait complete.
2024-05-20T19:11:38.349 INFO:journalctl@ceph.mgr.x.smithi135.stdout:May 20 19:11:38 smithi135 ceph-8d9efb76-16dc-11ef-bc9a-c7b262605968-mgr-x[31668]:
2024-05-20T19:11:38.070+0000 7f45e477e200 -1 mgr[py] Module snap_schedule has missing NOTIFY_TYPES member
2024-05-20T19:11:38.600 INFO:journalctl@ceph.mon.a.smithi135.stdout:May 20 19:11:38 smithi135 ceph-mon[31444]: from='client.? 172.21.15.135:0/1199279999' entity='client.admin' cmd='[{"prefix": "mgr module enable", "module": "cephadm"}]': finished
2024-05-20T19:11:38.600 INFO:journalctl@ceph.mon.a.smithi135.stdout:May 20 19:11:38 smithi135 ceph-mon[31444]: mgrmap e5: x(active, since 5s)
2024-05-20T19:11:38.600 INFO:journalctl@ceph.mgr.x.smithi135.stdout:May 20 19:11:38 smithi135 ceph-8d9efb76-16dc-11ef-bc9a-c7b262605968-mgr-x[31668]:
2024-05-20T19:11:38.478+0000 7f45e477e200 -1 mgr[py] Module progress has missing NOTIFY_TYPES member
2024-05-20T19:11:38.953 INFO:journalctl@ceph.mgr.x.smithi135.stdout:May 20 19:11:38 smithi135 ceph-8d9efb76-16dc-11ef-bc9a-c7b262605968-mgr-x[31668]:
2024-05-20T19:11:38.598+0000 7f45e477e200 -1 mgr[py] Module influx has missing NOTIFY_TYPES member
2024-05-20T19:11:39.703 INFO:journalctl@ceph.mon.a.smithi135.stdout:May 20 19:11:39 smithi135 ceph-mon[31444]: from='client.? 172.21.15.135:0/1381571219' entity='client.admin' cmd=[{"prefix": "mgr stat"}]: dispatch
2024-05-20T19:11:39.755 INFO:teuthology.orchestra.run.smithi135.stdout:/usr/bin/ceph: stdout {
2024-05-20T19:11:39.755 INFO:teuthology.orchestra.run.smithi135.stdout:/usr/bin/ceph: stdout "epoch": 5,
2024-05-20T19:11:39.755 INFO:teuthology.orchestra.run.smithi135.stdout:/usr/bin/ceph: stdout "available": true,
2024-05-20T19:11:39.756 INFO:teuthology.orchestra.run.smithi135.stdout:/usr/bin/ceph: stdout "active_name": "x",
2024-05-20T19:11:39.756 INFO:teuthology.orchestra.run.smithi135.stdout:/usr/bin/ceph: stdout "num_standby": 0
2024-05-20T19:11:39.756 INFO:teuthology.orchestra.run.smithi135.stdout:/usr/bin/ceph: stdout }
2024-05-20T19:11:39.756 INFO:teuthology.orchestra.run.smithi135.stdout:/usr/bin/ceph: stderr
2024-05-20T19:11:38.799+0000 7efcb3600700 1 Processor -- start
2024-05-20T19:11:39.756 INFO:teuthology.orchestra.run.smithi135.stdout:/usr/bin/ceph: stderr
2024-05-20T19:11:38.799+0000 7efcb3600700 1 -- start start
2024-05-20T19:11:39.756 INFO:teuthology.orchestra.run.smithi135.stdout:/usr/bin/ceph: stderr
2024-05-20T19:11:38.800+0000 7efcb3600700 1 --2- >> [v2:172.21.15.135:3300/0,v1:172.21.15.135:6789/0] conn(0x7efcac108ea0 0x7efcac1092c0 unknown :-1 s=NONE pgs=0 cs=0 l=0 rev1=0 crypto rx=0 tx=0 comp rx=0 tx=0).connect
2024-05-20T19:11:39.756 INFO:teuthology.orchestra.run.smithi135.stdout:/usr/bin/ceph: stderr
2024-05-20T19:11:38.800+0000 7efcb3600700 1 -- --> [v2:172.21.15.135:3300/0,v1:172.21.15.135:6789/0] -- mon_getmap magic: 0 -- 0x7efcac109800 con 0x7efcac108ea0
2024-05-20T19:11:39.756 INFO:teuthology.orchestra.run.smithi135.stdout:/usr/bin/ceph: stderr
2024-05-20T19:11:38.800+0000 7efcb0c00700 1 --2- >> [v2:172.21.15.135:3300/0,v1:172.21.15.135:6789/0] conn(0x7efcac108ea0 0x7efcac1092c0 unknown :-1 s=BANNER_CONNECTING pgs=0 cs=0 l=0 rev1=0 crypto rx=0 tx=0 comp rx=0 tx=0)._handle_peer_banner_payload supported=3 required=0
2024-05-20T19:11:39.756 INFO:teuthology.orchestra.run.smithi135.stdout:/usr/bin/ceph: stderr
2024-05-20T19:11:38.800+0000 7efcb0c00700 1 --2- >> [v2:172.21.15.135:3300/0,v1:172.21.15.135:6789/0] conn(0x7efcac108ea0 0x7efcac1092c0 unknown :-1 s=HELLO_CONNECTING pgs=0 cs=0 l=0 rev1=1 crypto rx=0 tx=0 comp rx=0 tx=0).handle_hello peer v2:172.21.15.135:3300/0 says I am v2:172.21.15.135:60264/0 (socket says 172.21.15.135:60264)
2024-05-20T19:11:39.756 INFO:teuthology.orchestra.run.smithi135.stdout:/usr/bin/ceph: stderr
2024-05-20T19:11:38.800+0000 7efcb0c00700 1 -- 172.21.15.135:0/1997725573 learned_addr learned my addr 172.21.15.135:0/1997725573 (peer_addr_for_me v2:172.21.15.135:0/0)
