2024-05-20T19:29:50.005 INFO:teuthology.orchestra.run.smithi016.stdout:/usr/bin/ceph: stderr
2024-05-20T19:29:48.416+0000 7f3d95400700 1 -- 172.21.15.16:0/2295882713 <== mon.0 v2:172.21.15.16:3300/0 2 ==== config(26 keys) ==== 1101+0+0 (secure 0 0 0) 0x7f3d88004300 con 0x7f3d98108ea0
2024-05-20T19:29:50.006 INFO:teuthology.orchestra.run.smithi016.stdout:/usr/bin/ceph: stderr
2024-05-20T19:29:48.416+0000 7f3d95400700 1 -- 172.21.15.16:0/2295882713 <== mon.0 v2:172.21.15.16:3300/0 3 ==== mon_map magic: 0 ==== 205+0+0 (secure 0 0 0) 0x7f3d88011a20 con 0x7f3d98108ea0
2024-05-20T19:29:50.006 INFO:teuthology.orchestra.run.smithi016.stdout:/usr/bin/ceph: stderr
2024-05-20T19:29:48.417+0000 7f3d9ca00700 1 -- 172.21.15.16:0/2295882713 >> [v2:172.21.15.16:3300/0,v1:172.21.15.16:6789/0] conn(0x7f3d98108ea0 msgr2=0x7f3d981092c0 secure :-1 s=STATE_CONNECTION_ESTABLISHED l=1).mark_down
2024-05-20T19:29:50.006 INFO:teuthology.orchestra.run.smithi016.stdout:/usr/bin/ceph: stderr
2024-05-20T19:29:48.417+0000 7f3d9ca00700 1 --2- 172.21.15.16:0/2295882713 >> [v2:172.21.15.16:3300/0,v1:172.21.15.16:6789/0] conn(0x7f3d98108ea0 0x7f3d981092c0 secure :-1 s=READY pgs=55 cs=0 l=1 rev1=1 crypto rx=0x7f3d880098a0 tx=0x7f3d88009bb0 comp rx=0 tx=0).stop
2024-05-20T19:29:50.006 INFO:teuthology.orchestra.run.smithi016.stdout:/usr/bin/ceph: stderr
2024-05-20T19:29:48.417+0000 7f3d9ca00700 1 -- 172.21.15.16:0/2295882713 shutdown_connections
2024-05-20T19:29:50.008 INFO:teuthology.orchestra.run.smithi016.stdout:/usr/bin/ceph: stderr
2024-05-20T19:29:48.417+0000 7f3d9ca00700 1 --2- 172.21.15.16:0/2295882713 >> [v2:172.21.15.16:3300/0,v1:172.21.15.16:6789/0] conn(0x7f3d98108ea0 0x7f3d981092c0 unknown :-1 s=CLOSED pgs=55 cs=0 l=1 rev1=1 crypto rx=0 tx=0 comp rx=0 tx=0).stop
2024-05-20T19:29:50.008 INFO:teuthology.orchestra.run.smithi016.stdout:/usr/bin/ceph: stderr
2024-05-20T19:29:48.417+0000 7f3d9ca00700 1 -- 172.21.15.16:0/2295882713 >> 172.21.15.16:0/2295882713 conn(0x7f3d981044c0 msgr2=0x7f3d981068e0 unknown :-1 s=STATE_NONE l=0).mark_down
2024-05-20T19:29:50.008 INFO:teuthology.orchestra.run.smithi016.stdout:/usr/bin/ceph: stderr
2024-05-20T19:29:48.417+0000 7f3d9ca00700 1 -- 172.21.15.16:0/2295882713 shutdown_connections
2024-05-20T19:29:50.008 INFO:teuthology.orchestra.run.smithi016.stdout:/usr/bin/ceph: stderr
2024-05-20T19:29:48.417+0000 7f3d9ca00700 1 -- 172.21.15.16:0/2295882713 wait complete.
2024-05-20T19:29:50.008 INFO:teuthology.orchestra.run.smithi016.stdout:/usr/bin/ceph: stderr
2024-05-20T19:29:48.418+0000 7f3d9ca00700 1 Processor -- start
2024-05-20T19:29:50.008 INFO:teuthology.orchestra.run.smithi016.stdout:/usr/bin/ceph: stderr
2024-05-20T19:29:48.419+0000 7f3d9ca00700 1 -- start start
2024-05-20T19:29:50.009 INFO:teuthology.orchestra.run.smithi016.stdout:/usr/bin/ceph: stderr
2024-05-20T19:29:48.419+0000 7f3d9ca00700 1 --2- >> [v2:172.21.15.16:3300/0,v1:172.21.15.16:6789/0] conn(0x7f3d98108ea0 0x7f3d9819cd10 unknown :-1 s=NONE pgs=0 cs=0 l=1 rev1=0 crypto rx=0 tx=0 comp rx=0 tx=0).connect
2024-05-20T19:29:50.009 INFO:teuthology.orchestra.run.smithi016.stdout:/usr/bin/ceph: stderr
2024-05-20T19:29:48.419+0000 7f3d9ca00700 1 -- --> [v2:172.21.15.16:3300/0,v1:172.21.15.16:6789/0] -- mon_getmap magic: 0 -- 0x7f3d9810d3a0 con 0x7f3d98108ea0
2024-05-20T19:29:50.009 INFO:teuthology.orchestra.run.smithi016.stdout:/usr/bin/ceph: stderr
2024-05-20T19:29:48.419+0000 7f3d96800700 1 --2- >> [v2:172.21.15.16:3300/0,v1:172.21.15.16:6789/0] conn(0x7f3d98108ea0 0x7f3d9819cd10 unknown :-1 s=BANNER_CONNECTING pgs=0 cs=0 l=1 rev1=0 crypto rx=0 tx=0 comp rx=0 tx=0)._handle_peer_banner_payload supported=3 required=0
2024-05-20T19:29:50.009 INFO:teuthology.orchestra.run.smithi016.stdout:/usr/bin/ceph: stderr
2024-05-20T19:29:48.419+0000 7f3d96800700 1 --2- >> [v2:172.21.15.16:3300/0,v1:172.21.15.16:6789/0] conn(0x7f3d98108ea0 0x7f3d9819cd10 unknown :-1 s=HELLO_CONNECTING pgs=0 cs=0 l=1 rev1=1 crypto rx=0 tx=0 comp rx=0 tx=0).handle_hello peer v2:172.21.15.16:3300/0 says I am v2:172.21.15.16:38218/0 (socket says 172.21.15.16:38218)
2024-05-20T19:29:50.009 INFO:teuthology.orchestra.run.smithi016.stdout:/usr/bin/ceph: stderr
2024-05-20T19:29:48.419+0000 7f3d96800700 1 -- 172.21.15.16:0/3317304036 learned_addr learned my addr 172.21.15.16:0/3317304036 (peer_addr_for_me v2:172.21.15.16:0/0)
2024-05-20T19:29:50.009 INFO:teuthology.orchestra.run.smithi016.stdout:/usr/bin/ceph: stderr
2024-05-20T19:29:48.420+0000 7f3d96800700 1 -- 172.21.15.16:0/3317304036 --> [v2:172.21.15.16:3300/0,v1:172.21.15.16:6789/0] -- mon_subscribe({config=0+,monmap=0+}) -- 0x7f3d9819d250 con 0x7f3d98108ea0
2024-05-20T19:29:50.009 INFO:teuthology.orchestra.run.smithi016.stdout:/usr/bin/ceph: stderr
2024-05-20T19:29:48.420+0000 7f3d96800700 1 --2- 172.21.15.16:0/3317304036 >> [v2:172.21.15.16:3300/0,v1:172.21.15.16:6789/0] conn(0x7f3d98108ea0 0x7f3d9819cd10 secure :-1 s=READY pgs=56 cs=0 l=1 rev1=1 crypto rx=0x7f3d88004660 tx=0x7f3d88011aa0 comp rx=0 tx=0).ready entity=mon.0 client_cookie=0 server_cookie=0 in_seq=0 out_seq=0
2024-05-20T19:29:50.009 INFO:teuthology.orchestra.run.smithi016.stdout:/usr/bin/ceph: stderr
2024-05-20T19:29:48.420+0000 7f3d8f400700 1 -- 172.21.15.16:0/3317304036 <== mon.0 v2:172.21.15.16:3300/0 1 ==== mon_map magic: 0 ==== 205+0+0 (secure 0 0 0) 0x7f3d88003aa0 con 0x7f3d98108ea0
2024-05-20T19:29:50.009 INFO:teuthology.orchestra.run.smithi016.stdout:/usr/bin/ceph: stderr
2024-05-20T19:29:48.420+0000 7f3d8f400700 1 -- 172.21.15.16:0/3317304036 <== mon.0 v2:172.21.15.16:3300/0 2 ==== config(26 keys) ==== 1101+0+0 (secure 0 0 0) 0x7f3d8801b8f0 con 0x7f3d98108ea0
2024-05-20T19:29:50.009 INFO:teuthology.orchestra.run.smithi016.stdout:/usr/bin/ceph: stderr
2024-05-20T19:29:48.420+0000 7f3d8f400700 1 -- 172.21.15.16:0/3317304036 <== mon.0 v2:172.21.15.16:3300/0 3 ==== mon_map magic: 0 ==== 205+0+0 (secure 0 0 0) 0x7f3d88023900 con 0x7f3d98108ea0
2024-05-20T19:29:50.009 INFO:teuthology.orchestra.run.smithi016.stdout:/usr/bin/ceph: stderr
2024-05-20T19:29:48.420+0000 7f3d9ca00700 1 -- 172.21.15.16:0/3317304036 --> [v2:172.21.15.16:3300/0,v1:172.21.15.16:6789/0] -- mon_subscribe({mgrmap=0+}) -- 0x7f3d9819d4e0 con 0x7f3d98108ea0
2024-05-20T19:29:50.009 INFO:teuthology.orchestra.run.smithi016.stdout:/usr/bin/ceph: stderr
2024-05-20T19:29:48.420+0000 7f3d9ca00700 1 -- 172.21.15.16:0/3317304036 --> [v2:172.21.15.16:3300/0,v1:172.21.15.16:6789/0] -- mon_subscribe({osdmap=0}) -- 0x7f3d981a01c0 con 0x7f3d98108ea0
2024-05-20T19:29:50.009 INFO:teuthology.orchestra.run.smithi016.stdout:/usr/bin/ceph: stderr
2024-05-20T19:29:48.422+0000 7f3d8f400700 1 -- 172.21.15.16:0/3317304036 <== mon.0 v2:172.21.15.16:3300/0 4 ==== mgrmap(e 8) ==== 50222+0+0 (secure 0 0 0) 0x7f3d88023b70 con 0x7f3d98108ea0
2024-05-20T19:29:50.011 INFO:teuthology.orchestra.run.smithi016.stdout:/usr/bin/ceph: stderr
2024-05-20T19:29:48.422+0000 7f3d9ca00700 1 -- 172.21.15.16:0/3317304036 --> [v2:172.21.15.16:3300/0,v1:172.21.15.16:6789/0] -- mon_command({"prefix": "get_command_descriptions"} v 0) -- 0x7f3d9810d520 con 0x7f3d98108ea0
2024-05-20T19:29:50.011 INFO:teuthology.orchestra.run.smithi016.stdout:/usr/bin/ceph: stderr
2024-05-20T19:29:48.422+0000 7f3d8f400700 1 --2- 172.21.15.16:0/3317304036 >> [v2:172.21.15.16:6800/3489104006,v1:172.21.15.16:6801/3489104006] conn(0x7f3d7c03e4c0 0x7f3d7c040980 unknown :-1 s=NONE pgs=0 cs=0 l=1 rev1=0 crypto rx=0 tx=0 comp rx=0 tx=0).connect
2024-05-20T19:29:50.011 INFO:teuthology.orchestra.run.smithi016.stdout:/usr/bin/ceph: stderr
2024-05-20T19:29:48.422+0000 7f3d8f400700 1 -- 172.21.15.16:0/3317304036 <== mon.0 v2:172.21.15.16:3300/0 5 ==== osd_map(2..2 src has 1..2) ==== 940+0+0 (secure 0 0 0) 0x7f3d88053dd0 con 0x7f3d98108ea0
2024-05-20T19:29:50.011 INFO:teuthology.orchestra.run.smithi016.stdout:/usr/bin/ceph: stderr
2024-05-20T19:29:48.423+0000 7f3d95e00700 1 --2- 172.21.15.16:0/3317304036 >> [v2:172.21.15.16:6800/3489104006,v1:172.21.15.16:6801/3489104006] conn(0x7f3d7c03e4c0 0x7f3d7c040980 unknown :-1 s=BANNER_CONNECTING pgs=0 cs=0 l=1 rev1=0 crypto rx=0 tx=0 comp rx=0 tx=0)._handle_peer_banner_payload supported=3 required=0
2024-05-20T19:29:50.011 INFO:teuthology.orchestra.run.smithi016.stdout:/usr/bin/ceph: stderr
2024-05-20T19:29:48.423+0000 7f3d95e00700 1 --2- 172.21.15.16:0/3317304036 >> [v2:172.21.15.16:6800/3489104006,v1:172.21.15.16:6801/3489104006] conn(0x7f3d7c03e4c0 0x7f3d7c040980 secure :-1 s=READY pgs=16 cs=0 l=1 rev1=1 crypto rx=0x7f3d84006fd0 tx=0x7f3d84006e40 comp rx=0 tx=0).ready entity=mgr.14120 client_cookie=0 server_cookie=0 in_seq=0 out_seq=0
2024-05-20T19:29:50.011 INFO:teuthology.orchestra.run.smithi016.stdout:/usr/bin/ceph: stderr
2024-05-20T19:29:48.432+0000 7f3d8f400700 1 -- 172.21.15.16:0/3317304036 <== mon.0 v2:172.21.15.16:3300/0 6 ==== mon_command_ack([{"prefix": "get_command_descriptions"}]=0 v0) ==== 72+0+191963 (secure 0 0 0) 0x7f3d8801f030 con 0x7f3d98108ea0
2024-05-20T19:29:50.011 INFO:teuthology.orchestra.run.smithi016.stdout:/usr/bin/ceph: stderr
2024-05-20T19:29:48.735+0000 7f3d9ca00700 1 -- 172.21.15.16:0/3317304036 --> [v2:172.21.15.16:3300/0,v1:172.21.15.16:6789/0] -- mon_command({"prefix": "mgr module enable", "module": "dashboard"} v 0) -- 0x7f3d981a06f0 con 0x7f3d98108ea0
2024-05-20T19:29:50.012 INFO:teuthology.orchestra.run.smithi016.stdout:/usr/bin/ceph: stderr
2024-05-20T19:29:49.155+0000 7f3d8f400700 1 -- 172.21.15.16:0/3317304036 <== mon.0 v2:172.21.15.16:3300/0 7 ==== mon_command_ack([{"prefix": "mgr module enable", "module": "dashboard"}]=0 v9) ==== 88+0+0 (secure 0 0 0) 0x7f3d88055070 con 0x7f3d98108ea0
2024-05-20T19:29:50.012 INFO:teuthology.orchestra.run.smithi016.stdout:/usr/bin/ceph: stderr
2024-05-20T19:29:49.158+0000 7f3d8f400700 1 -- 172.21.15.16:0/3317304036 <== mon.0 v2:172.21.15.16:3300/0 8 ==== mgrmap(e 9) ==== 50235+0+0 (secure 0 0 0) 0x7f3d8801acb0 con 0x7f3d98108ea0
2024-05-20T19:29:50.012 INFO:teuthology.orchestra.run.smithi016.stdout:/usr/bin/ceph: stderr
2024-05-20T19:29:49.161+0000 7f3d9ca00700 1 -- 172.21.15.16:0/3317304036 >> [v2:172.21.15.16:6800/3489104006,v1:172.21.15.16:6801/3489104006] conn(0x7f3d7c03e4c0 msgr2=0x7f3d7c040980 secure :-1 s=STATE_CONNECTION_ESTABLISHED l=1).mark_down
2024-05-20T19:29:50.012 INFO:teuthology.orchestra.run.smithi016.stdout:/usr/bin/ceph: stderr
2024-05-20T19:29:49.161+0000 7f3d9ca00700 1 --2- 172.21.15.16:0/3317304036 >> [v2:172.21.15.16:6800/3489104006,v1:172.21.15.16:6801/3489104006] conn(0x7f3d7c03e4c0 0x7f3d7c040980 secure :-1 s=READY pgs=16 cs=0 l=1 rev1=1 crypto rx=0x7f3d84006fd0 tx=0x7f3d84006e40 comp rx=0 tx=0).stop
2024-05-20T19:29:50.012 INFO:teuthology.orchestra.run.smithi016.stdout:/usr/bin/ceph: stderr
2024-05-20T19:29:49.161+0000 7f3d9ca00700 1 -- 172.21.15.16:0/3317304036 >> [v2:172.21.15.16:3300/0,v1:172.21.15.16:6789/0] conn(0x7f3d98108ea0 msgr2=0x7f3d9819cd10 secure :-1 s=STATE_CONNECTION_ESTABLISHED l=1).mark_down
2024-05-20T19:29:50.012 INFO:teuthology.orchestra.run.smithi016.stdout:/usr/bin/ceph: stderr
2024-05-20T19:29:49.161+0000 7f3d9ca00700 1 --2- 172.21.15.16:0/3317304036 >> [v2:172.21.15.16:3300/0,v1:172.21.15.16:6789/0] conn(0x7f3d98108ea0 0x7f3d9819cd10 secure :-1 s=READY pgs=56 cs=0 l=1 rev1=1 crypto rx=0x7f3d88004660 tx=0x7f3d88011aa0 comp rx=0 tx=0).stop
2024-05-20T19:29:50.012 INFO:teuthology.orchestra.run.smithi016.stdout:/usr/bin/ceph: stderr
2024-05-20T19:29:49.162+0000 7f3d9ca00700 1 -- 172.21.15.16:0/3317304036 shutdown_connections
2024-05-20T19:29:50.012 INFO:teuthology.orchestra.run.smithi016.stdout:/usr/bin/ceph: stderr
2024-05-20T19:29:49.162+0000 7f3d9ca00700 1 --2- 172.21.15.16:0/3317304036 >> [v2:172.21.15.16:6800/3489104006,v1:172.21.15.16:6801/3489104006] conn(0x7f3d7c03e4c0 0x7f3d7c040980 unknown :-1 s=CLOSED pgs=16 cs=0 l=1 rev1=1 crypto rx=0 tx=0 comp rx=0 tx=0).stop
2024-05-20T19:29:50.012 INFO:teuthology.orchestra.run.smithi016.stdout:/usr/bin/ceph: stderr
2024-05-20T19:29:49.162+0000 7f3d9ca00700 1 --2- 172.21.15.16:0/3317304036 >> [v2:172.21.15.16:3300/0,v1:172.21.15.16:6789/0] conn(0x7f3d98108ea0 0x7f3d9819cd10 unknown :-1 s=CLOSED pgs=56 cs=0 l=1 rev1=1 crypto rx=0 tx=0 comp rx=0 tx=0).stop
2024-05-20T19:29:50.012 INFO:teuthology.orchestra.run.smithi016.stdout:/usr/bin/ceph: stderr
2024-05-20T19:29:49.162+0000 7f3d9ca00700 1 -- 172.21.15.16:0/3317304036 >> 172.21.15.16:0/3317304036 conn(0x7f3d981044c0 msgr2=0x7f3d98104fb0 unknown :-1 s=STATE_NONE l=0).mark_down
2024-05-20T19:29:50.012 INFO:teuthology.orchestra.run.smithi016.stdout:/usr/bin/ceph: stderr
2024-05-20T19:29:49.162+0000 7f3d9ca00700 1 -- 172.21.15.16:0/3317304036 shutdown_connections
2024-05-20T19:29:50.012 INFO:teuthology.orchestra.run.smithi016.stdout:/usr/bin/ceph: stderr
2024-05-20T19:29:49.162+0000 7f3d9ca00700 1 -- 172.21.15.16:0/3317304036 wait complete.
2024-05-20T19:29:50.385 INFO:journalctl@ceph.mon.a.smithi016.stdout:May 20 19:29:50 smithi016 ceph-mon[31497]: from='client.? 172.21.15.16:0/3317304036' entity='client.admin' cmd='[{"prefix": "mgr module enable", "module": "dashboard"}]': finished
2024-05-20T19:29:50.385 INFO:journalctl@ceph.mon.a.smithi016.stdout:May 20 19:29:50 smithi016 ceph-mon[31497]: mgrmap e9: x(active, since 26s)
2024-05-20T19:29:50.385 INFO:journalctl@ceph.mgr.x.smithi016.stdout:May 20 19:29:50 smithi016 ceph-036aacd6-16df-11ef-bc9a-c7b262605968-mgr-x[31738]:
2024-05-20T19:29:50.267+0000 7f73c5d85200 -1 mgr[py] Module progress has missing NOTIFY_TYPES member
2024-05-20T19:29:50.637 INFO:journalctl@ceph.mgr.x.smithi016.stdout:May 20 19:29:50 smithi016 ceph-036aacd6-16df-11ef-bc9a-c7b262605968-mgr-x[31738]:
2024-05-20T19:29:50.383+0000 7f73c5d85200 -1 mgr[py] Module influx has missing NOTIFY_TYPES member
2024-05-20T19:29:51.817 INFO:journalctl@ceph.mon.a.smithi016.stdout:May 20 19:29:51 smithi016 ceph-mon[31497]: from='client.? 172.21.15.16:0/3850638940' entity='client.admin' cmd=[{"prefix": "mgr stat"}]: dispatch
2024-05-20T19:29:52.106 INFO:journalctl@ceph.mgr.x.smithi016.stdout:May 20 19:29:52 smithi016 ceph-036aacd6-16df-11ef-bc9a-c7b262605968-mgr-x[31738]:
2024-05-20T19:29:52.000+0000 7f73c5d85200 -1 mgr[py] Module telegraf has missing NOTIFY_TYPES member
2024-05-20T19:29:52.147 INFO:teuthology.orchestra.run.smithi016.stdout:/usr/bin/ceph: stdout {
2024-05-20T19:29:52.147 INFO:teuthology.orchestra.run.smithi016.stdout:/usr/bin/ceph: stdout "epoch": 9,
2024-05-20T19:29:52.147 INFO:teuthology.orchestra.run.smithi016.stdout:/usr/bin/ceph: stdout "available": true,
2024-05-20T19:29:52.147 INFO:teuthology.orchestra.run.smithi016.stdout:/usr/bin/ceph: stdout "active_name": "x",
2024-05-20T19:29:52.147 INFO:teuthology.orchestra.run.smithi016.stdout:/usr/bin/ceph: stdout "num_standby": 0
2024-05-20T19:29:52.147 INFO:teuthology.orchestra.run.smithi016.stdout:/usr/bin/ceph: stdout }
2024-05-20T19:29:52.147 INFO:teuthology.orchestra.run.smithi016.stdout:/usr/bin/ceph: stderr
2024-05-20T19:29:51.168+0000 7f1c29c00700 1 Processor -- start
2024-05-20T19:29:52.147 INFO:teuthology.orchestra.run.smithi016.stdout:/usr/bin/ceph: stderr
2024-05-20T19:29:51.168+0000 7f1c29c00700 1 -- start start
2024-05-20T19:29:52.147 INFO:teuthology.orchestra.run.smithi016.stdout:/usr/bin/ceph: stderr
2024-05-20T19:29:51.168+0000 7f1c29c00700 1 --2- >> [v2:172.21.15.16:3300/0,v1:172.21.15.16:6789/0] conn(0x7f1c2407ed40 0x7f1c2407d2b0 unknown :-1 s=NONE pgs=0 cs=0 l=0 rev1=0 crypto rx=0 tx=0 comp rx=0 tx=0).connect
2024-05-20T19:29:52.148 INFO:teuthology.orchestra.run.smithi016.stdout:/usr/bin/ceph: stderr
2024-05-20T19:29:51.169+0000 7f1c29c00700 1 -- --> [v2:172.21.15.16:3300/0,v1:172.21.15.16:6789/0] -- mon_getmap magic: 0 -- 0x7f1c2407d7f0 con 0x7f1c2407ed40
2024-05-20T19:29:52.148 INFO:teuthology.orchestra.run.smithi016.stdout:/usr/bin/ceph: stderr
2024-05-20T19:29:51.169+0000 7f1c23e00700 1 --2- >> [v2:172.21.15.16:3300/0,v1:172.21.15.16:6789/0] conn(0x7f1c2407ed40 0x7f1c2407d2b0 unknown :-1 s=BANNER_CONNECTING pgs=0 cs=0 l=0 rev1=0 crypto rx=0 tx=0 comp rx=0 tx=0)._handle_peer_banner_payload supported=3 required=0
2024-05-20T19:29:52.148 INFO:teuthology.orchestra.run.smithi016.stdout:/usr/bin/ceph: stderr
2024-05-20T19:29:51.169+0000 7f1c23e00700 1 --2- >> [v2:172.21.15.16:3300/0,v1:172.21.15.16:6789/0] conn(0x7f1c2407ed40 0x7f1c2407d2b0 unknown :-1 s=HELLO_CONNECTING pgs=0 cs=0 l=0 rev1=1 crypto rx=0 tx=0 comp rx=0 tx=0).handle_hello peer v2:172.21.15.16:3300/0 says I am v2:172.21.15.16:38262/0 (socket says 172.21.15.16:38262)
2024-05-20T19:29:52.148 INFO:teuthology.orchestra.run.smithi016.stdout:/usr/bin/ceph: stderr
2024-05-20T19:29:51.169+0000 7f1c23e00700 1 -- 172.21.15.16:0/83543569 learned_addr learned my addr 172.21.15.16:0/83543569 (peer_addr_for_me v2:172.21.15.16:0/0)
2024-05-20T19:29:52.148 INFO:teuthology.orchestra.run.smithi016.stdout:/usr/bin/ceph: stderr
2024-05-20T19:29:51.169+0000 7f1c23e00700 1 -- 172.21.15.16:0/83543569 --> [v2:172.21.15.16:3300/0,v1:172.21.15.16:6789/0] -- mon_subscribe({config=0+,monmap=0+}) -- 0x7f1c2407d970 con 0x7f1c2407ed40
2024-05-20T19:29:52.148 INFO:teuthology.orchestra.run.smithi016.stdout:/usr/bin/ceph: stderr
2024-05-20T19:29:51.170+0000 7f1c23e00700 1 --2- 172.21.15.16:0/83543569 >> [v2:172.21.15.16:3300/0,v1:172.21.15.16:6789/0] conn(0x7f1c2407ed40 0x7f1c2407d2b0 secure :-1 s=READY pgs=59 cs=0 l=1 rev1=1 crypto rx=0x7f1c140098a0 tx=0x7f1c14009bb0 comp rx=0 tx=0).ready entity=mon.0 client_cookie=472ba05a65abf943 server_cookie=0 in_seq=0 out_seq=0
2024-05-20T19:29:52.148 INFO:teuthology.orchestra.run.smithi016.stdout:/usr/bin/ceph: stderr
2024-05-20T19:29:51.170+0000 7f1c22a00700 1 -- 172.21.15.16:0/83543569 <== mon.0 v2:172.21.15.16:3300/0 1 ==== mon_map magic: 0 ==== 205+0+0 (secure 0 0 0) 0x7f1c14004160 con 0x7f1c2407ed40
2024-05-20T19:29:52.148 INFO:teuthology.orchestra.run.smithi016.stdout:/usr/bin/ceph: stderr
2024-05-20T19:29:51.170+0000 7f1c22a00700 1 -- 172.21.15.16:0/83543569 <== mon.0 v2:172.21.15.16:3300/0 2 ==== config(26 keys) ==== 1101+0+0 (secure 0 0 0) 0x7f1c14004300 con 0x7f1c2407ed40
2024-05-20T19:29:52.148 INFO:teuthology.orchestra.run.smithi016.stdout:/usr/bin/ceph: stderr
2024-05-20T19:29:51.170+0000 7f1c22a00700 1 -- 172.21.15.16:0/83543569 <== mon.0 v2:172.21.15.16:3300/0 3 ==== mon_map magic: 0 ==== 205+0+0 (secure 0 0 0) 0x7f1c14011a20 con 0x7f1c2407ed40
2024-05-20T19:29:52.148 INFO:teuthology.orchestra.run.smithi016.stdout:/usr/bin/ceph: stderr
2024-05-20T19:29:51.171+0000 7f1c29c00700 1 -- 172.21.15.16:0/83543569 >> [v2:172.21.15.16:3300/0,v1:172.21.15.16:6789/0] conn(0x7f1c2407ed40 msgr2=0x7f1c2407d2b0 secure :-1 s=STATE_CONNECTION_ESTABLISHED l=1).mark_down
2024-05-20T19:29:52.148 INFO:teuthology.orchestra.run.smithi016.stdout:/usr/bin/ceph: stderr
2024-05-20T19:29:51.171+0000 7f1c29c00700 1 --2- 172.21.15.16:0/83543569 >> [v2:172.21.15.16:3300/0,v1:172.21.15.16:6789/0] conn(0x7f1c2407ed40 0x7f1c2407d2b0 secure :-1 s=READY pgs=59 cs=0 l=1 rev1=1 crypto rx=0x7f1c140098a0 tx=0x7f1c14009bb0 comp rx=0 tx=0).stop
2024-05-20T19:29:52.148 INFO:teuthology.orchestra.run.smithi016.stdout:/usr/bin/ceph: stderr
2024-05-20T19:29:51.171+0000 7f1c29c00700 1 -- 172.21.15.16:0/83543569 shutdown_connections
2024-05-20T19:29:52.148 INFO:teuthology.orchestra.run.smithi016.stdout:/usr/bin/ceph: stderr
2024-05-20T19:29:51.171+0000 7f1c29c00700 1 --2- 172.21.15.16:0/83543569 >> [v2:172.21.15.16:3300/0,v1:172.21.15.16:6789/0] conn(0x7f1c2407ed40 0x7f1c2407d2b0 unknown :-1 s=CLOSED pgs=59 cs=0 l=1 rev1=1 crypto rx=0 tx=0 comp rx=0 tx=0).stop
2024-05-20T19:29:52.149 INFO:teuthology.orchestra.run.smithi016.stdout:/usr/bin/ceph: stderr
2024-05-20T19:29:51.171+0000 7f1c29c00700 1 -- 172.21.15.16:0/83543569 >> 172.21.15.16:0/83543569 conn(0x7f1c24104460 msgr2=0x7f1c241068c0 unknown :-1 s=STATE_NONE l=0).mark_down
2024-05-20T19:29:52.149 INFO:teuthology.orchestra.run.smithi016.stdout:/usr/bin/ceph: stderr
2024-05-20T19:29:51.171+0000 7f1c29c00700 1 -- 172.21.15.16:0/83543569 shutdown_connections
2024-05-20T19:29:52.149 INFO:teuthology.orchestra.run.smithi016.stdout:/usr/bin/ceph: stderr
2024-05-20T19:29:51.171+0000 7f1c29c00700 1 -- 172.21.15.16:0/83543569 wait complete.
2024-05-20T19:29:52.149 INFO:teuthology.orchestra.run.smithi016.stdout:/usr/bin/ceph: stderr
2024-05-20T19:29:51.172+0000 7f1c29c00700 1 Processor -- start
2024-05-20T19:29:52.149 INFO:teuthology.orchestra.run.smithi016.stdout:/usr/bin/ceph: stderr
2024-05-20T19:29:51.172+0000 7f1c29c00700 1 -- start start
2024-05-20T19:29:52.149 INFO:teuthology.orchestra.run.smithi016.stdout:/usr/bin/ceph: stderr
2024-05-20T19:29:51.173+0000 7f1c29c00700 1 --2- >> [v2:172.21.15.16:3300/0,v1:172.21.15.16:6789/0] conn(0x7f1c2407ed40 0x7f1c2419ef30 unknown :-1 s=NONE pgs=0 cs=0 l=1 rev1=0 crypto rx=0 tx=0 comp rx=0 tx=0).connect
2024-05-20T19:29:52.149 INFO:teuthology.orchestra.run.smithi016.stdout:/usr/bin/ceph: stderr
2024-05-20T19:29:51.173+0000 7f1c29c00700 1 -- --> [v2:172.21.15.16:3300/0,v1:172.21.15.16:6789/0] -- mon_getmap magic: 0 -- 0x7f1c2410f310 con 0x7f1c2407ed40
2024-05-20T19:29:52.149 INFO:teuthology.orchestra.run.smithi016.stdout:/usr/bin/ceph: stderr
2024-05-20T19:29:51.173+0000 7f1c23e00700 1 --2- >> [v2:172.21.15.16:3300/0,v1:172.21.15.16:6789/0] conn(0x7f1c2407ed40 0x7f1c2419ef30 unknown :-1 s=BANNER_CONNECTING pgs=0 cs=0 l=1 rev1=0 crypto rx=0 tx=0 comp rx=0 tx=0)._handle_peer_banner_payload supported=3 required=0
2024-05-20T19:29:52.149 INFO:teuthology.orchestra.run.smithi016.stdout:/usr/bin/ceph: stderr
2024-05-20T19:29:51.173+0000 7f1c23e00700 1 --2- >> [v2:172.21.15.16:3300/0,v1:172.21.15.16:6789/0] conn(0x7f1c2407ed40 0x7f1c2419ef30 unknown :-1 s=HELLO_CONNECTING pgs=0 cs=0 l=1 rev1=1 crypto rx=0 tx=0 comp rx=0 tx=0).handle_hello peer v2:172.21.15.16:3300/0 says I am v2:172.21.15.16:38264/0 (socket says 172.21.15.16:38264)
2024-05-20T19:29:52.149 INFO:teuthology.orchestra.run.smithi016.stdout:/usr/bin/ceph: stderr
2024-05-20T19:29:51.173+0000 7f1c23e00700 1 -- 172.21.15.16:0/3850638940 learned_addr learned my addr 172.21.15.16:0/3850638940 (peer_addr_for_me v2:172.21.15.16:0/0)
2024-05-20T19:29:52.149 INFO:teuthology.orchestra.run.smithi016.stdout:/usr/bin/ceph: stderr
2024-05-20T19:29:51.173+0000 7f1c23e00700 1 -- 172.21.15.16:0/3850638940 --> [v2:172.21.15.16:3300/0,v1:172.21.15.16:6789/0] -- mon_subscribe({config=0+,monmap=0+}) -- 0x7f1c2419f470 con 0x7f1c2407ed40
2024-05-20T19:29:52.149 INFO:teuthology.orchestra.run.smithi016.stdout:/usr/bin/ceph: stderr
2024-05-20T19:29:51.174+0000 7f1c23e00700 1 --2- 172.21.15.16:0/3850638940 >> [v2:172.21.15.16:3300/0,v1:172.21.15.16:6789/0] conn(0x7f1c2407ed40 0x7f1c2419ef30 secure :-1 s=READY pgs=60 cs=0 l=1 rev1=1 crypto rx=0x7f1c14004660 tx=0x7f1c14011aa0 comp rx=0 tx=0).ready entity=mon.0 client_cookie=0 server_cookie=0 in_seq=0 out_seq=0
2024-05-20T19:29:52.150 INFO:teuthology.orchestra.run.smithi016.stdout:/usr/bin/ceph: stderr
2024-05-20T19:29:51.174+0000 7f1c20c00700 1 -- 172.21.15.16:0/3850638940 <== mon.0 v2:172.21.15.16:3300/0 1 ==== mon_map magic: 0 ==== 205+0+0 (secure 0 0 0) 0x7f1c14003aa0 con 0x7f1c2407ed40
2024-05-20T19:29:52.150 INFO:teuthology.orchestra.run.smithi016.stdout:/usr/bin/ceph: stderr
2024-05-20T19:29:51.174+0000 7f1c20c00700 1 -- 172.21.15.16:0/3850638940 <== mon.0 v2:172.21.15.16:3300/0 2 ==== config(26 keys) ==== 1101+0+0 (secure 0 0 0) 0x7f1c1401b8f0 con 0x7f1c2407ed40
2024-05-20T19:29:52.150 INFO:teuthology.orchestra.run.smithi016.stdout:/usr/bin/ceph: stderr
2024-05-20T19:29:51.174+0000 7f1c20c00700 1 -- 172.21.15.16:0/3850638940 <== mon.0 v2:172.21.15.16:3300/0 3 ==== mon_map magic: 0 ==== 205+0+0 (secure 0 0 0) 0x7f1c14023900 con 0x7f1c2407ed40
2024-05-20T19:29:52.150 INFO:teuthology.orchestra.run.smithi016.stdout:/usr/bin/ceph: stderr
2024-05-20T19:29:51.174+0000 7f1c29c00700 1 -- 172.21.15.16:0/3850638940 --> [v2:172.21.15.16:3300/0,v1:172.21.15.16:6789/0] -- mon_subscribe({mgrmap=0+}) -- 0x7f1c2419f700 con 0x7f1c2407ed40
2024-05-20T19:29:52.150 INFO:teuthology.orchestra.run.smithi016.stdout:/usr/bin/ceph: stderr
2024-05-20T19:29:51.174+0000 7f1c29c00700 1 -- 172.21.15.16:0/3850638940 --> [v2:172.21.15.16:3300/0,v1:172.21.15.16:6789/0] -- mon_subscribe({osdmap=0}) -- 0x7f1c241a23f0 con 0x7f1c2407ed40
2024-05-20T19:29:52.150 INFO:teuthology.orchestra.run.smithi016.stdout:/usr/bin/ceph: stderr
2024-05-20T19:29:51.175+0000 7f1c20c00700 1 -- 172.21.15.16:0/3850638940 <== mon.0 v2:172.21.15.16:3300/0 4 ==== mgrmap(e 9) ==== 50235+0+0 (secure 0 0 0) 0x7f1c14023b70 con 0x7f1c2407ed40
2024-05-20T19:29:52.150 INFO:teuthology.orchestra.run.smithi016.stdout:/usr/bin/ceph: stderr
2024-05-20T19:29:51.175+0000 7f1c29c00700 1 -- 172.21.15.16:0/3850638940 --> [v2:172.21.15.16:3300/0,v1:172.21.15.16:6789/0] -- mon_command({"prefix": "get_command_descriptions"} v 0) -- 0x7f1c2406a670 con 0x7f1c2407ed40
2024-05-20T19:29:52.150 INFO:teuthology.orchestra.run.smithi016.stdout:/usr/bin/ceph: stderr
2024-05-20T19:29:51.176+0000 7f1c20c00700 1 --2- 172.21.15.16:0/3850638940 >> [v2:172.21.15.16:6800/3489104006,v1:172.21.15.16:6801/3489104006] conn(0x7f1c0803e520 0x7f1c080409e0 unknown :-1 s=NONE pgs=0 cs=0 l=1 rev1=0 crypto rx=0 tx=0 comp rx=0 tx=0).connect
2024-05-20T19:29:52.150 INFO:teuthology.orchestra.run.smithi016.stdout:/usr/bin/ceph: stderr
2024-05-20T19:29:51.176+0000 7f1c20c00700 1 -- 172.21.15.16:0/3850638940 <== mon.0 v2:172.21.15.16:3300/0 5 ==== osd_map(2..2 src has 1..2) ==== 940+0+0 (secure 0 0 0) 0x7f1c14053ff0 con 0x7f1c2407ed40
2024-05-20T19:29:52.150 INFO:teuthology.orchestra.run.smithi016.stdout:/usr/bin/ceph: stderr
2024-05-20T19:29:51.176+0000 7f1c23400700 1 -- 172.21.15.16:0/3850638940 >> [v2:172.21.15.16:6800/3489104006,v1:172.21.15.16:6801/3489104006] conn(0x7f1c0803e520 msgr2=0x7f1c080409e0 unknown :-1 s=STATE_CONNECTING_RE l=1).process reconnect failed to v2:172.21.15.16:6800/3489104006
2024-05-20T19:29:52.150 INFO:teuthology.orchestra.run.smithi016.stdout:/usr/bin/ceph: stderr
2024-05-20T19:29:51.176+0000 7f1c23400700 1 --2- 172.21.15.16:0/3850638940 >> [v2:172.21.15.16:6800/3489104006,v1:172.21.15.16:6801/3489104006] conn(0x7f1c0803e520 0x7f1c080409e0 unknown :-1 s=START_CONNECT pgs=0 cs=0 l=1 rev1=0 crypto rx=0 tx=0 comp rx=0 tx=0)._fault waiting 0.200000
2024-05-20T19:29:52.150 INFO:teuthology.orchestra.run.smithi016.stdout:/usr/bin/ceph: stderr
2024-05-20T19:29:51.182+0000 7f1c20c00700 1 -- 172.21.15.16:0/3850638940 <== mon.0 v2:172.21.15.16:3300/0 6 ==== mon_command_ack([{"prefix": "get_command_descriptions"}]=0 v0) ==== 72+0+191963 (secure 0 0 0) 0x7f1c1401f030 con 0x7f1c2407ed40
2024-05-20T19:29:52.151 INFO:teuthology.orchestra.run.smithi016.stdout:/usr/bin/ceph: stderr
2024-05-20T19:29:51.377+0000 7f1c23400700 1 -- 172.21.15.16:0/3850638940 >> [v2:172.21.15.16:6800/3489104006,v1:172.21.15.16:6801/3489104006] conn(0x7f1c0803e520 msgr2=0x7f1c080409e0 unknown :-1 s=STATE_CONNECTING_RE l=1).process reconnect failed to v2:172.21.15.16:6800/3489104006
2024-05-20T19:29:52.151 INFO:teuthology.orchestra.run.smithi016.stdout:/usr/bin/ceph: stderr
2024-05-20T19:29:51.377+0000 7f1c23400700 1 --2- 172.21.15.16:0/3850638940 >> [v2:172.21.15.16:6800/3489104006,v1:172.21.15.16:6801/3489104006] conn(0x7f1c0803e520 0x7f1c080409e0 unknown :-1 s=START_CONNECT pgs=0 cs=0 l=1 rev1=0 crypto rx=0 tx=0 comp rx=0 tx=0)._fault waiting 0.400000
2024-05-20T19:29:52.151 INFO:teuthology.orchestra.run.smithi016.stdout:/usr/bin/ceph: stderr
2024-05-20T19:29:51.475+0000 7f1c29c00700 1 -- 172.21.15.16:0/3850638940 --> [v2:172.21.15.16:3300/0,v1:172.21.15.16:6789/0] -- mon_command({"prefix": "mgr stat"} v 0) -- 0x7f1c241a25c0 con 0x7f1c2407ed40
2024-05-20T19:29:52.151 INFO:teuthology.orchestra.run.smithi016.stdout:/usr/bin/ceph: stderr
2024-05-20T19:29:51.476+0000 7f1c20c00700 1 -- 172.21.15.16:0/3850638940 <== mon.0 v2:172.21.15.16:3300/0 7 ==== mon_command_ack([{"prefix": "mgr stat"}]=0 v9) ==== 56+0+88 (secure 0 0 0) 0x7f1c1400b3e0 con 0x7f1c2407ed40
2024-05-20T19:29:52.151 INFO:teuthology.orchestra.run.smithi016.stdout:/usr/bin/ceph: stderr
2024-05-20T19:29:51.479+0000 7f1c29c00700 1 -- 172.21.15.16:0/3850638940 >> [v2:172.21.15.16:6800/3489104006,v1:172.21.15.16:6801/3489104006] conn(0x7f1c0803e520 msgr2=0x7f1c080409e0 unknown :-1 s=STATE_CONNECTING l=1).mark_down
2024-05-20T19:29:52.151 INFO:teuthology.orchestra.run.smithi016.stdout:/usr/bin/ceph: stderr
2024-05-20T19:29:51.479+0000 7f1c29c00700 1 --2- 172.21.15.16:0/3850638940 >> [v2:172.21.15.16:6800/3489104006,v1:172.21.15.16:6801/3489104006] conn(0x7f1c0803e520 0x7f1c080409e0 unknown :-1 s=START_CONNECT pgs=0 cs=0 l=1 rev1=0 crypto rx=0 tx=0 comp rx=0 tx=0).stop
2024-05-20T19:29:52.151 INFO:teuthology.orchestra.run.smithi016.stdout:/usr/bin/ceph: stderr
2024-05-20T19:29:51.479+0000 7f1c29c00700 1 -- 172.21.15.16:0/3850638940 >> [v2:172.21.15.16:3300/0,v1:172.21.15.16:6789/0] conn(0x7f1c2407ed40 msgr2=0x7f1c2419ef30 secure :-1 s=STATE_CONNECTION_ESTABLISHED l=1).mark_down
2024-05-20T19:29:52.151 INFO:teuthology.orchestra.run.smithi016.stdout:/usr/bin/ceph: stderr
2024-05-20T19:29:51.479+0000 7f1c29c00700 1 --2- 172.21.15.16:0/3850638940 >> [v2:172.21.15.16:3300/0,v1:172.21.15.16:6789/0] conn(0x7f1c2407ed40 0x7f1c2419ef30 secure :-1 s=READY pgs=60 cs=0 l=1 rev1=1 crypto rx=0x7f1c14004660 tx=0x7f1c14011aa0 comp rx=0 tx=0).stop
2024-05-20T19:29:52.151 INFO:teuthology.orchestra.run.smithi016.stdout:/usr/bin/ceph: stderr
2024-05-20T19:29:51.479+0000 7f1c29c00700 1 -- 172.21.15.16:0/3850638940 shutdown_connections
2024-05-20T19:29:52.151 INFO:teuthology.orchestra.run.smithi016.stdout:/usr/bin/ceph: stderr
2024-05-20T19:29:51.479+0000 7f1c29c00700 1 --2- 172.21.15.16:0/3850638940 >> [v2:172.21.15.16:6800/3489104006,v1:172.21.15.16:6801/3489104006] conn(0x7f1c0803e520 0x7f1c080409e0 unknown :-1 s=CLOSED pgs=0 cs=0 l=1 rev1=0 crypto rx=0 tx=0 comp rx=0 tx=0).stop
2024-05-20T19:29:52.151 INFO:teuthology.orchestra.run.smithi016.stdout:/usr/bin/ceph: stderr
2024-05-20T19:29:51.479+0000 7f1c29c00700 1 --2- 172.21.15.16:0/3850638940 >> [v2:172.21.15.16:3300/0,v1:172.21.15.16:6789/0] conn(0x7f1c2407ed40 0x7f1c2419ef30 unknown :-1 s=CLOSED pgs=60 cs=0 l=1 rev1=1 crypto rx=0 tx=0 comp rx=0 tx=0).stop
2024-05-20T19:29:52.151 INFO:teuthology.orchestra.run.smithi016.stdout:/usr/bin/ceph: stderr
2024-05-20T19:29:51.479+0000 7f1c29c00700 1 -- 172.21.15.16:0/3850638940 >> 172.21.15.16:0/3850638940 conn(0x7f1c24104460 msgr2=0x7f1c24105000 unknown :-1 s=STATE_NONE l=0).mark_down
2024-05-20T19:29:52.151 INFO:teuthology.orchestra.run.smithi016.stdout:/usr/bin/ceph: stderr
2024-05-20T19:29:51.479+0000 7f1c29c00700 1 -- 172.21.15.16:0/3850638940 shutdown_connections
2024-05-20T19:29:52.151 INFO:teuthology.orchestra.run.smithi016.stdout:/usr/bin/ceph: stderr
2024-05-20T19:29:51.479+0000 7f1c29c00700 1 -- 172.21.15.16:0/3850638940 wait complete.
2024-05-20T19:29:52.152 INFO:teuthology.orchestra.run.smithi016.stdout:Waiting for the mgr to restart...
2024-05-20T19:29:52.152 INFO:teuthology.orchestra.run.smithi016.stdout:Waiting for mgr epoch 9...
2024-05-20T19:29:52.434 INFO:journalctl@ceph.mgr.x.smithi016.stdout:May 20 19:29:52 smithi016 ceph-036aacd6-16df-11ef-bc9a-c7b262605968-mgr-x[31738]:
2024-05-20T19:29:52.242+0000 7f73c5d85200 -1 mgr[py] Module osd_support has missing NOTIFY_TYPES member
2024-05-20T19:29:52.706 INFO:journalctl@ceph.mgr.x.smithi016.stdout:May 20 19:29:52 smithi016 ceph-036aacd6-16df-11ef-bc9a-c7b262605968-mgr-x[31738]:
2024-05-20T19:29:52.469+0000 7f73c5d85200 -1 mgr[py] Module iostat has missing NOTIFY_TYPES member
2024-05-20T19:29:52.988 INFO:journalctl@ceph.mgr.x.smithi016.stdout:May 20 19:29:52 smithi016 ceph-036aacd6-16df-11ef-bc9a-c7b262605968-mgr-x[31738]:
2024-05-20T19:29:52.874+0000 7f73c5d85200 -1 mgr[py] Module alerts has missing NOTIFY_TYPES member
2024-05-20T19:29:53.261 INFO:journalctl@ceph.mgr.x.smithi016.stdout:May 20 19:29:53 smithi016 ceph-036aacd6-16df-11ef-bc9a-c7b262605968-mgr-x[31738]:
2024-05-20T19:29:53.001+0000 7f73c5d85200 -1 mgr[py] Module selftest has missing NOTIFY_TYPES member
2024-05-20T19:29:53.261 INFO:journalctl@ceph.mgr.x.smithi016.stdout:May 20 19:29:53 smithi016 ceph-036aacd6-16df-11ef-bc9a-c7b262605968-mgr-x[31738]:
2024-05-20T19:29:53.260+0000 7f73c5d85200 -1 mgr[py] Module pg_autoscaler has missing NOTIFY_TYPES member
2024-05-20T19:29:53.852 INFO:journalctl@ceph.mgr.x.smithi016.stdout:May 20 19:29:53 smithi016 ceph-036aacd6-16df-11ef-bc9a-c7b262605968-mgr-x[31738]:
2024-05-20T19:29:53.523+0000 7f73c5d85200 -1 mgr[py] Module test_orchestrator has missing NOTIFY_TYPES member
2024-05-20T19:29:54.603 INFO:journalctl@ceph.mgr.x.smithi016.stdout:May 20 19:29:54 smithi016 ceph-036aacd6-16df-11ef-bc9a-c7b262605968-mgr-x[31738]:
2024-05-20T19:29:54.344+0000 7f73c5d85200 -1 mgr[py] Module rook has missing NOTIFY_TYPES member
2024-05-20T19:29:55.102 INFO:journalctl@ceph.mgr.x.smithi016.stdout:May 20 19:29:54 smithi016 ceph-036aacd6-16df-11ef-bc9a-c7b262605968-mgr-x[31738]:
2024-05-20T19:29:54.642+0000 7f73c5d85200 -1 mgr[py] Module smb has missing NOTIFY_TYPES member
2024-05-20T19:29:55.360 INFO:journalctl@ceph.mgr.x.smithi016.stdout:May 20 19:29:55 smithi016 ceph-036aacd6-16df-11ef-bc9a-c7b262605968-mgr-x[31738]:
2024-05-20T19:29:55.223+0000 7f73c5d85200 -1 mgr[py] Module volumes has missing NOTIFY_TYPES member
2024-05-20T19:29:55.772 INFO:journalctl@ceph.mgr.x.smithi016.stdout:May 20 19:29:55 smithi016 ceph-036aacd6-16df-11ef-bc9a-c7b262605968-mgr-x[31738]:
2024-05-20T19:29:55.358+0000 7f73c5d85200 -1 mgr[py] Module crash has missing NOTIFY_TYPES member
2024-05-20T19:29:56.102 INFO:journalctl@ceph.mgr.x.smithi016.stdout:May 20 19:29:55 smithi016 ceph-036aacd6-16df-11ef-bc9a-c7b262605968-mgr-x[31738]:
2024-05-20T19:29:55.849+0000 7f73c5d85200 -1 mgr[py] Module rgw has missing NOTIFY_TYPES member
2024-05-20T19:29:56.602 INFO:journalctl@ceph.mgr.x.smithi016.stdout:May 20 19:29:56 smithi016 ceph-036aacd6-16df-11ef-bc9a-c7b262605968-mgr-x[31738]:
2024-05-20T19:29:56.328+0000 7f73c5d85200 -1 mgr[py] Module prometheus has missing NOTIFY_TYPES member
2024-05-20T19:29:56.603 INFO:journalctl@ceph.mgr.x.smithi016.stdout:May 20 19:29:56 smithi016 ceph-036aacd6-16df-11ef-bc9a-c7b262605968-mgr-x[31738]:
2024-05-20T19:29:56.458+0000 7f73c5d85200 -1 mgr[py] Module devicehealth has missing NOTIFY_TYPES member
2024-05-20T19:29:56.987 INFO:journalctl@ceph.mgr.x.smithi016.stdout:May 20 19:29:56 smithi016 ceph-036aacd6-16df-11ef-bc9a-c7b262605968-mgr-x[31738]:
2024-05-20T19:29:56.798+0000 7f73c5d85200 -1 mgr[py] Module telemetry has missing NOTIFY_TYPES member
2024-05-20T19:29:56.987 INFO:journalctl@ceph.mgr.x.smithi016.stdout:May 20 19:29:56 smithi016 ceph-036aacd6-16df-11ef-bc9a-c7b262605968-mgr-x[31738]:
2024-05-20T19:29:56.985+0000 7f73c5d85200 -1 mgr[py] Module diskprediction_local has missing NOTIFY_TYPES member
2024-05-20T19:29:57.353 INFO:journalctl@ceph.mgr.x.smithi016.stdout:May 20 19:29:57 smithi016 ceph-036aacd6-16df-11ef-bc9a-c7b262605968-mgr-x[31738]:
2024-05-20T19:29:57.118+0000 7f73c5d85200 -1 mgr[py] Module osd_perf_query has missing NOTIFY_TYPES member
2024-05-20T19:29:57.853 INFO:journalctl@ceph.mgr.x.smithi016.stdout:May 20 19:29:57 smithi016 ceph-036aacd6-16df-11ef-bc9a-c7b262605968-mgr-x[31738]:
2024-05-20T19:29:57.527+0000 7f73c5d85200 -1 mgr[py] Module rbd_support has missing NOTIFY_TYPES member
2024-05-20T19:29:57.853 INFO:journalctl@ceph.mgr.x.smithi016.stdout:May 20 19:29:57 smithi016 ceph-036aacd6-16df-11ef-bc9a-c7b262605968-mgr-x[31738]:
2024-05-20T19:29:57.658+0000 7f73c5d85200 -1 mgr[py] Module zabbix has missing NOTIFY_TYPES member
2024-05-20T19:29:58.748 INFO:journalctl@ceph.mgr.x.smithi016.stdout:May 20 19:29:58 smithi016 ceph-036aacd6-16df-11ef-bc9a-c7b262605968-mgr-x[31738]:
2024-05-20T19:29:58.449+0000 7f73c5d85200 -1 mgr[py] Module status has missing NOTIFY_TYPES member
2024-05-20T19:29:59.102 INFO:journalctl@ceph.mgr.x.smithi016.stdout:May 20 19:29:58 smithi016 ceph-036aacd6-16df-11ef-bc9a-c7b262605968-mgr-x[31738]:
2024-05-20T19:29:58.746+0000 7f73c5d85200 -1 mgr[py] Module nfs has missing NOTIFY_TYPES member
2024-05-20T19:29:59.103 INFO:journalctl@ceph.mon.a.smithi016.stdout:May 20 19:29:58 smithi016 ceph-mon[31497]: Active manager daemon x restarted
2024-05-20T19:29:59.103 INFO:journalctl@ceph.mon.a.smithi016.stdout:May 20 19:29:58 smithi016 ceph-mon[31497]: Activating manager daemon x
2024-05-20T19:29:59.103 INFO:journalctl@ceph.mon.a.smithi016.stdout:May 20 19:29:58 smithi016 ceph-mon[31497]: osdmap e3: 0 total, 0 up, 0 in
2024-05-20T19:29:59.103 INFO:journalctl@ceph.mon.a.smithi016.stdout:May 20 19:29:58 smithi016 ceph-mon[31497]: mgrmap e10: x(active, starting, since 0.00924243s)
2024-05-20T19:29:59.103 INFO:journalctl@ceph.mon.a.smithi016.stdout:May 20 19:29:58 smithi016 ceph-mon[31497]: from='mgr.14152 172.21.15.16:0/2618600696' entity='mgr.x' cmd=[{"prefix": "mon metadata", "id": "a"}]: dispatch
2024-05-20T19:29:59.103 INFO:journalctl@ceph.mon.a.smithi016.stdout:May 20 19:29:58 smithi016 ceph-mon[31497]: from='mgr.14152 172.21.15.16:0/2618600696' entity='mgr.x' cmd=[{"prefix": "mgr metadata", "who": "x", "id": "x"}]: dispatch
2024-05-20T19:29:59.103 INFO:journalctl@ceph.mon.a.smithi016.stdout:May 20 19:29:58 smithi016 ceph-mon[31497]: from='mgr.14152 172.21.15.16:0/2618600696' entity='mgr.x' cmd=[{"prefix": "mds metadata"}]: dispatch
2024-05-20T19:29:59.103 INFO:journalctl@ceph.mon.a.smithi016.stdout:May 20 19:29:58 smithi016 ceph-mon[31497]: from='mgr.14152 172.21.15.16:0/2618600696' entity='mgr.x' cmd=[{"prefix": "osd metadata"}]: dispatch
2024-05-20T19:29:59.103 INFO:journalctl@ceph.mon.a.smithi016.stdout:May 20 19:29:58 smithi016 ceph-mon[31497]: from='mgr.14152 172.21.15.16:0/2618600696' entity='mgr.x' cmd=[{"prefix": "mon metadata"}]: dispatch
2024-05-20T19:29:59.103 INFO:journalctl@ceph.mon.a.smithi016.stdout:May 20 19:29:58 smithi016 ceph-mon[31497]: Manager daemon x is now available
2024-05-20T19:30:00.042 INFO:journalctl@ceph.mon.a.smithi016.stdout:May 20 19:29:59 smithi016 ceph-mon[31497]: from='mgr.14152 172.21.15.16:0/2618600696' entity='mgr.x' cmd=[{"prefix": "config dump", "format": "json"}]: dispatch
2024-05-20T19:30:00.042 INFO:journalctl@ceph.mon.a.smithi016.stdout:May 20 19:29:59 smithi016 ceph-mon[31497]: from='mgr.14152 172.21.15.16:0/2618600696' entity='mgr.x' cmd=[{"prefix":"config rm","who":"mgr","name":"mgr/rbd_support/x/mirror_snapshot_schedule"}]: dispatch
2024-05-20T19:30:00.042 INFO:journalctl@ceph.mon.a.smithi016.stdout:May 20 19:29:59 smithi016 ceph-mon[31497]: from='mgr.14152 172.21.15.16:0/2618600696' entity='mgr.x' cmd=[{"prefix":"config rm","who":"mgr","name":"mgr/rbd_support/x/trash_purge_schedule"}]: dispatch
2024-05-20T19:30:00.042 INFO:journalctl@ceph.mon.a.smithi016.stdout:May 20 19:29:59 smithi016 ceph-mon[31497]: mgrmap e11: x(active, since 1.01344s)
2024-05-20T19:30:00.701 INFO:teuthology.orchestra.run.smithi016.stdout:/usr/bin/ceph: stdout {
2024-05-20T19:30:00.701 INFO:teuthology.orchestra.run.smithi016.stdout:/usr/bin/ceph: stdout "mgrmap_epoch": 11,
2024-05-20T19:30:00.702 INFO:teuthology.orchestra.run.smithi016.stdout:/usr/bin/ceph: stdout "initialized": true
2024-05-20T19:30:00.702 INFO:teuthology.orchestra.run.smithi016.stdout:/usr/bin/ceph: stdout }
2024-05-20T19:30:00.702 INFO:teuthology.orchestra.run.smithi016.stdout:/usr/bin/ceph: stderr
2024-05-20T19:29:52.777+0000 7f0ee4800700 1 Processor -- start
2024-05-20T19:30:00.702 INFO:teuthology.orchestra.run.smithi016.stdout:/usr/bin/ceph: stderr
2024-05-20T19:29:52.778+0000 7f0ee4800700 1 -- start start
2024-05-20T19:30:00.702 INFO:teuthology.orchestra.run.smithi016.stdout:/usr/bin/ceph: stderr
2024-05-20T19:29:52.778+0000 7f0ee4800700 1 --2- >> [v2:172.21.15.16:3300/0,v1:172.21.15.16:6789/0] conn(0x7f0edc07ed60 0x7f0edc07d2d0 unknown :-1 s=NONE pgs=0 cs=0 l=0 rev1=0 crypto rx=0 tx=0 comp rx=0 tx=0).connect
2024-05-20T19:30:00.702 INFO:teuthology.orchestra.run.smithi016.stdout:/usr/bin/ceph: stderr
2024-05-20T19:29:52.778+0000 7f0ee4800700 1 -- --> [v2:172.21.15.16:3300/0,v1:172.21.15.16:6789/0] -- mon_getmap magic: 0 -- 0x7f0edc07d810 con 0x7f0edc07ed60
2024-05-20T19:30:00.702 INFO:teuthology.orchestra.run.smithi016.stdout:/usr/bin/ceph: stderr
2024-05-20T19:29:52.779+0000 7f0ee1e00700 1 --2- >> [v2:172.21.15.16:3300/0,v1:172.21.15.16:6789/0] conn(0x7f0edc07ed60 0x7f0edc07d2d0 unknown :-1 s=BANNER_CONNECTING pgs=0 cs=0 l=0 rev1=0 crypto rx=0 tx=0 comp rx=0 tx=0)._handle_peer_banner_payload supported=3 required=0
2024-05-20T19:30:00.702 INFO:teuthology.orchestra.run.smithi016.stdout:/usr/bin/ceph: stderr
2024-05-20T19:29:52.779+0000 7f0ee1e00700 1 --2- >> [v2:172.21.15.16:3300/0,v1:172.21.15.16:6789/0] conn(0x7f0edc07ed60 0x7f0edc07d2d0 unknown :-1 s=HELLO_CONNECTING pgs=0 cs=0 l=0 rev1=1 crypto rx=0 tx=0 comp rx=0 tx=0).handle_hello peer v2:172.21.15.16:3300/0 says I am v2:172.21.15.16:49726/0 (socket says 172.21.15.16:49726)
2024-05-20T19:30:00.702 INFO:teuthology.orchestra.run.smithi016.stdout:/usr/bin/ceph: stderr
2024-05-20T19:29:52.779+0000 7f0ee1e00700 1 -- 172.21.15.16:0/96585850 learned_addr learned my addr 172.21.15.16:0/96585850 (peer_addr_for_me v2:172.21.15.16:0/0)
2024-05-20T19:30:00.702 INFO:teuthology.orchestra.run.smithi016.stdout:/usr/bin/ceph: stderr
2024-05-20T19:29:52.779+0000 7f0ee1e00700 1 -- 172.21.15.16:0/96585850 --> [v2:172.21.15.16:3300/0,v1:172.21.15.16:6789/0] -- mon_subscribe({config=0+,monmap=0+}) -- 0x7f0edc07d990 con 0x7f0edc07ed60
2024-05-20T19:30:00.702 INFO:teuthology.orchestra.run.smithi016.stdout:/usr/bin/ceph: stderr
2024-05-20T19:29:52.779+0000 7f0ee1e00700 1 --2- 172.21.15.16:0/96585850 >> [v2:172.21.15.16:3300/0,v1:172.21.15.16:6789/0] conn(0x7f0edc07ed60 0x7f0edc07d2d0 secure :-1 s=READY pgs=61 cs=0 l=1 rev1=1 crypto rx=0x7f0ed00098a0 tx=0x7f0ed0009bb0 comp rx=0 tx=0).ready entity=mon.0 client_cookie=94ae1de393a27250 server_cookie=0 in_seq=0 out_seq=0
2024-05-20T19:30:00.703 INFO:teuthology.orchestra.run.smithi016.stdout:/usr/bin/ceph: stderr
2024-05-20T19:29:52.780+0000 7f0ee0a00700 1 -- 172.21.15.16:0/96585850 <== mon.0 v2:172.21.15.16:3300/0 1 ==== mon_map magic: 0 ==== 205+0+0 (secure 0 0 0) 0x7f0ed0004160 con 0x7f0edc07ed60
2024-05-20T19:30:00.703 INFO:teuthology.orchestra.run.smithi016.stdout:/usr/bin/ceph: stderr
2024-05-20T19:29:52.780+0000 7f0ee0a00700 1 -- 172.21.15.16:0/96585850 <== mon.0 v2:172.21.15.16:3300/0 2 ==== config(26 keys) ==== 1101+0+0 (secure 0 0 0) 0x7f0ed0004300 con 0x7f0edc07ed60
2024-05-20T19:30:00.703 INFO:teuthology.orchestra.run.smithi016.stdout:/usr/bin/ceph: stderr
2024-05-20T19:29:52.780+0000 7f0ee0a00700 1 -- 172.21.15.16:0/96585850 <== mon.0 v2:172.21.15.16:3300/0 3 ==== mon_map magic: 0 ==== 205+0+0 (secure 0 0 0) 0x7f0ed0011a20 con 0x7f0edc07ed60
2024-05-20T19:30:00.703 INFO:teuthology.orchestra.run.smithi016.stdout:/usr/bin/ceph: stderr
2024-05-20T19:29:52.781+0000 7f0ee4800700 1 -- 172.21.15.16:0/96585850 >> [v2:172.21.15.16:3300/0,v1:172.21.15.16:6789/0] conn(0x7f0edc07ed60 msgr2=0x7f0edc07d2d0 secure :-1 s=STATE_CONNECTION_ESTABLISHED l=1).mark_down
2024-05-20T19:30:00.703 INFO:teuthology.orchestra.run.smithi016.stdout:/usr/bin/ceph: stderr
2024-05-20T19:29:52.781+0000 7f0ee4800700 1 --2- 172.21.15.16:0/96585850 >> [v2:172.21.15.16:3300/0,v1:172.21.15.16:6789/0] conn(0x7f0edc07ed60 0x7f0edc07d2d0 secure :-1 s=READY pgs=61 cs=0 l=1 rev1=1 crypto rx=0x7f0ed00098a0 tx=0x7f0ed0009bb0 comp rx=0 tx=0).stop
2024-05-20T19:30:00.703 INFO:teuthology.orchestra.run.smithi016.stdout:/usr/bin/ceph: stderr
2024-05-20T19:29:52.781+0000 7f0ee4800700 1 -- 172.21.15.16:0/96585850 shutdown_connections
2024-05-20T19:30:00.703 INFO:teuthology.orchestra.run.smithi016.stdout:/usr/bin/ceph: stderr
2024-05-20T19:29:52.781+0000 7f0ee4800700 1 --2- 172.21.15.16:0/96585850 >> [v2:172.21.15.16:3300/0,v1:172.21.15.16:6789/0] conn(0x7f0edc07ed60 0x7f0edc07d2d0 unknown :-1 s=CLOSED pgs=61 cs=0 l=1 rev1=1 crypto rx=0 tx=0 comp rx=0 tx=0).stop
2024-05-20T19:30:00.703 INFO:teuthology.orchestra.run.smithi016.stdout:/usr/bin/ceph: stderr
2024-05-20T19:29:52.781+0000 7f0ee4800700 1 -- 172.21.15.16:0/96585850 >> 172.21.15.16:0/96585850 conn(0x7f0edc104680 msgr2=0x7f0edc106ac0 unknown :-1 s=STATE_NONE l=0).mark_down
2024-05-20T19:30:00.703 INFO:teuthology.orchestra.run.smithi016.stdout:/usr/bin/ceph: stderr
2024-05-20T19:29:52.781+0000 7f0ee4800700 1 -- 172.21.15.16:0/96585850 shutdown_connections
2024-05-20T19:30:00.703 INFO:teuthology.orchestra.run.smithi016.stdout:/usr/bin/ceph: stderr
2024-05-20T19:29:52.781+0000 7f0ee4800700 1 -- 172.21.15.16:0/96585850 wait complete.
2024-05-20T19:30:00.703 INFO:teuthology.orchestra.run.smithi016.stdout:/usr/bin/ceph: stderr
2024-05-20T19:29:52.782+0000 7f0ee4800700 1 Processor -- start
2024-05-20T19:30:00.703 INFO:teuthology.orchestra.run.smithi016.stdout:/usr/bin/ceph: stderr
2024-05-20T19:29:52.782+0000 7f0ee4800700 1 -- start start
2024-05-20T19:30:00.703 INFO:teuthology.orchestra.run.smithi016.stdout:/usr/bin/ceph: stderr
2024-05-20T19:29:52.782+0000 7f0ee4800700 1 --2- >> [v2:172.21.15.16:3300/0,v1:172.21.15.16:6789/0] conn(0x7f0edc07ed60 0x7f0edc19f0b0 unknown :-1 s=NONE pgs=0 cs=0 l=1 rev1=0 crypto rx=0 tx=0 comp rx=0 tx=0).connect
2024-05-20T19:30:00.704 INFO:teuthology.orchestra.run.smithi016.stdout:/usr/bin/ceph: stderr
2024-05-20T19:29:52.782+0000 7f0ee4800700 1 -- --> [v2:172.21.15.16:3300/0,v1:172.21.15.16:6789/0] -- mon_getmap magic: 0 -- 0x7f0edc10f4f0 con 0x7f0edc07ed60
2024-05-20T19:30:00.704 INFO:teuthology.orchestra.run.smithi016.stdout:/usr/bin/ceph: stderr
2024-05-20T19:29:52.783+0000 7f0ee1e00700 1 --2- >> [v2:172.21.15.16:3300/0,v1:172.21.15.16:6789/0] conn(0x7f0edc07ed60 0x7f0edc19f0b0 unknown :-1 s=BANNER_CONNECTING pgs=0 cs=0 l=1 rev1=0 crypto rx=0 tx=0 comp rx=0 tx=0)._handle_peer_banner_payload supported=3 required=0
2024-05-20T19:30:00.704 INFO:teuthology.orchestra.run.smithi016.stdout:/usr/bin/ceph: stderr
2024-05-20T19:29:52.783+0000 7f0ee1e00700 1 --2- >> [v2:172.21.15.16:3300/0,v1:172.21.15.16:6789/0] conn(0x7f0edc07ed60 0x7f0edc19f0b0 unknown :-1 s=HELLO_CONNECTING pgs=0 cs=0 l=1 rev1=1 crypto rx=0 tx=0 comp rx=0 tx=0).handle_hello peer v2:172.21.15.16:3300/0 says I am v2:172.21.15.16:49730/0 (socket says 172.21.15.16:49730)
2024-05-20T19:30:00.704 INFO:teuthology.orchestra.run.smithi016.stdout:/usr/bin/ceph: stderr
2024-05-20T19:29:52.783+0000 7f0ee1e00700 1 -- 172.21.15.16:0/3715697841 learned_addr learned my addr 172.21.15.16:0/3715697841 (peer_addr_for_me v2:172.21.15.16:0/0)
2024-05-20T19:30:00.704 INFO:teuthology.orchestra.run.smithi016.stdout:/usr/bin/ceph: stderr
2024-05-20T19:29:52.783+0000 7f0ee1e00700 1 -- 172.21.15.16:0/3715697841 --> [v2:172.21.15.16:3300/0,v1:172.21.15.16:6789/0] -- mon_subscribe({config=0+,monmap=0+}) -- 0x7f0edc19f5f0 con 0x7f0edc07ed60
2024-05-20T19:30:00.704 INFO:teuthology.orchestra.run.smithi016.stdout:/usr/bin/ceph: stderr
2024-05-20T19:29:52.783+0000 7f0ee1e00700 1 --2- 172.21.15.16:0/3715697841 >> [v2:172.21.15.16:3300/0,v1:172.21.15.16:6789/0] conn(0x7f0edc07ed60 0x7f0edc19f0b0 secure :-1 s=READY pgs=62 cs=0 l=1 rev1=1 crypto rx=0x7f0ed00116e0 tx=0x7f0ed0011aa0 comp rx=0 tx=0).ready entity=mon.0 client_cookie=0 server_cookie=0 in_seq=0 out_seq=0
2024-05-20T19:30:00.704 INFO:teuthology.orchestra.run.smithi016.stdout:/usr/bin/ceph: stderr
2024-05-20T19:29:52.784+0000 7f0ed6a00700 1 -- 172.21.15.16:0/3715697841 <== mon.0 v2:172.21.15.16:3300/0 1 ==== mon_map magic: 0 ==== 205+0+0 (secure 0 0 0) 0x7f0ed0003a60 con 0x7f0edc07ed60
2024-05-20T19:30:00.704 INFO:teuthology.orchestra.run.smithi016.stdout:/usr/bin/ceph: stderr
2024-05-20T19:29:52.784+0000 7f0ed6a00700 1 -- 172.21.15.16:0/3715697841 <== mon.0 v2:172.21.15.16:3300/0 2 ==== config(26 keys) ==== 1101+0+0 (secure 0 0 0) 0x7f0ed001b8f0 con 0x7f0edc07ed60
2024-05-20T19:30:00.704 INFO:teuthology.orchestra.run.smithi016.stdout:/usr/bin/ceph: stderr
2024-05-20T19:29:52.784+0000 7f0ee4800700 1 -- 172.21.15.16:0/3715697841 --> [v2:172.21.15.16:3300/0,v1:172.21.15.16:6789/0] -- mon_subscribe({mgrmap=0+}) -- 0x7f0edc19f880 con 0x7f0edc07ed60
2024-05-20T19:30:00.704 INFO:teuthology.orchestra.run.smithi016.stdout:/usr/bin/ceph: stderr
2024-05-20T19:29:52.784+0000 7f0ed6a00700 1 -- 172.21.15.16:0/3715697841 <== mon.0 v2:172.21.15.16:3300/0 3 ==== mon_map magic: 0 ==== 205+0+0 (secure 0 0 0) 0x7f0ed0019860 con 0x7f0edc07ed60
2024-05-20T19:30:00.704 INFO:teuthology.orchestra.run.smithi016.stdout:/usr/bin/ceph: stderr
2024-05-20T19:29:52.784+0000 7f0ee4800700 1 -- 172.21.15.16:0/3715697841 --> [v2:172.21.15.16:3300/0,v1:172.21.15.16:6789/0] -- mon_subscribe({osdmap=0}) -- 0x7f0edc1a2570 con 0x7f0edc07ed60
2024-05-20T19:30:00.704 INFO:teuthology.orchestra.run.smithi016.stdout:/usr/bin/ceph: stderr
2024-05-20T19:29:52.786+0000 7f0ed6a00700 1 -- 172.21.15.16:0/3715697841 <== mon.0 v2:172.21.15.16:3300/0 4 ==== mgrmap(e 9) ==== 50235+0+0 (secure 0 0 0) 0x7f0ed0019b60 con 0x7f0edc07ed60
2024-05-20T19:30:00.704 INFO:teuthology.orchestra.run.smithi016.stdout:/usr/bin/ceph: stderr
2024-05-20T19:29:52.786+0000 7f0ed6a00700 1 --2- 172.21.15.16:0/3715697841 >> [v2:172.21.15.16:6800/3489104006,v1:172.21.15.16:6801/3489104006] conn(0x7f0ec403e470 0x7f0ec4040930 unknown :-1 s=NONE pgs=0 cs=0 l=1 rev1=0 crypto rx=0 tx=0 comp rx=0 tx=0).connect
2024-05-20T19:30:00.705 INFO:teuthology.orchestra.run.smithi016.stdout:/usr/bin/ceph: stderr
2024-05-20T19:29:52.786+0000 7f0ed6a00700 1 -- 172.21.15.16:0/3715697841 --> [v2:172.21.15.16:6800/3489104006,v1:172.21.15.16:6801/3489104006] -- command(tid 0: {"prefix": "get_command_descriptions"}) -- 0x7f0ec4041040 con 0x7f0ec403e470
2024-05-20T19:30:00.705 INFO:teuthology.orchestra.run.smithi016.stdout:/usr/bin/ceph: stderr
2024-05-20T19:29:52.786+0000 7f0ed6a00700 1 -- 172.21.15.16:0/3715697841 <== mon.0 v2:172.21.15.16:3300/0 5 ==== osd_map(2..2 src has 1..2) ==== 940+0+0 (secure 0 0 0) 0x7f0ed0053cb0 con 0x7f0edc07ed60
2024-05-20T19:30:00.705 INFO:teuthology.orchestra.run.smithi016.stdout:/usr/bin/ceph: stderr
