2024-05-20T19:29:25.102+0000 7fef8fe00700 1 -- 172.21.15.16:0/2600479074 <== mon.0 v2:172.21.15.16:3300/0 3 ==== mon_map magic: 0 ==== 205+0+0 (secure 0 0 0) 0x7fef84011af0 con 0x7fef9010b210
2024-05-20T19:29:26.160 INFO:teuthology.orchestra.run.smithi016.stdout:/usr/bin/ceph: stderr
2024-05-20T19:29:25.102+0000 7fef98400700 1 -- 172.21.15.16:0/2600479074 >> [v2:172.21.15.16:3300/0,v1:172.21.15.16:6789/0] conn(0x7fef9010b210 msgr2=0x7fef9010b630 secure :-1 s=STATE_CONNECTION_ESTABLISHED l=1).mark_down
2024-05-20T19:29:26.160 INFO:teuthology.orchestra.run.smithi016.stdout:/usr/bin/ceph: stderr
2024-05-20T19:29:25.102+0000 7fef98400700 1 --2- 172.21.15.16:0/2600479074 >> [v2:172.21.15.16:3300/0,v1:172.21.15.16:6789/0] conn(0x7fef9010b210 0x7fef9010b630 secure :-1 s=READY pgs=37 cs=0 l=1 rev1=1 crypto rx=0x7fef840098a0 tx=0x7fef84009bb0 comp rx=0 tx=0).stop
2024-05-20T19:29:26.160 INFO:teuthology.orchestra.run.smithi016.stdout:/usr/bin/ceph: stderr
2024-05-20T19:29:25.103+0000 7fef98400700 1 -- 172.21.15.16:0/2600479074 shutdown_connections
2024-05-20T19:29:26.160 INFO:teuthology.orchestra.run.smithi016.stdout:/usr/bin/ceph: stderr
2024-05-20T19:29:25.103+0000 7fef98400700 1 --2- 172.21.15.16:0/2600479074 >> [v2:172.21.15.16:3300/0,v1:172.21.15.16:6789/0] conn(0x7fef9010b210 0x7fef9010b630 unknown :-1 s=CLOSED pgs=37 cs=0 l=1 rev1=1 crypto rx=0 tx=0 comp rx=0 tx=0).stop
2024-05-20T19:29:26.160 INFO:teuthology.orchestra.run.smithi016.stdout:/usr/bin/ceph: stderr
2024-05-20T19:29:25.103+0000 7fef98400700 1 -- 172.21.15.16:0/2600479074 >> 172.21.15.16:0/2600479074 conn(0x7fef9007e650 msgr2=0x7fef9007eaa0 unknown :-1 s=STATE_NONE l=0).mark_down
2024-05-20T19:29:26.160 INFO:teuthology.orchestra.run.smithi016.stdout:/usr/bin/ceph: stderr
2024-05-20T19:29:25.103+0000 7fef98400700 1 -- 172.21.15.16:0/2600479074 shutdown_connections
2024-05-20T19:29:26.160 INFO:teuthology.orchestra.run.smithi016.stdout:/usr/bin/ceph: stderr
2024-05-20T19:29:25.103+0000 7fef98400700 1 -- 172.21.15.16:0/2600479074 wait complete.
2024-05-20T19:29:26.160 INFO:teuthology.orchestra.run.smithi016.stdout:/usr/bin/ceph: stderr
2024-05-20T19:29:25.104+0000 7fef98400700 1 Processor -- start
2024-05-20T19:29:26.160 INFO:teuthology.orchestra.run.smithi016.stdout:/usr/bin/ceph: stderr
2024-05-20T19:29:25.104+0000 7fef98400700 1 -- start start
2024-05-20T19:29:26.160 INFO:teuthology.orchestra.run.smithi016.stdout:/usr/bin/ceph: stderr
2024-05-20T19:29:25.105+0000 7fef98400700 1 --2- >> [v2:172.21.15.16:3300/0,v1:172.21.15.16:6789/0] conn(0x7fef9010b210 0x7fef9019f1f0 unknown :-1 s=NONE pgs=0 cs=0 l=1 rev1=0 crypto rx=0 tx=0 comp rx=0 tx=0).connect
2024-05-20T19:29:26.160 INFO:teuthology.orchestra.run.smithi016.stdout:/usr/bin/ceph: stderr
2024-05-20T19:29:25.105+0000 7fef98400700 1 -- --> [v2:172.21.15.16:3300/0,v1:172.21.15.16:6789/0] -- mon_getmap magic: 0 -- 0x7fef9010f7c0 con 0x7fef9010b210
2024-05-20T19:29:26.160 INFO:teuthology.orchestra.run.smithi016.stdout:/usr/bin/ceph: stderr
2024-05-20T19:29:25.105+0000 7fef95a00700 1 --2- >> [v2:172.21.15.16:3300/0,v1:172.21.15.16:6789/0] conn(0x7fef9010b210 0x7fef9019f1f0 unknown :-1 s=BANNER_CONNECTING pgs=0 cs=0 l=1 rev1=0 crypto rx=0 tx=0 comp rx=0 tx=0)._handle_peer_banner_payload supported=3 required=0
2024-05-20T19:29:26.161 INFO:teuthology.orchestra.run.smithi016.stdout:/usr/bin/ceph: stderr
2024-05-20T19:29:25.105+0000 7fef95a00700 1 --2- >> [v2:172.21.15.16:3300/0,v1:172.21.15.16:6789/0] conn(0x7fef9010b210 0x7fef9019f1f0 unknown :-1 s=HELLO_CONNECTING pgs=0 cs=0 l=1 rev1=1 crypto rx=0 tx=0 comp rx=0 tx=0).handle_hello peer v2:172.21.15.16:3300/0 says I am v2:172.21.15.16:60196/0 (socket says 172.21.15.16:60196)
2024-05-20T19:29:26.161 INFO:teuthology.orchestra.run.smithi016.stdout:/usr/bin/ceph: stderr
2024-05-20T19:29:25.105+0000 7fef95a00700 1 -- 172.21.15.16:0/2656720369 learned_addr learned my addr 172.21.15.16:0/2656720369 (peer_addr_for_me v2:172.21.15.16:0/0)
2024-05-20T19:29:26.161 INFO:teuthology.orchestra.run.smithi016.stdout:/usr/bin/ceph: stderr
2024-05-20T19:29:25.105+0000 7fef95a00700 1 -- 172.21.15.16:0/2656720369 --> [v2:172.21.15.16:3300/0,v1:172.21.15.16:6789/0] -- mon_subscribe({config=0+,monmap=0+}) -- 0x7fef9019f730 con 0x7fef9010b210
2024-05-20T19:29:26.161 INFO:teuthology.orchestra.run.smithi016.stdout:/usr/bin/ceph: stderr
2024-05-20T19:29:25.106+0000 7fef95a00700 1 --2- 172.21.15.16:0/2656720369 >> [v2:172.21.15.16:3300/0,v1:172.21.15.16:6789/0] conn(0x7fef9010b210 0x7fef9019f1f0 secure :-1 s=READY pgs=38 cs=0 l=1 rev1=1 crypto rx=0x7fef84009fb0 tx=0x7fef84011940 comp rx=0 tx=0).ready entity=mon.0 client_cookie=0 server_cookie=0 in_seq=0 out_seq=0
2024-05-20T19:29:26.161 INFO:teuthology.orchestra.run.smithi016.stdout:/usr/bin/ceph: stderr
2024-05-20T19:29:25.106+0000 7fef8e000700 1 -- 172.21.15.16:0/2656720369 <== mon.0 v2:172.21.15.16:3300/0 1 ==== mon_map magic: 0 ==== 205+0+0 (secure 0 0 0) 0x7fef840036a0 con 0x7fef9010b210
2024-05-20T19:29:26.161 INFO:teuthology.orchestra.run.smithi016.stdout:/usr/bin/ceph: stderr
2024-05-20T19:29:25.106+0000 7fef98400700 1 -- 172.21.15.16:0/2656720369 --> [v2:172.21.15.16:3300/0,v1:172.21.15.16:6789/0] -- mon_subscribe({mgrmap=0+}) -- 0x7fef9019f9c0 con 0x7fef9010b210
2024-05-20T19:29:26.161 INFO:teuthology.orchestra.run.smithi016.stdout:/usr/bin/ceph: stderr
2024-05-20T19:29:25.106+0000 7fef8e000700 1 -- 172.21.15.16:0/2656720369 <== mon.0 v2:172.21.15.16:3300/0 2 ==== config(26 keys) ==== 1070+0+0 (secure 0 0 0) 0x7fef8401a430 con 0x7fef9010b210
2024-05-20T19:29:26.161 INFO:teuthology.orchestra.run.smithi016.stdout:/usr/bin/ceph: stderr
2024-05-20T19:29:25.106+0000 7fef8e000700 1 -- 172.21.15.16:0/2656720369 <== mon.0 v2:172.21.15.16:3300/0 3 ==== mon_map magic: 0 ==== 205+0+0 (secure 0 0 0) 0x7fef84019550 con 0x7fef9010b210
2024-05-20T19:29:26.161 INFO:teuthology.orchestra.run.smithi016.stdout:/usr/bin/ceph: stderr
2024-05-20T19:29:25.106+0000 7fef98400700 1 -- 172.21.15.16:0/2656720369 --> [v2:172.21.15.16:3300/0,v1:172.21.15.16:6789/0] -- mon_subscribe({osdmap=0}) -- 0x7fef901a26b0 con 0x7fef9010b210
2024-05-20T19:29:26.161 INFO:teuthology.orchestra.run.smithi016.stdout:/usr/bin/ceph: stderr
2024-05-20T19:29:25.108+0000 7fef98400700 1 -- 172.21.15.16:0/2656720369 --> [v2:172.21.15.16:3300/0,v1:172.21.15.16:6789/0] -- mon_command({"prefix": "get_command_descriptions"} v 0) -- 0x7fef90064ba0 con 0x7fef9010b210
2024-05-20T19:29:26.161 INFO:teuthology.orchestra.run.smithi016.stdout:/usr/bin/ceph: stderr
2024-05-20T19:29:25.108+0000 7fef8e000700 1 -- 172.21.15.16:0/2656720369 <== mon.0 v2:172.21.15.16:3300/0 4 ==== mgrmap(e 8) ==== 50222+0+0 (secure 0 0 0) 0x7fef8401a8e0 con 0x7fef9010b210
2024-05-20T19:29:26.162 INFO:teuthology.orchestra.run.smithi016.stdout:/usr/bin/ceph: stderr
2024-05-20T19:29:25.108+0000 7fef8e000700 1 --2- 172.21.15.16:0/2656720369 >> [v2:172.21.15.16:6800/3489104006,v1:172.21.15.16:6801/3489104006] conn(0x7fef7803e420 0x7fef780408e0 unknown :-1 s=NONE pgs=0 cs=0 l=1 rev1=0 crypto rx=0 tx=0 comp rx=0 tx=0).connect
2024-05-20T19:29:26.162 INFO:teuthology.orchestra.run.smithi016.stdout:/usr/bin/ceph: stderr
2024-05-20T19:29:25.109+0000 7fef8e000700 1 -- 172.21.15.16:0/2656720369 <== mon.0 v2:172.21.15.16:3300/0 5 ==== osd_map(2..2 src has 1..2) ==== 940+0+0 (secure 0 0 0) 0x7fef84053920 con 0x7fef9010b210
2024-05-20T19:29:26.162 INFO:teuthology.orchestra.run.smithi016.stdout:/usr/bin/ceph: stderr
2024-05-20T19:29:25.109+0000 7fef95000700 1 --2- 172.21.15.16:0/2656720369 >> [v2:172.21.15.16:6800/3489104006,v1:172.21.15.16:6801/3489104006] conn(0x7fef7803e420 0x7fef780408e0 unknown :-1 s=BANNER_CONNECTING pgs=0 cs=0 l=1 rev1=0 crypto rx=0 tx=0 comp rx=0 tx=0)._handle_peer_banner_payload supported=3 required=0
2024-05-20T19:29:26.162 INFO:teuthology.orchestra.run.smithi016.stdout:/usr/bin/ceph: stderr
2024-05-20T19:29:25.109+0000 7fef95000700 1 --2- 172.21.15.16:0/2656720369 >> [v2:172.21.15.16:6800/3489104006,v1:172.21.15.16:6801/3489104006] conn(0x7fef7803e420 0x7fef780408e0 secure :-1 s=READY pgs=7 cs=0 l=1 rev1=1 crypto rx=0x7fef7c006fd0 tx=0x7fef7c006e40 comp rx=0 tx=0).ready entity=mgr.14120 client_cookie=0 server_cookie=0 in_seq=0 out_seq=0
2024-05-20T19:29:26.162 INFO:teuthology.orchestra.run.smithi016.stdout:/usr/bin/ceph: stderr
2024-05-20T19:29:25.115+0000 7fef8e000700 1 -- 172.21.15.16:0/2656720369 <== mon.0 v2:172.21.15.16:3300/0 6 ==== mon_command_ack([{"prefix": "get_command_descriptions"}]=0 v0) ==== 72+0+191963 (secure 0 0 0) 0x7fef84017e90 con 0x7fef9010b210
2024-05-20T19:29:26.162 INFO:teuthology.orchestra.run.smithi016.stdout:/usr/bin/ceph: stderr
2024-05-20T19:29:25.369+0000 7fef98400700 1 -- 172.21.15.16:0/2656720369 --> [v2:172.21.15.16:6800/3489104006,v1:172.21.15.16:6801/3489104006] -- mgr_command(tid 0: {"prefix": "orch set backend", "module_name": "cephadm", "target": ["mon-mgr", ""]}) -- 0x7fef90109540 con 0x7fef7803e420
2024-05-20T19:29:26.162 INFO:teuthology.orchestra.run.smithi016.stdout:/usr/bin/ceph: stderr
2024-05-20T19:29:25.380+0000 7fef8e000700 1 -- 172.21.15.16:0/2656720369 <== mgr.14120 v2:172.21.15.16:6800/3489104006 1 ==== mgr_command_reply(tid 0: 0 ) ==== 8+0+0 (secure 0 0 0) 0x7fef90109540 con 0x7fef7803e420
2024-05-20T19:29:26.162 INFO:teuthology.orchestra.run.smithi016.stdout:/usr/bin/ceph: stderr
2024-05-20T19:29:25.383+0000 7fef98400700 1 -- 172.21.15.16:0/2656720369 >> [v2:172.21.15.16:6800/3489104006,v1:172.21.15.16:6801/3489104006] conn(0x7fef7803e420 msgr2=0x7fef780408e0 secure :-1 s=STATE_CONNECTION_ESTABLISHED l=1).mark_down
2024-05-20T19:29:26.162 INFO:teuthology.orchestra.run.smithi016.stdout:/usr/bin/ceph: stderr
2024-05-20T19:29:25.383+0000 7fef98400700 1 --2- 172.21.15.16:0/2656720369 >> [v2:172.21.15.16:6800/3489104006,v1:172.21.15.16:6801/3489104006] conn(0x7fef7803e420 0x7fef780408e0 secure :-1 s=READY pgs=7 cs=0 l=1 rev1=1 crypto rx=0x7fef7c006fd0 tx=0x7fef7c006e40 comp rx=0 tx=0).stop
2024-05-20T19:29:26.162 INFO:teuthology.orchestra.run.smithi016.stdout:/usr/bin/ceph: stderr
2024-05-20T19:29:25.383+0000 7fef98400700 1 -- 172.21.15.16:0/2656720369 >> [v2:172.21.15.16:3300/0,v1:172.21.15.16:6789/0] conn(0x7fef9010b210 msgr2=0x7fef9019f1f0 secure :-1 s=STATE_CONNECTION_ESTABLISHED l=1).mark_down
2024-05-20T19:29:26.162 INFO:teuthology.orchestra.run.smithi016.stdout:/usr/bin/ceph: stderr
2024-05-20T19:29:25.383+0000 7fef98400700 1 --2- 172.21.15.16:0/2656720369 >> [v2:172.21.15.16:3300/0,v1:172.21.15.16:6789/0] conn(0x7fef9010b210 0x7fef9019f1f0 secure :-1 s=READY pgs=38 cs=0 l=1 rev1=1 crypto rx=0x7fef84009fb0 tx=0x7fef84011940 comp rx=0 tx=0).stop
2024-05-20T19:29:26.162 INFO:teuthology.orchestra.run.smithi016.stdout:/usr/bin/ceph: stderr
2024-05-20T19:29:25.384+0000 7fef98400700 1 -- 172.21.15.16:0/2656720369 shutdown_connections
2024-05-20T19:29:26.162 INFO:teuthology.orchestra.run.smithi016.stdout:/usr/bin/ceph: stderr
2024-05-20T19:29:25.384+0000 7fef98400700 1 --2- 172.21.15.16:0/2656720369 >> [v2:172.21.15.16:6800/3489104006,v1:172.21.15.16:6801/3489104006] conn(0x7fef7803e420 0x7fef780408e0 unknown :-1 s=CLOSED pgs=7 cs=0 l=1 rev1=1 crypto rx=0 tx=0 comp rx=0 tx=0).stop
2024-05-20T19:29:26.162 INFO:teuthology.orchestra.run.smithi016.stdout:/usr/bin/ceph: stderr
2024-05-20T19:29:25.384+0000 7fef98400700 1 --2- 172.21.15.16:0/2656720369 >> [v2:172.21.15.16:3300/0,v1:172.21.15.16:6789/0] conn(0x7fef9010b210 0x7fef9019f1f0 unknown :-1 s=CLOSED pgs=38 cs=0 l=1 rev1=1 crypto rx=0 tx=0 comp rx=0 tx=0).stop
2024-05-20T19:29:26.163 INFO:teuthology.orchestra.run.smithi016.stdout:/usr/bin/ceph: stderr
2024-05-20T19:29:25.384+0000 7fef98400700 1 -- 172.21.15.16:0/2656720369 >> 172.21.15.16:0/2656720369 conn(0x7fef9007e650 msgr2=0x7fef90108e30 unknown :-1 s=STATE_NONE l=0).mark_down
2024-05-20T19:29:26.163 INFO:teuthology.orchestra.run.smithi016.stdout:/usr/bin/ceph: stderr
2024-05-20T19:29:25.384+0000 7fef98400700 1 -- 172.21.15.16:0/2656720369 shutdown_connections
2024-05-20T19:29:26.163 INFO:teuthology.orchestra.run.smithi016.stdout:/usr/bin/ceph: stderr
2024-05-20T19:29:25.385+0000 7fef98400700 1 -- 172.21.15.16:0/2656720369 wait complete.
2024-05-20T19:29:26.772 INFO:journalctl@ceph.mon.a.smithi016.stdout:May 20 19:29:26 smithi016 ceph-mon[31497]: from='client.14132 -' entity='client.admin' cmd=[{"prefix": "orch set backend", "module_name": "cephadm", "target": ["mon-mgr", ""]}]: dispatch
2024-05-20T19:29:27.645 INFO:teuthology.orchestra.run.smithi016.stdout:/usr/bin/ceph: stdout value unchanged
2024-05-20T19:29:27.650 INFO:teuthology.orchestra.run.smithi016.stdout:/usr/bin/ceph: stderr
2024-05-20T19:29:26.797+0000 7fcfb5400700 1 Processor -- start
2024-05-20T19:29:27.650 INFO:teuthology.orchestra.run.smithi016.stdout:/usr/bin/ceph: stderr
2024-05-20T19:29:26.797+0000 7fcfb5400700 1 -- start start
2024-05-20T19:29:27.650 INFO:teuthology.orchestra.run.smithi016.stdout:/usr/bin/ceph: stderr
2024-05-20T19:29:26.798+0000 7fcfb5400700 1 --2- >> [v2:172.21.15.16:3300/0,v1:172.21.15.16:6789/0] conn(0x7fcfb0109aa0 0x7fcfb010be90 unknown :-1 s=NONE pgs=0 cs=0 l=0 rev1=0 crypto rx=0 tx=0 comp rx=0 tx=0).connect
2024-05-20T19:29:27.650 INFO:teuthology.orchestra.run.smithi016.stdout:/usr/bin/ceph: stderr
2024-05-20T19:29:26.798+0000 7fcfb5400700 1 -- --> [v2:172.21.15.16:3300/0,v1:172.21.15.16:6789/0] -- mon_getmap magic: 0 -- 0x7fcfb007d710 con 0x7fcfb0109aa0
2024-05-20T19:29:27.650 INFO:teuthology.orchestra.run.smithi016.stdout:/usr/bin/ceph: stderr
2024-05-20T19:29:26.798+0000 7fcfae800700 1 --2- >> [v2:172.21.15.16:3300/0,v1:172.21.15.16:6789/0] conn(0x7fcfb0109aa0 0x7fcfb010be90 unknown :-1 s=BANNER_CONNECTING pgs=0 cs=0 l=0 rev1=0 crypto rx=0 tx=0 comp rx=0 tx=0)._handle_peer_banner_payload supported=3 required=0
2024-05-20T19:29:27.650 INFO:teuthology.orchestra.run.smithi016.stdout:/usr/bin/ceph: stderr
2024-05-20T19:29:26.798+0000 7fcfae800700 1 --2- >> [v2:172.21.15.16:3300/0,v1:172.21.15.16:6789/0] conn(0x7fcfb0109aa0 0x7fcfb010be90 unknown :-1 s=HELLO_CONNECTING pgs=0 cs=0 l=0 rev1=1 crypto rx=0 tx=0 comp rx=0 tx=0).handle_hello peer v2:172.21.15.16:3300/0 says I am v2:172.21.15.16:60206/0 (socket says 172.21.15.16:60206)
2024-05-20T19:29:27.650 INFO:teuthology.orchestra.run.smithi016.stdout:/usr/bin/ceph: stderr
2024-05-20T19:29:26.798+0000 7fcfae800700 1 -- 172.21.15.16:0/1093426618 learned_addr learned my addr 172.21.15.16:0/1093426618 (peer_addr_for_me v2:172.21.15.16:0/0)
2024-05-20T19:29:27.651 INFO:teuthology.orchestra.run.smithi016.stdout:/usr/bin/ceph: stderr
2024-05-20T19:29:26.799+0000 7fcfae800700 1 -- 172.21.15.16:0/1093426618 --> [v2:172.21.15.16:3300/0,v1:172.21.15.16:6789/0] -- mon_subscribe({config=0+,monmap=0+}) -- 0x7fcfb010c3d0 con 0x7fcfb0109aa0
2024-05-20T19:29:27.651 INFO:teuthology.orchestra.run.smithi016.stdout:/usr/bin/ceph: stderr
2024-05-20T19:29:26.799+0000 7fcfae800700 1 --2- 172.21.15.16:0/1093426618 >> [v2:172.21.15.16:3300/0,v1:172.21.15.16:6789/0] conn(0x7fcfb0109aa0 0x7fcfb010be90 secure :-1 s=READY pgs=39 cs=0 l=1 rev1=1 crypto rx=0x7fcfa00098a0 tx=0x7fcfa0009bb0 comp rx=0 tx=0).ready entity=mon.0 client_cookie=cd800f8a6efbc0d1 server_cookie=0 in_seq=0 out_seq=0
2024-05-20T19:29:27.651 INFO:teuthology.orchestra.run.smithi016.stdout:/usr/bin/ceph: stderr
2024-05-20T19:29:26.800+0000 7fcfad400700 1 -- 172.21.15.16:0/1093426618 <== mon.0 v2:172.21.15.16:3300/0 1 ==== mon_map magic: 0 ==== 205+0+0 (secure 0 0 0) 0x7fcfa0004160 con 0x7fcfb0109aa0
2024-05-20T19:29:27.651 INFO:teuthology.orchestra.run.smithi016.stdout:/usr/bin/ceph: stderr
2024-05-20T19:29:26.800+0000 7fcfad400700 1 -- 172.21.15.16:0/1093426618 <== mon.0 v2:172.21.15.16:3300/0 2 ==== config(26 keys) ==== 1070+0+0 (secure 0 0 0) 0x7fcfa0004300 con 0x7fcfb0109aa0
2024-05-20T19:29:27.651 INFO:teuthology.orchestra.run.smithi016.stdout:/usr/bin/ceph: stderr
2024-05-20T19:29:26.800+0000 7fcfad400700 1 -- 172.21.15.16:0/1093426618 <== mon.0 v2:172.21.15.16:3300/0 3 ==== mon_map magic: 0 ==== 205+0+0 (secure 0 0 0) 0x7fcfa0011af0 con 0x7fcfb0109aa0
2024-05-20T19:29:27.651 INFO:teuthology.orchestra.run.smithi016.stdout:/usr/bin/ceph: stderr
2024-05-20T19:29:26.800+0000 7fcfb5400700 1 -- 172.21.15.16:0/1093426618 >> [v2:172.21.15.16:3300/0,v1:172.21.15.16:6789/0] conn(0x7fcfb0109aa0 msgr2=0x7fcfb010be90 secure :-1 s=STATE_CONNECTION_ESTABLISHED l=1).mark_down
2024-05-20T19:29:27.651 INFO:teuthology.orchestra.run.smithi016.stdout:/usr/bin/ceph: stderr
2024-05-20T19:29:26.800+0000 7fcfb5400700 1 --2- 172.21.15.16:0/1093426618 >> [v2:172.21.15.16:3300/0,v1:172.21.15.16:6789/0] conn(0x7fcfb0109aa0 0x7fcfb010be90 secure :-1 s=READY pgs=39 cs=0 l=1 rev1=1 crypto rx=0x7fcfa00098a0 tx=0x7fcfa0009bb0 comp rx=0 tx=0).stop
2024-05-20T19:29:27.651 INFO:teuthology.orchestra.run.smithi016.stdout:/usr/bin/ceph: stderr
2024-05-20T19:29:26.801+0000 7fcfb5400700 1 -- 172.21.15.16:0/1093426618 shutdown_connections
2024-05-20T19:29:27.651 INFO:teuthology.orchestra.run.smithi016.stdout:/usr/bin/ceph: stderr
2024-05-20T19:29:26.801+0000 7fcfb5400700 1 --2- 172.21.15.16:0/1093426618 >> [v2:172.21.15.16:3300/0,v1:172.21.15.16:6789/0] conn(0x7fcfb0109aa0 0x7fcfb010be90 unknown :-1 s=CLOSED pgs=39 cs=0 l=1 rev1=1 crypto rx=0 tx=0 comp rx=0 tx=0).stop
2024-05-20T19:29:27.651 INFO:teuthology.orchestra.run.smithi016.stdout:/usr/bin/ceph: stderr
2024-05-20T19:29:26.801+0000 7fcfb5400700 1 -- 172.21.15.16:0/1093426618 >> 172.21.15.16:0/1093426618 conn(0x7fcfb0103550 msgr2=0x7fcfb0105970 unknown :-1 s=STATE_NONE l=0).mark_down
2024-05-20T19:29:27.651 INFO:teuthology.orchestra.run.smithi016.stdout:/usr/bin/ceph: stderr
2024-05-20T19:29:26.801+0000 7fcfb5400700 1 -- 172.21.15.16:0/1093426618 shutdown_connections
2024-05-20T19:29:27.651 INFO:teuthology.orchestra.run.smithi016.stdout:/usr/bin/ceph: stderr
2024-05-20T19:29:26.801+0000 7fcfb5400700 1 -- 172.21.15.16:0/1093426618 wait complete.
2024-05-20T19:29:27.651 INFO:teuthology.orchestra.run.smithi016.stdout:/usr/bin/ceph: stderr
2024-05-20T19:29:26.802+0000 7fcfb5400700 1 Processor -- start
2024-05-20T19:29:27.652 INFO:teuthology.orchestra.run.smithi016.stdout:/usr/bin/ceph: stderr
2024-05-20T19:29:26.802+0000 7fcfb5400700 1 -- start start
2024-05-20T19:29:27.652 INFO:teuthology.orchestra.run.smithi016.stdout:/usr/bin/ceph: stderr
2024-05-20T19:29:26.802+0000 7fcfb5400700 1 --2- >> [v2:172.21.15.16:3300/0,v1:172.21.15.16:6789/0] conn(0x7fcfb0109aa0 0x7fcfb019f180 unknown :-1 s=NONE pgs=0 cs=0 l=1 rev1=0 crypto rx=0 tx=0 comp rx=0 tx=0).connect
2024-05-20T19:29:27.652 INFO:teuthology.orchestra.run.smithi016.stdout:/usr/bin/ceph: stderr
2024-05-20T19:29:26.802+0000 7fcfb5400700 1 -- --> [v2:172.21.15.16:3300/0,v1:172.21.15.16:6789/0] -- mon_getmap magic: 0 -- 0x7fcfb010d3a0 con 0x7fcfb0109aa0
2024-05-20T19:29:27.652 INFO:teuthology.orchestra.run.smithi016.stdout:/usr/bin/ceph: stderr
2024-05-20T19:29:26.803+0000 7fcfae800700 1 --2- >> [v2:172.21.15.16:3300/0,v1:172.21.15.16:6789/0] conn(0x7fcfb0109aa0 0x7fcfb019f180 unknown :-1 s=BANNER_CONNECTING pgs=0 cs=0 l=1 rev1=0 crypto rx=0 tx=0 comp rx=0 tx=0)._handle_peer_banner_payload supported=3 required=0
2024-05-20T19:29:27.652 INFO:teuthology.orchestra.run.smithi016.stdout:/usr/bin/ceph: stderr
2024-05-20T19:29:26.803+0000 7fcfae800700 1 --2- >> [v2:172.21.15.16:3300/0,v1:172.21.15.16:6789/0] conn(0x7fcfb0109aa0 0x7fcfb019f180 unknown :-1 s=HELLO_CONNECTING pgs=0 cs=0 l=1 rev1=1 crypto rx=0 tx=0 comp rx=0 tx=0).handle_hello peer v2:172.21.15.16:3300/0 says I am v2:172.21.15.16:60218/0 (socket says 172.21.15.16:60218)
2024-05-20T19:29:27.652 INFO:teuthology.orchestra.run.smithi016.stdout:/usr/bin/ceph: stderr
2024-05-20T19:29:26.803+0000 7fcfae800700 1 -- 172.21.15.16:0/1457834252 learned_addr learned my addr 172.21.15.16:0/1457834252 (peer_addr_for_me v2:172.21.15.16:0/0)
2024-05-20T19:29:27.652 INFO:teuthology.orchestra.run.smithi016.stdout:/usr/bin/ceph: stderr
2024-05-20T19:29:26.803+0000 7fcfae800700 1 -- 172.21.15.16:0/1457834252 --> [v2:172.21.15.16:3300/0,v1:172.21.15.16:6789/0] -- mon_subscribe({config=0+,monmap=0+}) -- 0x7fcfb019f6c0 con 0x7fcfb0109aa0
2024-05-20T19:29:27.652 INFO:teuthology.orchestra.run.smithi016.stdout:/usr/bin/ceph: stderr
2024-05-20T19:29:26.803+0000 7fcfae800700 1 --2- 172.21.15.16:0/1457834252 >> [v2:172.21.15.16:3300/0,v1:172.21.15.16:6789/0] conn(0x7fcfb0109aa0 0x7fcfb019f180 secure :-1 s=READY pgs=40 cs=0 l=1 rev1=1 crypto rx=0x7fcfa0011ac0 tx=0x7fcfa0011ba0 comp rx=0 tx=0).ready entity=mon.0 client_cookie=0 server_cookie=0 in_seq=0 out_seq=0
2024-05-20T19:29:27.652 INFO:teuthology.orchestra.run.smithi016.stdout:/usr/bin/ceph: stderr
2024-05-20T19:29:26.804+0000 7fcfa7400700 1 -- 172.21.15.16:0/1457834252 <== mon.0 v2:172.21.15.16:3300/0 1 ==== mon_map magic: 0 ==== 205+0+0 (secure 0 0 0) 0x7fcfa0003970 con 0x7fcfb0109aa0
2024-05-20T19:29:27.652 INFO:teuthology.orchestra.run.smithi016.stdout:/usr/bin/ceph: stderr
2024-05-20T19:29:26.804+0000 7fcfa7400700 1 -- 172.21.15.16:0/1457834252 <== mon.0 v2:172.21.15.16:3300/0 2 ==== config(26 keys) ==== 1070+0+0 (secure 0 0 0) 0x7fcfa0003b10 con 0x7fcfb0109aa0
2024-05-20T19:29:27.652 INFO:teuthology.orchestra.run.smithi016.stdout:/usr/bin/ceph: stderr
2024-05-20T19:29:26.804+0000 7fcfa7400700 1 -- 172.21.15.16:0/1457834252 <== mon.0 v2:172.21.15.16:3300/0 3 ==== mon_map magic: 0 ==== 205+0+0 (secure 0 0 0) 0x7fcfa0024610 con 0x7fcfb0109aa0
2024-05-20T19:29:27.652 INFO:teuthology.orchestra.run.smithi016.stdout:/usr/bin/ceph: stderr
2024-05-20T19:29:26.804+0000 7fcfb5400700 1 -- 172.21.15.16:0/1457834252 --> [v2:172.21.15.16:3300/0,v1:172.21.15.16:6789/0] -- mon_subscribe({mgrmap=0+}) -- 0x7fcfb019f950 con 0x7fcfb0109aa0
2024-05-20T19:29:27.652 INFO:teuthology.orchestra.run.smithi016.stdout:/usr/bin/ceph: stderr
2024-05-20T19:29:26.804+0000 7fcfb5400700 1 -- 172.21.15.16:0/1457834252 --> [v2:172.21.15.16:3300/0,v1:172.21.15.16:6789/0] -- mon_subscribe({osdmap=0}) -- 0x7fcfb01a2640 con 0x7fcfb0109aa0
2024-05-20T19:29:27.652 INFO:teuthology.orchestra.run.smithi016.stdout:/usr/bin/ceph: stderr
2024-05-20T19:29:26.805+0000 7fcfb5400700 1 -- 172.21.15.16:0/1457834252 --> [v2:172.21.15.16:3300/0,v1:172.21.15.16:6789/0] -- mon_command({"prefix": "get_command_descriptions"} v 0) -- 0x7fcfb006a670 con 0x7fcfb0109aa0
2024-05-20T19:29:27.653 INFO:teuthology.orchestra.run.smithi016.stdout:/usr/bin/ceph: stderr
2024-05-20T19:29:26.805+0000 7fcfa7400700 1 -- 172.21.15.16:0/1457834252 <== mon.0 v2:172.21.15.16:3300/0 4 ==== mgrmap(e 8) ==== 50222+0+0 (secure 0 0 0) 0x7fcfa001a430 con 0x7fcfb0109aa0
2024-05-20T19:29:27.653 INFO:teuthology.orchestra.run.smithi016.stdout:/usr/bin/ceph: stderr
2024-05-20T19:29:26.806+0000 7fcfa7400700 1 --2- 172.21.15.16:0/1457834252 >> [v2:172.21.15.16:6800/3489104006,v1:172.21.15.16:6801/3489104006] conn(0x7fcf9403e4c0 0x7fcf94040980 unknown :-1 s=NONE pgs=0 cs=0 l=1 rev1=0 crypto rx=0 tx=0 comp rx=0 tx=0).connect
2024-05-20T19:29:27.653 INFO:teuthology.orchestra.run.smithi016.stdout:/usr/bin/ceph: stderr
2024-05-20T19:29:26.806+0000 7fcfa7400700 1 -- 172.21.15.16:0/1457834252 <== mon.0 v2:172.21.15.16:3300/0 5 ==== osd_map(2..2 src has 1..2) ==== 940+0+0 (secure 0 0 0) 0x7fcfa0053800 con 0x7fcfb0109aa0
2024-05-20T19:29:27.653 INFO:teuthology.orchestra.run.smithi016.stdout:/usr/bin/ceph: stderr
2024-05-20T19:29:26.806+0000 7fcfade00700 1 --2- 172.21.15.16:0/1457834252 >> [v2:172.21.15.16:6800/3489104006,v1:172.21.15.16:6801/3489104006] conn(0x7fcf9403e4c0 0x7fcf94040980 unknown :-1 s=BANNER_CONNECTING pgs=0 cs=0 l=1 rev1=0 crypto rx=0 tx=0 comp rx=0 tx=0)._handle_peer_banner_payload supported=3 required=0
2024-05-20T19:29:27.653 INFO:teuthology.orchestra.run.smithi016.stdout:/usr/bin/ceph: stderr
2024-05-20T19:29:26.807+0000 7fcfade00700 1 --2- 172.21.15.16:0/1457834252 >> [v2:172.21.15.16:6800/3489104006,v1:172.21.15.16:6801/3489104006] conn(0x7fcf9403e4c0 0x7fcf94040980 secure :-1 s=READY pgs=8 cs=0 l=1 rev1=1 crypto rx=0x7fcf9c006fd0 tx=0x7fcf9c006e40 comp rx=0 tx=0).ready entity=mgr.14120 client_cookie=0 server_cookie=0 in_seq=0 out_seq=0
2024-05-20T19:29:27.653 INFO:teuthology.orchestra.run.smithi016.stdout:/usr/bin/ceph: stderr
2024-05-20T19:29:26.815+0000 7fcfa7400700 1 -- 172.21.15.16:0/1457834252 <== mon.0 v2:172.21.15.16:3300/0 6 ==== mon_command_ack([{"prefix": "get_command_descriptions"}]=0 v0) ==== 72+0+191963 (secure 0 0 0) 0x7fcfa002de10 con 0x7fcfb0109aa0
2024-05-20T19:29:27.653 INFO:teuthology.orchestra.run.smithi016.stdout:/usr/bin/ceph: stderr
2024-05-20T19:29:27.050+0000 7fcfb5400700 1 -- 172.21.15.16:0/1457834252 --> [v2:172.21.15.16:6800/3489104006,v1:172.21.15.16:6801/3489104006] -- mgr_command(tid 0: {"prefix": "cephadm set-user", "user": "root", "target": ["mon-mgr", ""]}) -- 0x7fcfb0104790 con 0x7fcf9403e4c0
2024-05-20T19:29:27.653 INFO:teuthology.orchestra.run.smithi016.stdout:/usr/bin/ceph: stderr
2024-05-20T19:29:27.051+0000 7fcfa7400700 1 -- 172.21.15.16:0/1457834252 <== mgr.14120 v2:172.21.15.16:6800/3489104006 1 ==== mgr_command_reply(tid 0: 0 ) ==== 8+0+16 (secure 0 0 0) 0x7fcfb0104790 con 0x7fcf9403e4c0
2024-05-20T19:29:27.653 INFO:teuthology.orchestra.run.smithi016.stdout:/usr/bin/ceph: stderr
2024-05-20T19:29:27.054+0000 7fcfb5400700 1 -- 172.21.15.16:0/1457834252 >> [v2:172.21.15.16:6800/3489104006,v1:172.21.15.16:6801/3489104006] conn(0x7fcf9403e4c0 msgr2=0x7fcf94040980 secure :-1 s=STATE_CONNECTION_ESTABLISHED l=1).mark_down
2024-05-20T19:29:27.653 INFO:teuthology.orchestra.run.smithi016.stdout:/usr/bin/ceph: stderr
2024-05-20T19:29:27.054+0000 7fcfb5400700 1 --2- 172.21.15.16:0/1457834252 >> [v2:172.21.15.16:6800/3489104006,v1:172.21.15.16:6801/3489104006] conn(0x7fcf9403e4c0 0x7fcf94040980 secure :-1 s=READY pgs=8 cs=0 l=1 rev1=1 crypto rx=0x7fcf9c006fd0 tx=0x7fcf9c006e40 comp rx=0 tx=0).stop
2024-05-20T19:29:27.653 INFO:teuthology.orchestra.run.smithi016.stdout:/usr/bin/ceph: stderr
2024-05-20T19:29:27.054+0000 7fcfb5400700 1 -- 172.21.15.16:0/1457834252 >> [v2:172.21.15.16:3300/0,v1:172.21.15.16:6789/0] conn(0x7fcfb0109aa0 msgr2=0x7fcfb019f180 secure :-1 s=STATE_CONNECTION_ESTABLISHED l=1).mark_down
2024-05-20T19:29:27.653 INFO:teuthology.orchestra.run.smithi016.stdout:/usr/bin/ceph: stderr
2024-05-20T19:29:27.054+0000 7fcfb5400700 1 --2- 172.21.15.16:0/1457834252 >> [v2:172.21.15.16:3300/0,v1:172.21.15.16:6789/0] conn(0x7fcfb0109aa0 0x7fcfb019f180 secure :-1 s=READY pgs=40 cs=0 l=1 rev1=1 crypto rx=0x7fcfa0011ac0 tx=0x7fcfa0011ba0 comp rx=0 tx=0).stop
2024-05-20T19:29:27.653 INFO:teuthology.orchestra.run.smithi016.stdout:/usr/bin/ceph: stderr
2024-05-20T19:29:27.055+0000 7fcfb5400700 1 -- 172.21.15.16:0/1457834252 shutdown_connections
2024-05-20T19:29:27.654 INFO:teuthology.orchestra.run.smithi016.stdout:/usr/bin/ceph: stderr
2024-05-20T19:29:27.055+0000 7fcfb5400700 1 --2- 172.21.15.16:0/1457834252 >> [v2:172.21.15.16:6800/3489104006,v1:172.21.15.16:6801/3489104006] conn(0x7fcf9403e4c0 0x7fcf94040980 unknown :-1 s=CLOSED pgs=8 cs=0 l=1 rev1=1 crypto rx=0 tx=0 comp rx=0 tx=0).stop
2024-05-20T19:29:27.654 INFO:teuthology.orchestra.run.smithi016.stdout:/usr/bin/ceph: stderr
2024-05-20T19:29:27.055+0000 7fcfb5400700 1 --2- 172.21.15.16:0/1457834252 >> [v2:172.21.15.16:3300/0,v1:172.21.15.16:6789/0] conn(0x7fcfb0109aa0 0x7fcfb019f180 unknown :-1 s=CLOSED pgs=40 cs=0 l=1 rev1=1 crypto rx=0 tx=0 comp rx=0 tx=0).stop
2024-05-20T19:29:27.654 INFO:teuthology.orchestra.run.smithi016.stdout:/usr/bin/ceph: stderr
2024-05-20T19:29:27.055+0000 7fcfb5400700 1 -- 172.21.15.16:0/1457834252 >> 172.21.15.16:0/1457834252 conn(0x7fcfb0103550 msgr2=0x7fcfb0104080 unknown :-1 s=STATE_NONE l=0).mark_down
2024-05-20T19:29:27.654 INFO:teuthology.orchestra.run.smithi016.stdout:/usr/bin/ceph: stderr
2024-05-20T19:29:27.055+0000 7fcfb5400700 1 -- 172.21.15.16:0/1457834252 shutdown_connections
2024-05-20T19:29:27.654 INFO:teuthology.orchestra.run.smithi016.stdout:/usr/bin/ceph: stderr
2024-05-20T19:29:27.055+0000 7fcfb5400700 1 -- 172.21.15.16:0/1457834252 wait complete.
2024-05-20T19:29:27.654 INFO:teuthology.orchestra.run.smithi016.stdout:Generating ssh key...
2024-05-20T19:29:27.946 INFO:journalctl@ceph.mon.a.smithi016.stdout:May 20 19:29:27 smithi016 ceph-mon[31497]: from='client.14134 -' entity='client.admin' cmd=[{"prefix": "cephadm set-user", "user": "root", "target": ["mon-mgr", ""]}]: dispatch
2024-05-20T19:29:29.104 INFO:journalctl@ceph.mgr.x.smithi016.stdout:May 20 19:29:28 smithi016 ceph-036aacd6-16df-11ef-bc9a-c7b262605968-mgr-x[31738]: Generating public/private rsa key pair.
2024-05-20T19:29:29.104 INFO:journalctl@ceph.mgr.x.smithi016.stdout:May 20 19:29:28 smithi016 ceph-036aacd6-16df-11ef-bc9a-c7b262605968-mgr-x[31738]: Your identification has been saved in /tmp/tmpzyegioyn/key.
2024-05-20T19:29:29.104 INFO:journalctl@ceph.mgr.x.smithi016.stdout:May 20 19:29:28 smithi016 ceph-036aacd6-16df-11ef-bc9a-c7b262605968-mgr-x[31738]: Your public key has been saved in /tmp/tmpzyegioyn/key.pub.
2024-05-20T19:29:29.104 INFO:journalctl@ceph.mgr.x.smithi016.stdout:May 20 19:29:28 smithi016 ceph-036aacd6-16df-11ef-bc9a-c7b262605968-mgr-x[31738]: The key fingerprint is:
2024-05-20T19:29:29.104 INFO:journalctl@ceph.mgr.x.smithi016.stdout:May 20 19:29:28 smithi016 ceph-036aacd6-16df-11ef-bc9a-c7b262605968-mgr-x[31738]: SHA256:T90FdUlZRdiCRjoemH2Tqsj9WHKyZONtVQPGZGKDiiU ceph-036aacd6-16df-11ef-bc9a-c7b262605968
2024-05-20T19:29:29.104 INFO:journalctl@ceph.mgr.x.smithi016.stdout:May 20 19:29:28 smithi016 ceph-036aacd6-16df-11ef-bc9a-c7b262605968-mgr-x[31738]: The key's randomart image is:
2024-05-20T19:29:29.104 INFO:journalctl@ceph.mgr.x.smithi016.stdout:May 20 19:29:28 smithi016 ceph-036aacd6-16df-11ef-bc9a-c7b262605968-mgr-x[31738]: +---[RSA 3072]----+
2024-05-20T19:29:29.105 INFO:journalctl@ceph.mgr.x.smithi016.stdout:May 20 19:29:28 smithi016 ceph-036aacd6-16df-11ef-bc9a-c7b262605968-mgr-x[31738]: | .+++.o*@|
2024-05-20T19:29:29.105 INFO:journalctl@ceph.mgr.x.smithi016.stdout:May 20 19:29:28 smithi016 ceph-036aacd6-16df-11ef-bc9a-c7b262605968-mgr-x[31738]: | E . .= =*.o+o|
2024-05-20T19:29:29.105 INFO:journalctl@ceph.mgr.x.smithi016.stdout:May 20 19:29:28 smithi016 ceph-036aacd6-16df-11ef-bc9a-c7b262605968-mgr-x[31738]: | + .o =o+. ..|
2024-05-20T19:29:29.105 INFO:journalctl@ceph.mgr.x.smithi016.stdout:May 20 19:29:28 smithi016 ceph-036aacd6-16df-11ef-bc9a-c7b262605968-mgr-x[31738]: | . . . * oo. |
2024-05-20T19:29:29.105 INFO:journalctl@ceph.mgr.x.smithi016.stdout:May 20 19:29:28 smithi016 ceph-036aacd6-16df-11ef-bc9a-c7b262605968-mgr-x[31738]: | S + .... |
2024-05-20T19:29:29.105 INFO:journalctl@ceph.mgr.x.smithi016.stdout:May 20 19:29:28 smithi016 ceph-036aacd6-16df-11ef-bc9a-c7b262605968-mgr-x[31738]: | . o + . |
2024-05-20T19:29:29.105 INFO:journalctl@ceph.mgr.x.smithi016.stdout:May 20 19:29:28 smithi016 ceph-036aacd6-16df-11ef-bc9a-c7b262605968-mgr-x[31738]: | o O +. |
2024-05-20T19:29:29.105 INFO:journalctl@ceph.mgr.x.smithi016.stdout:May 20 19:29:28 smithi016 ceph-036aacd6-16df-11ef-bc9a-c7b262605968-mgr-x[31738]: | + @. |
2024-05-20T19:29:29.105 INFO:journalctl@ceph.mgr.x.smithi016.stdout:May 20 19:29:28 smithi016 ceph-036aacd6-16df-11ef-bc9a-c7b262605968-mgr-x[31738]: | +.o |
2024-05-20T19:29:29.105 INFO:journalctl@ceph.mgr.x.smithi016.stdout:May 20 19:29:28 smithi016 ceph-036aacd6-16df-11ef-bc9a-c7b262605968-mgr-x[31738]: +----[SHA256]-----+
2024-05-20T19:29:29.668 INFO:teuthology.orchestra.run.smithi016.stdout:/usr/bin/ceph: stderr
2024-05-20T19:29:28.289+0000 7f33f9200700 1 Processor -- start
2024-05-20T19:29:29.668 INFO:teuthology.orchestra.run.smithi016.stdout:/usr/bin/ceph: stderr
2024-05-20T19:29:28.290+0000 7f33f9200700 1 -- start start
2024-05-20T19:29:29.668 INFO:teuthology.orchestra.run.smithi016.stdout:/usr/bin/ceph: stderr
2024-05-20T19:29:28.290+0000 7f33f9200700 1 --2- >> [v2:172.21.15.16:3300/0,v1:172.21.15.16:6789/0] conn(0x7f33f407ed60 0x7f33f407d2d0 unknown :-1 s=NONE pgs=0 cs=0 l=0 rev1=0 crypto rx=0 tx=0 comp rx=0 tx=0).connect
2024-05-20T19:29:29.669 INFO:teuthology.orchestra.run.smithi016.stdout:/usr/bin/ceph: stderr
2024-05-20T19:29:28.290+0000 7f33f9200700 1 -- --> [v2:172.21.15.16:3300/0,v1:172.21.15.16:6789/0] -- mon_getmap magic: 0 -- 0x7f33f407d810 con 0x7f33f407ed60
2024-05-20T19:29:29.669 INFO:teuthology.orchestra.run.smithi016.stdout:/usr/bin/ceph: stderr
2024-05-20T19:29:28.291+0000 7f33f3400700 1 --2- >> [v2:172.21.15.16:3300/0,v1:172.21.15.16:6789/0] conn(0x7f33f407ed60 0x7f33f407d2d0 unknown :-1 s=BANNER_CONNECTING pgs=0 cs=0 l=0 rev1=0 crypto rx=0 tx=0 comp rx=0 tx=0)._handle_peer_banner_payload supported=3 required=0
2024-05-20T19:29:29.669 INFO:teuthology.orchestra.run.smithi016.stdout:/usr/bin/ceph: stderr
2024-05-20T19:29:28.291+0000 7f33f3400700 1 --2- >> [v2:172.21.15.16:3300/0,v1:172.21.15.16:6789/0] conn(0x7f33f407ed60 0x7f33f407d2d0 unknown :-1 s=HELLO_CONNECTING pgs=0 cs=0 l=0 rev1=1 crypto rx=0 tx=0 comp rx=0 tx=0).handle_hello peer v2:172.21.15.16:3300/0 says I am v2:172.21.15.16:60222/0 (socket says 172.21.15.16:60222)
2024-05-20T19:29:29.669 INFO:teuthology.orchestra.run.smithi016.stdout:/usr/bin/ceph: stderr
2024-05-20T19:29:28.291+0000 7f33f3400700 1 -- 172.21.15.16:0/1305053372 learned_addr learned my addr 172.21.15.16:0/1305053372 (peer_addr_for_me v2:172.21.15.16:0/0)
2024-05-20T19:29:29.669 INFO:teuthology.orchestra.run.smithi016.stdout:/usr/bin/ceph: stderr
2024-05-20T19:29:28.291+0000 7f33f3400700 1 -- 172.21.15.16:0/1305053372 --> [v2:172.21.15.16:3300/0,v1:172.21.15.16:6789/0] -- mon_subscribe({config=0+,monmap=0+}) -- 0x7f33f407d990 con 0x7f33f407ed60
2024-05-20T19:29:29.669 INFO:teuthology.orchestra.run.smithi016.stdout:/usr/bin/ceph: stderr
2024-05-20T19:29:28.292+0000 7f33f3400700 1 --2- 172.21.15.16:0/1305053372 >> [v2:172.21.15.16:3300/0,v1:172.21.15.16:6789/0] conn(0x7f33f407ed60 0x7f33f407d2d0 secure :-1 s=READY pgs=41 cs=0 l=1 rev1=1 crypto rx=0x7f33e4009e80 tx=0x7f33e400b330 comp rx=0 tx=0).ready entity=mon.0 client_cookie=321ddf4145e1c424 server_cookie=0 in_seq=0 out_seq=0
2024-05-20T19:29:29.670 INFO:teuthology.orchestra.run.smithi016.stdout:/usr/bin/ceph: stderr
2024-05-20T19:29:28.292+0000 7f33f2a00700 1 -- 172.21.15.16:0/1305053372 <== mon.0 v2:172.21.15.16:3300/0 1 ==== mon_map magic: 0 ==== 205+0+0 (secure 0 0 0) 0x7f33e4017070 con 0x7f33f407ed60
2024-05-20T19:29:29.670 INFO:teuthology.orchestra.run.smithi016.stdout:/usr/bin/ceph: stderr
2024-05-20T19:29:28.292+0000 7f33f2a00700 1 -- 172.21.15.16:0/1305053372 <== mon.0 v2:172.21.15.16:3300/0 2 ==== config(26 keys) ==== 1070+0+0 (secure 0 0 0) 0x7f33e400b8c0 con 0x7f33f407ed60
2024-05-20T19:29:29.672 INFO:teuthology.orchestra.run.smithi016.stdout:/usr/bin/ceph: stderr
2024-05-20T19:29:28.292+0000 7f33f2a00700 1 -- 172.21.15.16:0/1305053372 <== mon.0 v2:172.21.15.16:3300/0 3 ==== mon_map magic: 0 ==== 205+0+0 (secure 0 0 0) 0x7f33e4004490 con 0x7f33f407ed60
2024-05-20T19:29:29.672 INFO:teuthology.orchestra.run.smithi016.stdout:/usr/bin/ceph: stderr
2024-05-20T19:29:28.293+0000 7f33f9200700 1 -- 172.21.15.16:0/1305053372 >> [v2:172.21.15.16:3300/0,v1:172.21.15.16:6789/0] conn(0x7f33f407ed60 msgr2=0x7f33f407d2d0 secure :-1 s=STATE_CONNECTION_ESTABLISHED l=1).mark_down
2024-05-20T19:29:29.672 INFO:teuthology.orchestra.run.smithi016.stdout:/usr/bin/ceph: stderr
2024-05-20T19:29:28.293+0000 7f33f9200700 1 --2- 172.21.15.16:0/1305053372 >> [v2:172.21.15.16:3300/0,v1:172.21.15.16:6789/0] conn(0x7f33f407ed60 0x7f33f407d2d0 secure :-1 s=READY pgs=41 cs=0 l=1 rev1=1 crypto rx=0x7f33e4009e80 tx=0x7f33e400b330 comp rx=0 tx=0).stop
2024-05-20T19:29:29.672 INFO:teuthology.orchestra.run.smithi016.stdout:/usr/bin/ceph: stderr
2024-05-20T19:29:28.293+0000 7f33f9200700 1 -- 172.21.15.16:0/1305053372 shutdown_connections
2024-05-20T19:29:29.672 INFO:teuthology.orchestra.run.smithi016.stdout:/usr/bin/ceph: stderr
2024-05-20T19:29:28.293+0000 7f33f9200700 1 --2- 172.21.15.16:0/1305053372 >> [v2:172.21.15.16:3300/0,v1:172.21.15.16:6789/0] conn(0x7f33f407ed60 0x7f33f407d2d0 unknown :-1 s=CLOSED pgs=41 cs=0 l=1 rev1=1 crypto rx=0 tx=0 comp rx=0 tx=0).stop
2024-05-20T19:29:29.672 INFO:teuthology.orchestra.run.smithi016.stdout:/usr/bin/ceph: stderr
2024-05-20T19:29:28.293+0000 7f33f9200700 1 -- 172.21.15.16:0/1305053372 >> 172.21.15.16:0/1305053372 conn(0x7f33f4104460 msgr2=0x7f33f41068c0 unknown :-1 s=STATE_NONE l=0).mark_down
2024-05-20T19:29:29.672 INFO:teuthology.orchestra.run.smithi016.stdout:/usr/bin/ceph: stderr
2024-05-20T19:29:28.293+0000 7f33f9200700 1 -- 172.21.15.16:0/1305053372 shutdown_connections
2024-05-20T19:29:29.672 INFO:teuthology.orchestra.run.smithi016.stdout:/usr/bin/ceph: stderr
2024-05-20T19:29:28.293+0000 7f33f9200700 1 -- 172.21.15.16:0/1305053372 wait complete.
2024-05-20T19:29:29.672 INFO:teuthology.orchestra.run.smithi016.stdout:/usr/bin/ceph: stderr
2024-05-20T19:29:28.294+0000 7f33f9200700 1 Processor -- start
2024-05-20T19:29:29.672 INFO:teuthology.orchestra.run.smithi016.stdout:/usr/bin/ceph: stderr
2024-05-20T19:29:28.294+0000 7f33f9200700 1 -- start start
2024-05-20T19:29:29.672 INFO:teuthology.orchestra.run.smithi016.stdout:/usr/bin/ceph: stderr
2024-05-20T19:29:28.295+0000 7f33f9200700 1 --2- >> [v2:172.21.15.16:3300/0,v1:172.21.15.16:6789/0] conn(0x7f33f407ed60 0x7f33f419ef60 unknown :-1 s=NONE pgs=0 cs=0 l=1 rev1=0 crypto rx=0 tx=0 comp rx=0 tx=0).connect
2024-05-20T19:29:29.673 INFO:teuthology.orchestra.run.smithi016.stdout:/usr/bin/ceph: stderr
2024-05-20T19:29:28.295+0000 7f33f9200700 1 -- --> [v2:172.21.15.16:3300/0,v1:172.21.15.16:6789/0] -- mon_getmap magic: 0 -- 0x7f33f410f2b0 con 0x7f33f407ed60
2024-05-20T19:29:29.673 INFO:teuthology.orchestra.run.smithi016.stdout:/usr/bin/ceph: stderr
2024-05-20T19:29:28.295+0000 7f33f3400700 1 --2- >> [v2:172.21.15.16:3300/0,v1:172.21.15.16:6789/0] conn(0x7f33f407ed60 0x7f33f419ef60 unknown :-1 s=BANNER_CONNECTING pgs=0 cs=0 l=1 rev1=0 crypto rx=0 tx=0 comp rx=0 tx=0)._handle_peer_banner_payload supported=3 required=0
2024-05-20T19:29:29.673 INFO:teuthology.orchestra.run.smithi016.stdout:/usr/bin/ceph: stderr
2024-05-20T19:29:28.295+0000 7f33f3400700 1 --2- >> [v2:172.21.15.16:3300/0,v1:172.21.15.16:6789/0] conn(0x7f33f407ed60 0x7f33f419ef60 unknown :-1 s=HELLO_CONNECTING pgs=0 cs=0 l=1 rev1=1 crypto rx=0 tx=0 comp rx=0 tx=0).handle_hello peer v2:172.21.15.16:3300/0 says I am v2:172.21.15.16:60238/0 (socket says 172.21.15.16:60238)
2024-05-20T19:29:29.673 INFO:teuthology.orchestra.run.smithi016.stdout:/usr/bin/ceph: stderr
2024-05-20T19:29:28.295+0000 7f33f3400700 1 -- 172.21.15.16:0/2786778201 learned_addr learned my addr 172.21.15.16:0/2786778201 (peer_addr_for_me v2:172.21.15.16:0/0)
2024-05-20T19:29:29.673 INFO:teuthology.orchestra.run.smithi016.stdout:/usr/bin/ceph: stderr
2024-05-20T19:29:28.295+0000 7f33f3400700 1 -- 172.21.15.16:0/2786778201 --> [v2:172.21.15.16:3300/0,v1:172.21.15.16:6789/0] -- mon_subscribe({config=0+,monmap=0+}) -- 0x7f33f419f4a0 con 0x7f33f407ed60
2024-05-20T19:29:29.673 INFO:teuthology.orchestra.run.smithi016.stdout:/usr/bin/ceph: stderr
2024-05-20T19:29:28.295+0000 7f33f3400700 1 --2- 172.21.15.16:0/2786778201 >> [v2:172.21.15.16:3300/0,v1:172.21.15.16:6789/0] conn(0x7f33f407ed60 0x7f33f419ef60 secure :-1 s=READY pgs=42 cs=0 l=1 rev1=1 crypto rx=0x7f33e400b7b0 tx=0x7f33e400be90 comp rx=0 tx=0).ready entity=mon.0 client_cookie=0 server_cookie=0 in_seq=0 out_seq=0
2024-05-20T19:29:29.673 INFO:teuthology.orchestra.run.smithi016.stdout:/usr/bin/ceph: stderr
2024-05-20T19:29:28.296+0000 7f33f0c00700 1 -- 172.21.15.16:0/2786778201 <== mon.0 v2:172.21.15.16:3300/0 1 ==== mon_map magic: 0 ==== 205+0+0 (secure 0 0 0) 0x7f33e4020020 con 0x7f33f407ed60
2024-05-20T19:29:29.675 INFO:teuthology.orchestra.run.smithi016.stdout:/usr/bin/ceph: stderr
2024-05-20T19:29:28.296+0000 7f33f0c00700 1 -- 172.21.15.16:0/2786778201 <== mon.0 v2:172.21.15.16:3300/0 2 ==== config(26 keys) ==== 1070+0+0 (secure 0 0 0) 0x7f33e4003d10 con 0x7f33f407ed60
2024-05-20T19:29:29.675 INFO:teuthology.orchestra.run.smithi016.stdout:/usr/bin/ceph: stderr
2024-05-20T19:29:28.296+0000 7f33f0c00700 1 -- 172.21.15.16:0/2786778201 <== mon.0 v2:172.21.15.16:3300/0 3 ==== mon_map magic: 0 ==== 205+0+0 (secure 0 0 0) 0x7f33e4017040 con 0x7f33f407ed60
2024-05-20T19:29:29.675 INFO:teuthology.orchestra.run.smithi016.stdout:/usr/bin/ceph: stderr
2024-05-20T19:29:28.296+0000 7f33f9200700 1 -- 172.21.15.16:0/2786778201 --> [v2:172.21.15.16:3300/0,v1:172.21.15.16:6789/0] -- mon_subscribe({mgrmap=0+}) -- 0x7f33f419f730 con 0x7f33f407ed60
2024-05-20T19:29:29.676 INFO:teuthology.orchestra.run.smithi016.stdout:/usr/bin/ceph: stderr
2024-05-20T19:29:28.296+0000 7f33f9200700 1 -- 172.21.15.16:0/2786778201 --> [v2:172.21.15.16:3300/0,v1:172.21.15.16:6789/0] -- mon_subscribe({osdmap=0}) -- 0x7f33f41a2420 con 0x7f33f407ed60
2024-05-20T19:29:29.676 INFO:teuthology.orchestra.run.smithi016.stdout:/usr/bin/ceph: stderr
2024-05-20T19:29:28.297+0000 7f33f0c00700 1 -- 172.21.15.16:0/2786778201 <== mon.0 v2:172.21.15.16:3300/0 4 ==== mgrmap(e 8) ==== 50222+0+0 (secure 0 0 0) 0x7f33e4023020 con 0x7f33f407ed60
2024-05-20T19:29:29.676 INFO:teuthology.orchestra.run.smithi016.stdout:/usr/bin/ceph: stderr
2024-05-20T19:29:28.297+0000 7f33f9200700 1 -- 172.21.15.16:0/2786778201 --> [v2:172.21.15.16:3300/0,v1:172.21.15.16:6789/0] -- mon_command({"prefix": "get_command_descriptions"} v 0) -- 0x7f33f406a670 con 0x7f33f407ed60
2024-05-20T19:29:29.676 INFO:teuthology.orchestra.run.smithi016.stdout:/usr/bin/ceph: stderr
2024-05-20T19:29:28.298+0000 7f33f0c00700 1 --2- 172.21.15.16:0/2786778201 >> [v2:172.21.15.16:6800/3489104006,v1:172.21.15.16:6801/3489104006] conn(0x7f33d803e520 0x7f33d80409e0 unknown :-1 s=NONE pgs=0 cs=0 l=1 rev1=0 crypto rx=0 tx=0 comp rx=0 tx=0).connect
2024-05-20T19:29:29.676 INFO:teuthology.orchestra.run.smithi016.stdout:/usr/bin/ceph: stderr
2024-05-20T19:29:28.298+0000 7f33f0c00700 1 -- 172.21.15.16:0/2786778201 <== mon.0 v2:172.21.15.16:3300/0 5 ==== osd_map(2..2 src has 1..2) ==== 940+0+0 (secure 0 0 0) 0x7f33e400f050 con 0x7f33f407ed60
2024-05-20T19:29:29.676 INFO:teuthology.orchestra.run.smithi016.stdout:/usr/bin/ceph: stderr
2024-05-20T19:29:28.298+0000 7f33eaa00700 1 --2- 172.21.15.16:0/2786778201 >> [v2:172.21.15.16:6800/3489104006,v1:172.21.15.16:6801/3489104006] conn(0x7f33d803e520 0x7f33d80409e0 unknown :-1 s=BANNER_CONNECTING pgs=0 cs=0 l=1 rev1=0 crypto rx=0 tx=0 comp rx=0 tx=0)._handle_peer_banner_payload supported=3 required=0
2024-05-20T19:29:29.676 INFO:teuthology.orchestra.run.smithi016.stdout:/usr/bin/ceph: stderr
2024-05-20T19:29:28.299+0000 7f33eaa00700 1 --2- 172.21.15.16:0/2786778201 >> [v2:172.21.15.16:6800/3489104006,v1:172.21.15.16:6801/3489104006] conn(0x7f33d803e520 0x7f33d80409e0 secure :-1 s=READY pgs=9 cs=0 l=1 rev1=1 crypto rx=0x7f33dc006fd0 tx=0x7f33dc006e40 comp rx=0 tx=0).ready entity=mgr.14120 client_cookie=0 server_cookie=0 in_seq=0 out_seq=0
2024-05-20T19:29:29.676 INFO:teuthology.orchestra.run.smithi016.stdout:/usr/bin/ceph: stderr
2024-05-20T19:29:28.303+0000 7f33f0c00700 1 -- 172.21.15.16:0/2786778201 <== mon.0 v2:172.21.15.16:3300/0 6 ==== mon_command_ack([{"prefix": "get_command_descriptions"}]=0 v0) ==== 72+0+191963 (secure 0 0 0) 0x7f33e402a020 con 0x7f33f407ed60
2024-05-20T19:29:29.676 INFO:teuthology.orchestra.run.smithi016.stdout:/usr/bin/ceph: stderr
2024-05-20T19:29:28.540+0000 7f33f9200700 1 -- 172.21.15.16:0/2786778201 --> [v2:172.21.15.16:6800/3489104006,v1:172.21.15.16:6801/3489104006] -- mgr_command(tid 0: {"prefix": "cephadm generate-key", "target": ["mon-mgr", ""]}) -- 0x7f33f41056f0 con 0x7f33d803e520
2024-05-20T19:29:29.676 INFO:teuthology.orchestra.run.smithi016.stdout:/usr/bin/ceph: stderr
2024-05-20T19:29:28.846+0000 7f33f0c00700 1 -- 172.21.15.16:0/2786778201 <== mgr.14120 v2:172.21.15.16:6800/3489104006 1 ==== mgr_command_reply(tid 0: 0 ) ==== 8+0+0 (secure 0 0 0) 0x7f33f41056f0 con 0x7f33d803e520
2024-05-20T19:29:29.676 INFO:teuthology.orchestra.run.smithi016.stdout:/usr/bin/ceph: stderr
2024-05-20T19:29:28.849+0000 7f33f9200700 1 -- 172.21.15.16:0/2786778201 >> [v2:172.21.15.16:6800/3489104006,v1:172.21.15.16:6801/3489104006] conn(0x7f33d803e520 msgr2=0x7f33d80409e0 secure :-1 s=STATE_CONNECTION_ESTABLISHED l=1).mark_down
2024-05-20T19:29:29.676 INFO:teuthology.orchestra.run.smithi016.stdout:/usr/bin/ceph: stderr
2024-05-20T19:29:28.849+0000 7f33f9200700 1 --2- 172.21.15.16:0/2786778201 >> [v2:172.21.15.16:6800/3489104006,v1:172.21.15.16:6801/3489104006] conn(0x7f33d803e520 0x7f33d80409e0 secure :-1 s=READY pgs=9 cs=0 l=1 rev1=1 crypto rx=0x7f33dc006fd0 tx=0x7f33dc006e40 comp rx=0 tx=0).stop
2024-05-20T19:29:29.676 INFO:teuthology.orchestra.run.smithi016.stdout:/usr/bin/ceph: stderr
2024-05-20T19:29:28.849+0000 7f33f9200700 1 -- 172.21.15.16:0/2786778201 >> [v2:172.21.15.16:3300/0,v1:172.21.15.16:6789/0] conn(0x7f33f407ed60 msgr2=0x7f33f419ef60 secure :-1 s=STATE_CONNECTION_ESTABLISHED l=1).mark_down
2024-05-20T19:29:29.676 INFO:teuthology.orchestra.run.smithi016.stdout:/usr/bin/ceph: stderr
2024-05-20T19:29:28.849+0000 7f33f9200700 1 --2- 172.21.15.16:0/2786778201 >> [v2:172.21.15.16:3300/0,v1:172.21.15.16:6789/0] conn(0x7f33f407ed60 0x7f33f419ef60 secure :-1 s=READY pgs=42 cs=0 l=1 rev1=1 crypto rx=0x7f33e400b7b0 tx=0x7f33e400be90 comp rx=0 tx=0).stop
2024-05-20T19:29:29.677 INFO:teuthology.orchestra.run.smithi016.stdout:/usr/bin/ceph: stderr
2024-05-20T19:29:28.849+0000 7f33f9200700 1 -- 172.21.15.16:0/2786778201 shutdown_connections
2024-05-20T19:29:29.677 INFO:teuthology.orchestra.run.smithi016.stdout:/usr/bin/ceph: stderr
2024-05-20T19:29:28.849+0000 7f33f9200700 1 --2- 172.21.15.16:0/2786778201 >> [v2:172.21.15.16:6800/3489104006,v1:172.21.15.16:6801/3489104006] conn(0x7f33d803e520 0x7f33d80409e0 unknown :-1 s=CLOSED pgs=9 cs=0 l=1 rev1=1 crypto rx=0 tx=0 comp rx=0 tx=0).stop
2024-05-20T19:29:29.677 INFO:teuthology.orchestra.run.smithi016.stdout:/usr/bin/ceph: stderr
2024-05-20T19:29:28.849+0000 7f33f9200700 1 --2- 172.21.15.16:0/2786778201 >> [v2:172.21.15.16:3300/0,v1:172.21.15.16:6789/0] conn(0x7f33f407ed60 0x7f33f419ef60 unknown :-1 s=CLOSED pgs=42 cs=0 l=1 rev1=1 crypto rx=0 tx=0 comp rx=0 tx=0).stop
2024-05-20T19:29:29.677 INFO:teuthology.orchestra.run.smithi016.stdout:/usr/bin/ceph: stderr
2024-05-20T19:29:28.849+0000 7f33f9200700 1 -- 172.21.15.16:0/2786778201 >> 172.21.15.16:0/2786778201 conn(0x7f33f4104460 msgr2=0x7f33f4104fe0 unknown :-1 s=STATE_NONE l=0).mark_down
2024-05-20T19:29:29.677 INFO:teuthology.orchestra.run.smithi016.stdout:/usr/bin/ceph: stderr
2024-05-20T19:29:28.850+0000 7f33f9200700 1 -- 172.21.15.16:0/2786778201 shutdown_connections
2024-05-20T19:29:29.677 INFO:teuthology.orchestra.run.smithi016.stdout:/usr/bin/ceph: stderr
2024-05-20T19:29:28.850+0000 7f33f9200700 1 -- 172.21.15.16:0/2786778201 wait complete.
2024-05-20T19:29:29.979 INFO:journalctl@ceph.mon.a.smithi016.stdout:May 20 19:29:29 smithi016 ceph-mon[31497]: from='client.14136 -' entity='client.admin' cmd=[{"prefix": "cephadm generate-key", "target": ["mon-mgr", ""]}]: dispatch
2024-05-20T19:29:29.979 INFO:journalctl@ceph.mon.a.smithi016.stdout:May 20 19:29:29 smithi016 ceph-mon[31497]: Generating ssh key...
2024-05-20T19:29:29.979 INFO:journalctl@ceph.mon.a.smithi016.stdout:May 20 19:29:29 smithi016 ceph-mon[31497]: from='mgr.14120 172.21.15.16:0/3567646511' entity='mgr.x'
2024-05-20T19:29:29.979 INFO:journalctl@ceph.mon.a.smithi016.stdout:May 20 19:29:29 smithi016 ceph-mon[31497]: from='mgr.14120 172.21.15.16:0/3567646511' entity='mgr.x'
2024-05-20T19:29:31.332 INFO:teuthology.orchestra.run.smithi016.stdout:/usr/bin/ceph: stdout ssh-rsa AAAAB3NzaC1yc2EAAAADAQABAAABgQCrZMm53NS+ZiY0nDQdmpyj6iSSNp5LoUruNgSZex94xc/ucVX2ErDjjnwtGgmj9UnOS9Kyao6xGmRad1JNLF2Iw4hzJdL1o3+KQQw8cHSzl2k8hKrOqbAP604iW2/v98OzldhLfP6V276kuBsqwGjDy2i/iiyAYiIhF9kquXwpHnyAHlpYvAYon3es3uPH4xloIzYnux7N3DrzatS2RVeVekDHKZAwZMf3hMhA4WaBUdaBBCgSMEKzBavWs5oQ6NzjKjoZL7PK/rF5DaklDNih7EFPF8fEjkjCwClRhbPr6UyjUf4rKXP8Hr1/Jwa4sTjqB3kfSafgkqY7D1ku6TpSutl105f4OstnqgkgAP08m1Xxvz7iSoKS8IQZGZo+lahCQt6bZY7v+/UTZBltlzbRRJpGQGg5D9VPeqMubw0dTwIwsN9uxlqU91piqiBvtdFQNMUGJcxVXCbrhKy39pRxIZ2uSBCxg9m09o/vTBL+abB+fTvuVrhivJ0ho/B8D7s= ceph-036aacd6-16df-11ef-bc9a-c7b262605968
2024-05-20T19:29:31.332 INFO:teuthology.orchestra.run.smithi016.stdout:/usr/bin/ceph: stderr
2024-05-20T19:29:30.320+0000 7f80f3000700 1 Processor -- start
2024-05-20T19:29:31.332 INFO:teuthology.orchestra.run.smithi016.stdout:/usr/bin/ceph: stderr
2024-05-20T19:29:30.320+0000 7f80f3000700 1 -- start start
2024-05-20T19:29:31.332 INFO:teuthology.orchestra.run.smithi016.stdout:/usr/bin/ceph: stderr
2024-05-20T19:29:30.321+0000 7f80f3000700 1 --2- >> [v2:172.21.15.16:3300/0,v1:172.21.15.16:6789/0] conn(0x7f80ec109040 0x7f80ec109460 unknown :-1 s=NONE pgs=0 cs=0 l=0 rev1=0 crypto rx=0 tx=0 comp rx=0 tx=0).connect
2024-05-20T19:29:31.332 INFO:teuthology.orchestra.run.smithi016.stdout:/usr/bin/ceph: stderr
2024-05-20T19:29:30.321+0000 7f80f3000700 1 -- --> [v2:172.21.15.16:3300/0,v1:172.21.15.16:6789/0] -- mon_getmap magic: 0 -- 0x7f80ec1099a0 con 0x7f80ec109040
2024-05-20T19:29:31.332 INFO:teuthology.orchestra.run.smithi016.stdout:/usr/bin/ceph: stderr
2024-05-20T19:29:30.321+0000 7f80ebe00700 1 --2- >> [v2:172.21.15.16:3300/0,v1:172.21.15.16:6789/0] conn(0x7f80ec109040 0x7f80ec109460 unknown :-1 s=BANNER_CONNECTING pgs=0 cs=0 l=0 rev1=0 crypto rx=0 tx=0 comp rx=0 tx=0)._handle_peer_banner_payload supported=3 required=0
2024-05-20T19:29:31.337 INFO:teuthology.orchestra.run.smithi016.stdout:/usr/bin/ceph: stderr
2024-05-20T19:29:30.322+0000 7f80ebe00700 1 --2- >> [v2:172.21.15.16:3300/0,v1:172.21.15.16:6789/0] conn(0x7f80ec109040 0x7f80ec109460 unknown :-1 s=HELLO_CONNECTING pgs=0 cs=0 l=0 rev1=1 crypto rx=0 tx=0 comp rx=0 tx=0).handle_hello peer v2:172.21.15.16:3300/0 says I am v2:172.21.15.16:60250/0 (socket says 172.21.15.16:60250)
2024-05-20T19:29:31.337 INFO:teuthology.orchestra.run.smithi016.stdout:/usr/bin/ceph: stderr
2024-05-20T19:29:30.322+0000 7f80ebe00700 1 -- 172.21.15.16:0/3857016230 learned_addr learned my addr 172.21.15.16:0/3857016230 (peer_addr_for_me v2:172.21.15.16:0/0)
