2024-05-20T19:29:42.793+0000 7efebbe00700 1 -- 172.21.15.16:0/1553609472 learned_addr learned my addr 172.21.15.16:0/1553609472 (peer_addr_for_me v2:172.21.15.16:0/0)
2024-05-20T19:29:43.760 INFO:teuthology.orchestra.run.smithi016.stdout:/usr/bin/ceph: stderr
2024-05-20T19:29:42.794+0000 7efebbe00700 1 -- 172.21.15.16:0/1553609472 --> [v2:172.21.15.16:3300/0,v1:172.21.15.16:6789/0] -- mon_subscribe({config=0+,monmap=0+}) -- 0x7efebc1081c0 con 0x7efebc107860
2024-05-20T19:29:43.760 INFO:teuthology.orchestra.run.smithi016.stdout:/usr/bin/ceph: stderr
2024-05-20T19:29:42.794+0000 7efebbe00700 1 --2- 172.21.15.16:0/1553609472 >> [v2:172.21.15.16:3300/0,v1:172.21.15.16:6789/0] conn(0x7efebc107860 0x7efebc107c80 secure :-1 s=READY pgs=49 cs=0 l=1 rev1=1 crypto rx=0x7efeac0098a0 tx=0x7efeac009bb0 comp rx=0 tx=0).ready entity=mon.0 client_cookie=ba127db3bfae3e16 server_cookie=0 in_seq=0 out_seq=0
2024-05-20T19:29:43.760 INFO:teuthology.orchestra.run.smithi016.stdout:/usr/bin/ceph: stderr
2024-05-20T19:29:42.794+0000 7efebb400700 1 -- 172.21.15.16:0/1553609472 <== mon.0 v2:172.21.15.16:3300/0 1 ==== mon_map magic: 0 ==== 205+0+0 (secure 0 0 0) 0x7efeac004160 con 0x7efebc107860
2024-05-20T19:29:43.760 INFO:teuthology.orchestra.run.smithi016.stdout:/usr/bin/ceph: stderr
2024-05-20T19:29:42.795+0000 7efebb400700 1 -- 172.21.15.16:0/1553609472 <== mon.0 v2:172.21.15.16:3300/0 2 ==== config(26 keys) ==== 1101+0+0 (secure 0 0 0) 0x7efeac004300 con 0x7efebc107860
2024-05-20T19:29:43.760 INFO:teuthology.orchestra.run.smithi016.stdout:/usr/bin/ceph: stderr
2024-05-20T19:29:42.795+0000 7efebb400700 1 -- 172.21.15.16:0/1553609472 <== mon.0 v2:172.21.15.16:3300/0 3 ==== mon_map magic: 0 ==== 205+0+0 (secure 0 0 0) 0x7efeac011a20 con 0x7efebc107860
2024-05-20T19:29:43.760 INFO:teuthology.orchestra.run.smithi016.stdout:/usr/bin/ceph: stderr
2024-05-20T19:29:42.795+0000 7efec2e00700 1 -- 172.21.15.16:0/1553609472 >> [v2:172.21.15.16:3300/0,v1:172.21.15.16:6789/0] conn(0x7efebc107860 msgr2=0x7efebc107c80 secure :-1 s=STATE_CONNECTION_ESTABLISHED l=1).mark_down
2024-05-20T19:29:43.760 INFO:teuthology.orchestra.run.smithi016.stdout:/usr/bin/ceph: stderr
2024-05-20T19:29:42.795+0000 7efec2e00700 1 --2- 172.21.15.16:0/1553609472 >> [v2:172.21.15.16:3300/0,v1:172.21.15.16:6789/0] conn(0x7efebc107860 0x7efebc107c80 secure :-1 s=READY pgs=49 cs=0 l=1 rev1=1 crypto rx=0x7efeac0098a0 tx=0x7efeac009bb0 comp rx=0 tx=0).stop
2024-05-20T19:29:43.760 INFO:teuthology.orchestra.run.smithi016.stdout:/usr/bin/ceph: stderr
2024-05-20T19:29:42.796+0000 7efec2e00700 1 -- 172.21.15.16:0/1553609472 shutdown_connections
2024-05-20T19:29:43.760 INFO:teuthology.orchestra.run.smithi016.stdout:/usr/bin/ceph: stderr
2024-05-20T19:29:42.796+0000 7efec2e00700 1 --2- 172.21.15.16:0/1553609472 >> [v2:172.21.15.16:3300/0,v1:172.21.15.16:6789/0] conn(0x7efebc107860 0x7efebc107c80 unknown :-1 s=CLOSED pgs=49 cs=0 l=1 rev1=1 crypto rx=0 tx=0 comp rx=0 tx=0).stop
2024-05-20T19:29:43.760 INFO:teuthology.orchestra.run.smithi016.stdout:/usr/bin/ceph: stderr
2024-05-20T19:29:42.796+0000 7efec2e00700 1 -- 172.21.15.16:0/1553609472 >> 172.21.15.16:0/1553609472 conn(0x7efebc103480 msgr2=0x7efebc1058a0 unknown :-1 s=STATE_NONE l=0).mark_down
2024-05-20T19:29:43.761 INFO:teuthology.orchestra.run.smithi016.stdout:/usr/bin/ceph: stderr
2024-05-20T19:29:42.796+0000 7efec2e00700 1 -- 172.21.15.16:0/1553609472 shutdown_connections
2024-05-20T19:29:43.761 INFO:teuthology.orchestra.run.smithi016.stdout:/usr/bin/ceph: stderr
2024-05-20T19:29:42.796+0000 7efec2e00700 1 -- 172.21.15.16:0/1553609472 wait complete.
2024-05-20T19:29:43.761 INFO:teuthology.orchestra.run.smithi016.stdout:/usr/bin/ceph: stderr
2024-05-20T19:29:42.797+0000 7efec2e00700 1 Processor -- start
2024-05-20T19:29:43.761 INFO:teuthology.orchestra.run.smithi016.stdout:/usr/bin/ceph: stderr
2024-05-20T19:29:42.797+0000 7efec2e00700 1 -- start start
2024-05-20T19:29:43.761 INFO:teuthology.orchestra.run.smithi016.stdout:/usr/bin/ceph: stderr
2024-05-20T19:29:42.798+0000 7efec2e00700 1 --2- >> [v2:172.21.15.16:3300/0,v1:172.21.15.16:6789/0] conn(0x7efebc107860 0x7efebc19f0b0 unknown :-1 s=NONE pgs=0 cs=0 l=1 rev1=0 crypto rx=0 tx=0 comp rx=0 tx=0).connect
2024-05-20T19:29:43.761 INFO:teuthology.orchestra.run.smithi016.stdout:/usr/bin/ceph: stderr
2024-05-20T19:29:42.798+0000 7efec2e00700 1 -- --> [v2:172.21.15.16:3300/0,v1:172.21.15.16:6789/0] -- mon_getmap magic: 0 -- 0x7efebc109230 con 0x7efebc107860
2024-05-20T19:29:43.761 INFO:teuthology.orchestra.run.smithi016.stdout:/usr/bin/ceph: stderr
2024-05-20T19:29:42.798+0000 7efebbe00700 1 --2- >> [v2:172.21.15.16:3300/0,v1:172.21.15.16:6789/0] conn(0x7efebc107860 0x7efebc19f0b0 unknown :-1 s=BANNER_CONNECTING pgs=0 cs=0 l=1 rev1=0 crypto rx=0 tx=0 comp rx=0 tx=0)._handle_peer_banner_payload supported=3 required=0
2024-05-20T19:29:43.761 INFO:teuthology.orchestra.run.smithi016.stdout:/usr/bin/ceph: stderr
2024-05-20T19:29:42.798+0000 7efebbe00700 1 --2- >> [v2:172.21.15.16:3300/0,v1:172.21.15.16:6789/0] conn(0x7efebc107860 0x7efebc19f0b0 unknown :-1 s=HELLO_CONNECTING pgs=0 cs=0 l=1 rev1=1 crypto rx=0 tx=0 comp rx=0 tx=0).handle_hello peer v2:172.21.15.16:3300/0 says I am v2:172.21.15.16:38160/0 (socket says 172.21.15.16:38160)
2024-05-20T19:29:43.761 INFO:teuthology.orchestra.run.smithi016.stdout:/usr/bin/ceph: stderr
2024-05-20T19:29:42.798+0000 7efebbe00700 1 -- 172.21.15.16:0/262387112 learned_addr learned my addr 172.21.15.16:0/262387112 (peer_addr_for_me v2:172.21.15.16:0/0)
2024-05-20T19:29:43.761 INFO:teuthology.orchestra.run.smithi016.stdout:/usr/bin/ceph: stderr
2024-05-20T19:29:42.798+0000 7efebbe00700 1 -- 172.21.15.16:0/262387112 --> [v2:172.21.15.16:3300/0,v1:172.21.15.16:6789/0] -- mon_subscribe({config=0+,monmap=0+}) -- 0x7efebc19f5f0 con 0x7efebc107860
2024-05-20T19:29:43.761 INFO:teuthology.orchestra.run.smithi016.stdout:/usr/bin/ceph: stderr
2024-05-20T19:29:42.799+0000 7efebbe00700 1 --2- 172.21.15.16:0/262387112 >> [v2:172.21.15.16:3300/0,v1:172.21.15.16:6789/0] conn(0x7efebc107860 0x7efebc19f0b0 secure :-1 s=READY pgs=50 cs=0 l=1 rev1=1 crypto rx=0x7efeac000c00 tx=0x7efeac011aa0 comp rx=0 tx=0).ready entity=mon.0 client_cookie=0 server_cookie=0 in_seq=0 out_seq=0
2024-05-20T19:29:43.765 INFO:teuthology.orchestra.run.smithi016.stdout:/usr/bin/ceph: stderr
2024-05-20T19:29:42.799+0000 7efeb9600700 1 -- 172.21.15.16:0/262387112 <== mon.0 v2:172.21.15.16:3300/0 1 ==== mon_map magic: 0 ==== 205+0+0 (secure 0 0 0) 0x7efeac003aa0 con 0x7efebc107860
2024-05-20T19:29:43.765 INFO:teuthology.orchestra.run.smithi016.stdout:/usr/bin/ceph: stderr
2024-05-20T19:29:42.799+0000 7efeb9600700 1 -- 172.21.15.16:0/262387112 <== mon.0 v2:172.21.15.16:3300/0 2 ==== config(26 keys) ==== 1101+0+0 (secure 0 0 0) 0x7efeac01b8f0 con 0x7efebc107860
2024-05-20T19:29:43.765 INFO:teuthology.orchestra.run.smithi016.stdout:/usr/bin/ceph: stderr
2024-05-20T19:29:42.799+0000 7efec2e00700 1 -- 172.21.15.16:0/262387112 --> [v2:172.21.15.16:3300/0,v1:172.21.15.16:6789/0] -- mon_subscribe({mgrmap=0+}) -- 0x7efebc19f880 con 0x7efebc107860
2024-05-20T19:29:43.765 INFO:teuthology.orchestra.run.smithi016.stdout:/usr/bin/ceph: stderr
2024-05-20T19:29:42.799+0000 7efeb9600700 1 -- 172.21.15.16:0/262387112 <== mon.0 v2:172.21.15.16:3300/0 3 ==== mon_map magic: 0 ==== 205+0+0 (secure 0 0 0) 0x7efeac023870 con 0x7efebc107860
2024-05-20T19:29:43.765 INFO:teuthology.orchestra.run.smithi016.stdout:/usr/bin/ceph: stderr
2024-05-20T19:29:42.799+0000 7efec2e00700 1 -- 172.21.15.16:0/262387112 --> [v2:172.21.15.16:3300/0,v1:172.21.15.16:6789/0] -- mon_subscribe({osdmap=0}) -- 0x7efebc1a2570 con 0x7efebc107860
2024-05-20T19:29:43.765 INFO:teuthology.orchestra.run.smithi016.stdout:/usr/bin/ceph: stderr
2024-05-20T19:29:42.800+0000 7efeb9600700 1 -- 172.21.15.16:0/262387112 <== mon.0 v2:172.21.15.16:3300/0 4 ==== mgrmap(e 8) ==== 50222+0+0 (secure 0 0 0) 0x7efeac01b440 con 0x7efebc107860
2024-05-20T19:29:43.765 INFO:teuthology.orchestra.run.smithi016.stdout:/usr/bin/ceph: stderr
2024-05-20T19:29:42.800+0000 7efec2e00700 1 -- 172.21.15.16:0/262387112 --> [v2:172.21.15.16:3300/0,v1:172.21.15.16:6789/0] -- mon_command({"prefix": "get_command_descriptions"} v 0) -- 0x7efebc064ba0 con 0x7efebc107860
2024-05-20T19:29:43.766 INFO:teuthology.orchestra.run.smithi016.stdout:/usr/bin/ceph: stderr
2024-05-20T19:29:42.801+0000 7efeb9600700 1 --2- 172.21.15.16:0/262387112 >> [v2:172.21.15.16:6800/3489104006,v1:172.21.15.16:6801/3489104006] conn(0x7efea003e4c0 0x7efea0040980 unknown :-1 s=NONE pgs=0 cs=0 l=1 rev1=0 crypto rx=0 tx=0 comp rx=0 tx=0).connect
2024-05-20T19:29:43.766 INFO:teuthology.orchestra.run.smithi016.stdout:/usr/bin/ceph: stderr
2024-05-20T19:29:42.801+0000 7efeb9600700 1 -- 172.21.15.16:0/262387112 <== mon.0 v2:172.21.15.16:3300/0 5 ==== osd_map(2..2 src has 1..2) ==== 940+0+0 (secure 0 0 0) 0x7efeac053da0 con 0x7efebc107860
2024-05-20T19:29:43.766 INFO:teuthology.orchestra.run.smithi016.stdout:/usr/bin/ceph: stderr
2024-05-20T19:29:42.801+0000 7efeb3e00700 1 --2- 172.21.15.16:0/262387112 >> [v2:172.21.15.16:6800/3489104006,v1:172.21.15.16:6801/3489104006] conn(0x7efea003e4c0 0x7efea0040980 unknown :-1 s=BANNER_CONNECTING pgs=0 cs=0 l=1 rev1=0 crypto rx=0 tx=0 comp rx=0 tx=0)._handle_peer_banner_payload supported=3 required=0
2024-05-20T19:29:43.766 INFO:teuthology.orchestra.run.smithi016.stdout:/usr/bin/ceph: stderr
2024-05-20T19:29:42.802+0000 7efeb3e00700 1 --2- 172.21.15.16:0/262387112 >> [v2:172.21.15.16:6800/3489104006,v1:172.21.15.16:6801/3489104006] conn(0x7efea003e4c0 0x7efea0040980 secure :-1 s=READY pgs=13 cs=0 l=1 rev1=1 crypto rx=0x7efea4006fd0 tx=0x7efea4006e40 comp rx=0 tx=0).ready entity=mgr.14120 client_cookie=0 server_cookie=0 in_seq=0 out_seq=0
2024-05-20T19:29:43.766 INFO:teuthology.orchestra.run.smithi016.stdout:/usr/bin/ceph: stderr
2024-05-20T19:29:42.807+0000 7efeb9600700 1 -- 172.21.15.16:0/262387112 <== mon.0 v2:172.21.15.16:3300/0 6 ==== mon_command_ack([{"prefix": "get_command_descriptions"}]=0 v0) ==== 72+0+191963 (secure 0 0 0) 0x7efeac01f030 con 0x7efebc107860
2024-05-20T19:29:43.766 INFO:teuthology.orchestra.run.smithi016.stdout:/usr/bin/ceph: stderr
2024-05-20T19:29:43.068+0000 7efec2e00700 1 -- 172.21.15.16:0/262387112 --> [v2:172.21.15.16:6800/3489104006,v1:172.21.15.16:6801/3489104006] -- mgr_command(tid 0: {"prefix": "orch apply", "service_type": "mgr", "unmanaged": true, "target": ["mon-mgr", ""]}) -- 0x7efebc02e7a0 con 0x7efea003e4c0
2024-05-20T19:29:43.766 INFO:teuthology.orchestra.run.smithi016.stdout:/usr/bin/ceph: stderr
2024-05-20T19:29:43.076+0000 7efeb9600700 1 -- 172.21.15.16:0/262387112 <== mgr.14120 v2:172.21.15.16:6800/3489104006 1 ==== mgr_command_reply(tid 0: 0 ) ==== 8+0+24 (secure 0 0 0) 0x7efebc02e7a0 con 0x7efea003e4c0
2024-05-20T19:29:43.768 INFO:teuthology.orchestra.run.smithi016.stdout:/usr/bin/ceph: stderr
2024-05-20T19:29:43.080+0000 7efec2e00700 1 -- 172.21.15.16:0/262387112 >> [v2:172.21.15.16:6800/3489104006,v1:172.21.15.16:6801/3489104006] conn(0x7efea003e4c0 msgr2=0x7efea0040980 secure :-1 s=STATE_CONNECTION_ESTABLISHED l=1).mark_down
2024-05-20T19:29:43.768 INFO:teuthology.orchestra.run.smithi016.stdout:/usr/bin/ceph: stderr
2024-05-20T19:29:43.080+0000 7efec2e00700 1 --2- 172.21.15.16:0/262387112 >> [v2:172.21.15.16:6800/3489104006,v1:172.21.15.16:6801/3489104006] conn(0x7efea003e4c0 0x7efea0040980 secure :-1 s=READY pgs=13 cs=0 l=1 rev1=1 crypto rx=0x7efea4006fd0 tx=0x7efea4006e40 comp rx=0 tx=0).stop
2024-05-20T19:29:43.768 INFO:teuthology.orchestra.run.smithi016.stdout:/usr/bin/ceph: stderr
2024-05-20T19:29:43.080+0000 7efec2e00700 1 -- 172.21.15.16:0/262387112 >> [v2:172.21.15.16:3300/0,v1:172.21.15.16:6789/0] conn(0x7efebc107860 msgr2=0x7efebc19f0b0 secure :-1 s=STATE_CONNECTION_ESTABLISHED l=1).mark_down
2024-05-20T19:29:43.768 INFO:teuthology.orchestra.run.smithi016.stdout:/usr/bin/ceph: stderr
2024-05-20T19:29:43.080+0000 7efec2e00700 1 --2- 172.21.15.16:0/262387112 >> [v2:172.21.15.16:3300/0,v1:172.21.15.16:6789/0] conn(0x7efebc107860 0x7efebc19f0b0 secure :-1 s=READY pgs=50 cs=0 l=1 rev1=1 crypto rx=0x7efeac000c00 tx=0x7efeac011aa0 comp rx=0 tx=0).stop
2024-05-20T19:29:43.768 INFO:teuthology.orchestra.run.smithi016.stdout:/usr/bin/ceph: stderr
2024-05-20T19:29:43.081+0000 7efec2e00700 1 -- 172.21.15.16:0/262387112 shutdown_connections
2024-05-20T19:29:43.768 INFO:teuthology.orchestra.run.smithi016.stdout:/usr/bin/ceph: stderr
2024-05-20T19:29:43.081+0000 7efec2e00700 1 --2- 172.21.15.16:0/262387112 >> [v2:172.21.15.16:6800/3489104006,v1:172.21.15.16:6801/3489104006] conn(0x7efea003e4c0 0x7efea0040980 unknown :-1 s=CLOSED pgs=13 cs=0 l=1 rev1=1 crypto rx=0 tx=0 comp rx=0 tx=0).stop
2024-05-20T19:29:43.768 INFO:teuthology.orchestra.run.smithi016.stdout:/usr/bin/ceph: stderr
2024-05-20T19:29:43.081+0000 7efec2e00700 1 --2- 172.21.15.16:0/262387112 >> [v2:172.21.15.16:3300/0,v1:172.21.15.16:6789/0] conn(0x7efebc107860 0x7efebc19f0b0 unknown :-1 s=CLOSED pgs=50 cs=0 l=1 rev1=1 crypto rx=0 tx=0 comp rx=0 tx=0).stop
2024-05-20T19:29:43.768 INFO:teuthology.orchestra.run.smithi016.stdout:/usr/bin/ceph: stderr
2024-05-20T19:29:43.081+0000 7efec2e00700 1 -- 172.21.15.16:0/262387112 >> 172.21.15.16:0/262387112 conn(0x7efebc103480 msgr2=0x7efebc195d20 unknown :-1 s=STATE_NONE l=0).mark_down
2024-05-20T19:29:43.768 INFO:teuthology.orchestra.run.smithi016.stdout:/usr/bin/ceph: stderr
2024-05-20T19:29:43.081+0000 7efec2e00700 1 -- 172.21.15.16:0/262387112 shutdown_connections
2024-05-20T19:29:43.768 INFO:teuthology.orchestra.run.smithi016.stdout:/usr/bin/ceph: stderr
2024-05-20T19:29:43.081+0000 7efec2e00700 1 -- 172.21.15.16:0/262387112 wait complete.
2024-05-20T19:29:45.588 INFO:journalctl@ceph.mon.a.smithi016.stdout:May 20 19:29:45 smithi016 ceph-mon[31497]: from='client.? 172.21.15.16:0/739547167' entity='client.admin'
2024-05-20T19:29:45.588 INFO:journalctl@ceph.mon.a.smithi016.stdout:May 20 19:29:45 smithi016 ceph-mon[31497]: pgmap v4: 0 pgs: ; 0 B data, 0 B used, 0 B / 0 B avail
2024-05-20T19:29:46.080 INFO:teuthology.orchestra.run.smithi016.stdout:/usr/bin/ceph: stderr
2024-05-20T19:29:44.315+0000 7f3e66000700 1 Processor -- start
2024-05-20T19:29:46.080 INFO:teuthology.orchestra.run.smithi016.stdout:/usr/bin/ceph: stderr
2024-05-20T19:29:44.315+0000 7f3e66000700 1 -- start start
2024-05-20T19:29:46.080 INFO:teuthology.orchestra.run.smithi016.stdout:/usr/bin/ceph: stderr
2024-05-20T19:29:44.316+0000 7f3e66000700 1 --2- >> [v2:172.21.15.16:3300/0,v1:172.21.15.16:6789/0] conn(0x7f3e6007ed80 0x7f3e6007d2f0 unknown :-1 s=NONE pgs=0 cs=0 l=0 rev1=0 crypto rx=0 tx=0 comp rx=0 tx=0).connect
2024-05-20T19:29:46.080 INFO:teuthology.orchestra.run.smithi016.stdout:/usr/bin/ceph: stderr
2024-05-20T19:29:44.316+0000 7f3e66000700 1 -- --> [v2:172.21.15.16:3300/0,v1:172.21.15.16:6789/0] -- mon_getmap magic: 0 -- 0x7f3e6007d830 con 0x7f3e6007ed80
2024-05-20T19:29:46.080 INFO:teuthology.orchestra.run.smithi016.stdout:/usr/bin/ceph: stderr
2024-05-20T19:29:44.316+0000 7f3e5f400700 1 --2- >> [v2:172.21.15.16:3300/0,v1:172.21.15.16:6789/0] conn(0x7f3e6007ed80 0x7f3e6007d2f0 unknown :-1 s=BANNER_CONNECTING pgs=0 cs=0 l=0 rev1=0 crypto rx=0 tx=0 comp rx=0 tx=0)._handle_peer_banner_payload supported=3 required=0
2024-05-20T19:29:46.080 INFO:teuthology.orchestra.run.smithi016.stdout:/usr/bin/ceph: stderr
2024-05-20T19:29:44.317+0000 7f3e5f400700 1 --2- >> [v2:172.21.15.16:3300/0,v1:172.21.15.16:6789/0] conn(0x7f3e6007ed80 0x7f3e6007d2f0 unknown :-1 s=HELLO_CONNECTING pgs=0 cs=0 l=0 rev1=1 crypto rx=0 tx=0 comp rx=0 tx=0).handle_hello peer v2:172.21.15.16:3300/0 says I am v2:172.21.15.16:38176/0 (socket says 172.21.15.16:38176)
2024-05-20T19:29:46.081 INFO:teuthology.orchestra.run.smithi016.stdout:/usr/bin/ceph: stderr
2024-05-20T19:29:44.317+0000 7f3e5f400700 1 -- 172.21.15.16:0/1544856005 learned_addr learned my addr 172.21.15.16:0/1544856005 (peer_addr_for_me v2:172.21.15.16:0/0)
2024-05-20T19:29:46.081 INFO:teuthology.orchestra.run.smithi016.stdout:/usr/bin/ceph: stderr
2024-05-20T19:29:44.317+0000 7f3e5f400700 1 -- 172.21.15.16:0/1544856005 --> [v2:172.21.15.16:3300/0,v1:172.21.15.16:6789/0] -- mon_subscribe({config=0+,monmap=0+}) -- 0x7f3e6007d9b0 con 0x7f3e6007ed80
2024-05-20T19:29:46.081 INFO:teuthology.orchestra.run.smithi016.stdout:/usr/bin/ceph: stderr
2024-05-20T19:29:44.317+0000 7f3e5f400700 1 --2- 172.21.15.16:0/1544856005 >> [v2:172.21.15.16:3300/0,v1:172.21.15.16:6789/0] conn(0x7f3e6007ed80 0x7f3e6007d2f0 secure :-1 s=READY pgs=51 cs=0 l=1 rev1=1 crypto rx=0x7f3e500098a0 tx=0x7f3e50009bb0 comp rx=0 tx=0).ready entity=mon.0 client_cookie=9d26e572d4aa98fc server_cookie=0 in_seq=0 out_seq=0
2024-05-20T19:29:46.081 INFO:teuthology.orchestra.run.smithi016.stdout:/usr/bin/ceph: stderr
2024-05-20T19:29:44.318+0000 7f3e5e000700 1 -- 172.21.15.16:0/1544856005 <== mon.0 v2:172.21.15.16:3300/0 1 ==== mon_map magic: 0 ==== 205+0+0 (secure 0 0 0) 0x7f3e50004160 con 0x7f3e6007ed80
2024-05-20T19:29:46.081 INFO:teuthology.orchestra.run.smithi016.stdout:/usr/bin/ceph: stderr
2024-05-20T19:29:44.318+0000 7f3e5e000700 1 -- 172.21.15.16:0/1544856005 <== mon.0 v2:172.21.15.16:3300/0 2 ==== config(26 keys) ==== 1101+0+0 (secure 0 0 0) 0x7f3e50004300 con 0x7f3e6007ed80
2024-05-20T19:29:46.081 INFO:teuthology.orchestra.run.smithi016.stdout:/usr/bin/ceph: stderr
2024-05-20T19:29:44.318+0000 7f3e5e000700 1 -- 172.21.15.16:0/1544856005 <== mon.0 v2:172.21.15.16:3300/0 3 ==== mon_map magic: 0 ==== 205+0+0 (secure 0 0 0) 0x7f3e50011a20 con 0x7f3e6007ed80
2024-05-20T19:29:46.081 INFO:teuthology.orchestra.run.smithi016.stdout:/usr/bin/ceph: stderr
2024-05-20T19:29:44.319+0000 7f3e66000700 1 -- 172.21.15.16:0/1544856005 >> [v2:172.21.15.16:3300/0,v1:172.21.15.16:6789/0] conn(0x7f3e6007ed80 msgr2=0x7f3e6007d2f0 secure :-1 s=STATE_CONNECTION_ESTABLISHED l=1).mark_down
2024-05-20T19:29:46.081 INFO:teuthology.orchestra.run.smithi016.stdout:/usr/bin/ceph: stderr
2024-05-20T19:29:44.319+0000 7f3e66000700 1 --2- 172.21.15.16:0/1544856005 >> [v2:172.21.15.16:3300/0,v1:172.21.15.16:6789/0] conn(0x7f3e6007ed80 0x7f3e6007d2f0 secure :-1 s=READY pgs=51 cs=0 l=1 rev1=1 crypto rx=0x7f3e500098a0 tx=0x7f3e50009bb0 comp rx=0 tx=0).stop
2024-05-20T19:29:46.082 INFO:teuthology.orchestra.run.smithi016.stdout:/usr/bin/ceph: stderr
2024-05-20T19:29:44.319+0000 7f3e66000700 1 -- 172.21.15.16:0/1544856005 shutdown_connections
2024-05-20T19:29:46.082 INFO:teuthology.orchestra.run.smithi016.stdout:/usr/bin/ceph: stderr
2024-05-20T19:29:44.319+0000 7f3e66000700 1 --2- 172.21.15.16:0/1544856005 >> [v2:172.21.15.16:3300/0,v1:172.21.15.16:6789/0] conn(0x7f3e6007ed80 0x7f3e6007d2f0 unknown :-1 s=CLOSED pgs=51 cs=0 l=1 rev1=1 crypto rx=0 tx=0 comp rx=0 tx=0).stop
2024-05-20T19:29:46.082 INFO:teuthology.orchestra.run.smithi016.stdout:/usr/bin/ceph: stderr
2024-05-20T19:29:44.319+0000 7f3e66000700 1 -- 172.21.15.16:0/1544856005 >> 172.21.15.16:0/1544856005 conn(0x7f3e60104680 msgr2=0x7f3e60106ac0 unknown :-1 s=STATE_NONE l=0).mark_down
2024-05-20T19:29:46.082 INFO:teuthology.orchestra.run.smithi016.stdout:/usr/bin/ceph: stderr
2024-05-20T19:29:44.319+0000 7f3e66000700 1 -- 172.21.15.16:0/1544856005 shutdown_connections
2024-05-20T19:29:46.082 INFO:teuthology.orchestra.run.smithi016.stdout:/usr/bin/ceph: stderr
2024-05-20T19:29:44.319+0000 7f3e66000700 1 -- 172.21.15.16:0/1544856005 wait complete.
2024-05-20T19:29:46.082 INFO:teuthology.orchestra.run.smithi016.stdout:/usr/bin/ceph: stderr
2024-05-20T19:29:44.320+0000 7f3e66000700 1 Processor -- start
2024-05-20T19:29:46.082 INFO:teuthology.orchestra.run.smithi016.stdout:/usr/bin/ceph: stderr
2024-05-20T19:29:44.320+0000 7f3e66000700 1 -- start start
2024-05-20T19:29:46.082 INFO:teuthology.orchestra.run.smithi016.stdout:/usr/bin/ceph: stderr
2024-05-20T19:29:44.321+0000 7f3e66000700 1 --2- >> [v2:172.21.15.16:3300/0,v1:172.21.15.16:6789/0] conn(0x7f3e6007ed80 0x7f3e6019f0d0 unknown :-1 s=NONE pgs=0 cs=0 l=1 rev1=0 crypto rx=0 tx=0 comp rx=0 tx=0).connect
2024-05-20T19:29:46.082 INFO:teuthology.orchestra.run.smithi016.stdout:/usr/bin/ceph: stderr
2024-05-20T19:29:44.321+0000 7f3e66000700 1 -- --> [v2:172.21.15.16:3300/0,v1:172.21.15.16:6789/0] -- mon_getmap magic: 0 -- 0x7f3e6010f4d0 con 0x7f3e6007ed80
2024-05-20T19:29:46.082 INFO:teuthology.orchestra.run.smithi016.stdout:/usr/bin/ceph: stderr
2024-05-20T19:29:44.321+0000 7f3e5f400700 1 --2- >> [v2:172.21.15.16:3300/0,v1:172.21.15.16:6789/0] conn(0x7f3e6007ed80 0x7f3e6019f0d0 unknown :-1 s=BANNER_CONNECTING pgs=0 cs=0 l=1 rev1=0 crypto rx=0 tx=0 comp rx=0 tx=0)._handle_peer_banner_payload supported=3 required=0
2024-05-20T19:29:46.082 INFO:teuthology.orchestra.run.smithi016.stdout:/usr/bin/ceph: stderr
2024-05-20T19:29:44.321+0000 7f3e5f400700 1 --2- >> [v2:172.21.15.16:3300/0,v1:172.21.15.16:6789/0] conn(0x7f3e6007ed80 0x7f3e6019f0d0 unknown :-1 s=HELLO_CONNECTING pgs=0 cs=0 l=1 rev1=1 crypto rx=0 tx=0 comp rx=0 tx=0).handle_hello peer v2:172.21.15.16:3300/0 says I am v2:172.21.15.16:38184/0 (socket says 172.21.15.16:38184)
2024-05-20T19:29:46.083 INFO:teuthology.orchestra.run.smithi016.stdout:/usr/bin/ceph: stderr
2024-05-20T19:29:44.321+0000 7f3e5f400700 1 -- 172.21.15.16:0/739547167 learned_addr learned my addr 172.21.15.16:0/739547167 (peer_addr_for_me v2:172.21.15.16:0/0)
2024-05-20T19:29:46.083 INFO:teuthology.orchestra.run.smithi016.stdout:/usr/bin/ceph: stderr
2024-05-20T19:29:44.321+0000 7f3e5f400700 1 -- 172.21.15.16:0/739547167 --> [v2:172.21.15.16:3300/0,v1:172.21.15.16:6789/0] -- mon_subscribe({config=0+,monmap=0+}) -- 0x7f3e6019f610 con 0x7f3e6007ed80
2024-05-20T19:29:46.083 INFO:teuthology.orchestra.run.smithi016.stdout:/usr/bin/ceph: stderr
2024-05-20T19:29:44.322+0000 7f3e5f400700 1 --2- 172.21.15.16:0/739547167 >> [v2:172.21.15.16:3300/0,v1:172.21.15.16:6789/0] conn(0x7f3e6007ed80 0x7f3e6019f0d0 secure :-1 s=READY pgs=52 cs=0 l=1 rev1=1 crypto rx=0x7f3e50000c00 tx=0x7f3e50011aa0 comp rx=0 tx=0).ready entity=mon.0 client_cookie=0 server_cookie=0 in_seq=0 out_seq=0
2024-05-20T19:29:46.083 INFO:teuthology.orchestra.run.smithi016.stdout:/usr/bin/ceph: stderr
2024-05-20T19:29:44.322+0000 7f3e57e00700 1 -- 172.21.15.16:0/739547167 <== mon.0 v2:172.21.15.16:3300/0 1 ==== mon_map magic: 0 ==== 205+0+0 (secure 0 0 0) 0x7f3e50003aa0 con 0x7f3e6007ed80
2024-05-20T19:29:46.083 INFO:teuthology.orchestra.run.smithi016.stdout:/usr/bin/ceph: stderr
2024-05-20T19:29:44.322+0000 7f3e57e00700 1 -- 172.21.15.16:0/739547167 <== mon.0 v2:172.21.15.16:3300/0 2 ==== config(26 keys) ==== 1101+0+0 (secure 0 0 0) 0x7f3e5001b8f0 con 0x7f3e6007ed80
2024-05-20T19:29:46.083 INFO:teuthology.orchestra.run.smithi016.stdout:/usr/bin/ceph: stderr
2024-05-20T19:29:44.322+0000 7f3e57e00700 1 -- 172.21.15.16:0/739547167 <== mon.0 v2:172.21.15.16:3300/0 3 ==== mon_map magic: 0 ==== 205+0+0 (secure 0 0 0) 0x7f3e50023870 con 0x7f3e6007ed80
2024-05-20T19:29:46.083 INFO:teuthology.orchestra.run.smithi016.stdout:/usr/bin/ceph: stderr
2024-05-20T19:29:44.322+0000 7f3e66000700 1 -- 172.21.15.16:0/739547167 --> [v2:172.21.15.16:3300/0,v1:172.21.15.16:6789/0] -- mon_subscribe({mgrmap=0+}) -- 0x7f3e6019f8a0 con 0x7f3e6007ed80
2024-05-20T19:29:46.083 INFO:teuthology.orchestra.run.smithi016.stdout:/usr/bin/ceph: stderr
2024-05-20T19:29:44.322+0000 7f3e66000700 1 -- 172.21.15.16:0/739547167 --> [v2:172.21.15.16:3300/0,v1:172.21.15.16:6789/0] -- mon_subscribe({osdmap=0}) -- 0x7f3e601a2590 con 0x7f3e6007ed80
2024-05-20T19:29:46.083 INFO:teuthology.orchestra.run.smithi016.stdout:/usr/bin/ceph: stderr
2024-05-20T19:29:44.323+0000 7f3e66000700 1 -- 172.21.15.16:0/739547167 --> [v2:172.21.15.16:3300/0,v1:172.21.15.16:6789/0] -- mon_command({"prefix": "get_command_descriptions"} v 0) -- 0x7f3e60064ba0 con 0x7f3e6007ed80
2024-05-20T19:29:46.083 INFO:teuthology.orchestra.run.smithi016.stdout:/usr/bin/ceph: stderr
2024-05-20T19:29:44.323+0000 7f3e57e00700 1 -- 172.21.15.16:0/739547167 <== mon.0 v2:172.21.15.16:3300/0 4 ==== mgrmap(e 8) ==== 50222+0+0 (secure 0 0 0) 0x7f3e5001b440 con 0x7f3e6007ed80
2024-05-20T19:29:46.083 INFO:teuthology.orchestra.run.smithi016.stdout:/usr/bin/ceph: stderr
2024-05-20T19:29:44.324+0000 7f3e57e00700 1 --2- 172.21.15.16:0/739547167 >> [v2:172.21.15.16:6800/3489104006,v1:172.21.15.16:6801/3489104006] conn(0x7f3e4403e4c0 0x7f3e44040980 unknown :-1 s=NONE pgs=0 cs=0 l=1 rev1=0 crypto rx=0 tx=0 comp rx=0 tx=0).connect
2024-05-20T19:29:46.084 INFO:teuthology.orchestra.run.smithi016.stdout:/usr/bin/ceph: stderr
2024-05-20T19:29:44.324+0000 7f3e57e00700 1 -- 172.21.15.16:0/739547167 <== mon.0 v2:172.21.15.16:3300/0 5 ==== osd_map(2..2 src has 1..2) ==== 940+0+0 (secure 0 0 0) 0x7f3e50053de0 con 0x7f3e6007ed80
2024-05-20T19:29:46.084 INFO:teuthology.orchestra.run.smithi016.stdout:/usr/bin/ceph: stderr
2024-05-20T19:29:44.324+0000 7f3e5ea00700 1 --2- 172.21.15.16:0/739547167 >> [v2:172.21.15.16:6800/3489104006,v1:172.21.15.16:6801/3489104006] conn(0x7f3e4403e4c0 0x7f3e44040980 unknown :-1 s=BANNER_CONNECTING pgs=0 cs=0 l=1 rev1=0 crypto rx=0 tx=0 comp rx=0 tx=0)._handle_peer_banner_payload supported=3 required=0
2024-05-20T19:29:46.084 INFO:teuthology.orchestra.run.smithi016.stdout:/usr/bin/ceph: stderr
2024-05-20T19:29:44.325+0000 7f3e5ea00700 1 --2- 172.21.15.16:0/739547167 >> [v2:172.21.15.16:6800/3489104006,v1:172.21.15.16:6801/3489104006] conn(0x7f3e4403e4c0 0x7f3e44040980 secure :-1 s=READY pgs=14 cs=0 l=1 rev1=1 crypto rx=0x7f3e4c006fd0 tx=0x7f3e4c006e40 comp rx=0 tx=0).ready entity=mgr.14120 client_cookie=0 server_cookie=0 in_seq=0 out_seq=0
2024-05-20T19:29:46.084 INFO:teuthology.orchestra.run.smithi016.stdout:/usr/bin/ceph: stderr
2024-05-20T19:29:44.329+0000 7f3e57e00700 1 -- 172.21.15.16:0/739547167 <== mon.0 v2:172.21.15.16:3300/0 6 ==== mon_command_ack([{"prefix": "get_command_descriptions"}]=0 v0) ==== 72+0+191963 (secure 0 0 0) 0x7f3e5001f030 con 0x7f3e6007ed80
2024-05-20T19:29:46.084 INFO:teuthology.orchestra.run.smithi016.stdout:/usr/bin/ceph: stderr
2024-05-20T19:29:44.578+0000 7f3e66000700 1 -- 172.21.15.16:0/739547167 --> [v2:172.21.15.16:3300/0,v1:172.21.15.16:6789/0] -- mon_command([{prefix=config set, name=mgr/cephadm/container_init}] v 0) -- 0x7f3e601a2760 con 0x7f3e6007ed80
2024-05-20T19:29:46.084 INFO:teuthology.orchestra.run.smithi016.stdout:/usr/bin/ceph: stderr
2024-05-20T19:29:44.583+0000 7f3e57e00700 1 -- 172.21.15.16:0/739547167 <== mon.0 v2:172.21.15.16:3300/0 7 ==== mon_command_ack([{prefix=config set, name=mgr/cephadm/container_init}]=0 v7)=0 v7) ==== 142+0+0 (secure 0 0 0) 0x7f3e5001a3d0 con 0x7f3e6007ed80
2024-05-20T19:29:46.084 INFO:teuthology.orchestra.run.smithi016.stdout:/usr/bin/ceph: stderr
2024-05-20T19:29:44.586+0000 7f3e66000700 1 -- 172.21.15.16:0/739547167 >> [v2:172.21.15.16:6800/3489104006,v1:172.21.15.16:6801/3489104006] conn(0x7f3e4403e4c0 msgr2=0x7f3e44040980 secure :-1 s=STATE_CONNECTION_ESTABLISHED l=1).mark_down
2024-05-20T19:29:46.084 INFO:teuthology.orchestra.run.smithi016.stdout:/usr/bin/ceph: stderr
2024-05-20T19:29:44.586+0000 7f3e66000700 1 --2- 172.21.15.16:0/739547167 >> [v2:172.21.15.16:6800/3489104006,v1:172.21.15.16:6801/3489104006] conn(0x7f3e4403e4c0 0x7f3e44040980 secure :-1 s=READY pgs=14 cs=0 l=1 rev1=1 crypto rx=0x7f3e4c006fd0 tx=0x7f3e4c006e40 comp rx=0 tx=0).stop
2024-05-20T19:29:46.084 INFO:teuthology.orchestra.run.smithi016.stdout:/usr/bin/ceph: stderr
2024-05-20T19:29:44.586+0000 7f3e66000700 1 -- 172.21.15.16:0/739547167 >> [v2:172.21.15.16:3300/0,v1:172.21.15.16:6789/0] conn(0x7f3e6007ed80 msgr2=0x7f3e6019f0d0 secure :-1 s=STATE_CONNECTION_ESTABLISHED l=1).mark_down
2024-05-20T19:29:46.085 INFO:teuthology.orchestra.run.smithi016.stdout:/usr/bin/ceph: stderr
2024-05-20T19:29:44.586+0000 7f3e66000700 1 --2- 172.21.15.16:0/739547167 >> [v2:172.21.15.16:3300/0,v1:172.21.15.16:6789/0] conn(0x7f3e6007ed80 0x7f3e6019f0d0 secure :-1 s=READY pgs=52 cs=0 l=1 rev1=1 crypto rx=0x7f3e50000c00 tx=0x7f3e50011aa0 comp rx=0 tx=0).stop
2024-05-20T19:29:46.085 INFO:teuthology.orchestra.run.smithi016.stdout:/usr/bin/ceph: stderr
2024-05-20T19:29:44.586+0000 7f3e66000700 1 -- 172.21.15.16:0/739547167 shutdown_connections
2024-05-20T19:29:46.085 INFO:teuthology.orchestra.run.smithi016.stdout:/usr/bin/ceph: stderr
2024-05-20T19:29:44.586+0000 7f3e66000700 1 --2- 172.21.15.16:0/739547167 >> [v2:172.21.15.16:6800/3489104006,v1:172.21.15.16:6801/3489104006] conn(0x7f3e4403e4c0 0x7f3e44040980 unknown :-1 s=CLOSED pgs=14 cs=0 l=1 rev1=1 crypto rx=0 tx=0 comp rx=0 tx=0).stop
2024-05-20T19:29:46.085 INFO:teuthology.orchestra.run.smithi016.stdout:/usr/bin/ceph: stderr
2024-05-20T19:29:44.586+0000 7f3e66000700 1 --2- 172.21.15.16:0/739547167 >> [v2:172.21.15.16:3300/0,v1:172.21.15.16:6789/0] conn(0x7f3e6007ed80 0x7f3e6019f0d0 unknown :-1 s=CLOSED pgs=52 cs=0 l=1 rev1=1 crypto rx=0 tx=0 comp rx=0 tx=0).stop
2024-05-20T19:29:46.085 INFO:teuthology.orchestra.run.smithi016.stdout:/usr/bin/ceph: stderr
2024-05-20T19:29:44.586+0000 7f3e66000700 1 -- 172.21.15.16:0/739547167 >> 172.21.15.16:0/739547167 conn(0x7f3e60104680 msgr2=0x7f3e60105190 unknown :-1 s=STATE_NONE l=0).mark_down
2024-05-20T19:29:46.085 INFO:teuthology.orchestra.run.smithi016.stdout:/usr/bin/ceph: stderr
2024-05-20T19:29:44.587+0000 7f3e66000700 1 -- 172.21.15.16:0/739547167 shutdown_connections
2024-05-20T19:29:46.085 INFO:teuthology.orchestra.run.smithi016.stdout:/usr/bin/ceph: stderr
2024-05-20T19:29:44.587+0000 7f3e66000700 1 -- 172.21.15.16:0/739547167 wait complete.
2024-05-20T19:29:46.945 INFO:journalctl@ceph.mon.a.smithi016.stdout:May 20 19:29:46 smithi016 ceph-mon[31497]: from='mgr.14120 172.21.15.16:0/3567646511' entity='mgr.x'
2024-05-20T19:29:47.714 INFO:teuthology.orchestra.run.smithi016.stdout:/usr/bin/ceph: stderr
2024-05-20T19:29:46.689+0000 7fa84e800700 1 Processor -- start
2024-05-20T19:29:47.714 INFO:teuthology.orchestra.run.smithi016.stdout:/usr/bin/ceph: stderr
2024-05-20T19:29:46.689+0000 7fa84e800700 1 -- start start
2024-05-20T19:29:47.714 INFO:teuthology.orchestra.run.smithi016.stdout:/usr/bin/ceph: stderr
2024-05-20T19:29:46.690+0000 7fa84e800700 1 --2- >> [v2:172.21.15.16:3300/0,v1:172.21.15.16:6789/0] conn(0x7fa848109a30 0x7fa84810be20 unknown :-1 s=NONE pgs=0 cs=0 l=0 rev1=0 crypto rx=0 tx=0 comp rx=0 tx=0).connect
2024-05-20T19:29:47.714 INFO:teuthology.orchestra.run.smithi016.stdout:/usr/bin/ceph: stderr
2024-05-20T19:29:46.690+0000 7fa84e800700 1 -- --> [v2:172.21.15.16:3300/0,v1:172.21.15.16:6789/0] -- mon_getmap magic: 0 -- 0x7fa84807ce60 con 0x7fa848109a30
2024-05-20T19:29:47.714 INFO:teuthology.orchestra.run.smithi016.stdout:/usr/bin/ceph: stderr
2024-05-20T19:29:46.690+0000 7fa847400700 1 --2- >> [v2:172.21.15.16:3300/0,v1:172.21.15.16:6789/0] conn(0x7fa848109a30 0x7fa84810be20 unknown :-1 s=BANNER_CONNECTING pgs=0 cs=0 l=0 rev1=0 crypto rx=0 tx=0 comp rx=0 tx=0)._handle_peer_banner_payload supported=3 required=0
2024-05-20T19:29:47.714 INFO:teuthology.orchestra.run.smithi016.stdout:/usr/bin/ceph: stderr
2024-05-20T19:29:46.690+0000 7fa847400700 1 --2- >> [v2:172.21.15.16:3300/0,v1:172.21.15.16:6789/0] conn(0x7fa848109a30 0x7fa84810be20 unknown :-1 s=HELLO_CONNECTING pgs=0 cs=0 l=0 rev1=1 crypto rx=0 tx=0 comp rx=0 tx=0).handle_hello peer v2:172.21.15.16:3300/0 says I am v2:172.21.15.16:38198/0 (socket says 172.21.15.16:38198)
2024-05-20T19:29:47.714 INFO:teuthology.orchestra.run.smithi016.stdout:/usr/bin/ceph: stderr
2024-05-20T19:29:46.690+0000 7fa847400700 1 -- 172.21.15.16:0/537195097 learned_addr learned my addr 172.21.15.16:0/537195097 (peer_addr_for_me v2:172.21.15.16:0/0)
2024-05-20T19:29:47.714 INFO:teuthology.orchestra.run.smithi016.stdout:/usr/bin/ceph: stderr
2024-05-20T19:29:46.692+0000 7fa847400700 1 -- 172.21.15.16:0/537195097 --> [v2:172.21.15.16:3300/0,v1:172.21.15.16:6789/0] -- mon_subscribe({config=0+,monmap=0+}) -- 0x7fa84810c360 con 0x7fa848109a30
2024-05-20T19:29:47.715 INFO:teuthology.orchestra.run.smithi016.stdout:/usr/bin/ceph: stderr
2024-05-20T19:29:46.692+0000 7fa847400700 1 --2- 172.21.15.16:0/537195097 >> [v2:172.21.15.16:3300/0,v1:172.21.15.16:6789/0] conn(0x7fa848109a30 0x7fa84810be20 secure :-1 s=READY pgs=53 cs=0 l=1 rev1=1 crypto rx=0x7fa8380098a0 tx=0x7fa838009bb0 comp rx=0 tx=0).ready entity=mon.0 client_cookie=53ecdc3af72b36bd server_cookie=0 in_seq=0 out_seq=0
2024-05-20T19:29:47.715 INFO:teuthology.orchestra.run.smithi016.stdout:/usr/bin/ceph: stderr
2024-05-20T19:29:46.693+0000 7fa846000700 1 -- 172.21.15.16:0/537195097 <== mon.0 v2:172.21.15.16:3300/0 1 ==== mon_map magic: 0 ==== 205+0+0 (secure 0 0 0) 0x7fa838004160 con 0x7fa848109a30
2024-05-20T19:29:47.715 INFO:teuthology.orchestra.run.smithi016.stdout:/usr/bin/ceph: stderr
2024-05-20T19:29:46.693+0000 7fa846000700 1 -- 172.21.15.16:0/537195097 <== mon.0 v2:172.21.15.16:3300/0 2 ==== config(26 keys) ==== 1101+0+0 (secure 0 0 0) 0x7fa838004300 con 0x7fa848109a30
2024-05-20T19:29:47.715 INFO:teuthology.orchestra.run.smithi016.stdout:/usr/bin/ceph: stderr
2024-05-20T19:29:46.693+0000 7fa846000700 1 -- 172.21.15.16:0/537195097 <== mon.0 v2:172.21.15.16:3300/0 3 ==== mon_map magic: 0 ==== 205+0+0 (secure 0 0 0) 0x7fa8380119d0 con 0x7fa848109a30
2024-05-20T19:29:47.715 INFO:teuthology.orchestra.run.smithi016.stdout:/usr/bin/ceph: stderr
2024-05-20T19:29:46.694+0000 7fa84e800700 1 -- 172.21.15.16:0/537195097 >> [v2:172.21.15.16:3300/0,v1:172.21.15.16:6789/0] conn(0x7fa848109a30 msgr2=0x7fa84810be20 secure :-1 s=STATE_CONNECTION_ESTABLISHED l=1).mark_down
2024-05-20T19:29:47.715 INFO:teuthology.orchestra.run.smithi016.stdout:/usr/bin/ceph: stderr
2024-05-20T19:29:46.694+0000 7fa84e800700 1 --2- 172.21.15.16:0/537195097 >> [v2:172.21.15.16:3300/0,v1:172.21.15.16:6789/0] conn(0x7fa848109a30 0x7fa84810be20 secure :-1 s=READY pgs=53 cs=0 l=1 rev1=1 crypto rx=0x7fa8380098a0 tx=0x7fa838009bb0 comp rx=0 tx=0).stop
2024-05-20T19:29:47.715 INFO:teuthology.orchestra.run.smithi016.stdout:/usr/bin/ceph: stderr
2024-05-20T19:29:46.694+0000 7fa84e800700 1 -- 172.21.15.16:0/537195097 shutdown_connections
2024-05-20T19:29:47.715 INFO:teuthology.orchestra.run.smithi016.stdout:/usr/bin/ceph: stderr
2024-05-20T19:29:46.694+0000 7fa84e800700 1 --2- 172.21.15.16:0/537195097 >> [v2:172.21.15.16:3300/0,v1:172.21.15.16:6789/0] conn(0x7fa848109a30 0x7fa84810be20 unknown :-1 s=CLOSED pgs=53 cs=0 l=1 rev1=1 crypto rx=0 tx=0 comp rx=0 tx=0).stop
2024-05-20T19:29:47.715 INFO:teuthology.orchestra.run.smithi016.stdout:/usr/bin/ceph: stderr
2024-05-20T19:29:46.694+0000 7fa84e800700 1 -- 172.21.15.16:0/537195097 >> 172.21.15.16:0/537195097 conn(0x7fa848103480 msgr2=0x7fa8481058a0 unknown :-1 s=STATE_NONE l=0).mark_down
2024-05-20T19:29:47.715 INFO:teuthology.orchestra.run.smithi016.stdout:/usr/bin/ceph: stderr
2024-05-20T19:29:46.695+0000 7fa84e800700 1 -- 172.21.15.16:0/537195097 shutdown_connections
2024-05-20T19:29:47.715 INFO:teuthology.orchestra.run.smithi016.stdout:/usr/bin/ceph: stderr
2024-05-20T19:29:46.695+0000 7fa84e800700 1 -- 172.21.15.16:0/537195097 wait complete.
2024-05-20T19:29:47.715 INFO:teuthology.orchestra.run.smithi016.stdout:/usr/bin/ceph: stderr
2024-05-20T19:29:46.696+0000 7fa84e800700 1 Processor -- start
2024-05-20T19:29:47.715 INFO:teuthology.orchestra.run.smithi016.stdout:/usr/bin/ceph: stderr
2024-05-20T19:29:46.696+0000 7fa84e800700 1 -- start start
2024-05-20T19:29:47.716 INFO:teuthology.orchestra.run.smithi016.stdout:/usr/bin/ceph: stderr
2024-05-20T19:29:46.697+0000 7fa84e800700 1 --2- >> [v2:172.21.15.16:3300/0,v1:172.21.15.16:6789/0] conn(0x7fa848109a30 0x7fa84819ac60 unknown :-1 s=NONE pgs=0 cs=0 l=1 rev1=0 crypto rx=0 tx=0 comp rx=0 tx=0).connect
2024-05-20T19:29:47.716 INFO:teuthology.orchestra.run.smithi016.stdout:/usr/bin/ceph: stderr
2024-05-20T19:29:46.697+0000 7fa84e800700 1 -- --> [v2:172.21.15.16:3300/0,v1:172.21.15.16:6789/0] -- mon_getmap magic: 0 -- 0x7fa848108650 con 0x7fa848109a30
2024-05-20T19:29:47.716 INFO:teuthology.orchestra.run.smithi016.stdout:/usr/bin/ceph: stderr
2024-05-20T19:29:46.697+0000 7fa847400700 1 --2- >> [v2:172.21.15.16:3300/0,v1:172.21.15.16:6789/0] conn(0x7fa848109a30 0x7fa84819ac60 unknown :-1 s=BANNER_CONNECTING pgs=0 cs=0 l=1 rev1=0 crypto rx=0 tx=0 comp rx=0 tx=0)._handle_peer_banner_payload supported=3 required=0
2024-05-20T19:29:47.716 INFO:teuthology.orchestra.run.smithi016.stdout:/usr/bin/ceph: stderr
2024-05-20T19:29:46.697+0000 7fa847400700 1 --2- >> [v2:172.21.15.16:3300/0,v1:172.21.15.16:6789/0] conn(0x7fa848109a30 0x7fa84819ac60 unknown :-1 s=HELLO_CONNECTING pgs=0 cs=0 l=1 rev1=1 crypto rx=0 tx=0 comp rx=0 tx=0).handle_hello peer v2:172.21.15.16:3300/0 says I am v2:172.21.15.16:38208/0 (socket says 172.21.15.16:38208)
2024-05-20T19:29:47.716 INFO:teuthology.orchestra.run.smithi016.stdout:/usr/bin/ceph: stderr
2024-05-20T19:29:46.697+0000 7fa847400700 1 -- 172.21.15.16:0/1753732207 learned_addr learned my addr 172.21.15.16:0/1753732207 (peer_addr_for_me v2:172.21.15.16:0/0)
2024-05-20T19:29:47.716 INFO:teuthology.orchestra.run.smithi016.stdout:/usr/bin/ceph: stderr
2024-05-20T19:29:46.698+0000 7fa847400700 1 -- 172.21.15.16:0/1753732207 --> [v2:172.21.15.16:3300/0,v1:172.21.15.16:6789/0] -- mon_subscribe({config=0+,monmap=0+}) -- 0x7fa84819b1a0 con 0x7fa848109a30
2024-05-20T19:29:47.716 INFO:teuthology.orchestra.run.smithi016.stdout:/usr/bin/ceph: stderr
2024-05-20T19:29:46.698+0000 7fa847400700 1 --2- 172.21.15.16:0/1753732207 >> [v2:172.21.15.16:3300/0,v1:172.21.15.16:6789/0] conn(0x7fa848109a30 0x7fa84819ac60 secure :-1 s=READY pgs=54 cs=0 l=1 rev1=1 crypto rx=0x7fa838000c00 tx=0x7fa838011aa0 comp rx=0 tx=0).ready entity=mon.0 client_cookie=0 server_cookie=0 in_seq=0 out_seq=0
2024-05-20T19:29:47.716 INFO:teuthology.orchestra.run.smithi016.stdout:/usr/bin/ceph: stderr
2024-05-20T19:29:46.698+0000 7fa83fe00700 1 -- 172.21.15.16:0/1753732207 <== mon.0 v2:172.21.15.16:3300/0 1 ==== mon_map magic: 0 ==== 205+0+0 (secure 0 0 0) 0x7fa838003af0 con 0x7fa848109a30
2024-05-20T19:29:47.716 INFO:teuthology.orchestra.run.smithi016.stdout:/usr/bin/ceph: stderr
2024-05-20T19:29:46.698+0000 7fa83fe00700 1 -- 172.21.15.16:0/1753732207 <== mon.0 v2:172.21.15.16:3300/0 2 ==== config(26 keys) ==== 1101+0+0 (secure 0 0 0) 0x7fa83801e070 con 0x7fa848109a30
2024-05-20T19:29:47.716 INFO:teuthology.orchestra.run.smithi016.stdout:/usr/bin/ceph: stderr
2024-05-20T19:29:46.698+0000 7fa83fe00700 1 -- 172.21.15.16:0/1753732207 <== mon.0 v2:172.21.15.16:3300/0 3 ==== mon_map magic: 0 ==== 205+0+0 (secure 0 0 0) 0x7fa83801a650 con 0x7fa848109a30
2024-05-20T19:29:47.716 INFO:teuthology.orchestra.run.smithi016.stdout:/usr/bin/ceph: stderr
2024-05-20T19:29:46.698+0000 7fa84e800700 1 -- 172.21.15.16:0/1753732207 --> [v2:172.21.15.16:3300/0,v1:172.21.15.16:6789/0] -- mon_subscribe({mgrmap=0+}) -- 0x7fa84819b430 con 0x7fa848109a30
2024-05-20T19:29:47.716 INFO:teuthology.orchestra.run.smithi016.stdout:/usr/bin/ceph: stderr
2024-05-20T19:29:46.699+0000 7fa84e800700 1 -- 172.21.15.16:0/1753732207 --> [v2:172.21.15.16:3300/0,v1:172.21.15.16:6789/0] -- mon_subscribe({osdmap=0}) -- 0x7fa84819e120 con 0x7fa848109a30
2024-05-20T19:29:47.716 INFO:teuthology.orchestra.run.smithi016.stdout:/usr/bin/ceph: stderr
2024-05-20T19:29:46.700+0000 7fa84e800700 1 -- 172.21.15.16:0/1753732207 --> [v2:172.21.15.16:3300/0,v1:172.21.15.16:6789/0] -- mon_command({"prefix": "get_command_descriptions"} v 0) -- 0x7fa848064ba0 con 0x7fa848109a30
2024-05-20T19:29:47.717 INFO:teuthology.orchestra.run.smithi016.stdout:/usr/bin/ceph: stderr
2024-05-20T19:29:46.700+0000 7fa83fe00700 1 -- 172.21.15.16:0/1753732207 <== mon.0 v2:172.21.15.16:3300/0 4 ==== mgrmap(e 8) ==== 50222+0+0 (secure 0 0 0) 0x7fa838023470 con 0x7fa848109a30
2024-05-20T19:29:47.717 INFO:teuthology.orchestra.run.smithi016.stdout:/usr/bin/ceph: stderr
2024-05-20T19:29:46.701+0000 7fa83fe00700 1 --2- 172.21.15.16:0/1753732207 >> [v2:172.21.15.16:6800/3489104006,v1:172.21.15.16:6801/3489104006] conn(0x7fa82c0428d0 0x7fa82c044d90 unknown :-1 s=NONE pgs=0 cs=0 l=1 rev1=0 crypto rx=0 tx=0 comp rx=0 tx=0).connect
2024-05-20T19:29:47.717 INFO:teuthology.orchestra.run.smithi016.stdout:/usr/bin/ceph: stderr
2024-05-20T19:29:46.701+0000 7fa83fe00700 1 -- 172.21.15.16:0/1753732207 <== mon.0 v2:172.21.15.16:3300/0 5 ==== osd_map(2..2 src has 1..2) ==== 940+0+0 (secure 0 0 0) 0x7fa838053d70 con 0x7fa848109a30
2024-05-20T19:29:47.717 INFO:teuthology.orchestra.run.smithi016.stdout:/usr/bin/ceph: stderr
2024-05-20T19:29:46.701+0000 7fa846a00700 1 --2- 172.21.15.16:0/1753732207 >> [v2:172.21.15.16:6800/3489104006,v1:172.21.15.16:6801/3489104006] conn(0x7fa82c0428d0 0x7fa82c044d90 unknown :-1 s=BANNER_CONNECTING pgs=0 cs=0 l=1 rev1=0 crypto rx=0 tx=0 comp rx=0 tx=0)._handle_peer_banner_payload supported=3 required=0
2024-05-20T19:29:47.717 INFO:teuthology.orchestra.run.smithi016.stdout:/usr/bin/ceph: stderr
2024-05-20T19:29:46.702+0000 7fa846a00700 1 --2- 172.21.15.16:0/1753732207 >> [v2:172.21.15.16:6800/3489104006,v1:172.21.15.16:6801/3489104006] conn(0x7fa82c0428d0 0x7fa82c044d90 secure :-1 s=READY pgs=15 cs=0 l=1 rev1=1 crypto rx=0x7fa834006fd0 tx=0x7fa834006e40 comp rx=0 tx=0).ready entity=mgr.14120 client_cookie=0 server_cookie=0 in_seq=0 out_seq=0
2024-05-20T19:29:47.717 INFO:teuthology.orchestra.run.smithi016.stdout:/usr/bin/ceph: stderr
2024-05-20T19:29:46.707+0000 7fa83fe00700 1 -- 172.21.15.16:0/1753732207 <== mon.0 v2:172.21.15.16:3300/0 6 ==== mon_command_ack([{"prefix": "get_command_descriptions"}]=0 v0) ==== 72+0+191963 (secure 0 0 0) 0x7fa838017e90 con 0x7fa848109a30
2024-05-20T19:29:47.717 INFO:teuthology.orchestra.run.smithi016.stdout:/usr/bin/ceph: stderr
2024-05-20T19:29:46.943+0000 7fa84e800700 1 -- 172.21.15.16:0/1753732207 --> [v2:172.21.15.16:3300/0,v1:172.21.15.16:6789/0] -- mon_command([{prefix=config set, name=mgr/dashboard/ssl_server_port}] v 0) -- 0x7fa84802e820 con 0x7fa848109a30
2024-05-20T19:29:47.717 INFO:teuthology.orchestra.run.smithi016.stdout:/usr/bin/ceph: stderr
2024-05-20T19:29:46.951+0000 7fa83fe00700 1 -- 172.21.15.16:0/1753732207 <== mon.0 v2:172.21.15.16:3300/0 7 ==== mon_command_ack([{prefix=config set, name=mgr/dashboard/ssl_server_port}]=0 v8)=0 v8) ==== 130+0+0 (secure 0 0 0) 0x7fa83800b3e0 con 0x7fa848109a30
2024-05-20T19:29:47.717 INFO:teuthology.orchestra.run.smithi016.stdout:/usr/bin/ceph: stderr
2024-05-20T19:29:46.954+0000 7fa84e800700 1 -- 172.21.15.16:0/1753732207 >> [v2:172.21.15.16:6800/3489104006,v1:172.21.15.16:6801/3489104006] conn(0x7fa82c0428d0 msgr2=0x7fa82c044d90 secure :-1 s=STATE_CONNECTION_ESTABLISHED l=1).mark_down
2024-05-20T19:29:47.717 INFO:teuthology.orchestra.run.smithi016.stdout:/usr/bin/ceph: stderr
2024-05-20T19:29:46.954+0000 7fa84e800700 1 --2- 172.21.15.16:0/1753732207 >> [v2:172.21.15.16:6800/3489104006,v1:172.21.15.16:6801/3489104006] conn(0x7fa82c0428d0 0x7fa82c044d90 secure :-1 s=READY pgs=15 cs=0 l=1 rev1=1 crypto rx=0x7fa834006fd0 tx=0x7fa834006e40 comp rx=0 tx=0).stop
2024-05-20T19:29:47.717 INFO:teuthology.orchestra.run.smithi016.stdout:/usr/bin/ceph: stderr
2024-05-20T19:29:46.954+0000 7fa84e800700 1 -- 172.21.15.16:0/1753732207 >> [v2:172.21.15.16:3300/0,v1:172.21.15.16:6789/0] conn(0x7fa848109a30 msgr2=0x7fa84819ac60 secure :-1 s=STATE_CONNECTION_ESTABLISHED l=1).mark_down
2024-05-20T19:29:47.717 INFO:teuthology.orchestra.run.smithi016.stdout:/usr/bin/ceph: stderr
2024-05-20T19:29:46.954+0000 7fa84e800700 1 --2- 172.21.15.16:0/1753732207 >> [v2:172.21.15.16:3300/0,v1:172.21.15.16:6789/0] conn(0x7fa848109a30 0x7fa84819ac60 secure :-1 s=READY pgs=54 cs=0 l=1 rev1=1 crypto rx=0x7fa838000c00 tx=0x7fa838011aa0 comp rx=0 tx=0).stop
2024-05-20T19:29:47.717 INFO:teuthology.orchestra.run.smithi016.stdout:/usr/bin/ceph: stderr
2024-05-20T19:29:46.954+0000 7fa84e800700 1 -- 172.21.15.16:0/1753732207 shutdown_connections
2024-05-20T19:29:47.717 INFO:teuthology.orchestra.run.smithi016.stdout:/usr/bin/ceph: stderr
2024-05-20T19:29:46.954+0000 7fa84e800700 1 --2- 172.21.15.16:0/1753732207 >> [v2:172.21.15.16:6800/3489104006,v1:172.21.15.16:6801/3489104006] conn(0x7fa82c0428d0 0x7fa82c044d90 unknown :-1 s=CLOSED pgs=15 cs=0 l=1 rev1=1 crypto rx=0 tx=0 comp rx=0 tx=0).stop
2024-05-20T19:29:47.718 INFO:teuthology.orchestra.run.smithi016.stdout:/usr/bin/ceph: stderr
2024-05-20T19:29:46.954+0000 7fa84e800700 1 --2- 172.21.15.16:0/1753732207 >> [v2:172.21.15.16:3300/0,v1:172.21.15.16:6789/0] conn(0x7fa848109a30 0x7fa84819ac60 unknown :-1 s=CLOSED pgs=54 cs=0 l=1 rev1=1 crypto rx=0 tx=0 comp rx=0 tx=0).stop
2024-05-20T19:29:47.718 INFO:teuthology.orchestra.run.smithi016.stdout:/usr/bin/ceph: stderr
2024-05-20T19:29:46.954+0000 7fa84e800700 1 -- 172.21.15.16:0/1753732207 >> 172.21.15.16:0/1753732207 conn(0x7fa848103480 msgr2=0x7fa848103d20 unknown :-1 s=STATE_NONE l=0).mark_down
2024-05-20T19:29:47.718 INFO:teuthology.orchestra.run.smithi016.stdout:/usr/bin/ceph: stderr
2024-05-20T19:29:46.955+0000 7fa84e800700 1 -- 172.21.15.16:0/1753732207 shutdown_connections
2024-05-20T19:29:47.718 INFO:teuthology.orchestra.run.smithi016.stdout:/usr/bin/ceph: stderr
2024-05-20T19:29:46.955+0000 7fa84e800700 1 -- 172.21.15.16:0/1753732207 wait complete.
2024-05-20T19:29:47.718 INFO:teuthology.orchestra.run.smithi016.stdout:Enabling the dashboard module...
2024-05-20T19:29:48.245 INFO:journalctl@ceph.mon.a.smithi016.stdout:May 20 19:29:47 smithi016 ceph-mon[31497]: pgmap v5: 0 pgs: ; 0 B data, 0 B used, 0 B / 0 B avail
2024-05-20T19:29:48.245 INFO:journalctl@ceph.mon.a.smithi016.stdout:May 20 19:29:47 smithi016 ceph-mon[31497]: from='client.? 172.21.15.16:0/1753732207' entity='client.admin'
2024-05-20T19:29:49.464 INFO:journalctl@ceph.mon.a.smithi016.stdout:May 20 19:29:49 smithi016 ceph-mon[31497]: from='mgr.14120 172.21.15.16:0/3567646511' entity='mgr.x'
2024-05-20T19:29:49.464 INFO:journalctl@ceph.mon.a.smithi016.stdout:May 20 19:29:49 smithi016 ceph-mon[31497]: from='client.? 172.21.15.16:0/3317304036' entity='client.admin' cmd=[{"prefix": "mgr module enable", "module": "dashboard"}]: dispatch
2024-05-20T19:29:49.464 INFO:journalctl@ceph.mgr.x.smithi016.stdout:May 20 19:29:49 smithi016 ceph-036aacd6-16df-11ef-bc9a-c7b262605968-mgr-x[31738]: ignoring --setuser ceph since I am not root
2024-05-20T19:29:49.465 INFO:journalctl@ceph.mgr.x.smithi016.stdout:May 20 19:29:49 smithi016 ceph-036aacd6-16df-11ef-bc9a-c7b262605968-mgr-x[31738]: ignoring --setgroup ceph since I am not root
2024-05-20T19:29:49.465 INFO:journalctl@ceph.mgr.x.smithi016.stdout:May 20 19:29:49 smithi016 ceph-036aacd6-16df-11ef-bc9a-c7b262605968-mgr-x[31738]:
2024-05-20T19:29:49.462+0000 7f73c5d85200 -1 mgr[py] Module balancer has missing NOTIFY_TYPES member
2024-05-20T19:29:49.847 INFO:journalctl@ceph.mgr.x.smithi016.stdout:May 20 19:29:49 smithi016 ceph-036aacd6-16df-11ef-bc9a-c7b262605968-mgr-x[31738]:
2024-05-20T19:29:49.710+0000 7f73c5d85200 -1 mgr[py] Module orchestrator has missing NOTIFY_TYPES member
2024-05-20T19:29:49.847 INFO:journalctl@ceph.mgr.x.smithi016.stdout:May 20 19:29:49 smithi016 ceph-036aacd6-16df-11ef-bc9a-c7b262605968-mgr-x[31738]:
2024-05-20T19:29:49.845+0000 7f73c5d85200 -1 mgr[py] Module snap_schedule has missing NOTIFY_TYPES member
2024-05-20T19:29:50.003 INFO:teuthology.orchestra.run.smithi016.stdout:/usr/bin/ceph: stderr
2024-05-20T19:29:48.414+0000 7f3d9ca00700 1 Processor -- start
2024-05-20T19:29:50.004 INFO:teuthology.orchestra.run.smithi016.stdout:/usr/bin/ceph: stderr
2024-05-20T19:29:48.414+0000 7f3d9ca00700 1 -- start start
2024-05-20T19:29:50.004 INFO:teuthology.orchestra.run.smithi016.stdout:/usr/bin/ceph: stderr
2024-05-20T19:29:48.415+0000 7f3d9ca00700 1 --2- >> [v2:172.21.15.16:3300/0,v1:172.21.15.16:6789/0] conn(0x7f3d98108ea0 0x7f3d981092c0 unknown :-1 s=NONE pgs=0 cs=0 l=0 rev1=0 crypto rx=0 tx=0 comp rx=0 tx=0).connect
2024-05-20T19:29:50.004 INFO:teuthology.orchestra.run.smithi016.stdout:/usr/bin/ceph: stderr
2024-05-20T19:29:48.415+0000 7f3d9ca00700 1 -- --> [v2:172.21.15.16:3300/0,v1:172.21.15.16:6789/0] -- mon_getmap magic: 0 -- 0x7f3d98109800 con 0x7f3d98108ea0
2024-05-20T19:29:50.004 INFO:teuthology.orchestra.run.smithi016.stdout:/usr/bin/ceph: stderr
2024-05-20T19:29:48.415+0000 7f3d96800700 1 --2- >> [v2:172.21.15.16:3300/0,v1:172.21.15.16:6789/0] conn(0x7f3d98108ea0 0x7f3d981092c0 unknown :-1 s=BANNER_CONNECTING pgs=0 cs=0 l=0 rev1=0 crypto rx=0 tx=0 comp rx=0 tx=0)._handle_peer_banner_payload supported=3 required=0
2024-05-20T19:29:50.004 INFO:teuthology.orchestra.run.smithi016.stdout:/usr/bin/ceph: stderr
2024-05-20T19:29:48.415+0000 7f3d96800700 1 --2- >> [v2:172.21.15.16:3300/0,v1:172.21.15.16:6789/0] conn(0x7f3d98108ea0 0x7f3d981092c0 unknown :-1 s=HELLO_CONNECTING pgs=0 cs=0 l=0 rev1=1 crypto rx=0 tx=0 comp rx=0 tx=0).handle_hello peer v2:172.21.15.16:3300/0 says I am v2:172.21.15.16:38214/0 (socket says 172.21.15.16:38214)
2024-05-20T19:29:50.004 INFO:teuthology.orchestra.run.smithi016.stdout:/usr/bin/ceph: stderr
2024-05-20T19:29:48.415+0000 7f3d96800700 1 -- 172.21.15.16:0/2295882713 learned_addr learned my addr 172.21.15.16:0/2295882713 (peer_addr_for_me v2:172.21.15.16:0/0)
2024-05-20T19:29:50.005 INFO:teuthology.orchestra.run.smithi016.stdout:/usr/bin/ceph: stderr
2024-05-20T19:29:48.416+0000 7f3d96800700 1 -- 172.21.15.16:0/2295882713 --> [v2:172.21.15.16:3300/0,v1:172.21.15.16:6789/0] -- mon_subscribe({config=0+,monmap=0+}) -- 0x7f3d98109f60 con 0x7f3d98108ea0
2024-05-20T19:29:50.005 INFO:teuthology.orchestra.run.smithi016.stdout:/usr/bin/ceph: stderr
2024-05-20T19:29:48.416+0000 7f3d96800700 1 --2- 172.21.15.16:0/2295882713 >> [v2:172.21.15.16:3300/0,v1:172.21.15.16:6789/0] conn(0x7f3d98108ea0 0x7f3d981092c0 secure :-1 s=READY pgs=55 cs=0 l=1 rev1=1 crypto rx=0x7f3d880098a0 tx=0x7f3d88009bb0 comp rx=0 tx=0).ready entity=mon.0 client_cookie=ccd0de0295fed6cd server_cookie=0 in_seq=0 out_seq=0
2024-05-20T19:29:50.005 INFO:teuthology.orchestra.run.smithi016.stdout:/usr/bin/ceph: stderr
2024-05-20T19:29:48.416+0000 7f3d95400700 1 -- 172.21.15.16:0/2295882713 <== mon.0 v2:172.21.15.16:3300/0 1 ==== mon_map magic: 0 ==== 205+0+0 (secure 0 0 0) 0x7f3d88004160 con 0x7f3d98108ea0
