2024-05-20T19:29:09.123+0000 7f1961600700 1 -- start start
2024-05-20T19:29:10.237 INFO:teuthology.orchestra.run.smithi016.stdout:/usr/bin/ceph: stderr
2024-05-20T19:29:09.123+0000 7f1961600700 1 --2- >> [v2:172.21.15.16:3300/0,v1:172.21.15.16:6789/0] conn(0x7f195c10b250 0x7f195c19f1b0 unknown :-1 s=NONE pgs=0 cs=0 l=1 rev1=0 crypto rx=0 tx=0 comp rx=0 tx=0).connect
2024-05-20T19:29:10.237 INFO:teuthology.orchestra.run.smithi016.stdout:/usr/bin/ceph: stderr
2024-05-20T19:29:09.123+0000 7f1961600700 1 -- --> [v2:172.21.15.16:3300/0,v1:172.21.15.16:6789/0] -- mon_getmap magic: 0 -- 0x7f195c10f7b0 con 0x7f195c10b250
2024-05-20T19:29:10.237 INFO:teuthology.orchestra.run.smithi016.stdout:/usr/bin/ceph: stderr
2024-05-20T19:29:09.124+0000 7f195aa00700 1 --2- >> [v2:172.21.15.16:3300/0,v1:172.21.15.16:6789/0] conn(0x7f195c10b250 0x7f195c19f1b0 unknown :-1 s=BANNER_CONNECTING pgs=0 cs=0 l=1 rev1=0 crypto rx=0 tx=0 comp rx=0 tx=0)._handle_peer_banner_payload supported=3 required=0
2024-05-20T19:29:10.237 INFO:teuthology.orchestra.run.smithi016.stdout:/usr/bin/ceph: stderr
2024-05-20T19:29:09.124+0000 7f195aa00700 1 --2- >> [v2:172.21.15.16:3300/0,v1:172.21.15.16:6789/0] conn(0x7f195c10b250 0x7f195c19f1b0 unknown :-1 s=HELLO_CONNECTING pgs=0 cs=0 l=1 rev1=1 crypto rx=0 tx=0 comp rx=0 tx=0).handle_hello peer v2:172.21.15.16:3300/0 says I am v2:172.21.15.16:53288/0 (socket says 172.21.15.16:53288)
2024-05-20T19:29:10.237 INFO:teuthology.orchestra.run.smithi016.stdout:/usr/bin/ceph: stderr
2024-05-20T19:29:09.124+0000 7f195aa00700 1 -- 172.21.15.16:0/2231400786 learned_addr learned my addr 172.21.15.16:0/2231400786 (peer_addr_for_me v2:172.21.15.16:0/0)
2024-05-20T19:29:10.237 INFO:teuthology.orchestra.run.smithi016.stdout:/usr/bin/ceph: stderr
2024-05-20T19:29:09.124+0000 7f195aa00700 1 -- 172.21.15.16:0/2231400786 --> [v2:172.21.15.16:3300/0,v1:172.21.15.16:6789/0] -- mon_subscribe({config=0+,monmap=0+}) -- 0x7f195c19f6f0 con 0x7f195c10b250
2024-05-20T19:29:10.237 INFO:teuthology.orchestra.run.smithi016.stdout:/usr/bin/ceph: stderr
2024-05-20T19:29:09.124+0000 7f195aa00700 1 --2- 172.21.15.16:0/2231400786 >> [v2:172.21.15.16:3300/0,v1:172.21.15.16:6789/0] conn(0x7f195c10b250 0x7f195c19f1b0 secure :-1 s=READY pgs=19 cs=0 l=1 rev1=1 crypto rx=0x7f194c009fb0 tx=0x7f194c011940 comp rx=0 tx=0).ready entity=mon.0 client_cookie=0 server_cookie=0 in_seq=0 out_seq=0
2024-05-20T19:29:10.237 INFO:teuthology.orchestra.run.smithi016.stdout:/usr/bin/ceph: stderr
2024-05-20T19:29:09.125+0000 7f1953400700 1 -- 172.21.15.16:0/2231400786 <== mon.0 v2:172.21.15.16:3300/0 1 ==== mon_map magic: 0 ==== 205+0+0 (secure 0 0 0) 0x7f194c0036a0 con 0x7f195c10b250
2024-05-20T19:29:10.237 INFO:teuthology.orchestra.run.smithi016.stdout:/usr/bin/ceph: stderr
2024-05-20T19:29:09.125+0000 7f1953400700 1 -- 172.21.15.16:0/2231400786 <== mon.0 v2:172.21.15.16:3300/0 2 ==== config(26 keys) ==== 1070+0+0 (secure 0 0 0) 0x7f194c01a430 con 0x7f195c10b250
2024-05-20T19:29:10.237 INFO:teuthology.orchestra.run.smithi016.stdout:/usr/bin/ceph: stderr
2024-05-20T19:29:09.125+0000 7f1953400700 1 -- 172.21.15.16:0/2231400786 <== mon.0 v2:172.21.15.16:3300/0 3 ==== mon_map magic: 0 ==== 205+0+0 (secure 0 0 0) 0x7f194c019550 con 0x7f195c10b250
2024-05-20T19:29:10.238 INFO:teuthology.orchestra.run.smithi016.stdout:/usr/bin/ceph: stderr
2024-05-20T19:29:09.125+0000 7f1961600700 1 -- 172.21.15.16:0/2231400786 --> [v2:172.21.15.16:3300/0,v1:172.21.15.16:6789/0] -- mon_subscribe({mgrmap=0+}) -- 0x7f195c19f980 con 0x7f195c10b250
2024-05-20T19:29:10.238 INFO:teuthology.orchestra.run.smithi016.stdout:/usr/bin/ceph: stderr
2024-05-20T19:29:09.125+0000 7f1961600700 1 -- 172.21.15.16:0/2231400786 --> [v2:172.21.15.16:3300/0,v1:172.21.15.16:6789/0] -- mon_subscribe({osdmap=0}) -- 0x7f195c1a2670 con 0x7f195c10b250
2024-05-20T19:29:10.238 INFO:teuthology.orchestra.run.smithi016.stdout:/usr/bin/ceph: stderr
2024-05-20T19:29:09.126+0000 7f1961600700 1 -- 172.21.15.16:0/2231400786 --> [v2:172.21.15.16:3300/0,v1:172.21.15.16:6789/0] -- mon_command({"prefix": "get_command_descriptions"} v 0) -- 0x7f195c064ba0 con 0x7f195c10b250
2024-05-20T19:29:10.240 INFO:teuthology.orchestra.run.smithi016.stdout:/usr/bin/ceph: stderr
2024-05-20T19:29:09.126+0000 7f1953400700 1 -- 172.21.15.16:0/2231400786 <== mon.0 v2:172.21.15.16:3300/0 4 ==== mgrmap(e 4) ==== 50211+0+0 (secure 0 0 0) 0x7f194c01a8e0 con 0x7f195c10b250
2024-05-20T19:29:10.240 INFO:teuthology.orchestra.run.smithi016.stdout:/usr/bin/ceph: stderr
2024-05-20T19:29:09.127+0000 7f1953400700 1 --2- 172.21.15.16:0/2231400786 >> [v2:172.21.15.16:6800/2630298038,v1:172.21.15.16:6801/2630298038] conn(0x7f194003e420 0x7f19400408e0 unknown :-1 s=NONE pgs=0 cs=0 l=1 rev1=0 crypto rx=0 tx=0 comp rx=0 tx=0).connect
2024-05-20T19:29:10.240 INFO:teuthology.orchestra.run.smithi016.stdout:/usr/bin/ceph: stderr
2024-05-20T19:29:09.127+0000 7f1953400700 1 -- 172.21.15.16:0/2231400786 <== mon.0 v2:172.21.15.16:3300/0 5 ==== osd_map(1..1 src has 1..1) ==== 725+0+0 (secure 0 0 0) 0x7f194c053790 con 0x7f195c10b250
2024-05-20T19:29:10.240 INFO:teuthology.orchestra.run.smithi016.stdout:/usr/bin/ceph: stderr
2024-05-20T19:29:09.127+0000 7f195a000700 1 --2- 172.21.15.16:0/2231400786 >> [v2:172.21.15.16:6800/2630298038,v1:172.21.15.16:6801/2630298038] conn(0x7f194003e420 0x7f19400408e0 unknown :-1 s=BANNER_CONNECTING pgs=0 cs=0 l=1 rev1=0 crypto rx=0 tx=0 comp rx=0 tx=0)._handle_peer_banner_payload supported=3 required=0
2024-05-20T19:29:10.240 INFO:teuthology.orchestra.run.smithi016.stdout:/usr/bin/ceph: stderr
2024-05-20T19:29:09.128+0000 7f195a000700 1 --2- 172.21.15.16:0/2231400786 >> [v2:172.21.15.16:6800/2630298038,v1:172.21.15.16:6801/2630298038] conn(0x7f194003e420 0x7f19400408e0 secure :-1 s=READY pgs=6 cs=0 l=1 rev1=1 crypto rx=0x7f1948006fd0 tx=0x7f1948006e40 comp rx=0 tx=0).ready entity=mgr.14100 client_cookie=0 server_cookie=0 in_seq=0 out_seq=0
2024-05-20T19:29:10.240 INFO:teuthology.orchestra.run.smithi016.stdout:/usr/bin/ceph: stderr
2024-05-20T19:29:09.133+0000 7f1953400700 1 -- 172.21.15.16:0/2231400786 <== mon.0 v2:172.21.15.16:3300/0 6 ==== mon_command_ack([{"prefix": "get_command_descriptions"}]=0 v0) ==== 72+0+191963 (secure 0 0 0) 0x7f194c00b3e0 con 0x7f195c10b250
2024-05-20T19:29:10.240 INFO:teuthology.orchestra.run.smithi016.stdout:/usr/bin/ceph: stderr
2024-05-20T19:29:09.461+0000 7f1961600700 1 -- 172.21.15.16:0/2231400786 --> [v2:172.21.15.16:3300/0,v1:172.21.15.16:6789/0] -- mon_command({"prefix": "status", "format": "json-pretty"} v 0) -- 0x7f195c1a2840 con 0x7f195c10b250
2024-05-20T19:29:10.240 INFO:teuthology.orchestra.run.smithi016.stdout:/usr/bin/ceph: stderr
2024-05-20T19:29:09.462+0000 7f1953400700 1 -- 172.21.15.16:0/2231400786 <== mon.0 v2:172.21.15.16:3300/0 7 ==== mon_command_ack([{"prefix": "status", "format": "json-pretty"}]=0 v0) ==== 79+0+1239 (secure 0 0 0) 0x7f194c01a690 con 0x7f195c10b250
2024-05-20T19:29:10.240 INFO:teuthology.orchestra.run.smithi016.stdout:/usr/bin/ceph: stderr
2024-05-20T19:29:09.465+0000 7f1961600700 1 -- 172.21.15.16:0/2231400786 >> [v2:172.21.15.16:6800/2630298038,v1:172.21.15.16:6801/2630298038] conn(0x7f194003e420 msgr2=0x7f19400408e0 secure :-1 s=STATE_CONNECTION_ESTABLISHED l=1).mark_down
2024-05-20T19:29:10.240 INFO:teuthology.orchestra.run.smithi016.stdout:/usr/bin/ceph: stderr
2024-05-20T19:29:09.465+0000 7f1961600700 1 --2- 172.21.15.16:0/2231400786 >> [v2:172.21.15.16:6800/2630298038,v1:172.21.15.16:6801/2630298038] conn(0x7f194003e420 0x7f19400408e0 secure :-1 s=READY pgs=6 cs=0 l=1 rev1=1 crypto rx=0x7f1948006fd0 tx=0x7f1948006e40 comp rx=0 tx=0).stop
2024-05-20T19:29:10.240 INFO:teuthology.orchestra.run.smithi016.stdout:/usr/bin/ceph: stderr
2024-05-20T19:29:09.465+0000 7f1961600700 1 -- 172.21.15.16:0/2231400786 >> [v2:172.21.15.16:3300/0,v1:172.21.15.16:6789/0] conn(0x7f195c10b250 msgr2=0x7f195c19f1b0 secure :-1 s=STATE_CONNECTION_ESTABLISHED l=1).mark_down
2024-05-20T19:29:10.240 INFO:teuthology.orchestra.run.smithi016.stdout:/usr/bin/ceph: stderr
2024-05-20T19:29:09.465+0000 7f1961600700 1 --2- 172.21.15.16:0/2231400786 >> [v2:172.21.15.16:3300/0,v1:172.21.15.16:6789/0] conn(0x7f195c10b250 0x7f195c19f1b0 secure :-1 s=READY pgs=19 cs=0 l=1 rev1=1 crypto rx=0x7f194c009fb0 tx=0x7f194c011940 comp rx=0 tx=0).stop
2024-05-20T19:29:10.241 INFO:teuthology.orchestra.run.smithi016.stdout:/usr/bin/ceph: stderr
2024-05-20T19:29:09.465+0000 7f1961600700 1 -- 172.21.15.16:0/2231400786 shutdown_connections
2024-05-20T19:29:10.241 INFO:teuthology.orchestra.run.smithi016.stdout:/usr/bin/ceph: stderr
2024-05-20T19:29:09.465+0000 7f1961600700 1 --2- 172.21.15.16:0/2231400786 >> [v2:172.21.15.16:6800/2630298038,v1:172.21.15.16:6801/2630298038] conn(0x7f194003e420 0x7f19400408e0 unknown :-1 s=CLOSED pgs=6 cs=0 l=1 rev1=1 crypto rx=0 tx=0 comp rx=0 tx=0).stop
2024-05-20T19:29:10.241 INFO:teuthology.orchestra.run.smithi016.stdout:/usr/bin/ceph: stderr
2024-05-20T19:29:09.465+0000 7f1961600700 1 --2- 172.21.15.16:0/2231400786 >> [v2:172.21.15.16:3300/0,v1:172.21.15.16:6789/0] conn(0x7f195c10b250 0x7f195c19f1b0 unknown :-1 s=CLOSED pgs=19 cs=0 l=1 rev1=1 crypto rx=0 tx=0 comp rx=0 tx=0).stop
2024-05-20T19:29:10.241 INFO:teuthology.orchestra.run.smithi016.stdout:/usr/bin/ceph: stderr
2024-05-20T19:29:09.465+0000 7f1961600700 1 -- 172.21.15.16:0/2231400786 >> 172.21.15.16:0/2231400786 conn(0x7f195c07e6b0 msgr2=0x7f195c108d80 unknown :-1 s=STATE_NONE l=0).mark_down
2024-05-20T19:29:10.241 INFO:teuthology.orchestra.run.smithi016.stdout:/usr/bin/ceph: stderr
2024-05-20T19:29:09.465+0000 7f1961600700 1 -- 172.21.15.16:0/2231400786 shutdown_connections
2024-05-20T19:29:10.241 INFO:teuthology.orchestra.run.smithi016.stdout:/usr/bin/ceph: stderr
2024-05-20T19:29:09.465+0000 7f1961600700 1 -- 172.21.15.16:0/2231400786 wait complete.
2024-05-20T19:29:10.241 INFO:teuthology.orchestra.run.smithi016.stdout:mgr is available
2024-05-20T19:29:11.600 INFO:journalctl@ceph.mon.a.smithi016.stdout:May 20 19:29:11 smithi016 ceph-mon[31497]: from='client.? 172.21.15.16:0/2718611984' entity='client.admin' cmd=[{"prefix": "config assimilate-conf"}]: dispatch
2024-05-20T19:29:11.966 INFO:teuthology.orchestra.run.smithi016.stdout:/usr/bin/ceph: stdout
2024-05-20T19:29:11.966 INFO:teuthology.orchestra.run.smithi016.stdout:/usr/bin/ceph: stdout [global]
2024-05-20T19:29:11.966 INFO:teuthology.orchestra.run.smithi016.stdout:/usr/bin/ceph: stdout fsid = 036aacd6-16df-11ef-bc9a-c7b262605968
2024-05-20T19:29:11.966 INFO:teuthology.orchestra.run.smithi016.stdout:/usr/bin/ceph: stdout mon_cluster_log_file_level = debug
2024-05-20T19:29:11.966 INFO:teuthology.orchestra.run.smithi016.stdout:/usr/bin/ceph: stdout mon_osd_allow_pg_remap = true
2024-05-20T19:29:11.969 INFO:teuthology.orchestra.run.smithi016.stdout:/usr/bin/ceph: stdout mon_osd_allow_primary_affinity = true
2024-05-20T19:29:11.969 INFO:teuthology.orchestra.run.smithi016.stdout:/usr/bin/ceph: stdout mon_warn_on_no_sortbitwise = false
2024-05-20T19:29:11.969 INFO:teuthology.orchestra.run.smithi016.stdout:/usr/bin/ceph: stdout osd_crush_chooseleaf_type = 0
2024-05-20T19:29:11.969 INFO:teuthology.orchestra.run.smithi016.stdout:/usr/bin/ceph: stdout
2024-05-20T19:29:11.969 INFO:teuthology.orchestra.run.smithi016.stdout:/usr/bin/ceph: stdout [mgr]
2024-05-20T19:29:11.969 INFO:teuthology.orchestra.run.smithi016.stdout:/usr/bin/ceph: stdout mgr/telemetry/nag = false
2024-05-20T19:29:11.969 INFO:teuthology.orchestra.run.smithi016.stdout:/usr/bin/ceph: stdout
2024-05-20T19:29:11.969 INFO:teuthology.orchestra.run.smithi016.stdout:/usr/bin/ceph: stdout [osd]
2024-05-20T19:29:11.969 INFO:teuthology.orchestra.run.smithi016.stdout:/usr/bin/ceph: stdout mon_osd_backfillfull_ratio = 0.85
2024-05-20T19:29:11.969 INFO:teuthology.orchestra.run.smithi016.stdout:/usr/bin/ceph: stdout mon_osd_full_ratio = 0.9
2024-05-20T19:29:11.969 INFO:teuthology.orchestra.run.smithi016.stdout:/usr/bin/ceph: stdout mon_osd_nearfull_ratio = 0.8
2024-05-20T19:29:11.969 INFO:teuthology.orchestra.run.smithi016.stdout:/usr/bin/ceph: stdout osd_map_max_advance = 10
2024-05-20T19:29:11.970 INFO:teuthology.orchestra.run.smithi016.stdout:/usr/bin/ceph: stdout osd_sloppy_crc = true
2024-05-20T19:29:11.970 INFO:teuthology.orchestra.run.smithi016.stdout:/usr/bin/ceph: stderr
2024-05-20T19:29:10.976+0000 7f229a000700 1 Processor -- start
2024-05-20T19:29:11.970 INFO:teuthology.orchestra.run.smithi016.stdout:/usr/bin/ceph: stderr
2024-05-20T19:29:10.976+0000 7f229a000700 1 -- start start
2024-05-20T19:29:11.970 INFO:teuthology.orchestra.run.smithi016.stdout:/usr/bin/ceph: stderr
2024-05-20T19:29:10.977+0000 7f229a000700 1 --2- >> [v2:172.21.15.16:3300/0,v1:172.21.15.16:6789/0] conn(0x7f229410b210 0x7f229410b630 unknown :-1 s=NONE pgs=0 cs=0 l=0 rev1=0 crypto rx=0 tx=0 comp rx=0 tx=0).connect
2024-05-20T19:29:11.970 INFO:teuthology.orchestra.run.smithi016.stdout:/usr/bin/ceph: stderr
2024-05-20T19:29:10.977+0000 7f229a000700 1 -- --> [v2:172.21.15.16:3300/0,v1:172.21.15.16:6789/0] -- mon_getmap magic: 0 -- 0x7f229410bc00 con 0x7f229410b210
2024-05-20T19:29:11.970 INFO:teuthology.orchestra.run.smithi016.stdout:/usr/bin/ceph: stderr
2024-05-20T19:29:10.977+0000 7f2293400700 1 --2- >> [v2:172.21.15.16:3300/0,v1:172.21.15.16:6789/0] conn(0x7f229410b210 0x7f229410b630 unknown :-1 s=BANNER_CONNECTING pgs=0 cs=0 l=0 rev1=0 crypto rx=0 tx=0 comp rx=0 tx=0)._handle_peer_banner_payload supported=3 required=0
2024-05-20T19:29:11.970 INFO:teuthology.orchestra.run.smithi016.stdout:/usr/bin/ceph: stderr
2024-05-20T19:29:10.977+0000 7f2293400700 1 --2- >> [v2:172.21.15.16:3300/0,v1:172.21.15.16:6789/0] conn(0x7f229410b210 0x7f229410b630 unknown :-1 s=HELLO_CONNECTING pgs=0 cs=0 l=0 rev1=1 crypto rx=0 tx=0 comp rx=0 tx=0).handle_hello peer v2:172.21.15.16:3300/0 says I am v2:172.21.15.16:53304/0 (socket says 172.21.15.16:53304)
2024-05-20T19:29:11.970 INFO:teuthology.orchestra.run.smithi016.stdout:/usr/bin/ceph: stderr
2024-05-20T19:29:10.977+0000 7f2293400700 1 -- 172.21.15.16:0/4178218396 learned_addr learned my addr 172.21.15.16:0/4178218396 (peer_addr_for_me v2:172.21.15.16:0/0)
2024-05-20T19:29:11.970 INFO:teuthology.orchestra.run.smithi016.stdout:/usr/bin/ceph: stderr
2024-05-20T19:29:10.978+0000 7f2293400700 1 -- 172.21.15.16:0/4178218396 --> [v2:172.21.15.16:3300/0,v1:172.21.15.16:6789/0] -- mon_subscribe({config=0+,monmap=0+}) -- 0x7f229410c410 con 0x7f229410b210
2024-05-20T19:29:11.970 INFO:teuthology.orchestra.run.smithi016.stdout:/usr/bin/ceph: stderr
2024-05-20T19:29:10.978+0000 7f2293400700 1 --2- 172.21.15.16:0/4178218396 >> [v2:172.21.15.16:3300/0,v1:172.21.15.16:6789/0] conn(0x7f229410b210 0x7f229410b630 secure :-1 s=READY pgs=20 cs=0 l=1 rev1=1 crypto rx=0x7f22840098a0 tx=0x7f2284009bb0 comp rx=0 tx=0).ready entity=mon.0 client_cookie=d13d1cffc184c91e server_cookie=0 in_seq=0 out_seq=0
2024-05-20T19:29:11.975 INFO:teuthology.orchestra.run.smithi016.stdout:/usr/bin/ceph: stderr
2024-05-20T19:29:10.978+0000 7f2292000700 1 -- 172.21.15.16:0/4178218396 <== mon.0 v2:172.21.15.16:3300/0 1 ==== mon_map magic: 0 ==== 205+0+0 (secure 0 0 0) 0x7f2284004160 con 0x7f229410b210
2024-05-20T19:29:11.975 INFO:teuthology.orchestra.run.smithi016.stdout:/usr/bin/ceph: stderr
2024-05-20T19:29:10.979+0000 7f2292000700 1 -- 172.21.15.16:0/4178218396 <== mon.0 v2:172.21.15.16:3300/0 2 ==== config(26 keys) ==== 1070+0+0 (secure 0 0 0) 0x7f2284004300 con 0x7f229410b210
2024-05-20T19:29:11.975 INFO:teuthology.orchestra.run.smithi016.stdout:/usr/bin/ceph: stderr
2024-05-20T19:29:10.979+0000 7f2292000700 1 -- 172.21.15.16:0/4178218396 <== mon.0 v2:172.21.15.16:3300/0 3 ==== mon_map magic: 0 ==== 205+0+0 (secure 0 0 0) 0x7f2284011af0 con 0x7f229410b210
2024-05-20T19:29:11.975 INFO:teuthology.orchestra.run.smithi016.stdout:/usr/bin/ceph: stderr
2024-05-20T19:29:10.979+0000 7f229a000700 1 -- 172.21.15.16:0/4178218396 >> [v2:172.21.15.16:3300/0,v1:172.21.15.16:6789/0] conn(0x7f229410b210 msgr2=0x7f229410b630 secure :-1 s=STATE_CONNECTION_ESTABLISHED l=1).mark_down
2024-05-20T19:29:11.975 INFO:teuthology.orchestra.run.smithi016.stdout:/usr/bin/ceph: stderr
2024-05-20T19:29:10.979+0000 7f229a000700 1 --2- 172.21.15.16:0/4178218396 >> [v2:172.21.15.16:3300/0,v1:172.21.15.16:6789/0] conn(0x7f229410b210 0x7f229410b630 secure :-1 s=READY pgs=20 cs=0 l=1 rev1=1 crypto rx=0x7f22840098a0 tx=0x7f2284009bb0 comp rx=0 tx=0).stop
2024-05-20T19:29:11.975 INFO:teuthology.orchestra.run.smithi016.stdout:/usr/bin/ceph: stderr
2024-05-20T19:29:10.979+0000 7f229a000700 1 -- 172.21.15.16:0/4178218396 shutdown_connections
2024-05-20T19:29:11.975 INFO:teuthology.orchestra.run.smithi016.stdout:/usr/bin/ceph: stderr
2024-05-20T19:29:10.979+0000 7f229a000700 1 --2- 172.21.15.16:0/4178218396 >> [v2:172.21.15.16:3300/0,v1:172.21.15.16:6789/0] conn(0x7f229410b210 0x7f229410b630 unknown :-1 s=CLOSED pgs=20 cs=0 l=1 rev1=1 crypto rx=0 tx=0 comp rx=0 tx=0).stop
2024-05-20T19:29:11.976 INFO:teuthology.orchestra.run.smithi016.stdout:/usr/bin/ceph: stderr
2024-05-20T19:29:10.979+0000 7f229a000700 1 -- 172.21.15.16:0/4178218396 >> 172.21.15.16:0/4178218396 conn(0x7f229407e650 msgr2=0x7f229407eaa0 unknown :-1 s=STATE_NONE l=0).mark_down
2024-05-20T19:29:11.976 INFO:teuthology.orchestra.run.smithi016.stdout:/usr/bin/ceph: stderr
2024-05-20T19:29:10.980+0000 7f229a000700 1 -- 172.21.15.16:0/4178218396 shutdown_connections
2024-05-20T19:29:11.976 INFO:teuthology.orchestra.run.smithi016.stdout:/usr/bin/ceph: stderr
2024-05-20T19:29:10.980+0000 7f229a000700 1 -- 172.21.15.16:0/4178218396 wait complete.
2024-05-20T19:29:11.976 INFO:teuthology.orchestra.run.smithi016.stdout:/usr/bin/ceph: stderr
2024-05-20T19:29:10.981+0000 7f229a000700 1 Processor -- start
2024-05-20T19:29:11.976 INFO:teuthology.orchestra.run.smithi016.stdout:/usr/bin/ceph: stderr
2024-05-20T19:29:10.981+0000 7f229a000700 1 -- start start
2024-05-20T19:29:11.976 INFO:teuthology.orchestra.run.smithi016.stdout:/usr/bin/ceph: stderr
2024-05-20T19:29:10.981+0000 7f229a000700 1 --2- >> [v2:172.21.15.16:3300/0,v1:172.21.15.16:6789/0] conn(0x7f229410b210 0x7f229419f1f0 unknown :-1 s=NONE pgs=0 cs=0 l=1 rev1=0 crypto rx=0 tx=0 comp rx=0 tx=0).connect
2024-05-20T19:29:11.976 INFO:teuthology.orchestra.run.smithi016.stdout:/usr/bin/ceph: stderr
2024-05-20T19:29:10.981+0000 7f229a000700 1 -- --> [v2:172.21.15.16:3300/0,v1:172.21.15.16:6789/0] -- mon_getmap magic: 0 -- 0x7f229410f7c0 con 0x7f229410b210
2024-05-20T19:29:11.976 INFO:teuthology.orchestra.run.smithi016.stdout:/usr/bin/ceph: stderr
2024-05-20T19:29:10.982+0000 7f2293400700 1 --2- >> [v2:172.21.15.16:3300/0,v1:172.21.15.16:6789/0] conn(0x7f229410b210 0x7f229419f1f0 unknown :-1 s=BANNER_CONNECTING pgs=0 cs=0 l=1 rev1=0 crypto rx=0 tx=0 comp rx=0 tx=0)._handle_peer_banner_payload supported=3 required=0
2024-05-20T19:29:11.976 INFO:teuthology.orchestra.run.smithi016.stdout:/usr/bin/ceph: stderr
2024-05-20T19:29:10.982+0000 7f2293400700 1 --2- >> [v2:172.21.15.16:3300/0,v1:172.21.15.16:6789/0] conn(0x7f229410b210 0x7f229419f1f0 unknown :-1 s=HELLO_CONNECTING pgs=0 cs=0 l=1 rev1=1 crypto rx=0 tx=0 comp rx=0 tx=0).handle_hello peer v2:172.21.15.16:3300/0 says I am v2:172.21.15.16:53316/0 (socket says 172.21.15.16:53316)
2024-05-20T19:29:11.976 INFO:teuthology.orchestra.run.smithi016.stdout:/usr/bin/ceph: stderr
2024-05-20T19:29:10.982+0000 7f2293400700 1 -- 172.21.15.16:0/2718611984 learned_addr learned my addr 172.21.15.16:0/2718611984 (peer_addr_for_me v2:172.21.15.16:0/0)
2024-05-20T19:29:11.976 INFO:teuthology.orchestra.run.smithi016.stdout:/usr/bin/ceph: stderr
2024-05-20T19:29:10.982+0000 7f2293400700 1 -- 172.21.15.16:0/2718611984 --> [v2:172.21.15.16:3300/0,v1:172.21.15.16:6789/0] -- mon_subscribe({config=0+,monmap=0+}) -- 0x7f229419f730 con 0x7f229410b210
2024-05-20T19:29:11.976 INFO:teuthology.orchestra.run.smithi016.stdout:/usr/bin/ceph: stderr
2024-05-20T19:29:10.983+0000 7f2293400700 1 --2- 172.21.15.16:0/2718611984 >> [v2:172.21.15.16:3300/0,v1:172.21.15.16:6789/0] conn(0x7f229410b210 0x7f229419f1f0 secure :-1 s=READY pgs=21 cs=0 l=1 rev1=1 crypto rx=0x7f2284009fb0 tx=0x7f2284011940 comp rx=0 tx=0).ready entity=mon.0 client_cookie=0 server_cookie=0 in_seq=0 out_seq=0
2024-05-20T19:29:11.977 INFO:teuthology.orchestra.run.smithi016.stdout:/usr/bin/ceph: stderr
2024-05-20T19:29:10.983+0000 7f228be00700 1 -- 172.21.15.16:0/2718611984 <== mon.0 v2:172.21.15.16:3300/0 1 ==== mon_map magic: 0 ==== 205+0+0 (secure 0 0 0) 0x7f22840036a0 con 0x7f229410b210
2024-05-20T19:29:11.977 INFO:teuthology.orchestra.run.smithi016.stdout:/usr/bin/ceph: stderr
2024-05-20T19:29:10.983+0000 7f228be00700 1 -- 172.21.15.16:0/2718611984 <== mon.0 v2:172.21.15.16:3300/0 2 ==== config(26 keys) ==== 1070+0+0 (secure 0 0 0) 0x7f228401a430 con 0x7f229410b210
2024-05-20T19:29:11.977 INFO:teuthology.orchestra.run.smithi016.stdout:/usr/bin/ceph: stderr
2024-05-20T19:29:10.983+0000 7f229a000700 1 -- 172.21.15.16:0/2718611984 --> [v2:172.21.15.16:3300/0,v1:172.21.15.16:6789/0] -- mon_subscribe({mgrmap=0+}) -- 0x7f229419f9c0 con 0x7f229410b210
2024-05-20T19:29:11.977 INFO:teuthology.orchestra.run.smithi016.stdout:/usr/bin/ceph: stderr
2024-05-20T19:29:10.983+0000 7f228be00700 1 -- 172.21.15.16:0/2718611984 <== mon.0 v2:172.21.15.16:3300/0 3 ==== mon_map magic: 0 ==== 205+0+0 (secure 0 0 0) 0x7f2284019550 con 0x7f229410b210
2024-05-20T19:29:11.977 INFO:teuthology.orchestra.run.smithi016.stdout:/usr/bin/ceph: stderr
2024-05-20T19:29:10.983+0000 7f229a000700 1 -- 172.21.15.16:0/2718611984 --> [v2:172.21.15.16:3300/0,v1:172.21.15.16:6789/0] -- mon_subscribe({osdmap=0}) -- 0x7f22941a26b0 con 0x7f229410b210
2024-05-20T19:29:11.977 INFO:teuthology.orchestra.run.smithi016.stdout:/usr/bin/ceph: stderr
2024-05-20T19:29:10.984+0000 7f229a000700 1 -- 172.21.15.16:0/2718611984 --> [v2:172.21.15.16:3300/0,v1:172.21.15.16:6789/0] -- mon_command({"prefix": "get_command_descriptions"} v 0) -- 0x7f2294064ba0 con 0x7f229410b210
2024-05-20T19:29:11.977 INFO:teuthology.orchestra.run.smithi016.stdout:/usr/bin/ceph: stderr
2024-05-20T19:29:10.985+0000 7f228be00700 1 -- 172.21.15.16:0/2718611984 <== mon.0 v2:172.21.15.16:3300/0 4 ==== mgrmap(e 4) ==== 50211+0+0 (secure 0 0 0) 0x7f228401a8e0 con 0x7f229410b210
2024-05-20T19:29:11.977 INFO:teuthology.orchestra.run.smithi016.stdout:/usr/bin/ceph: stderr
2024-05-20T19:29:10.985+0000 7f228be00700 1 --2- 172.21.15.16:0/2718611984 >> [v2:172.21.15.16:6800/2630298038,v1:172.21.15.16:6801/2630298038] conn(0x7f227803e3d0 0x7f2278040890 unknown :-1 s=NONE pgs=0 cs=0 l=1 rev1=0 crypto rx=0 tx=0 comp rx=0 tx=0).connect
2024-05-20T19:29:11.977 INFO:teuthology.orchestra.run.smithi016.stdout:/usr/bin/ceph: stderr
2024-05-20T19:29:10.985+0000 7f228be00700 1 -- 172.21.15.16:0/2718611984 <== mon.0 v2:172.21.15.16:3300/0 5 ==== osd_map(1..1 src has 1..1) ==== 725+0+0 (secure 0 0 0) 0x7f22840537c0 con 0x7f229410b210
2024-05-20T19:29:11.977 INFO:teuthology.orchestra.run.smithi016.stdout:/usr/bin/ceph: stderr
2024-05-20T19:29:10.986+0000 7f2292a00700 1 --2- 172.21.15.16:0/2718611984 >> [v2:172.21.15.16:6800/2630298038,v1:172.21.15.16:6801/2630298038] conn(0x7f227803e3d0 0x7f2278040890 unknown :-1 s=BANNER_CONNECTING pgs=0 cs=0 l=1 rev1=0 crypto rx=0 tx=0 comp rx=0 tx=0)._handle_peer_banner_payload supported=3 required=0
2024-05-20T19:29:11.977 INFO:teuthology.orchestra.run.smithi016.stdout:/usr/bin/ceph: stderr
2024-05-20T19:29:10.987+0000 7f2292a00700 1 --2- 172.21.15.16:0/2718611984 >> [v2:172.21.15.16:6800/2630298038,v1:172.21.15.16:6801/2630298038] conn(0x7f227803e3d0 0x7f2278040890 secure :-1 s=READY pgs=7 cs=0 l=1 rev1=1 crypto rx=0x7f2280006fd0 tx=0x7f2280006e40 comp rx=0 tx=0).ready entity=mgr.14100 client_cookie=0 server_cookie=0 in_seq=0 out_seq=0
2024-05-20T19:29:11.977 INFO:teuthology.orchestra.run.smithi016.stdout:/usr/bin/ceph: stderr
2024-05-20T19:29:10.991+0000 7f228be00700 1 -- 172.21.15.16:0/2718611984 <== mon.0 v2:172.21.15.16:3300/0 6 ==== mon_command_ack([{"prefix": "get_command_descriptions"}]=0 v0) ==== 72+0+191963 (secure 0 0 0) 0x7f228400b3e0 con 0x7f229410b210
2024-05-20T19:29:11.978 INFO:teuthology.orchestra.run.smithi016.stdout:/usr/bin/ceph: stderr
2024-05-20T19:29:11.228+0000 7f229a000700 1 -- 172.21.15.16:0/2718611984 --> [v2:172.21.15.16:3300/0,v1:172.21.15.16:6789/0] -- mon_command({"prefix": "config assimilate-conf"} v 0) -- 0x7f22941a2880 con 0x7f229410b210
2024-05-20T19:29:11.978 INFO:teuthology.orchestra.run.smithi016.stdout:/usr/bin/ceph: stderr
2024-05-20T19:29:11.230+0000 7f228be00700 1 -- 172.21.15.16:0/2718611984 <== mon.0 v2:172.21.15.16:3300/0 7 ==== mon_command_ack([{"prefix": "config assimilate-conf"}]=0 v3) ==== 70+0+409 (secure 0 0 0) 0x7f228401a690 con 0x7f229410b210
2024-05-20T19:29:11.978 INFO:teuthology.orchestra.run.smithi016.stdout:/usr/bin/ceph: stderr
2024-05-20T19:29:11.233+0000 7f229a000700 1 -- 172.21.15.16:0/2718611984 >> [v2:172.21.15.16:6800/2630298038,v1:172.21.15.16:6801/2630298038] conn(0x7f227803e3d0 msgr2=0x7f2278040890 secure :-1 s=STATE_CONNECTION_ESTABLISHED l=1).mark_down
2024-05-20T19:29:11.978 INFO:teuthology.orchestra.run.smithi016.stdout:/usr/bin/ceph: stderr
2024-05-20T19:29:11.233+0000 7f229a000700 1 --2- 172.21.15.16:0/2718611984 >> [v2:172.21.15.16:6800/2630298038,v1:172.21.15.16:6801/2630298038] conn(0x7f227803e3d0 0x7f2278040890 secure :-1 s=READY pgs=7 cs=0 l=1 rev1=1 crypto rx=0x7f2280006fd0 tx=0x7f2280006e40 comp rx=0 tx=0).stop
2024-05-20T19:29:11.978 INFO:teuthology.orchestra.run.smithi016.stdout:/usr/bin/ceph: stderr
2024-05-20T19:29:11.233+0000 7f229a000700 1 -- 172.21.15.16:0/2718611984 >> [v2:172.21.15.16:3300/0,v1:172.21.15.16:6789/0] conn(0x7f229410b210 msgr2=0x7f229419f1f0 secure :-1 s=STATE_CONNECTION_ESTABLISHED l=1).mark_down
2024-05-20T19:29:11.978 INFO:teuthology.orchestra.run.smithi016.stdout:/usr/bin/ceph: stderr
2024-05-20T19:29:11.233+0000 7f229a000700 1 --2- 172.21.15.16:0/2718611984 >> [v2:172.21.15.16:3300/0,v1:172.21.15.16:6789/0] conn(0x7f229410b210 0x7f229419f1f0 secure :-1 s=READY pgs=21 cs=0 l=1 rev1=1 crypto rx=0x7f2284009fb0 tx=0x7f2284011940 comp rx=0 tx=0).stop
2024-05-20T19:29:11.978 INFO:teuthology.orchestra.run.smithi016.stdout:/usr/bin/ceph: stderr
2024-05-20T19:29:11.234+0000 7f229a000700 1 -- 172.21.15.16:0/2718611984 shutdown_connections
2024-05-20T19:29:11.978 INFO:teuthology.orchestra.run.smithi016.stdout:/usr/bin/ceph: stderr
2024-05-20T19:29:11.234+0000 7f229a000700 1 --2- 172.21.15.16:0/2718611984 >> [v2:172.21.15.16:6800/2630298038,v1:172.21.15.16:6801/2630298038] conn(0x7f227803e3d0 0x7f2278040890 unknown :-1 s=CLOSED pgs=7 cs=0 l=1 rev1=1 crypto rx=0 tx=0 comp rx=0 tx=0).stop
2024-05-20T19:29:11.978 INFO:teuthology.orchestra.run.smithi016.stdout:/usr/bin/ceph: stderr
2024-05-20T19:29:11.234+0000 7f229a000700 1 --2- 172.21.15.16:0/2718611984 >> [v2:172.21.15.16:3300/0,v1:172.21.15.16:6789/0] conn(0x7f229410b210 0x7f229419f1f0 unknown :-1 s=CLOSED pgs=21 cs=0 l=1 rev1=1 crypto rx=0 tx=0 comp rx=0 tx=0).stop
2024-05-20T19:29:11.978 INFO:teuthology.orchestra.run.smithi016.stdout:/usr/bin/ceph: stderr
2024-05-20T19:29:11.234+0000 7f229a000700 1 -- 172.21.15.16:0/2718611984 >> 172.21.15.16:0/2718611984 conn(0x7f229407e650 msgr2=0x7f2294108e30 unknown :-1 s=STATE_NONE l=0).mark_down
2024-05-20T19:29:11.978 INFO:teuthology.orchestra.run.smithi016.stdout:/usr/bin/ceph: stderr
2024-05-20T19:29:11.234+0000 7f229a000700 1 -- 172.21.15.16:0/2718611984 shutdown_connections
2024-05-20T19:29:11.978 INFO:teuthology.orchestra.run.smithi016.stdout:/usr/bin/ceph: stderr
2024-05-20T19:29:11.234+0000 7f229a000700 1 -- 172.21.15.16:0/2718611984 wait complete.
2024-05-20T19:29:11.978 INFO:teuthology.orchestra.run.smithi016.stdout:Enabling cephadm module...
2024-05-20T19:29:13.337 INFO:journalctl@ceph.mon.a.smithi016.stdout:May 20 19:29:13 smithi016 ceph-mon[31497]: from='client.? 172.21.15.16:0/3748114149' entity='client.admin' cmd=[{"prefix": "mgr module enable", "module": "cephadm"}]: dispatch
2024-05-20T19:29:13.338 INFO:journalctl@ceph.mgr.x.smithi016.stdout:May 20 19:29:13 smithi016 ceph-036aacd6-16df-11ef-bc9a-c7b262605968-mgr-x[31738]: ignoring --setuser ceph since I am not root
2024-05-20T19:29:13.338 INFO:journalctl@ceph.mgr.x.smithi016.stdout:May 20 19:29:13 smithi016 ceph-036aacd6-16df-11ef-bc9a-c7b262605968-mgr-x[31738]: ignoring --setgroup ceph since I am not root
2024-05-20T19:29:13.590 INFO:journalctl@ceph.mgr.x.smithi016.stdout:May 20 19:29:13 smithi016 ceph-036aacd6-16df-11ef-bc9a-c7b262605968-mgr-x[31738]:
2024-05-20T19:29:13.335+0000 7f398f678200 -1 mgr[py] Module balancer has missing NOTIFY_TYPES member
2024-05-20T19:29:13.843 INFO:teuthology.orchestra.run.smithi016.stdout:/usr/bin/ceph: stderr
2024-05-20T19:29:12.676+0000 7f14da000700 1 Processor -- start
2024-05-20T19:29:13.844 INFO:teuthology.orchestra.run.smithi016.stdout:/usr/bin/ceph: stderr
2024-05-20T19:29:12.676+0000 7f14da000700 1 -- start start
2024-05-20T19:29:13.844 INFO:teuthology.orchestra.run.smithi016.stdout:/usr/bin/ceph: stderr
2024-05-20T19:29:12.677+0000 7f14da000700 1 --2- >> [v2:172.21.15.16:3300/0,v1:172.21.15.16:6789/0] conn(0x7f14d407ffd0 0x7f14d40803f0 unknown :-1 s=NONE pgs=0 cs=0 l=0 rev1=0 crypto rx=0 tx=0 comp rx=0 tx=0).connect
2024-05-20T19:29:13.844 INFO:teuthology.orchestra.run.smithi016.stdout:/usr/bin/ceph: stderr
2024-05-20T19:29:12.677+0000 7f14da000700 1 -- --> [v2:172.21.15.16:3300/0,v1:172.21.15.16:6789/0] -- mon_getmap magic: 0 -- 0x7f14d40809c0 con 0x7f14d407ffd0
2024-05-20T19:29:13.844 INFO:teuthology.orchestra.run.smithi016.stdout:/usr/bin/ceph: stderr
2024-05-20T19:29:12.677+0000 7f14d3400700 1 --2- >> [v2:172.21.15.16:3300/0,v1:172.21.15.16:6789/0] conn(0x7f14d407ffd0 0x7f14d40803f0 unknown :-1 s=BANNER_CONNECTING pgs=0 cs=0 l=0 rev1=0 crypto rx=0 tx=0 comp rx=0 tx=0)._handle_peer_banner_payload supported=3 required=0
2024-05-20T19:29:13.844 INFO:teuthology.orchestra.run.smithi016.stdout:/usr/bin/ceph: stderr
2024-05-20T19:29:12.677+0000 7f14d3400700 1 --2- >> [v2:172.21.15.16:3300/0,v1:172.21.15.16:6789/0] conn(0x7f14d407ffd0 0x7f14d40803f0 unknown :-1 s=HELLO_CONNECTING pgs=0 cs=0 l=0 rev1=1 crypto rx=0 tx=0 comp rx=0 tx=0).handle_hello peer v2:172.21.15.16:3300/0 says I am v2:172.21.15.16:34234/0 (socket says 172.21.15.16:34234)
2024-05-20T19:29:13.844 INFO:teuthology.orchestra.run.smithi016.stdout:/usr/bin/ceph: stderr
2024-05-20T19:29:12.677+0000 7f14d3400700 1 -- 172.21.15.16:0/2687445607 learned_addr learned my addr 172.21.15.16:0/2687445607 (peer_addr_for_me v2:172.21.15.16:0/0)
2024-05-20T19:29:13.844 INFO:teuthology.orchestra.run.smithi016.stdout:/usr/bin/ceph: stderr
2024-05-20T19:29:12.678+0000 7f14d3400700 1 -- 172.21.15.16:0/2687445607 --> [v2:172.21.15.16:3300/0,v1:172.21.15.16:6789/0] -- mon_subscribe({config=0+,monmap=0+}) -- 0x7f14d4081220 con 0x7f14d407ffd0
2024-05-20T19:29:13.844 INFO:teuthology.orchestra.run.smithi016.stdout:/usr/bin/ceph: stderr
2024-05-20T19:29:12.678+0000 7f14d3400700 1 --2- 172.21.15.16:0/2687445607 >> [v2:172.21.15.16:3300/0,v1:172.21.15.16:6789/0] conn(0x7f14d407ffd0 0x7f14d40803f0 secure :-1 s=READY pgs=22 cs=0 l=1 rev1=1 crypto rx=0x7f14c40098a0 tx=0x7f14c4009bb0 comp rx=0 tx=0).ready entity=mon.0 client_cookie=a3b4951d3a83a67e server_cookie=0 in_seq=0 out_seq=0
2024-05-20T19:29:13.844 INFO:teuthology.orchestra.run.smithi016.stdout:/usr/bin/ceph: stderr
2024-05-20T19:29:12.678+0000 7f14d2000700 1 -- 172.21.15.16:0/2687445607 <== mon.0 v2:172.21.15.16:3300/0 1 ==== mon_map magic: 0 ==== 205+0+0 (secure 0 0 0) 0x7f14c4004160 con 0x7f14d407ffd0
2024-05-20T19:29:13.844 INFO:teuthology.orchestra.run.smithi016.stdout:/usr/bin/ceph: stderr
2024-05-20T19:29:12.678+0000 7f14d2000700 1 -- 172.21.15.16:0/2687445607 <== mon.0 v2:172.21.15.16:3300/0 2 ==== config(26 keys) ==== 1070+0+0 (secure 0 0 0) 0x7f14c4004300 con 0x7f14d407ffd0
2024-05-20T19:29:13.844 INFO:teuthology.orchestra.run.smithi016.stdout:/usr/bin/ceph: stderr
2024-05-20T19:29:12.678+0000 7f14d2000700 1 -- 172.21.15.16:0/2687445607 <== mon.0 v2:172.21.15.16:3300/0 3 ==== mon_map magic: 0 ==== 205+0+0 (secure 0 0 0) 0x7f14c4011af0 con 0x7f14d407ffd0
2024-05-20T19:29:13.845 INFO:teuthology.orchestra.run.smithi016.stdout:/usr/bin/ceph: stderr
2024-05-20T19:29:12.679+0000 7f14da000700 1 -- 172.21.15.16:0/2687445607 >> [v2:172.21.15.16:3300/0,v1:172.21.15.16:6789/0] conn(0x7f14d407ffd0 msgr2=0x7f14d40803f0 secure :-1 s=STATE_CONNECTION_ESTABLISHED l=1).mark_down
2024-05-20T19:29:13.845 INFO:teuthology.orchestra.run.smithi016.stdout:/usr/bin/ceph: stderr
2024-05-20T19:29:12.679+0000 7f14da000700 1 --2- 172.21.15.16:0/2687445607 >> [v2:172.21.15.16:3300/0,v1:172.21.15.16:6789/0] conn(0x7f14d407ffd0 0x7f14d40803f0 secure :-1 s=READY pgs=22 cs=0 l=1 rev1=1 crypto rx=0x7f14c40098a0 tx=0x7f14c4009bb0 comp rx=0 tx=0).stop
2024-05-20T19:29:13.845 INFO:teuthology.orchestra.run.smithi016.stdout:/usr/bin/ceph: stderr
2024-05-20T19:29:12.679+0000 7f14da000700 1 -- 172.21.15.16:0/2687445607 shutdown_connections
2024-05-20T19:29:13.845 INFO:teuthology.orchestra.run.smithi016.stdout:/usr/bin/ceph: stderr
2024-05-20T19:29:12.679+0000 7f14da000700 1 --2- 172.21.15.16:0/2687445607 >> [v2:172.21.15.16:3300/0,v1:172.21.15.16:6789/0] conn(0x7f14d407ffd0 0x7f14d40803f0 unknown :-1 s=CLOSED pgs=22 cs=0 l=1 rev1=1 crypto rx=0 tx=0 comp rx=0 tx=0).stop
2024-05-20T19:29:13.845 INFO:teuthology.orchestra.run.smithi016.stdout:/usr/bin/ceph: stderr
2024-05-20T19:29:12.679+0000 7f14da000700 1 -- 172.21.15.16:0/2687445607 >> 172.21.15.16:0/2687445607 conn(0x7f14d407e650 msgr2=0x7f14d407eaa0 unknown :-1 s=STATE_NONE l=0).mark_down
2024-05-20T19:29:13.845 INFO:teuthology.orchestra.run.smithi016.stdout:/usr/bin/ceph: stderr
2024-05-20T19:29:12.679+0000 7f14da000700 1 -- 172.21.15.16:0/2687445607 shutdown_connections
2024-05-20T19:29:13.845 INFO:teuthology.orchestra.run.smithi016.stdout:/usr/bin/ceph: stderr
2024-05-20T19:29:12.679+0000 7f14da000700 1 -- 172.21.15.16:0/2687445607 wait complete.
2024-05-20T19:29:13.845 INFO:teuthology.orchestra.run.smithi016.stdout:/usr/bin/ceph: stderr
2024-05-20T19:29:12.680+0000 7f14da000700 1 Processor -- start
2024-05-20T19:29:13.845 INFO:teuthology.orchestra.run.smithi016.stdout:/usr/bin/ceph: stderr
2024-05-20T19:29:12.681+0000 7f14da000700 1 -- start start
2024-05-20T19:29:13.845 INFO:teuthology.orchestra.run.smithi016.stdout:/usr/bin/ceph: stderr
2024-05-20T19:29:12.681+0000 7f14da000700 1 --2- >> [v2:172.21.15.16:3300/0,v1:172.21.15.16:6789/0] conn(0x7f14d407ffd0 0x7f14d41a35b0 unknown :-1 s=NONE pgs=0 cs=0 l=1 rev1=0 crypto rx=0 tx=0 comp rx=0 tx=0).connect
2024-05-20T19:29:13.845 INFO:teuthology.orchestra.run.smithi016.stdout:/usr/bin/ceph: stderr
2024-05-20T19:29:12.681+0000 7f14da000700 1 -- --> [v2:172.21.15.16:3300/0,v1:172.21.15.16:6789/0] -- mon_getmap magic: 0 -- 0x7f14d40825e0 con 0x7f14d407ffd0
2024-05-20T19:29:13.846 INFO:teuthology.orchestra.run.smithi016.stdout:/usr/bin/ceph: stderr
2024-05-20T19:29:12.681+0000 7f14d3400700 1 --2- >> [v2:172.21.15.16:3300/0,v1:172.21.15.16:6789/0] conn(0x7f14d407ffd0 0x7f14d41a35b0 unknown :-1 s=BANNER_CONNECTING pgs=0 cs=0 l=1 rev1=0 crypto rx=0 tx=0 comp rx=0 tx=0)._handle_peer_banner_payload supported=3 required=0
2024-05-20T19:29:13.846 INFO:teuthology.orchestra.run.smithi016.stdout:/usr/bin/ceph: stderr
2024-05-20T19:29:12.681+0000 7f14d3400700 1 --2- >> [v2:172.21.15.16:3300/0,v1:172.21.15.16:6789/0] conn(0x7f14d407ffd0 0x7f14d41a35b0 unknown :-1 s=HELLO_CONNECTING pgs=0 cs=0 l=1 rev1=1 crypto rx=0 tx=0 comp rx=0 tx=0).handle_hello peer v2:172.21.15.16:3300/0 says I am v2:172.21.15.16:34240/0 (socket says 172.21.15.16:34240)
2024-05-20T19:29:13.846 INFO:teuthology.orchestra.run.smithi016.stdout:/usr/bin/ceph: stderr
2024-05-20T19:29:12.681+0000 7f14d3400700 1 -- 172.21.15.16:0/3748114149 learned_addr learned my addr 172.21.15.16:0/3748114149 (peer_addr_for_me v2:172.21.15.16:0/0)
2024-05-20T19:29:13.846 INFO:teuthology.orchestra.run.smithi016.stdout:/usr/bin/ceph: stderr
2024-05-20T19:29:12.682+0000 7f14d3400700 1 -- 172.21.15.16:0/3748114149 --> [v2:172.21.15.16:3300/0,v1:172.21.15.16:6789/0] -- mon_subscribe({config=0+,monmap=0+}) -- 0x7f14d41a3af0 con 0x7f14d407ffd0
2024-05-20T19:29:13.846 INFO:teuthology.orchestra.run.smithi016.stdout:/usr/bin/ceph: stderr
2024-05-20T19:29:12.682+0000 7f14d3400700 1 --2- 172.21.15.16:0/3748114149 >> [v2:172.21.15.16:3300/0,v1:172.21.15.16:6789/0] conn(0x7f14d407ffd0 0x7f14d41a35b0 secure :-1 s=READY pgs=23 cs=0 l=1 rev1=1 crypto rx=0x7f14c4011ac0 tx=0x7f14c4011ba0 comp rx=0 tx=0).ready entity=mon.0 client_cookie=0 server_cookie=0 in_seq=0 out_seq=0
2024-05-20T19:29:13.846 INFO:teuthology.orchestra.run.smithi016.stdout:/usr/bin/ceph: stderr
2024-05-20T19:29:12.682+0000 7f14cbe00700 1 -- 172.21.15.16:0/3748114149 <== mon.0 v2:172.21.15.16:3300/0 1 ==== mon_map magic: 0 ==== 205+0+0 (secure 0 0 0) 0x7f14c4003970 con 0x7f14d407ffd0
2024-05-20T19:29:13.846 INFO:teuthology.orchestra.run.smithi016.stdout:/usr/bin/ceph: stderr
2024-05-20T19:29:12.682+0000 7f14cbe00700 1 -- 172.21.15.16:0/3748114149 <== mon.0 v2:172.21.15.16:3300/0 2 ==== config(26 keys) ==== 1070+0+0 (secure 0 0 0) 0x7f14c4003b10 con 0x7f14d407ffd0
2024-05-20T19:29:13.846 INFO:teuthology.orchestra.run.smithi016.stdout:/usr/bin/ceph: stderr
2024-05-20T19:29:12.682+0000 7f14da000700 1 -- 172.21.15.16:0/3748114149 --> [v2:172.21.15.16:3300/0,v1:172.21.15.16:6789/0] -- mon_subscribe({mgrmap=0+}) -- 0x7f14d41a3d80 con 0x7f14d407ffd0
2024-05-20T19:29:13.846 INFO:teuthology.orchestra.run.smithi016.stdout:/usr/bin/ceph: stderr
2024-05-20T19:29:12.682+0000 7f14cbe00700 1 -- 172.21.15.16:0/3748114149 <== mon.0 v2:172.21.15.16:3300/0 3 ==== mon_map magic: 0 ==== 205+0+0 (secure 0 0 0) 0x7f14c4024610 con 0x7f14d407ffd0
2024-05-20T19:29:13.846 INFO:teuthology.orchestra.run.smithi016.stdout:/usr/bin/ceph: stderr
2024-05-20T19:29:12.683+0000 7f14da000700 1 -- 172.21.15.16:0/3748114149 --> [v2:172.21.15.16:3300/0,v1:172.21.15.16:6789/0] -- mon_subscribe({osdmap=0}) -- 0x7f14d41a6a70 con 0x7f14d407ffd0
2024-05-20T19:29:13.846 INFO:teuthology.orchestra.run.smithi016.stdout:/usr/bin/ceph: stderr
2024-05-20T19:29:12.684+0000 7f14cbe00700 1 -- 172.21.15.16:0/3748114149 <== mon.0 v2:172.21.15.16:3300/0 4 ==== mgrmap(e 4) ==== 50211+0+0 (secure 0 0 0) 0x7f14c401a430 con 0x7f14d407ffd0
2024-05-20T19:29:13.846 INFO:teuthology.orchestra.run.smithi016.stdout:/usr/bin/ceph: stderr
2024-05-20T19:29:12.684+0000 7f14da000700 1 -- 172.21.15.16:0/3748114149 --> [v2:172.21.15.16:3300/0,v1:172.21.15.16:6789/0] -- mon_command({"prefix": "get_command_descriptions"} v 0) -- 0x7f14d4064ba0 con 0x7f14d407ffd0
2024-05-20T19:29:13.847 INFO:teuthology.orchestra.run.smithi016.stdout:/usr/bin/ceph: stderr
2024-05-20T19:29:12.684+0000 7f14cbe00700 1 --2- 172.21.15.16:0/3748114149 >> [v2:172.21.15.16:6800/2630298038,v1:172.21.15.16:6801/2630298038] conn(0x7f14b803e470 0x7f14b8040930 unknown :-1 s=NONE pgs=0 cs=0 l=1 rev1=0 crypto rx=0 tx=0 comp rx=0 tx=0).connect
2024-05-20T19:29:13.847 INFO:teuthology.orchestra.run.smithi016.stdout:/usr/bin/ceph: stderr
2024-05-20T19:29:12.684+0000 7f14cbe00700 1 -- 172.21.15.16:0/3748114149 <== mon.0 v2:172.21.15.16:3300/0 5 ==== osd_map(1..1 src has 1..1) ==== 725+0+0 (secure 0 0 0) 0x7f14c40537a0 con 0x7f14d407ffd0
2024-05-20T19:29:13.847 INFO:teuthology.orchestra.run.smithi016.stdout:/usr/bin/ceph: stderr
2024-05-20T19:29:12.685+0000 7f14d2a00700 1 --2- 172.21.15.16:0/3748114149 >> [v2:172.21.15.16:6800/2630298038,v1:172.21.15.16:6801/2630298038] conn(0x7f14b803e470 0x7f14b8040930 unknown :-1 s=BANNER_CONNECTING pgs=0 cs=0 l=1 rev1=0 crypto rx=0 tx=0 comp rx=0 tx=0)._handle_peer_banner_payload supported=3 required=0
2024-05-20T19:29:13.847 INFO:teuthology.orchestra.run.smithi016.stdout:/usr/bin/ceph: stderr
2024-05-20T19:29:12.685+0000 7f14d2a00700 1 --2- 172.21.15.16:0/3748114149 >> [v2:172.21.15.16:6800/2630298038,v1:172.21.15.16:6801/2630298038] conn(0x7f14b803e470 0x7f14b8040930 secure :-1 s=READY pgs=8 cs=0 l=1 rev1=1 crypto rx=0x7f14c0006fd0 tx=0x7f14c0006e40 comp rx=0 tx=0).ready entity=mgr.14100 client_cookie=0 server_cookie=0 in_seq=0 out_seq=0
2024-05-20T19:29:13.847 INFO:teuthology.orchestra.run.smithi016.stdout:/usr/bin/ceph: stderr
2024-05-20T19:29:12.690+0000 7f14cbe00700 1 -- 172.21.15.16:0/3748114149 <== mon.0 v2:172.21.15.16:3300/0 6 ==== mon_command_ack([{"prefix": "get_command_descriptions"}]=0 v0) ==== 72+0+191963 (secure 0 0 0) 0x7f14c400b3e0 con 0x7f14d407ffd0
2024-05-20T19:29:13.847 INFO:teuthology.orchestra.run.smithi016.stdout:/usr/bin/ceph: stderr
2024-05-20T19:29:12.992+0000 7f14da000700 1 -- 172.21.15.16:0/3748114149 --> [v2:172.21.15.16:3300/0,v1:172.21.15.16:6789/0] -- mon_command({"prefix": "mgr module enable", "module": "cephadm"} v 0) -- 0x7f14d402e7d0 con 0x7f14d407ffd0
2024-05-20T19:29:13.847 INFO:teuthology.orchestra.run.smithi016.stdout:/usr/bin/ceph: stderr
2024-05-20T19:29:13.045+0000 7f14cbe00700 1 -- 172.21.15.16:0/3748114149 <== mon.0 v2:172.21.15.16:3300/0 7 ==== mon_command_ack([{"prefix": "mgr module enable", "module": "cephadm"}]=0 v5) ==== 86+0+0 (secure 0 0 0) 0x7f14c402cd80 con 0x7f14d407ffd0
2024-05-20T19:29:13.847 INFO:teuthology.orchestra.run.smithi016.stdout:/usr/bin/ceph: stderr
2024-05-20T19:29:13.048+0000 7f14cbe00700 1 -- 172.21.15.16:0/3748114149 <== mon.0 v2:172.21.15.16:3300/0 8 ==== mgrmap(e 5) ==== 50222+0+0 (secure 0 0 0) 0x7f14c401a9e0 con 0x7f14d407ffd0
2024-05-20T19:29:13.847 INFO:teuthology.orchestra.run.smithi016.stdout:/usr/bin/ceph: stderr
2024-05-20T19:29:13.050+0000 7f14da000700 1 -- 172.21.15.16:0/3748114149 >> [v2:172.21.15.16:6800/2630298038,v1:172.21.15.16:6801/2630298038] conn(0x7f14b803e470 msgr2=0x7f14b8040930 secure :-1 s=STATE_CONNECTION_ESTABLISHED l=1).mark_down
2024-05-20T19:29:13.847 INFO:teuthology.orchestra.run.smithi016.stdout:/usr/bin/ceph: stderr
2024-05-20T19:29:13.050+0000 7f14da000700 1 --2- 172.21.15.16:0/3748114149 >> [v2:172.21.15.16:6800/2630298038,v1:172.21.15.16:6801/2630298038] conn(0x7f14b803e470 0x7f14b8040930 secure :-1 s=READY pgs=8 cs=0 l=1 rev1=1 crypto rx=0x7f14c0006fd0 tx=0x7f14c0006e40 comp rx=0 tx=0).stop
2024-05-20T19:29:13.847 INFO:teuthology.orchestra.run.smithi016.stdout:/usr/bin/ceph: stderr
2024-05-20T19:29:13.050+0000 7f14da000700 1 -- 172.21.15.16:0/3748114149 >> [v2:172.21.15.16:3300/0,v1:172.21.15.16:6789/0] conn(0x7f14d407ffd0 msgr2=0x7f14d41a35b0 secure :-1 s=STATE_CONNECTION_ESTABLISHED l=1).mark_down
2024-05-20T19:29:13.847 INFO:teuthology.orchestra.run.smithi016.stdout:/usr/bin/ceph: stderr
2024-05-20T19:29:13.050+0000 7f14da000700 1 --2- 172.21.15.16:0/3748114149 >> [v2:172.21.15.16:3300/0,v1:172.21.15.16:6789/0] conn(0x7f14d407ffd0 0x7f14d41a35b0 secure :-1 s=READY pgs=23 cs=0 l=1 rev1=1 crypto rx=0x7f14c4011ac0 tx=0x7f14c4011ba0 comp rx=0 tx=0).stop
2024-05-20T19:29:13.847 INFO:teuthology.orchestra.run.smithi016.stdout:/usr/bin/ceph: stderr
2024-05-20T19:29:13.050+0000 7f14da000700 1 -- 172.21.15.16:0/3748114149 shutdown_connections
2024-05-20T19:29:13.848 INFO:teuthology.orchestra.run.smithi016.stdout:/usr/bin/ceph: stderr
2024-05-20T19:29:13.050+0000 7f14da000700 1 --2- 172.21.15.16:0/3748114149 >> [v2:172.21.15.16:6800/2630298038,v1:172.21.15.16:6801/2630298038] conn(0x7f14b803e470 0x7f14b8040930 unknown :-1 s=CLOSED pgs=8 cs=0 l=1 rev1=1 crypto rx=0 tx=0 comp rx=0 tx=0).stop
2024-05-20T19:29:13.848 INFO:teuthology.orchestra.run.smithi016.stdout:/usr/bin/ceph: stderr
2024-05-20T19:29:13.050+0000 7f14da000700 1 --2- 172.21.15.16:0/3748114149 >> [v2:172.21.15.16:3300/0,v1:172.21.15.16:6789/0] conn(0x7f14d407ffd0 0x7f14d41a35b0 unknown :-1 s=CLOSED pgs=23 cs=0 l=1 rev1=1 crypto rx=0 tx=0 comp rx=0 tx=0).stop
2024-05-20T19:29:13.848 INFO:teuthology.orchestra.run.smithi016.stdout:/usr/bin/ceph: stderr
2024-05-20T19:29:13.050+0000 7f14da000700 1 -- 172.21.15.16:0/3748114149 >> 172.21.15.16:0/3748114149 conn(0x7f14d407e650 msgr2=0x7f14d419a270 unknown :-1 s=STATE_NONE l=0).mark_down
2024-05-20T19:29:13.848 INFO:teuthology.orchestra.run.smithi016.stdout:/usr/bin/ceph: stderr
2024-05-20T19:29:13.051+0000 7f14da000700 1 -- 172.21.15.16:0/3748114149 shutdown_connections
2024-05-20T19:29:13.848 INFO:teuthology.orchestra.run.smithi016.stdout:/usr/bin/ceph: stderr
2024-05-20T19:29:13.051+0000 7f14da000700 1 -- 172.21.15.16:0/3748114149 wait complete.
2024-05-20T19:29:13.852 INFO:journalctl@ceph.mgr.x.smithi016.stdout:May 20 19:29:13 smithi016 ceph-036aacd6-16df-11ef-bc9a-c7b262605968-mgr-x[31738]:
2024-05-20T19:29:13.588+0000 7f398f678200 -1 mgr[py] Module orchestrator has missing NOTIFY_TYPES member
2024-05-20T19:29:13.853 INFO:journalctl@ceph.mgr.x.smithi016.stdout:May 20 19:29:13 smithi016 ceph-036aacd6-16df-11ef-bc9a-c7b262605968-mgr-x[31738]:
2024-05-20T19:29:13.725+0000 7f398f678200 -1 mgr[py] Module snap_schedule has missing NOTIFY_TYPES member
2024-05-20T19:29:14.267 INFO:journalctl@ceph.mon.a.smithi016.stdout:May 20 19:29:14 smithi016 ceph-mon[31497]: from='client.? 172.21.15.16:0/3748114149' entity='client.admin' cmd='[{"prefix": "mgr module enable", "module": "cephadm"}]': finished
2024-05-20T19:29:14.267 INFO:journalctl@ceph.mon.a.smithi016.stdout:May 20 19:29:14 smithi016 ceph-mon[31497]: mgrmap e5: x(active, since 6s)
2024-05-20T19:29:14.267 INFO:journalctl@ceph.mgr.x.smithi016.stdout:May 20 19:29:14 smithi016 ceph-036aacd6-16df-11ef-bc9a-c7b262605968-mgr-x[31738]:
2024-05-20T19:29:14.146+0000 7f398f678200 -1 mgr[py] Module progress has missing NOTIFY_TYPES member
2024-05-20T19:29:14.602 INFO:journalctl@ceph.mgr.x.smithi016.stdout:May 20 19:29:14 smithi016 ceph-036aacd6-16df-11ef-bc9a-c7b262605968-mgr-x[31738]:
2024-05-20T19:29:14.264+0000 7f398f678200 -1 mgr[py] Module influx has missing NOTIFY_TYPES member
2024-05-20T19:29:15.353 INFO:journalctl@ceph.mon.a.smithi016.stdout:May 20 19:29:15 smithi016 ceph-mon[31497]: from='client.? 172.21.15.16:0/1475142368' entity='client.admin' cmd=[{"prefix": "mgr stat"}]: dispatch
2024-05-20T19:29:15.485 INFO:teuthology.orchestra.run.smithi016.stdout:/usr/bin/ceph: stdout {
2024-05-20T19:29:15.485 INFO:teuthology.orchestra.run.smithi016.stdout:/usr/bin/ceph: stdout "epoch": 5,
2024-05-20T19:29:15.485 INFO:teuthology.orchestra.run.smithi016.stdout:/usr/bin/ceph: stdout "available": true,
2024-05-20T19:29:15.485 INFO:teuthology.orchestra.run.smithi016.stdout:/usr/bin/ceph: stdout "active_name": "x",
2024-05-20T19:29:15.485 INFO:teuthology.orchestra.run.smithi016.stdout:/usr/bin/ceph: stdout "num_standby": 0
2024-05-20T19:29:15.485 INFO:teuthology.orchestra.run.smithi016.stdout:/usr/bin/ceph: stdout }
2024-05-20T19:29:15.485 INFO:teuthology.orchestra.run.smithi016.stdout:/usr/bin/ceph: stderr
2024-05-20T19:29:14.459+0000 7fbb22600700 1 Processor -- start
2024-05-20T19:29:15.485 INFO:teuthology.orchestra.run.smithi016.stdout:/usr/bin/ceph: stderr
2024-05-20T19:29:14.460+0000 7fbb22600700 1 -- start start
2024-05-20T19:29:15.485 INFO:teuthology.orchestra.run.smithi016.stdout:/usr/bin/ceph: stderr
2024-05-20T19:29:14.460+0000 7fbb22600700 1 --2- >> [v2:172.21.15.16:3300/0,v1:172.21.15.16:6789/0] conn(0x7fbb1c109060 0x7fbb1c109480 unknown :-1 s=NONE pgs=0 cs=0 l=0 rev1=0 crypto rx=0 tx=0 comp rx=0 tx=0).connect
2024-05-20T19:29:15.485 INFO:teuthology.orchestra.run.smithi016.stdout:/usr/bin/ceph: stderr
2024-05-20T19:29:14.460+0000 7fbb22600700 1 -- --> [v2:172.21.15.16:3300/0,v1:172.21.15.16:6789/0] -- mon_getmap magic: 0 -- 0x7fbb1c109a50 con 0x7fbb1c109060
2024-05-20T19:29:15.486 INFO:teuthology.orchestra.run.smithi016.stdout:/usr/bin/ceph: stderr
2024-05-20T19:29:14.460+0000 7fbb1b400700 1 --2- >> [v2:172.21.15.16:3300/0,v1:172.21.15.16:6789/0] conn(0x7fbb1c109060 0x7fbb1c109480 unknown :-1 s=BANNER_CONNECTING pgs=0 cs=0 l=0 rev1=0 crypto rx=0 tx=0 comp rx=0 tx=0)._handle_peer_banner_payload supported=3 required=0
2024-05-20T19:29:15.486 INFO:teuthology.orchestra.run.smithi016.stdout:/usr/bin/ceph: stderr
2024-05-20T19:29:14.461+0000 7fbb1b400700 1 --2- >> [v2:172.21.15.16:3300/0,v1:172.21.15.16:6789/0] conn(0x7fbb1c109060 0x7fbb1c109480 unknown :-1 s=HELLO_CONNECTING pgs=0 cs=0 l=0 rev1=1 crypto rx=0 tx=0 comp rx=0 tx=0).handle_hello peer v2:172.21.15.16:3300/0 says I am v2:172.21.15.16:34274/0 (socket says 172.21.15.16:34274)
2024-05-20T19:29:15.486 INFO:teuthology.orchestra.run.smithi016.stdout:/usr/bin/ceph: stderr
2024-05-20T19:29:14.461+0000 7fbb1b400700 1 -- 172.21.15.16:0/635893142 learned_addr learned my addr 172.21.15.16:0/635893142 (peer_addr_for_me v2:172.21.15.16:0/0)
2024-05-20T19:29:15.486 INFO:teuthology.orchestra.run.smithi016.stdout:/usr/bin/ceph: stderr
2024-05-20T19:29:14.461+0000 7fbb1b400700 1 -- 172.21.15.16:0/635893142 --> [v2:172.21.15.16:3300/0,v1:172.21.15.16:6789/0] -- mon_subscribe({config=0+,monmap=0+}) -- 0x7fbb1c10a1c0 con 0x7fbb1c109060
2024-05-20T19:29:15.486 INFO:teuthology.orchestra.run.smithi016.stdout:/usr/bin/ceph: stderr
2024-05-20T19:29:14.461+0000 7fbb1b400700 1 --2- 172.21.15.16:0/635893142 >> [v2:172.21.15.16:3300/0,v1:172.21.15.16:6789/0] conn(0x7fbb1c109060 0x7fbb1c109480 secure :-1 s=READY pgs=26 cs=0 l=1 rev1=1 crypto rx=0x7fbb0c0098a0 tx=0x7fbb0c009bb0 comp rx=0 tx=0).ready entity=mon.0 client_cookie=a4639443f9aa5d78 server_cookie=0 in_seq=0 out_seq=0
2024-05-20T19:29:15.486 INFO:teuthology.orchestra.run.smithi016.stdout:/usr/bin/ceph: stderr
2024-05-20T19:29:14.462+0000 7fbb1a000700 1 -- 172.21.15.16:0/635893142 <== mon.0 v2:172.21.15.16:3300/0 1 ==== mon_map magic: 0 ==== 205+0+0 (secure 0 0 0) 0x7fbb0c004160 con 0x7fbb1c109060
2024-05-20T19:29:15.486 INFO:teuthology.orchestra.run.smithi016.stdout:/usr/bin/ceph: stderr
2024-05-20T19:29:14.462+0000 7fbb1a000700 1 -- 172.21.15.16:0/635893142 <== mon.0 v2:172.21.15.16:3300/0 2 ==== config(26 keys) ==== 1070+0+0 (secure 0 0 0) 0x7fbb0c004300 con 0x7fbb1c109060
2024-05-20T19:29:15.486 INFO:teuthology.orchestra.run.smithi016.stdout:/usr/bin/ceph: stderr
