2024-05-20T19:52:14.328+0000 7fdc95800700 1 -- --> [v2:172.21.15.28:3300/0,v1:172.21.15.28:6789/0] -- mon_getmap magic: 0 -- 0x7fdc9010d5c0 con 0x7fdc90109010
2024-05-20T19:52:15.344 INFO:teuthology.orchestra.run.smithi028.stdout:/usr/bin/ceph: stderr
2024-05-20T19:52:14.328+0000 7fdc8ea00700 1 --2- >> [v2:172.21.15.28:3300/0,v1:172.21.15.28:6789/0] conn(0x7fdc90109010 0x7fdc9007f3d0 unknown :-1 s=BANNER_CONNECTING pgs=0 cs=0 l=1 rev1=0 crypto rx=0 tx=0 comp rx=0 tx=0)._handle_peer_banner_payload supported=3 required=0
2024-05-20T19:52:15.344 INFO:teuthology.orchestra.run.smithi028.stdout:/usr/bin/ceph: stderr
2024-05-20T19:52:14.329+0000 7fdc8ea00700 1 --2- >> [v2:172.21.15.28:3300/0,v1:172.21.15.28:6789/0] conn(0x7fdc90109010 0x7fdc9007f3d0 unknown :-1 s=HELLO_CONNECTING pgs=0 cs=0 l=1 rev1=1 crypto rx=0 tx=0 comp rx=0 tx=0).handle_hello peer v2:172.21.15.28:3300/0 says I am v2:172.21.15.28:51824/0 (socket says 172.21.15.28:51824)
2024-05-20T19:52:15.344 INFO:teuthology.orchestra.run.smithi028.stdout:/usr/bin/ceph: stderr
2024-05-20T19:52:14.329+0000 7fdc8ea00700 1 -- 172.21.15.28:0/4031377494 learned_addr learned my addr 172.21.15.28:0/4031377494 (peer_addr_for_me v2:172.21.15.28:0/0)
2024-05-20T19:52:15.344 INFO:teuthology.orchestra.run.smithi028.stdout:/usr/bin/ceph: stderr
2024-05-20T19:52:14.329+0000 7fdc8ea00700 1 -- 172.21.15.28:0/4031377494 --> [v2:172.21.15.28:3300/0,v1:172.21.15.28:6789/0] -- mon_subscribe({config=0+,monmap=0+}) -- 0x7fdc9007f910 con 0x7fdc90109010
2024-05-20T19:52:15.344 INFO:teuthology.orchestra.run.smithi028.stdout:/usr/bin/ceph: stderr
2024-05-20T19:52:14.329+0000 7fdc8ea00700 1 --2- 172.21.15.28:0/4031377494 >> [v2:172.21.15.28:3300/0,v1:172.21.15.28:6789/0] conn(0x7fdc90109010 0x7fdc9007f3d0 secure :-1 s=READY pgs=19 cs=0 l=1 rev1=1 crypto rx=0x7fdc800117b0 tx=0x7fdc80011b70 comp rx=0 tx=0).ready entity=mon.0 client_cookie=0 server_cookie=0 in_seq=0 out_seq=0
2024-05-20T19:52:15.345 INFO:teuthology.orchestra.run.smithi028.stdout:/usr/bin/ceph: stderr
2024-05-20T19:52:14.330+0000 7fdc87e00700 1 -- 172.21.15.28:0/4031377494 <== mon.0 v2:172.21.15.28:3300/0 1 ==== mon_map magic: 0 ==== 205+0+0 (secure 0 0 0) 0x7fdc80003af0 con 0x7fdc90109010
2024-05-20T19:52:15.345 INFO:teuthology.orchestra.run.smithi028.stdout:/usr/bin/ceph: stderr
2024-05-20T19:52:14.330+0000 7fdc87e00700 1 -- 172.21.15.28:0/4031377494 <== mon.0 v2:172.21.15.28:3300/0 2 ==== config(26 keys) ==== 1070+0+0 (secure 0 0 0) 0x7fdc80020070 con 0x7fdc90109010
2024-05-20T19:52:15.345 INFO:teuthology.orchestra.run.smithi028.stdout:/usr/bin/ceph: stderr
2024-05-20T19:52:14.330+0000 7fdc95800700 1 -- 172.21.15.28:0/4031377494 --> [v2:172.21.15.28:3300/0,v1:172.21.15.28:6789/0] -- mon_subscribe({mgrmap=0+}) -- 0x7fdc9007db00 con 0x7fdc90109010
2024-05-20T19:52:15.345 INFO:teuthology.orchestra.run.smithi028.stdout:/usr/bin/ceph: stderr
2024-05-20T19:52:14.330+0000 7fdc87e00700 1 -- 172.21.15.28:0/4031377494 <== mon.0 v2:172.21.15.28:3300/0 3 ==== mon_map magic: 0 ==== 205+0+0 (secure 0 0 0) 0x7fdc80019630 con 0x7fdc90109010
2024-05-20T19:52:15.345 INFO:teuthology.orchestra.run.smithi028.stdout:/usr/bin/ceph: stderr
2024-05-20T19:52:14.330+0000 7fdc95800700 1 -- 172.21.15.28:0/4031377494 --> [v2:172.21.15.28:3300/0,v1:172.21.15.28:6789/0] -- mon_subscribe({osdmap=0}) -- 0x7fdc9007e040 con 0x7fdc90109010
2024-05-20T19:52:15.345 INFO:teuthology.orchestra.run.smithi028.stdout:/usr/bin/ceph: stderr
2024-05-20T19:52:14.332+0000 7fdc87e00700 1 -- 172.21.15.28:0/4031377494 <== mon.0 v2:172.21.15.28:3300/0 4 ==== mgrmap(e 3) ==== 50105+0+0 (secure 0 0 0) 0x7fdc8001a9c0 con 0x7fdc90109010
2024-05-20T19:52:15.345 INFO:teuthology.orchestra.run.smithi028.stdout:/usr/bin/ceph: stderr
2024-05-20T19:52:14.331+0000 7fdc95800700 1 -- 172.21.15.28:0/4031377494 --> [v2:172.21.15.28:3300/0,v1:172.21.15.28:6789/0] -- mon_command({"prefix": "get_command_descriptions"} v 0) -- 0x7fdc90064ba0 con 0x7fdc90109010
2024-05-20T19:52:15.345 INFO:teuthology.orchestra.run.smithi028.stdout:/usr/bin/ceph: stderr
2024-05-20T19:52:14.332+0000 7fdc87e00700 1 --2- 172.21.15.28:0/4031377494 >> [v2:172.21.15.28:6800/1506400984,v1:172.21.15.28:6801/1506400984] conn(0x7fdc7403e350 0x7fdc74040810 unknown :-1 s=NONE pgs=0 cs=0 l=1 rev1=0 crypto rx=0 tx=0 comp rx=0 tx=0).connect
2024-05-20T19:52:15.345 INFO:teuthology.orchestra.run.smithi028.stdout:/usr/bin/ceph: stderr
2024-05-20T19:52:14.332+0000 7fdc87e00700 1 -- 172.21.15.28:0/4031377494 <== mon.0 v2:172.21.15.28:3300/0 5 ==== osd_map(1..1 src has 1..1) ==== 725+0+0 (secure 0 0 0) 0x7fdc80053850 con 0x7fdc90109010
2024-05-20T19:52:15.345 INFO:teuthology.orchestra.run.smithi028.stdout:/usr/bin/ceph: stderr
2024-05-20T19:52:14.332+0000 7fdc86000700 1 --2- 172.21.15.28:0/4031377494 >> [v2:172.21.15.28:6800/1506400984,v1:172.21.15.28:6801/1506400984] conn(0x7fdc7403e350 0x7fdc74040810 unknown :-1 s=BANNER_CONNECTING pgs=0 cs=0 l=1 rev1=0 crypto rx=0 tx=0 comp rx=0 tx=0)._handle_peer_banner_payload supported=3 required=0
2024-05-20T19:52:15.345 INFO:teuthology.orchestra.run.smithi028.stdout:/usr/bin/ceph: stderr
2024-05-20T19:52:14.333+0000 7fdc86000700 1 --2- 172.21.15.28:0/4031377494 >> [v2:172.21.15.28:6800/1506400984,v1:172.21.15.28:6801/1506400984] conn(0x7fdc7403e350 0x7fdc74040810 secure :-1 s=READY pgs=6 cs=0 l=1 rev1=1 crypto rx=0x7fdc78006fd0 tx=0x7fdc78006e40 comp rx=0 tx=0).ready entity=mgr.14100 client_cookie=0 server_cookie=0 in_seq=0 out_seq=0
2024-05-20T19:52:15.345 INFO:teuthology.orchestra.run.smithi028.stdout:/usr/bin/ceph: stderr
2024-05-20T19:52:14.339+0000 7fdc87e00700 1 -- 172.21.15.28:0/4031377494 <== mon.0 v2:172.21.15.28:3300/0 6 ==== mon_command_ack([{"prefix": "get_command_descriptions"}]=0 v0) ==== 72+0+191963 (secure 0 0 0) 0x7fdc800042a0 con 0x7fdc90109010
2024-05-20T19:52:15.346 INFO:teuthology.orchestra.run.smithi028.stdout:/usr/bin/ceph: stderr
2024-05-20T19:52:14.653+0000 7fdc87e00700 1 -- 172.21.15.28:0/4031377494 <== mon.0 v2:172.21.15.28:3300/0 7 ==== mgrmap(e 4) ==== 50211+0+0 (secure 0 0 0) 0x7fdc80055ce0 con 0x7fdc90109010
2024-05-20T19:52:15.346 INFO:teuthology.orchestra.run.smithi028.stdout:/usr/bin/ceph: stderr
2024-05-20T19:52:14.676+0000 7fdc95800700 1 -- 172.21.15.28:0/4031377494 --> [v2:172.21.15.28:3300/0,v1:172.21.15.28:6789/0] -- mon_command({"prefix": "status", "format": "json-pretty"} v 0) -- 0x7fdc9007e2c0 con 0x7fdc90109010
2024-05-20T19:52:15.346 INFO:teuthology.orchestra.run.smithi028.stdout:/usr/bin/ceph: stderr
2024-05-20T19:52:14.677+0000 7fdc87e00700 1 -- 172.21.15.28:0/4031377494 <== mon.0 v2:172.21.15.28:3300/0 8 ==== mon_command_ack([{"prefix": "status", "format": "json-pretty"}]=0 v0) ==== 79+0+1239 (secure 0 0 0) 0x7fdc8002b260 con 0x7fdc90109010
2024-05-20T19:52:15.346 INFO:teuthology.orchestra.run.smithi028.stdout:/usr/bin/ceph: stderr
2024-05-20T19:52:14.681+0000 7fdc95800700 1 -- 172.21.15.28:0/4031377494 >> [v2:172.21.15.28:6800/1506400984,v1:172.21.15.28:6801/1506400984] conn(0x7fdc7403e350 msgr2=0x7fdc74040810 secure :-1 s=STATE_CONNECTION_ESTABLISHED l=1).mark_down
2024-05-20T19:52:15.346 INFO:teuthology.orchestra.run.smithi028.stdout:/usr/bin/ceph: stderr
2024-05-20T19:52:14.681+0000 7fdc95800700 1 --2- 172.21.15.28:0/4031377494 >> [v2:172.21.15.28:6800/1506400984,v1:172.21.15.28:6801/1506400984] conn(0x7fdc7403e350 0x7fdc74040810 secure :-1 s=READY pgs=6 cs=0 l=1 rev1=1 crypto rx=0x7fdc78006fd0 tx=0x7fdc78006e40 comp rx=0 tx=0).stop
2024-05-20T19:52:15.346 INFO:teuthology.orchestra.run.smithi028.stdout:/usr/bin/ceph: stderr
2024-05-20T19:52:14.681+0000 7fdc95800700 1 -- 172.21.15.28:0/4031377494 >> [v2:172.21.15.28:3300/0,v1:172.21.15.28:6789/0] conn(0x7fdc90109010 msgr2=0x7fdc9007f3d0 secure :-1 s=STATE_CONNECTION_ESTABLISHED l=1).mark_down
2024-05-20T19:52:15.346 INFO:teuthology.orchestra.run.smithi028.stdout:/usr/bin/ceph: stderr
2024-05-20T19:52:14.681+0000 7fdc95800700 1 --2- 172.21.15.28:0/4031377494 >> [v2:172.21.15.28:3300/0,v1:172.21.15.28:6789/0] conn(0x7fdc90109010 0x7fdc9007f3d0 secure :-1 s=READY pgs=19 cs=0 l=1 rev1=1 crypto rx=0x7fdc800117b0 tx=0x7fdc80011b70 comp rx=0 tx=0).stop
2024-05-20T19:52:15.346 INFO:teuthology.orchestra.run.smithi028.stdout:/usr/bin/ceph: stderr
2024-05-20T19:52:14.681+0000 7fdc95800700 1 -- 172.21.15.28:0/4031377494 shutdown_connections
2024-05-20T19:52:15.346 INFO:teuthology.orchestra.run.smithi028.stdout:/usr/bin/ceph: stderr
2024-05-20T19:52:14.681+0000 7fdc95800700 1 --2- 172.21.15.28:0/4031377494 >> [v2:172.21.15.28:6800/1506400984,v1:172.21.15.28:6801/1506400984] conn(0x7fdc7403e350 0x7fdc74040810 unknown :-1 s=CLOSED pgs=6 cs=0 l=1 rev1=1 crypto rx=0 tx=0 comp rx=0 tx=0).stop
2024-05-20T19:52:15.346 INFO:teuthology.orchestra.run.smithi028.stdout:/usr/bin/ceph: stderr
2024-05-20T19:52:14.681+0000 7fdc95800700 1 --2- 172.21.15.28:0/4031377494 >> [v2:172.21.15.28:3300/0,v1:172.21.15.28:6789/0] conn(0x7fdc90109010 0x7fdc9007f3d0 unknown :-1 s=CLOSED pgs=19 cs=0 l=1 rev1=1 crypto rx=0 tx=0 comp rx=0 tx=0).stop
2024-05-20T19:52:15.346 INFO:teuthology.orchestra.run.smithi028.stdout:/usr/bin/ceph: stderr
2024-05-20T19:52:14.681+0000 7fdc95800700 1 -- 172.21.15.28:0/4031377494 >> 172.21.15.28:0/4031377494 conn(0x7fdc90104590 msgr2=0x7fdc90105160 unknown :-1 s=STATE_NONE l=0).mark_down
2024-05-20T19:52:15.346 INFO:teuthology.orchestra.run.smithi028.stdout:/usr/bin/ceph: stderr
2024-05-20T19:52:14.681+0000 7fdc95800700 1 -- 172.21.15.28:0/4031377494 shutdown_connections
2024-05-20T19:52:15.346 INFO:teuthology.orchestra.run.smithi028.stdout:/usr/bin/ceph: stderr
2024-05-20T19:52:14.681+0000 7fdc95800700 1 -- 172.21.15.28:0/4031377494 wait complete.
2024-05-20T19:52:15.347 INFO:teuthology.orchestra.run.smithi028.stdout:mgr is available
2024-05-20T19:52:15.946 INFO:journalctl@ceph.mon.a.smithi028.stdout:May 20 19:52:15 smithi028 ceph-mon[31178]: mgrmap e4: x(active, since 2s)
2024-05-20T19:52:15.946 INFO:journalctl@ceph.mon.a.smithi028.stdout:May 20 19:52:15 smithi028 ceph-mon[31178]: from='client.? 172.21.15.28:0/4031377494' entity='client.admin' cmd=[{"prefix": "status", "format": "json-pretty"}]: dispatch
2024-05-20T19:52:16.804 INFO:journalctl@ceph.mon.a.smithi028.stdout:May 20 19:52:16 smithi028 ceph-mon[31178]: from='client.? 172.21.15.28:0/3261961858' entity='client.admin' cmd=[{"prefix": "config assimilate-conf"}]: dispatch
2024-05-20T19:52:16.835 INFO:teuthology.orchestra.run.smithi028.stdout:/usr/bin/ceph: stdout
2024-05-20T19:52:16.835 INFO:teuthology.orchestra.run.smithi028.stdout:/usr/bin/ceph: stdout [global]
2024-05-20T19:52:16.836 INFO:teuthology.orchestra.run.smithi028.stdout:/usr/bin/ceph: stdout fsid = 3fbec9b2-16e2-11ef-bc9a-c7b262605968
2024-05-20T19:52:16.836 INFO:teuthology.orchestra.run.smithi028.stdout:/usr/bin/ceph: stdout mon_cluster_log_file_level = debug
2024-05-20T19:52:16.836 INFO:teuthology.orchestra.run.smithi028.stdout:/usr/bin/ceph: stdout mon_osd_allow_pg_remap = true
2024-05-20T19:52:16.836 INFO:teuthology.orchestra.run.smithi028.stdout:/usr/bin/ceph: stdout mon_osd_allow_primary_affinity = true
2024-05-20T19:52:16.836 INFO:teuthology.orchestra.run.smithi028.stdout:/usr/bin/ceph: stdout mon_warn_on_no_sortbitwise = false
2024-05-20T19:52:16.836 INFO:teuthology.orchestra.run.smithi028.stdout:/usr/bin/ceph: stdout osd_crush_chooseleaf_type = 0
2024-05-20T19:52:16.836 INFO:teuthology.orchestra.run.smithi028.stdout:/usr/bin/ceph: stdout
2024-05-20T19:52:16.836 INFO:teuthology.orchestra.run.smithi028.stdout:/usr/bin/ceph: stdout [mgr]
2024-05-20T19:52:16.836 INFO:teuthology.orchestra.run.smithi028.stdout:/usr/bin/ceph: stdout mgr/telemetry/nag = false
2024-05-20T19:52:16.836 INFO:teuthology.orchestra.run.smithi028.stdout:/usr/bin/ceph: stdout
2024-05-20T19:52:16.836 INFO:teuthology.orchestra.run.smithi028.stdout:/usr/bin/ceph: stdout [osd]
2024-05-20T19:52:16.836 INFO:teuthology.orchestra.run.smithi028.stdout:/usr/bin/ceph: stdout mon_osd_backfillfull_ratio = 0.85
2024-05-20T19:52:16.836 INFO:teuthology.orchestra.run.smithi028.stdout:/usr/bin/ceph: stdout mon_osd_full_ratio = 0.9
2024-05-20T19:52:16.836 INFO:teuthology.orchestra.run.smithi028.stdout:/usr/bin/ceph: stdout mon_osd_nearfull_ratio = 0.8
2024-05-20T19:52:16.837 INFO:teuthology.orchestra.run.smithi028.stdout:/usr/bin/ceph: stdout osd_map_max_advance = 10
2024-05-20T19:52:16.837 INFO:teuthology.orchestra.run.smithi028.stdout:/usr/bin/ceph: stdout osd_sloppy_crc = true
2024-05-20T19:52:16.837 INFO:teuthology.orchestra.run.smithi028.stdout:/usr/bin/ceph: stderr
2024-05-20T19:52:15.944+0000 7f5707c00700 1 Processor -- start
2024-05-20T19:52:16.837 INFO:teuthology.orchestra.run.smithi028.stdout:/usr/bin/ceph: stderr
2024-05-20T19:52:15.945+0000 7f5707c00700 1 -- start start
2024-05-20T19:52:16.837 INFO:teuthology.orchestra.run.smithi028.stdout:/usr/bin/ceph: stderr
2024-05-20T19:52:15.945+0000 7f5707c00700 1 --2- >> [v2:172.21.15.28:3300/0,v1:172.21.15.28:6789/0] conn(0x7f5700109080 0x7f57001094a0 unknown :-1 s=NONE pgs=0 cs=0 l=0 rev1=0 crypto rx=0 tx=0 comp rx=0 tx=0).connect
2024-05-20T19:52:16.837 INFO:teuthology.orchestra.run.smithi028.stdout:/usr/bin/ceph: stderr
2024-05-20T19:52:15.945+0000 7f5707c00700 1 -- --> [v2:172.21.15.28:3300/0,v1:172.21.15.28:6789/0] -- mon_getmap magic: 0 -- 0x7f5700109a70 con 0x7f5700109080
2024-05-20T19:52:16.837 INFO:teuthology.orchestra.run.smithi028.stdout:/usr/bin/ceph: stderr
2024-05-20T19:52:15.946+0000 7f5705200700 1 --2- >> [v2:172.21.15.28:3300/0,v1:172.21.15.28:6789/0] conn(0x7f5700109080 0x7f57001094a0 unknown :-1 s=BANNER_CONNECTING pgs=0 cs=0 l=0 rev1=0 crypto rx=0 tx=0 comp rx=0 tx=0)._handle_peer_banner_payload supported=3 required=0
2024-05-20T19:52:16.837 INFO:teuthology.orchestra.run.smithi028.stdout:/usr/bin/ceph: stderr
2024-05-20T19:52:15.946+0000 7f5705200700 1 --2- >> [v2:172.21.15.28:3300/0,v1:172.21.15.28:6789/0] conn(0x7f5700109080 0x7f57001094a0 unknown :-1 s=HELLO_CONNECTING pgs=0 cs=0 l=0 rev1=1 crypto rx=0 tx=0 comp rx=0 tx=0).handle_hello peer v2:172.21.15.28:3300/0 says I am v2:172.21.15.28:51832/0 (socket says 172.21.15.28:51832)
2024-05-20T19:52:16.837 INFO:teuthology.orchestra.run.smithi028.stdout:/usr/bin/ceph: stderr
2024-05-20T19:52:15.946+0000 7f5705200700 1 -- 172.21.15.28:0/4082182343 learned_addr learned my addr 172.21.15.28:0/4082182343 (peer_addr_for_me v2:172.21.15.28:0/0)
2024-05-20T19:52:16.837 INFO:teuthology.orchestra.run.smithi028.stdout:/usr/bin/ceph: stderr
2024-05-20T19:52:15.946+0000 7f5705200700 1 -- 172.21.15.28:0/4082182343 --> [v2:172.21.15.28:3300/0,v1:172.21.15.28:6789/0] -- mon_subscribe({config=0+,monmap=0+}) -- 0x7f570010a230 con 0x7f5700109080
2024-05-20T19:52:16.837 INFO:teuthology.orchestra.run.smithi028.stdout:/usr/bin/ceph: stderr
2024-05-20T19:52:15.946+0000 7f5705200700 1 --2- 172.21.15.28:0/4082182343 >> [v2:172.21.15.28:3300/0,v1:172.21.15.28:6789/0] conn(0x7f5700109080 0x7f57001094a0 secure :-1 s=READY pgs=20 cs=0 l=1 rev1=1 crypto rx=0x7f56f40098a0 tx=0x7f56f4009bb0 comp rx=0 tx=0).ready entity=mon.0 client_cookie=4f0dcb2be8f59668 server_cookie=0 in_seq=0 out_seq=0
2024-05-20T19:52:16.837 INFO:teuthology.orchestra.run.smithi028.stdout:/usr/bin/ceph: stderr
2024-05-20T19:52:15.947+0000 7f56ff400700 1 -- 172.21.15.28:0/4082182343 <== mon.0 v2:172.21.15.28:3300/0 1 ==== mon_map magic: 0 ==== 205+0+0 (secure 0 0 0) 0x7f56f4004160 con 0x7f5700109080
2024-05-20T19:52:16.837 INFO:teuthology.orchestra.run.smithi028.stdout:/usr/bin/ceph: stderr
2024-05-20T19:52:15.947+0000 7f56ff400700 1 -- 172.21.15.28:0/4082182343 <== mon.0 v2:172.21.15.28:3300/0 2 ==== config(26 keys) ==== 1070+0+0 (secure 0 0 0) 0x7f56f4004300 con 0x7f5700109080
2024-05-20T19:52:16.838 INFO:teuthology.orchestra.run.smithi028.stdout:/usr/bin/ceph: stderr
2024-05-20T19:52:15.947+0000 7f56ff400700 1 -- 172.21.15.28:0/4082182343 <== mon.0 v2:172.21.15.28:3300/0 3 ==== mon_map magic: 0 ==== 205+0+0 (secure 0 0 0) 0x7f56f4011af0 con 0x7f5700109080
2024-05-20T19:52:16.838 INFO:teuthology.orchestra.run.smithi028.stdout:/usr/bin/ceph: stderr
2024-05-20T19:52:15.947+0000 7f5707c00700 1 -- 172.21.15.28:0/4082182343 >> [v2:172.21.15.28:3300/0,v1:172.21.15.28:6789/0] conn(0x7f5700109080 msgr2=0x7f57001094a0 secure :-1 s=STATE_CONNECTION_ESTABLISHED l=1).mark_down
2024-05-20T19:52:16.838 INFO:teuthology.orchestra.run.smithi028.stdout:/usr/bin/ceph: stderr
2024-05-20T19:52:15.947+0000 7f5707c00700 1 --2- 172.21.15.28:0/4082182343 >> [v2:172.21.15.28:3300/0,v1:172.21.15.28:6789/0] conn(0x7f5700109080 0x7f57001094a0 secure :-1 s=READY pgs=20 cs=0 l=1 rev1=1 crypto rx=0x7f56f40098a0 tx=0x7f56f4009bb0 comp rx=0 tx=0).stop
2024-05-20T19:52:16.838 INFO:teuthology.orchestra.run.smithi028.stdout:/usr/bin/ceph: stderr
2024-05-20T19:52:15.948+0000 7f5707c00700 1 -- 172.21.15.28:0/4082182343 shutdown_connections
2024-05-20T19:52:16.838 INFO:teuthology.orchestra.run.smithi028.stdout:/usr/bin/ceph: stderr
2024-05-20T19:52:15.948+0000 7f5707c00700 1 --2- 172.21.15.28:0/4082182343 >> [v2:172.21.15.28:3300/0,v1:172.21.15.28:6789/0] conn(0x7f5700109080 0x7f57001094a0 unknown :-1 s=CLOSED pgs=20 cs=0 l=1 rev1=1 crypto rx=0 tx=0 comp rx=0 tx=0).stop
2024-05-20T19:52:16.838 INFO:teuthology.orchestra.run.smithi028.stdout:/usr/bin/ceph: stderr
2024-05-20T19:52:15.948+0000 7f5707c00700 1 -- 172.21.15.28:0/4082182343 >> 172.21.15.28:0/4082182343 conn(0x7f5700104620 msgr2=0x7f5700106a60 unknown :-1 s=STATE_NONE l=0).mark_down
2024-05-20T19:52:16.838 INFO:teuthology.orchestra.run.smithi028.stdout:/usr/bin/ceph: stderr
2024-05-20T19:52:15.948+0000 7f5707c00700 1 -- 172.21.15.28:0/4082182343 shutdown_connections
2024-05-20T19:52:16.838 INFO:teuthology.orchestra.run.smithi028.stdout:/usr/bin/ceph: stderr
2024-05-20T19:52:15.948+0000 7f5707c00700 1 -- 172.21.15.28:0/4082182343 wait complete.
2024-05-20T19:52:16.838 INFO:teuthology.orchestra.run.smithi028.stdout:/usr/bin/ceph: stderr
2024-05-20T19:52:15.949+0000 7f5707c00700 1 Processor -- start
2024-05-20T19:52:16.838 INFO:teuthology.orchestra.run.smithi028.stdout:/usr/bin/ceph: stderr
2024-05-20T19:52:15.949+0000 7f5707c00700 1 -- start start
2024-05-20T19:52:16.838 INFO:teuthology.orchestra.run.smithi028.stdout:/usr/bin/ceph: stderr
2024-05-20T19:52:15.950+0000 7f5707c00700 1 --2- >> [v2:172.21.15.28:3300/0,v1:172.21.15.28:6789/0] conn(0x7f5700109080 0x7f570007f3d0 unknown :-1 s=NONE pgs=0 cs=0 l=1 rev1=0 crypto rx=0 tx=0 comp rx=0 tx=0).connect
2024-05-20T19:52:16.838 INFO:teuthology.orchestra.run.smithi028.stdout:/usr/bin/ceph: stderr
2024-05-20T19:52:15.950+0000 7f5707c00700 1 -- --> [v2:172.21.15.28:3300/0,v1:172.21.15.28:6789/0] -- mon_getmap magic: 0 -- 0x7f570010d5e0 con 0x7f5700109080
2024-05-20T19:52:16.838 INFO:teuthology.orchestra.run.smithi028.stdout:/usr/bin/ceph: stderr
2024-05-20T19:52:15.950+0000 7f5705200700 1 --2- >> [v2:172.21.15.28:3300/0,v1:172.21.15.28:6789/0] conn(0x7f5700109080 0x7f570007f3d0 unknown :-1 s=BANNER_CONNECTING pgs=0 cs=0 l=1 rev1=0 crypto rx=0 tx=0 comp rx=0 tx=0)._handle_peer_banner_payload supported=3 required=0
2024-05-20T19:52:16.839 INFO:teuthology.orchestra.run.smithi028.stdout:/usr/bin/ceph: stderr
2024-05-20T19:52:15.950+0000 7f5705200700 1 --2- >> [v2:172.21.15.28:3300/0,v1:172.21.15.28:6789/0] conn(0x7f5700109080 0x7f570007f3d0 unknown :-1 s=HELLO_CONNECTING pgs=0 cs=0 l=1 rev1=1 crypto rx=0 tx=0 comp rx=0 tx=0).handle_hello peer v2:172.21.15.28:3300/0 says I am v2:172.21.15.28:51848/0 (socket says 172.21.15.28:51848)
2024-05-20T19:52:16.839 INFO:teuthology.orchestra.run.smithi028.stdout:/usr/bin/ceph: stderr
2024-05-20T19:52:15.950+0000 7f5705200700 1 -- 172.21.15.28:0/3261961858 learned_addr learned my addr 172.21.15.28:0/3261961858 (peer_addr_for_me v2:172.21.15.28:0/0)
2024-05-20T19:52:16.839 INFO:teuthology.orchestra.run.smithi028.stdout:/usr/bin/ceph: stderr
2024-05-20T19:52:15.950+0000 7f5705200700 1 -- 172.21.15.28:0/3261961858 --> [v2:172.21.15.28:3300/0,v1:172.21.15.28:6789/0] -- mon_subscribe({config=0+,monmap=0+}) -- 0x7f570007f910 con 0x7f5700109080
2024-05-20T19:52:16.839 INFO:teuthology.orchestra.run.smithi028.stdout:/usr/bin/ceph: stderr
2024-05-20T19:52:15.951+0000 7f5705200700 1 --2- 172.21.15.28:0/3261961858 >> [v2:172.21.15.28:3300/0,v1:172.21.15.28:6789/0] conn(0x7f5700109080 0x7f570007f3d0 secure :-1 s=READY pgs=21 cs=0 l=1 rev1=1 crypto rx=0x7f56f40117b0 tx=0x7f56f4011b70 comp rx=0 tx=0).ready entity=mon.0 client_cookie=0 server_cookie=0 in_seq=0 out_seq=0
2024-05-20T19:52:16.839 INFO:teuthology.orchestra.run.smithi028.stdout:/usr/bin/ceph: stderr
2024-05-20T19:52:15.951+0000 7f56fd600700 1 -- 172.21.15.28:0/3261961858 <== mon.0 v2:172.21.15.28:3300/0 1 ==== mon_map magic: 0 ==== 205+0+0 (secure 0 0 0) 0x7f56f4003af0 con 0x7f5700109080
2024-05-20T19:52:16.839 INFO:teuthology.orchestra.run.smithi028.stdout:/usr/bin/ceph: stderr
2024-05-20T19:52:15.951+0000 7f56fd600700 1 -- 172.21.15.28:0/3261961858 <== mon.0 v2:172.21.15.28:3300/0 2 ==== config(26 keys) ==== 1070+0+0 (secure 0 0 0) 0x7f56f4020070 con 0x7f5700109080
2024-05-20T19:52:16.839 INFO:teuthology.orchestra.run.smithi028.stdout:/usr/bin/ceph: stderr
2024-05-20T19:52:15.951+0000 7f56fd600700 1 -- 172.21.15.28:0/3261961858 <== mon.0 v2:172.21.15.28:3300/0 3 ==== mon_map magic: 0 ==== 205+0+0 (secure 0 0 0) 0x7f56f4019630 con 0x7f5700109080
2024-05-20T19:52:16.839 INFO:teuthology.orchestra.run.smithi028.stdout:/usr/bin/ceph: stderr
2024-05-20T19:52:15.951+0000 7f5707c00700 1 -- 172.21.15.28:0/3261961858 --> [v2:172.21.15.28:3300/0,v1:172.21.15.28:6789/0] -- mon_subscribe({mgrmap=0+}) -- 0x7f570007db00 con 0x7f5700109080
2024-05-20T19:52:16.839 INFO:teuthology.orchestra.run.smithi028.stdout:/usr/bin/ceph: stderr
2024-05-20T19:52:15.951+0000 7f5707c00700 1 -- 172.21.15.28:0/3261961858 --> [v2:172.21.15.28:3300/0,v1:172.21.15.28:6789/0] -- mon_subscribe({osdmap=0}) -- 0x7f570007e040 con 0x7f5700109080
2024-05-20T19:52:16.839 INFO:teuthology.orchestra.run.smithi028.stdout:/usr/bin/ceph: stderr
2024-05-20T19:52:15.952+0000 7f56fd600700 1 -- 172.21.15.28:0/3261961858 <== mon.0 v2:172.21.15.28:3300/0 4 ==== mgrmap(e 4) ==== 50211+0+0 (secure 0 0 0) 0x7f56f401a9c0 con 0x7f5700109080
2024-05-20T19:52:16.839 INFO:teuthology.orchestra.run.smithi028.stdout:/usr/bin/ceph: stderr
2024-05-20T19:52:15.952+0000 7f5707c00700 1 -- 172.21.15.28:0/3261961858 --> [v2:172.21.15.28:3300/0,v1:172.21.15.28:6789/0] -- mon_command({"prefix": "get_command_descriptions"} v 0) -- 0x7f5700064ba0 con 0x7f5700109080
2024-05-20T19:52:16.839 INFO:teuthology.orchestra.run.smithi028.stdout:/usr/bin/ceph: stderr
2024-05-20T19:52:15.953+0000 7f56fd600700 1 --2- 172.21.15.28:0/3261961858 >> [v2:172.21.15.28:6800/1506400984,v1:172.21.15.28:6801/1506400984] conn(0x7f56e803e470 0x7f56e8040930 unknown :-1 s=NONE pgs=0 cs=0 l=1 rev1=0 crypto rx=0 tx=0 comp rx=0 tx=0).connect
2024-05-20T19:52:16.839 INFO:teuthology.orchestra.run.smithi028.stdout:/usr/bin/ceph: stderr
2024-05-20T19:52:15.953+0000 7f56fd600700 1 -- 172.21.15.28:0/3261961858 <== mon.0 v2:172.21.15.28:3300/0 5 ==== osd_map(1..1 src has 1..1) ==== 725+0+0 (secure 0 0 0) 0x7f56f4053a60 con 0x7f5700109080
2024-05-20T19:52:16.840 INFO:teuthology.orchestra.run.smithi028.stdout:/usr/bin/ceph: stderr
2024-05-20T19:52:15.954+0000 7f56ffe00700 1 --2- 172.21.15.28:0/3261961858 >> [v2:172.21.15.28:6800/1506400984,v1:172.21.15.28:6801/1506400984] conn(0x7f56e803e470 0x7f56e8040930 unknown :-1 s=BANNER_CONNECTING pgs=0 cs=0 l=1 rev1=0 crypto rx=0 tx=0 comp rx=0 tx=0)._handle_peer_banner_payload supported=3 required=0
2024-05-20T19:52:16.840 INFO:teuthology.orchestra.run.smithi028.stdout:/usr/bin/ceph: stderr
2024-05-20T19:52:15.954+0000 7f56ffe00700 1 --2- 172.21.15.28:0/3261961858 >> [v2:172.21.15.28:6800/1506400984,v1:172.21.15.28:6801/1506400984] conn(0x7f56e803e470 0x7f56e8040930 secure :-1 s=READY pgs=7 cs=0 l=1 rev1=1 crypto rx=0x7f56ec006fd0 tx=0x7f56ec006e40 comp rx=0 tx=0).ready entity=mgr.14100 client_cookie=0 server_cookie=0 in_seq=0 out_seq=0
2024-05-20T19:52:16.840 INFO:teuthology.orchestra.run.smithi028.stdout:/usr/bin/ceph: stderr
2024-05-20T19:52:15.959+0000 7f56fd600700 1 -- 172.21.15.28:0/3261961858 <== mon.0 v2:172.21.15.28:3300/0 6 ==== mon_command_ack([{"prefix": "get_command_descriptions"}]=0 v0) ==== 72+0+191963 (secure 0 0 0) 0x7f56f40042a0 con 0x7f5700109080
2024-05-20T19:52:16.840 INFO:teuthology.orchestra.run.smithi028.stdout:/usr/bin/ceph: stderr
2024-05-20T19:52:16.193+0000 7f5707c00700 1 -- 172.21.15.28:0/3261961858 --> [v2:172.21.15.28:3300/0,v1:172.21.15.28:6789/0] -- mon_command({"prefix": "config assimilate-conf"} v 0) -- 0x7f570007e2c0 con 0x7f5700109080
2024-05-20T19:52:16.840 INFO:teuthology.orchestra.run.smithi028.stdout:/usr/bin/ceph: stderr
2024-05-20T19:52:16.194+0000 7f56fd600700 1 -- 172.21.15.28:0/3261961858 <== mon.0 v2:172.21.15.28:3300/0 7 ==== mon_command_ack([{"prefix": "config assimilate-conf"}]=0 v3) ==== 70+0+409 (secure 0 0 0) 0x7f56f40172b0 con 0x7f5700109080
2024-05-20T19:52:16.840 INFO:teuthology.orchestra.run.smithi028.stdout:/usr/bin/ceph: stderr
2024-05-20T19:52:16.198+0000 7f5707c00700 1 -- 172.21.15.28:0/3261961858 >> [v2:172.21.15.28:6800/1506400984,v1:172.21.15.28:6801/1506400984] conn(0x7f56e803e470 msgr2=0x7f56e8040930 secure :-1 s=STATE_CONNECTION_ESTABLISHED l=1).mark_down
2024-05-20T19:52:16.840 INFO:teuthology.orchestra.run.smithi028.stdout:/usr/bin/ceph: stderr
2024-05-20T19:52:16.198+0000 7f5707c00700 1 --2- 172.21.15.28:0/3261961858 >> [v2:172.21.15.28:6800/1506400984,v1:172.21.15.28:6801/1506400984] conn(0x7f56e803e470 0x7f56e8040930 secure :-1 s=READY pgs=7 cs=0 l=1 rev1=1 crypto rx=0x7f56ec006fd0 tx=0x7f56ec006e40 comp rx=0 tx=0).stop
2024-05-20T19:52:16.840 INFO:teuthology.orchestra.run.smithi028.stdout:/usr/bin/ceph: stderr
2024-05-20T19:52:16.198+0000 7f5707c00700 1 -- 172.21.15.28:0/3261961858 >> [v2:172.21.15.28:3300/0,v1:172.21.15.28:6789/0] conn(0x7f5700109080 msgr2=0x7f570007f3d0 secure :-1 s=STATE_CONNECTION_ESTABLISHED l=1).mark_down
2024-05-20T19:52:16.840 INFO:teuthology.orchestra.run.smithi028.stdout:/usr/bin/ceph: stderr
2024-05-20T19:52:16.198+0000 7f5707c00700 1 --2- 172.21.15.28:0/3261961858 >> [v2:172.21.15.28:3300/0,v1:172.21.15.28:6789/0] conn(0x7f5700109080 0x7f570007f3d0 secure :-1 s=READY pgs=21 cs=0 l=1 rev1=1 crypto rx=0x7f56f40117b0 tx=0x7f56f4011b70 comp rx=0 tx=0).stop
2024-05-20T19:52:16.840 INFO:teuthology.orchestra.run.smithi028.stdout:/usr/bin/ceph: stderr
2024-05-20T19:52:16.198+0000 7f5707c00700 1 -- 172.21.15.28:0/3261961858 shutdown_connections
2024-05-20T19:52:16.840 INFO:teuthology.orchestra.run.smithi028.stdout:/usr/bin/ceph: stderr
2024-05-20T19:52:16.198+0000 7f5707c00700 1 --2- 172.21.15.28:0/3261961858 >> [v2:172.21.15.28:6800/1506400984,v1:172.21.15.28:6801/1506400984] conn(0x7f56e803e470 0x7f56e8040930 unknown :-1 s=CLOSED pgs=7 cs=0 l=1 rev1=1 crypto rx=0 tx=0 comp rx=0 tx=0).stop
2024-05-20T19:52:16.840 INFO:teuthology.orchestra.run.smithi028.stdout:/usr/bin/ceph: stderr
2024-05-20T19:52:16.198+0000 7f5707c00700 1 --2- 172.21.15.28:0/3261961858 >> [v2:172.21.15.28:3300/0,v1:172.21.15.28:6789/0] conn(0x7f5700109080 0x7f570007f3d0 unknown :-1 s=CLOSED pgs=21 cs=0 l=1 rev1=1 crypto rx=0 tx=0 comp rx=0 tx=0).stop
2024-05-20T19:52:16.840 INFO:teuthology.orchestra.run.smithi028.stdout:/usr/bin/ceph: stderr
2024-05-20T19:52:16.198+0000 7f5707c00700 1 -- 172.21.15.28:0/3261961858 >> 172.21.15.28:0/3261961858 conn(0x7f5700104620 msgr2=0x7f5700105180 unknown :-1 s=STATE_NONE l=0).mark_down
2024-05-20T19:52:16.840 INFO:teuthology.orchestra.run.smithi028.stdout:/usr/bin/ceph: stderr
2024-05-20T19:52:16.199+0000 7f5707c00700 1 -- 172.21.15.28:0/3261961858 shutdown_connections
2024-05-20T19:52:16.841 INFO:teuthology.orchestra.run.smithi028.stdout:/usr/bin/ceph: stderr
2024-05-20T19:52:16.199+0000 7f5707c00700 1 -- 172.21.15.28:0/3261961858 wait complete.
2024-05-20T19:52:16.841 INFO:teuthology.orchestra.run.smithi028.stdout:Enabling cephadm module...
2024-05-20T19:52:18.054 INFO:journalctl@ceph.mon.a.smithi028.stdout:May 20 19:52:17 smithi028 ceph-mon[31178]: from='client.? 172.21.15.28:0/2362457634' entity='client.admin' cmd=[{"prefix": "mgr module enable", "module": "cephadm"}]: dispatch
2024-05-20T19:52:18.055 INFO:journalctl@ceph.mgr.x.smithi028.stdout:May 20 19:52:17 smithi028 ceph-3fbec9b2-16e2-11ef-bc9a-c7b262605968-mgr-x[31410]: ignoring --setuser ceph since I am not root
2024-05-20T19:52:18.055 INFO:journalctl@ceph.mgr.x.smithi028.stdout:May 20 19:52:17 smithi028 ceph-3fbec9b2-16e2-11ef-bc9a-c7b262605968-mgr-x[31410]: ignoring --setgroup ceph since I am not root
2024-05-20T19:52:18.388 INFO:journalctl@ceph.mgr.x.smithi028.stdout:May 20 19:52:18 smithi028 ceph-3fbec9b2-16e2-11ef-bc9a-c7b262605968-mgr-x[31410]:
2024-05-20T19:52:18.136+0000 7fb2814f4200 -1 mgr[py] Module balancer has missing NOTIFY_TYPES member
2024-05-20T19:52:18.562 INFO:teuthology.orchestra.run.smithi028.stdout:/usr/bin/ceph: stderr
2024-05-20T19:52:17.470+0000 7fc3de600700 1 Processor -- start
2024-05-20T19:52:18.562 INFO:teuthology.orchestra.run.smithi028.stdout:/usr/bin/ceph: stderr
2024-05-20T19:52:17.470+0000 7fc3de600700 1 -- start start
2024-05-20T19:52:18.562 INFO:teuthology.orchestra.run.smithi028.stdout:/usr/bin/ceph: stderr
2024-05-20T19:52:17.471+0000 7fc3de600700 1 --2- >> [v2:172.21.15.28:3300/0,v1:172.21.15.28:6789/0] conn(0x7fc3d8108e60 0x7fc3d8109280 unknown :-1 s=NONE pgs=0 cs=0 l=0 rev1=0 crypto rx=0 tx=0 comp rx=0 tx=0).connect
2024-05-20T19:52:18.562 INFO:teuthology.orchestra.run.smithi028.stdout:/usr/bin/ceph: stderr
2024-05-20T19:52:17.471+0000 7fc3de600700 1 -- --> [v2:172.21.15.28:3300/0,v1:172.21.15.28:6789/0] -- mon_getmap magic: 0 -- 0x7fc3d81097c0 con 0x7fc3d8108e60
2024-05-20T19:52:18.562 INFO:teuthology.orchestra.run.smithi028.stdout:/usr/bin/ceph: stderr
2024-05-20T19:52:17.471+0000 7fc3dd200700 1 --2- >> [v2:172.21.15.28:3300/0,v1:172.21.15.28:6789/0] conn(0x7fc3d8108e60 0x7fc3d8109280 unknown :-1 s=BANNER_CONNECTING pgs=0 cs=0 l=0 rev1=0 crypto rx=0 tx=0 comp rx=0 tx=0)._handle_peer_banner_payload supported=3 required=0
2024-05-20T19:52:18.567 INFO:teuthology.orchestra.run.smithi028.stdout:/usr/bin/ceph: stderr
2024-05-20T19:52:17.471+0000 7fc3dd200700 1 --2- >> [v2:172.21.15.28:3300/0,v1:172.21.15.28:6789/0] conn(0x7fc3d8108e60 0x7fc3d8109280 unknown :-1 s=HELLO_CONNECTING pgs=0 cs=0 l=0 rev1=1 crypto rx=0 tx=0 comp rx=0 tx=0).handle_hello peer v2:172.21.15.28:3300/0 says I am v2:172.21.15.28:37504/0 (socket says 172.21.15.28:37504)
2024-05-20T19:52:18.567 INFO:teuthology.orchestra.run.smithi028.stdout:/usr/bin/ceph: stderr
2024-05-20T19:52:17.471+0000 7fc3dd200700 1 -- 172.21.15.28:0/1523452735 learned_addr learned my addr 172.21.15.28:0/1523452735 (peer_addr_for_me v2:172.21.15.28:0/0)
2024-05-20T19:52:18.567 INFO:teuthology.orchestra.run.smithi028.stdout:/usr/bin/ceph: stderr
2024-05-20T19:52:17.472+0000 7fc3dd200700 1 -- 172.21.15.28:0/1523452735 --> [v2:172.21.15.28:3300/0,v1:172.21.15.28:6789/0] -- mon_subscribe({config=0+,monmap=0+}) -- 0x7fc3d8109f70 con 0x7fc3d8108e60
2024-05-20T19:52:18.567 INFO:teuthology.orchestra.run.smithi028.stdout:/usr/bin/ceph: stderr
2024-05-20T19:52:17.472+0000 7fc3dd200700 1 --2- 172.21.15.28:0/1523452735 >> [v2:172.21.15.28:3300/0,v1:172.21.15.28:6789/0] conn(0x7fc3d8108e60 0x7fc3d8109280 secure :-1 s=READY pgs=22 cs=0 l=1 rev1=1 crypto rx=0x7fc3cc0098a0 tx=0x7fc3cc009bb0 comp rx=0 tx=0).ready entity=mon.0 client_cookie=6e86c2f1e8b7e992 server_cookie=0 in_seq=0 out_seq=0
2024-05-20T19:52:18.568 INFO:teuthology.orchestra.run.smithi028.stdout:/usr/bin/ceph: stderr
2024-05-20T19:52:17.472+0000 7fc3d7400700 1 -- 172.21.15.28:0/1523452735 <== mon.0 v2:172.21.15.28:3300/0 1 ==== mon_map magic: 0 ==== 205+0+0 (secure 0 0 0) 0x7fc3cc004160 con 0x7fc3d8108e60
2024-05-20T19:52:18.568 INFO:teuthology.orchestra.run.smithi028.stdout:/usr/bin/ceph: stderr
2024-05-20T19:52:17.472+0000 7fc3d7400700 1 -- 172.21.15.28:0/1523452735 <== mon.0 v2:172.21.15.28:3300/0 2 ==== config(26 keys) ==== 1070+0+0 (secure 0 0 0) 0x7fc3cc004300 con 0x7fc3d8108e60
2024-05-20T19:52:18.568 INFO:teuthology.orchestra.run.smithi028.stdout:/usr/bin/ceph: stderr
2024-05-20T19:52:17.472+0000 7fc3d7400700 1 -- 172.21.15.28:0/1523452735 <== mon.0 v2:172.21.15.28:3300/0 3 ==== mon_map magic: 0 ==== 205+0+0 (secure 0 0 0) 0x7fc3cc011af0 con 0x7fc3d8108e60
2024-05-20T19:52:18.568 INFO:teuthology.orchestra.run.smithi028.stdout:/usr/bin/ceph: stderr
2024-05-20T19:52:17.473+0000 7fc3de600700 1 -- 172.21.15.28:0/1523452735 >> [v2:172.21.15.28:3300/0,v1:172.21.15.28:6789/0] conn(0x7fc3d8108e60 msgr2=0x7fc3d8109280 secure :-1 s=STATE_CONNECTION_ESTABLISHED l=1).mark_down
2024-05-20T19:52:18.568 INFO:teuthology.orchestra.run.smithi028.stdout:/usr/bin/ceph: stderr
2024-05-20T19:52:17.473+0000 7fc3de600700 1 --2- 172.21.15.28:0/1523452735 >> [v2:172.21.15.28:3300/0,v1:172.21.15.28:6789/0] conn(0x7fc3d8108e60 0x7fc3d8109280 secure :-1 s=READY pgs=22 cs=0 l=1 rev1=1 crypto rx=0x7fc3cc0098a0 tx=0x7fc3cc009bb0 comp rx=0 tx=0).stop
2024-05-20T19:52:18.568 INFO:teuthology.orchestra.run.smithi028.stdout:/usr/bin/ceph: stderr
2024-05-20T19:52:17.473+0000 7fc3de600700 1 -- 172.21.15.28:0/1523452735 shutdown_connections
2024-05-20T19:52:18.568 INFO:teuthology.orchestra.run.smithi028.stdout:/usr/bin/ceph: stderr
2024-05-20T19:52:17.473+0000 7fc3de600700 1 --2- 172.21.15.28:0/1523452735 >> [v2:172.21.15.28:3300/0,v1:172.21.15.28:6789/0] conn(0x7fc3d8108e60 0x7fc3d8109280 unknown :-1 s=CLOSED pgs=22 cs=0 l=1 rev1=1 crypto rx=0 tx=0 comp rx=0 tx=0).stop
2024-05-20T19:52:18.568 INFO:teuthology.orchestra.run.smithi028.stdout:/usr/bin/ceph: stderr
2024-05-20T19:52:17.473+0000 7fc3de600700 1 -- 172.21.15.28:0/1523452735 >> 172.21.15.28:0/1523452735 conn(0x7fc3d8104480 msgr2=0x7fc3d81068a0 unknown :-1 s=STATE_NONE l=0).mark_down
2024-05-20T19:52:18.568 INFO:teuthology.orchestra.run.smithi028.stdout:/usr/bin/ceph: stderr
2024-05-20T19:52:17.473+0000 7fc3de600700 1 -- 172.21.15.28:0/1523452735 shutdown_connections
2024-05-20T19:52:18.568 INFO:teuthology.orchestra.run.smithi028.stdout:/usr/bin/ceph: stderr
2024-05-20T19:52:17.474+0000 7fc3de600700 1 -- 172.21.15.28:0/1523452735 wait complete.
2024-05-20T19:52:18.568 INFO:teuthology.orchestra.run.smithi028.stdout:/usr/bin/ceph: stderr
2024-05-20T19:52:17.475+0000 7fc3de600700 1 Processor -- start
2024-05-20T19:52:18.568 INFO:teuthology.orchestra.run.smithi028.stdout:/usr/bin/ceph: stderr
2024-05-20T19:52:17.475+0000 7fc3de600700 1 -- start start
2024-05-20T19:52:18.568 INFO:teuthology.orchestra.run.smithi028.stdout:/usr/bin/ceph: stderr
2024-05-20T19:52:17.475+0000 7fc3de600700 1 --2- >> [v2:172.21.15.28:3300/0,v1:172.21.15.28:6789/0] conn(0x7fc3d8108e60 0x7fc3d807eb40 unknown :-1 s=NONE pgs=0 cs=0 l=1 rev1=0 crypto rx=0 tx=0 comp rx=0 tx=0).connect
2024-05-20T19:52:18.569 INFO:teuthology.orchestra.run.smithi028.stdout:/usr/bin/ceph: stderr
2024-05-20T19:52:17.475+0000 7fc3de600700 1 -- --> [v2:172.21.15.28:3300/0,v1:172.21.15.28:6789/0] -- mon_getmap magic: 0 -- 0x7fc3d810d3b0 con 0x7fc3d8108e60
2024-05-20T19:52:18.569 INFO:teuthology.orchestra.run.smithi028.stdout:/usr/bin/ceph: stderr
2024-05-20T19:52:17.475+0000 7fc3dd200700 1 --2- >> [v2:172.21.15.28:3300/0,v1:172.21.15.28:6789/0] conn(0x7fc3d8108e60 0x7fc3d807eb40 unknown :-1 s=BANNER_CONNECTING pgs=0 cs=0 l=1 rev1=0 crypto rx=0 tx=0 comp rx=0 tx=0)._handle_peer_banner_payload supported=3 required=0
2024-05-20T19:52:18.569 INFO:teuthology.orchestra.run.smithi028.stdout:/usr/bin/ceph: stderr
2024-05-20T19:52:17.475+0000 7fc3dd200700 1 --2- >> [v2:172.21.15.28:3300/0,v1:172.21.15.28:6789/0] conn(0x7fc3d8108e60 0x7fc3d807eb40 unknown :-1 s=HELLO_CONNECTING pgs=0 cs=0 l=1 rev1=1 crypto rx=0 tx=0 comp rx=0 tx=0).handle_hello peer v2:172.21.15.28:3300/0 says I am v2:172.21.15.28:37518/0 (socket says 172.21.15.28:37518)
2024-05-20T19:52:18.569 INFO:teuthology.orchestra.run.smithi028.stdout:/usr/bin/ceph: stderr
2024-05-20T19:52:17.475+0000 7fc3dd200700 1 -- 172.21.15.28:0/2362457634 learned_addr learned my addr 172.21.15.28:0/2362457634 (peer_addr_for_me v2:172.21.15.28:0/0)
2024-05-20T19:52:18.569 INFO:teuthology.orchestra.run.smithi028.stdout:/usr/bin/ceph: stderr
2024-05-20T19:52:17.476+0000 7fc3dd200700 1 -- 172.21.15.28:0/2362457634 --> [v2:172.21.15.28:3300/0,v1:172.21.15.28:6789/0] -- mon_subscribe({config=0+,monmap=0+}) -- 0x7fc3d807f080 con 0x7fc3d8108e60
2024-05-20T19:52:18.569 INFO:teuthology.orchestra.run.smithi028.stdout:/usr/bin/ceph: stderr
2024-05-20T19:52:17.476+0000 7fc3dd200700 1 --2- 172.21.15.28:0/2362457634 >> [v2:172.21.15.28:3300/0,v1:172.21.15.28:6789/0] conn(0x7fc3d8108e60 0x7fc3d807eb40 secure :-1 s=READY pgs=23 cs=0 l=1 rev1=1 crypto rx=0x7fc3cc011ac0 tx=0x7fc3cc011ba0 comp rx=0 tx=0).ready entity=mon.0 client_cookie=0 server_cookie=0 in_seq=0 out_seq=0
2024-05-20T19:52:18.569 INFO:teuthology.orchestra.run.smithi028.stdout:/usr/bin/ceph: stderr
2024-05-20T19:52:17.476+0000 7fc3d5600700 1 -- 172.21.15.28:0/2362457634 <== mon.0 v2:172.21.15.28:3300/0 1 ==== mon_map magic: 0 ==== 205+0+0 (secure 0 0 0) 0x7fc3cc003970 con 0x7fc3d8108e60
2024-05-20T19:52:18.569 INFO:teuthology.orchestra.run.smithi028.stdout:/usr/bin/ceph: stderr
2024-05-20T19:52:17.477+0000 7fc3d5600700 1 -- 172.21.15.28:0/2362457634 <== mon.0 v2:172.21.15.28:3300/0 2 ==== config(26 keys) ==== 1070+0+0 (secure 0 0 0) 0x7fc3cc003b10 con 0x7fc3d8108e60
2024-05-20T19:52:18.569 INFO:teuthology.orchestra.run.smithi028.stdout:/usr/bin/ceph: stderr
2024-05-20T19:52:17.477+0000 7fc3d5600700 1 -- 172.21.15.28:0/2362457634 <== mon.0 v2:172.21.15.28:3300/0 3 ==== mon_map magic: 0 ==== 205+0+0 (secure 0 0 0) 0x7fc3cc024610 con 0x7fc3d8108e60
2024-05-20T19:52:18.569 INFO:teuthology.orchestra.run.smithi028.stdout:/usr/bin/ceph: stderr
2024-05-20T19:52:17.477+0000 7fc3de600700 1 -- 172.21.15.28:0/2362457634 --> [v2:172.21.15.28:3300/0,v1:172.21.15.28:6789/0] -- mon_subscribe({mgrmap=0+}) -- 0x7fc3d807d270 con 0x7fc3d8108e60
2024-05-20T19:52:18.569 INFO:teuthology.orchestra.run.smithi028.stdout:/usr/bin/ceph: stderr
2024-05-20T19:52:17.477+0000 7fc3de600700 1 -- 172.21.15.28:0/2362457634 --> [v2:172.21.15.28:3300/0,v1:172.21.15.28:6789/0] -- mon_subscribe({osdmap=0}) -- 0x7fc3d807d7b0 con 0x7fc3d8108e60
2024-05-20T19:52:18.569 INFO:teuthology.orchestra.run.smithi028.stdout:/usr/bin/ceph: stderr
2024-05-20T19:52:17.478+0000 7fc3d5600700 1 -- 172.21.15.28:0/2362457634 <== mon.0 v2:172.21.15.28:3300/0 4 ==== mgrmap(e 4) ==== 50211+0+0 (secure 0 0 0) 0x7fc3cc01a9e0 con 0x7fc3d8108e60
2024-05-20T19:52:18.569 INFO:teuthology.orchestra.run.smithi028.stdout:/usr/bin/ceph: stderr
2024-05-20T19:52:17.478+0000 7fc3de600700 1 -- 172.21.15.28:0/2362457634 --> [v2:172.21.15.28:3300/0,v1:172.21.15.28:6789/0] -- mon_command({"prefix": "get_command_descriptions"} v 0) -- 0x7fc3d806a670 con 0x7fc3d8108e60
2024-05-20T19:52:18.570 INFO:teuthology.orchestra.run.smithi028.stdout:/usr/bin/ceph: stderr
2024-05-20T19:52:17.479+0000 7fc3d5600700 1 --2- 172.21.15.28:0/2362457634 >> [v2:172.21.15.28:6800/1506400984,v1:172.21.15.28:6801/1506400984] conn(0x7fc3c003e470 0x7fc3c0040930 unknown :-1 s=NONE pgs=0 cs=0 l=1 rev1=0 crypto rx=0 tx=0 comp rx=0 tx=0).connect
2024-05-20T19:52:18.570 INFO:teuthology.orchestra.run.smithi028.stdout:/usr/bin/ceph: stderr
2024-05-20T19:52:17.479+0000 7fc3d5600700 1 -- 172.21.15.28:0/2362457634 <== mon.0 v2:172.21.15.28:3300/0 5 ==== osd_map(1..1 src has 1..1) ==== 725+0+0 (secure 0 0 0) 0x7fc3cc053840 con 0x7fc3d8108e60
2024-05-20T19:52:18.570 INFO:teuthology.orchestra.run.smithi028.stdout:/usr/bin/ceph: stderr
2024-05-20T19:52:17.479+0000 7fc3d7e00700 1 --2- 172.21.15.28:0/2362457634 >> [v2:172.21.15.28:6800/1506400984,v1:172.21.15.28:6801/1506400984] conn(0x7fc3c003e470 0x7fc3c0040930 unknown :-1 s=BANNER_CONNECTING pgs=0 cs=0 l=1 rev1=0 crypto rx=0 tx=0 comp rx=0 tx=0)._handle_peer_banner_payload supported=3 required=0
2024-05-20T19:52:18.571 INFO:teuthology.orchestra.run.smithi028.stdout:/usr/bin/ceph: stderr
2024-05-20T19:52:17.480+0000 7fc3d7e00700 1 --2- 172.21.15.28:0/2362457634 >> [v2:172.21.15.28:6800/1506400984,v1:172.21.15.28:6801/1506400984] conn(0x7fc3c003e470 0x7fc3c0040930 secure :-1 s=READY pgs=8 cs=0 l=1 rev1=1 crypto rx=0x7fc3c4006fd0 tx=0x7fc3c4006e40 comp rx=0 tx=0).ready entity=mgr.14100 client_cookie=0 server_cookie=0 in_seq=0 out_seq=0
2024-05-20T19:52:18.571 INFO:teuthology.orchestra.run.smithi028.stdout:/usr/bin/ceph: stderr
2024-05-20T19:52:17.484+0000 7fc3d5600700 1 -- 172.21.15.28:0/2362457634 <== mon.0 v2:172.21.15.28:3300/0 6 ==== mon_command_ack([{"prefix": "get_command_descriptions"}]=0 v0) ==== 72+0+191963 (secure 0 0 0) 0x7fc3cc0247f0 con 0x7fc3d8108e60
2024-05-20T19:52:18.571 INFO:teuthology.orchestra.run.smithi028.stdout:/usr/bin/ceph: stderr
2024-05-20T19:52:17.784+0000 7fc3de600700 1 -- 172.21.15.28:0/2362457634 --> [v2:172.21.15.28:3300/0,v1:172.21.15.28:6789/0] -- mon_command({"prefix": "mgr module enable", "module": "cephadm"} v 0) -- 0x7fc3d807da30 con 0x7fc3d8108e60
2024-05-20T19:52:18.571 INFO:teuthology.orchestra.run.smithi028.stdout:/usr/bin/ceph: stderr
2024-05-20T19:52:17.838+0000 7fc3d5600700 1 -- 172.21.15.28:0/2362457634 <== mon.0 v2:172.21.15.28:3300/0 7 ==== mon_command_ack([{"prefix": "mgr module enable", "module": "cephadm"}]=0 v5) ==== 86+0+0 (secure 0 0 0) 0x7fc3cc053260 con 0x7fc3d8108e60
2024-05-20T19:52:18.571 INFO:teuthology.orchestra.run.smithi028.stdout:/usr/bin/ceph: stderr
2024-05-20T19:52:17.841+0000 7fc3d5600700 1 -- 172.21.15.28:0/2362457634 <== mon.0 v2:172.21.15.28:3300/0 8 ==== mgrmap(e 5) ==== 50222+0+0 (secure 0 0 0) 0x7fc3cc055c80 con 0x7fc3d8108e60
2024-05-20T19:52:18.571 INFO:teuthology.orchestra.run.smithi028.stdout:/usr/bin/ceph: stderr
2024-05-20T19:52:17.844+0000 7fc3de600700 1 -- 172.21.15.28:0/2362457634 >> [v2:172.21.15.28:6800/1506400984,v1:172.21.15.28:6801/1506400984] conn(0x7fc3c003e470 msgr2=0x7fc3c0040930 secure :-1 s=STATE_CONNECTION_ESTABLISHED l=1).mark_down
2024-05-20T19:52:18.571 INFO:teuthology.orchestra.run.smithi028.stdout:/usr/bin/ceph: stderr
2024-05-20T19:52:17.844+0000 7fc3de600700 1 --2- 172.21.15.28:0/2362457634 >> [v2:172.21.15.28:6800/1506400984,v1:172.21.15.28:6801/1506400984] conn(0x7fc3c003e470 0x7fc3c0040930 secure :-1 s=READY pgs=8 cs=0 l=1 rev1=1 crypto rx=0x7fc3c4006fd0 tx=0x7fc3c4006e40 comp rx=0 tx=0).stop
2024-05-20T19:52:18.571 INFO:teuthology.orchestra.run.smithi028.stdout:/usr/bin/ceph: stderr
2024-05-20T19:52:17.844+0000 7fc3de600700 1 -- 172.21.15.28:0/2362457634 >> [v2:172.21.15.28:3300/0,v1:172.21.15.28:6789/0] conn(0x7fc3d8108e60 msgr2=0x7fc3d807eb40 secure :-1 s=STATE_CONNECTION_ESTABLISHED l=1).mark_down
2024-05-20T19:52:18.571 INFO:teuthology.orchestra.run.smithi028.stdout:/usr/bin/ceph: stderr
2024-05-20T19:52:17.844+0000 7fc3de600700 1 --2- 172.21.15.28:0/2362457634 >> [v2:172.21.15.28:3300/0,v1:172.21.15.28:6789/0] conn(0x7fc3d8108e60 0x7fc3d807eb40 secure :-1 s=READY pgs=23 cs=0 l=1 rev1=1 crypto rx=0x7fc3cc011ac0 tx=0x7fc3cc011ba0 comp rx=0 tx=0).stop
2024-05-20T19:52:18.571 INFO:teuthology.orchestra.run.smithi028.stdout:/usr/bin/ceph: stderr
2024-05-20T19:52:17.844+0000 7fc3de600700 1 -- 172.21.15.28:0/2362457634 shutdown_connections
2024-05-20T19:52:18.571 INFO:teuthology.orchestra.run.smithi028.stdout:/usr/bin/ceph: stderr
2024-05-20T19:52:17.844+0000 7fc3de600700 1 --2- 172.21.15.28:0/2362457634 >> [v2:172.21.15.28:6800/1506400984,v1:172.21.15.28:6801/1506400984] conn(0x7fc3c003e470 0x7fc3c0040930 unknown :-1 s=CLOSED pgs=8 cs=0 l=1 rev1=1 crypto rx=0 tx=0 comp rx=0 tx=0).stop
2024-05-20T19:52:18.571 INFO:teuthology.orchestra.run.smithi028.stdout:/usr/bin/ceph: stderr
2024-05-20T19:52:17.844+0000 7fc3de600700 1 --2- 172.21.15.28:0/2362457634 >> [v2:172.21.15.28:3300/0,v1:172.21.15.28:6789/0] conn(0x7fc3d8108e60 0x7fc3d807eb40 unknown :-1 s=CLOSED pgs=23 cs=0 l=1 rev1=1 crypto rx=0 tx=0 comp rx=0 tx=0).stop
2024-05-20T19:52:18.572 INFO:teuthology.orchestra.run.smithi028.stdout:/usr/bin/ceph: stderr
2024-05-20T19:52:17.844+0000 7fc3de600700 1 -- 172.21.15.28:0/2362457634 >> 172.21.15.28:0/2362457634 conn(0x7fc3d8104480 msgr2=0x7fc3d8104fe0 unknown :-1 s=STATE_NONE l=0).mark_down
2024-05-20T19:52:18.572 INFO:teuthology.orchestra.run.smithi028.stdout:/usr/bin/ceph: stderr
2024-05-20T19:52:17.845+0000 7fc3de600700 1 -- 172.21.15.28:0/2362457634 shutdown_connections
2024-05-20T19:52:18.572 INFO:teuthology.orchestra.run.smithi028.stdout:/usr/bin/ceph: stderr
2024-05-20T19:52:17.845+0000 7fc3de600700 1 -- 172.21.15.28:0/2362457634 wait complete.
2024-05-20T19:52:18.717 INFO:journalctl@ceph.mgr.x.smithi028.stdout:May 20 19:52:18 smithi028 ceph-3fbec9b2-16e2-11ef-bc9a-c7b262605968-mgr-x[31410]:
2024-05-20T19:52:18.386+0000 7fb2814f4200 -1 mgr[py] Module orchestrator has missing NOTIFY_TYPES member
2024-05-20T19:52:18.718 INFO:journalctl@ceph.mgr.x.smithi028.stdout:May 20 19:52:18 smithi028 ceph-3fbec9b2-16e2-11ef-bc9a-c7b262605968-mgr-x[31410]:
2024-05-20T19:52:18.525+0000 7fb2814f4200 -1 mgr[py] Module snap_schedule has missing NOTIFY_TYPES member
2024-05-20T19:52:18.980 INFO:journalctl@ceph.mgr.x.smithi028.stdout:May 20 19:52:18 smithi028 ceph-3fbec9b2-16e2-11ef-bc9a-c7b262605968-mgr-x[31410]:
2024-05-20T19:52:18.946+0000 7fb2814f4200 -1 mgr[py] Module progress has missing NOTIFY_TYPES member
2024-05-20T19:52:18.981 INFO:journalctl@ceph.mon.a.smithi028.stdout:May 20 19:52:18 smithi028 ceph-mon[31178]: from='client.? 172.21.15.28:0/2362457634' entity='client.admin' cmd='[{"prefix": "mgr module enable", "module": "cephadm"}]': finished
2024-05-20T19:52:18.981 INFO:journalctl@ceph.mon.a.smithi028.stdout:May 20 19:52:18 smithi028 ceph-mon[31178]: mgrmap e5: x(active, since 5s)
2024-05-20T19:52:19.304 INFO:journalctl@ceph.mgr.x.smithi028.stdout:May 20 19:52:19 smithi028 ceph-3fbec9b2-16e2-11ef-bc9a-c7b262605968-mgr-x[31410]:
2024-05-20T19:52:19.066+0000 7fb2814f4200 -1 mgr[py] Module influx has missing NOTIFY_TYPES member
2024-05-20T19:52:20.054 INFO:journalctl@ceph.mon.a.smithi028.stdout:May 20 19:52:19 smithi028 ceph-mon[31178]: from='client.? 172.21.15.28:0/2377923797' entity='client.admin' cmd=[{"prefix": "mgr stat"}]: dispatch
2024-05-20T19:52:20.107 INFO:teuthology.orchestra.run.smithi028.stdout:/usr/bin/ceph: stdout {
2024-05-20T19:52:20.107 INFO:teuthology.orchestra.run.smithi028.stdout:/usr/bin/ceph: stdout "epoch": 5,
2024-05-20T19:52:20.107 INFO:teuthology.orchestra.run.smithi028.stdout:/usr/bin/ceph: stdout "available": true,
2024-05-20T19:52:20.107 INFO:teuthology.orchestra.run.smithi028.stdout:/usr/bin/ceph: stdout "active_name": "x",
2024-05-20T19:52:20.107 INFO:teuthology.orchestra.run.smithi028.stdout:/usr/bin/ceph: stdout "num_standby": 0
2024-05-20T19:52:20.107 INFO:teuthology.orchestra.run.smithi028.stdout:/usr/bin/ceph: stdout }
2024-05-20T19:52:20.107 INFO:teuthology.orchestra.run.smithi028.stdout:/usr/bin/ceph: stderr
2024-05-20T19:52:19.135+0000 7f7016a00700 1 Processor -- start
2024-05-20T19:52:20.107 INFO:teuthology.orchestra.run.smithi028.stdout:/usr/bin/ceph: stderr
2024-05-20T19:52:19.135+0000 7f7016a00700 1 -- start start
2024-05-20T19:52:20.107 INFO:teuthology.orchestra.run.smithi028.stdout:/usr/bin/ceph: stderr
2024-05-20T19:52:19.136+0000 7f7016a00700 1 --2- >> [v2:172.21.15.28:3300/0,v1:172.21.15.28:6789/0] conn(0x7f7010109040 0x7f7010109460 unknown :-1 s=NONE pgs=0 cs=0 l=0 rev1=0 crypto rx=0 tx=0 comp rx=0 tx=0).connect
2024-05-20T19:52:20.107 INFO:teuthology.orchestra.run.smithi028.stdout:/usr/bin/ceph: stderr
2024-05-20T19:52:19.136+0000 7f7016a00700 1 -- --> [v2:172.21.15.28:3300/0,v1:172.21.15.28:6789/0] -- mon_getmap magic: 0 -- 0x7f70101099a0 con 0x7f7010109040
2024-05-20T19:52:20.107 INFO:teuthology.orchestra.run.smithi028.stdout:/usr/bin/ceph: stderr
2024-05-20T19:52:19.136+0000 7f700fe00700 1 --2- >> [v2:172.21.15.28:3300/0,v1:172.21.15.28:6789/0] conn(0x7f7010109040 0x7f7010109460 unknown :-1 s=BANNER_CONNECTING pgs=0 cs=0 l=0 rev1=0 crypto rx=0 tx=0 comp rx=0 tx=0)._handle_peer_banner_payload supported=3 required=0
2024-05-20T19:52:20.108 INFO:teuthology.orchestra.run.smithi028.stdout:/usr/bin/ceph: stderr
2024-05-20T19:52:19.136+0000 7f700fe00700 1 --2- >> [v2:172.21.15.28:3300/0,v1:172.21.15.28:6789/0] conn(0x7f7010109040 0x7f7010109460 unknown :-1 s=HELLO_CONNECTING pgs=0 cs=0 l=0 rev1=1 crypto rx=0 tx=0 comp rx=0 tx=0).handle_hello peer v2:172.21.15.28:3300/0 says I am v2:172.21.15.28:37536/0 (socket says 172.21.15.28:37536)
2024-05-20T19:52:20.108 INFO:teuthology.orchestra.run.smithi028.stdout:/usr/bin/ceph: stderr
2024-05-20T19:52:19.136+0000 7f700fe00700 1 -- 172.21.15.28:0/2281628334 learned_addr learned my addr 172.21.15.28:0/2281628334 (peer_addr_for_me v2:172.21.15.28:0/0)
2024-05-20T19:52:20.108 INFO:teuthology.orchestra.run.smithi028.stdout:/usr/bin/ceph: stderr
2024-05-20T19:52:19.137+0000 7f700fe00700 1 -- 172.21.15.28:0/2281628334 --> [v2:172.21.15.28:3300/0,v1:172.21.15.28:6789/0] -- mon_subscribe({config=0+,monmap=0+}) -- 0x7f7010109b20 con 0x7f7010109040
2024-05-20T19:52:20.108 INFO:teuthology.orchestra.run.smithi028.stdout:/usr/bin/ceph: stderr
2024-05-20T19:52:19.137+0000 7f700fe00700 1 --2- 172.21.15.28:0/2281628334 >> [v2:172.21.15.28:3300/0,v1:172.21.15.28:6789/0] conn(0x7f7010109040 0x7f7010109460 secure :-1 s=READY pgs=26 cs=0 l=1 rev1=1 crypto rx=0x7f70000098a0 tx=0x7f7000009bb0 comp rx=0 tx=0).ready entity=mon.0 client_cookie=a0e0fd3f22a3236c server_cookie=0 in_seq=0 out_seq=0
2024-05-20T19:52:20.108 INFO:teuthology.orchestra.run.smithi028.stdout:/usr/bin/ceph: stderr
2024-05-20T19:52:19.137+0000 7f700ea00700 1 -- 172.21.15.28:0/2281628334 <== mon.0 v2:172.21.15.28:3300/0 1 ==== mon_map magic: 0 ==== 205+0+0 (secure 0 0 0) 0x7f7000004160 con 0x7f7010109040
2024-05-20T19:52:20.108 INFO:teuthology.orchestra.run.smithi028.stdout:/usr/bin/ceph: stderr
2024-05-20T19:52:19.137+0000 7f700ea00700 1 -- 172.21.15.28:0/2281628334 <== mon.0 v2:172.21.15.28:3300/0 2 ==== config(26 keys) ==== 1070+0+0 (secure 0 0 0) 0x7f7000004300 con 0x7f7010109040
