2024-05-20T19:52:29.766+0000 7f061ea00700 1 -- 172.21.15.28:0/4015595368 <== mon.0 v2:172.21.15.28:3300/0 3 ==== mon_map magic: 0 ==== 205+0+0 (secure 0 0 0) 0x7f0610011af0 con 0x7f062010b1d0
2024-05-20T19:52:31.005 INFO:teuthology.orchestra.run.smithi028.stdout:/usr/bin/ceph: stderr
2024-05-20T19:52:29.767+0000 7f0626a00700 1 -- 172.21.15.28:0/4015595368 >> [v2:172.21.15.28:3300/0,v1:172.21.15.28:6789/0] conn(0x7f062010b1d0 msgr2=0x7f062010b5f0 secure :-1 s=STATE_CONNECTION_ESTABLISHED l=1).mark_down
2024-05-20T19:52:31.005 INFO:teuthology.orchestra.run.smithi028.stdout:/usr/bin/ceph: stderr
2024-05-20T19:52:29.767+0000 7f0626a00700 1 --2- 172.21.15.28:0/4015595368 >> [v2:172.21.15.28:3300/0,v1:172.21.15.28:6789/0] conn(0x7f062010b1d0 0x7f062010b5f0 secure :-1 s=READY pgs=37 cs=0 l=1 rev1=1 crypto rx=0x7f06100098a0 tx=0x7f0610009bb0 comp rx=0 tx=0).stop
2024-05-20T19:52:31.006 INFO:teuthology.orchestra.run.smithi028.stdout:/usr/bin/ceph: stderr
2024-05-20T19:52:29.767+0000 7f0626a00700 1 -- 172.21.15.28:0/4015595368 shutdown_connections
2024-05-20T19:52:31.006 INFO:teuthology.orchestra.run.smithi028.stdout:/usr/bin/ceph: stderr
2024-05-20T19:52:29.767+0000 7f0626a00700 1 --2- 172.21.15.28:0/4015595368 >> [v2:172.21.15.28:3300/0,v1:172.21.15.28:6789/0] conn(0x7f062010b1d0 0x7f062010b5f0 unknown :-1 s=CLOSED pgs=37 cs=0 l=1 rev1=1 crypto rx=0 tx=0 comp rx=0 tx=0).stop
2024-05-20T19:52:31.006 INFO:teuthology.orchestra.run.smithi028.stdout:/usr/bin/ceph: stderr
2024-05-20T19:52:29.767+0000 7f0626a00700 1 -- 172.21.15.28:0/4015595368 >> 172.21.15.28:0/4015595368 conn(0x7f062007e6e0 msgr2=0x7f062007eaf0 unknown :-1 s=STATE_NONE l=0).mark_down
2024-05-20T19:52:31.007 INFO:teuthology.orchestra.run.smithi028.stdout:/usr/bin/ceph: stderr
2024-05-20T19:52:29.768+0000 7f0626a00700 1 -- 172.21.15.28:0/4015595368 shutdown_connections
2024-05-20T19:52:31.007 INFO:teuthology.orchestra.run.smithi028.stdout:/usr/bin/ceph: stderr
2024-05-20T19:52:29.768+0000 7f0626a00700 1 -- 172.21.15.28:0/4015595368 wait complete.
2024-05-20T19:52:31.007 INFO:teuthology.orchestra.run.smithi028.stdout:/usr/bin/ceph: stderr
2024-05-20T19:52:29.769+0000 7f0626a00700 1 Processor -- start
2024-05-20T19:52:31.008 INFO:teuthology.orchestra.run.smithi028.stdout:/usr/bin/ceph: stderr
2024-05-20T19:52:29.769+0000 7f0626a00700 1 -- start start
2024-05-20T19:52:31.008 INFO:teuthology.orchestra.run.smithi028.stdout:/usr/bin/ceph: stderr
2024-05-20T19:52:29.769+0000 7f0626a00700 1 --2- >> [v2:172.21.15.28:3300/0,v1:172.21.15.28:6789/0] conn(0x7f062010b1d0 0x7f062019f100 unknown :-1 s=NONE pgs=0 cs=0 l=1 rev1=0 crypto rx=0 tx=0 comp rx=0 tx=0).connect
2024-05-20T19:52:31.008 INFO:teuthology.orchestra.run.smithi028.stdout:/usr/bin/ceph: stderr
2024-05-20T19:52:29.769+0000 7f0626a00700 1 -- --> [v2:172.21.15.28:3300/0,v1:172.21.15.28:6789/0] -- mon_getmap magic: 0 -- 0x7f062010d210 con 0x7f062010b1d0
2024-05-20T19:52:31.009 INFO:teuthology.orchestra.run.smithi028.stdout:/usr/bin/ceph: stderr
2024-05-20T19:52:29.770+0000 7f061fe00700 1 --2- >> [v2:172.21.15.28:3300/0,v1:172.21.15.28:6789/0] conn(0x7f062010b1d0 0x7f062019f100 unknown :-1 s=BANNER_CONNECTING pgs=0 cs=0 l=1 rev1=0 crypto rx=0 tx=0 comp rx=0 tx=0)._handle_peer_banner_payload supported=3 required=0
2024-05-20T19:52:31.009 INFO:teuthology.orchestra.run.smithi028.stdout:/usr/bin/ceph: stderr
2024-05-20T19:52:29.770+0000 7f061fe00700 1 --2- >> [v2:172.21.15.28:3300/0,v1:172.21.15.28:6789/0] conn(0x7f062010b1d0 0x7f062019f100 unknown :-1 s=HELLO_CONNECTING pgs=0 cs=0 l=1 rev1=1 crypto rx=0 tx=0 comp rx=0 tx=0).handle_hello peer v2:172.21.15.28:3300/0 says I am v2:172.21.15.28:48070/0 (socket says 172.21.15.28:48070)
2024-05-20T19:52:31.009 INFO:teuthology.orchestra.run.smithi028.stdout:/usr/bin/ceph: stderr
2024-05-20T19:52:29.770+0000 7f061fe00700 1 -- 172.21.15.28:0/1713005711 learned_addr learned my addr 172.21.15.28:0/1713005711 (peer_addr_for_me v2:172.21.15.28:0/0)
2024-05-20T19:52:31.009 INFO:teuthology.orchestra.run.smithi028.stdout:/usr/bin/ceph: stderr
2024-05-20T19:52:29.770+0000 7f061fe00700 1 -- 172.21.15.28:0/1713005711 --> [v2:172.21.15.28:3300/0,v1:172.21.15.28:6789/0] -- mon_subscribe({config=0+,monmap=0+}) -- 0x7f062019f640 con 0x7f062010b1d0
2024-05-20T19:52:31.009 INFO:teuthology.orchestra.run.smithi028.stdout:/usr/bin/ceph: stderr
2024-05-20T19:52:29.770+0000 7f061fe00700 1 --2- 172.21.15.28:0/1713005711 >> [v2:172.21.15.28:3300/0,v1:172.21.15.28:6789/0] conn(0x7f062010b1d0 0x7f062019f100 secure :-1 s=READY pgs=38 cs=0 l=1 rev1=1 crypto rx=0x7f0610011ac0 tx=0x7f0610011ba0 comp rx=0 tx=0).ready entity=mon.0 client_cookie=0 server_cookie=0 in_seq=0 out_seq=0
2024-05-20T19:52:31.009 INFO:teuthology.orchestra.run.smithi028.stdout:/usr/bin/ceph: stderr
2024-05-20T19:52:29.771+0000 7f061cc00700 1 -- 172.21.15.28:0/1713005711 <== mon.0 v2:172.21.15.28:3300/0 1 ==== mon_map magic: 0 ==== 205+0+0 (secure 0 0 0) 0x7f0610003b20 con 0x7f062010b1d0
2024-05-20T19:52:31.009 INFO:teuthology.orchestra.run.smithi028.stdout:/usr/bin/ceph: stderr
2024-05-20T19:52:29.771+0000 7f061cc00700 1 -- 172.21.15.28:0/1713005711 <== mon.0 v2:172.21.15.28:3300/0 2 ==== config(26 keys) ==== 1070+0+0 (secure 0 0 0) 0x7f061001a8c0 con 0x7f062010b1d0
2024-05-20T19:52:31.009 INFO:teuthology.orchestra.run.smithi028.stdout:/usr/bin/ceph: stderr
2024-05-20T19:52:29.771+0000 7f061cc00700 1 -- 172.21.15.28:0/1713005711 <== mon.0 v2:172.21.15.28:3300/0 3 ==== mon_map magic: 0 ==== 205+0+0 (secure 0 0 0) 0x7f06100248d0 con 0x7f062010b1d0
2024-05-20T19:52:31.009 INFO:teuthology.orchestra.run.smithi028.stdout:/usr/bin/ceph: stderr
2024-05-20T19:52:29.771+0000 7f0626a00700 1 -- 172.21.15.28:0/1713005711 --> [v2:172.21.15.28:3300/0,v1:172.21.15.28:6789/0] -- mon_subscribe({mgrmap=0+}) -- 0x7f062019f8d0 con 0x7f062010b1d0
2024-05-20T19:52:31.009 INFO:teuthology.orchestra.run.smithi028.stdout:/usr/bin/ceph: stderr
2024-05-20T19:52:29.771+0000 7f0626a00700 1 -- 172.21.15.28:0/1713005711 --> [v2:172.21.15.28:3300/0,v1:172.21.15.28:6789/0] -- mon_subscribe({osdmap=0}) -- 0x7f06201a25c0 con 0x7f062010b1d0
2024-05-20T19:52:31.011 INFO:teuthology.orchestra.run.smithi028.stdout:/usr/bin/ceph: stderr
2024-05-20T19:52:29.772+0000 7f061cc00700 1 -- 172.21.15.28:0/1713005711 <== mon.0 v2:172.21.15.28:3300/0 4 ==== mgrmap(e 8) ==== 50222+0+0 (secure 0 0 0) 0x7f0610022020 con 0x7f062010b1d0
2024-05-20T19:52:31.012 INFO:teuthology.orchestra.run.smithi028.stdout:/usr/bin/ceph: stderr
2024-05-20T19:52:29.772+0000 7f0626a00700 1 -- 172.21.15.28:0/1713005711 --> [v2:172.21.15.28:3300/0,v1:172.21.15.28:6789/0] -- mon_command({"prefix": "get_command_descriptions"} v 0) -- 0x7f0620064ba0 con 0x7f062010b1d0
2024-05-20T19:52:31.012 INFO:teuthology.orchestra.run.smithi028.stdout:/usr/bin/ceph: stderr
2024-05-20T19:52:29.773+0000 7f061cc00700 1 --2- 172.21.15.28:0/1713005711 >> [v2:172.21.15.28:6800/811935446,v1:172.21.15.28:6801/811935446] conn(0x7f060403e4c0 0x7f0604040980 unknown :-1 s=NONE pgs=0 cs=0 l=1 rev1=0 crypto rx=0 tx=0 comp rx=0 tx=0).connect
2024-05-20T19:52:31.012 INFO:teuthology.orchestra.run.smithi028.stdout:/usr/bin/ceph: stderr
2024-05-20T19:52:29.773+0000 7f061cc00700 1 -- 172.21.15.28:0/1713005711 <== mon.0 v2:172.21.15.28:3300/0 5 ==== osd_map(2..2 src has 1..2) ==== 940+0+0 (secure 0 0 0) 0x7f0610053810 con 0x7f062010b1d0
2024-05-20T19:52:31.012 INFO:teuthology.orchestra.run.smithi028.stdout:/usr/bin/ceph: stderr
2024-05-20T19:52:29.773+0000 7f061f400700 1 --2- 172.21.15.28:0/1713005711 >> [v2:172.21.15.28:6800/811935446,v1:172.21.15.28:6801/811935446] conn(0x7f060403e4c0 0x7f0604040980 unknown :-1 s=BANNER_CONNECTING pgs=0 cs=0 l=1 rev1=0 crypto rx=0 tx=0 comp rx=0 tx=0)._handle_peer_banner_payload supported=3 required=0
2024-05-20T19:52:31.012 INFO:teuthology.orchestra.run.smithi028.stdout:/usr/bin/ceph: stderr
2024-05-20T19:52:29.774+0000 7f061f400700 1 --2- 172.21.15.28:0/1713005711 >> [v2:172.21.15.28:6800/811935446,v1:172.21.15.28:6801/811935446] conn(0x7f060403e4c0 0x7f0604040980 secure :-1 s=READY pgs=7 cs=0 l=1 rev1=1 crypto rx=0x7f060c006fd0 tx=0x7f060c006e40 comp rx=0 tx=0).ready entity=mgr.14120 client_cookie=0 server_cookie=0 in_seq=0 out_seq=0
2024-05-20T19:52:31.012 INFO:teuthology.orchestra.run.smithi028.stdout:/usr/bin/ceph: stderr
2024-05-20T19:52:29.779+0000 7f061cc00700 1 -- 172.21.15.28:0/1713005711 <== mon.0 v2:172.21.15.28:3300/0 6 ==== mon_command_ack([{"prefix": "get_command_descriptions"}]=0 v0) ==== 72+0+191963 (secure 0 0 0) 0x7f06100172b0 con 0x7f062010b1d0
2024-05-20T19:52:31.012 INFO:teuthology.orchestra.run.smithi028.stdout:/usr/bin/ceph: stderr
2024-05-20T19:52:30.036+0000 7f0626a00700 1 -- 172.21.15.28:0/1713005711 --> [v2:172.21.15.28:6800/811935446,v1:172.21.15.28:6801/811935446] -- mgr_command(tid 0: {"prefix": "orch set backend", "module_name": "cephadm", "target": ["mon-mgr", ""]}) -- 0x7f0620109460 con 0x7f060403e4c0
2024-05-20T19:52:31.012 INFO:teuthology.orchestra.run.smithi028.stdout:/usr/bin/ceph: stderr
2024-05-20T19:52:30.049+0000 7f061cc00700 1 -- 172.21.15.28:0/1713005711 <== mgr.14120 v2:172.21.15.28:6800/811935446 1 ==== mgr_command_reply(tid 0: 0 ) ==== 8+0+0 (secure 0 0 0) 0x7f0620109460 con 0x7f060403e4c0
2024-05-20T19:52:31.012 INFO:teuthology.orchestra.run.smithi028.stdout:/usr/bin/ceph: stderr
2024-05-20T19:52:30.052+0000 7f0626a00700 1 -- 172.21.15.28:0/1713005711 >> [v2:172.21.15.28:6800/811935446,v1:172.21.15.28:6801/811935446] conn(0x7f060403e4c0 msgr2=0x7f0604040980 secure :-1 s=STATE_CONNECTION_ESTABLISHED l=1).mark_down
2024-05-20T19:52:31.012 INFO:teuthology.orchestra.run.smithi028.stdout:/usr/bin/ceph: stderr
2024-05-20T19:52:30.052+0000 7f0626a00700 1 --2- 172.21.15.28:0/1713005711 >> [v2:172.21.15.28:6800/811935446,v1:172.21.15.28:6801/811935446] conn(0x7f060403e4c0 0x7f0604040980 secure :-1 s=READY pgs=7 cs=0 l=1 rev1=1 crypto rx=0x7f060c006fd0 tx=0x7f060c006e40 comp rx=0 tx=0).stop
2024-05-20T19:52:31.012 INFO:teuthology.orchestra.run.smithi028.stdout:/usr/bin/ceph: stderr
2024-05-20T19:52:30.052+0000 7f0626a00700 1 -- 172.21.15.28:0/1713005711 >> [v2:172.21.15.28:3300/0,v1:172.21.15.28:6789/0] conn(0x7f062010b1d0 msgr2=0x7f062019f100 secure :-1 s=STATE_CONNECTION_ESTABLISHED l=1).mark_down
2024-05-20T19:52:31.012 INFO:teuthology.orchestra.run.smithi028.stdout:/usr/bin/ceph: stderr
2024-05-20T19:52:30.052+0000 7f0626a00700 1 --2- 172.21.15.28:0/1713005711 >> [v2:172.21.15.28:3300/0,v1:172.21.15.28:6789/0] conn(0x7f062010b1d0 0x7f062019f100 secure :-1 s=READY pgs=38 cs=0 l=1 rev1=1 crypto rx=0x7f0610011ac0 tx=0x7f0610011ba0 comp rx=0 tx=0).stop
2024-05-20T19:52:31.013 INFO:teuthology.orchestra.run.smithi028.stdout:/usr/bin/ceph: stderr
2024-05-20T19:52:30.052+0000 7f0626a00700 1 -- 172.21.15.28:0/1713005711 shutdown_connections
2024-05-20T19:52:31.013 INFO:teuthology.orchestra.run.smithi028.stdout:/usr/bin/ceph: stderr
2024-05-20T19:52:30.052+0000 7f0626a00700 1 --2- 172.21.15.28:0/1713005711 >> [v2:172.21.15.28:6800/811935446,v1:172.21.15.28:6801/811935446] conn(0x7f060403e4c0 0x7f0604040980 unknown :-1 s=CLOSED pgs=7 cs=0 l=1 rev1=1 crypto rx=0 tx=0 comp rx=0 tx=0).stop
2024-05-20T19:52:31.013 INFO:teuthology.orchestra.run.smithi028.stdout:/usr/bin/ceph: stderr
2024-05-20T19:52:30.052+0000 7f0626a00700 1 --2- 172.21.15.28:0/1713005711 >> [v2:172.21.15.28:3300/0,v1:172.21.15.28:6789/0] conn(0x7f062010b1d0 0x7f062019f100 unknown :-1 s=CLOSED pgs=38 cs=0 l=1 rev1=1 crypto rx=0 tx=0 comp rx=0 tx=0).stop
2024-05-20T19:52:31.013 INFO:teuthology.orchestra.run.smithi028.stdout:/usr/bin/ceph: stderr
2024-05-20T19:52:30.052+0000 7f0626a00700 1 -- 172.21.15.28:0/1713005711 >> 172.21.15.28:0/1713005711 conn(0x7f062007e6e0 msgr2=0x7f0620108d50 unknown :-1 s=STATE_NONE l=0).mark_down
2024-05-20T19:52:31.013 INFO:teuthology.orchestra.run.smithi028.stdout:/usr/bin/ceph: stderr
2024-05-20T19:52:30.053+0000 7f0626a00700 1 -- 172.21.15.28:0/1713005711 shutdown_connections
2024-05-20T19:52:31.013 INFO:teuthology.orchestra.run.smithi028.stdout:/usr/bin/ceph: stderr
2024-05-20T19:52:30.053+0000 7f0626a00700 1 -- 172.21.15.28:0/1713005711 wait complete.
2024-05-20T19:52:31.572 INFO:journalctl@ceph.mon.a.smithi028.stdout:May 20 19:52:31 smithi028 ceph-mon[31178]: from='client.14132 -' entity='client.admin' cmd=[{"prefix": "orch set backend", "module_name": "cephadm", "target": ["mon-mgr", ""]}]: dispatch
2024-05-20T19:52:32.534 INFO:journalctl@ceph.mon.a.smithi028.stdout:May 20 19:52:32 smithi028 ceph-mon[31178]: from='client.14134 -' entity='client.admin' cmd=[{"prefix": "cephadm set-user", "user": "root", "target": ["mon-mgr", ""]}]: dispatch
2024-05-20T19:52:32.550 INFO:teuthology.orchestra.run.smithi028.stdout:/usr/bin/ceph: stdout value unchanged
2024-05-20T19:52:32.550 INFO:teuthology.orchestra.run.smithi028.stdout:/usr/bin/ceph: stderr
2024-05-20T19:52:31.641+0000 7fe79d800700 1 Processor -- start
2024-05-20T19:52:32.550 INFO:teuthology.orchestra.run.smithi028.stdout:/usr/bin/ceph: stderr
2024-05-20T19:52:31.642+0000 7fe79d800700 1 -- start start
2024-05-20T19:52:32.550 INFO:teuthology.orchestra.run.smithi028.stdout:/usr/bin/ceph: stderr
2024-05-20T19:52:31.642+0000 7fe79d800700 1 --2- >> [v2:172.21.15.28:3300/0,v1:172.21.15.28:6789/0] conn(0x7fe79810b0d0 0x7fe79810b4f0 unknown :-1 s=NONE pgs=0 cs=0 l=0 rev1=0 crypto rx=0 tx=0 comp rx=0 tx=0).connect
2024-05-20T19:52:32.550 INFO:teuthology.orchestra.run.smithi028.stdout:/usr/bin/ceph: stderr
2024-05-20T19:52:31.642+0000 7fe79d800700 1 -- --> [v2:172.21.15.28:3300/0,v1:172.21.15.28:6789/0] -- mon_getmap magic: 0 -- 0x7fe79810bac0 con 0x7fe79810b0d0
2024-05-20T19:52:32.550 INFO:teuthology.orchestra.run.smithi028.stdout:/usr/bin/ceph: stderr
2024-05-20T19:52:31.642+0000 7fe797e00700 1 --2- >> [v2:172.21.15.28:3300/0,v1:172.21.15.28:6789/0] conn(0x7fe79810b0d0 0x7fe79810b4f0 unknown :-1 s=BANNER_CONNECTING pgs=0 cs=0 l=0 rev1=0 crypto rx=0 tx=0 comp rx=0 tx=0)._handle_peer_banner_payload supported=3 required=0
2024-05-20T19:52:32.550 INFO:teuthology.orchestra.run.smithi028.stdout:/usr/bin/ceph: stderr
2024-05-20T19:52:31.643+0000 7fe797e00700 1 --2- >> [v2:172.21.15.28:3300/0,v1:172.21.15.28:6789/0] conn(0x7fe79810b0d0 0x7fe79810b4f0 unknown :-1 s=HELLO_CONNECTING pgs=0 cs=0 l=0 rev1=1 crypto rx=0 tx=0 comp rx=0 tx=0).handle_hello peer v2:172.21.15.28:3300/0 says I am v2:172.21.15.28:48084/0 (socket says 172.21.15.28:48084)
2024-05-20T19:52:32.550 INFO:teuthology.orchestra.run.smithi028.stdout:/usr/bin/ceph: stderr
2024-05-20T19:52:31.643+0000 7fe797e00700 1 -- 172.21.15.28:0/2630466121 learned_addr learned my addr 172.21.15.28:0/2630466121 (peer_addr_for_me v2:172.21.15.28:0/0)
2024-05-20T19:52:32.550 INFO:teuthology.orchestra.run.smithi028.stdout:/usr/bin/ceph: stderr
2024-05-20T19:52:31.643+0000 7fe797e00700 1 -- 172.21.15.28:0/2630466121 --> [v2:172.21.15.28:3300/0,v1:172.21.15.28:6789/0] -- mon_subscribe({config=0+,monmap=0+}) -- 0x7fe79810c210 con 0x7fe79810b0d0
2024-05-20T19:52:32.550 INFO:teuthology.orchestra.run.smithi028.stdout:/usr/bin/ceph: stderr
2024-05-20T19:52:31.643+0000 7fe797e00700 1 --2- 172.21.15.28:0/2630466121 >> [v2:172.21.15.28:3300/0,v1:172.21.15.28:6789/0] conn(0x7fe79810b0d0 0x7fe79810b4f0 secure :-1 s=READY pgs=39 cs=0 l=1 rev1=1 crypto rx=0x7fe7880098a0 tx=0x7fe788009bb0 comp rx=0 tx=0).ready entity=mon.0 client_cookie=d1814db0ba256f8e server_cookie=0 in_seq=0 out_seq=0
2024-05-20T19:52:32.551 INFO:teuthology.orchestra.run.smithi028.stdout:/usr/bin/ceph: stderr
2024-05-20T19:52:31.644+0000 7fe796a00700 1 -- 172.21.15.28:0/2630466121 <== mon.0 v2:172.21.15.28:3300/0 1 ==== mon_map magic: 0 ==== 205+0+0 (secure 0 0 0) 0x7fe788004160 con 0x7fe79810b0d0
2024-05-20T19:52:32.551 INFO:teuthology.orchestra.run.smithi028.stdout:/usr/bin/ceph: stderr
2024-05-20T19:52:31.644+0000 7fe796a00700 1 -- 172.21.15.28:0/2630466121 <== mon.0 v2:172.21.15.28:3300/0 2 ==== config(26 keys) ==== 1070+0+0 (secure 0 0 0) 0x7fe788004300 con 0x7fe79810b0d0
2024-05-20T19:52:32.551 INFO:teuthology.orchestra.run.smithi028.stdout:/usr/bin/ceph: stderr
2024-05-20T19:52:31.644+0000 7fe796a00700 1 -- 172.21.15.28:0/2630466121 <== mon.0 v2:172.21.15.28:3300/0 3 ==== mon_map magic: 0 ==== 205+0+0 (secure 0 0 0) 0x7fe788011af0 con 0x7fe79810b0d0
2024-05-20T19:52:32.551 INFO:teuthology.orchestra.run.smithi028.stdout:/usr/bin/ceph: stderr
2024-05-20T19:52:31.644+0000 7fe79d800700 1 -- 172.21.15.28:0/2630466121 >> [v2:172.21.15.28:3300/0,v1:172.21.15.28:6789/0] conn(0x7fe79810b0d0 msgr2=0x7fe79810b4f0 secure :-1 s=STATE_CONNECTION_ESTABLISHED l=1).mark_down
2024-05-20T19:52:32.551 INFO:teuthology.orchestra.run.smithi028.stdout:/usr/bin/ceph: stderr
2024-05-20T19:52:31.644+0000 7fe79d800700 1 --2- 172.21.15.28:0/2630466121 >> [v2:172.21.15.28:3300/0,v1:172.21.15.28:6789/0] conn(0x7fe79810b0d0 0x7fe79810b4f0 secure :-1 s=READY pgs=39 cs=0 l=1 rev1=1 crypto rx=0x7fe7880098a0 tx=0x7fe788009bb0 comp rx=0 tx=0).stop
2024-05-20T19:52:32.551 INFO:teuthology.orchestra.run.smithi028.stdout:/usr/bin/ceph: stderr
2024-05-20T19:52:31.645+0000 7fe79d800700 1 -- 172.21.15.28:0/2630466121 shutdown_connections
2024-05-20T19:52:32.551 INFO:teuthology.orchestra.run.smithi028.stdout:/usr/bin/ceph: stderr
2024-05-20T19:52:31.645+0000 7fe79d800700 1 --2- 172.21.15.28:0/2630466121 >> [v2:172.21.15.28:3300/0,v1:172.21.15.28:6789/0] conn(0x7fe79810b0d0 0x7fe79810b4f0 unknown :-1 s=CLOSED pgs=39 cs=0 l=1 rev1=1 crypto rx=0 tx=0 comp rx=0 tx=0).stop
2024-05-20T19:52:32.551 INFO:teuthology.orchestra.run.smithi028.stdout:/usr/bin/ceph: stderr
2024-05-20T19:52:31.645+0000 7fe79d800700 1 -- 172.21.15.28:0/2630466121 >> 172.21.15.28:0/2630466121 conn(0x7fe79807e410 msgr2=0x7fe79807e840 unknown :-1 s=STATE_NONE l=0).mark_down
2024-05-20T19:52:32.551 INFO:teuthology.orchestra.run.smithi028.stdout:/usr/bin/ceph: stderr
2024-05-20T19:52:31.645+0000 7fe79d800700 1 -- 172.21.15.28:0/2630466121 shutdown_connections
2024-05-20T19:52:32.551 INFO:teuthology.orchestra.run.smithi028.stdout:/usr/bin/ceph: stderr
2024-05-20T19:52:31.645+0000 7fe79d800700 1 -- 172.21.15.28:0/2630466121 wait complete.
2024-05-20T19:52:32.551 INFO:teuthology.orchestra.run.smithi028.stdout:/usr/bin/ceph: stderr
2024-05-20T19:52:31.646+0000 7fe79d800700 1 Processor -- start
2024-05-20T19:52:32.551 INFO:teuthology.orchestra.run.smithi028.stdout:/usr/bin/ceph: stderr
2024-05-20T19:52:31.646+0000 7fe79d800700 1 -- start start
2024-05-20T19:52:32.552 INFO:teuthology.orchestra.run.smithi028.stdout:/usr/bin/ceph: stderr
2024-05-20T19:52:31.646+0000 7fe79d800700 1 --2- >> [v2:172.21.15.28:3300/0,v1:172.21.15.28:6789/0] conn(0x7fe79810b0d0 0x7fe79819eef0 unknown :-1 s=NONE pgs=0 cs=0 l=1 rev1=0 crypto rx=0 tx=0 comp rx=0 tx=0).connect
2024-05-20T19:52:32.552 INFO:teuthology.orchestra.run.smithi028.stdout:/usr/bin/ceph: stderr
2024-05-20T19:52:31.646+0000 7fe79d800700 1 -- --> [v2:172.21.15.28:3300/0,v1:172.21.15.28:6789/0] -- mon_getmap magic: 0 -- 0x7fe79810f5c0 con 0x7fe79810b0d0
2024-05-20T19:52:32.552 INFO:teuthology.orchestra.run.smithi028.stdout:/usr/bin/ceph: stderr
2024-05-20T19:52:31.646+0000 7fe797e00700 1 --2- >> [v2:172.21.15.28:3300/0,v1:172.21.15.28:6789/0] conn(0x7fe79810b0d0 0x7fe79819eef0 unknown :-1 s=BANNER_CONNECTING pgs=0 cs=0 l=1 rev1=0 crypto rx=0 tx=0 comp rx=0 tx=0)._handle_peer_banner_payload supported=3 required=0
2024-05-20T19:52:32.552 INFO:teuthology.orchestra.run.smithi028.stdout:/usr/bin/ceph: stderr
2024-05-20T19:52:31.646+0000 7fe797e00700 1 --2- >> [v2:172.21.15.28:3300/0,v1:172.21.15.28:6789/0] conn(0x7fe79810b0d0 0x7fe79819eef0 unknown :-1 s=HELLO_CONNECTING pgs=0 cs=0 l=1 rev1=1 crypto rx=0 tx=0 comp rx=0 tx=0).handle_hello peer v2:172.21.15.28:3300/0 says I am v2:172.21.15.28:48092/0 (socket says 172.21.15.28:48092)
2024-05-20T19:52:32.552 INFO:teuthology.orchestra.run.smithi028.stdout:/usr/bin/ceph: stderr
2024-05-20T19:52:31.646+0000 7fe797e00700 1 -- 172.21.15.28:0/1700032038 learned_addr learned my addr 172.21.15.28:0/1700032038 (peer_addr_for_me v2:172.21.15.28:0/0)
2024-05-20T19:52:32.552 INFO:teuthology.orchestra.run.smithi028.stdout:/usr/bin/ceph: stderr
2024-05-20T19:52:31.647+0000 7fe797e00700 1 -- 172.21.15.28:0/1700032038 --> [v2:172.21.15.28:3300/0,v1:172.21.15.28:6789/0] -- mon_subscribe({config=0+,monmap=0+}) -- 0x7fe79819f430 con 0x7fe79810b0d0
2024-05-20T19:52:32.552 INFO:teuthology.orchestra.run.smithi028.stdout:/usr/bin/ceph: stderr
2024-05-20T19:52:31.647+0000 7fe797e00700 1 --2- 172.21.15.28:0/1700032038 >> [v2:172.21.15.28:3300/0,v1:172.21.15.28:6789/0] conn(0x7fe79810b0d0 0x7fe79819eef0 secure :-1 s=READY pgs=40 cs=0 l=1 rev1=1 crypto rx=0x7fe788011ac0 tx=0x7fe788011ba0 comp rx=0 tx=0).ready entity=mon.0 client_cookie=0 server_cookie=0 in_seq=0 out_seq=0
2024-05-20T19:52:32.552 INFO:teuthology.orchestra.run.smithi028.stdout:/usr/bin/ceph: stderr
2024-05-20T19:52:31.647+0000 7fe794c00700 1 -- 172.21.15.28:0/1700032038 <== mon.0 v2:172.21.15.28:3300/0 1 ==== mon_map magic: 0 ==== 205+0+0 (secure 0 0 0) 0x7fe788003b20 con 0x7fe79810b0d0
2024-05-20T19:52:32.552 INFO:teuthology.orchestra.run.smithi028.stdout:/usr/bin/ceph: stderr
2024-05-20T19:52:31.647+0000 7fe794c00700 1 -- 172.21.15.28:0/1700032038 <== mon.0 v2:172.21.15.28:3300/0 2 ==== config(26 keys) ==== 1070+0+0 (secure 0 0 0) 0x7fe78801a8c0 con 0x7fe79810b0d0
2024-05-20T19:52:32.552 INFO:teuthology.orchestra.run.smithi028.stdout:/usr/bin/ceph: stderr
2024-05-20T19:52:31.647+0000 7fe794c00700 1 -- 172.21.15.28:0/1700032038 <== mon.0 v2:172.21.15.28:3300/0 3 ==== mon_map magic: 0 ==== 205+0+0 (secure 0 0 0) 0x7fe7880248d0 con 0x7fe79810b0d0
2024-05-20T19:52:32.552 INFO:teuthology.orchestra.run.smithi028.stdout:/usr/bin/ceph: stderr
2024-05-20T19:52:31.648+0000 7fe79d800700 1 -- 172.21.15.28:0/1700032038 --> [v2:172.21.15.28:3300/0,v1:172.21.15.28:6789/0] -- mon_subscribe({mgrmap=0+}) -- 0x7fe79819f6c0 con 0x7fe79810b0d0
2024-05-20T19:52:32.552 INFO:teuthology.orchestra.run.smithi028.stdout:/usr/bin/ceph: stderr
2024-05-20T19:52:31.648+0000 7fe79d800700 1 -- 172.21.15.28:0/1700032038 --> [v2:172.21.15.28:3300/0,v1:172.21.15.28:6789/0] -- mon_subscribe({osdmap=0}) -- 0x7fe7981a23b0 con 0x7fe79810b0d0
2024-05-20T19:52:32.552 INFO:teuthology.orchestra.run.smithi028.stdout:/usr/bin/ceph: stderr
2024-05-20T19:52:31.649+0000 7fe794c00700 1 -- 172.21.15.28:0/1700032038 <== mon.0 v2:172.21.15.28:3300/0 4 ==== mgrmap(e 8) ==== 50222+0+0 (secure 0 0 0) 0x7fe788022020 con 0x7fe79810b0d0
2024-05-20T19:52:32.553 INFO:teuthology.orchestra.run.smithi028.stdout:/usr/bin/ceph: stderr
2024-05-20T19:52:31.649+0000 7fe79d800700 1 -- 172.21.15.28:0/1700032038 --> [v2:172.21.15.28:3300/0,v1:172.21.15.28:6789/0] -- mon_command({"prefix": "get_command_descriptions"} v 0) -- 0x7fe79806a670 con 0x7fe79810b0d0
2024-05-20T19:52:32.553 INFO:teuthology.orchestra.run.smithi028.stdout:/usr/bin/ceph: stderr
2024-05-20T19:52:31.649+0000 7fe794c00700 1 --2- 172.21.15.28:0/1700032038 >> [v2:172.21.15.28:6800/811935446,v1:172.21.15.28:6801/811935446] conn(0x7fe77c03e4c0 0x7fe77c040980 unknown :-1 s=NONE pgs=0 cs=0 l=1 rev1=0 crypto rx=0 tx=0 comp rx=0 tx=0).connect
2024-05-20T19:52:32.553 INFO:teuthology.orchestra.run.smithi028.stdout:/usr/bin/ceph: stderr
2024-05-20T19:52:31.649+0000 7fe794c00700 1 -- 172.21.15.28:0/1700032038 <== mon.0 v2:172.21.15.28:3300/0 5 ==== osd_map(2..2 src has 1..2) ==== 940+0+0 (secure 0 0 0) 0x7fe7880538e0 con 0x7fe79810b0d0
2024-05-20T19:52:32.553 INFO:teuthology.orchestra.run.smithi028.stdout:/usr/bin/ceph: stderr
2024-05-20T19:52:31.650+0000 7fe797400700 1 --2- 172.21.15.28:0/1700032038 >> [v2:172.21.15.28:6800/811935446,v1:172.21.15.28:6801/811935446] conn(0x7fe77c03e4c0 0x7fe77c040980 unknown :-1 s=BANNER_CONNECTING pgs=0 cs=0 l=1 rev1=0 crypto rx=0 tx=0 comp rx=0 tx=0)._handle_peer_banner_payload supported=3 required=0
2024-05-20T19:52:32.553 INFO:teuthology.orchestra.run.smithi028.stdout:/usr/bin/ceph: stderr
2024-05-20T19:52:31.650+0000 7fe797400700 1 --2- 172.21.15.28:0/1700032038 >> [v2:172.21.15.28:6800/811935446,v1:172.21.15.28:6801/811935446] conn(0x7fe77c03e4c0 0x7fe77c040980 secure :-1 s=READY pgs=8 cs=0 l=1 rev1=1 crypto rx=0x7fe784006fd0 tx=0x7fe784006e40 comp rx=0 tx=0).ready entity=mgr.14120 client_cookie=0 server_cookie=0 in_seq=0 out_seq=0
2024-05-20T19:52:32.553 INFO:teuthology.orchestra.run.smithi028.stdout:/usr/bin/ceph: stderr
2024-05-20T19:52:31.656+0000 7fe794c00700 1 -- 172.21.15.28:0/1700032038 <== mon.0 v2:172.21.15.28:3300/0 6 ==== mon_command_ack([{"prefix": "get_command_descriptions"}]=0 v0) ==== 72+0+191963 (secure 0 0 0) 0x7fe7880172b0 con 0x7fe79810b0d0
2024-05-20T19:52:32.553 INFO:teuthology.orchestra.run.smithi028.stdout:/usr/bin/ceph: stderr
2024-05-20T19:52:31.895+0000 7fe79d800700 1 -- 172.21.15.28:0/1700032038 --> [v2:172.21.15.28:6800/811935446,v1:172.21.15.28:6801/811935446] -- mgr_command(tid 0: {"prefix": "cephadm set-user", "user": "root", "target": ["mon-mgr", ""]}) -- 0x7fe798109390 con 0x7fe77c03e4c0
2024-05-20T19:52:32.553 INFO:teuthology.orchestra.run.smithi028.stdout:/usr/bin/ceph: stderr
2024-05-20T19:52:31.897+0000 7fe794c00700 1 -- 172.21.15.28:0/1700032038 <== mgr.14120 v2:172.21.15.28:6800/811935446 1 ==== mgr_command_reply(tid 0: 0 ) ==== 8+0+16 (secure 0 0 0) 0x7fe798109390 con 0x7fe77c03e4c0
2024-05-20T19:52:32.553 INFO:teuthology.orchestra.run.smithi028.stdout:/usr/bin/ceph: stderr
2024-05-20T19:52:31.900+0000 7fe79d800700 1 -- 172.21.15.28:0/1700032038 >> [v2:172.21.15.28:6800/811935446,v1:172.21.15.28:6801/811935446] conn(0x7fe77c03e4c0 msgr2=0x7fe77c040980 secure :-1 s=STATE_CONNECTION_ESTABLISHED l=1).mark_down
2024-05-20T19:52:32.553 INFO:teuthology.orchestra.run.smithi028.stdout:/usr/bin/ceph: stderr
2024-05-20T19:52:31.900+0000 7fe79d800700 1 --2- 172.21.15.28:0/1700032038 >> [v2:172.21.15.28:6800/811935446,v1:172.21.15.28:6801/811935446] conn(0x7fe77c03e4c0 0x7fe77c040980 secure :-1 s=READY pgs=8 cs=0 l=1 rev1=1 crypto rx=0x7fe784006fd0 tx=0x7fe784006e40 comp rx=0 tx=0).stop
2024-05-20T19:52:32.553 INFO:teuthology.orchestra.run.smithi028.stdout:/usr/bin/ceph: stderr
2024-05-20T19:52:31.900+0000 7fe79d800700 1 -- 172.21.15.28:0/1700032038 >> [v2:172.21.15.28:3300/0,v1:172.21.15.28:6789/0] conn(0x7fe79810b0d0 msgr2=0x7fe79819eef0 secure :-1 s=STATE_CONNECTION_ESTABLISHED l=1).mark_down
2024-05-20T19:52:32.553 INFO:teuthology.orchestra.run.smithi028.stdout:/usr/bin/ceph: stderr
2024-05-20T19:52:31.900+0000 7fe79d800700 1 --2- 172.21.15.28:0/1700032038 >> [v2:172.21.15.28:3300/0,v1:172.21.15.28:6789/0] conn(0x7fe79810b0d0 0x7fe79819eef0 secure :-1 s=READY pgs=40 cs=0 l=1 rev1=1 crypto rx=0x7fe788011ac0 tx=0x7fe788011ba0 comp rx=0 tx=0).stop
2024-05-20T19:52:32.553 INFO:teuthology.orchestra.run.smithi028.stdout:/usr/bin/ceph: stderr
2024-05-20T19:52:31.900+0000 7fe79d800700 1 -- 172.21.15.28:0/1700032038 shutdown_connections
2024-05-20T19:52:32.554 INFO:teuthology.orchestra.run.smithi028.stdout:/usr/bin/ceph: stderr
2024-05-20T19:52:31.900+0000 7fe79d800700 1 --2- 172.21.15.28:0/1700032038 >> [v2:172.21.15.28:6800/811935446,v1:172.21.15.28:6801/811935446] conn(0x7fe77c03e4c0 0x7fe77c040980 unknown :-1 s=CLOSED pgs=8 cs=0 l=1 rev1=1 crypto rx=0 tx=0 comp rx=0 tx=0).stop
2024-05-20T19:52:32.554 INFO:teuthology.orchestra.run.smithi028.stdout:/usr/bin/ceph: stderr
2024-05-20T19:52:31.900+0000 7fe79d800700 1 --2- 172.21.15.28:0/1700032038 >> [v2:172.21.15.28:3300/0,v1:172.21.15.28:6789/0] conn(0x7fe79810b0d0 0x7fe79819eef0 unknown :-1 s=CLOSED pgs=40 cs=0 l=1 rev1=1 crypto rx=0 tx=0 comp rx=0 tx=0).stop
2024-05-20T19:52:32.554 INFO:teuthology.orchestra.run.smithi028.stdout:/usr/bin/ceph: stderr
2024-05-20T19:52:31.900+0000 7fe79d800700 1 -- 172.21.15.28:0/1700032038 >> 172.21.15.28:0/1700032038 conn(0x7fe79807e410 msgr2=0x7fe798108c80 unknown :-1 s=STATE_NONE l=0).mark_down
2024-05-20T19:52:32.554 INFO:teuthology.orchestra.run.smithi028.stdout:/usr/bin/ceph: stderr
2024-05-20T19:52:31.901+0000 7fe79d800700 1 -- 172.21.15.28:0/1700032038 shutdown_connections
2024-05-20T19:52:32.554 INFO:teuthology.orchestra.run.smithi028.stdout:/usr/bin/ceph: stderr
2024-05-20T19:52:31.901+0000 7fe79d800700 1 -- 172.21.15.28:0/1700032038 wait complete.
2024-05-20T19:52:32.554 INFO:teuthology.orchestra.run.smithi028.stdout:Generating ssh key...
2024-05-20T19:52:34.056 INFO:journalctl@ceph.mgr.x.smithi028.stdout:May 20 19:52:33 smithi028 ceph-3fbec9b2-16e2-11ef-bc9a-c7b262605968-mgr-x[31410]: Generating public/private rsa key pair.
2024-05-20T19:52:34.057 INFO:journalctl@ceph.mgr.x.smithi028.stdout:May 20 19:52:33 smithi028 ceph-3fbec9b2-16e2-11ef-bc9a-c7b262605968-mgr-x[31410]: Your identification has been saved in /tmp/tmpa9wahw_a/key.
2024-05-20T19:52:34.057 INFO:journalctl@ceph.mgr.x.smithi028.stdout:May 20 19:52:33 smithi028 ceph-3fbec9b2-16e2-11ef-bc9a-c7b262605968-mgr-x[31410]: Your public key has been saved in /tmp/tmpa9wahw_a/key.pub.
2024-05-20T19:52:34.057 INFO:journalctl@ceph.mgr.x.smithi028.stdout:May 20 19:52:33 smithi028 ceph-3fbec9b2-16e2-11ef-bc9a-c7b262605968-mgr-x[31410]: The key fingerprint is:
2024-05-20T19:52:34.057 INFO:journalctl@ceph.mgr.x.smithi028.stdout:May 20 19:52:33 smithi028 ceph-3fbec9b2-16e2-11ef-bc9a-c7b262605968-mgr-x[31410]: SHA256:h8z0a2J4wacuneTAJckGzv0xyLvkHp4mLxsNHfkKI7g ceph-3fbec9b2-16e2-11ef-bc9a-c7b262605968
2024-05-20T19:52:34.057 INFO:journalctl@ceph.mgr.x.smithi028.stdout:May 20 19:52:33 smithi028 ceph-3fbec9b2-16e2-11ef-bc9a-c7b262605968-mgr-x[31410]: The key's randomart image is:
2024-05-20T19:52:34.057 INFO:journalctl@ceph.mgr.x.smithi028.stdout:May 20 19:52:33 smithi028 ceph-3fbec9b2-16e2-11ef-bc9a-c7b262605968-mgr-x[31410]: +---[RSA 3072]----+
2024-05-20T19:52:34.057 INFO:journalctl@ceph.mgr.x.smithi028.stdout:May 20 19:52:33 smithi028 ceph-3fbec9b2-16e2-11ef-bc9a-c7b262605968-mgr-x[31410]: | |
2024-05-20T19:52:34.057 INFO:journalctl@ceph.mgr.x.smithi028.stdout:May 20 19:52:33 smithi028 ceph-3fbec9b2-16e2-11ef-bc9a-c7b262605968-mgr-x[31410]: | . . |
2024-05-20T19:52:34.057 INFO:journalctl@ceph.mgr.x.smithi028.stdout:May 20 19:52:33 smithi028 ceph-3fbec9b2-16e2-11ef-bc9a-c7b262605968-mgr-x[31410]: | o =oo. |
2024-05-20T19:52:34.057 INFO:journalctl@ceph.mgr.x.smithi028.stdout:May 20 19:52:33 smithi028 ceph-3fbec9b2-16e2-11ef-bc9a-c7b262605968-mgr-x[31410]: | . o.OB+o |
2024-05-20T19:52:34.057 INFO:journalctl@ceph.mgr.x.smithi028.stdout:May 20 19:52:33 smithi028 ceph-3fbec9b2-16e2-11ef-bc9a-c7b262605968-mgr-x[31410]: |. . +o.=So+ |
2024-05-20T19:52:34.058 INFO:journalctl@ceph.mgr.x.smithi028.stdout:May 20 19:52:33 smithi028 ceph-3fbec9b2-16e2-11ef-bc9a-c7b262605968-mgr-x[31410]: | . . ==oo= . |
2024-05-20T19:52:34.058 INFO:journalctl@ceph.mgr.x.smithi028.stdout:May 20 19:52:33 smithi028 ceph-3fbec9b2-16e2-11ef-bc9a-c7b262605968-mgr-x[31410]: |E .o=*=.o |
2024-05-20T19:52:34.058 INFO:journalctl@ceph.mgr.x.smithi028.stdout:May 20 19:52:33 smithi028 ceph-3fbec9b2-16e2-11ef-bc9a-c7b262605968-mgr-x[31410]: | oo=*+o |
2024-05-20T19:52:34.058 INFO:journalctl@ceph.mgr.x.smithi028.stdout:May 20 19:52:33 smithi028 ceph-3fbec9b2-16e2-11ef-bc9a-c7b262605968-mgr-x[31410]: | .B=.. |
2024-05-20T19:52:34.058 INFO:journalctl@ceph.mgr.x.smithi028.stdout:May 20 19:52:33 smithi028 ceph-3fbec9b2-16e2-11ef-bc9a-c7b262605968-mgr-x[31410]: +----[SHA256]-----+
2024-05-20T19:52:34.528 INFO:teuthology.orchestra.run.smithi028.stdout:/usr/bin/ceph: stderr
2024-05-20T19:52:33.198+0000 7f787c000700 1 Processor -- start
2024-05-20T19:52:34.529 INFO:teuthology.orchestra.run.smithi028.stdout:/usr/bin/ceph: stderr
2024-05-20T19:52:33.198+0000 7f787c000700 1 -- start start
2024-05-20T19:52:34.529 INFO:teuthology.orchestra.run.smithi028.stdout:/usr/bin/ceph: stderr
2024-05-20T19:52:33.199+0000 7f787c000700 1 --2- >> [v2:172.21.15.28:3300/0,v1:172.21.15.28:6789/0] conn(0x7f787410b210 0x7f787410b630 unknown :-1 s=NONE pgs=0 cs=0 l=0 rev1=0 crypto rx=0 tx=0 comp rx=0 tx=0).connect
2024-05-20T19:52:34.529 INFO:teuthology.orchestra.run.smithi028.stdout:/usr/bin/ceph: stderr
2024-05-20T19:52:33.199+0000 7f787c000700 1 -- --> [v2:172.21.15.28:3300/0,v1:172.21.15.28:6789/0] -- mon_getmap magic: 0 -- 0x7f787410bc00 con 0x7f787410b210
2024-05-20T19:52:34.529 INFO:teuthology.orchestra.run.smithi028.stdout:/usr/bin/ceph: stderr
2024-05-20T19:52:33.199+0000 7f7879600700 1 --2- >> [v2:172.21.15.28:3300/0,v1:172.21.15.28:6789/0] conn(0x7f787410b210 0x7f787410b630 unknown :-1 s=BANNER_CONNECTING pgs=0 cs=0 l=0 rev1=0 crypto rx=0 tx=0 comp rx=0 tx=0)._handle_peer_banner_payload supported=3 required=0
2024-05-20T19:52:34.529 INFO:teuthology.orchestra.run.smithi028.stdout:/usr/bin/ceph: stderr
2024-05-20T19:52:33.199+0000 7f7879600700 1 --2- >> [v2:172.21.15.28:3300/0,v1:172.21.15.28:6789/0] conn(0x7f787410b210 0x7f787410b630 unknown :-1 s=HELLO_CONNECTING pgs=0 cs=0 l=0 rev1=1 crypto rx=0 tx=0 comp rx=0 tx=0).handle_hello peer v2:172.21.15.28:3300/0 says I am v2:172.21.15.28:48102/0 (socket says 172.21.15.28:48102)
2024-05-20T19:52:34.529 INFO:teuthology.orchestra.run.smithi028.stdout:/usr/bin/ceph: stderr
2024-05-20T19:52:33.199+0000 7f7879600700 1 -- 172.21.15.28:0/1102957963 learned_addr learned my addr 172.21.15.28:0/1102957963 (peer_addr_for_me v2:172.21.15.28:0/0)
2024-05-20T19:52:34.529 INFO:teuthology.orchestra.run.smithi028.stdout:/usr/bin/ceph: stderr
2024-05-20T19:52:33.200+0000 7f7879600700 1 -- 172.21.15.28:0/1102957963 --> [v2:172.21.15.28:3300/0,v1:172.21.15.28:6789/0] -- mon_subscribe({config=0+,monmap=0+}) -- 0x7f787410c410 con 0x7f787410b210
2024-05-20T19:52:34.533 INFO:teuthology.orchestra.run.smithi028.stdout:/usr/bin/ceph: stderr
2024-05-20T19:52:33.200+0000 7f7879600700 1 --2- 172.21.15.28:0/1102957963 >> [v2:172.21.15.28:3300/0,v1:172.21.15.28:6789/0] conn(0x7f787410b210 0x7f787410b630 secure :-1 s=READY pgs=41 cs=0 l=1 rev1=1 crypto rx=0x7f78680098a0 tx=0x7f7868009bb0 comp rx=0 tx=0).ready entity=mon.0 client_cookie=48e0c3a315164778 server_cookie=0 in_seq=0 out_seq=0
2024-05-20T19:52:34.533 INFO:teuthology.orchestra.run.smithi028.stdout:/usr/bin/ceph: stderr
2024-05-20T19:52:33.200+0000 7f7873e00700 1 -- 172.21.15.28:0/1102957963 <== mon.0 v2:172.21.15.28:3300/0 1 ==== mon_map magic: 0 ==== 205+0+0 (secure 0 0 0) 0x7f7868004160 con 0x7f787410b210
2024-05-20T19:52:34.533 INFO:teuthology.orchestra.run.smithi028.stdout:/usr/bin/ceph: stderr
2024-05-20T19:52:33.200+0000 7f7873e00700 1 -- 172.21.15.28:0/1102957963 <== mon.0 v2:172.21.15.28:3300/0 2 ==== config(26 keys) ==== 1070+0+0 (secure 0 0 0) 0x7f7868004300 con 0x7f787410b210
2024-05-20T19:52:34.533 INFO:teuthology.orchestra.run.smithi028.stdout:/usr/bin/ceph: stderr
2024-05-20T19:52:33.200+0000 7f7873e00700 1 -- 172.21.15.28:0/1102957963 <== mon.0 v2:172.21.15.28:3300/0 3 ==== mon_map magic: 0 ==== 205+0+0 (secure 0 0 0) 0x7f7868011af0 con 0x7f787410b210
2024-05-20T19:52:34.533 INFO:teuthology.orchestra.run.smithi028.stdout:/usr/bin/ceph: stderr
2024-05-20T19:52:33.201+0000 7f787c000700 1 -- 172.21.15.28:0/1102957963 >> [v2:172.21.15.28:3300/0,v1:172.21.15.28:6789/0] conn(0x7f787410b210 msgr2=0x7f787410b630 secure :-1 s=STATE_CONNECTION_ESTABLISHED l=1).mark_down
2024-05-20T19:52:34.533 INFO:teuthology.orchestra.run.smithi028.stdout:/usr/bin/ceph: stderr
2024-05-20T19:52:33.201+0000 7f787c000700 1 --2- 172.21.15.28:0/1102957963 >> [v2:172.21.15.28:3300/0,v1:172.21.15.28:6789/0] conn(0x7f787410b210 0x7f787410b630 secure :-1 s=READY pgs=41 cs=0 l=1 rev1=1 crypto rx=0x7f78680098a0 tx=0x7f7868009bb0 comp rx=0 tx=0).stop
2024-05-20T19:52:34.534 INFO:teuthology.orchestra.run.smithi028.stdout:/usr/bin/ceph: stderr
2024-05-20T19:52:33.201+0000 7f787c000700 1 -- 172.21.15.28:0/1102957963 shutdown_connections
2024-05-20T19:52:34.534 INFO:teuthology.orchestra.run.smithi028.stdout:/usr/bin/ceph: stderr
2024-05-20T19:52:33.201+0000 7f787c000700 1 --2- 172.21.15.28:0/1102957963 >> [v2:172.21.15.28:3300/0,v1:172.21.15.28:6789/0] conn(0x7f787410b210 0x7f787410b630 unknown :-1 s=CLOSED pgs=41 cs=0 l=1 rev1=1 crypto rx=0 tx=0 comp rx=0 tx=0).stop
2024-05-20T19:52:34.534 INFO:teuthology.orchestra.run.smithi028.stdout:/usr/bin/ceph: stderr
2024-05-20T19:52:33.201+0000 7f787c000700 1 -- 172.21.15.28:0/1102957963 >> 172.21.15.28:0/1102957963 conn(0x7f787407e650 msgr2=0x7f787407eaa0 unknown :-1 s=STATE_NONE l=0).mark_down
2024-05-20T19:52:34.534 INFO:teuthology.orchestra.run.smithi028.stdout:/usr/bin/ceph: stderr
2024-05-20T19:52:33.201+0000 7f787c000700 1 -- 172.21.15.28:0/1102957963 shutdown_connections
2024-05-20T19:52:34.534 INFO:teuthology.orchestra.run.smithi028.stdout:/usr/bin/ceph: stderr
2024-05-20T19:52:33.201+0000 7f787c000700 1 -- 172.21.15.28:0/1102957963 wait complete.
2024-05-20T19:52:34.534 INFO:teuthology.orchestra.run.smithi028.stdout:/usr/bin/ceph: stderr
2024-05-20T19:52:33.202+0000 7f787c000700 1 Processor -- start
2024-05-20T19:52:34.534 INFO:teuthology.orchestra.run.smithi028.stdout:/usr/bin/ceph: stderr
2024-05-20T19:52:33.202+0000 7f787c000700 1 -- start start
2024-05-20T19:52:34.534 INFO:teuthology.orchestra.run.smithi028.stdout:/usr/bin/ceph: stderr
2024-05-20T19:52:33.203+0000 7f787c000700 1 --2- >> [v2:172.21.15.28:3300/0,v1:172.21.15.28:6789/0] conn(0x7f787410b210 0x7f787419f1f0 unknown :-1 s=NONE pgs=0 cs=0 l=1 rev1=0 crypto rx=0 tx=0 comp rx=0 tx=0).connect
2024-05-20T19:52:34.534 INFO:teuthology.orchestra.run.smithi028.stdout:/usr/bin/ceph: stderr
2024-05-20T19:52:33.203+0000 7f787c000700 1 -- --> [v2:172.21.15.28:3300/0,v1:172.21.15.28:6789/0] -- mon_getmap magic: 0 -- 0x7f787410f7c0 con 0x7f787410b210
2024-05-20T19:52:34.534 INFO:teuthology.orchestra.run.smithi028.stdout:/usr/bin/ceph: stderr
2024-05-20T19:52:33.203+0000 7f7879600700 1 --2- >> [v2:172.21.15.28:3300/0,v1:172.21.15.28:6789/0] conn(0x7f787410b210 0x7f787419f1f0 unknown :-1 s=BANNER_CONNECTING pgs=0 cs=0 l=1 rev1=0 crypto rx=0 tx=0 comp rx=0 tx=0)._handle_peer_banner_payload supported=3 required=0
2024-05-20T19:52:34.534 INFO:teuthology.orchestra.run.smithi028.stdout:/usr/bin/ceph: stderr
2024-05-20T19:52:33.203+0000 7f7879600700 1 --2- >> [v2:172.21.15.28:3300/0,v1:172.21.15.28:6789/0] conn(0x7f787410b210 0x7f787419f1f0 unknown :-1 s=HELLO_CONNECTING pgs=0 cs=0 l=1 rev1=1 crypto rx=0 tx=0 comp rx=0 tx=0).handle_hello peer v2:172.21.15.28:3300/0 says I am v2:172.21.15.28:48108/0 (socket says 172.21.15.28:48108)
2024-05-20T19:52:34.534 INFO:teuthology.orchestra.run.smithi028.stdout:/usr/bin/ceph: stderr
2024-05-20T19:52:33.203+0000 7f7879600700 1 -- 172.21.15.28:0/3722397847 learned_addr learned my addr 172.21.15.28:0/3722397847 (peer_addr_for_me v2:172.21.15.28:0/0)
2024-05-20T19:52:34.534 INFO:teuthology.orchestra.run.smithi028.stdout:/usr/bin/ceph: stderr
2024-05-20T19:52:33.203+0000 7f7879600700 1 -- 172.21.15.28:0/3722397847 --> [v2:172.21.15.28:3300/0,v1:172.21.15.28:6789/0] -- mon_subscribe({config=0+,monmap=0+}) -- 0x7f787419f730 con 0x7f787410b210
2024-05-20T19:52:34.535 INFO:teuthology.orchestra.run.smithi028.stdout:/usr/bin/ceph: stderr
2024-05-20T19:52:33.204+0000 7f7879600700 1 --2- 172.21.15.28:0/3722397847 >> [v2:172.21.15.28:3300/0,v1:172.21.15.28:6789/0] conn(0x7f787410b210 0x7f787419f1f0 secure :-1 s=READY pgs=42 cs=0 l=1 rev1=1 crypto rx=0x7f78680117b0 tx=0x7f7868011b70 comp rx=0 tx=0).ready entity=mon.0 client_cookie=0 server_cookie=0 in_seq=0 out_seq=0
2024-05-20T19:52:34.535 INFO:teuthology.orchestra.run.smithi028.stdout:/usr/bin/ceph: stderr
2024-05-20T19:52:33.204+0000 7f7872000700 1 -- 172.21.15.28:0/3722397847 <== mon.0 v2:172.21.15.28:3300/0 1 ==== mon_map magic: 0 ==== 205+0+0 (secure 0 0 0) 0x7f7868003af0 con 0x7f787410b210
2024-05-20T19:52:34.535 INFO:teuthology.orchestra.run.smithi028.stdout:/usr/bin/ceph: stderr
2024-05-20T19:52:33.204+0000 7f7872000700 1 -- 172.21.15.28:0/3722397847 <== mon.0 v2:172.21.15.28:3300/0 2 ==== config(26 keys) ==== 1070+0+0 (secure 0 0 0) 0x7f7868020070 con 0x7f787410b210
2024-05-20T19:52:34.535 INFO:teuthology.orchestra.run.smithi028.stdout:/usr/bin/ceph: stderr
2024-05-20T19:52:33.204+0000 7f7872000700 1 -- 172.21.15.28:0/3722397847 <== mon.0 v2:172.21.15.28:3300/0 3 ==== mon_map magic: 0 ==== 205+0+0 (secure 0 0 0) 0x7f7868019630 con 0x7f787410b210
2024-05-20T19:52:34.535 INFO:teuthology.orchestra.run.smithi028.stdout:/usr/bin/ceph: stderr
2024-05-20T19:52:33.204+0000 7f787c000700 1 -- 172.21.15.28:0/3722397847 --> [v2:172.21.15.28:3300/0,v1:172.21.15.28:6789/0] -- mon_subscribe({mgrmap=0+}) -- 0x7f787419f9c0 con 0x7f787410b210
2024-05-20T19:52:34.535 INFO:teuthology.orchestra.run.smithi028.stdout:/usr/bin/ceph: stderr
2024-05-20T19:52:33.204+0000 7f787c000700 1 -- 172.21.15.28:0/3722397847 --> [v2:172.21.15.28:3300/0,v1:172.21.15.28:6789/0] -- mon_subscribe({osdmap=0}) -- 0x7f78741a26b0 con 0x7f787410b210
2024-05-20T19:52:34.535 INFO:teuthology.orchestra.run.smithi028.stdout:/usr/bin/ceph: stderr
2024-05-20T19:52:33.205+0000 7f787c000700 1 -- 172.21.15.28:0/3722397847 --> [v2:172.21.15.28:3300/0,v1:172.21.15.28:6789/0] -- mon_command({"prefix": "get_command_descriptions"} v 0) -- 0x7f7874064ba0 con 0x7f787410b210
2024-05-20T19:52:34.535 INFO:teuthology.orchestra.run.smithi028.stdout:/usr/bin/ceph: stderr
2024-05-20T19:52:33.206+0000 7f7872000700 1 -- 172.21.15.28:0/3722397847 <== mon.0 v2:172.21.15.28:3300/0 4 ==== mgrmap(e 8) ==== 50222+0+0 (secure 0 0 0) 0x7f786801a9c0 con 0x7f787410b210
2024-05-20T19:52:34.535 INFO:teuthology.orchestra.run.smithi028.stdout:/usr/bin/ceph: stderr
2024-05-20T19:52:33.206+0000 7f7872000700 1 --2- 172.21.15.28:0/3722397847 >> [v2:172.21.15.28:6800/811935446,v1:172.21.15.28:6801/811935446] conn(0x7f785c03e470 0x7f785c040930 unknown :-1 s=NONE pgs=0 cs=0 l=1 rev1=0 crypto rx=0 tx=0 comp rx=0 tx=0).connect
2024-05-20T19:52:34.535 INFO:teuthology.orchestra.run.smithi028.stdout:/usr/bin/ceph: stderr
2024-05-20T19:52:33.206+0000 7f7872000700 1 -- 172.21.15.28:0/3722397847 <== mon.0 v2:172.21.15.28:3300/0 5 ==== osd_map(2..2 src has 1..2) ==== 940+0+0 (secure 0 0 0) 0x7f7868053ae0 con 0x7f787410b210
2024-05-20T19:52:34.535 INFO:teuthology.orchestra.run.smithi028.stdout:/usr/bin/ceph: stderr
2024-05-20T19:52:33.207+0000 7f7878c00700 1 --2- 172.21.15.28:0/3722397847 >> [v2:172.21.15.28:6800/811935446,v1:172.21.15.28:6801/811935446] conn(0x7f785c03e470 0x7f785c040930 unknown :-1 s=BANNER_CONNECTING pgs=0 cs=0 l=1 rev1=0 crypto rx=0 tx=0 comp rx=0 tx=0)._handle_peer_banner_payload supported=3 required=0
2024-05-20T19:52:34.535 INFO:teuthology.orchestra.run.smithi028.stdout:/usr/bin/ceph: stderr
2024-05-20T19:52:33.207+0000 7f7878c00700 1 --2- 172.21.15.28:0/3722397847 >> [v2:172.21.15.28:6800/811935446,v1:172.21.15.28:6801/811935446] conn(0x7f785c03e470 0x7f785c040930 secure :-1 s=READY pgs=9 cs=0 l=1 rev1=1 crypto rx=0x7f7860006fd0 tx=0x7f7860006e40 comp rx=0 tx=0).ready entity=mgr.14120 client_cookie=0 server_cookie=0 in_seq=0 out_seq=0
2024-05-20T19:52:34.535 INFO:teuthology.orchestra.run.smithi028.stdout:/usr/bin/ceph: stderr
2024-05-20T19:52:33.212+0000 7f7872000700 1 -- 172.21.15.28:0/3722397847 <== mon.0 v2:172.21.15.28:3300/0 6 ==== mon_command_ack([{"prefix": "get_command_descriptions"}]=0 v0) ==== 72+0+191963 (secure 0 0 0) 0x7f78680172b0 con 0x7f787410b210
2024-05-20T19:52:34.536 INFO:teuthology.orchestra.run.smithi028.stdout:/usr/bin/ceph: stderr
2024-05-20T19:52:33.448+0000 7f787c000700 1 -- 172.21.15.28:0/3722397847 --> [v2:172.21.15.28:6800/811935446,v1:172.21.15.28:6801/811935446] -- mgr_command(tid 0: {"prefix": "cephadm generate-key", "target": ["mon-mgr", ""]}) -- 0x7f7874109540 con 0x7f785c03e470
2024-05-20T19:52:34.536 INFO:teuthology.orchestra.run.smithi028.stdout:/usr/bin/ceph: stderr
2024-05-20T19:52:33.805+0000 7f7872000700 1 -- 172.21.15.28:0/3722397847 <== mgr.14120 v2:172.21.15.28:6800/811935446 1 ==== mgr_command_reply(tid 0: 0 ) ==== 8+0+0 (secure 0 0 0) 0x7f7874109540 con 0x7f785c03e470
2024-05-20T19:52:34.536 INFO:teuthology.orchestra.run.smithi028.stdout:/usr/bin/ceph: stderr
2024-05-20T19:52:33.808+0000 7f787c000700 1 -- 172.21.15.28:0/3722397847 >> [v2:172.21.15.28:6800/811935446,v1:172.21.15.28:6801/811935446] conn(0x7f785c03e470 msgr2=0x7f785c040930 secure :-1 s=STATE_CONNECTION_ESTABLISHED l=1).mark_down
2024-05-20T19:52:34.536 INFO:teuthology.orchestra.run.smithi028.stdout:/usr/bin/ceph: stderr
2024-05-20T19:52:33.808+0000 7f787c000700 1 --2- 172.21.15.28:0/3722397847 >> [v2:172.21.15.28:6800/811935446,v1:172.21.15.28:6801/811935446] conn(0x7f785c03e470 0x7f785c040930 secure :-1 s=READY pgs=9 cs=0 l=1 rev1=1 crypto rx=0x7f7860006fd0 tx=0x7f7860006e40 comp rx=0 tx=0).stop
2024-05-20T19:52:34.536 INFO:teuthology.orchestra.run.smithi028.stdout:/usr/bin/ceph: stderr
2024-05-20T19:52:33.808+0000 7f787c000700 1 -- 172.21.15.28:0/3722397847 >> [v2:172.21.15.28:3300/0,v1:172.21.15.28:6789/0] conn(0x7f787410b210 msgr2=0x7f787419f1f0 secure :-1 s=STATE_CONNECTION_ESTABLISHED l=1).mark_down
2024-05-20T19:52:34.537 INFO:teuthology.orchestra.run.smithi028.stdout:/usr/bin/ceph: stderr
2024-05-20T19:52:33.808+0000 7f787c000700 1 --2- 172.21.15.28:0/3722397847 >> [v2:172.21.15.28:3300/0,v1:172.21.15.28:6789/0] conn(0x7f787410b210 0x7f787419f1f0 secure :-1 s=READY pgs=42 cs=0 l=1 rev1=1 crypto rx=0x7f78680117b0 tx=0x7f7868011b70 comp rx=0 tx=0).stop
2024-05-20T19:52:34.537 INFO:teuthology.orchestra.run.smithi028.stdout:/usr/bin/ceph: stderr
2024-05-20T19:52:33.808+0000 7f787c000700 1 -- 172.21.15.28:0/3722397847 shutdown_connections
2024-05-20T19:52:34.537 INFO:teuthology.orchestra.run.smithi028.stdout:/usr/bin/ceph: stderr
2024-05-20T19:52:33.808+0000 7f787c000700 1 --2- 172.21.15.28:0/3722397847 >> [v2:172.21.15.28:6800/811935446,v1:172.21.15.28:6801/811935446] conn(0x7f785c03e470 0x7f785c040930 unknown :-1 s=CLOSED pgs=9 cs=0 l=1 rev1=1 crypto rx=0 tx=0 comp rx=0 tx=0).stop
2024-05-20T19:52:34.537 INFO:teuthology.orchestra.run.smithi028.stdout:/usr/bin/ceph: stderr
2024-05-20T19:52:33.809+0000 7f787c000700 1 --2- 172.21.15.28:0/3722397847 >> [v2:172.21.15.28:3300/0,v1:172.21.15.28:6789/0] conn(0x7f787410b210 0x7f787419f1f0 unknown :-1 s=CLOSED pgs=42 cs=0 l=1 rev1=1 crypto rx=0 tx=0 comp rx=0 tx=0).stop
2024-05-20T19:52:34.537 INFO:teuthology.orchestra.run.smithi028.stdout:/usr/bin/ceph: stderr
2024-05-20T19:52:33.809+0000 7f787c000700 1 -- 172.21.15.28:0/3722397847 >> 172.21.15.28:0/3722397847 conn(0x7f787407e650 msgr2=0x7f7874108e30 unknown :-1 s=STATE_NONE l=0).mark_down
2024-05-20T19:52:34.537 INFO:teuthology.orchestra.run.smithi028.stdout:/usr/bin/ceph: stderr
2024-05-20T19:52:33.809+0000 7f787c000700 1 -- 172.21.15.28:0/3722397847 shutdown_connections
2024-05-20T19:52:34.537 INFO:teuthology.orchestra.run.smithi028.stdout:/usr/bin/ceph: stderr
2024-05-20T19:52:33.809+0000 7f787c000700 1 -- 172.21.15.28:0/3722397847 wait complete.
2024-05-20T19:52:35.054 INFO:journalctl@ceph.mon.a.smithi028.stdout:May 20 19:52:34 smithi028 ceph-mon[31178]: from='client.14136 -' entity='client.admin' cmd=[{"prefix": "cephadm generate-key", "target": ["mon-mgr", ""]}]: dispatch
2024-05-20T19:52:35.054 INFO:journalctl@ceph.mon.a.smithi028.stdout:May 20 19:52:34 smithi028 ceph-mon[31178]: Generating ssh key...
2024-05-20T19:52:35.054 INFO:journalctl@ceph.mon.a.smithi028.stdout:May 20 19:52:34 smithi028 ceph-mon[31178]: from='mgr.14120 172.21.15.28:0/20988467' entity='mgr.x'
2024-05-20T19:52:35.055 INFO:journalctl@ceph.mon.a.smithi028.stdout:May 20 19:52:34 smithi028 ceph-mon[31178]: from='mgr.14120 172.21.15.28:0/20988467' entity='mgr.x'
2024-05-20T19:52:36.011 INFO:teuthology.orchestra.run.smithi028.stdout:/usr/bin/ceph: stdout ssh-rsa AAAAB3NzaC1yc2EAAAADAQABAAABgQCZ6OKcFk30zzzgO8qZZ+GR+Ud+IVR4ZAvakRYwOGSfY62Gw+VP4VoR1B2vVhPW1Fvx1Ez/UFEEIc/WTwzc1K+kTOUrpRzEOolfo2eyGDIBi/+eS0yzscZpWajV1Fz8/tJO3+8EFkHE4ld2ibTcCHwedS762vVEmAj2lMxHw+Aau4Xb6qqbso/QKoYPJ1bnvi3agHYpPcfdq9pGS4sHarYZ+SfRPlE2MHYwklqVTcvx20UCDDiMtNZjYBp2aXHkRdZV57CG8Pj+B8DolUkfC4vg1l0g3/z16ps7FY6qAoqWdoaOKCUX3C08hRKRvHVcnQmPPRppp9fO/68iicPfXZGHRMMNOgTrVTjWVOhsTZKaRn86SrOGrvILK/G5fYOeGyLasXx8KatxjFbdViwtVVacu7OHlQr3mn4QakgOh2F1JpvzL7VPeORLr4JAc92FYDFm3FOv203D8Xxgu5eZD6fXmNSP0W38u+fGbAe2sPyY7DB/7Wa37nPIuuCebeNTvck= ceph-3fbec9b2-16e2-11ef-bc9a-c7b262605968
2024-05-20T19:52:36.012 INFO:teuthology.orchestra.run.smithi028.stdout:/usr/bin/ceph: stderr
2024-05-20T19:52:35.108+0000 7f6333e00700 1 Processor -- start
2024-05-20T19:52:36.012 INFO:teuthology.orchestra.run.smithi028.stdout:/usr/bin/ceph: stderr
2024-05-20T19:52:35.108+0000 7f6333e00700 1 -- start start
2024-05-20T19:52:36.012 INFO:teuthology.orchestra.run.smithi028.stdout:/usr/bin/ceph: stderr
2024-05-20T19:52:35.108+0000 7f6333e00700 1 --2- >> [v2:172.21.15.28:3300/0,v1:172.21.15.28:6789/0] conn(0x7f6334109950 0x7f633410bd40 unknown :-1 s=NONE pgs=0 cs=0 l=0 rev1=0 crypto rx=0 tx=0 comp rx=0 tx=0).connect
2024-05-20T19:52:36.014 INFO:teuthology.orchestra.run.smithi028.stdout:/usr/bin/ceph: stderr
2024-05-20T19:52:35.108+0000 7f6333e00700 1 -- --> [v2:172.21.15.28:3300/0,v1:172.21.15.28:6789/0] -- mon_getmap magic: 0 -- 0x7f633407cde0 con 0x7f6334109950
2024-05-20T19:52:36.014 INFO:teuthology.orchestra.run.smithi028.stdout:/usr/bin/ceph: stderr
2024-05-20T19:52:35.109+0000 7f6332a00700 1 --2- >> [v2:172.21.15.28:3300/0,v1:172.21.15.28:6789/0] conn(0x7f6334109950 0x7f633410bd40 unknown :-1 s=BANNER_CONNECTING pgs=0 cs=0 l=0 rev1=0 crypto rx=0 tx=0 comp rx=0 tx=0)._handle_peer_banner_payload supported=3 required=0
2024-05-20T19:52:36.014 INFO:teuthology.orchestra.run.smithi028.stdout:/usr/bin/ceph: stderr
2024-05-20T19:52:35.109+0000 7f6332a00700 1 --2- >> [v2:172.21.15.28:3300/0,v1:172.21.15.28:6789/0] conn(0x7f6334109950 0x7f633410bd40 unknown :-1 s=HELLO_CONNECTING pgs=0 cs=0 l=0 rev1=1 crypto rx=0 tx=0 comp rx=0 tx=0).handle_hello peer v2:172.21.15.28:3300/0 says I am v2:172.21.15.28:48122/0 (socket says 172.21.15.28:48122)
2024-05-20T19:52:36.014 INFO:teuthology.orchestra.run.smithi028.stdout:/usr/bin/ceph: stderr
2024-05-20T19:52:35.109+0000 7f6332a00700 1 -- 172.21.15.28:0/1629031389 learned_addr learned my addr 172.21.15.28:0/1629031389 (peer_addr_for_me v2:172.21.15.28:0/0)
