2024-05-20T20:35:26.741+0000 7f36d0a00700 1 --2- 172.21.15.89:0/1412077092 >> [v2:172.21.15.89:6800/814429102,v1:172.21.15.89:6801/814429102] conn(0x7f36b003e560 0x7f36b0040a20 secure :-1 s=READY pgs=9 cs=0 l=1 rev1=1 crypto rx=0x7f36b8006fd0 tx=0x7f36b8006e40 comp rx=0 tx=0).stop
2024-05-20T20:35:27.976 INFO:teuthology.orchestra.run.smithi089.stdout:/usr/bin/ceph: stderr
2024-05-20T20:35:26.741+0000 7f36d0a00700 1 -- 172.21.15.89:0/1412077092 >> [v2:172.21.15.89:3300/0,v1:172.21.15.89:6789/0] conn(0x7f36cc07eeb0 msgr2=0x7f36cc19f170 secure :-1 s=STATE_CONNECTION_ESTABLISHED l=1).mark_down
2024-05-20T20:35:27.976 INFO:teuthology.orchestra.run.smithi089.stdout:/usr/bin/ceph: stderr
2024-05-20T20:35:26.741+0000 7f36d0a00700 1 --2- 172.21.15.89:0/1412077092 >> [v2:172.21.15.89:3300/0,v1:172.21.15.89:6789/0] conn(0x7f36cc07eeb0 0x7f36cc19f170 secure :-1 s=READY pgs=75 cs=0 l=1 rev1=1 crypto rx=0x7f36bc000f80 tx=0x7f36bc00bd50 comp rx=0 tx=0).stop
2024-05-20T20:35:27.976 INFO:teuthology.orchestra.run.smithi089.stdout:/usr/bin/ceph: stderr
2024-05-20T20:35:26.742+0000 7f36d0a00700 1 -- 172.21.15.89:0/1412077092 shutdown_connections
2024-05-20T20:35:27.976 INFO:teuthology.orchestra.run.smithi089.stdout:/usr/bin/ceph: stderr
2024-05-20T20:35:26.742+0000 7f36d0a00700 1 --2- 172.21.15.89:0/1412077092 >> [v2:172.21.15.89:6800/814429102,v1:172.21.15.89:6801/814429102] conn(0x7f36b003e560 0x7f36b0040a20 unknown :-1 s=CLOSED pgs=9 cs=0 l=1 rev1=1 crypto rx=0 tx=0 comp rx=0 tx=0).stop
2024-05-20T20:35:27.976 INFO:teuthology.orchestra.run.smithi089.stdout:/usr/bin/ceph: stderr
2024-05-20T20:35:26.742+0000 7f36d0a00700 1 --2- 172.21.15.89:0/1412077092 >> [v2:172.21.15.89:3300/0,v1:172.21.15.89:6789/0] conn(0x7f36cc07eeb0 0x7f36cc19f170 unknown :-1 s=CLOSED pgs=75 cs=0 l=1 rev1=1 crypto rx=0 tx=0 comp rx=0 tx=0).stop
2024-05-20T20:35:27.976 INFO:teuthology.orchestra.run.smithi089.stdout:/usr/bin/ceph: stderr
2024-05-20T20:35:26.742+0000 7f36d0a00700 1 -- 172.21.15.89:0/1412077092 >> 172.21.15.89:0/1412077092 conn(0x7f36cc104600 msgr2=0x7f36cc105150 unknown :-1 s=STATE_NONE l=0).mark_down
2024-05-20T20:35:27.976 INFO:teuthology.orchestra.run.smithi089.stdout:/usr/bin/ceph: stderr
2024-05-20T20:35:26.742+0000 7f36d0a00700 1 -- 172.21.15.89:0/1412077092 shutdown_connections
2024-05-20T20:35:27.976 INFO:teuthology.orchestra.run.smithi089.stdout:/usr/bin/ceph: stderr
2024-05-20T20:35:26.742+0000 7f36d0a00700 1 -- 172.21.15.89:0/1412077092 wait complete.
2024-05-20T20:35:28.007 INFO:teuthology.orchestra.run.smithi089.stdout:Non-zero exit code 1 from systemctl is-enabled firewalld.service
2024-05-20T20:35:28.007 INFO:teuthology.orchestra.run.smithi089.stdout:systemctl: stdout disabled
2024-05-20T20:35:28.032 INFO:teuthology.orchestra.run.smithi089.stdout:Non-zero exit code 3 from systemctl is-active firewalld.service
2024-05-20T20:35:28.032 INFO:teuthology.orchestra.run.smithi089.stdout:systemctl: stdout inactive
2024-05-20T20:35:28.033 INFO:teuthology.orchestra.run.smithi089.stdout:firewalld.service is not enabled
2024-05-20T20:35:28.033 INFO:teuthology.orchestra.run.smithi089.stdout:Not possible to open ports <[8443]>. firewalld.service is not available
2024-05-20T20:35:28.040 INFO:teuthology.orchestra.run.smithi089.stdout:Ceph Dashboard is now available at:
2024-05-20T20:35:28.040 INFO:teuthology.orchestra.run.smithi089.stdout:
2024-05-20T20:35:28.040 INFO:teuthology.orchestra.run.smithi089.stdout: URL: https://smithi089.front.sepia.ceph.com:8443/
2024-05-20T20:35:28.040 INFO:teuthology.orchestra.run.smithi089.stdout: User: admin
2024-05-20T20:35:28.040 INFO:teuthology.orchestra.run.smithi089.stdout: Password: yprtyqjahy
2024-05-20T20:35:28.040 INFO:teuthology.orchestra.run.smithi089.stdout:
2024-05-20T20:35:28.041 INFO:teuthology.orchestra.run.smithi089.stdout:Saving cluster configuration to /var/lib/ceph/28128bc2-16e8-11ef-bc9a-c7b262605968/config directory
2024-05-20T20:35:28.044 INFO:teuthology.orchestra.run.smithi089.stdout:Enabling autotune for osd_memory_target
2024-05-20T20:35:29.593 INFO:teuthology.orchestra.run.smithi089.stdout:/usr/bin/ceph: stderr
2024-05-20T20:35:28.635+0000 7f9cbe400700 1 Processor -- start
2024-05-20T20:35:29.593 INFO:teuthology.orchestra.run.smithi089.stdout:/usr/bin/ceph: stderr
2024-05-20T20:35:28.635+0000 7f9cbe400700 1 -- start start
2024-05-20T20:35:29.593 INFO:teuthology.orchestra.run.smithi089.stdout:/usr/bin/ceph: stderr
2024-05-20T20:35:28.636+0000 7f9cbe400700 1 --2- >> [v2:172.21.15.89:3300/0,v1:172.21.15.89:6789/0] conn(0x7f9cb810fca0 0x7f9cb8112090 unknown :-1 s=NONE pgs=0 cs=0 l=0 rev1=0 crypto rx=0 tx=0 comp rx=0 tx=0).connect
2024-05-20T20:35:29.593 INFO:teuthology.orchestra.run.smithi089.stdout:/usr/bin/ceph: stderr
2024-05-20T20:35:28.636+0000 7f9cbe400700 1 -- --> [v2:172.21.15.89:3300/0,v1:172.21.15.89:6789/0] -- mon_getmap magic: 0 -- 0x7f9cb81125d0 con 0x7f9cb810fca0
2024-05-20T20:35:29.602 INFO:teuthology.orchestra.run.smithi089.stdout:/usr/bin/ceph: stderr
2024-05-20T20:35:28.636+0000 7f9cbd000700 1 --2- >> [v2:172.21.15.89:3300/0,v1:172.21.15.89:6789/0] conn(0x7f9cb810fca0 0x7f9cb8112090 unknown :-1 s=BANNER_CONNECTING pgs=0 cs=0 l=0 rev1=0 crypto rx=0 tx=0 comp rx=0 tx=0)._handle_peer_banner_payload supported=3 required=0
2024-05-20T20:35:29.603 INFO:teuthology.orchestra.run.smithi089.stdout:/usr/bin/ceph: stderr
2024-05-20T20:35:28.636+0000 7f9cbd000700 1 --2- >> [v2:172.21.15.89:3300/0,v1:172.21.15.89:6789/0] conn(0x7f9cb810fca0 0x7f9cb8112090 unknown :-1 s=HELLO_CONNECTING pgs=0 cs=0 l=0 rev1=1 crypto rx=0 tx=0 comp rx=0 tx=0).handle_hello peer v2:172.21.15.89:3300/0 says I am v2:172.21.15.89:40374/0 (socket says 172.21.15.89:40374)
2024-05-20T20:35:29.603 INFO:teuthology.orchestra.run.smithi089.stdout:/usr/bin/ceph: stderr
2024-05-20T20:35:28.636+0000 7f9cbd000700 1 -- 172.21.15.89:0/414611870 learned_addr learned my addr 172.21.15.89:0/414611870 (peer_addr_for_me v2:172.21.15.89:0/0)
2024-05-20T20:35:29.603 INFO:teuthology.orchestra.run.smithi089.stdout:/usr/bin/ceph: stderr
2024-05-20T20:35:28.637+0000 7f9cbd000700 1 -- 172.21.15.89:0/414611870 --> [v2:172.21.15.89:3300/0,v1:172.21.15.89:6789/0] -- mon_subscribe({config=0+,monmap=0+}) -- 0x7f9cb8112750 con 0x7f9cb810fca0
2024-05-20T20:35:29.603 INFO:teuthology.orchestra.run.smithi089.stdout:/usr/bin/ceph: stderr
2024-05-20T20:35:28.637+0000 7f9cbd000700 1 --2- 172.21.15.89:0/414611870 >> [v2:172.21.15.89:3300/0,v1:172.21.15.89:6789/0] conn(0x7f9cb810fca0 0x7f9cb8112090 secure :-1 s=READY pgs=76 cs=0 l=1 rev1=1 crypto rx=0x7f9cac0098a0 tx=0x7f9cac009bb0 comp rx=0 tx=0).ready entity=mon.0 client_cookie=ce52eaf492366c4d server_cookie=0 in_seq=0 out_seq=0
2024-05-20T20:35:29.603 INFO:teuthology.orchestra.run.smithi089.stdout:/usr/bin/ceph: stderr
2024-05-20T20:35:28.637+0000 7f9cb7400700 1 -- 172.21.15.89:0/414611870 <== mon.0 v2:172.21.15.89:3300/0 1 ==== mon_map magic: 0 ==== 205+0+0 (secure 0 0 0) 0x7f9cac004160 con 0x7f9cb810fca0
2024-05-20T20:35:29.603 INFO:teuthology.orchestra.run.smithi089.stdout:/usr/bin/ceph: stderr
2024-05-20T20:35:28.637+0000 7f9cb7400700 1 -- 172.21.15.89:0/414611870 <== mon.0 v2:172.21.15.89:3300/0 2 ==== config(26 keys) ==== 1101+0+0 (secure 0 0 0) 0x7f9cac004300 con 0x7f9cb810fca0
2024-05-20T20:35:29.603 INFO:teuthology.orchestra.run.smithi089.stdout:/usr/bin/ceph: stderr
2024-05-20T20:35:28.637+0000 7f9cb7400700 1 -- 172.21.15.89:0/414611870 <== mon.0 v2:172.21.15.89:3300/0 3 ==== mon_map magic: 0 ==== 205+0+0 (secure 0 0 0) 0x7f9cac011a20 con 0x7f9cb810fca0
2024-05-20T20:35:29.603 INFO:teuthology.orchestra.run.smithi089.stdout:/usr/bin/ceph: stderr
2024-05-20T20:35:28.638+0000 7f9cbe400700 1 -- 172.21.15.89:0/414611870 >> [v2:172.21.15.89:3300/0,v1:172.21.15.89:6789/0] conn(0x7f9cb810fca0 msgr2=0x7f9cb8112090 secure :-1 s=STATE_CONNECTION_ESTABLISHED l=1).mark_down
2024-05-20T20:35:29.603 INFO:teuthology.orchestra.run.smithi089.stdout:/usr/bin/ceph: stderr
2024-05-20T20:35:28.638+0000 7f9cbe400700 1 --2- 172.21.15.89:0/414611870 >> [v2:172.21.15.89:3300/0,v1:172.21.15.89:6789/0] conn(0x7f9cb810fca0 0x7f9cb8112090 secure :-1 s=READY pgs=76 cs=0 l=1 rev1=1 crypto rx=0x7f9cac0098a0 tx=0x7f9cac009bb0 comp rx=0 tx=0).stop
2024-05-20T20:35:29.604 INFO:teuthology.orchestra.run.smithi089.stdout:/usr/bin/ceph: stderr
2024-05-20T20:35:28.638+0000 7f9cbe400700 1 -- 172.21.15.89:0/414611870 shutdown_connections
2024-05-20T20:35:29.604 INFO:teuthology.orchestra.run.smithi089.stdout:/usr/bin/ceph: stderr
2024-05-20T20:35:28.638+0000 7f9cbe400700 1 --2- 172.21.15.89:0/414611870 >> [v2:172.21.15.89:3300/0,v1:172.21.15.89:6789/0] conn(0x7f9cb810fca0 0x7f9cb8112090 unknown :-1 s=CLOSED pgs=76 cs=0 l=1 rev1=1 crypto rx=0 tx=0 comp rx=0 tx=0).stop
2024-05-20T20:35:29.604 INFO:teuthology.orchestra.run.smithi089.stdout:/usr/bin/ceph: stderr
2024-05-20T20:35:28.638+0000 7f9cbe400700 1 -- 172.21.15.89:0/414611870 >> 172.21.15.89:0/414611870 conn(0x7f9cb807e3b0 msgr2=0x7f9cb80807f0 unknown :-1 s=STATE_NONE l=0).mark_down
2024-05-20T20:35:29.604 INFO:teuthology.orchestra.run.smithi089.stdout:/usr/bin/ceph: stderr
2024-05-20T20:35:28.638+0000 7f9cbe400700 1 -- 172.21.15.89:0/414611870 shutdown_connections
2024-05-20T20:35:29.604 INFO:teuthology.orchestra.run.smithi089.stdout:/usr/bin/ceph: stderr
2024-05-20T20:35:28.638+0000 7f9cbe400700 1 -- 172.21.15.89:0/414611870 wait complete.
2024-05-20T20:35:29.604 INFO:teuthology.orchestra.run.smithi089.stdout:/usr/bin/ceph: stderr
2024-05-20T20:35:28.639+0000 7f9cbe400700 1 Processor -- start
2024-05-20T20:35:29.604 INFO:teuthology.orchestra.run.smithi089.stdout:/usr/bin/ceph: stderr
2024-05-20T20:35:28.640+0000 7f9cbe400700 1 -- start start
2024-05-20T20:35:29.604 INFO:teuthology.orchestra.run.smithi089.stdout:/usr/bin/ceph: stderr
2024-05-20T20:35:28.640+0000 7f9cbe400700 1 --2- >> [v2:172.21.15.89:3300/0,v1:172.21.15.89:6789/0] conn(0x7f9cb810fca0 0x7f9cb81a3310 unknown :-1 s=NONE pgs=0 cs=0 l=1 rev1=0 crypto rx=0 tx=0 comp rx=0 tx=0).connect
2024-05-20T20:35:29.604 INFO:teuthology.orchestra.run.smithi089.stdout:/usr/bin/ceph: stderr
2024-05-20T20:35:28.640+0000 7f9cbe400700 1 -- --> [v2:172.21.15.89:3300/0,v1:172.21.15.89:6789/0] -- mon_getmap magic: 0 -- 0x7f9cb81137b0 con 0x7f9cb810fca0
2024-05-20T20:35:29.604 INFO:teuthology.orchestra.run.smithi089.stdout:/usr/bin/ceph: stderr
2024-05-20T20:35:28.640+0000 7f9cbd000700 1 --2- >> [v2:172.21.15.89:3300/0,v1:172.21.15.89:6789/0] conn(0x7f9cb810fca0 0x7f9cb81a3310 unknown :-1 s=BANNER_CONNECTING pgs=0 cs=0 l=1 rev1=0 crypto rx=0 tx=0 comp rx=0 tx=0)._handle_peer_banner_payload supported=3 required=0
2024-05-20T20:35:29.605 INFO:teuthology.orchestra.run.smithi089.stdout:/usr/bin/ceph: stderr
2024-05-20T20:35:28.640+0000 7f9cbd000700 1 --2- >> [v2:172.21.15.89:3300/0,v1:172.21.15.89:6789/0] conn(0x7f9cb810fca0 0x7f9cb81a3310 unknown :-1 s=HELLO_CONNECTING pgs=0 cs=0 l=1 rev1=1 crypto rx=0 tx=0 comp rx=0 tx=0).handle_hello peer v2:172.21.15.89:3300/0 says I am v2:172.21.15.89:40388/0 (socket says 172.21.15.89:40388)
2024-05-20T20:35:29.605 INFO:teuthology.orchestra.run.smithi089.stdout:/usr/bin/ceph: stderr
2024-05-20T20:35:28.640+0000 7f9cbd000700 1 -- 172.21.15.89:0/83238015 learned_addr learned my addr 172.21.15.89:0/83238015 (peer_addr_for_me v2:172.21.15.89:0/0)
2024-05-20T20:35:29.605 INFO:teuthology.orchestra.run.smithi089.stdout:/usr/bin/ceph: stderr
2024-05-20T20:35:28.641+0000 7f9cbd000700 1 -- 172.21.15.89:0/83238015 --> [v2:172.21.15.89:3300/0,v1:172.21.15.89:6789/0] -- mon_subscribe({config=0+,monmap=0+}) -- 0x7f9cb81a3850 con 0x7f9cb810fca0
2024-05-20T20:35:29.605 INFO:teuthology.orchestra.run.smithi089.stdout:/usr/bin/ceph: stderr
2024-05-20T20:35:28.641+0000 7f9cbd000700 1 --2- 172.21.15.89:0/83238015 >> [v2:172.21.15.89:3300/0,v1:172.21.15.89:6789/0] conn(0x7f9cb810fca0 0x7f9cb81a3310 secure :-1 s=READY pgs=77 cs=0 l=1 rev1=1 crypto rx=0x7f9cac0116e0 tx=0x7f9cac011aa0 comp rx=0 tx=0).ready entity=mon.0 client_cookie=0 server_cookie=0 in_seq=0 out_seq=0
2024-05-20T20:35:29.605 INFO:teuthology.orchestra.run.smithi089.stdout:/usr/bin/ceph: stderr
2024-05-20T20:35:28.641+0000 7f9cb5600700 1 -- 172.21.15.89:0/83238015 <== mon.0 v2:172.21.15.89:3300/0 1 ==== mon_map magic: 0 ==== 205+0+0 (secure 0 0 0) 0x7f9cac003b20 con 0x7f9cb810fca0
2024-05-20T20:35:29.605 INFO:teuthology.orchestra.run.smithi089.stdout:/usr/bin/ceph: stderr
2024-05-20T20:35:28.641+0000 7f9cb5600700 1 -- 172.21.15.89:0/83238015 <== mon.0 v2:172.21.15.89:3300/0 2 ==== config(26 keys) ==== 1101+0+0 (secure 0 0 0) 0x7f9cac01b8f0 con 0x7f9cb810fca0
2024-05-20T20:35:29.605 INFO:teuthology.orchestra.run.smithi089.stdout:/usr/bin/ceph: stderr
2024-05-20T20:35:28.641+0000 7f9cb5600700 1 -- 172.21.15.89:0/83238015 <== mon.0 v2:172.21.15.89:3300/0 3 ==== mon_map magic: 0 ==== 205+0+0 (secure 0 0 0) 0x7f9cac0238c0 con 0x7f9cb810fca0
2024-05-20T20:35:29.605 INFO:teuthology.orchestra.run.smithi089.stdout:/usr/bin/ceph: stderr
2024-05-20T20:35:28.641+0000 7f9cbe400700 1 -- 172.21.15.89:0/83238015 --> [v2:172.21.15.89:3300/0,v1:172.21.15.89:6789/0] -- mon_subscribe({mgrmap=0+}) -- 0x7f9cb81a3ae0 con 0x7f9cb810fca0
2024-05-20T20:35:29.605 INFO:teuthology.orchestra.run.smithi089.stdout:/usr/bin/ceph: stderr
2024-05-20T20:35:28.641+0000 7f9cbe400700 1 -- 172.21.15.89:0/83238015 --> [v2:172.21.15.89:3300/0,v1:172.21.15.89:6789/0] -- mon_subscribe({osdmap=0}) -- 0x7f9cb81a67d0 con 0x7f9cb810fca0
2024-05-20T20:35:29.605 INFO:teuthology.orchestra.run.smithi089.stdout:/usr/bin/ceph: stderr
2024-05-20T20:35:28.642+0000 7f9cb5600700 1 -- 172.21.15.89:0/83238015 <== mon.0 v2:172.21.15.89:3300/0 4 ==== mgrmap(e 13) ==== 50278+0+0 (secure 0 0 0) 0x7f9cac01baa0 con 0x7f9cb810fca0
2024-05-20T20:35:29.606 INFO:teuthology.orchestra.run.smithi089.stdout:/usr/bin/ceph: stderr
2024-05-20T20:35:28.642+0000 7f9cbe400700 1 -- 172.21.15.89:0/83238015 --> [v2:172.21.15.89:3300/0,v1:172.21.15.89:6789/0] -- mon_command({"prefix": "get_command_descriptions"} v 0) -- 0x7f9cb8064ba0 con 0x7f9cb810fca0
2024-05-20T20:35:29.606 INFO:teuthology.orchestra.run.smithi089.stdout:/usr/bin/ceph: stderr
2024-05-20T20:35:28.643+0000 7f9cb5600700 1 --2- 172.21.15.89:0/83238015 >> [v2:172.21.15.89:6800/814429102,v1:172.21.15.89:6801/814429102] conn(0x7f9ca003e570 0x7f9ca0040a30 unknown :-1 s=NONE pgs=0 cs=0 l=1 rev1=0 crypto rx=0 tx=0 comp rx=0 tx=0).connect
2024-05-20T20:35:29.606 INFO:teuthology.orchestra.run.smithi089.stdout:/usr/bin/ceph: stderr
2024-05-20T20:35:28.643+0000 7f9cb5600700 1 -- 172.21.15.89:0/83238015 <== mon.0 v2:172.21.15.89:3300/0 5 ==== osd_map(3..3 src has 1..3) ==== 1155+0+0 (secure 0 0 0) 0x7f9cac054260 con 0x7f9cb810fca0
2024-05-20T20:35:29.606 INFO:teuthology.orchestra.run.smithi089.stdout:/usr/bin/ceph: stderr
2024-05-20T20:35:28.643+0000 7f9cb7e00700 1 --2- 172.21.15.89:0/83238015 >> [v2:172.21.15.89:6800/814429102,v1:172.21.15.89:6801/814429102] conn(0x7f9ca003e570 0x7f9ca0040a30 unknown :-1 s=BANNER_CONNECTING pgs=0 cs=0 l=1 rev1=0 crypto rx=0 tx=0 comp rx=0 tx=0)._handle_peer_banner_payload supported=3 required=0
2024-05-20T20:35:29.606 INFO:teuthology.orchestra.run.smithi089.stdout:/usr/bin/ceph: stderr
2024-05-20T20:35:28.644+0000 7f9cb7e00700 1 --2- 172.21.15.89:0/83238015 >> [v2:172.21.15.89:6800/814429102,v1:172.21.15.89:6801/814429102] conn(0x7f9ca003e570 0x7f9ca0040a30 secure :-1 s=READY pgs=10 cs=0 l=1 rev1=1 crypto rx=0x7f9ca4006fd0 tx=0x7f9ca4006e40 comp rx=0 tx=0).ready entity=mgr.14152 client_cookie=0 server_cookie=0 in_seq=0 out_seq=0
2024-05-20T20:35:29.606 INFO:teuthology.orchestra.run.smithi089.stdout:/usr/bin/ceph: stderr
2024-05-20T20:35:28.649+0000 7f9cb5600700 1 -- 172.21.15.89:0/83238015 <== mon.0 v2:172.21.15.89:3300/0 6 ==== mon_command_ack([{"prefix": "get_command_descriptions"}]=0 v0) ==== 72+0+191963 (secure 0 0 0) 0x7f9cac01f030 con 0x7f9cb810fca0
2024-05-20T20:35:29.606 INFO:teuthology.orchestra.run.smithi089.stdout:/usr/bin/ceph: stderr
2024-05-20T20:35:28.877+0000 7f9cbe400700 1 -- 172.21.15.89:0/83238015 --> [v2:172.21.15.89:3300/0,v1:172.21.15.89:6789/0] -- mon_command([{prefix=config set, name=osd_memory_target_autotune}] v 0) -- 0x7f9cb81a6df0 con 0x7f9cb810fca0
2024-05-20T20:35:29.606 INFO:teuthology.orchestra.run.smithi089.stdout:/usr/bin/ceph: stderr
2024-05-20T20:35:28.879+0000 7f9cb5600700 1 -- 172.21.15.89:0/83238015 <== mon.0 v2:172.21.15.89:3300/0 7 ==== mon_command_ack([{prefix=config set, name=osd_memory_target_autotune}]=0 v8)=0 v8) ==== 127+0+0 (secure 0 0 0) 0x7f9cac02bda0 con 0x7f9cb810fca0
2024-05-20T20:35:29.606 INFO:teuthology.orchestra.run.smithi089.stdout:/usr/bin/ceph: stderr
2024-05-20T20:35:28.882+0000 7f9cbe400700 1 -- 172.21.15.89:0/83238015 >> [v2:172.21.15.89:6800/814429102,v1:172.21.15.89:6801/814429102] conn(0x7f9ca003e570 msgr2=0x7f9ca0040a30 secure :-1 s=STATE_CONNECTION_ESTABLISHED l=1).mark_down
2024-05-20T20:35:29.606 INFO:teuthology.orchestra.run.smithi089.stdout:/usr/bin/ceph: stderr
2024-05-20T20:35:28.882+0000 7f9cbe400700 1 --2- 172.21.15.89:0/83238015 >> [v2:172.21.15.89:6800/814429102,v1:172.21.15.89:6801/814429102] conn(0x7f9ca003e570 0x7f9ca0040a30 secure :-1 s=READY pgs=10 cs=0 l=1 rev1=1 crypto rx=0x7f9ca4006fd0 tx=0x7f9ca4006e40 comp rx=0 tx=0).stop
2024-05-20T20:35:29.607 INFO:teuthology.orchestra.run.smithi089.stdout:/usr/bin/ceph: stderr
2024-05-20T20:35:28.882+0000 7f9cbe400700 1 -- 172.21.15.89:0/83238015 >> [v2:172.21.15.89:3300/0,v1:172.21.15.89:6789/0] conn(0x7f9cb810fca0 msgr2=0x7f9cb81a3310 secure :-1 s=STATE_CONNECTION_ESTABLISHED l=1).mark_down
2024-05-20T20:35:29.607 INFO:teuthology.orchestra.run.smithi089.stdout:/usr/bin/ceph: stderr
2024-05-20T20:35:28.882+0000 7f9cbe400700 1 --2- 172.21.15.89:0/83238015 >> [v2:172.21.15.89:3300/0,v1:172.21.15.89:6789/0] conn(0x7f9cb810fca0 0x7f9cb81a3310 secure :-1 s=READY pgs=77 cs=0 l=1 rev1=1 crypto rx=0x7f9cac0116e0 tx=0x7f9cac011aa0 comp rx=0 tx=0).stop
2024-05-20T20:35:29.607 INFO:teuthology.orchestra.run.smithi089.stdout:/usr/bin/ceph: stderr
2024-05-20T20:35:28.882+0000 7f9cbe400700 1 -- 172.21.15.89:0/83238015 shutdown_connections
2024-05-20T20:35:29.607 INFO:teuthology.orchestra.run.smithi089.stdout:/usr/bin/ceph: stderr
2024-05-20T20:35:28.882+0000 7f9cbe400700 1 --2- 172.21.15.89:0/83238015 >> [v2:172.21.15.89:6800/814429102,v1:172.21.15.89:6801/814429102] conn(0x7f9ca003e570 0x7f9ca0040a30 unknown :-1 s=CLOSED pgs=10 cs=0 l=1 rev1=1 crypto rx=0 tx=0 comp rx=0 tx=0).stop
2024-05-20T20:35:29.607 INFO:teuthology.orchestra.run.smithi089.stdout:/usr/bin/ceph: stderr
2024-05-20T20:35:28.882+0000 7f9cbe400700 1 --2- 172.21.15.89:0/83238015 >> [v2:172.21.15.89:3300/0,v1:172.21.15.89:6789/0] conn(0x7f9cb810fca0 0x7f9cb81a3310 unknown :-1 s=CLOSED pgs=77 cs=0 l=1 rev1=1 crypto rx=0 tx=0 comp rx=0 tx=0).stop
2024-05-20T20:35:29.607 INFO:teuthology.orchestra.run.smithi089.stdout:/usr/bin/ceph: stderr
2024-05-20T20:35:28.882+0000 7f9cbe400700 1 -- 172.21.15.89:0/83238015 >> 172.21.15.89:0/83238015 conn(0x7f9cb807e3b0 msgr2=0x7f9cb807eea0 unknown :-1 s=STATE_NONE l=0).mark_down
2024-05-20T20:35:29.607 INFO:teuthology.orchestra.run.smithi089.stdout:/usr/bin/ceph: stderr
2024-05-20T20:35:28.882+0000 7f9cbe400700 1 -- 172.21.15.89:0/83238015 shutdown_connections
2024-05-20T20:35:29.607 INFO:teuthology.orchestra.run.smithi089.stdout:/usr/bin/ceph: stderr
2024-05-20T20:35:28.882+0000 7f9cbe400700 1 -- 172.21.15.89:0/83238015 wait complete.
2024-05-20T20:35:31.170 INFO:teuthology.orchestra.run.smithi089.stdout:/usr/bin/ceph: stderr
2024-05-20T20:35:30.168+0000 7f39dfe00700 1 Processor -- start
2024-05-20T20:35:31.171 INFO:teuthology.orchestra.run.smithi089.stdout:/usr/bin/ceph: stderr
2024-05-20T20:35:30.169+0000 7f39dfe00700 1 -- start start
2024-05-20T20:35:31.171 INFO:teuthology.orchestra.run.smithi089.stdout:/usr/bin/ceph: stderr
2024-05-20T20:35:30.169+0000 7f39dfe00700 1 --2- >> [v2:172.21.15.89:3300/0,v1:172.21.15.89:6789/0] conn(0x7f39d810fe70 0x7f39d8112260 unknown :-1 s=NONE pgs=0 cs=0 l=0 rev1=0 crypto rx=0 tx=0 comp rx=0 tx=0).connect
2024-05-20T20:35:31.171 INFO:teuthology.orchestra.run.smithi089.stdout:/usr/bin/ceph: stderr
2024-05-20T20:35:30.169+0000 7f39dfe00700 1 -- --> [v2:172.21.15.89:3300/0,v1:172.21.15.89:6789/0] -- mon_getmap magic: 0 -- 0x7f39d81127a0 con 0x7f39d810fe70
2024-05-20T20:35:31.171 INFO:teuthology.orchestra.run.smithi089.stdout:/usr/bin/ceph: stderr
2024-05-20T20:35:30.169+0000 7f39dd400700 1 --2- >> [v2:172.21.15.89:3300/0,v1:172.21.15.89:6789/0] conn(0x7f39d810fe70 0x7f39d8112260 unknown :-1 s=BANNER_CONNECTING pgs=0 cs=0 l=0 rev1=0 crypto rx=0 tx=0 comp rx=0 tx=0)._handle_peer_banner_payload supported=3 required=0
2024-05-20T20:35:31.171 INFO:teuthology.orchestra.run.smithi089.stdout:/usr/bin/ceph: stderr
2024-05-20T20:35:30.170+0000 7f39dd400700 1 --2- >> [v2:172.21.15.89:3300/0,v1:172.21.15.89:6789/0] conn(0x7f39d810fe70 0x7f39d8112260 unknown :-1 s=HELLO_CONNECTING pgs=0 cs=0 l=0 rev1=1 crypto rx=0 tx=0 comp rx=0 tx=0).handle_hello peer v2:172.21.15.89:3300/0 says I am v2:172.21.15.89:40396/0 (socket says 172.21.15.89:40396)
2024-05-20T20:35:31.171 INFO:teuthology.orchestra.run.smithi089.stdout:/usr/bin/ceph: stderr
2024-05-20T20:35:30.170+0000 7f39dd400700 1 -- 172.21.15.89:0/3982887704 learned_addr learned my addr 172.21.15.89:0/3982887704 (peer_addr_for_me v2:172.21.15.89:0/0)
2024-05-20T20:35:31.171 INFO:teuthology.orchestra.run.smithi089.stdout:/usr/bin/ceph: stderr
2024-05-20T20:35:30.170+0000 7f39dd400700 1 -- 172.21.15.89:0/3982887704 --> [v2:172.21.15.89:3300/0,v1:172.21.15.89:6789/0] -- mon_subscribe({config=0+,monmap=0+}) -- 0x7f39d8112920 con 0x7f39d810fe70
2024-05-20T20:35:31.171 INFO:teuthology.orchestra.run.smithi089.stdout:/usr/bin/ceph: stderr
2024-05-20T20:35:30.170+0000 7f39dd400700 1 --2- 172.21.15.89:0/3982887704 >> [v2:172.21.15.89:3300/0,v1:172.21.15.89:6789/0] conn(0x7f39d810fe70 0x7f39d8112260 secure :-1 s=READY pgs=78 cs=0 l=1 rev1=1 crypto rx=0x7f39cc0098a0 tx=0x7f39cc009bb0 comp rx=0 tx=0).ready entity=mon.0 client_cookie=b86159171cbfe08 server_cookie=0 in_seq=0 out_seq=0
2024-05-20T20:35:31.171 INFO:teuthology.orchestra.run.smithi089.stdout:/usr/bin/ceph: stderr
2024-05-20T20:35:30.171+0000 7f39d7e00700 1 -- 172.21.15.89:0/3982887704 <== mon.0 v2:172.21.15.89:3300/0 1 ==== mon_map magic: 0 ==== 205+0+0 (secure 0 0 0) 0x7f39cc004160 con 0x7f39d810fe70
2024-05-20T20:35:31.172 INFO:teuthology.orchestra.run.smithi089.stdout:/usr/bin/ceph: stderr
2024-05-20T20:35:30.171+0000 7f39d7e00700 1 -- 172.21.15.89:0/3982887704 <== mon.0 v2:172.21.15.89:3300/0 2 ==== config(26 keys) ==== 1101+0+0 (secure 0 0 0) 0x7f39cc004300 con 0x7f39d810fe70
2024-05-20T20:35:31.172 INFO:teuthology.orchestra.run.smithi089.stdout:/usr/bin/ceph: stderr
2024-05-20T20:35:30.171+0000 7f39d7e00700 1 -- 172.21.15.89:0/3982887704 <== mon.0 v2:172.21.15.89:3300/0 3 ==== mon_map magic: 0 ==== 205+0+0 (secure 0 0 0) 0x7f39cc011a20 con 0x7f39d810fe70
2024-05-20T20:35:31.172 INFO:teuthology.orchestra.run.smithi089.stdout:/usr/bin/ceph: stderr
2024-05-20T20:35:30.171+0000 7f39dfe00700 1 -- 172.21.15.89:0/3982887704 >> [v2:172.21.15.89:3300/0,v1:172.21.15.89:6789/0] conn(0x7f39d810fe70 msgr2=0x7f39d8112260 secure :-1 s=STATE_CONNECTION_ESTABLISHED l=1).mark_down
2024-05-20T20:35:31.172 INFO:teuthology.orchestra.run.smithi089.stdout:/usr/bin/ceph: stderr
2024-05-20T20:35:30.171+0000 7f39dfe00700 1 --2- 172.21.15.89:0/3982887704 >> [v2:172.21.15.89:3300/0,v1:172.21.15.89:6789/0] conn(0x7f39d810fe70 0x7f39d8112260 secure :-1 s=READY pgs=78 cs=0 l=1 rev1=1 crypto rx=0x7f39cc0098a0 tx=0x7f39cc009bb0 comp rx=0 tx=0).stop
2024-05-20T20:35:31.172 INFO:teuthology.orchestra.run.smithi089.stdout:/usr/bin/ceph: stderr
2024-05-20T20:35:30.171+0000 7f39dfe00700 1 -- 172.21.15.89:0/3982887704 shutdown_connections
2024-05-20T20:35:31.172 INFO:teuthology.orchestra.run.smithi089.stdout:/usr/bin/ceph: stderr
2024-05-20T20:35:30.171+0000 7f39dfe00700 1 --2- 172.21.15.89:0/3982887704 >> [v2:172.21.15.89:3300/0,v1:172.21.15.89:6789/0] conn(0x7f39d810fe70 0x7f39d8112260 unknown :-1 s=CLOSED pgs=78 cs=0 l=1 rev1=1 crypto rx=0 tx=0 comp rx=0 tx=0).stop
2024-05-20T20:35:31.172 INFO:teuthology.orchestra.run.smithi089.stdout:/usr/bin/ceph: stderr
2024-05-20T20:35:30.171+0000 7f39dfe00700 1 -- 172.21.15.89:0/3982887704 >> 172.21.15.89:0/3982887704 conn(0x7f39d807e690 msgr2=0x7f39d8080af0 unknown :-1 s=STATE_NONE l=0).mark_down
2024-05-20T20:35:31.172 INFO:teuthology.orchestra.run.smithi089.stdout:/usr/bin/ceph: stderr
2024-05-20T20:35:30.172+0000 7f39dfe00700 1 -- 172.21.15.89:0/3982887704 shutdown_connections
2024-05-20T20:35:31.172 INFO:teuthology.orchestra.run.smithi089.stdout:/usr/bin/ceph: stderr
2024-05-20T20:35:30.172+0000 7f39dfe00700 1 -- 172.21.15.89:0/3982887704 wait complete.
2024-05-20T20:35:31.172 INFO:teuthology.orchestra.run.smithi089.stdout:/usr/bin/ceph: stderr
2024-05-20T20:35:30.173+0000 7f39dfe00700 1 Processor -- start
2024-05-20T20:35:31.172 INFO:teuthology.orchestra.run.smithi089.stdout:/usr/bin/ceph: stderr
2024-05-20T20:35:30.173+0000 7f39dfe00700 1 -- start start
2024-05-20T20:35:31.172 INFO:teuthology.orchestra.run.smithi089.stdout:/usr/bin/ceph: stderr
2024-05-20T20:35:30.173+0000 7f39dfe00700 1 --2- >> [v2:172.21.15.89:3300/0,v1:172.21.15.89:6789/0] conn(0x7f39d810fe70 0x7f39d81a3430 unknown :-1 s=NONE pgs=0 cs=0 l=1 rev1=0 crypto rx=0 tx=0 comp rx=0 tx=0).connect
2024-05-20T20:35:31.172 INFO:teuthology.orchestra.run.smithi089.stdout:/usr/bin/ceph: stderr
2024-05-20T20:35:30.173+0000 7f39dfe00700 1 -- --> [v2:172.21.15.89:3300/0,v1:172.21.15.89:6789/0] -- mon_getmap magic: 0 -- 0x7f39d8113980 con 0x7f39d810fe70
2024-05-20T20:35:31.173 INFO:teuthology.orchestra.run.smithi089.stdout:/usr/bin/ceph: stderr
2024-05-20T20:35:30.173+0000 7f39dd400700 1 --2- >> [v2:172.21.15.89:3300/0,v1:172.21.15.89:6789/0] conn(0x7f39d810fe70 0x7f39d81a3430 unknown :-1 s=BANNER_CONNECTING pgs=0 cs=0 l=1 rev1=0 crypto rx=0 tx=0 comp rx=0 tx=0)._handle_peer_banner_payload supported=3 required=0
2024-05-20T20:35:31.173 INFO:teuthology.orchestra.run.smithi089.stdout:/usr/bin/ceph: stderr
2024-05-20T20:35:30.173+0000 7f39dd400700 1 --2- >> [v2:172.21.15.89:3300/0,v1:172.21.15.89:6789/0] conn(0x7f39d810fe70 0x7f39d81a3430 unknown :-1 s=HELLO_CONNECTING pgs=0 cs=0 l=1 rev1=1 crypto rx=0 tx=0 comp rx=0 tx=0).handle_hello peer v2:172.21.15.89:3300/0 says I am v2:172.21.15.89:40398/0 (socket says 172.21.15.89:40398)
2024-05-20T20:35:31.173 INFO:teuthology.orchestra.run.smithi089.stdout:/usr/bin/ceph: stderr
2024-05-20T20:35:30.173+0000 7f39dd400700 1 -- 172.21.15.89:0/3298314961 learned_addr learned my addr 172.21.15.89:0/3298314961 (peer_addr_for_me v2:172.21.15.89:0/0)
2024-05-20T20:35:31.173 INFO:teuthology.orchestra.run.smithi089.stdout:/usr/bin/ceph: stderr
2024-05-20T20:35:30.174+0000 7f39dd400700 1 -- 172.21.15.89:0/3298314961 --> [v2:172.21.15.89:3300/0,v1:172.21.15.89:6789/0] -- mon_subscribe({config=0+,monmap=0+}) -- 0x7f39d81a3970 con 0x7f39d810fe70
2024-05-20T20:35:31.173 INFO:teuthology.orchestra.run.smithi089.stdout:/usr/bin/ceph: stderr
2024-05-20T20:35:30.174+0000 7f39dd400700 1 --2- 172.21.15.89:0/3298314961 >> [v2:172.21.15.89:3300/0,v1:172.21.15.89:6789/0] conn(0x7f39d810fe70 0x7f39d81a3430 secure :-1 s=READY pgs=79 cs=0 l=1 rev1=1 crypto rx=0x7f39cc000c00 tx=0x7f39cc011aa0 comp rx=0 tx=0).ready entity=mon.0 client_cookie=0 server_cookie=0 in_seq=0 out_seq=0
2024-05-20T20:35:31.173 INFO:teuthology.orchestra.run.smithi089.stdout:/usr/bin/ceph: stderr
2024-05-20T20:35:30.174+0000 7f39d6000700 1 -- 172.21.15.89:0/3298314961 <== mon.0 v2:172.21.15.89:3300/0 1 ==== mon_map magic: 0 ==== 205+0+0 (secure 0 0 0) 0x7f39cc003aa0 con 0x7f39d810fe70
2024-05-20T20:35:31.173 INFO:teuthology.orchestra.run.smithi089.stdout:/usr/bin/ceph: stderr
2024-05-20T20:35:30.174+0000 7f39d6000700 1 -- 172.21.15.89:0/3298314961 <== mon.0 v2:172.21.15.89:3300/0 2 ==== config(26 keys) ==== 1101+0+0 (secure 0 0 0) 0x7f39cc01b8f0 con 0x7f39d810fe70
2024-05-20T20:35:31.173 INFO:teuthology.orchestra.run.smithi089.stdout:/usr/bin/ceph: stderr
2024-05-20T20:35:30.174+0000 7f39dfe00700 1 -- 172.21.15.89:0/3298314961 --> [v2:172.21.15.89:3300/0,v1:172.21.15.89:6789/0] -- mon_subscribe({mgrmap=0+}) -- 0x7f39d81a3c00 con 0x7f39d810fe70
2024-05-20T20:35:31.173 INFO:teuthology.orchestra.run.smithi089.stdout:/usr/bin/ceph: stderr
2024-05-20T20:35:30.174+0000 7f39d6000700 1 -- 172.21.15.89:0/3298314961 <== mon.0 v2:172.21.15.89:3300/0 3 ==== mon_map magic: 0 ==== 205+0+0 (secure 0 0 0) 0x7f39cc023870 con 0x7f39d810fe70
2024-05-20T20:35:31.173 INFO:teuthology.orchestra.run.smithi089.stdout:/usr/bin/ceph: stderr
2024-05-20T20:35:30.175+0000 7f39dfe00700 1 -- 172.21.15.89:0/3298314961 --> [v2:172.21.15.89:3300/0,v1:172.21.15.89:6789/0] -- mon_subscribe({osdmap=0}) -- 0x7f39d81a68f0 con 0x7f39d810fe70
2024-05-20T20:35:31.173 INFO:teuthology.orchestra.run.smithi089.stdout:/usr/bin/ceph: stderr
2024-05-20T20:35:30.176+0000 7f39dfe00700 1 -- 172.21.15.89:0/3298314961 --> [v2:172.21.15.89:3300/0,v1:172.21.15.89:6789/0] -- mon_command({"prefix": "get_command_descriptions"} v 0) -- 0x7f39d8064ba0 con 0x7f39d810fe70
2024-05-20T20:35:31.173 INFO:teuthology.orchestra.run.smithi089.stdout:/usr/bin/ceph: stderr
2024-05-20T20:35:30.176+0000 7f39d6000700 1 -- 172.21.15.89:0/3298314961 <== mon.0 v2:172.21.15.89:3300/0 4 ==== mgrmap(e 13) ==== 50278+0+0 (secure 0 0 0) 0x7f39cc023b70 con 0x7f39d810fe70
2024-05-20T20:35:31.173 INFO:teuthology.orchestra.run.smithi089.stdout:/usr/bin/ceph: stderr
2024-05-20T20:35:30.176+0000 7f39d6000700 1 --2- 172.21.15.89:0/3298314961 >> [v2:172.21.15.89:6800/814429102,v1:172.21.15.89:6801/814429102] conn(0x7f39c003e560 0x7f39c0040a20 unknown :-1 s=NONE pgs=0 cs=0 l=1 rev1=0 crypto rx=0 tx=0 comp rx=0 tx=0).connect
2024-05-20T20:35:31.173 INFO:teuthology.orchestra.run.smithi089.stdout:/usr/bin/ceph: stderr
2024-05-20T20:35:30.177+0000 7f39d6000700 1 -- 172.21.15.89:0/3298314961 <== mon.0 v2:172.21.15.89:3300/0 5 ==== osd_map(3..3 src has 1..3) ==== 1155+0+0 (secure 0 0 0) 0x7f39cc0540a0 con 0x7f39d810fe70
2024-05-20T20:35:31.174 INFO:teuthology.orchestra.run.smithi089.stdout:/usr/bin/ceph: stderr
2024-05-20T20:35:30.177+0000 7f39dca00700 1 --2- 172.21.15.89:0/3298314961 >> [v2:172.21.15.89:6800/814429102,v1:172.21.15.89:6801/814429102] conn(0x7f39c003e560 0x7f39c0040a20 unknown :-1 s=BANNER_CONNECTING pgs=0 cs=0 l=1 rev1=0 crypto rx=0 tx=0 comp rx=0 tx=0)._handle_peer_banner_payload supported=3 required=0
2024-05-20T20:35:31.174 INFO:teuthology.orchestra.run.smithi089.stdout:/usr/bin/ceph: stderr
2024-05-20T20:35:30.178+0000 7f39dca00700 1 --2- 172.21.15.89:0/3298314961 >> [v2:172.21.15.89:6800/814429102,v1:172.21.15.89:6801/814429102] conn(0x7f39c003e560 0x7f39c0040a20 secure :-1 s=READY pgs=11 cs=0 l=1 rev1=1 crypto rx=0x7f39c4006fd0 tx=0x7f39c4006e40 comp rx=0 tx=0).ready entity=mgr.14152 client_cookie=0 server_cookie=0 in_seq=0 out_seq=0
2024-05-20T20:35:31.174 INFO:teuthology.orchestra.run.smithi089.stdout:/usr/bin/ceph: stderr
2024-05-20T20:35:30.182+0000 7f39d6000700 1 -- 172.21.15.89:0/3298314961 <== mon.0 v2:172.21.15.89:3300/0 6 ==== mon_command_ack([{"prefix": "get_command_descriptions"}]=0 v0) ==== 72+0+191963 (secure 0 0 0) 0x7f39cc01f030 con 0x7f39d810fe70
2024-05-20T20:35:31.174 INFO:teuthology.orchestra.run.smithi089.stdout:/usr/bin/ceph: stderr
2024-05-20T20:35:30.534+0000 7f39dfe00700 1 -- 172.21.15.89:0/3298314961 --> [v2:172.21.15.89:3300/0,v1:172.21.15.89:6789/0] -- mon_command([{prefix=config-key set, key=mgr/dashboard/cluster/status}] v 0) -- 0x7f39d81a6ac0 con 0x7f39d810fe70
2024-05-20T20:35:31.174 INFO:teuthology.orchestra.run.smithi089.stdout:/usr/bin/ceph: stderr
2024-05-20T20:35:30.538+0000 7f39d6000700 1 -- 172.21.15.89:0/3298314961 <== mon.0 v2:172.21.15.89:3300/0 7 ==== mon_command_ack([{prefix=config-key set, key=mgr/dashboard/cluster/status}]=0 set mgr/dashboard/cluster/status v28)=0 set mgr/dashboard/cluster/status v28) ==== 153+0+0 (secure 0 0 0) 0x7f39cc02bdb0 con 0x7f39d810fe70
2024-05-20T20:35:31.174 INFO:teuthology.orchestra.run.smithi089.stdout:/usr/bin/ceph: stderr
2024-05-20T20:35:30.541+0000 7f39dfe00700 1 -- 172.21.15.89:0/3298314961 >> [v2:172.21.15.89:6800/814429102,v1:172.21.15.89:6801/814429102] conn(0x7f39c003e560 msgr2=0x7f39c0040a20 secure :-1 s=STATE_CONNECTION_ESTABLISHED l=1).mark_down
2024-05-20T20:35:31.174 INFO:teuthology.orchestra.run.smithi089.stdout:/usr/bin/ceph: stderr
2024-05-20T20:35:30.541+0000 7f39dfe00700 1 --2- 172.21.15.89:0/3298314961 >> [v2:172.21.15.89:6800/814429102,v1:172.21.15.89:6801/814429102] conn(0x7f39c003e560 0x7f39c0040a20 secure :-1 s=READY pgs=11 cs=0 l=1 rev1=1 crypto rx=0x7f39c4006fd0 tx=0x7f39c4006e40 comp rx=0 tx=0).stop
2024-05-20T20:35:31.174 INFO:teuthology.orchestra.run.smithi089.stdout:/usr/bin/ceph: stderr
2024-05-20T20:35:30.541+0000 7f39dfe00700 1 -- 172.21.15.89:0/3298314961 >> [v2:172.21.15.89:3300/0,v1:172.21.15.89:6789/0] conn(0x7f39d810fe70 msgr2=0x7f39d81a3430 secure :-1 s=STATE_CONNECTION_ESTABLISHED l=1).mark_down
2024-05-20T20:35:31.174 INFO:teuthology.orchestra.run.smithi089.stdout:/usr/bin/ceph: stderr
2024-05-20T20:35:30.541+0000 7f39dfe00700 1 --2- 172.21.15.89:0/3298314961 >> [v2:172.21.15.89:3300/0,v1:172.21.15.89:6789/0] conn(0x7f39d810fe70 0x7f39d81a3430 secure :-1 s=READY pgs=79 cs=0 l=1 rev1=1 crypto rx=0x7f39cc000c00 tx=0x7f39cc011aa0 comp rx=0 tx=0).stop
2024-05-20T20:35:31.174 INFO:teuthology.orchestra.run.smithi089.stdout:/usr/bin/ceph: stderr
2024-05-20T20:35:30.542+0000 7f39dfe00700 1 -- 172.21.15.89:0/3298314961 shutdown_connections
2024-05-20T20:35:31.174 INFO:teuthology.orchestra.run.smithi089.stdout:/usr/bin/ceph: stderr
2024-05-20T20:35:30.542+0000 7f39dfe00700 1 --2- 172.21.15.89:0/3298314961 >> [v2:172.21.15.89:6800/814429102,v1:172.21.15.89:6801/814429102] conn(0x7f39c003e560 0x7f39c0040a20 unknown :-1 s=CLOSED pgs=11 cs=0 l=1 rev1=1 crypto rx=0 tx=0 comp rx=0 tx=0).stop
2024-05-20T20:35:31.174 INFO:teuthology.orchestra.run.smithi089.stdout:/usr/bin/ceph: stderr
2024-05-20T20:35:30.542+0000 7f39dfe00700 1 --2- 172.21.15.89:0/3298314961 >> [v2:172.21.15.89:3300/0,v1:172.21.15.89:6789/0] conn(0x7f39d810fe70 0x7f39d81a3430 secure :-1 s=CLOSED pgs=79 cs=0 l=1 rev1=1 crypto rx=0x7f39cc000c00 tx=0x7f39cc011aa0 comp rx=0 tx=0).stop
2024-05-20T20:35:31.175 INFO:teuthology.orchestra.run.smithi089.stdout:/usr/bin/ceph: stderr
2024-05-20T20:35:30.542+0000 7f39dfe00700 1 -- 172.21.15.89:0/3298314961 >> 172.21.15.89:0/3298314961 conn(0x7f39d807e690 msgr2=0x7f39d80801b0 unknown :-1 s=STATE_NONE l=0).mark_down
2024-05-20T20:35:31.175 INFO:teuthology.orchestra.run.smithi089.stdout:/usr/bin/ceph: stderr
2024-05-20T20:35:30.542+0000 7f39dfe00700 1 -- 172.21.15.89:0/3298314961 shutdown_connections
2024-05-20T20:35:31.175 INFO:teuthology.orchestra.run.smithi089.stdout:/usr/bin/ceph: stderr
2024-05-20T20:35:30.542+0000 7f39dfe00700 1 -- 172.21.15.89:0/3298314961 wait complete.
2024-05-20T20:35:31.175 INFO:teuthology.orchestra.run.smithi089.stdout:/usr/bin/ceph: stderr set mgr/dashboard/cluster/status
2024-05-20T20:35:31.175 INFO:teuthology.orchestra.run.smithi089.stdout:You can access the Ceph CLI as following in case of multi-cluster or non-default config:
2024-05-20T20:35:31.175 INFO:teuthology.orchestra.run.smithi089.stdout:
2024-05-20T20:35:31.175 INFO:teuthology.orchestra.run.smithi089.stdout: sudo /home/ubuntu/cephtest/cephadm shell --fsid 28128bc2-16e8-11ef-bc9a-c7b262605968 -c /etc/ceph/ceph.conf -k /etc/ceph/ceph.client.admin.keyring
2024-05-20T20:35:31.175 INFO:teuthology.orchestra.run.smithi089.stdout:
2024-05-20T20:35:31.175 INFO:teuthology.orchestra.run.smithi089.stdout:Or, if you are only running a single cluster on this host:
2024-05-20T20:35:31.175 INFO:teuthology.orchestra.run.smithi089.stdout:
2024-05-20T20:35:31.175 INFO:teuthology.orchestra.run.smithi089.stdout: sudo /home/ubuntu/cephtest/cephadm shell
2024-05-20T20:35:31.175 INFO:teuthology.orchestra.run.smithi089.stdout:
2024-05-20T20:35:31.175 INFO:teuthology.orchestra.run.smithi089.stdout:Please consider enabling telemetry to help improve Ceph:
2024-05-20T20:35:31.176 INFO:teuthology.orchestra.run.smithi089.stdout:
2024-05-20T20:35:31.176 INFO:teuthology.orchestra.run.smithi089.stdout: ceph telemetry on
2024-05-20T20:35:31.176 INFO:teuthology.orchestra.run.smithi089.stdout:
2024-05-20T20:35:31.176 INFO:teuthology.orchestra.run.smithi089.stdout:For more information see:
2024-05-20T20:35:31.176 INFO:teuthology.orchestra.run.smithi089.stdout:
2024-05-20T20:35:31.176 INFO:teuthology.orchestra.run.smithi089.stdout: https://docs.ceph.com/en/latest/mgr/telemetry/
2024-05-20T20:35:31.176 INFO:teuthology.orchestra.run.smithi089.stdout:
2024-05-20T20:35:31.176 INFO:teuthology.orchestra.run.smithi089.stdout:Bootstrap complete.
2024-05-20T20:35:31.254 INFO:tasks.cephadm:Fetching config...
2024-05-20T20:35:31.255 DEBUG:teuthology.orchestra.run.smithi089:> set -ex
2024-05-20T20:35:31.255 DEBUG:teuthology.orchestra.run.smithi089:> dd if=/etc/ceph/ceph.conf of=/dev/stdout
2024-05-20T20:35:31.301 INFO:tasks.cephadm:Fetching client.admin keyring...
2024-05-20T20:35:31.301 DEBUG:teuthology.orchestra.run.smithi089:> set -ex
2024-05-20T20:35:31.301 DEBUG:teuthology.orchestra.run.smithi089:> dd if=/etc/ceph/ceph.client.admin.keyring of=/dev/stdout
2024-05-20T20:35:31.379 INFO:tasks.cephadm:Fetching mon keyring...
2024-05-20T20:35:31.379 DEBUG:teuthology.orchestra.run.smithi089:> set -ex
2024-05-20T20:35:31.379 DEBUG:teuthology.orchestra.run.smithi089:> sudo dd if=/var/lib/ceph/28128bc2-16e8-11ef-bc9a-c7b262605968/mon.a/keyring of=/dev/stdout
2024-05-20T20:35:31.495 INFO:tasks.cephadm:Fetching pub ssh key...
2024-05-20T20:35:31.496 DEBUG:teuthology.orchestra.run.smithi089:> set -ex
2024-05-20T20:35:31.496 DEBUG:teuthology.orchestra.run.smithi089:> dd if=/home/ubuntu/cephtest/ceph.pub of=/dev/stdout
2024-05-20T20:35:31.544 INFO:tasks.cephadm:Installing pub ssh key for root users...
2024-05-20T20:35:31.545 DEBUG:teuthology.orchestra.run.smithi089:> sudo install -d -m 0700 /root/.ssh && echo 'ssh-rsa AAAAB3NzaC1yc2EAAAADAQABAAABgQCbJC6FdTFwPZKu/pWADVK9ufFuPwvK4hYskM5iDWIc82TWy/w/0KP8iN5zt44+NWIoP443PWr/stzQYxBgE8jjgil7RtT9aTUvSb/SgmHSnf47r7GD/WnhXKw1yeGOTWHLyyeQrs7K9y15Xx4kUrJ/bJI89XZ1I2ykONink4GYA9j+572CY4VEKYJGFOc5prazU1BIlFEx3q/DrsmNHsuSC6uy17dD/H75BeYUCQ8oKIYJ4Agn0ugHRNT/bx4R8s0zzEhA9rNW8pB1NLWqxgOyzQ51XyeHIXLnkz2lE2bhmazfXDhbCk684G6TzPtts2GyiUUxFaMY787BTZFgAGn2tobn1g7OeF8QRiW38gap8dASLhJbS6FBIUuAxMMtLQDhjNuXXoJuL5G8Fq3rijurSmk3WIC7rPHBXs476oOZJU64aNfa3KEgqiOVXhJNHMn0yYrHzAy8nEXq8mLCWiXLe4w/hLSqDtByZCbUxRbgFOUNzaUw9b49nkK8VXZlYdU= ceph-28128bc2-16e8-11ef-bc9a-c7b262605968' | sudo tee -a /root/.ssh/authorized_keys && sudo chmod 0600 /root/.ssh/authorized_keys
2024-05-20T20:35:31.679 INFO:teuthology.orchestra.run.smithi089.stdout:ssh-rsa AAAAB3NzaC1yc2EAAAADAQABAAABgQCbJC6FdTFwPZKu/pWADVK9ufFuPwvK4hYskM5iDWIc82TWy/w/0KP8iN5zt44+NWIoP443PWr/stzQYxBgE8jjgil7RtT9aTUvSb/SgmHSnf47r7GD/WnhXKw1yeGOTWHLyyeQrs7K9y15Xx4kUrJ/bJI89XZ1I2ykONink4GYA9j+572CY4VEKYJGFOc5prazU1BIlFEx3q/DrsmNHsuSC6uy17dD/H75BeYUCQ8oKIYJ4Agn0ugHRNT/bx4R8s0zzEhA9rNW8pB1NLWqxgOyzQ51XyeHIXLnkz2lE2bhmazfXDhbCk684G6TzPtts2GyiUUxFaMY787BTZFgAGn2tobn1g7OeF8QRiW38gap8dASLhJbS6FBIUuAxMMtLQDhjNuXXoJuL5G8Fq3rijurSmk3WIC7rPHBXs476oOZJU64aNfa3KEgqiOVXhJNHMn0yYrHzAy8nEXq8mLCWiXLe4w/hLSqDtByZCbUxRbgFOUNzaUw9b49nkK8VXZlYdU= ceph-28128bc2-16e8-11ef-bc9a-c7b262605968
2024-05-20T20:35:31.698 INFO:journalctl@ceph.mon.a.smithi089.stdout:May 20 20:35:31 smithi089 ceph-mon[31154]: from='client.? 172.21.15.89:0/3298314961' entity='client.admin'
2024-05-20T20:35:31.708 DEBUG:teuthology.orchestra.run.smithi106:> sudo install -d -m 0700 /root/.ssh && echo 'ssh-rsa AAAAB3NzaC1yc2EAAAADAQABAAABgQCbJC6FdTFwPZKu/pWADVK9ufFuPwvK4hYskM5iDWIc82TWy/w/0KP8iN5zt44+NWIoP443PWr/stzQYxBgE8jjgil7RtT9aTUvSb/SgmHSnf47r7GD/WnhXKw1yeGOTWHLyyeQrs7K9y15Xx4kUrJ/bJI89XZ1I2ykONink4GYA9j+572CY4VEKYJGFOc5prazU1BIlFEx3q/DrsmNHsuSC6uy17dD/H75BeYUCQ8oKIYJ4Agn0ugHRNT/bx4R8s0zzEhA9rNW8pB1NLWqxgOyzQ51XyeHIXLnkz2lE2bhmazfXDhbCk684G6TzPtts2GyiUUxFaMY787BTZFgAGn2tobn1g7OeF8QRiW38gap8dASLhJbS6FBIUuAxMMtLQDhjNuXXoJuL5G8Fq3rijurSmk3WIC7rPHBXs476oOZJU64aNfa3KEgqiOVXhJNHMn0yYrHzAy8nEXq8mLCWiXLe4w/hLSqDtByZCbUxRbgFOUNzaUw9b49nkK8VXZlYdU= ceph-28128bc2-16e8-11ef-bc9a-c7b262605968' | sudo tee -a /root/.ssh/authorized_keys && sudo chmod 0600 /root/.ssh/authorized_keys
2024-05-20T20:35:31.750 INFO:teuthology.orchestra.run.smithi106.stdout:ssh-rsa AAAAB3NzaC1yc2EAAAADAQABAAABgQCbJC6FdTFwPZKu/pWADVK9ufFuPwvK4hYskM5iDWIc82TWy/w/0KP8iN5zt44+NWIoP443PWr/stzQYxBgE8jjgil7RtT9aTUvSb/SgmHSnf47r7GD/WnhXKw1yeGOTWHLyyeQrs7K9y15Xx4kUrJ/bJI89XZ1I2ykONink4GYA9j+572CY4VEKYJGFOc5prazU1BIlFEx3q/DrsmNHsuSC6uy17dD/H75BeYUCQ8oKIYJ4Agn0ugHRNT/bx4R8s0zzEhA9rNW8pB1NLWqxgOyzQ51XyeHIXLnkz2lE2bhmazfXDhbCk684G6TzPtts2GyiUUxFaMY787BTZFgAGn2tobn1g7OeF8QRiW38gap8dASLhJbS6FBIUuAxMMtLQDhjNuXXoJuL5G8Fq3rijurSmk3WIC7rPHBXs476oOZJU64aNfa3KEgqiOVXhJNHMn0yYrHzAy8nEXq8mLCWiXLe4w/hLSqDtByZCbUxRbgFOUNzaUw9b49nkK8VXZlYdU= ceph-28128bc2-16e8-11ef-bc9a-c7b262605968
2024-05-20T20:35:31.762 DEBUG:teuthology.orchestra.run.smithi115:> sudo install -d -m 0700 /root/.ssh && echo 'ssh-rsa AAAAB3NzaC1yc2EAAAADAQABAAABgQCbJC6FdTFwPZKu/pWADVK9ufFuPwvK4hYskM5iDWIc82TWy/w/0KP8iN5zt44+NWIoP443PWr/stzQYxBgE8jjgil7RtT9aTUvSb/SgmHSnf47r7GD/WnhXKw1yeGOTWHLyyeQrs7K9y15Xx4kUrJ/bJI89XZ1I2ykONink4GYA9j+572CY4VEKYJGFOc5prazU1BIlFEx3q/DrsmNHsuSC6uy17dD/H75BeYUCQ8oKIYJ4Agn0ugHRNT/bx4R8s0zzEhA9rNW8pB1NLWqxgOyzQ51XyeHIXLnkz2lE2bhmazfXDhbCk684G6TzPtts2GyiUUxFaMY787BTZFgAGn2tobn1g7OeF8QRiW38gap8dASLhJbS6FBIUuAxMMtLQDhjNuXXoJuL5G8Fq3rijurSmk3WIC7rPHBXs476oOZJU64aNfa3KEgqiOVXhJNHMn0yYrHzAy8nEXq8mLCWiXLe4w/hLSqDtByZCbUxRbgFOUNzaUw9b49nkK8VXZlYdU= ceph-28128bc2-16e8-11ef-bc9a-c7b262605968' | sudo tee -a /root/.ssh/authorized_keys && sudo chmod 0600 /root/.ssh/authorized_keys
2024-05-20T20:35:31.803 INFO:teuthology.orchestra.run.smithi115.stdout:ssh-rsa AAAAB3NzaC1yc2EAAAADAQABAAABgQCbJC6FdTFwPZKu/pWADVK9ufFuPwvK4hYskM5iDWIc82TWy/w/0KP8iN5zt44+NWIoP443PWr/stzQYxBgE8jjgil7RtT9aTUvSb/SgmHSnf47r7GD/WnhXKw1yeGOTWHLyyeQrs7K9y15Xx4kUrJ/bJI89XZ1I2ykONink4GYA9j+572CY4VEKYJGFOc5prazU1BIlFEx3q/DrsmNHsuSC6uy17dD/H75BeYUCQ8oKIYJ4Agn0ugHRNT/bx4R8s0zzEhA9rNW8pB1NLWqxgOyzQ51XyeHIXLnkz2lE2bhmazfXDhbCk684G6TzPtts2GyiUUxFaMY787BTZFgAGn2tobn1g7OeF8QRiW38gap8dASLhJbS6FBIUuAxMMtLQDhjNuXXoJuL5G8Fq3rijurSmk3WIC7rPHBXs476oOZJU64aNfa3KEgqiOVXhJNHMn0yYrHzAy8nEXq8mLCWiXLe4w/hLSqDtByZCbUxRbgFOUNzaUw9b49nkK8VXZlYdU= ceph-28128bc2-16e8-11ef-bc9a-c7b262605968
2024-05-20T20:35:31.815 DEBUG:teuthology.orchestra.run.smithi089:> sudo /home/ubuntu/cephtest/cephadm --image quay-quay-quay.apps.os.sepia.ceph.com/ceph-ci/ceph:4ebd1d5361d457738957dc0455bba90102296634 shell -c /etc/ceph/ceph.conf -k /etc/ceph/ceph.client.admin.keyring --fsid 28128bc2-16e8-11ef-bc9a-c7b262605968 -- ceph config set mgr mgr/cephadm/allow_ptrace true
2024-05-20T20:35:32.216 INFO:teuthology.orchestra.run.smithi089.stderr:Inferring config /var/lib/ceph/28128bc2-16e8-11ef-bc9a-c7b262605968/mon.a/config
2024-05-20T20:35:34.946 INFO:teuthology.orchestra.run.smithi089.stderr:2024-05-20T20:35:34.941+0000 7f638c800700 1 -- 172.21.15.89:0/628629738 >> [v2:172.21.15.89:3300/0,v1:172.21.15.89:6789/0] conn(0x7f6384102fa0 msgr2=0x7f63841033c0 secure :-1 s=STATE_CONNECTION_ESTABLISHED l=1).mark_down
2024-05-20T20:35:34.946 INFO:teuthology.orchestra.run.smithi089.stderr:2024-05-20T20:35:34.941+0000 7f638c800700 1 --2- 172.21.15.89:0/628629738 >> [v2:172.21.15.89:3300/0,v1:172.21.15.89:6789/0] conn(0x7f6384102fa0 0x7f63841033c0 secure :-1 s=READY pgs=80 cs=0 l=1 rev1=1 crypto rx=0x7f6378009910 tx=0x7f6378009c20 comp rx=0 tx=0).stop
2024-05-20T20:35:34.946 INFO:teuthology.orchestra.run.smithi089.stderr:2024-05-20T20:35:34.941+0000 7f638c800700 1 -- 172.21.15.89:0/628629738 shutdown_connections
2024-05-20T20:35:34.946 INFO:teuthology.orchestra.run.smithi089.stderr:2024-05-20T20:35:34.941+0000 7f638c800700 1 --2- 172.21.15.89:0/628629738 >> [v2:172.21.15.89:3300/0,v1:172.21.15.89:6789/0] conn(0x7f6384102fa0 0x7f63841033c0 unknown :-1 s=CLOSED pgs=80 cs=0 l=1 rev1=1 crypto rx=0 tx=0 comp rx=0 tx=0).stop
2024-05-20T20:35:34.946 INFO:teuthology.orchestra.run.smithi089.stderr:2024-05-20T20:35:34.941+0000 7f638c800700 1 -- 172.21.15.89:0/628629738 >> 172.21.15.89:0/628629738 conn(0x7f63840fe540 msgr2=0x7f6384100980 unknown :-1 s=STATE_NONE l=0).mark_down
2024-05-20T20:35:34.946 INFO:teuthology.orchestra.run.smithi089.stderr:2024-05-20T20:35:34.941+0000 7f638c800700 1 -- 172.21.15.89:0/628629738 shutdown_connections
2024-05-20T20:35:34.946 INFO:teuthology.orchestra.run.smithi089.stderr:2024-05-20T20:35:34.941+0000 7f638c800700 1 -- 172.21.15.89:0/628629738 wait complete.
2024-05-20T20:35:34.947 INFO:teuthology.orchestra.run.smithi089.stderr:2024-05-20T20:35:34.943+0000 7f638c800700 1 Processor -- start
2024-05-20T20:35:34.947 INFO:teuthology.orchestra.run.smithi089.stderr:2024-05-20T20:35:34.943+0000 7f638c800700 1 -- start start
2024-05-20T20:35:34.947 INFO:teuthology.orchestra.run.smithi089.stderr:2024-05-20T20:35:34.943+0000 7f638c800700 1 --2- >> [v2:172.21.15.89:3300/0,v1:172.21.15.89:6789/0] conn(0x7f6384102fa0 0x7f638419a800 unknown :-1 s=NONE pgs=0 cs=0 l=1 rev1=0 crypto rx=0 tx=0 comp rx=0 tx=0).connect
2024-05-20T20:35:34.947 INFO:teuthology.orchestra.run.smithi089.stderr:2024-05-20T20:35:34.943+0000 7f638c800700 1 -- --> [v2:172.21.15.89:3300/0,v1:172.21.15.89:6789/0] -- mon_getmap magic: 0 -- 0x7f6384108ee0 con 0x7f6384102fa0
2024-05-20T20:35:34.947 INFO:teuthology.orchestra.run.smithi089.stderr:2024-05-20T20:35:34.944+0000 7f6389e00700 1 --2- >> [v2:172.21.15.89:3300/0,v1:172.21.15.89:6789/0] conn(0x7f6384102fa0 0x7f638419a800 unknown :-1 s=BANNER_CONNECTING pgs=0 cs=0 l=1 rev1=0 crypto rx=0 tx=0 comp rx=0 tx=0)._handle_peer_banner_payload supported=3 required=0
2024-05-20T20:35:34.947 INFO:teuthology.orchestra.run.smithi089.stderr:2024-05-20T20:35:34.944+0000 7f6389e00700 1 --2- >> [v2:172.21.15.89:3300/0,v1:172.21.15.89:6789/0] conn(0x7f6384102fa0 0x7f638419a800 unknown :-1 s=HELLO_CONNECTING pgs=0 cs=0 l=1 rev1=1 crypto rx=0 tx=0 comp rx=0 tx=0).handle_hello peer v2:172.21.15.89:3300/0 says I am v2:172.21.15.89:40414/0 (socket says 172.21.15.89:40414)
2024-05-20T20:35:34.947 INFO:teuthology.orchestra.run.smithi089.stderr:2024-05-20T20:35:34.944+0000 7f6389e00700 1 -- 172.21.15.89:0/4224667285 learned_addr learned my addr 172.21.15.89:0/4224667285 (peer_addr_for_me v2:172.21.15.89:0/0)
2024-05-20T20:35:34.947 INFO:teuthology.orchestra.run.smithi089.stderr:2024-05-20T20:35:34.944+0000 7f6389e00700 1 -- 172.21.15.89:0/4224667285 --> [v2:172.21.15.89:3300/0,v1:172.21.15.89:6789/0] -- mon_subscribe({config=0+,monmap=0+}) -- 0x7f638419ad40 con 0x7f6384102fa0
2024-05-20T20:35:34.947 INFO:teuthology.orchestra.run.smithi089.stderr:2024-05-20T20:35:34.944+0000 7f6389e00700 1 --2- 172.21.15.89:0/4224667285 >> [v2:172.21.15.89:3300/0,v1:172.21.15.89:6789/0] conn(0x7f6384102fa0 0x7f638419a800 secure :-1 s=READY pgs=81 cs=0 l=1 rev1=1 crypto rx=0x7f6378005950 tx=0x7f6378004fa0 comp rx=0 tx=0).ready entity=mon.0 client_cookie=0 server_cookie=0 in_seq=0 out_seq=0
2024-05-20T20:35:34.947 INFO:teuthology.orchestra.run.smithi089.stderr:2024-05-20T20:35:34.945+0000 7f637ea00700 1 -- 172.21.15.89:0/4224667285 <== mon.0 v2:172.21.15.89:3300/0 1 ==== mon_map magic: 0 ==== 205+0+0 (secure 0 0 0) 0x7f6378026070 con 0x7f6384102fa0
2024-05-20T20:35:34.947 INFO:teuthology.orchestra.run.smithi089.stderr:2024-05-20T20:35:34.945+0000 7f637ea00700 1 -- 172.21.15.89:0/4224667285 <== mon.0 v2:172.21.15.89:3300/0 2 ==== config(26 keys) ==== 1101+0+0 (secure 0 0 0) 0x7f637800bc00 con 0x7f6384102fa0
2024-05-20T20:35:34.947 INFO:teuthology.orchestra.run.smithi089.stderr:2024-05-20T20:35:34.945+0000 7f638c800700 1 -- 172.21.15.89:0/4224667285 --> [v2:172.21.15.89:3300/0,v1:172.21.15.89:6789/0] -- mon_subscribe({mgrmap=0+}) -- 0x7f638419afd0 con 0x7f6384102fa0
2024-05-20T20:35:34.947 INFO:teuthology.orchestra.run.smithi089.stderr:2024-05-20T20:35:34.945+0000 7f637ea00700 1 -- 172.21.15.89:0/4224667285 <== mon.0 v2:172.21.15.89:3300/0 3 ==== mon_map magic: 0 ==== 205+0+0 (secure 0 0 0) 0x7f6378003a10 con 0x7f6384102fa0
2024-05-20T20:35:34.948 INFO:teuthology.orchestra.run.smithi089.stderr:2024-05-20T20:35:34.945+0000 7f638c800700 1 -- 172.21.15.89:0/4224667285 --> [v2:172.21.15.89:3300/0,v1:172.21.15.89:6789/0] -- mon_subscribe({osdmap=0}) -- 0x7f638419dcc0 con 0x7f6384102fa0
2024-05-20T20:35:34.948 INFO:teuthology.orchestra.run.smithi089.stderr:2024-05-20T20:35:34.946+0000 7f638c800700 1 -- 172.21.15.89:0/4224667285 --> [v2:172.21.15.89:3300/0,v1:172.21.15.89:6789/0] -- mon_command({"prefix": "get_command_descriptions"} v 0) -- 0x7f6384109660 con 0x7f6384102fa0
2024-05-20T20:35:34.948 INFO:teuthology.orchestra.run.smithi089.stderr:2024-05-20T20:35:34.946+0000 7f637ea00700 1 -- 172.21.15.89:0/4224667285 <== mon.0 v2:172.21.15.89:3300/0 4 ==== mgrmap(e 13) ==== 50278+0+0 (secure 0 0 0) 0x7f6378029070 con 0x7f6384102fa0
2024-05-20T20:35:34.948 INFO:teuthology.orchestra.run.smithi089.stderr:2024-05-20T20:35:34.947+0000 7f637ea00700 1 --2- 172.21.15.89:0/4224667285 >> [v2:172.21.15.89:6800/814429102,v1:172.21.15.89:6801/814429102] conn(0x7f636c03e570 0x7f636c040a30 unknown :-1 s=NONE pgs=0 cs=0 l=1 rev1=0 crypto rx=0 tx=0 comp rx=0 tx=0).connect
2024-05-20T20:35:34.948 INFO:teuthology.orchestra.run.smithi089.stderr:2024-05-20T20:35:34.947+0000 7f637ea00700 1 -- 172.21.15.89:0/4224667285 <== mon.0 v2:172.21.15.89:3300/0 5 ==== osd_map(3..3 src has 1..3) ==== 1155+0+0 (secure 0 0 0) 0x7f637801e070 con 0x7f6384102fa0
2024-05-20T20:35:34.949 INFO:teuthology.orchestra.run.smithi089.stderr:2024-05-20T20:35:34.947+0000 7f6389400700 1 --2- 172.21.15.89:0/4224667285 >> [v2:172.21.15.89:6800/814429102,v1:172.21.15.89:6801/814429102] conn(0x7f636c03e570 0x7f636c040a30 unknown :-1 s=BANNER_CONNECTING pgs=0 cs=0 l=1 rev1=0 crypto rx=0 tx=0 comp rx=0 tx=0)._handle_peer_banner_payload supported=3 required=0
