2024-05-20T20:35:04.832 INFO:teuthology.orchestra.run.smithi089.stdout:/usr/bin/ceph: stderr
2024-05-20T20:35:03.928+0000 7ff872000700 1 -- 172.21.15.89:0/2033852437 <== mon.0 v2:172.21.15.89:3300/0 6 ==== mon_command_ack([{"prefix": "get_command_descriptions"}]=0 v0) ==== 72+0+191963 (secure 0 0 0) 0x7ff86801f030 con 0x7ff87410fe70
2024-05-20T20:35:04.832 INFO:teuthology.orchestra.run.smithi089.stdout:/usr/bin/ceph: stderr
2024-05-20T20:35:04.179+0000 7ff87c600700 1 -- 172.21.15.89:0/2033852437 --> [v2:172.21.15.89:6800/2675457014,v1:172.21.15.89:6801/2675457014] -- mgr_command(tid 0: {"prefix": "orch apply", "service_type": "mgr", "unmanaged": true, "target": ["mon-mgr", ""]}) -- 0x7ff8740808c0 con 0x7ff85c03e420
2024-05-20T20:35:04.833 INFO:teuthology.orchestra.run.smithi089.stdout:/usr/bin/ceph: stderr
2024-05-20T20:35:04.187+0000 7ff872000700 1 -- 172.21.15.89:0/2033852437 <== mgr.14120 v2:172.21.15.89:6800/2675457014 1 ==== mgr_command_reply(tid 0: 0 ) ==== 8+0+24 (secure 0 0 0) 0x7ff8740808c0 con 0x7ff85c03e420
2024-05-20T20:35:04.833 INFO:teuthology.orchestra.run.smithi089.stdout:/usr/bin/ceph: stderr
2024-05-20T20:35:04.190+0000 7ff87c600700 1 -- 172.21.15.89:0/2033852437 >> [v2:172.21.15.89:6800/2675457014,v1:172.21.15.89:6801/2675457014] conn(0x7ff85c03e420 msgr2=0x7ff85c0408e0 secure :-1 s=STATE_CONNECTION_ESTABLISHED l=1).mark_down
2024-05-20T20:35:04.834 INFO:teuthology.orchestra.run.smithi089.stdout:/usr/bin/ceph: stderr
2024-05-20T20:35:04.190+0000 7ff87c600700 1 --2- 172.21.15.89:0/2033852437 >> [v2:172.21.15.89:6800/2675457014,v1:172.21.15.89:6801/2675457014] conn(0x7ff85c03e420 0x7ff85c0408e0 secure :-1 s=READY pgs=13 cs=0 l=1 rev1=1 crypto rx=0x7ff864006fd0 tx=0x7ff864006e40 comp rx=0 tx=0).stop
2024-05-20T20:35:04.834 INFO:teuthology.orchestra.run.smithi089.stdout:/usr/bin/ceph: stderr
2024-05-20T20:35:04.190+0000 7ff87c600700 1 -- 172.21.15.89:0/2033852437 >> [v2:172.21.15.89:3300/0,v1:172.21.15.89:6789/0] conn(0x7ff87410fe70 msgr2=0x7ff8741a3430 secure :-1 s=STATE_CONNECTION_ESTABLISHED l=1).mark_down
2024-05-20T20:35:04.834 INFO:teuthology.orchestra.run.smithi089.stdout:/usr/bin/ceph: stderr
2024-05-20T20:35:04.190+0000 7ff87c600700 1 --2- 172.21.15.89:0/2033852437 >> [v2:172.21.15.89:3300/0,v1:172.21.15.89:6789/0] conn(0x7ff87410fe70 0x7ff8741a3430 secure :-1 s=READY pgs=50 cs=0 l=1 rev1=1 crypto rx=0x7ff8680116e0 tx=0x7ff868011aa0 comp rx=0 tx=0).stop
2024-05-20T20:35:04.834 INFO:teuthology.orchestra.run.smithi089.stdout:/usr/bin/ceph: stderr
2024-05-20T20:35:04.190+0000 7ff87c600700 1 -- 172.21.15.89:0/2033852437 shutdown_connections
2024-05-20T20:35:04.834 INFO:teuthology.orchestra.run.smithi089.stdout:/usr/bin/ceph: stderr
2024-05-20T20:35:04.190+0000 7ff87c600700 1 --2- 172.21.15.89:0/2033852437 >> [v2:172.21.15.89:6800/2675457014,v1:172.21.15.89:6801/2675457014] conn(0x7ff85c03e420 0x7ff85c0408e0 unknown :-1 s=CLOSED pgs=13 cs=0 l=1 rev1=1 crypto rx=0 tx=0 comp rx=0 tx=0).stop
2024-05-20T20:35:04.834 INFO:teuthology.orchestra.run.smithi089.stdout:/usr/bin/ceph: stderr
2024-05-20T20:35:04.190+0000 7ff87c600700 1 --2- 172.21.15.89:0/2033852437 >> [v2:172.21.15.89:3300/0,v1:172.21.15.89:6789/0] conn(0x7ff87410fe70 0x7ff8741a3430 unknown :-1 s=CLOSED pgs=50 cs=0 l=1 rev1=1 crypto rx=0 tx=0 comp rx=0 tx=0).stop
2024-05-20T20:35:04.834 INFO:teuthology.orchestra.run.smithi089.stdout:/usr/bin/ceph: stderr
2024-05-20T20:35:04.190+0000 7ff87c600700 1 -- 172.21.15.89:0/2033852437 >> 172.21.15.89:0/2033852437 conn(0x7ff87407e690 msgr2=0x7ff8740801b0 unknown :-1 s=STATE_NONE l=0).mark_down
2024-05-20T20:35:04.834 INFO:teuthology.orchestra.run.smithi089.stdout:/usr/bin/ceph: stderr
2024-05-20T20:35:04.190+0000 7ff87c600700 1 -- 172.21.15.89:0/2033852437 shutdown_connections
2024-05-20T20:35:04.834 INFO:teuthology.orchestra.run.smithi089.stdout:/usr/bin/ceph: stderr
2024-05-20T20:35:04.190+0000 7ff87c600700 1 -- 172.21.15.89:0/2033852437 wait complete.
2024-05-20T20:35:05.408 INFO:journalctl@ceph.mon.a.smithi089.stdout:May 20 20:35:05 smithi089 ceph-mon[31154]: from='client.14144 -' entity='client.admin' cmd=[{"prefix": "orch apply", "service_type": "mgr", "unmanaged": true, "target": ["mon-mgr", ""]}]: dispatch
2024-05-20T20:35:05.408 INFO:journalctl@ceph.mon.a.smithi089.stdout:May 20 20:35:05 smithi089 ceph-mon[31154]: Saving service mgr spec with placement count:2
2024-05-20T20:35:05.408 INFO:journalctl@ceph.mon.a.smithi089.stdout:May 20 20:35:05 smithi089 ceph-mon[31154]: from='mgr.14120 172.21.15.89:0/3195638421' entity='mgr.x'
2024-05-20T20:35:06.710 INFO:teuthology.orchestra.run.smithi089.stdout:/usr/bin/ceph: stderr
2024-05-20T20:35:05.519+0000 7f196e600700 1 Processor -- start
2024-05-20T20:35:06.711 INFO:teuthology.orchestra.run.smithi089.stdout:/usr/bin/ceph: stderr
2024-05-20T20:35:05.520+0000 7f196e600700 1 -- start start
2024-05-20T20:35:06.711 INFO:teuthology.orchestra.run.smithi089.stdout:/usr/bin/ceph: stderr
2024-05-20T20:35:05.520+0000 7f196e600700 1 --2- >> [v2:172.21.15.89:3300/0,v1:172.21.15.89:6789/0] conn(0x7f196807eeb0 0x7f196807d310 unknown :-1 s=NONE pgs=0 cs=0 l=0 rev1=0 crypto rx=0 tx=0 comp rx=0 tx=0).connect
2024-05-20T20:35:06.711 INFO:teuthology.orchestra.run.smithi089.stdout:/usr/bin/ceph: stderr
2024-05-20T20:35:05.520+0000 7f196e600700 1 -- --> [v2:172.21.15.89:3300/0,v1:172.21.15.89:6789/0] -- mon_getmap magic: 0 -- 0x7f196807d8e0 con 0x7f196807eeb0
2024-05-20T20:35:06.711 INFO:teuthology.orchestra.run.smithi089.stdout:/usr/bin/ceph: stderr
2024-05-20T20:35:05.520+0000 7f1967400700 1 --2- >> [v2:172.21.15.89:3300/0,v1:172.21.15.89:6789/0] conn(0x7f196807eeb0 0x7f196807d310 unknown :-1 s=BANNER_CONNECTING pgs=0 cs=0 l=0 rev1=0 crypto rx=0 tx=0 comp rx=0 tx=0)._handle_peer_banner_payload supported=3 required=0
2024-05-20T20:35:06.711 INFO:teuthology.orchestra.run.smithi089.stdout:/usr/bin/ceph: stderr
2024-05-20T20:35:05.521+0000 7f1967400700 1 --2- >> [v2:172.21.15.89:3300/0,v1:172.21.15.89:6789/0] conn(0x7f196807eeb0 0x7f196807d310 unknown :-1 s=HELLO_CONNECTING pgs=0 cs=0 l=0 rev1=1 crypto rx=0 tx=0 comp rx=0 tx=0).handle_hello peer v2:172.21.15.89:3300/0 says I am v2:172.21.15.89:51386/0 (socket says 172.21.15.89:51386)
2024-05-20T20:35:06.711 INFO:teuthology.orchestra.run.smithi089.stdout:/usr/bin/ceph: stderr
2024-05-20T20:35:05.521+0000 7f1967400700 1 -- 172.21.15.89:0/3518685052 learned_addr learned my addr 172.21.15.89:0/3518685052 (peer_addr_for_me v2:172.21.15.89:0/0)
2024-05-20T20:35:06.711 INFO:teuthology.orchestra.run.smithi089.stdout:/usr/bin/ceph: stderr
2024-05-20T20:35:05.521+0000 7f1967400700 1 -- 172.21.15.89:0/3518685052 --> [v2:172.21.15.89:3300/0,v1:172.21.15.89:6789/0] -- mon_subscribe({config=0+,monmap=0+}) -- 0x7f196807da60 con 0x7f196807eeb0
2024-05-20T20:35:06.711 INFO:teuthology.orchestra.run.smithi089.stdout:/usr/bin/ceph: stderr
2024-05-20T20:35:05.521+0000 7f1967400700 1 --2- 172.21.15.89:0/3518685052 >> [v2:172.21.15.89:3300/0,v1:172.21.15.89:6789/0] conn(0x7f196807eeb0 0x7f196807d310 secure :-1 s=READY pgs=51 cs=0 l=1 rev1=1 crypto rx=0x7f19580098a0 tx=0x7f1958009bb0 comp rx=0 tx=0).ready entity=mon.0 client_cookie=ca604e8b480b3541 server_cookie=0 in_seq=0 out_seq=0
2024-05-20T20:35:06.711 INFO:teuthology.orchestra.run.smithi089.stdout:/usr/bin/ceph: stderr
2024-05-20T20:35:05.521+0000 7f1966000700 1 -- 172.21.15.89:0/3518685052 <== mon.0 v2:172.21.15.89:3300/0 1 ==== mon_map magic: 0 ==== 205+0+0 (secure 0 0 0) 0x7f1958004160 con 0x7f196807eeb0
2024-05-20T20:35:06.711 INFO:teuthology.orchestra.run.smithi089.stdout:/usr/bin/ceph: stderr
2024-05-20T20:35:05.522+0000 7f1966000700 1 -- 172.21.15.89:0/3518685052 <== mon.0 v2:172.21.15.89:3300/0 2 ==== config(26 keys) ==== 1101+0+0 (secure 0 0 0) 0x7f1958004300 con 0x7f196807eeb0
2024-05-20T20:35:06.711 INFO:teuthology.orchestra.run.smithi089.stdout:/usr/bin/ceph: stderr
2024-05-20T20:35:05.522+0000 7f1966000700 1 -- 172.21.15.89:0/3518685052 <== mon.0 v2:172.21.15.89:3300/0 3 ==== mon_map magic: 0 ==== 205+0+0 (secure 0 0 0) 0x7f1958011a20 con 0x7f196807eeb0
2024-05-20T20:35:06.711 INFO:teuthology.orchestra.run.smithi089.stdout:/usr/bin/ceph: stderr
2024-05-20T20:35:05.522+0000 7f196e600700 1 -- 172.21.15.89:0/3518685052 >> [v2:172.21.15.89:3300/0,v1:172.21.15.89:6789/0] conn(0x7f196807eeb0 msgr2=0x7f196807d310 secure :-1 s=STATE_CONNECTION_ESTABLISHED l=1).mark_down
2024-05-20T20:35:06.712 INFO:teuthology.orchestra.run.smithi089.stdout:/usr/bin/ceph: stderr
2024-05-20T20:35:05.522+0000 7f196e600700 1 --2- 172.21.15.89:0/3518685052 >> [v2:172.21.15.89:3300/0,v1:172.21.15.89:6789/0] conn(0x7f196807eeb0 0x7f196807d310 secure :-1 s=READY pgs=51 cs=0 l=1 rev1=1 crypto rx=0x7f19580098a0 tx=0x7f1958009bb0 comp rx=0 tx=0).stop
2024-05-20T20:35:06.712 INFO:teuthology.orchestra.run.smithi089.stdout:/usr/bin/ceph: stderr
2024-05-20T20:35:05.522+0000 7f196e600700 1 -- 172.21.15.89:0/3518685052 shutdown_connections
2024-05-20T20:35:06.712 INFO:teuthology.orchestra.run.smithi089.stdout:/usr/bin/ceph: stderr
2024-05-20T20:35:05.522+0000 7f196e600700 1 --2- 172.21.15.89:0/3518685052 >> [v2:172.21.15.89:3300/0,v1:172.21.15.89:6789/0] conn(0x7f196807eeb0 0x7f196807d310 unknown :-1 s=CLOSED pgs=51 cs=0 l=1 rev1=1 crypto rx=0 tx=0 comp rx=0 tx=0).stop
2024-05-20T20:35:06.712 INFO:teuthology.orchestra.run.smithi089.stdout:/usr/bin/ceph: stderr
2024-05-20T20:35:05.522+0000 7f196e600700 1 -- 172.21.15.89:0/3518685052 >> 172.21.15.89:0/3518685052 conn(0x7f1968104600 msgr2=0x7f1968106a20 unknown :-1 s=STATE_NONE l=0).mark_down
2024-05-20T20:35:06.712 INFO:teuthology.orchestra.run.smithi089.stdout:/usr/bin/ceph: stderr
2024-05-20T20:35:05.523+0000 7f196e600700 1 -- 172.21.15.89:0/3518685052 shutdown_connections
2024-05-20T20:35:06.712 INFO:teuthology.orchestra.run.smithi089.stdout:/usr/bin/ceph: stderr
2024-05-20T20:35:05.523+0000 7f196e600700 1 -- 172.21.15.89:0/3518685052 wait complete.
2024-05-20T20:35:06.712 INFO:teuthology.orchestra.run.smithi089.stdout:/usr/bin/ceph: stderr
2024-05-20T20:35:05.524+0000 7f196e600700 1 Processor -- start
2024-05-20T20:35:06.712 INFO:teuthology.orchestra.run.smithi089.stdout:/usr/bin/ceph: stderr
2024-05-20T20:35:05.524+0000 7f196e600700 1 -- start start
2024-05-20T20:35:06.712 INFO:teuthology.orchestra.run.smithi089.stdout:/usr/bin/ceph: stderr
2024-05-20T20:35:05.524+0000 7f196e600700 1 --2- >> [v2:172.21.15.89:3300/0,v1:172.21.15.89:6789/0] conn(0x7f196807eeb0 0x7f196819f130 unknown :-1 s=NONE pgs=0 cs=0 l=1 rev1=0 crypto rx=0 tx=0 comp rx=0 tx=0).connect
2024-05-20T20:35:06.712 INFO:teuthology.orchestra.run.smithi089.stdout:/usr/bin/ceph: stderr
2024-05-20T20:35:05.524+0000 7f196e600700 1 -- --> [v2:172.21.15.89:3300/0,v1:172.21.15.89:6789/0] -- mon_getmap magic: 0 -- 0x7f196810f650 con 0x7f196807eeb0
2024-05-20T20:35:06.712 INFO:teuthology.orchestra.run.smithi089.stdout:/usr/bin/ceph: stderr
2024-05-20T20:35:05.524+0000 7f1967400700 1 --2- >> [v2:172.21.15.89:3300/0,v1:172.21.15.89:6789/0] conn(0x7f196807eeb0 0x7f196819f130 unknown :-1 s=BANNER_CONNECTING pgs=0 cs=0 l=1 rev1=0 crypto rx=0 tx=0 comp rx=0 tx=0)._handle_peer_banner_payload supported=3 required=0
2024-05-20T20:35:06.712 INFO:teuthology.orchestra.run.smithi089.stdout:/usr/bin/ceph: stderr
2024-05-20T20:35:05.524+0000 7f1967400700 1 --2- >> [v2:172.21.15.89:3300/0,v1:172.21.15.89:6789/0] conn(0x7f196807eeb0 0x7f196819f130 unknown :-1 s=HELLO_CONNECTING pgs=0 cs=0 l=1 rev1=1 crypto rx=0 tx=0 comp rx=0 tx=0).handle_hello peer v2:172.21.15.89:3300/0 says I am v2:172.21.15.89:51400/0 (socket says 172.21.15.89:51400)
2024-05-20T20:35:06.712 INFO:teuthology.orchestra.run.smithi089.stdout:/usr/bin/ceph: stderr
2024-05-20T20:35:05.524+0000 7f1967400700 1 -- 172.21.15.89:0/2474956180 learned_addr learned my addr 172.21.15.89:0/2474956180 (peer_addr_for_me v2:172.21.15.89:0/0)
2024-05-20T20:35:06.712 INFO:teuthology.orchestra.run.smithi089.stdout:/usr/bin/ceph: stderr
2024-05-20T20:35:05.525+0000 7f1967400700 1 -- 172.21.15.89:0/2474956180 --> [v2:172.21.15.89:3300/0,v1:172.21.15.89:6789/0] -- mon_subscribe({config=0+,monmap=0+}) -- 0x7f196819f670 con 0x7f196807eeb0
2024-05-20T20:35:06.713 INFO:teuthology.orchestra.run.smithi089.stdout:/usr/bin/ceph: stderr
2024-05-20T20:35:05.525+0000 7f1967400700 1 --2- 172.21.15.89:0/2474956180 >> [v2:172.21.15.89:3300/0,v1:172.21.15.89:6789/0] conn(0x7f196807eeb0 0x7f196819f130 secure :-1 s=READY pgs=52 cs=0 l=1 rev1=1 crypto rx=0x7f1958009520 tx=0x7f1958011aa0 comp rx=0 tx=0).ready entity=mon.0 client_cookie=0 server_cookie=0 in_seq=0 out_seq=0
2024-05-20T20:35:06.713 INFO:teuthology.orchestra.run.smithi089.stdout:/usr/bin/ceph: stderr
2024-05-20T20:35:05.525+0000 7f195fe00700 1 -- 172.21.15.89:0/2474956180 <== mon.0 v2:172.21.15.89:3300/0 1 ==== mon_map magic: 0 ==== 205+0+0 (secure 0 0 0) 0x7f19580038b0 con 0x7f196807eeb0
2024-05-20T20:35:06.713 INFO:teuthology.orchestra.run.smithi089.stdout:/usr/bin/ceph: stderr
2024-05-20T20:35:05.525+0000 7f195fe00700 1 -- 172.21.15.89:0/2474956180 <== mon.0 v2:172.21.15.89:3300/0 2 ==== config(26 keys) ==== 1101+0+0 (secure 0 0 0) 0x7f1958003a50 con 0x7f196807eeb0
2024-05-20T20:35:06.713 INFO:teuthology.orchestra.run.smithi089.stdout:/usr/bin/ceph: stderr
2024-05-20T20:35:05.525+0000 7f196e600700 1 -- 172.21.15.89:0/2474956180 --> [v2:172.21.15.89:3300/0,v1:172.21.15.89:6789/0] -- mon_subscribe({mgrmap=0+}) -- 0x7f196819f900 con 0x7f196807eeb0
2024-05-20T20:35:06.713 INFO:teuthology.orchestra.run.smithi089.stdout:/usr/bin/ceph: stderr
2024-05-20T20:35:05.525+0000 7f195fe00700 1 -- 172.21.15.89:0/2474956180 <== mon.0 v2:172.21.15.89:3300/0 3 ==== mon_map magic: 0 ==== 205+0+0 (secure 0 0 0) 0x7f1958019690 con 0x7f196807eeb0
2024-05-20T20:35:06.713 INFO:teuthology.orchestra.run.smithi089.stdout:/usr/bin/ceph: stderr
2024-05-20T20:35:05.526+0000 7f196e600700 1 -- 172.21.15.89:0/2474956180 --> [v2:172.21.15.89:3300/0,v1:172.21.15.89:6789/0] -- mon_subscribe({osdmap=0}) -- 0x7f19681a25f0 con 0x7f196807eeb0
2024-05-20T20:35:06.713 INFO:teuthology.orchestra.run.smithi089.stdout:/usr/bin/ceph: stderr
2024-05-20T20:35:05.527+0000 7f195fe00700 1 -- 172.21.15.89:0/2474956180 <== mon.0 v2:172.21.15.89:3300/0 4 ==== mgrmap(e 8) ==== 50222+0+0 (secure 0 0 0) 0x7f1958019900 con 0x7f196807eeb0
2024-05-20T20:35:06.713 INFO:teuthology.orchestra.run.smithi089.stdout:/usr/bin/ceph: stderr
2024-05-20T20:35:05.527+0000 7f196e600700 1 -- 172.21.15.89:0/2474956180 --> [v2:172.21.15.89:3300/0,v1:172.21.15.89:6789/0] -- mon_command({"prefix": "get_command_descriptions"} v 0) -- 0x7f1968064ba0 con 0x7f196807eeb0
2024-05-20T20:35:06.713 INFO:teuthology.orchestra.run.smithi089.stdout:/usr/bin/ceph: stderr
2024-05-20T20:35:05.527+0000 7f195fe00700 1 --2- 172.21.15.89:0/2474956180 >> [v2:172.21.15.89:6800/2675457014,v1:172.21.15.89:6801/2675457014] conn(0x7f194c03e4c0 0x7f194c040980 unknown :-1 s=NONE pgs=0 cs=0 l=1 rev1=0 crypto rx=0 tx=0 comp rx=0 tx=0).connect
2024-05-20T20:35:06.713 INFO:teuthology.orchestra.run.smithi089.stdout:/usr/bin/ceph: stderr
2024-05-20T20:35:05.527+0000 7f195fe00700 1 -- 172.21.15.89:0/2474956180 <== mon.0 v2:172.21.15.89:3300/0 5 ==== osd_map(2..2 src has 1..2) ==== 940+0+0 (secure 0 0 0) 0x7f1958053cf0 con 0x7f196807eeb0
2024-05-20T20:35:06.713 INFO:teuthology.orchestra.run.smithi089.stdout:/usr/bin/ceph: stderr
2024-05-20T20:35:05.528+0000 7f1966a00700 1 --2- 172.21.15.89:0/2474956180 >> [v2:172.21.15.89:6800/2675457014,v1:172.21.15.89:6801/2675457014] conn(0x7f194c03e4c0 0x7f194c040980 unknown :-1 s=BANNER_CONNECTING pgs=0 cs=0 l=1 rev1=0 crypto rx=0 tx=0 comp rx=0 tx=0)._handle_peer_banner_payload supported=3 required=0
2024-05-20T20:35:06.713 INFO:teuthology.orchestra.run.smithi089.stdout:/usr/bin/ceph: stderr
2024-05-20T20:35:05.528+0000 7f1966a00700 1 --2- 172.21.15.89:0/2474956180 >> [v2:172.21.15.89:6800/2675457014,v1:172.21.15.89:6801/2675457014] conn(0x7f194c03e4c0 0x7f194c040980 secure :-1 s=READY pgs=14 cs=0 l=1 rev1=1 crypto rx=0x7f1954006fd0 tx=0x7f1954006e40 comp rx=0 tx=0).ready entity=mgr.14120 client_cookie=0 server_cookie=0 in_seq=0 out_seq=0
2024-05-20T20:35:06.713 INFO:teuthology.orchestra.run.smithi089.stdout:/usr/bin/ceph: stderr
2024-05-20T20:35:05.533+0000 7f195fe00700 1 -- 172.21.15.89:0/2474956180 <== mon.0 v2:172.21.15.89:3300/0 6 ==== mon_command_ack([{"prefix": "get_command_descriptions"}]=0 v0) ==== 72+0+191963 (secure 0 0 0) 0x7f195802ce20 con 0x7f196807eeb0
2024-05-20T20:35:06.714 INFO:teuthology.orchestra.run.smithi089.stdout:/usr/bin/ceph: stderr
2024-05-20T20:35:05.770+0000 7f196e600700 1 -- 172.21.15.89:0/2474956180 --> [v2:172.21.15.89:3300/0,v1:172.21.15.89:6789/0] -- mon_command([{prefix=config set, name=mgr/cephadm/container_init}] v 0) -- 0x7f19681a2ba0 con 0x7f196807eeb0
2024-05-20T20:35:06.714 INFO:teuthology.orchestra.run.smithi089.stdout:/usr/bin/ceph: stderr
2024-05-20T20:35:05.775+0000 7f195fe00700 1 -- 172.21.15.89:0/2474956180 <== mon.0 v2:172.21.15.89:3300/0 7 ==== mon_command_ack([{prefix=config set, name=mgr/cephadm/container_init}]=0 v7)=0 v7) ==== 142+0+0 (secure 0 0 0) 0x7f195802d440 con 0x7f196807eeb0
2024-05-20T20:35:06.714 INFO:teuthology.orchestra.run.smithi089.stdout:/usr/bin/ceph: stderr
2024-05-20T20:35:05.779+0000 7f196e600700 1 -- 172.21.15.89:0/2474956180 >> [v2:172.21.15.89:6800/2675457014,v1:172.21.15.89:6801/2675457014] conn(0x7f194c03e4c0 msgr2=0x7f194c040980 secure :-1 s=STATE_CONNECTION_ESTABLISHED l=1).mark_down
2024-05-20T20:35:06.714 INFO:teuthology.orchestra.run.smithi089.stdout:/usr/bin/ceph: stderr
2024-05-20T20:35:05.779+0000 7f196e600700 1 --2- 172.21.15.89:0/2474956180 >> [v2:172.21.15.89:6800/2675457014,v1:172.21.15.89:6801/2675457014] conn(0x7f194c03e4c0 0x7f194c040980 secure :-1 s=READY pgs=14 cs=0 l=1 rev1=1 crypto rx=0x7f1954006fd0 tx=0x7f1954006e40 comp rx=0 tx=0).stop
2024-05-20T20:35:06.714 INFO:teuthology.orchestra.run.smithi089.stdout:/usr/bin/ceph: stderr
2024-05-20T20:35:05.779+0000 7f196e600700 1 -- 172.21.15.89:0/2474956180 >> [v2:172.21.15.89:3300/0,v1:172.21.15.89:6789/0] conn(0x7f196807eeb0 msgr2=0x7f196819f130 secure :-1 s=STATE_CONNECTION_ESTABLISHED l=1).mark_down
2024-05-20T20:35:06.714 INFO:teuthology.orchestra.run.smithi089.stdout:/usr/bin/ceph: stderr
2024-05-20T20:35:05.779+0000 7f196e600700 1 --2- 172.21.15.89:0/2474956180 >> [v2:172.21.15.89:3300/0,v1:172.21.15.89:6789/0] conn(0x7f196807eeb0 0x7f196819f130 secure :-1 s=READY pgs=52 cs=0 l=1 rev1=1 crypto rx=0x7f1958009520 tx=0x7f1958011aa0 comp rx=0 tx=0).stop
2024-05-20T20:35:06.714 INFO:teuthology.orchestra.run.smithi089.stdout:/usr/bin/ceph: stderr
2024-05-20T20:35:05.779+0000 7f196e600700 1 -- 172.21.15.89:0/2474956180 shutdown_connections
2024-05-20T20:35:06.714 INFO:teuthology.orchestra.run.smithi089.stdout:/usr/bin/ceph: stderr
2024-05-20T20:35:05.779+0000 7f196e600700 1 --2- 172.21.15.89:0/2474956180 >> [v2:172.21.15.89:6800/2675457014,v1:172.21.15.89:6801/2675457014] conn(0x7f194c03e4c0 0x7f194c040980 unknown :-1 s=CLOSED pgs=14 cs=0 l=1 rev1=1 crypto rx=0 tx=0 comp rx=0 tx=0).stop
2024-05-20T20:35:06.714 INFO:teuthology.orchestra.run.smithi089.stdout:/usr/bin/ceph: stderr
2024-05-20T20:35:05.779+0000 7f196e600700 1 --2- 172.21.15.89:0/2474956180 >> [v2:172.21.15.89:3300/0,v1:172.21.15.89:6789/0] conn(0x7f196807eeb0 0x7f196819f130 unknown :-1 s=CLOSED pgs=52 cs=0 l=1 rev1=1 crypto rx=0 tx=0 comp rx=0 tx=0).stop
2024-05-20T20:35:06.714 INFO:teuthology.orchestra.run.smithi089.stdout:/usr/bin/ceph: stderr
2024-05-20T20:35:05.779+0000 7f196e600700 1 -- 172.21.15.89:0/2474956180 >> 172.21.15.89:0/2474956180 conn(0x7f1968104600 msgr2=0x7f1968105110 unknown :-1 s=STATE_NONE l=0).mark_down
2024-05-20T20:35:06.714 INFO:teuthology.orchestra.run.smithi089.stdout:/usr/bin/ceph: stderr
2024-05-20T20:35:05.779+0000 7f196e600700 1 -- 172.21.15.89:0/2474956180 shutdown_connections
2024-05-20T20:35:06.714 INFO:teuthology.orchestra.run.smithi089.stdout:/usr/bin/ceph: stderr
2024-05-20T20:35:05.779+0000 7f196e600700 1 -- 172.21.15.89:0/2474956180 wait complete.
2024-05-20T20:35:07.117 INFO:journalctl@ceph.mon.a.smithi089.stdout:May 20 20:35:06 smithi089 ceph-mon[31154]: pgmap v3: 0 pgs: ; 0 B data, 0 B used, 0 B / 0 B avail
2024-05-20T20:35:07.117 INFO:journalctl@ceph.mon.a.smithi089.stdout:May 20 20:35:06 smithi089 ceph-mon[31154]: from='client.? 172.21.15.89:0/2474956180' entity='client.admin'
2024-05-20T20:35:08.408 INFO:journalctl@ceph.mon.a.smithi089.stdout:May 20 20:35:08 smithi089 ceph-mon[31154]: pgmap v4: 0 pgs: ; 0 B data, 0 B used, 0 B / 0 B avail
2024-05-20T20:35:08.408 INFO:journalctl@ceph.mon.a.smithi089.stdout:May 20 20:35:08 smithi089 ceph-mon[31154]: from='mgr.14120 172.21.15.89:0/3195638421' entity='mgr.x'
2024-05-20T20:35:08.408 INFO:journalctl@ceph.mon.a.smithi089.stdout:May 20 20:35:08 smithi089 ceph-mon[31154]: from='client.? 172.21.15.89:0/500435377' entity='client.admin'
2024-05-20T20:35:08.509 INFO:teuthology.orchestra.run.smithi089.stdout:/usr/bin/ceph: stderr
2024-05-20T20:35:07.560+0000 7fb587400700 1 Processor -- start
2024-05-20T20:35:08.509 INFO:teuthology.orchestra.run.smithi089.stdout:/usr/bin/ceph: stderr
2024-05-20T20:35:07.560+0000 7fb587400700 1 -- start start
2024-05-20T20:35:08.509 INFO:teuthology.orchestra.run.smithi089.stdout:/usr/bin/ceph: stderr
2024-05-20T20:35:07.561+0000 7fb587400700 1 --2- >> [v2:172.21.15.89:3300/0,v1:172.21.15.89:6789/0] conn(0x7fb58007ee20 0x7fb58007d2d0 unknown :-1 s=NONE pgs=0 cs=0 l=0 rev1=0 crypto rx=0 tx=0 comp rx=0 tx=0).connect
2024-05-20T20:35:08.509 INFO:teuthology.orchestra.run.smithi089.stdout:/usr/bin/ceph: stderr
2024-05-20T20:35:07.561+0000 7fb587400700 1 -- --> [v2:172.21.15.89:3300/0,v1:172.21.15.89:6789/0] -- mon_getmap magic: 0 -- 0x7fb58007d8a0 con 0x7fb58007ee20
2024-05-20T20:35:08.509 INFO:teuthology.orchestra.run.smithi089.stdout:/usr/bin/ceph: stderr
2024-05-20T20:35:07.561+0000 7fb584a00700 1 --2- >> [v2:172.21.15.89:3300/0,v1:172.21.15.89:6789/0] conn(0x7fb58007ee20 0x7fb58007d2d0 unknown :-1 s=BANNER_CONNECTING pgs=0 cs=0 l=0 rev1=0 crypto rx=0 tx=0 comp rx=0 tx=0)._handle_peer_banner_payload supported=3 required=0
2024-05-20T20:35:08.509 INFO:teuthology.orchestra.run.smithi089.stdout:/usr/bin/ceph: stderr
2024-05-20T20:35:07.561+0000 7fb584a00700 1 --2- >> [v2:172.21.15.89:3300/0,v1:172.21.15.89:6789/0] conn(0x7fb58007ee20 0x7fb58007d2d0 unknown :-1 s=HELLO_CONNECTING pgs=0 cs=0 l=0 rev1=1 crypto rx=0 tx=0 comp rx=0 tx=0).handle_hello peer v2:172.21.15.89:3300/0 says I am v2:172.21.15.89:51410/0 (socket says 172.21.15.89:51410)
2024-05-20T20:35:08.509 INFO:teuthology.orchestra.run.smithi089.stdout:/usr/bin/ceph: stderr
2024-05-20T20:35:07.561+0000 7fb584a00700 1 -- 172.21.15.89:0/3203085855 learned_addr learned my addr 172.21.15.89:0/3203085855 (peer_addr_for_me v2:172.21.15.89:0/0)
2024-05-20T20:35:08.509 INFO:teuthology.orchestra.run.smithi089.stdout:/usr/bin/ceph: stderr
2024-05-20T20:35:07.562+0000 7fb584a00700 1 -- 172.21.15.89:0/3203085855 --> [v2:172.21.15.89:3300/0,v1:172.21.15.89:6789/0] -- mon_subscribe({config=0+,monmap=0+}) -- 0x7fb58007da20 con 0x7fb58007ee20
2024-05-20T20:35:08.509 INFO:teuthology.orchestra.run.smithi089.stdout:/usr/bin/ceph: stderr
2024-05-20T20:35:07.562+0000 7fb584a00700 1 --2- 172.21.15.89:0/3203085855 >> [v2:172.21.15.89:3300/0,v1:172.21.15.89:6789/0] conn(0x7fb58007ee20 0x7fb58007d2d0 secure :-1 s=READY pgs=53 cs=0 l=1 rev1=1 crypto rx=0x7fb5740098a0 tx=0x7fb574009bb0 comp rx=0 tx=0).ready entity=mon.0 client_cookie=bb8a367defd907fb server_cookie=0 in_seq=0 out_seq=0
2024-05-20T20:35:08.510 INFO:teuthology.orchestra.run.smithi089.stdout:/usr/bin/ceph: stderr
2024-05-20T20:35:07.562+0000 7fb57f400700 1 -- 172.21.15.89:0/3203085855 <== mon.0 v2:172.21.15.89:3300/0 1 ==== mon_map magic: 0 ==== 205+0+0 (secure 0 0 0) 0x7fb574004160 con 0x7fb58007ee20
2024-05-20T20:35:08.510 INFO:teuthology.orchestra.run.smithi089.stdout:/usr/bin/ceph: stderr
2024-05-20T20:35:07.563+0000 7fb57f400700 1 -- 172.21.15.89:0/3203085855 <== mon.0 v2:172.21.15.89:3300/0 2 ==== config(26 keys) ==== 1101+0+0 (secure 0 0 0) 0x7fb574004300 con 0x7fb58007ee20
2024-05-20T20:35:08.510 INFO:teuthology.orchestra.run.smithi089.stdout:/usr/bin/ceph: stderr
2024-05-20T20:35:07.563+0000 7fb57f400700 1 -- 172.21.15.89:0/3203085855 <== mon.0 v2:172.21.15.89:3300/0 3 ==== mon_map magic: 0 ==== 205+0+0 (secure 0 0 0) 0x7fb574011a20 con 0x7fb58007ee20
2024-05-20T20:35:08.510 INFO:teuthology.orchestra.run.smithi089.stdout:/usr/bin/ceph: stderr
2024-05-20T20:35:07.563+0000 7fb587400700 1 -- 172.21.15.89:0/3203085855 >> [v2:172.21.15.89:3300/0,v1:172.21.15.89:6789/0] conn(0x7fb58007ee20 msgr2=0x7fb58007d2d0 secure :-1 s=STATE_CONNECTION_ESTABLISHED l=1).mark_down
2024-05-20T20:35:08.510 INFO:teuthology.orchestra.run.smithi089.stdout:/usr/bin/ceph: stderr
2024-05-20T20:35:07.563+0000 7fb587400700 1 --2- 172.21.15.89:0/3203085855 >> [v2:172.21.15.89:3300/0,v1:172.21.15.89:6789/0] conn(0x7fb58007ee20 0x7fb58007d2d0 secure :-1 s=READY pgs=53 cs=0 l=1 rev1=1 crypto rx=0x7fb5740098a0 tx=0x7fb574009bb0 comp rx=0 tx=0).stop
2024-05-20T20:35:08.510 INFO:teuthology.orchestra.run.smithi089.stdout:/usr/bin/ceph: stderr
2024-05-20T20:35:07.564+0000 7fb587400700 1 -- 172.21.15.89:0/3203085855 shutdown_connections
2024-05-20T20:35:08.510 INFO:teuthology.orchestra.run.smithi089.stdout:/usr/bin/ceph: stderr
2024-05-20T20:35:07.564+0000 7fb587400700 1 --2- 172.21.15.89:0/3203085855 >> [v2:172.21.15.89:3300/0,v1:172.21.15.89:6789/0] conn(0x7fb58007ee20 0x7fb58007d2d0 unknown :-1 s=CLOSED pgs=53 cs=0 l=1 rev1=1 crypto rx=0 tx=0 comp rx=0 tx=0).stop
2024-05-20T20:35:08.510 INFO:teuthology.orchestra.run.smithi089.stdout:/usr/bin/ceph: stderr
2024-05-20T20:35:07.564+0000 7fb587400700 1 -- 172.21.15.89:0/3203085855 >> 172.21.15.89:0/3203085855 conn(0x7fb580104600 msgr2=0x7fb580106a20 unknown :-1 s=STATE_NONE l=0).mark_down
2024-05-20T20:35:08.510 INFO:teuthology.orchestra.run.smithi089.stdout:/usr/bin/ceph: stderr
2024-05-20T20:35:07.564+0000 7fb587400700 1 -- 172.21.15.89:0/3203085855 shutdown_connections
2024-05-20T20:35:08.510 INFO:teuthology.orchestra.run.smithi089.stdout:/usr/bin/ceph: stderr
2024-05-20T20:35:07.564+0000 7fb587400700 1 -- 172.21.15.89:0/3203085855 wait complete.
2024-05-20T20:35:08.510 INFO:teuthology.orchestra.run.smithi089.stdout:/usr/bin/ceph: stderr
2024-05-20T20:35:07.565+0000 7fb587400700 1 Processor -- start
2024-05-20T20:35:08.510 INFO:teuthology.orchestra.run.smithi089.stdout:/usr/bin/ceph: stderr
2024-05-20T20:35:07.565+0000 7fb587400700 1 -- start start
2024-05-20T20:35:08.510 INFO:teuthology.orchestra.run.smithi089.stdout:/usr/bin/ceph: stderr
2024-05-20T20:35:07.566+0000 7fb587400700 1 --2- >> [v2:172.21.15.89:3300/0,v1:172.21.15.89:6789/0] conn(0x7fb58007ee20 0x7fb58019eff0 unknown :-1 s=NONE pgs=0 cs=0 l=1 rev1=0 crypto rx=0 tx=0 comp rx=0 tx=0).connect
2024-05-20T20:35:08.511 INFO:teuthology.orchestra.run.smithi089.stdout:/usr/bin/ceph: stderr
2024-05-20T20:35:07.566+0000 7fb587400700 1 -- --> [v2:172.21.15.89:3300/0,v1:172.21.15.89:6789/0] -- mon_getmap magic: 0 -- 0x7fb58010f580 con 0x7fb58007ee20
2024-05-20T20:35:08.511 INFO:teuthology.orchestra.run.smithi089.stdout:/usr/bin/ceph: stderr
2024-05-20T20:35:07.566+0000 7fb584a00700 1 --2- >> [v2:172.21.15.89:3300/0,v1:172.21.15.89:6789/0] conn(0x7fb58007ee20 0x7fb58019eff0 unknown :-1 s=BANNER_CONNECTING pgs=0 cs=0 l=1 rev1=0 crypto rx=0 tx=0 comp rx=0 tx=0)._handle_peer_banner_payload supported=3 required=0
2024-05-20T20:35:08.511 INFO:teuthology.orchestra.run.smithi089.stdout:/usr/bin/ceph: stderr
2024-05-20T20:35:07.566+0000 7fb584a00700 1 --2- >> [v2:172.21.15.89:3300/0,v1:172.21.15.89:6789/0] conn(0x7fb58007ee20 0x7fb58019eff0 unknown :-1 s=HELLO_CONNECTING pgs=0 cs=0 l=1 rev1=1 crypto rx=0 tx=0 comp rx=0 tx=0).handle_hello peer v2:172.21.15.89:3300/0 says I am v2:172.21.15.89:51422/0 (socket says 172.21.15.89:51422)
2024-05-20T20:35:08.511 INFO:teuthology.orchestra.run.smithi089.stdout:/usr/bin/ceph: stderr
2024-05-20T20:35:07.566+0000 7fb584a00700 1 -- 172.21.15.89:0/500435377 learned_addr learned my addr 172.21.15.89:0/500435377 (peer_addr_for_me v2:172.21.15.89:0/0)
2024-05-20T20:35:08.511 INFO:teuthology.orchestra.run.smithi089.stdout:/usr/bin/ceph: stderr
2024-05-20T20:35:07.566+0000 7fb584a00700 1 -- 172.21.15.89:0/500435377 --> [v2:172.21.15.89:3300/0,v1:172.21.15.89:6789/0] -- mon_subscribe({config=0+,monmap=0+}) -- 0x7fb58019f530 con 0x7fb58007ee20
2024-05-20T20:35:08.511 INFO:teuthology.orchestra.run.smithi089.stdout:/usr/bin/ceph: stderr
2024-05-20T20:35:07.567+0000 7fb584a00700 1 --2- 172.21.15.89:0/500435377 >> [v2:172.21.15.89:3300/0,v1:172.21.15.89:6789/0] conn(0x7fb58007ee20 0x7fb58019eff0 secure :-1 s=READY pgs=54 cs=0 l=1 rev1=1 crypto rx=0x7fb574000c00 tx=0x7fb574011aa0 comp rx=0 tx=0).ready entity=mon.0 client_cookie=0 server_cookie=0 in_seq=0 out_seq=0
2024-05-20T20:35:08.511 INFO:teuthology.orchestra.run.smithi089.stdout:/usr/bin/ceph: stderr
2024-05-20T20:35:07.567+0000 7fb57d600700 1 -- 172.21.15.89:0/500435377 <== mon.0 v2:172.21.15.89:3300/0 1 ==== mon_map magic: 0 ==== 205+0+0 (secure 0 0 0) 0x7fb574003aa0 con 0x7fb58007ee20
2024-05-20T20:35:08.513 INFO:teuthology.orchestra.run.smithi089.stdout:/usr/bin/ceph: stderr
2024-05-20T20:35:07.567+0000 7fb57d600700 1 -- 172.21.15.89:0/500435377 <== mon.0 v2:172.21.15.89:3300/0 2 ==== config(26 keys) ==== 1101+0+0 (secure 0 0 0) 0x7fb57401b8f0 con 0x7fb58007ee20
2024-05-20T20:35:08.513 INFO:teuthology.orchestra.run.smithi089.stdout:/usr/bin/ceph: stderr
2024-05-20T20:35:07.567+0000 7fb587400700 1 -- 172.21.15.89:0/500435377 --> [v2:172.21.15.89:3300/0,v1:172.21.15.89:6789/0] -- mon_subscribe({mgrmap=0+}) -- 0x7fb58019f7c0 con 0x7fb58007ee20
2024-05-20T20:35:08.514 INFO:teuthology.orchestra.run.smithi089.stdout:/usr/bin/ceph: stderr
2024-05-20T20:35:07.567+0000 7fb57d600700 1 -- 172.21.15.89:0/500435377 <== mon.0 v2:172.21.15.89:3300/0 3 ==== mon_map magic: 0 ==== 205+0+0 (secure 0 0 0) 0x7fb574023870 con 0x7fb58007ee20
2024-05-20T20:35:08.514 INFO:teuthology.orchestra.run.smithi089.stdout:/usr/bin/ceph: stderr
2024-05-20T20:35:07.567+0000 7fb587400700 1 -- 172.21.15.89:0/500435377 --> [v2:172.21.15.89:3300/0,v1:172.21.15.89:6789/0] -- mon_subscribe({osdmap=0}) -- 0x7fb5801a24b0 con 0x7fb58007ee20
2024-05-20T20:35:08.514 INFO:teuthology.orchestra.run.smithi089.stdout:/usr/bin/ceph: stderr
2024-05-20T20:35:07.569+0000 7fb57d600700 1 -- 172.21.15.89:0/500435377 <== mon.0 v2:172.21.15.89:3300/0 4 ==== mgrmap(e 8) ==== 50222+0+0 (secure 0 0 0) 0x7fb574023b70 con 0x7fb58007ee20
2024-05-20T20:35:08.514 INFO:teuthology.orchestra.run.smithi089.stdout:/usr/bin/ceph: stderr
2024-05-20T20:35:07.569+0000 7fb587400700 1 -- 172.21.15.89:0/500435377 --> [v2:172.21.15.89:3300/0,v1:172.21.15.89:6789/0] -- mon_command({"prefix": "get_command_descriptions"} v 0) -- 0x7fb580064ba0 con 0x7fb58007ee20
2024-05-20T20:35:08.514 INFO:teuthology.orchestra.run.smithi089.stdout:/usr/bin/ceph: stderr
2024-05-20T20:35:07.569+0000 7fb57d600700 1 --2- 172.21.15.89:0/500435377 >> [v2:172.21.15.89:6800/2675457014,v1:172.21.15.89:6801/2675457014] conn(0x7fb56803e470 0x7fb568040930 unknown :-1 s=NONE pgs=0 cs=0 l=1 rev1=0 crypto rx=0 tx=0 comp rx=0 tx=0).connect
2024-05-20T20:35:08.514 INFO:teuthology.orchestra.run.smithi089.stdout:/usr/bin/ceph: stderr
2024-05-20T20:35:07.569+0000 7fb57d600700 1 -- 172.21.15.89:0/500435377 <== mon.0 v2:172.21.15.89:3300/0 5 ==== osd_map(2..2 src has 1..2) ==== 940+0+0 (secure 0 0 0) 0x7fb574053e90 con 0x7fb58007ee20
2024-05-20T20:35:08.514 INFO:teuthology.orchestra.run.smithi089.stdout:/usr/bin/ceph: stderr
2024-05-20T20:35:07.569+0000 7fb57fe00700 1 --2- 172.21.15.89:0/500435377 >> [v2:172.21.15.89:6800/2675457014,v1:172.21.15.89:6801/2675457014] conn(0x7fb56803e470 0x7fb568040930 unknown :-1 s=BANNER_CONNECTING pgs=0 cs=0 l=1 rev1=0 crypto rx=0 tx=0 comp rx=0 tx=0)._handle_peer_banner_payload supported=3 required=0
2024-05-20T20:35:08.514 INFO:teuthology.orchestra.run.smithi089.stdout:/usr/bin/ceph: stderr
2024-05-20T20:35:07.570+0000 7fb57fe00700 1 --2- 172.21.15.89:0/500435377 >> [v2:172.21.15.89:6800/2675457014,v1:172.21.15.89:6801/2675457014] conn(0x7fb56803e470 0x7fb568040930 secure :-1 s=READY pgs=15 cs=0 l=1 rev1=1 crypto rx=0x7fb56c006fd0 tx=0x7fb56c006e40 comp rx=0 tx=0).ready entity=mgr.14120 client_cookie=0 server_cookie=0 in_seq=0 out_seq=0
2024-05-20T20:35:08.514 INFO:teuthology.orchestra.run.smithi089.stdout:/usr/bin/ceph: stderr
2024-05-20T20:35:07.579+0000 7fb57d600700 1 -- 172.21.15.89:0/500435377 <== mon.0 v2:172.21.15.89:3300/0 6 ==== mon_command_ack([{"prefix": "get_command_descriptions"}]=0 v0) ==== 72+0+191963 (secure 0 0 0) 0x7fb57401f030 con 0x7fb58007ee20
2024-05-20T20:35:08.514 INFO:teuthology.orchestra.run.smithi089.stdout:/usr/bin/ceph: stderr
2024-05-20T20:35:07.811+0000 7fb587400700 1 -- 172.21.15.89:0/500435377 --> [v2:172.21.15.89:3300/0,v1:172.21.15.89:6789/0] -- mon_command([{prefix=config set, name=mgr/dashboard/ssl_server_port}] v 0) -- 0x7fb5801a2680 con 0x7fb58007ee20
2024-05-20T20:35:08.514 INFO:teuthology.orchestra.run.smithi089.stdout:/usr/bin/ceph: stderr
2024-05-20T20:35:07.817+0000 7fb57d600700 1 -- 172.21.15.89:0/500435377 <== mon.0 v2:172.21.15.89:3300/0 7 ==== mon_command_ack([{prefix=config set, name=mgr/dashboard/ssl_server_port}]=0 v8)=0 v8) ==== 130+0+0 (secure 0 0 0) 0x7fb5801a2680 con 0x7fb58007ee20
2024-05-20T20:35:08.514 INFO:teuthology.orchestra.run.smithi089.stdout:/usr/bin/ceph: stderr
2024-05-20T20:35:07.820+0000 7fb587400700 1 -- 172.21.15.89:0/500435377 >> [v2:172.21.15.89:6800/2675457014,v1:172.21.15.89:6801/2675457014] conn(0x7fb56803e470 msgr2=0x7fb568040930 secure :-1 s=STATE_CONNECTION_ESTABLISHED l=1).mark_down
2024-05-20T20:35:08.514 INFO:teuthology.orchestra.run.smithi089.stdout:/usr/bin/ceph: stderr
2024-05-20T20:35:07.820+0000 7fb587400700 1 --2- 172.21.15.89:0/500435377 >> [v2:172.21.15.89:6800/2675457014,v1:172.21.15.89:6801/2675457014] conn(0x7fb56803e470 0x7fb568040930 secure :-1 s=READY pgs=15 cs=0 l=1 rev1=1 crypto rx=0x7fb56c006fd0 tx=0x7fb56c006e40 comp rx=0 tx=0).stop
2024-05-20T20:35:08.515 INFO:teuthology.orchestra.run.smithi089.stdout:/usr/bin/ceph: stderr
2024-05-20T20:35:07.820+0000 7fb587400700 1 -- 172.21.15.89:0/500435377 >> [v2:172.21.15.89:3300/0,v1:172.21.15.89:6789/0] conn(0x7fb58007ee20 msgr2=0x7fb58019eff0 secure :-1 s=STATE_CONNECTION_ESTABLISHED l=1).mark_down
2024-05-20T20:35:08.515 INFO:teuthology.orchestra.run.smithi089.stdout:/usr/bin/ceph: stderr
2024-05-20T20:35:07.820+0000 7fb587400700 1 --2- 172.21.15.89:0/500435377 >> [v2:172.21.15.89:3300/0,v1:172.21.15.89:6789/0] conn(0x7fb58007ee20 0x7fb58019eff0 secure :-1 s=READY pgs=54 cs=0 l=1 rev1=1 crypto rx=0x7fb574000c00 tx=0x7fb574011aa0 comp rx=0 tx=0).stop
2024-05-20T20:35:08.515 INFO:teuthology.orchestra.run.smithi089.stdout:/usr/bin/ceph: stderr
2024-05-20T20:35:07.820+0000 7fb587400700 1 -- 172.21.15.89:0/500435377 shutdown_connections
2024-05-20T20:35:08.515 INFO:teuthology.orchestra.run.smithi089.stdout:/usr/bin/ceph: stderr
2024-05-20T20:35:07.820+0000 7fb587400700 1 --2- 172.21.15.89:0/500435377 >> [v2:172.21.15.89:6800/2675457014,v1:172.21.15.89:6801/2675457014] conn(0x7fb56803e470 0x7fb568040930 unknown :-1 s=CLOSED pgs=15 cs=0 l=1 rev1=1 crypto rx=0 tx=0 comp rx=0 tx=0).stop
2024-05-20T20:35:08.515 INFO:teuthology.orchestra.run.smithi089.stdout:/usr/bin/ceph: stderr
2024-05-20T20:35:07.820+0000 7fb587400700 1 --2- 172.21.15.89:0/500435377 >> [v2:172.21.15.89:3300/0,v1:172.21.15.89:6789/0] conn(0x7fb58007ee20 0x7fb58019eff0 unknown :-1 s=CLOSED pgs=54 cs=0 l=1 rev1=1 crypto rx=0 tx=0 comp rx=0 tx=0).stop
2024-05-20T20:35:08.515 INFO:teuthology.orchestra.run.smithi089.stdout:/usr/bin/ceph: stderr
2024-05-20T20:35:07.820+0000 7fb587400700 1 -- 172.21.15.89:0/500435377 >> 172.21.15.89:0/500435377 conn(0x7fb580104600 msgr2=0x7fb580105060 unknown :-1 s=STATE_NONE l=0).mark_down
2024-05-20T20:35:08.515 INFO:teuthology.orchestra.run.smithi089.stdout:/usr/bin/ceph: stderr
2024-05-20T20:35:07.820+0000 7fb587400700 1 -- 172.21.15.89:0/500435377 shutdown_connections
2024-05-20T20:35:08.515 INFO:teuthology.orchestra.run.smithi089.stdout:/usr/bin/ceph: stderr
2024-05-20T20:35:07.821+0000 7fb587400700 1 -- 172.21.15.89:0/500435377 wait complete.
2024-05-20T20:35:08.515 INFO:teuthology.orchestra.run.smithi089.stdout:Enabling the dashboard module...
2024-05-20T20:35:10.510 INFO:journalctl@ceph.mon.a.smithi089.stdout:May 20 20:35:10 smithi089 ceph-mon[31154]: pgmap v5: 0 pgs: ; 0 B data, 0 B used, 0 B / 0 B avail
2024-05-20T20:35:10.510 INFO:journalctl@ceph.mon.a.smithi089.stdout:May 20 20:35:10 smithi089 ceph-mon[31154]: from='mgr.14120 172.21.15.89:0/3195638421' entity='mgr.x'
2024-05-20T20:35:10.510 INFO:journalctl@ceph.mon.a.smithi089.stdout:May 20 20:35:10 smithi089 ceph-mon[31154]: from='client.? 172.21.15.89:0/1597927885' entity='client.admin' cmd=[{"prefix": "mgr module enable", "module": "dashboard"}]: dispatch
2024-05-20T20:35:10.779 INFO:journalctl@ceph.mgr.x.smithi089.stdout:May 20 20:35:10 smithi089 ceph-28128bc2-16e8-11ef-bc9a-c7b262605968-mgr-x[31377]: ignoring --setuser ceph since I am not root
2024-05-20T20:35:10.779 INFO:journalctl@ceph.mgr.x.smithi089.stdout:May 20 20:35:10 smithi089 ceph-28128bc2-16e8-11ef-bc9a-c7b262605968-mgr-x[31377]: ignoring --setgroup ceph since I am not root
2024-05-20T20:35:10.779 INFO:journalctl@ceph.mgr.x.smithi089.stdout:May 20 20:35:10 smithi089 ceph-28128bc2-16e8-11ef-bc9a-c7b262605968-mgr-x[31377]:
2024-05-20T20:35:10.726+0000 7fe5f7eef200 -1 mgr[py] Module balancer has missing NOTIFY_TYPES member
2024-05-20T20:35:11.111 INFO:journalctl@ceph.mgr.x.smithi089.stdout:May 20 20:35:10 smithi089 ceph-28128bc2-16e8-11ef-bc9a-c7b262605968-mgr-x[31377]:
2024-05-20T20:35:10.976+0000 7fe5f7eef200 -1 mgr[py] Module orchestrator has missing NOTIFY_TYPES member
2024-05-20T20:35:11.112 INFO:journalctl@ceph.mgr.x.smithi089.stdout:May 20 20:35:11 smithi089 ceph-28128bc2-16e8-11ef-bc9a-c7b262605968-mgr-x[31377]:
2024-05-20T20:35:11.110+0000 7fe5f7eef200 -1 mgr[py] Module snap_schedule has missing NOTIFY_TYPES member
2024-05-20T20:35:11.433 INFO:teuthology.orchestra.run.smithi089.stdout:/usr/bin/ceph: stderr
2024-05-20T20:35:09.095+0000 7fe70ae00700 1 Processor -- start
2024-05-20T20:35:11.433 INFO:teuthology.orchestra.run.smithi089.stdout:/usr/bin/ceph: stderr
2024-05-20T20:35:09.095+0000 7fe70ae00700 1 -- start start
2024-05-20T20:35:11.433 INFO:teuthology.orchestra.run.smithi089.stdout:/usr/bin/ceph: stderr
2024-05-20T20:35:09.096+0000 7fe70ae00700 1 --2- >> [v2:172.21.15.89:3300/0,v1:172.21.15.89:6789/0] conn(0x7fe70407dd40 0x7fe70407c1a0 unknown :-1 s=NONE pgs=0 cs=0 l=0 rev1=0 crypto rx=0 tx=0 comp rx=0 tx=0).connect
2024-05-20T20:35:11.433 INFO:teuthology.orchestra.run.smithi089.stdout:/usr/bin/ceph: stderr
2024-05-20T20:35:09.096+0000 7fe70ae00700 1 -- --> [v2:172.21.15.89:3300/0,v1:172.21.15.89:6789/0] -- mon_getmap magic: 0 -- 0x7fe70407c770 con 0x7fe70407dd40
2024-05-20T20:35:11.433 INFO:teuthology.orchestra.run.smithi089.stdout:/usr/bin/ceph: stderr
2024-05-20T20:35:09.096+0000 7fe703e00700 1 --2- >> [v2:172.21.15.89:3300/0,v1:172.21.15.89:6789/0] conn(0x7fe70407dd40 0x7fe70407c1a0 unknown :-1 s=BANNER_CONNECTING pgs=0 cs=0 l=0 rev1=0 crypto rx=0 tx=0 comp rx=0 tx=0)._handle_peer_banner_payload supported=3 required=0
2024-05-20T20:35:11.433 INFO:teuthology.orchestra.run.smithi089.stdout:/usr/bin/ceph: stderr
2024-05-20T20:35:09.096+0000 7fe703e00700 1 --2- >> [v2:172.21.15.89:3300/0,v1:172.21.15.89:6789/0] conn(0x7fe70407dd40 0x7fe70407c1a0 unknown :-1 s=HELLO_CONNECTING pgs=0 cs=0 l=0 rev1=1 crypto rx=0 tx=0 comp rx=0 tx=0).handle_hello peer v2:172.21.15.89:3300/0 says I am v2:172.21.15.89:53934/0 (socket says 172.21.15.89:53934)
2024-05-20T20:35:11.433 INFO:teuthology.orchestra.run.smithi089.stdout:/usr/bin/ceph: stderr
2024-05-20T20:35:09.096+0000 7fe703e00700 1 -- 172.21.15.89:0/2231456212 learned_addr learned my addr 172.21.15.89:0/2231456212 (peer_addr_for_me v2:172.21.15.89:0/0)
2024-05-20T20:35:11.433 INFO:teuthology.orchestra.run.smithi089.stdout:/usr/bin/ceph: stderr
2024-05-20T20:35:09.097+0000 7fe703e00700 1 -- 172.21.15.89:0/2231456212 --> [v2:172.21.15.89:3300/0,v1:172.21.15.89:6789/0] -- mon_subscribe({config=0+,monmap=0+}) -- 0x7fe70407c8f0 con 0x7fe70407dd40
2024-05-20T20:35:11.433 INFO:teuthology.orchestra.run.smithi089.stdout:/usr/bin/ceph: stderr
2024-05-20T20:35:09.097+0000 7fe703e00700 1 --2- 172.21.15.89:0/2231456212 >> [v2:172.21.15.89:3300/0,v1:172.21.15.89:6789/0] conn(0x7fe70407dd40 0x7fe70407c1a0 secure :-1 s=READY pgs=55 cs=0 l=1 rev1=1 crypto rx=0x7fe6f40098a0 tx=0x7fe6f4009bb0 comp rx=0 tx=0).ready entity=mon.0 client_cookie=c6ae9abbc7aa08fc server_cookie=0 in_seq=0 out_seq=0
2024-05-20T20:35:11.433 INFO:teuthology.orchestra.run.smithi089.stdout:/usr/bin/ceph: stderr
2024-05-20T20:35:09.098+0000 7fe702a00700 1 -- 172.21.15.89:0/2231456212 <== mon.0 v2:172.21.15.89:3300/0 1 ==== mon_map magic: 0 ==== 205+0+0 (secure 0 0 0) 0x7fe6f4004160 con 0x7fe70407dd40
2024-05-20T20:35:11.433 INFO:teuthology.orchestra.run.smithi089.stdout:/usr/bin/ceph: stderr
2024-05-20T20:35:09.098+0000 7fe702a00700 1 -- 172.21.15.89:0/2231456212 <== mon.0 v2:172.21.15.89:3300/0 2 ==== config(26 keys) ==== 1101+0+0 (secure 0 0 0) 0x7fe6f4004300 con 0x7fe70407dd40
2024-05-20T20:35:11.434 INFO:teuthology.orchestra.run.smithi089.stdout:/usr/bin/ceph: stderr
2024-05-20T20:35:09.098+0000 7fe702a00700 1 -- 172.21.15.89:0/2231456212 <== mon.0 v2:172.21.15.89:3300/0 3 ==== mon_map magic: 0 ==== 205+0+0 (secure 0 0 0) 0x7fe6f4011a20 con 0x7fe70407dd40
2024-05-20T20:35:11.434 INFO:teuthology.orchestra.run.smithi089.stdout:/usr/bin/ceph: stderr
2024-05-20T20:35:09.098+0000 7fe70ae00700 1 -- 172.21.15.89:0/2231456212 >> [v2:172.21.15.89:3300/0,v1:172.21.15.89:6789/0] conn(0x7fe70407dd40 msgr2=0x7fe70407c1a0 secure :-1 s=STATE_CONNECTION_ESTABLISHED l=1).mark_down
2024-05-20T20:35:11.434 INFO:teuthology.orchestra.run.smithi089.stdout:/usr/bin/ceph: stderr
2024-05-20T20:35:09.098+0000 7fe70ae00700 1 --2- 172.21.15.89:0/2231456212 >> [v2:172.21.15.89:3300/0,v1:172.21.15.89:6789/0] conn(0x7fe70407dd40 0x7fe70407c1a0 secure :-1 s=READY pgs=55 cs=0 l=1 rev1=1 crypto rx=0x7fe6f40098a0 tx=0x7fe6f4009bb0 comp rx=0 tx=0).stop
2024-05-20T20:35:11.434 INFO:teuthology.orchestra.run.smithi089.stdout:/usr/bin/ceph: stderr
2024-05-20T20:35:09.099+0000 7fe70ae00700 1 -- 172.21.15.89:0/2231456212 shutdown_connections
2024-05-20T20:35:11.434 INFO:teuthology.orchestra.run.smithi089.stdout:/usr/bin/ceph: stderr
2024-05-20T20:35:09.099+0000 7fe70ae00700 1 --2- 172.21.15.89:0/2231456212 >> [v2:172.21.15.89:3300/0,v1:172.21.15.89:6789/0] conn(0x7fe70407dd40 0x7fe70407c1a0 unknown :-1 s=CLOSED pgs=55 cs=0 l=1 rev1=1 crypto rx=0 tx=0 comp rx=0 tx=0).stop
2024-05-20T20:35:11.434 INFO:teuthology.orchestra.run.smithi089.stdout:/usr/bin/ceph: stderr
2024-05-20T20:35:09.099+0000 7fe70ae00700 1 -- 172.21.15.89:0/2231456212 >> 172.21.15.89:0/2231456212 conn(0x7fe704104570 msgr2=0x7fe704106990 unknown :-1 s=STATE_NONE l=0).mark_down
2024-05-20T20:35:11.434 INFO:teuthology.orchestra.run.smithi089.stdout:/usr/bin/ceph: stderr
2024-05-20T20:35:09.099+0000 7fe70ae00700 1 -- 172.21.15.89:0/2231456212 shutdown_connections
2024-05-20T20:35:11.434 INFO:teuthology.orchestra.run.smithi089.stdout:/usr/bin/ceph: stderr
2024-05-20T20:35:09.099+0000 7fe70ae00700 1 -- 172.21.15.89:0/2231456212 wait complete.
2024-05-20T20:35:11.434 INFO:teuthology.orchestra.run.smithi089.stdout:/usr/bin/ceph: stderr
2024-05-20T20:35:09.100+0000 7fe70ae00700 1 Processor -- start
2024-05-20T20:35:11.434 INFO:teuthology.orchestra.run.smithi089.stdout:/usr/bin/ceph: stderr
2024-05-20T20:35:09.100+0000 7fe70ae00700 1 -- start start
2024-05-20T20:35:11.434 INFO:teuthology.orchestra.run.smithi089.stdout:/usr/bin/ceph: stderr
2024-05-20T20:35:09.101+0000 7fe70ae00700 1 --2- >> [v2:172.21.15.89:3300/0,v1:172.21.15.89:6789/0] conn(0x7fe70407dd40 0x7fe70419f0d0 unknown :-1 s=NONE pgs=0 cs=0 l=1 rev1=0 crypto rx=0 tx=0 comp rx=0 tx=0).connect
2024-05-20T20:35:11.434 INFO:teuthology.orchestra.run.smithi089.stdout:/usr/bin/ceph: stderr
2024-05-20T20:35:09.101+0000 7fe70ae00700 1 -- --> [v2:172.21.15.89:3300/0,v1:172.21.15.89:6789/0] -- mon_getmap magic: 0 -- 0x7fe70410f5d0 con 0x7fe70407dd40
2024-05-20T20:35:11.435 INFO:teuthology.orchestra.run.smithi089.stdout:/usr/bin/ceph: stderr
2024-05-20T20:35:09.101+0000 7fe703e00700 1 --2- >> [v2:172.21.15.89:3300/0,v1:172.21.15.89:6789/0] conn(0x7fe70407dd40 0x7fe70419f0d0 unknown :-1 s=BANNER_CONNECTING pgs=0 cs=0 l=1 rev1=0 crypto rx=0 tx=0 comp rx=0 tx=0)._handle_peer_banner_payload supported=3 required=0
2024-05-20T20:35:11.435 INFO:teuthology.orchestra.run.smithi089.stdout:/usr/bin/ceph: stderr
2024-05-20T20:35:09.101+0000 7fe703e00700 1 --2- >> [v2:172.21.15.89:3300/0,v1:172.21.15.89:6789/0] conn(0x7fe70407dd40 0x7fe70419f0d0 unknown :-1 s=HELLO_CONNECTING pgs=0 cs=0 l=1 rev1=1 crypto rx=0 tx=0 comp rx=0 tx=0).handle_hello peer v2:172.21.15.89:3300/0 says I am v2:172.21.15.89:53944/0 (socket says 172.21.15.89:53944)
2024-05-20T20:35:11.435 INFO:teuthology.orchestra.run.smithi089.stdout:/usr/bin/ceph: stderr
2024-05-20T20:35:09.101+0000 7fe703e00700 1 -- 172.21.15.89:0/1597927885 learned_addr learned my addr 172.21.15.89:0/1597927885 (peer_addr_for_me v2:172.21.15.89:0/0)
2024-05-20T20:35:11.435 INFO:teuthology.orchestra.run.smithi089.stdout:/usr/bin/ceph: stderr
2024-05-20T20:35:09.102+0000 7fe703e00700 1 -- 172.21.15.89:0/1597927885 --> [v2:172.21.15.89:3300/0,v1:172.21.15.89:6789/0] -- mon_subscribe({config=0+,monmap=0+}) -- 0x7fe70419f610 con 0x7fe70407dd40
2024-05-20T20:35:11.435 INFO:teuthology.orchestra.run.smithi089.stdout:/usr/bin/ceph: stderr
2024-05-20T20:35:09.102+0000 7fe703e00700 1 --2- 172.21.15.89:0/1597927885 >> [v2:172.21.15.89:3300/0,v1:172.21.15.89:6789/0] conn(0x7fe70407dd40 0x7fe70419f0d0 secure :-1 s=READY pgs=56 cs=0 l=1 rev1=1 crypto rx=0x7fe6f4004660 tx=0x7fe6f4011aa0 comp rx=0 tx=0).ready entity=mon.0 client_cookie=0 server_cookie=0 in_seq=0 out_seq=0
2024-05-20T20:35:11.435 INFO:teuthology.orchestra.run.smithi089.stdout:/usr/bin/ceph: stderr
2024-05-20T20:35:09.102+0000 7fe700c00700 1 -- 172.21.15.89:0/1597927885 <== mon.0 v2:172.21.15.89:3300/0 1 ==== mon_map magic: 0 ==== 205+0+0 (secure 0 0 0) 0x7fe6f4003aa0 con 0x7fe70407dd40
2024-05-20T20:35:11.435 INFO:teuthology.orchestra.run.smithi089.stdout:/usr/bin/ceph: stderr
2024-05-20T20:35:09.102+0000 7fe700c00700 1 -- 172.21.15.89:0/1597927885 <== mon.0 v2:172.21.15.89:3300/0 2 ==== config(26 keys) ==== 1101+0+0 (secure 0 0 0) 0x7fe6f401b8f0 con 0x7fe70407dd40
2024-05-20T20:35:11.435 INFO:teuthology.orchestra.run.smithi089.stdout:/usr/bin/ceph: stderr
2024-05-20T20:35:09.102+0000 7fe70ae00700 1 -- 172.21.15.89:0/1597927885 --> [v2:172.21.15.89:3300/0,v1:172.21.15.89:6789/0] -- mon_subscribe({mgrmap=0+}) -- 0x7fe70419f8a0 con 0x7fe70407dd40
2024-05-20T20:35:11.435 INFO:teuthology.orchestra.run.smithi089.stdout:/usr/bin/ceph: stderr
2024-05-20T20:35:09.102+0000 7fe700c00700 1 -- 172.21.15.89:0/1597927885 <== mon.0 v2:172.21.15.89:3300/0 3 ==== mon_map magic: 0 ==== 205+0+0 (secure 0 0 0) 0x7fe6f4023900 con 0x7fe70407dd40
2024-05-20T20:35:11.435 INFO:teuthology.orchestra.run.smithi089.stdout:/usr/bin/ceph: stderr
2024-05-20T20:35:09.102+0000 7fe70ae00700 1 -- 172.21.15.89:0/1597927885 --> [v2:172.21.15.89:3300/0,v1:172.21.15.89:6789/0] -- mon_subscribe({osdmap=0}) -- 0x7fe7041a2590 con 0x7fe70407dd40
2024-05-20T20:35:11.435 INFO:teuthology.orchestra.run.smithi089.stdout:/usr/bin/ceph: stderr
2024-05-20T20:35:09.103+0000 7fe70ae00700 1 -- 172.21.15.89:0/1597927885 --> [v2:172.21.15.89:3300/0,v1:172.21.15.89:6789/0] -- mon_command({"prefix": "get_command_descriptions"} v 0) -- 0x7fe704064ba0 con 0x7fe70407dd40
2024-05-20T20:35:11.435 INFO:teuthology.orchestra.run.smithi089.stdout:/usr/bin/ceph: stderr
2024-05-20T20:35:09.104+0000 7fe700c00700 1 -- 172.21.15.89:0/1597927885 <== mon.0 v2:172.21.15.89:3300/0 4 ==== mgrmap(e 8) ==== 50222+0+0 (secure 0 0 0) 0x7fe6f401baa0 con 0x7fe70407dd40
2024-05-20T20:35:11.435 INFO:teuthology.orchestra.run.smithi089.stdout:/usr/bin/ceph: stderr
2024-05-20T20:35:09.104+0000 7fe700c00700 1 --2- 172.21.15.89:0/1597927885 >> [v2:172.21.15.89:6800/2675457014,v1:172.21.15.89:6801/2675457014] conn(0x7fe6e803e4c0 0x7fe6e8040980 unknown :-1 s=NONE pgs=0 cs=0 l=1 rev1=0 crypto rx=0 tx=0 comp rx=0 tx=0).connect
2024-05-20T20:35:11.435 INFO:teuthology.orchestra.run.smithi089.stdout:/usr/bin/ceph: stderr
2024-05-20T20:35:09.104+0000 7fe700c00700 1 -- 172.21.15.89:0/1597927885 <== mon.0 v2:172.21.15.89:3300/0 5 ==== osd_map(2..2 src has 1..2) ==== 940+0+0 (secure 0 0 0) 0x7fe6f4053d70 con 0x7fe70407dd40
2024-05-20T20:35:11.436 INFO:teuthology.orchestra.run.smithi089.stdout:/usr/bin/ceph: stderr
2024-05-20T20:35:09.105+0000 7fe703400700 1 --2- 172.21.15.89:0/1597927885 >> [v2:172.21.15.89:6800/2675457014,v1:172.21.15.89:6801/2675457014] conn(0x7fe6e803e4c0 0x7fe6e8040980 unknown :-1 s=BANNER_CONNECTING pgs=0 cs=0 l=1 rev1=0 crypto rx=0 tx=0 comp rx=0 tx=0)._handle_peer_banner_payload supported=3 required=0
2024-05-20T20:35:11.436 INFO:teuthology.orchestra.run.smithi089.stdout:/usr/bin/ceph: stderr
2024-05-20T20:35:09.105+0000 7fe703400700 1 --2- 172.21.15.89:0/1597927885 >> [v2:172.21.15.89:6800/2675457014,v1:172.21.15.89:6801/2675457014] conn(0x7fe6e803e4c0 0x7fe6e8040980 secure :-1 s=READY pgs=16 cs=0 l=1 rev1=1 crypto rx=0x7fe6f0006fd0 tx=0x7fe6f0006e40 comp rx=0 tx=0).ready entity=mgr.14120 client_cookie=0 server_cookie=0 in_seq=0 out_seq=0
2024-05-20T20:35:11.436 INFO:teuthology.orchestra.run.smithi089.stdout:/usr/bin/ceph: stderr
2024-05-20T20:35:09.110+0000 7fe700c00700 1 -- 172.21.15.89:0/1597927885 <== mon.0 v2:172.21.15.89:3300/0 6 ==== mon_command_ack([{"prefix": "get_command_descriptions"}]=0 v0) ==== 72+0+191963 (secure 0 0 0) 0x7fe6f401f030 con 0x7fe70407dd40
