2024-05-20T20:45:25.408 INFO:teuthology.orchestra.run.smithi026.stdout:/usr/bin/ceph: stderr
2024-05-20T20:45:23.958+0000 7faae8ff9700 1 --2- 172.21.15.26:0/1888063636 >> [v2:172.21.15.26:6800/2532144649,v1:172.21.15.26:6801/2532144649] conn(0x7faad403e470 0x7faad4040930 unknown :-1 s=NONE pgs=0 cs=0 l=1 rev1=0 crypto rx=0 tx=0 comp rx=0 tx=0).connect
2024-05-20T20:45:25.408 INFO:teuthology.orchestra.run.smithi026.stdout:/usr/bin/ceph: stderr
2024-05-20T20:45:23.958+0000 7faae8ff9700 1 -- 172.21.15.26:0/1888063636 <== mon.0 v2:172.21.15.26:3300/0 5 ==== osd_map(2..2 src has 1..2) ==== 940+0+0 (secure 0 0 0) 0x7faadc053e60 con 0x7faaec1091f0
2024-05-20T20:45:25.409 INFO:teuthology.orchestra.run.smithi026.stdout:/usr/bin/ceph: stderr
2024-05-20T20:45:23.958+0000 7faaf222e700 1 -- 172.21.15.26:0/1888063636 --> [v2:172.21.15.26:3300/0,v1:172.21.15.26:6789/0] -- mon_command({"prefix": "get_command_descriptions"} v 0) -- 0x7faaec064ba0 con 0x7faaec1091f0
2024-05-20T20:45:25.409 INFO:teuthology.orchestra.run.smithi026.stdout:/usr/bin/ceph: stderr
2024-05-20T20:45:23.958+0000 7faaeaffd700 1 --2- 172.21.15.26:0/1888063636 >> [v2:172.21.15.26:6800/2532144649,v1:172.21.15.26:6801/2532144649] conn(0x7faad403e470 0x7faad4040930 unknown :-1 s=BANNER_CONNECTING pgs=0 cs=0 l=1 rev1=0 crypto rx=0 tx=0 comp rx=0 tx=0)._handle_peer_banner_payload supported=3 required=0
2024-05-20T20:45:25.409 INFO:teuthology.orchestra.run.smithi026.stdout:/usr/bin/ceph: stderr
2024-05-20T20:45:23.959+0000 7faaeaffd700 1 --2- 172.21.15.26:0/1888063636 >> [v2:172.21.15.26:6800/2532144649,v1:172.21.15.26:6801/2532144649] conn(0x7faad403e470 0x7faad4040930 secure :-1 s=READY pgs=14 cs=0 l=1 rev1=1 crypto rx=0x7faae0006fd0 tx=0x7faae0006e40 comp rx=0 tx=0).ready entity=mgr.14118 client_cookie=0 server_cookie=0 in_seq=0 out_seq=0
2024-05-20T20:45:25.409 INFO:teuthology.orchestra.run.smithi026.stdout:/usr/bin/ceph: stderr
2024-05-20T20:45:23.964+0000 7faae8ff9700 1 -- 172.21.15.26:0/1888063636 <== mon.0 v2:172.21.15.26:3300/0 6 ==== mon_command_ack([{"prefix": "get_command_descriptions"}]=0 v0) ==== 72+0+191963 (secure 0 0 0) 0x7faadc01f030 con 0x7faaec1091f0
2024-05-20T20:45:25.409 INFO:teuthology.orchestra.run.smithi026.stdout:/usr/bin/ceph: stderr
2024-05-20T20:45:24.200+0000 7faaf222e700 1 -- 172.21.15.26:0/1888063636 --> [v2:172.21.15.26:3300/0,v1:172.21.15.26:6789/0] -- mon_command([{prefix=config set, name=mgr/cephadm/container_init}] v 0) -- 0x7faaec1983b0 con 0x7faaec1091f0
2024-05-20T20:45:25.409 INFO:teuthology.orchestra.run.smithi026.stdout:/usr/bin/ceph: stderr
2024-05-20T20:45:24.203+0000 7faae8ff9700 1 -- 172.21.15.26:0/1888063636 <== mon.0 v2:172.21.15.26:3300/0 7 ==== mon_command_ack([{prefix=config set, name=mgr/cephadm/container_init}]=0 v7)=0 v7) ==== 142+0+0 (secure 0 0 0) 0x7faaec1983b0 con 0x7faaec1091f0
2024-05-20T20:45:25.409 INFO:teuthology.orchestra.run.smithi026.stdout:/usr/bin/ceph: stderr
2024-05-20T20:45:24.206+0000 7faaf222e700 1 -- 172.21.15.26:0/1888063636 >> [v2:172.21.15.26:6800/2532144649,v1:172.21.15.26:6801/2532144649] conn(0x7faad403e470 msgr2=0x7faad4040930 secure :-1 s=STATE_CONNECTION_ESTABLISHED l=1).mark_down
2024-05-20T20:45:25.409 INFO:teuthology.orchestra.run.smithi026.stdout:/usr/bin/ceph: stderr
2024-05-20T20:45:24.206+0000 7faaf222e700 1 --2- 172.21.15.26:0/1888063636 >> [v2:172.21.15.26:6800/2532144649,v1:172.21.15.26:6801/2532144649] conn(0x7faad403e470 0x7faad4040930 secure :-1 s=READY pgs=14 cs=0 l=1 rev1=1 crypto rx=0x7faae0006fd0 tx=0x7faae0006e40 comp rx=0 tx=0).stop
2024-05-20T20:45:25.409 INFO:teuthology.orchestra.run.smithi026.stdout:/usr/bin/ceph: stderr
2024-05-20T20:45:24.206+0000 7faaf222e700 1 -- 172.21.15.26:0/1888063636 >> [v2:172.21.15.26:3300/0,v1:172.21.15.26:6789/0] conn(0x7faaec1091f0 msgr2=0x7faaec19ee50 secure :-1 s=STATE_CONNECTION_ESTABLISHED l=1).mark_down
2024-05-20T20:45:25.409 INFO:teuthology.orchestra.run.smithi026.stdout:/usr/bin/ceph: stderr
2024-05-20T20:45:24.206+0000 7faaf222e700 1 --2- 172.21.15.26:0/1888063636 >> [v2:172.21.15.26:3300/0,v1:172.21.15.26:6789/0] conn(0x7faaec1091f0 0x7faaec19ee50 secure :-1 s=READY pgs=50 cs=0 l=1 rev1=1 crypto rx=0x7faadc011670 tx=0x7faadc011a30 comp rx=0 tx=0).stop
2024-05-20T20:45:25.409 INFO:teuthology.orchestra.run.smithi026.stdout:/usr/bin/ceph: stderr
2024-05-20T20:45:24.206+0000 7faaf222e700 1 -- 172.21.15.26:0/1888063636 shutdown_connections
2024-05-20T20:45:25.410 INFO:teuthology.orchestra.run.smithi026.stdout:/usr/bin/ceph: stderr
2024-05-20T20:45:24.206+0000 7faaf222e700 1 --2- 172.21.15.26:0/1888063636 >> [v2:172.21.15.26:6800/2532144649,v1:172.21.15.26:6801/2532144649] conn(0x7faad403e470 0x7faad4040930 unknown :-1 s=CLOSED pgs=14 cs=0 l=1 rev1=1 crypto rx=0 tx=0 comp rx=0 tx=0).stop
2024-05-20T20:45:25.410 INFO:teuthology.orchestra.run.smithi026.stdout:/usr/bin/ceph: stderr
2024-05-20T20:45:24.206+0000 7faaf222e700 1 --2- 172.21.15.26:0/1888063636 >> [v2:172.21.15.26:3300/0,v1:172.21.15.26:6789/0] conn(0x7faaec1091f0 0x7faaec19ee50 unknown :-1 s=CLOSED pgs=50 cs=0 l=1 rev1=1 crypto rx=0 tx=0 comp rx=0 tx=0).stop
2024-05-20T20:45:25.410 INFO:teuthology.orchestra.run.smithi026.stdout:/usr/bin/ceph: stderr
2024-05-20T20:45:24.206+0000 7faaf222e700 1 -- 172.21.15.26:0/1888063636 >> 172.21.15.26:0/1888063636 conn(0x7faaec102960 msgr2=0x7faaec195470 unknown :-1 s=STATE_NONE l=0).mark_down
2024-05-20T20:45:25.410 INFO:teuthology.orchestra.run.smithi026.stdout:/usr/bin/ceph: stderr
2024-05-20T20:45:24.206+0000 7faaf222e700 1 -- 172.21.15.26:0/1888063636 shutdown_connections
2024-05-20T20:45:25.410 INFO:teuthology.orchestra.run.smithi026.stdout:/usr/bin/ceph: stderr
2024-05-20T20:45:24.206+0000 7faaf222e700 1 -- 172.21.15.26:0/1888063636 wait complete.
2024-05-20T20:45:26.703 INFO:teuthology.orchestra.run.smithi026.stdout:/usr/bin/ceph: stderr
2024-05-20T20:45:25.885+0000 7f409beb7700 1 Processor -- start
2024-05-20T20:45:26.703 INFO:teuthology.orchestra.run.smithi026.stdout:/usr/bin/ceph: stderr
2024-05-20T20:45:25.885+0000 7f409beb7700 1 -- start start
2024-05-20T20:45:26.703 INFO:teuthology.orchestra.run.smithi026.stdout:/usr/bin/ceph: stderr
2024-05-20T20:45:25.885+0000 7f409beb7700 1 --2- >> [v2:172.21.15.26:3300/0,v1:172.21.15.26:6789/0] conn(0x7f4094107c40 0x7f4094108060 unknown :-1 s=NONE pgs=0 cs=0 l=0 rev1=0 crypto rx=0 tx=0 comp rx=0 tx=0).connect
2024-05-20T20:45:26.703 INFO:teuthology.orchestra.run.smithi026.stdout:/usr/bin/ceph: stderr
2024-05-20T20:45:25.885+0000 7f409beb7700 1 -- --> [v2:172.21.15.26:3300/0,v1:172.21.15.26:6789/0] -- mon_getmap magic: 0 -- 0x7f4094108630 con 0x7f4094107c40
2024-05-20T20:45:26.703 INFO:teuthology.orchestra.run.smithi026.stdout:/usr/bin/ceph: stderr
2024-05-20T20:45:25.886+0000 7f4099c53700 1 --2- >> [v2:172.21.15.26:3300/0,v1:172.21.15.26:6789/0] conn(0x7f4094107c40 0x7f4094108060 unknown :-1 s=BANNER_CONNECTING pgs=0 cs=0 l=0 rev1=0 crypto rx=0 tx=0 comp rx=0 tx=0)._handle_peer_banner_payload supported=3 required=0
2024-05-20T20:45:26.703 INFO:teuthology.orchestra.run.smithi026.stdout:/usr/bin/ceph: stderr
2024-05-20T20:45:25.886+0000 7f4099c53700 1 --2- >> [v2:172.21.15.26:3300/0,v1:172.21.15.26:6789/0] conn(0x7f4094107c40 0x7f4094108060 unknown :-1 s=HELLO_CONNECTING pgs=0 cs=0 l=0 rev1=1 crypto rx=0 tx=0 comp rx=0 tx=0).handle_hello peer v2:172.21.15.26:3300/0 says I am v2:172.21.15.26:39126/0 (socket says 172.21.15.26:39126)
2024-05-20T20:45:26.703 INFO:teuthology.orchestra.run.smithi026.stdout:/usr/bin/ceph: stderr
2024-05-20T20:45:25.886+0000 7f4099c53700 1 -- 172.21.15.26:0/3073269862 learned_addr learned my addr 172.21.15.26:0/3073269862 (peer_addr_for_me v2:172.21.15.26:0/0)
2024-05-20T20:45:26.703 INFO:teuthology.orchestra.run.smithi026.stdout:/usr/bin/ceph: stderr
2024-05-20T20:45:25.886+0000 7f4099c53700 1 -- 172.21.15.26:0/3073269862 --> [v2:172.21.15.26:3300/0,v1:172.21.15.26:6789/0] -- mon_subscribe({config=0+,monmap=0+}) -- 0x7f4094108e40 con 0x7f4094107c40
2024-05-20T20:45:26.703 INFO:teuthology.orchestra.run.smithi026.stdout:/usr/bin/ceph: stderr
2024-05-20T20:45:25.886+0000 7f4099c53700 1 --2- 172.21.15.26:0/3073269862 >> [v2:172.21.15.26:3300/0,v1:172.21.15.26:6789/0] conn(0x7f4094107c40 0x7f4094108060 secure :-1 s=READY pgs=51 cs=0 l=1 rev1=1 crypto rx=0x7f40900098a0 tx=0x7f4090009bb0 comp rx=0 tx=0).ready entity=mon.0 client_cookie=8e18574407b362f4 server_cookie=0 in_seq=0 out_seq=0
2024-05-20T20:45:26.704 INFO:teuthology.orchestra.run.smithi026.stdout:/usr/bin/ceph: stderr
2024-05-20T20:45:25.886+0000 7f4098c51700 1 -- 172.21.15.26:0/3073269862 <== mon.0 v2:172.21.15.26:3300/0 1 ==== mon_map magic: 0 ==== 205+0+0 (secure 0 0 0) 0x7f4090004160 con 0x7f4094107c40
2024-05-20T20:45:26.704 INFO:teuthology.orchestra.run.smithi026.stdout:/usr/bin/ceph: stderr
2024-05-20T20:45:25.886+0000 7f4098c51700 1 -- 172.21.15.26:0/3073269862 <== mon.0 v2:172.21.15.26:3300/0 2 ==== config(25 keys) ==== 1063+0+0 (secure 0 0 0) 0x7f4090004300 con 0x7f4094107c40
2024-05-20T20:45:26.704 INFO:teuthology.orchestra.run.smithi026.stdout:/usr/bin/ceph: stderr
2024-05-20T20:45:25.886+0000 7f4098c51700 1 -- 172.21.15.26:0/3073269862 <== mon.0 v2:172.21.15.26:3300/0 3 ==== mon_map magic: 0 ==== 205+0+0 (secure 0 0 0) 0x7f4090011960 con 0x7f4094107c40
2024-05-20T20:45:26.704 INFO:teuthology.orchestra.run.smithi026.stdout:/usr/bin/ceph: stderr
2024-05-20T20:45:25.887+0000 7f409beb7700 1 -- 172.21.15.26:0/3073269862 >> [v2:172.21.15.26:3300/0,v1:172.21.15.26:6789/0] conn(0x7f4094107c40 msgr2=0x7f4094108060 secure :-1 s=STATE_CONNECTION_ESTABLISHED l=1).mark_down
2024-05-20T20:45:26.704 INFO:teuthology.orchestra.run.smithi026.stdout:/usr/bin/ceph: stderr
2024-05-20T20:45:25.887+0000 7f409beb7700 1 --2- 172.21.15.26:0/3073269862 >> [v2:172.21.15.26:3300/0,v1:172.21.15.26:6789/0] conn(0x7f4094107c40 0x7f4094108060 secure :-1 s=READY pgs=51 cs=0 l=1 rev1=1 crypto rx=0x7f40900098a0 tx=0x7f4090009bb0 comp rx=0 tx=0).stop
2024-05-20T20:45:26.704 INFO:teuthology.orchestra.run.smithi026.stdout:/usr/bin/ceph: stderr
2024-05-20T20:45:25.887+0000 7f409beb7700 1 -- 172.21.15.26:0/3073269862 shutdown_connections
2024-05-20T20:45:26.704 INFO:teuthology.orchestra.run.smithi026.stdout:/usr/bin/ceph: stderr
2024-05-20T20:45:25.887+0000 7f409beb7700 1 --2- 172.21.15.26:0/3073269862 >> [v2:172.21.15.26:3300/0,v1:172.21.15.26:6789/0] conn(0x7f4094107c40 0x7f4094108060 unknown :-1 s=CLOSED pgs=51 cs=0 l=1 rev1=1 crypto rx=0 tx=0 comp rx=0 tx=0).stop
2024-05-20T20:45:26.704 INFO:teuthology.orchestra.run.smithi026.stdout:/usr/bin/ceph: stderr
2024-05-20T20:45:25.887+0000 7f409beb7700 1 -- 172.21.15.26:0/3073269862 >> 172.21.15.26:0/3073269862 conn(0x7f4094103200 msgr2=0x7f4094105620 unknown :-1 s=STATE_NONE l=0).mark_down
2024-05-20T20:45:26.704 INFO:teuthology.orchestra.run.smithi026.stdout:/usr/bin/ceph: stderr
2024-05-20T20:45:25.887+0000 7f409beb7700 1 -- 172.21.15.26:0/3073269862 shutdown_connections
2024-05-20T20:45:26.704 INFO:teuthology.orchestra.run.smithi026.stdout:/usr/bin/ceph: stderr
2024-05-20T20:45:25.887+0000 7f409beb7700 1 -- 172.21.15.26:0/3073269862 wait complete.
2024-05-20T20:45:26.704 INFO:teuthology.orchestra.run.smithi026.stdout:/usr/bin/ceph: stderr
2024-05-20T20:45:25.888+0000 7f409beb7700 1 Processor -- start
2024-05-20T20:45:26.704 INFO:teuthology.orchestra.run.smithi026.stdout:/usr/bin/ceph: stderr
2024-05-20T20:45:25.888+0000 7f409beb7700 1 -- start start
2024-05-20T20:45:26.704 INFO:teuthology.orchestra.run.smithi026.stdout:/usr/bin/ceph: stderr
2024-05-20T20:45:25.888+0000 7f409beb7700 1 --2- >> [v2:172.21.15.26:3300/0,v1:172.21.15.26:6789/0] conn(0x7f4094107c40 0x7f409419cc00 unknown :-1 s=NONE pgs=0 cs=0 l=1 rev1=0 crypto rx=0 tx=0 comp rx=0 tx=0).connect
2024-05-20T20:45:26.704 INFO:teuthology.orchestra.run.smithi026.stdout:/usr/bin/ceph: stderr
2024-05-20T20:45:25.888+0000 7f409beb7700 1 -- --> [v2:172.21.15.26:3300/0,v1:172.21.15.26:6789/0] -- mon_getmap magic: 0 -- 0x7f409410c070 con 0x7f4094107c40
2024-05-20T20:45:26.705 INFO:teuthology.orchestra.run.smithi026.stdout:/usr/bin/ceph: stderr
2024-05-20T20:45:25.888+0000 7f4099c53700 1 --2- >> [v2:172.21.15.26:3300/0,v1:172.21.15.26:6789/0] conn(0x7f4094107c40 0x7f409419cc00 unknown :-1 s=BANNER_CONNECTING pgs=0 cs=0 l=1 rev1=0 crypto rx=0 tx=0 comp rx=0 tx=0)._handle_peer_banner_payload supported=3 required=0
2024-05-20T20:45:26.705 INFO:teuthology.orchestra.run.smithi026.stdout:/usr/bin/ceph: stderr
2024-05-20T20:45:25.888+0000 7f4099c53700 1 --2- >> [v2:172.21.15.26:3300/0,v1:172.21.15.26:6789/0] conn(0x7f4094107c40 0x7f409419cc00 unknown :-1 s=HELLO_CONNECTING pgs=0 cs=0 l=1 rev1=1 crypto rx=0 tx=0 comp rx=0 tx=0).handle_hello peer v2:172.21.15.26:3300/0 says I am v2:172.21.15.26:39132/0 (socket says 172.21.15.26:39132)
2024-05-20T20:45:26.705 INFO:teuthology.orchestra.run.smithi026.stdout:/usr/bin/ceph: stderr
2024-05-20T20:45:25.888+0000 7f4099c53700 1 -- 172.21.15.26:0/2676567820 learned_addr learned my addr 172.21.15.26:0/2676567820 (peer_addr_for_me v2:172.21.15.26:0/0)
2024-05-20T20:45:26.705 INFO:teuthology.orchestra.run.smithi026.stdout:/usr/bin/ceph: stderr
2024-05-20T20:45:25.888+0000 7f4099c53700 1 -- 172.21.15.26:0/2676567820 --> [v2:172.21.15.26:3300/0,v1:172.21.15.26:6789/0] -- mon_subscribe({config=0+,monmap=0+}) -- 0x7f409419d140 con 0x7f4094107c40
2024-05-20T20:45:26.705 INFO:teuthology.orchestra.run.smithi026.stdout:/usr/bin/ceph: stderr
2024-05-20T20:45:25.888+0000 7f4099c53700 1 --2- 172.21.15.26:0/2676567820 >> [v2:172.21.15.26:3300/0,v1:172.21.15.26:6789/0] conn(0x7f4094107c40 0x7f409419cc00 secure :-1 s=READY pgs=52 cs=0 l=1 rev1=1 crypto rx=0x7f4090011670 tx=0x7f4090011a30 comp rx=0 tx=0).ready entity=mon.0 client_cookie=0 server_cookie=0 in_seq=0 out_seq=0
2024-05-20T20:45:26.705 INFO:teuthology.orchestra.run.smithi026.stdout:/usr/bin/ceph: stderr
2024-05-20T20:45:25.889+0000 7f408affd700 1 -- 172.21.15.26:0/2676567820 <== mon.0 v2:172.21.15.26:3300/0 1 ==== mon_map magic: 0 ==== 205+0+0 (secure 0 0 0) 0x7f4090003a60 con 0x7f4094107c40
2024-05-20T20:45:26.705 INFO:teuthology.orchestra.run.smithi026.stdout:/usr/bin/ceph: stderr
2024-05-20T20:45:25.889+0000 7f409beb7700 1 -- 172.21.15.26:0/2676567820 --> [v2:172.21.15.26:3300/0,v1:172.21.15.26:6789/0] -- mon_subscribe({mgrmap=0+}) -- 0x7f409419d3d0 con 0x7f4094107c40
2024-05-20T20:45:26.705 INFO:teuthology.orchestra.run.smithi026.stdout:/usr/bin/ceph: stderr
2024-05-20T20:45:25.889+0000 7f408affd700 1 -- 172.21.15.26:0/2676567820 <== mon.0 v2:172.21.15.26:3300/0 2 ==== config(25 keys) ==== 1063+0+0 (secure 0 0 0) 0x7f409001b8d0 con 0x7f4094107c40
2024-05-20T20:45:26.705 INFO:teuthology.orchestra.run.smithi026.stdout:/usr/bin/ceph: stderr
2024-05-20T20:45:25.889+0000 7f408affd700 1 -- 172.21.15.26:0/2676567820 <== mon.0 v2:172.21.15.26:3300/0 3 ==== mon_map magic: 0 ==== 205+0+0 (secure 0 0 0) 0x7f4090023750 con 0x7f4094107c40
2024-05-20T20:45:26.705 INFO:teuthology.orchestra.run.smithi026.stdout:/usr/bin/ceph: stderr
2024-05-20T20:45:25.889+0000 7f409beb7700 1 -- 172.21.15.26:0/2676567820 --> [v2:172.21.15.26:3300/0,v1:172.21.15.26:6789/0] -- mon_subscribe({osdmap=0}) -- 0x7f40941a00c0 con 0x7f4094107c40
2024-05-20T20:45:26.705 INFO:teuthology.orchestra.run.smithi026.stdout:/usr/bin/ceph: stderr
2024-05-20T20:45:25.890+0000 7f408affd700 1 -- 172.21.15.26:0/2676567820 <== mon.0 v2:172.21.15.26:3300/0 4 ==== mgrmap(e 8) ==== 50222+0+0 (secure 0 0 0) 0x7f4090023a50 con 0x7f4094107c40
2024-05-20T20:45:26.705 INFO:teuthology.orchestra.run.smithi026.stdout:/usr/bin/ceph: stderr
2024-05-20T20:45:25.890+0000 7f409beb7700 1 -- 172.21.15.26:0/2676567820 --> [v2:172.21.15.26:3300/0,v1:172.21.15.26:6789/0] -- mon_command({"prefix": "get_command_descriptions"} v 0) -- 0x7f409410c1f0 con 0x7f4094107c40
2024-05-20T20:45:26.706 INFO:teuthology.orchestra.run.smithi026.stdout:/usr/bin/ceph: stderr
2024-05-20T20:45:25.890+0000 7f408affd700 1 --2- 172.21.15.26:0/2676567820 >> [v2:172.21.15.26:6800/2532144649,v1:172.21.15.26:6801/2532144649] conn(0x7f408003e420 0x7f40800408e0 unknown :-1 s=NONE pgs=0 cs=0 l=1 rev1=0 crypto rx=0 tx=0 comp rx=0 tx=0).connect
2024-05-20T20:45:26.706 INFO:teuthology.orchestra.run.smithi026.stdout:/usr/bin/ceph: stderr
2024-05-20T20:45:25.890+0000 7f408affd700 1 -- 172.21.15.26:0/2676567820 <== mon.0 v2:172.21.15.26:3300/0 5 ==== osd_map(2..2 src has 1..2) ==== 940+0+0 (secure 0 0 0) 0x7f4090053f90 con 0x7f4094107c40
2024-05-20T20:45:26.706 INFO:teuthology.orchestra.run.smithi026.stdout:/usr/bin/ceph: stderr
2024-05-20T20:45:25.890+0000 7f4099452700 1 --2- 172.21.15.26:0/2676567820 >> [v2:172.21.15.26:6800/2532144649,v1:172.21.15.26:6801/2532144649] conn(0x7f408003e420 0x7f40800408e0 unknown :-1 s=BANNER_CONNECTING pgs=0 cs=0 l=1 rev1=0 crypto rx=0 tx=0 comp rx=0 tx=0)._handle_peer_banner_payload supported=3 required=0
2024-05-20T20:45:26.706 INFO:teuthology.orchestra.run.smithi026.stdout:/usr/bin/ceph: stderr
2024-05-20T20:45:25.891+0000 7f4099452700 1 --2- 172.21.15.26:0/2676567820 >> [v2:172.21.15.26:6800/2532144649,v1:172.21.15.26:6801/2532144649] conn(0x7f408003e420 0x7f40800408e0 secure :-1 s=READY pgs=15 cs=0 l=1 rev1=1 crypto rx=0x7f4084006fd0 tx=0x7f4084006e40 comp rx=0 tx=0).ready entity=mgr.14118 client_cookie=0 server_cookie=0 in_seq=0 out_seq=0
2024-05-20T20:45:26.706 INFO:teuthology.orchestra.run.smithi026.stdout:/usr/bin/ceph: stderr
2024-05-20T20:45:25.895+0000 7f408affd700 1 -- 172.21.15.26:0/2676567820 <== mon.0 v2:172.21.15.26:3300/0 6 ==== mon_command_ack([{"prefix": "get_command_descriptions"}]=0 v0) ==== 72+0+191963 (secure 0 0 0) 0x7f409001f030 con 0x7f4094107c40
2024-05-20T20:45:26.706 INFO:teuthology.orchestra.run.smithi026.stdout:/usr/bin/ceph: stderr
2024-05-20T20:45:26.111+0000 7f409beb7700 1 -- 172.21.15.26:0/2676567820 --> [v2:172.21.15.26:3300/0,v1:172.21.15.26:6789/0] -- mon_command([{prefix=config set, name=mgr/dashboard/ssl_server_port}] v 0) -- 0x7f409402e890 con 0x7f4094107c40
2024-05-20T20:45:26.706 INFO:teuthology.orchestra.run.smithi026.stdout:/usr/bin/ceph: stderr
2024-05-20T20:45:26.115+0000 7f408affd700 1 -- 172.21.15.26:0/2676567820 <== mon.0 v2:172.21.15.26:3300/0 7 ==== mon_command_ack([{prefix=config set, name=mgr/dashboard/ssl_server_port}]=0 v8)=0 v8) ==== 130+0+0 (secure 0 0 0) 0x7f40900202b0 con 0x7f4094107c40
2024-05-20T20:45:26.706 INFO:teuthology.orchestra.run.smithi026.stdout:/usr/bin/ceph: stderr
2024-05-20T20:45:26.117+0000 7f409beb7700 1 -- 172.21.15.26:0/2676567820 >> [v2:172.21.15.26:6800/2532144649,v1:172.21.15.26:6801/2532144649] conn(0x7f408003e420 msgr2=0x7f40800408e0 secure :-1 s=STATE_CONNECTION_ESTABLISHED l=1).mark_down
2024-05-20T20:45:26.706 INFO:teuthology.orchestra.run.smithi026.stdout:/usr/bin/ceph: stderr
2024-05-20T20:45:26.117+0000 7f409beb7700 1 --2- 172.21.15.26:0/2676567820 >> [v2:172.21.15.26:6800/2532144649,v1:172.21.15.26:6801/2532144649] conn(0x7f408003e420 0x7f40800408e0 secure :-1 s=READY pgs=15 cs=0 l=1 rev1=1 crypto rx=0x7f4084006fd0 tx=0x7f4084006e40 comp rx=0 tx=0).stop
2024-05-20T20:45:26.706 INFO:teuthology.orchestra.run.smithi026.stdout:/usr/bin/ceph: stderr
2024-05-20T20:45:26.117+0000 7f409beb7700 1 -- 172.21.15.26:0/2676567820 >> [v2:172.21.15.26:3300/0,v1:172.21.15.26:6789/0] conn(0x7f4094107c40 msgr2=0x7f409419cc00 secure :-1 s=STATE_CONNECTION_ESTABLISHED l=1).mark_down
2024-05-20T20:45:26.706 INFO:teuthology.orchestra.run.smithi026.stdout:/usr/bin/ceph: stderr
2024-05-20T20:45:26.117+0000 7f409beb7700 1 --2- 172.21.15.26:0/2676567820 >> [v2:172.21.15.26:3300/0,v1:172.21.15.26:6789/0] conn(0x7f4094107c40 0x7f409419cc00 secure :-1 s=READY pgs=52 cs=0 l=1 rev1=1 crypto rx=0x7f4090011670 tx=0x7f4090011a30 comp rx=0 tx=0).stop
2024-05-20T20:45:26.706 INFO:teuthology.orchestra.run.smithi026.stdout:/usr/bin/ceph: stderr
2024-05-20T20:45:26.118+0000 7f409beb7700 1 -- 172.21.15.26:0/2676567820 shutdown_connections
2024-05-20T20:45:26.707 INFO:teuthology.orchestra.run.smithi026.stdout:/usr/bin/ceph: stderr
2024-05-20T20:45:26.118+0000 7f409beb7700 1 --2- 172.21.15.26:0/2676567820 >> [v2:172.21.15.26:6800/2532144649,v1:172.21.15.26:6801/2532144649] conn(0x7f408003e420 0x7f40800408e0 unknown :-1 s=CLOSED pgs=15 cs=0 l=1 rev1=1 crypto rx=0 tx=0 comp rx=0 tx=0).stop
2024-05-20T20:45:26.707 INFO:teuthology.orchestra.run.smithi026.stdout:/usr/bin/ceph: stderr
2024-05-20T20:45:26.118+0000 7f409beb7700 1 --2- 172.21.15.26:0/2676567820 >> [v2:172.21.15.26:3300/0,v1:172.21.15.26:6789/0] conn(0x7f4094107c40 0x7f409419cc00 unknown :-1 s=CLOSED pgs=52 cs=0 l=1 rev1=1 crypto rx=0 tx=0 comp rx=0 tx=0).stop
2024-05-20T20:45:26.707 INFO:teuthology.orchestra.run.smithi026.stdout:/usr/bin/ceph: stderr
2024-05-20T20:45:26.118+0000 7f409beb7700 1 -- 172.21.15.26:0/2676567820 >> 172.21.15.26:0/2676567820 conn(0x7f4094103200 msgr2=0x7f4094104020 unknown :-1 s=STATE_NONE l=0).mark_down
2024-05-20T20:45:26.707 INFO:teuthology.orchestra.run.smithi026.stdout:/usr/bin/ceph: stderr
2024-05-20T20:45:26.118+0000 7f409beb7700 1 -- 172.21.15.26:0/2676567820 shutdown_connections
2024-05-20T20:45:26.707 INFO:teuthology.orchestra.run.smithi026.stdout:/usr/bin/ceph: stderr
2024-05-20T20:45:26.118+0000 7f409beb7700 1 -- 172.21.15.26:0/2676567820 wait complete.
2024-05-20T20:45:26.707 INFO:teuthology.orchestra.run.smithi026.stdout:Enabling the dashboard module...
2024-05-20T20:45:27.315 INFO:journalctl@ceph.mon.a.smithi026.stdout:May 20 20:45:27 smithi026 ceph-mon[31990]: from='client.? 172.21.15.26:0/2676567820' entity='client.admin'
2024-05-20T20:45:27.315 INFO:journalctl@ceph.mon.a.smithi026.stdout:May 20 20:45:27 smithi026 ceph-mon[31990]: from='mgr.14118 172.21.15.26:0/4251422378' entity='mgr.x'
2024-05-20T20:45:28.452 INFO:journalctl@ceph.mon.a.smithi026.stdout:May 20 20:45:28 smithi026 ceph-mon[31990]: from='client.? 172.21.15.26:0/2559950847' entity='client.admin' cmd=[{"prefix": "mgr module enable", "module": "dashboard"}]: dispatch
2024-05-20T20:45:28.452 INFO:journalctl@ceph.mgr.x.smithi026.stdout:May 20 20:45:28 smithi026 ceph-9006c62a-16e9-11ef-bc9a-c7b262605968-mgr-x[32220]: ignoring --setuser ceph since I am not root
2024-05-20T20:45:28.452 INFO:journalctl@ceph.mgr.x.smithi026.stdout:May 20 20:45:28 smithi026 ceph-9006c62a-16e9-11ef-bc9a-c7b262605968-mgr-x[32220]: ignoring --setgroup ceph since I am not root
2024-05-20T20:45:28.452 INFO:journalctl@ceph.mgr.x.smithi026.stdout:May 20 20:45:28 smithi026 ceph-9006c62a-16e9-11ef-bc9a-c7b262605968-mgr-x[32220]:
2024-05-20T20:45:28.315+0000 7f603140d200 -1 mgr[py] Module balancer has missing NOTIFY_TYPES member
2024-05-20T20:45:28.832 INFO:journalctl@ceph.mgr.x.smithi026.stdout:May 20 20:45:28 smithi026 ceph-9006c62a-16e9-11ef-bc9a-c7b262605968-mgr-x[32220]:
2024-05-20T20:45:28.509+0000 7f603140d200 -1 mgr[py] Module orchestrator has missing NOTIFY_TYPES member
2024-05-20T20:45:28.833 INFO:journalctl@ceph.mgr.x.smithi026.stdout:May 20 20:45:28 smithi026 ceph-9006c62a-16e9-11ef-bc9a-c7b262605968-mgr-x[32220]:
2024-05-20T20:45:28.618+0000 7f603140d200 -1 mgr[py] Module snap_schedule has missing NOTIFY_TYPES member
2024-05-20T20:45:28.835 INFO:teuthology.orchestra.run.smithi026.stdout:/usr/bin/ceph: stderr
2024-05-20T20:45:27.127+0000 7f8046542700 1 Processor -- start
2024-05-20T20:45:28.840 INFO:teuthology.orchestra.run.smithi026.stdout:/usr/bin/ceph: stderr
2024-05-20T20:45:27.127+0000 7f8046542700 1 -- start start
2024-05-20T20:45:28.840 INFO:teuthology.orchestra.run.smithi026.stdout:/usr/bin/ceph: stderr
2024-05-20T20:45:27.127+0000 7f8046542700 1 --2- >> [v2:172.21.15.26:3300/0,v1:172.21.15.26:6789/0] conn(0x7f804007ee00 0x7f804007d2b0 unknown :-1 s=NONE pgs=0 cs=0 l=0 rev1=0 crypto rx=0 tx=0 comp rx=0 tx=0).connect
2024-05-20T20:45:28.840 INFO:teuthology.orchestra.run.smithi026.stdout:/usr/bin/ceph: stderr
2024-05-20T20:45:27.127+0000 7f8046542700 1 -- --> [v2:172.21.15.26:3300/0,v1:172.21.15.26:6789/0] -- mon_getmap magic: 0 -- 0x7f804007d880 con 0x7f804007ee00
2024-05-20T20:45:28.840 INFO:teuthology.orchestra.run.smithi026.stdout:/usr/bin/ceph: stderr
2024-05-20T20:45:27.128+0000 7f803ffff700 1 --2- >> [v2:172.21.15.26:3300/0,v1:172.21.15.26:6789/0] conn(0x7f804007ee00 0x7f804007d2b0 unknown :-1 s=BANNER_CONNECTING pgs=0 cs=0 l=0 rev1=0 crypto rx=0 tx=0 comp rx=0 tx=0)._handle_peer_banner_payload supported=3 required=0
2024-05-20T20:45:28.840 INFO:teuthology.orchestra.run.smithi026.stdout:/usr/bin/ceph: stderr
2024-05-20T20:45:27.128+0000 7f803ffff700 1 --2- >> [v2:172.21.15.26:3300/0,v1:172.21.15.26:6789/0] conn(0x7f804007ee00 0x7f804007d2b0 unknown :-1 s=HELLO_CONNECTING pgs=0 cs=0 l=0 rev1=1 crypto rx=0 tx=0 comp rx=0 tx=0).handle_hello peer v2:172.21.15.26:3300/0 says I am v2:172.21.15.26:39148/0 (socket says 172.21.15.26:39148)
2024-05-20T20:45:28.840 INFO:teuthology.orchestra.run.smithi026.stdout:/usr/bin/ceph: stderr
2024-05-20T20:45:27.128+0000 7f803ffff700 1 -- 172.21.15.26:0/1882183505 learned_addr learned my addr 172.21.15.26:0/1882183505 (peer_addr_for_me v2:172.21.15.26:0/0)
2024-05-20T20:45:28.840 INFO:teuthology.orchestra.run.smithi026.stdout:/usr/bin/ceph: stderr
2024-05-20T20:45:27.128+0000 7f803ffff700 1 -- 172.21.15.26:0/1882183505 --> [v2:172.21.15.26:3300/0,v1:172.21.15.26:6789/0] -- mon_subscribe({config=0+,monmap=0+}) -- 0x7f804007da00 con 0x7f804007ee00
2024-05-20T20:45:28.840 INFO:teuthology.orchestra.run.smithi026.stdout:/usr/bin/ceph: stderr
2024-05-20T20:45:27.128+0000 7f803ffff700 1 --2- 172.21.15.26:0/1882183505 >> [v2:172.21.15.26:3300/0,v1:172.21.15.26:6789/0] conn(0x7f804007ee00 0x7f804007d2b0 secure :-1 s=READY pgs=53 cs=0 l=1 rev1=1 crypto rx=0x7f80300098a0 tx=0x7f8030009bb0 comp rx=0 tx=0).ready entity=mon.0 client_cookie=a8c789f8654ac5a6 server_cookie=0 in_seq=0 out_seq=0
2024-05-20T20:45:28.840 INFO:teuthology.orchestra.run.smithi026.stdout:/usr/bin/ceph: stderr
2024-05-20T20:45:27.128+0000 7f803effd700 1 -- 172.21.15.26:0/1882183505 <== mon.0 v2:172.21.15.26:3300/0 1 ==== mon_map magic: 0 ==== 205+0+0 (secure 0 0 0) 0x7f8030004160 con 0x7f804007ee00
2024-05-20T20:45:28.840 INFO:teuthology.orchestra.run.smithi026.stdout:/usr/bin/ceph: stderr
2024-05-20T20:45:27.128+0000 7f803effd700 1 -- 172.21.15.26:0/1882183505 <== mon.0 v2:172.21.15.26:3300/0 2 ==== config(25 keys) ==== 1063+0+0 (secure 0 0 0) 0x7f8030004300 con 0x7f804007ee00
2024-05-20T20:45:28.840 INFO:teuthology.orchestra.run.smithi026.stdout:/usr/bin/ceph: stderr
2024-05-20T20:45:27.128+0000 7f803effd700 1 -- 172.21.15.26:0/1882183505 <== mon.0 v2:172.21.15.26:3300/0 3 ==== mon_map magic: 0 ==== 205+0+0 (secure 0 0 0) 0x7f8030011960 con 0x7f804007ee00
2024-05-20T20:45:28.841 INFO:teuthology.orchestra.run.smithi026.stdout:/usr/bin/ceph: stderr
2024-05-20T20:45:27.129+0000 7f8046542700 1 -- 172.21.15.26:0/1882183505 >> [v2:172.21.15.26:3300/0,v1:172.21.15.26:6789/0] conn(0x7f804007ee00 msgr2=0x7f804007d2b0 secure :-1 s=STATE_CONNECTION_ESTABLISHED l=1).mark_down
2024-05-20T20:45:28.841 INFO:teuthology.orchestra.run.smithi026.stdout:/usr/bin/ceph: stderr
2024-05-20T20:45:27.129+0000 7f8046542700 1 --2- 172.21.15.26:0/1882183505 >> [v2:172.21.15.26:3300/0,v1:172.21.15.26:6789/0] conn(0x7f804007ee00 0x7f804007d2b0 secure :-1 s=READY pgs=53 cs=0 l=1 rev1=1 crypto rx=0x7f80300098a0 tx=0x7f8030009bb0 comp rx=0 tx=0).stop
2024-05-20T20:45:28.841 INFO:teuthology.orchestra.run.smithi026.stdout:/usr/bin/ceph: stderr
2024-05-20T20:45:27.129+0000 7f8046542700 1 -- 172.21.15.26:0/1882183505 shutdown_connections
2024-05-20T20:45:28.841 INFO:teuthology.orchestra.run.smithi026.stdout:/usr/bin/ceph: stderr
2024-05-20T20:45:27.129+0000 7f8046542700 1 --2- 172.21.15.26:0/1882183505 >> [v2:172.21.15.26:3300/0,v1:172.21.15.26:6789/0] conn(0x7f804007ee00 0x7f804007d2b0 unknown :-1 s=CLOSED pgs=53 cs=0 l=1 rev1=1 crypto rx=0 tx=0 comp rx=0 tx=0).stop
2024-05-20T20:45:28.841 INFO:teuthology.orchestra.run.smithi026.stdout:/usr/bin/ceph: stderr
2024-05-20T20:45:27.129+0000 7f8046542700 1 -- 172.21.15.26:0/1882183505 >> 172.21.15.26:0/1882183505 conn(0x7f80401042d0 msgr2=0x7f8040106750 unknown :-1 s=STATE_NONE l=0).mark_down
2024-05-20T20:45:28.841 INFO:teuthology.orchestra.run.smithi026.stdout:/usr/bin/ceph: stderr
2024-05-20T20:45:27.129+0000 7f8046542700 1 -- 172.21.15.26:0/1882183505 shutdown_connections
2024-05-20T20:45:28.841 INFO:teuthology.orchestra.run.smithi026.stdout:/usr/bin/ceph: stderr
2024-05-20T20:45:27.129+0000 7f8046542700 1 -- 172.21.15.26:0/1882183505 wait complete.
2024-05-20T20:45:28.841 INFO:teuthology.orchestra.run.smithi026.stdout:/usr/bin/ceph: stderr
2024-05-20T20:45:27.130+0000 7f8046542700 1 Processor -- start
2024-05-20T20:45:28.842 INFO:teuthology.orchestra.run.smithi026.stdout:/usr/bin/ceph: stderr
2024-05-20T20:45:27.130+0000 7f8046542700 1 -- start start
2024-05-20T20:45:28.842 INFO:teuthology.orchestra.run.smithi026.stdout:/usr/bin/ceph: stderr
2024-05-20T20:45:27.130+0000 7f8046542700 1 --2- >> [v2:172.21.15.26:3300/0,v1:172.21.15.26:6789/0] conn(0x7f804007ee00 0x7f804019ed60 unknown :-1 s=NONE pgs=0 cs=0 l=1 rev1=0 crypto rx=0 tx=0 comp rx=0 tx=0).connect
2024-05-20T20:45:28.842 INFO:teuthology.orchestra.run.smithi026.stdout:/usr/bin/ceph: stderr
2024-05-20T20:45:27.130+0000 7f8046542700 1 -- --> [v2:172.21.15.26:3300/0,v1:172.21.15.26:6789/0] -- mon_getmap magic: 0 -- 0x7f804010f290 con 0x7f804007ee00
2024-05-20T20:45:28.842 INFO:teuthology.orchestra.run.smithi026.stdout:/usr/bin/ceph: stderr
2024-05-20T20:45:27.130+0000 7f803ffff700 1 --2- >> [v2:172.21.15.26:3300/0,v1:172.21.15.26:6789/0] conn(0x7f804007ee00 0x7f804019ed60 unknown :-1 s=BANNER_CONNECTING pgs=0 cs=0 l=1 rev1=0 crypto rx=0 tx=0 comp rx=0 tx=0)._handle_peer_banner_payload supported=3 required=0
2024-05-20T20:45:28.842 INFO:teuthology.orchestra.run.smithi026.stdout:/usr/bin/ceph: stderr
2024-05-20T20:45:27.130+0000 7f803ffff700 1 --2- >> [v2:172.21.15.26:3300/0,v1:172.21.15.26:6789/0] conn(0x7f804007ee00 0x7f804019ed60 unknown :-1 s=HELLO_CONNECTING pgs=0 cs=0 l=1 rev1=1 crypto rx=0 tx=0 comp rx=0 tx=0).handle_hello peer v2:172.21.15.26:3300/0 says I am v2:172.21.15.26:39154/0 (socket says 172.21.15.26:39154)
2024-05-20T20:45:28.842 INFO:teuthology.orchestra.run.smithi026.stdout:/usr/bin/ceph: stderr
2024-05-20T20:45:27.130+0000 7f803ffff700 1 -- 172.21.15.26:0/2559950847 learned_addr learned my addr 172.21.15.26:0/2559950847 (peer_addr_for_me v2:172.21.15.26:0/0)
2024-05-20T20:45:28.842 INFO:teuthology.orchestra.run.smithi026.stdout:/usr/bin/ceph: stderr
2024-05-20T20:45:27.131+0000 7f803ffff700 1 -- 172.21.15.26:0/2559950847 --> [v2:172.21.15.26:3300/0,v1:172.21.15.26:6789/0] -- mon_subscribe({config=0+,monmap=0+}) -- 0x7f804019f2a0 con 0x7f804007ee00
2024-05-20T20:45:28.843 INFO:teuthology.orchestra.run.smithi026.stdout:/usr/bin/ceph: stderr
2024-05-20T20:45:27.131+0000 7f803ffff700 1 --2- 172.21.15.26:0/2559950847 >> [v2:172.21.15.26:3300/0,v1:172.21.15.26:6789/0] conn(0x7f804007ee00 0x7f804019ed60 secure :-1 s=READY pgs=54 cs=0 l=1 rev1=1 crypto rx=0x7f8030003e50 tx=0x7f8030011a30 comp rx=0 tx=0).ready entity=mon.0 client_cookie=0 server_cookie=0 in_seq=0 out_seq=0
2024-05-20T20:45:28.843 INFO:teuthology.orchestra.run.smithi026.stdout:/usr/bin/ceph: stderr
2024-05-20T20:45:27.131+0000 7f803d7fa700 1 -- 172.21.15.26:0/2559950847 <== mon.0 v2:172.21.15.26:3300/0 1 ==== mon_map magic: 0 ==== 205+0+0 (secure 0 0 0) 0x7f8030003a60 con 0x7f804007ee00
2024-05-20T20:45:28.843 INFO:teuthology.orchestra.run.smithi026.stdout:/usr/bin/ceph: stderr
2024-05-20T20:45:27.131+0000 7f8046542700 1 -- 172.21.15.26:0/2559950847 --> [v2:172.21.15.26:3300/0,v1:172.21.15.26:6789/0] -- mon_subscribe({mgrmap=0+}) -- 0x7f804019f530 con 0x7f804007ee00
2024-05-20T20:45:28.843 INFO:teuthology.orchestra.run.smithi026.stdout:/usr/bin/ceph: stderr
2024-05-20T20:45:27.131+0000 7f803d7fa700 1 -- 172.21.15.26:0/2559950847 <== mon.0 v2:172.21.15.26:3300/0 2 ==== config(25 keys) ==== 1063+0+0 (secure 0 0 0) 0x7f803001b8d0 con 0x7f804007ee00
2024-05-20T20:45:28.843 INFO:teuthology.orchestra.run.smithi026.stdout:/usr/bin/ceph: stderr
2024-05-20T20:45:27.131+0000 7f803d7fa700 1 -- 172.21.15.26:0/2559950847 <== mon.0 v2:172.21.15.26:3300/0 3 ==== mon_map magic: 0 ==== 205+0+0 (secure 0 0 0) 0x7f80300237d0 con 0x7f804007ee00
2024-05-20T20:45:28.843 INFO:teuthology.orchestra.run.smithi026.stdout:/usr/bin/ceph: stderr
2024-05-20T20:45:27.132+0000 7f8046542700 1 -- 172.21.15.26:0/2559950847 --> [v2:172.21.15.26:3300/0,v1:172.21.15.26:6789/0] -- mon_subscribe({osdmap=0}) -- 0x7f80401a2220 con 0x7f804007ee00
2024-05-20T20:45:28.843 INFO:teuthology.orchestra.run.smithi026.stdout:/usr/bin/ceph: stderr
2024-05-20T20:45:27.133+0000 7f803d7fa700 1 -- 172.21.15.26:0/2559950847 <== mon.0 v2:172.21.15.26:3300/0 4 ==== mgrmap(e 8) ==== 50222+0+0 (secure 0 0 0) 0x7f803001b440 con 0x7f804007ee00
2024-05-20T20:45:28.843 INFO:teuthology.orchestra.run.smithi026.stdout:/usr/bin/ceph: stderr
2024-05-20T20:45:27.133+0000 7f8046542700 1 -- 172.21.15.26:0/2559950847 --> [v2:172.21.15.26:3300/0,v1:172.21.15.26:6789/0] -- mon_command({"prefix": "get_command_descriptions"} v 0) -- 0x7f8040064ba0 con 0x7f804007ee00
2024-05-20T20:45:28.843 INFO:teuthology.orchestra.run.smithi026.stdout:/usr/bin/ceph: stderr
2024-05-20T20:45:27.133+0000 7f803d7fa700 1 --2- 172.21.15.26:0/2559950847 >> [v2:172.21.15.26:6800/2532144649,v1:172.21.15.26:6801/2532144649] conn(0x7f802c03e470 0x7f802c040930 unknown :-1 s=NONE pgs=0 cs=0 l=1 rev1=0 crypto rx=0 tx=0 comp rx=0 tx=0).connect
2024-05-20T20:45:28.843 INFO:teuthology.orchestra.run.smithi026.stdout:/usr/bin/ceph: stderr
2024-05-20T20:45:27.133+0000 7f803d7fa700 1 -- 172.21.15.26:0/2559950847 <== mon.0 v2:172.21.15.26:3300/0 5 ==== osd_map(2..2 src has 1..2) ==== 940+0+0 (secure 0 0 0) 0x7f8030054020 con 0x7f804007ee00
2024-05-20T20:45:28.844 INFO:teuthology.orchestra.run.smithi026.stdout:/usr/bin/ceph: stderr
2024-05-20T20:45:27.133+0000 7f803f7fe700 1 --2- 172.21.15.26:0/2559950847 >> [v2:172.21.15.26:6800/2532144649,v1:172.21.15.26:6801/2532144649] conn(0x7f802c03e470 0x7f802c040930 unknown :-1 s=BANNER_CONNECTING pgs=0 cs=0 l=1 rev1=0 crypto rx=0 tx=0 comp rx=0 tx=0)._handle_peer_banner_payload supported=3 required=0
2024-05-20T20:45:28.844 INFO:teuthology.orchestra.run.smithi026.stdout:/usr/bin/ceph: stderr
2024-05-20T20:45:27.134+0000 7f803f7fe700 1 --2- 172.21.15.26:0/2559950847 >> [v2:172.21.15.26:6800/2532144649,v1:172.21.15.26:6801/2532144649] conn(0x7f802c03e470 0x7f802c040930 secure :-1 s=READY pgs=16 cs=0 l=1 rev1=1 crypto rx=0x7f8028006fd0 tx=0x7f8028006e40 comp rx=0 tx=0).ready entity=mgr.14118 client_cookie=0 server_cookie=0 in_seq=0 out_seq=0
2024-05-20T20:45:28.844 INFO:teuthology.orchestra.run.smithi026.stdout:/usr/bin/ceph: stderr
2024-05-20T20:45:27.138+0000 7f803d7fa700 1 -- 172.21.15.26:0/2559950847 <== mon.0 v2:172.21.15.26:3300/0 6 ==== mon_command_ack([{"prefix": "get_command_descriptions"}]=0 v0) ==== 72+0+191963 (secure 0 0 0) 0x7f803001f030 con 0x7f804007ee00
2024-05-20T20:45:28.844 INFO:teuthology.orchestra.run.smithi026.stdout:/usr/bin/ceph: stderr
2024-05-20T20:45:27.426+0000 7f8046542700 1 -- 172.21.15.26:0/2559950847 --> [v2:172.21.15.26:3300/0,v1:172.21.15.26:6789/0] -- mon_command({"prefix": "mgr module enable", "module": "dashboard"} v 0) -- 0x7f80401a27d0 con 0x7f804007ee00
2024-05-20T20:45:28.844 INFO:teuthology.orchestra.run.smithi026.stdout:/usr/bin/ceph: stderr
2024-05-20T20:45:28.116+0000 7f803d7fa700 1 -- 172.21.15.26:0/2559950847 <== mon.0 v2:172.21.15.26:3300/0 7 ==== mon_command_ack([{"prefix": "mgr module enable", "module": "dashboard"}]=0 v9) ==== 88+0+0 (secure 0 0 0) 0x7f8030017e90 con 0x7f804007ee00
2024-05-20T20:45:28.844 INFO:teuthology.orchestra.run.smithi026.stdout:/usr/bin/ceph: stderr
2024-05-20T20:45:28.118+0000 7f803d7fa700 1 -- 172.21.15.26:0/2559950847 <== mon.0 v2:172.21.15.26:3300/0 8 ==== mgrmap(e 9) ==== 50235+0+0 (secure 0 0 0) 0x7f803000b3e0 con 0x7f804007ee00
2024-05-20T20:45:28.844 INFO:teuthology.orchestra.run.smithi026.stdout:/usr/bin/ceph: stderr
2024-05-20T20:45:28.120+0000 7f8046542700 1 -- 172.21.15.26:0/2559950847 >> [v2:172.21.15.26:6800/2532144649,v1:172.21.15.26:6801/2532144649] conn(0x7f802c03e470 msgr2=0x7f802c040930 secure :-1 s=STATE_CONNECTION_ESTABLISHED l=1).mark_down
2024-05-20T20:45:28.844 INFO:teuthology.orchestra.run.smithi026.stdout:/usr/bin/ceph: stderr
2024-05-20T20:45:28.120+0000 7f8046542700 1 --2- 172.21.15.26:0/2559950847 >> [v2:172.21.15.26:6800/2532144649,v1:172.21.15.26:6801/2532144649] conn(0x7f802c03e470 0x7f802c040930 secure :-1 s=READY pgs=16 cs=0 l=1 rev1=1 crypto rx=0x7f8028006fd0 tx=0x7f8028006e40 comp rx=0 tx=0).stop
2024-05-20T20:45:28.844 INFO:teuthology.orchestra.run.smithi026.stdout:/usr/bin/ceph: stderr
2024-05-20T20:45:28.120+0000 7f8046542700 1 -- 172.21.15.26:0/2559950847 >> [v2:172.21.15.26:3300/0,v1:172.21.15.26:6789/0] conn(0x7f804007ee00 msgr2=0x7f804019ed60 secure :-1 s=STATE_CONNECTION_ESTABLISHED l=1).mark_down
2024-05-20T20:45:28.844 INFO:teuthology.orchestra.run.smithi026.stdout:/usr/bin/ceph: stderr
2024-05-20T20:45:28.120+0000 7f8046542700 1 --2- 172.21.15.26:0/2559950847 >> [v2:172.21.15.26:3300/0,v1:172.21.15.26:6789/0] conn(0x7f804007ee00 0x7f804019ed60 secure :-1 s=READY pgs=54 cs=0 l=1 rev1=1 crypto rx=0x7f8030003e50 tx=0x7f8030011a30 comp rx=0 tx=0).stop
2024-05-20T20:45:28.845 INFO:teuthology.orchestra.run.smithi026.stdout:/usr/bin/ceph: stderr
2024-05-20T20:45:28.121+0000 7f8046542700 1 -- 172.21.15.26:0/2559950847 shutdown_connections
2024-05-20T20:45:28.845 INFO:teuthology.orchestra.run.smithi026.stdout:/usr/bin/ceph: stderr
2024-05-20T20:45:28.121+0000 7f8046542700 1 --2- 172.21.15.26:0/2559950847 >> [v2:172.21.15.26:6800/2532144649,v1:172.21.15.26:6801/2532144649] conn(0x7f802c03e470 0x7f802c040930 unknown :-1 s=CLOSED pgs=16 cs=0 l=1 rev1=1 crypto rx=0 tx=0 comp rx=0 tx=0).stop
2024-05-20T20:45:28.845 INFO:teuthology.orchestra.run.smithi026.stdout:/usr/bin/ceph: stderr
2024-05-20T20:45:28.121+0000 7f8046542700 1 --2- 172.21.15.26:0/2559950847 >> [v2:172.21.15.26:3300/0,v1:172.21.15.26:6789/0] conn(0x7f804007ee00 0x7f804019ed60 unknown :-1 s=CLOSED pgs=54 cs=0 l=1 rev1=1 crypto rx=0 tx=0 comp rx=0 tx=0).stop
2024-05-20T20:45:28.845 INFO:teuthology.orchestra.run.smithi026.stdout:/usr/bin/ceph: stderr
2024-05-20T20:45:28.121+0000 7f8046542700 1 -- 172.21.15.26:0/2559950847 >> 172.21.15.26:0/2559950847 conn(0x7f80401042d0 msgr2=0x7f8040104dd0 unknown :-1 s=STATE_NONE l=0).mark_down
2024-05-20T20:45:28.845 INFO:teuthology.orchestra.run.smithi026.stdout:/usr/bin/ceph: stderr
2024-05-20T20:45:28.121+0000 7f8046542700 1 -- 172.21.15.26:0/2559950847 shutdown_connections
2024-05-20T20:45:28.845 INFO:teuthology.orchestra.run.smithi026.stdout:/usr/bin/ceph: stderr
2024-05-20T20:45:28.121+0000 7f8046542700 1 -- 172.21.15.26:0/2559950847 wait complete.
2024-05-20T20:45:29.117 INFO:journalctl@ceph.mgr.x.smithi026.stdout:May 20 20:45:28 smithi026 ceph-9006c62a-16e9-11ef-bc9a-c7b262605968-mgr-x[32220]:
2024-05-20T20:45:28.945+0000 7f603140d200 -1 mgr[py] Module progress has missing NOTIFY_TYPES member
2024-05-20T20:45:29.117 INFO:journalctl@ceph.mgr.x.smithi026.stdout:May 20 20:45:29 smithi026 ceph-9006c62a-16e9-11ef-bc9a-c7b262605968-mgr-x[32220]:
2024-05-20T20:45:29.037+0000 7f603140d200 -1 mgr[py] Module influx has missing NOTIFY_TYPES member
2024-05-20T20:45:29.452 INFO:journalctl@ceph.mon.a.smithi026.stdout:May 20 20:45:29 smithi026 ceph-mon[31990]: from='client.? 172.21.15.26:0/2559950847' entity='client.admin' cmd='[{"prefix": "mgr module enable", "module": "dashboard"}]': finished
2024-05-20T20:45:29.452 INFO:journalctl@ceph.mon.a.smithi026.stdout:May 20 20:45:29 smithi026 ceph-mon[31990]: mgrmap e9: x(active, since 19s)
2024-05-20T20:45:30.189 INFO:journalctl@ceph.mon.a.smithi026.stdout:May 20 20:45:30 smithi026 ceph-mon[31990]: from='client.? 172.21.15.26:0/2822026000' entity='client.admin' cmd=[{"prefix": "mgr stat"}]: dispatch
2024-05-20T20:45:30.197 INFO:teuthology.orchestra.run.smithi026.stdout:/usr/bin/ceph: stdout {
2024-05-20T20:45:30.197 INFO:teuthology.orchestra.run.smithi026.stdout:/usr/bin/ceph: stdout "epoch": 9,
2024-05-20T20:45:30.197 INFO:teuthology.orchestra.run.smithi026.stdout:/usr/bin/ceph: stdout "available": true,
2024-05-20T20:45:30.197 INFO:teuthology.orchestra.run.smithi026.stdout:/usr/bin/ceph: stdout "active_name": "x",
2024-05-20T20:45:30.197 INFO:teuthology.orchestra.run.smithi026.stdout:/usr/bin/ceph: stdout "num_standby": 0
2024-05-20T20:45:30.197 INFO:teuthology.orchestra.run.smithi026.stdout:/usr/bin/ceph: stdout }
2024-05-20T20:45:30.197 INFO:teuthology.orchestra.run.smithi026.stdout:/usr/bin/ceph: stderr
2024-05-20T20:45:29.265+0000 7fb718e30700 1 Processor -- start
2024-05-20T20:45:30.198 INFO:teuthology.orchestra.run.smithi026.stdout:/usr/bin/ceph: stderr
2024-05-20T20:45:29.265+0000 7fb718e30700 1 -- start start
2024-05-20T20:45:30.198 INFO:teuthology.orchestra.run.smithi026.stdout:/usr/bin/ceph: stderr
2024-05-20T20:45:29.265+0000 7fb718e30700 1 --2- >> [v2:172.21.15.26:3300/0,v1:172.21.15.26:6789/0] conn(0x7fb714108d70 0x7fb714109190 unknown :-1 s=NONE pgs=0 cs=0 l=0 rev1=0 crypto rx=0 tx=0 comp rx=0 tx=0).connect
2024-05-20T20:45:30.198 INFO:teuthology.orchestra.run.smithi026.stdout:/usr/bin/ceph: stderr
2024-05-20T20:45:29.265+0000 7fb718e30700 1 -- --> [v2:172.21.15.26:3300/0,v1:172.21.15.26:6789/0] -- mon_getmap magic: 0 -- 0x7fb714109760 con 0x7fb714108d70
2024-05-20T20:45:30.198 INFO:teuthology.orchestra.run.smithi026.stdout:/usr/bin/ceph: stderr
2024-05-20T20:45:29.266+0000 7fb71259c700 1 --2- >> [v2:172.21.15.26:3300/0,v1:172.21.15.26:6789/0] conn(0x7fb714108d70 0x7fb714109190 unknown :-1 s=BANNER_CONNECTING pgs=0 cs=0 l=0 rev1=0 crypto rx=0 tx=0 comp rx=0 tx=0)._handle_peer_banner_payload supported=3 required=0
2024-05-20T20:45:30.198 INFO:teuthology.orchestra.run.smithi026.stdout:/usr/bin/ceph: stderr
2024-05-20T20:45:29.266+0000 7fb71259c700 1 --2- >> [v2:172.21.15.26:3300/0,v1:172.21.15.26:6789/0] conn(0x7fb714108d70 0x7fb714109190 unknown :-1 s=HELLO_CONNECTING pgs=0 cs=0 l=0 rev1=1 crypto rx=0 tx=0 comp rx=0 tx=0).handle_hello peer v2:172.21.15.26:3300/0 says I am v2:172.21.15.26:39178/0 (socket says 172.21.15.26:39178)
2024-05-20T20:45:30.198 INFO:teuthology.orchestra.run.smithi026.stdout:/usr/bin/ceph: stderr
2024-05-20T20:45:29.266+0000 7fb71259c700 1 -- 172.21.15.26:0/1731374537 learned_addr learned my addr 172.21.15.26:0/1731374537 (peer_addr_for_me v2:172.21.15.26:0/0)
2024-05-20T20:45:30.198 INFO:teuthology.orchestra.run.smithi026.stdout:/usr/bin/ceph: stderr
2024-05-20T20:45:29.266+0000 7fb71259c700 1 -- 172.21.15.26:0/1731374537 --> [v2:172.21.15.26:3300/0,v1:172.21.15.26:6789/0] -- mon_subscribe({config=0+,monmap=0+}) -- 0x7fb714109f20 con 0x7fb714108d70
2024-05-20T20:45:30.198 INFO:teuthology.orchestra.run.smithi026.stdout:/usr/bin/ceph: stderr
2024-05-20T20:45:29.266+0000 7fb71259c700 1 --2- 172.21.15.26:0/1731374537 >> [v2:172.21.15.26:3300/0,v1:172.21.15.26:6789/0] conn(0x7fb714108d70 0x7fb714109190 secure :-1 s=READY pgs=57 cs=0 l=1 rev1=1 crypto rx=0x7fb7080098a0 tx=0x7fb708009bb0 comp rx=0 tx=0).ready entity=mon.0 client_cookie=185dd1680d471ab5 server_cookie=0 in_seq=0 out_seq=0
2024-05-20T20:45:30.198 INFO:teuthology.orchestra.run.smithi026.stdout:/usr/bin/ceph: stderr
2024-05-20T20:45:29.266+0000 7fb71159a700 1 -- 172.21.15.26:0/1731374537 <== mon.0 v2:172.21.15.26:3300/0 1 ==== mon_map magic: 0 ==== 205+0+0 (secure 0 0 0) 0x7fb708004160 con 0x7fb714108d70
2024-05-20T20:45:30.198 INFO:teuthology.orchestra.run.smithi026.stdout:/usr/bin/ceph: stderr
2024-05-20T20:45:29.266+0000 7fb71159a700 1 -- 172.21.15.26:0/1731374537 <== mon.0 v2:172.21.15.26:3300/0 2 ==== config(25 keys) ==== 1063+0+0 (secure 0 0 0) 0x7fb708004300 con 0x7fb714108d70
2024-05-20T20:45:30.198 INFO:teuthology.orchestra.run.smithi026.stdout:/usr/bin/ceph: stderr
2024-05-20T20:45:29.266+0000 7fb71159a700 1 -- 172.21.15.26:0/1731374537 <== mon.0 v2:172.21.15.26:3300/0 3 ==== mon_map magic: 0 ==== 205+0+0 (secure 0 0 0) 0x7fb708011960 con 0x7fb714108d70
2024-05-20T20:45:30.198 INFO:teuthology.orchestra.run.smithi026.stdout:/usr/bin/ceph: stderr
2024-05-20T20:45:29.267+0000 7fb718e30700 1 -- 172.21.15.26:0/1731374537 >> [v2:172.21.15.26:3300/0,v1:172.21.15.26:6789/0] conn(0x7fb714108d70 msgr2=0x7fb714109190 secure :-1 s=STATE_CONNECTION_ESTABLISHED l=1).mark_down
2024-05-20T20:45:30.199 INFO:teuthology.orchestra.run.smithi026.stdout:/usr/bin/ceph: stderr
2024-05-20T20:45:29.267+0000 7fb718e30700 1 --2- 172.21.15.26:0/1731374537 >> [v2:172.21.15.26:3300/0,v1:172.21.15.26:6789/0] conn(0x7fb714108d70 0x7fb714109190 secure :-1 s=READY pgs=57 cs=0 l=1 rev1=1 crypto rx=0x7fb7080098a0 tx=0x7fb708009bb0 comp rx=0 tx=0).stop
2024-05-20T20:45:30.199 INFO:teuthology.orchestra.run.smithi026.stdout:/usr/bin/ceph: stderr
2024-05-20T20:45:29.267+0000 7fb718e30700 1 -- 172.21.15.26:0/1731374537 shutdown_connections
2024-05-20T20:45:30.199 INFO:teuthology.orchestra.run.smithi026.stdout:/usr/bin/ceph: stderr
2024-05-20T20:45:29.267+0000 7fb718e30700 1 --2- 172.21.15.26:0/1731374537 >> [v2:172.21.15.26:3300/0,v1:172.21.15.26:6789/0] conn(0x7fb714108d70 0x7fb714109190 unknown :-1 s=CLOSED pgs=57 cs=0 l=1 rev1=1 crypto rx=0 tx=0 comp rx=0 tx=0).stop
2024-05-20T20:45:30.199 INFO:teuthology.orchestra.run.smithi026.stdout:/usr/bin/ceph: stderr
2024-05-20T20:45:29.267+0000 7fb718e30700 1 -- 172.21.15.26:0/1731374537 >> 172.21.15.26:0/1731374537 conn(0x7fb7141042d0 msgr2=0x7fb714106750 unknown :-1 s=STATE_NONE l=0).mark_down
2024-05-20T20:45:30.199 INFO:teuthology.orchestra.run.smithi026.stdout:/usr/bin/ceph: stderr
2024-05-20T20:45:29.267+0000 7fb718e30700 1 -- 172.21.15.26:0/1731374537 shutdown_connections
2024-05-20T20:45:30.199 INFO:teuthology.orchestra.run.smithi026.stdout:/usr/bin/ceph: stderr
2024-05-20T20:45:29.267+0000 7fb718e30700 1 -- 172.21.15.26:0/1731374537 wait complete.
2024-05-20T20:45:30.199 INFO:teuthology.orchestra.run.smithi026.stdout:/usr/bin/ceph: stderr
2024-05-20T20:45:29.268+0000 7fb718e30700 1 Processor -- start
2024-05-20T20:45:30.199 INFO:teuthology.orchestra.run.smithi026.stdout:/usr/bin/ceph: stderr
2024-05-20T20:45:29.268+0000 7fb718e30700 1 -- start start
2024-05-20T20:45:30.199 INFO:teuthology.orchestra.run.smithi026.stdout:/usr/bin/ceph: stderr
2024-05-20T20:45:29.268+0000 7fb718e30700 1 --2- >> [v2:172.21.15.26:3300/0,v1:172.21.15.26:6789/0] conn(0x7fb714108d70 0x7fb71407eb00 unknown :-1 s=NONE pgs=0 cs=0 l=1 rev1=0 crypto rx=0 tx=0 comp rx=0 tx=0).connect
2024-05-20T20:45:30.199 INFO:teuthology.orchestra.run.smithi026.stdout:/usr/bin/ceph: stderr
2024-05-20T20:45:29.268+0000 7fb718e30700 1 -- --> [v2:172.21.15.26:3300/0,v1:172.21.15.26:6789/0] -- mon_getmap magic: 0 -- 0x7fb71410d150 con 0x7fb714108d70
2024-05-20T20:45:30.199 INFO:teuthology.orchestra.run.smithi026.stdout:/usr/bin/ceph: stderr
2024-05-20T20:45:29.268+0000 7fb71259c700 1 --2- >> [v2:172.21.15.26:3300/0,v1:172.21.15.26:6789/0] conn(0x7fb714108d70 0x7fb71407eb00 unknown :-1 s=BANNER_CONNECTING pgs=0 cs=0 l=1 rev1=0 crypto rx=0 tx=0 comp rx=0 tx=0)._handle_peer_banner_payload supported=3 required=0
2024-05-20T20:45:30.199 INFO:teuthology.orchestra.run.smithi026.stdout:/usr/bin/ceph: stderr
2024-05-20T20:45:29.268+0000 7fb71259c700 1 --2- >> [v2:172.21.15.26:3300/0,v1:172.21.15.26:6789/0] conn(0x7fb714108d70 0x7fb71407eb00 unknown :-1 s=HELLO_CONNECTING pgs=0 cs=0 l=1 rev1=1 crypto rx=0 tx=0 comp rx=0 tx=0).handle_hello peer v2:172.21.15.26:3300/0 says I am v2:172.21.15.26:39182/0 (socket says 172.21.15.26:39182)
2024-05-20T20:45:30.200 INFO:teuthology.orchestra.run.smithi026.stdout:/usr/bin/ceph: stderr
2024-05-20T20:45:29.268+0000 7fb71259c700 1 -- 172.21.15.26:0/2822026000 learned_addr learned my addr 172.21.15.26:0/2822026000 (peer_addr_for_me v2:172.21.15.26:0/0)
2024-05-20T20:45:30.200 INFO:teuthology.orchestra.run.smithi026.stdout:/usr/bin/ceph: stderr
2024-05-20T20:45:29.269+0000 7fb71259c700 1 -- 172.21.15.26:0/2822026000 --> [v2:172.21.15.26:3300/0,v1:172.21.15.26:6789/0] -- mon_subscribe({config=0+,monmap=0+}) -- 0x7fb71407f040 con 0x7fb714108d70
2024-05-20T20:45:30.200 INFO:teuthology.orchestra.run.smithi026.stdout:/usr/bin/ceph: stderr
2024-05-20T20:45:29.269+0000 7fb71259c700 1 --2- 172.21.15.26:0/2822026000 >> [v2:172.21.15.26:3300/0,v1:172.21.15.26:6789/0] conn(0x7fb714108d70 0x7fb71407eb00 secure :-1 s=READY pgs=58 cs=0 l=1 rev1=1 crypto rx=0x7fb708011670 tx=0x7fb708011a30 comp rx=0 tx=0).ready entity=mon.0 client_cookie=0 server_cookie=0 in_seq=0 out_seq=0
2024-05-20T20:45:30.200 INFO:teuthology.orchestra.run.smithi026.stdout:/usr/bin/ceph: stderr
2024-05-20T20:45:29.269+0000 7fb7037fe700 1 -- 172.21.15.26:0/2822026000 <== mon.0 v2:172.21.15.26:3300/0 1 ==== mon_map magic: 0 ==== 205+0+0 (secure 0 0 0) 0x7fb708003a60 con 0x7fb714108d70
2024-05-20T20:45:30.200 INFO:teuthology.orchestra.run.smithi026.stdout:/usr/bin/ceph: stderr
2024-05-20T20:45:29.269+0000 7fb7037fe700 1 -- 172.21.15.26:0/2822026000 <== mon.0 v2:172.21.15.26:3300/0 2 ==== config(25 keys) ==== 1063+0+0 (secure 0 0 0) 0x7fb70801b8d0 con 0x7fb714108d70
2024-05-20T20:45:30.200 INFO:teuthology.orchestra.run.smithi026.stdout:/usr/bin/ceph: stderr
2024-05-20T20:45:29.269+0000 7fb718e30700 1 -- 172.21.15.26:0/2822026000 --> [v2:172.21.15.26:3300/0,v1:172.21.15.26:6789/0] -- mon_subscribe({mgrmap=0+}) -- 0x7fb71407d230 con 0x7fb714108d70
2024-05-20T20:45:30.200 INFO:teuthology.orchestra.run.smithi026.stdout:/usr/bin/ceph: stderr
2024-05-20T20:45:29.269+0000 7fb7037fe700 1 -- 172.21.15.26:0/2822026000 <== mon.0 v2:172.21.15.26:3300/0 3 ==== mon_map magic: 0 ==== 205+0+0 (secure 0 0 0) 0x7fb708023750 con 0x7fb714108d70
2024-05-20T20:45:30.200 INFO:teuthology.orchestra.run.smithi026.stdout:/usr/bin/ceph: stderr
2024-05-20T20:45:29.269+0000 7fb718e30700 1 -- 172.21.15.26:0/2822026000 --> [v2:172.21.15.26:3300/0,v1:172.21.15.26:6789/0] -- mon_subscribe({osdmap=0}) -- 0x7fb71407d770 con 0x7fb714108d70
2024-05-20T20:45:30.200 INFO:teuthology.orchestra.run.smithi026.stdout:/usr/bin/ceph: stderr
