2024-05-20T21:02:53.457+0000 7f737e600700 1 -- 172.21.15.8:0/2834919319 wait complete.
2024-05-20T21:02:54.462 INFO:teuthology.orchestra.run.smithi008.stdout:/usr/bin/ceph: stderr
2024-05-20T21:02:53.458+0000 7f737e600700 1 Processor -- start
2024-05-20T21:02:54.462 INFO:teuthology.orchestra.run.smithi008.stdout:/usr/bin/ceph: stderr
2024-05-20T21:02:53.459+0000 7f737e600700 1 -- start start
2024-05-20T21:02:54.462 INFO:teuthology.orchestra.run.smithi008.stdout:/usr/bin/ceph: stderr
2024-05-20T21:02:53.459+0000 7f737e600700 1 --2- >> [v2:172.21.15.8:3300/0,v1:172.21.15.8:6789/0] conn(0x7f7378107e50 0x7f737819f140 unknown :-1 s=NONE pgs=0 cs=0 l=1 rev1=0 crypto rx=0 tx=0 comp rx=0 tx=0).connect
2024-05-20T21:02:54.462 INFO:teuthology.orchestra.run.smithi008.stdout:/usr/bin/ceph: stderr
2024-05-20T21:02:53.459+0000 7f737e600700 1 -- --> [v2:172.21.15.8:3300/0,v1:172.21.15.8:6789/0] -- mon_getmap magic: 0 -- 0x7f737810c300 con 0x7f7378107e50
2024-05-20T21:02:54.462 INFO:teuthology.orchestra.run.smithi008.stdout:/usr/bin/ceph: stderr
2024-05-20T21:02:53.459+0000 7f7377400700 1 --2- >> [v2:172.21.15.8:3300/0,v1:172.21.15.8:6789/0] conn(0x7f7378107e50 0x7f737819f140 unknown :-1 s=BANNER_CONNECTING pgs=0 cs=0 l=1 rev1=0 crypto rx=0 tx=0 comp rx=0 tx=0)._handle_peer_banner_payload supported=3 required=0
2024-05-20T21:02:54.462 INFO:teuthology.orchestra.run.smithi008.stdout:/usr/bin/ceph: stderr
2024-05-20T21:02:53.459+0000 7f7377400700 1 --2- >> [v2:172.21.15.8:3300/0,v1:172.21.15.8:6789/0] conn(0x7f7378107e50 0x7f737819f140 unknown :-1 s=HELLO_CONNECTING pgs=0 cs=0 l=1 rev1=1 crypto rx=0 tx=0 comp rx=0 tx=0).handle_hello peer v2:172.21.15.8:3300/0 says I am v2:172.21.15.8:54906/0 (socket says 172.21.15.8:54906)
2024-05-20T21:02:54.462 INFO:teuthology.orchestra.run.smithi008.stdout:/usr/bin/ceph: stderr
2024-05-20T21:02:53.459+0000 7f7377400700 1 -- 172.21.15.8:0/2449595786 learned_addr learned my addr 172.21.15.8:0/2449595786 (peer_addr_for_me v2:172.21.15.8:0/0)
2024-05-20T21:02:54.462 INFO:teuthology.orchestra.run.smithi008.stdout:/usr/bin/ceph: stderr
2024-05-20T21:02:53.460+0000 7f7377400700 1 -- 172.21.15.8:0/2449595786 --> [v2:172.21.15.8:3300/0,v1:172.21.15.8:6789/0] -- mon_subscribe({config=0+,monmap=0+}) -- 0x7f737819f680 con 0x7f7378107e50
2024-05-20T21:02:54.462 INFO:teuthology.orchestra.run.smithi008.stdout:/usr/bin/ceph: stderr
2024-05-20T21:02:53.460+0000 7f7377400700 1 --2- 172.21.15.8:0/2449595786 >> [v2:172.21.15.8:3300/0,v1:172.21.15.8:6789/0] conn(0x7f7378107e50 0x7f737819f140 secure :-1 s=READY pgs=60 cs=0 l=1 rev1=1 crypto rx=0x7f7368000c00 tx=0x7f7368011aa0 comp rx=0 tx=0).ready entity=mon.0 client_cookie=0 server_cookie=0 in_seq=0 out_seq=0
2024-05-20T21:02:54.462 INFO:teuthology.orchestra.run.smithi008.stdout:/usr/bin/ceph: stderr
2024-05-20T21:02:53.460+0000 7f7374c00700 1 -- 172.21.15.8:0/2449595786 <== mon.0 v2:172.21.15.8:3300/0 1 ==== mon_map magic: 0 ==== 205+0+0 (secure 0 0 0) 0x7f7368003aa0 con 0x7f7378107e50
2024-05-20T21:02:54.463 INFO:teuthology.orchestra.run.smithi008.stdout:/usr/bin/ceph: stderr
2024-05-20T21:02:53.460+0000 7f7374c00700 1 -- 172.21.15.8:0/2449595786 <== mon.0 v2:172.21.15.8:3300/0 2 ==== config(26 keys) ==== 1101+0+0 (secure 0 0 0) 0x7f736801b8f0 con 0x7f7378107e50
2024-05-20T21:02:54.463 INFO:teuthology.orchestra.run.smithi008.stdout:/usr/bin/ceph: stderr
2024-05-20T21:02:53.460+0000 7f737e600700 1 -- 172.21.15.8:0/2449595786 --> [v2:172.21.15.8:3300/0,v1:172.21.15.8:6789/0] -- mon_subscribe({mgrmap=0+}) -- 0x7f737819f910 con 0x7f7378107e50
2024-05-20T21:02:54.463 INFO:teuthology.orchestra.run.smithi008.stdout:/usr/bin/ceph: stderr
2024-05-20T21:02:53.460+0000 7f7374c00700 1 -- 172.21.15.8:0/2449595786 <== mon.0 v2:172.21.15.8:3300/0 3 ==== mon_map magic: 0 ==== 205+0+0 (secure 0 0 0) 0x7f7368023890 con 0x7f7378107e50
2024-05-20T21:02:54.463 INFO:teuthology.orchestra.run.smithi008.stdout:/usr/bin/ceph: stderr
2024-05-20T21:02:53.460+0000 7f737e600700 1 -- 172.21.15.8:0/2449595786 --> [v2:172.21.15.8:3300/0,v1:172.21.15.8:6789/0] -- mon_subscribe({osdmap=0}) -- 0x7f73781a2600 con 0x7f7378107e50
2024-05-20T21:02:54.463 INFO:teuthology.orchestra.run.smithi008.stdout:/usr/bin/ceph: stderr
2024-05-20T21:02:53.461+0000 7f737e600700 1 -- 172.21.15.8:0/2449595786 --> [v2:172.21.15.8:3300/0,v1:172.21.15.8:6789/0] -- mon_command({"prefix": "get_command_descriptions"} v 0) -- 0x7f7378064ba0 con 0x7f7378107e50
2024-05-20T21:02:54.463 INFO:teuthology.orchestra.run.smithi008.stdout:/usr/bin/ceph: stderr
2024-05-20T21:02:53.462+0000 7f7374c00700 1 -- 172.21.15.8:0/2449595786 <== mon.0 v2:172.21.15.8:3300/0 4 ==== mgrmap(e 9) ==== 50235+0+0 (secure 0 0 0) 0x7f736801b440 con 0x7f7378107e50
2024-05-20T21:02:54.463 INFO:teuthology.orchestra.run.smithi008.stdout:/usr/bin/ceph: stderr
2024-05-20T21:02:53.462+0000 7f7374c00700 1 --2- 172.21.15.8:0/2449595786 >> [v2:172.21.15.8:6800/3677468514,v1:172.21.15.8:6801/3677468514] conn(0x7f735c03e520 0x7f735c0409e0 unknown :-1 s=NONE pgs=0 cs=0 l=1 rev1=0 crypto rx=0 tx=0 comp rx=0 tx=0).connect
2024-05-20T21:02:54.463 INFO:teuthology.orchestra.run.smithi008.stdout:/usr/bin/ceph: stderr
2024-05-20T21:02:53.462+0000 7f7374c00700 1 -- 172.21.15.8:0/2449595786 <== mon.0 v2:172.21.15.8:3300/0 5 ==== osd_map(2..2 src has 1..2) ==== 940+0+0 (secure 0 0 0) 0x7f7368053ee0 con 0x7f7378107e50
2024-05-20T21:02:54.463 INFO:teuthology.orchestra.run.smithi008.stdout:/usr/bin/ceph: stderr
2024-05-20T21:02:53.462+0000 7f736fe00700 1 -- 172.21.15.8:0/2449595786 >> [v2:172.21.15.8:6800/3677468514,v1:172.21.15.8:6801/3677468514] conn(0x7f735c03e520 msgr2=0x7f735c0409e0 unknown :-1 s=STATE_CONNECTING_RE l=1).process reconnect failed to v2:172.21.15.8:6800/3677468514
2024-05-20T21:02:54.463 INFO:teuthology.orchestra.run.smithi008.stdout:/usr/bin/ceph: stderr
2024-05-20T21:02:53.462+0000 7f736fe00700 1 --2- 172.21.15.8:0/2449595786 >> [v2:172.21.15.8:6800/3677468514,v1:172.21.15.8:6801/3677468514] conn(0x7f735c03e520 0x7f735c0409e0 unknown :-1 s=START_CONNECT pgs=0 cs=0 l=1 rev1=0 crypto rx=0 tx=0 comp rx=0 tx=0)._fault waiting 0.200000
2024-05-20T21:02:54.463 INFO:teuthology.orchestra.run.smithi008.stdout:/usr/bin/ceph: stderr
2024-05-20T21:02:53.468+0000 7f7374c00700 1 -- 172.21.15.8:0/2449595786 <== mon.0 v2:172.21.15.8:3300/0 6 ==== mon_command_ack([{"prefix": "get_command_descriptions"}]=0 v0) ==== 72+0+191963 (secure 0 0 0) 0x7f736801f030 con 0x7f7378107e50
2024-05-20T21:02:54.463 INFO:teuthology.orchestra.run.smithi008.stdout:/usr/bin/ceph: stderr
2024-05-20T21:02:53.663+0000 7f736fe00700 1 -- 172.21.15.8:0/2449595786 >> [v2:172.21.15.8:6800/3677468514,v1:172.21.15.8:6801/3677468514] conn(0x7f735c03e520 msgr2=0x7f735c0409e0 unknown :-1 s=STATE_CONNECTING_RE l=1).process reconnect failed to v2:172.21.15.8:6800/3677468514
2024-05-20T21:02:54.463 INFO:teuthology.orchestra.run.smithi008.stdout:/usr/bin/ceph: stderr
2024-05-20T21:02:53.663+0000 7f736fe00700 1 --2- 172.21.15.8:0/2449595786 >> [v2:172.21.15.8:6800/3677468514,v1:172.21.15.8:6801/3677468514] conn(0x7f735c03e520 0x7f735c0409e0 unknown :-1 s=START_CONNECT pgs=0 cs=0 l=1 rev1=0 crypto rx=0 tx=0 comp rx=0 tx=0)._fault waiting 0.400000
2024-05-20T21:02:54.464 INFO:teuthology.orchestra.run.smithi008.stdout:/usr/bin/ceph: stderr
2024-05-20T21:02:53.767+0000 7f737e600700 1 -- 172.21.15.8:0/2449595786 --> [v2:172.21.15.8:3300/0,v1:172.21.15.8:6789/0] -- mon_command({"prefix": "mgr stat"} v 0) -- 0x7f737802e830 con 0x7f7378107e50
2024-05-20T21:02:54.465 INFO:teuthology.orchestra.run.smithi008.stdout:/usr/bin/ceph: stderr
2024-05-20T21:02:53.768+0000 7f7374c00700 1 -- 172.21.15.8:0/2449595786 <== mon.0 v2:172.21.15.8:3300/0 7 ==== mon_command_ack([{"prefix": "mgr stat"}]=0 v9) ==== 56+0+88 (secure 0 0 0) 0x7f7368016260 con 0x7f7378107e50
2024-05-20T21:02:54.465 INFO:teuthology.orchestra.run.smithi008.stdout:/usr/bin/ceph: stderr
2024-05-20T21:02:53.771+0000 7f737e600700 1 -- 172.21.15.8:0/2449595786 >> [v2:172.21.15.8:6800/3677468514,v1:172.21.15.8:6801/3677468514] conn(0x7f735c03e520 msgr2=0x7f735c0409e0 unknown :-1 s=STATE_CONNECTING l=1).mark_down
2024-05-20T21:02:54.465 INFO:teuthology.orchestra.run.smithi008.stdout:/usr/bin/ceph: stderr
2024-05-20T21:02:53.771+0000 7f737e600700 1 --2- 172.21.15.8:0/2449595786 >> [v2:172.21.15.8:6800/3677468514,v1:172.21.15.8:6801/3677468514] conn(0x7f735c03e520 0x7f735c0409e0 unknown :-1 s=START_CONNECT pgs=0 cs=0 l=1 rev1=0 crypto rx=0 tx=0 comp rx=0 tx=0).stop
2024-05-20T21:02:54.465 INFO:teuthology.orchestra.run.smithi008.stdout:/usr/bin/ceph: stderr
2024-05-20T21:02:53.771+0000 7f737e600700 1 -- 172.21.15.8:0/2449595786 >> [v2:172.21.15.8:3300/0,v1:172.21.15.8:6789/0] conn(0x7f7378107e50 msgr2=0x7f737819f140 secure :-1 s=STATE_CONNECTION_ESTABLISHED l=1).mark_down
2024-05-20T21:02:54.465 INFO:teuthology.orchestra.run.smithi008.stdout:/usr/bin/ceph: stderr
2024-05-20T21:02:53.771+0000 7f737e600700 1 --2- 172.21.15.8:0/2449595786 >> [v2:172.21.15.8:3300/0,v1:172.21.15.8:6789/0] conn(0x7f7378107e50 0x7f737819f140 secure :-1 s=READY pgs=60 cs=0 l=1 rev1=1 crypto rx=0x7f7368000c00 tx=0x7f7368011aa0 comp rx=0 tx=0).stop
2024-05-20T21:02:54.465 INFO:teuthology.orchestra.run.smithi008.stdout:/usr/bin/ceph: stderr
2024-05-20T21:02:53.772+0000 7f737e600700 1 -- 172.21.15.8:0/2449595786 shutdown_connections
2024-05-20T21:02:54.465 INFO:teuthology.orchestra.run.smithi008.stdout:/usr/bin/ceph: stderr
2024-05-20T21:02:53.772+0000 7f737e600700 1 --2- 172.21.15.8:0/2449595786 >> [v2:172.21.15.8:6800/3677468514,v1:172.21.15.8:6801/3677468514] conn(0x7f735c03e520 0x7f735c0409e0 unknown :-1 s=CLOSED pgs=0 cs=0 l=1 rev1=0 crypto rx=0 tx=0 comp rx=0 tx=0).stop
2024-05-20T21:02:54.465 INFO:teuthology.orchestra.run.smithi008.stdout:/usr/bin/ceph: stderr
2024-05-20T21:02:53.772+0000 7f737e600700 1 --2- 172.21.15.8:0/2449595786 >> [v2:172.21.15.8:3300/0,v1:172.21.15.8:6789/0] conn(0x7f7378107e50 0x7f737819f140 unknown :-1 s=CLOSED pgs=60 cs=0 l=1 rev1=1 crypto rx=0 tx=0 comp rx=0 tx=0).stop
2024-05-20T21:02:54.466 INFO:teuthology.orchestra.run.smithi008.stdout:/usr/bin/ceph: stderr
2024-05-20T21:02:53.772+0000 7f737e600700 1 -- 172.21.15.8:0/2449595786 >> 172.21.15.8:0/2449595786 conn(0x7f7378103460 msgr2=0x7f7378104360 unknown :-1 s=STATE_NONE l=0).mark_down
2024-05-20T21:02:54.466 INFO:teuthology.orchestra.run.smithi008.stdout:/usr/bin/ceph: stderr
2024-05-20T21:02:53.772+0000 7f737e600700 1 -- 172.21.15.8:0/2449595786 shutdown_connections
2024-05-20T21:02:54.466 INFO:teuthology.orchestra.run.smithi008.stdout:/usr/bin/ceph: stderr
2024-05-20T21:02:53.772+0000 7f737e600700 1 -- 172.21.15.8:0/2449595786 wait complete.
2024-05-20T21:02:54.466 INFO:teuthology.orchestra.run.smithi008.stdout:Waiting for the mgr to restart...
2024-05-20T21:02:54.466 INFO:teuthology.orchestra.run.smithi008.stdout:Waiting for mgr epoch 9...
2024-05-20T21:02:54.701 INFO:journalctl@ceph.mgr.x.smithi008.stdout:May 20 21:02:54 smithi008 ceph-060ce10e-16ec-11ef-bc9a-c7b262605968-mgr-x[31704]:
2024-05-20T21:02:54.449+0000 7fa3dd77b200 -1 mgr[py] Module osd_support has missing NOTIFY_TYPES member
2024-05-20T21:02:54.702 INFO:journalctl@ceph.mgr.x.smithi008.stdout:May 20 21:02:54 smithi008 ceph-060ce10e-16ec-11ef-bc9a-c7b262605968-mgr-x[31704]:
2024-05-20T21:02:54.673+0000 7fa3dd77b200 -1 mgr[py] Module iostat has missing NOTIFY_TYPES member
2024-05-20T21:02:55.336 INFO:journalctl@ceph.mgr.x.smithi008.stdout:May 20 21:02:55 smithi008 ceph-060ce10e-16ec-11ef-bc9a-c7b262605968-mgr-x[31704]:
2024-05-20T21:02:55.081+0000 7fa3dd77b200 -1 mgr[py] Module alerts has missing NOTIFY_TYPES member
2024-05-20T21:02:55.336 INFO:journalctl@ceph.mgr.x.smithi008.stdout:May 20 21:02:55 smithi008 ceph-060ce10e-16ec-11ef-bc9a-c7b262605968-mgr-x[31704]:
2024-05-20T21:02:55.223+0000 7fa3dd77b200 -1 mgr[py] Module selftest has missing NOTIFY_TYPES member
2024-05-20T21:02:55.701 INFO:journalctl@ceph.mgr.x.smithi008.stdout:May 20 21:02:55 smithi008 ceph-060ce10e-16ec-11ef-bc9a-c7b262605968-mgr-x[31704]:
2024-05-20T21:02:55.490+0000 7fa3dd77b200 -1 mgr[py] Module pg_autoscaler has missing NOTIFY_TYPES member
2024-05-20T21:02:56.201 INFO:journalctl@ceph.mgr.x.smithi008.stdout:May 20 21:02:55 smithi008 ceph-060ce10e-16ec-11ef-bc9a-c7b262605968-mgr-x[31704]:
2024-05-20T21:02:55.762+0000 7fa3dd77b200 -1 mgr[py] Module test_orchestrator has missing NOTIFY_TYPES member
2024-05-20T21:02:56.899 INFO:journalctl@ceph.mgr.x.smithi008.stdout:May 20 21:02:56 smithi008 ceph-060ce10e-16ec-11ef-bc9a-c7b262605968-mgr-x[31704]:
2024-05-20T21:02:56.599+0000 7fa3dd77b200 -1 mgr[py] Module rook has missing NOTIFY_TYPES member
2024-05-20T21:02:57.201 INFO:journalctl@ceph.mgr.x.smithi008.stdout:May 20 21:02:56 smithi008 ceph-060ce10e-16ec-11ef-bc9a-c7b262605968-mgr-x[31704]:
2024-05-20T21:02:56.899+0000 7fa3dd77b200 -1 mgr[py] Module smb has missing NOTIFY_TYPES member
2024-05-20T21:02:57.954 INFO:journalctl@ceph.mgr.x.smithi008.stdout:May 20 21:02:57 smithi008 ceph-060ce10e-16ec-11ef-bc9a-c7b262605968-mgr-x[31704]:
2024-05-20T21:02:57.476+0000 7fa3dd77b200 -1 mgr[py] Module volumes has missing NOTIFY_TYPES member
2024-05-20T21:02:57.954 INFO:journalctl@ceph.mgr.x.smithi008.stdout:May 20 21:02:57 smithi008 ceph-060ce10e-16ec-11ef-bc9a-c7b262605968-mgr-x[31704]:
2024-05-20T21:02:57.609+0000 7fa3dd77b200 -1 mgr[py] Module crash has missing NOTIFY_TYPES member
2024-05-20T21:02:58.452 INFO:journalctl@ceph.mgr.x.smithi008.stdout:May 20 21:02:58 smithi008 ceph-060ce10e-16ec-11ef-bc9a-c7b262605968-mgr-x[31704]:
2024-05-20T21:02:58.089+0000 7fa3dd77b200 -1 mgr[py] Module rgw has missing NOTIFY_TYPES member
2024-05-20T21:02:58.951 INFO:journalctl@ceph.mgr.x.smithi008.stdout:May 20 21:02:58 smithi008 ceph-060ce10e-16ec-11ef-bc9a-c7b262605968-mgr-x[31704]:
2024-05-20T21:02:58.564+0000 7fa3dd77b200 -1 mgr[py] Module prometheus has missing NOTIFY_TYPES member
2024-05-20T21:02:58.951 INFO:journalctl@ceph.mgr.x.smithi008.stdout:May 20 21:02:58 smithi008 ceph-060ce10e-16ec-11ef-bc9a-c7b262605968-mgr-x[31704]:
2024-05-20T21:02:58.694+0000 7fa3dd77b200 -1 mgr[py] Module devicehealth has missing NOTIFY_TYPES member
2024-05-20T21:02:59.354 INFO:journalctl@ceph.mgr.x.smithi008.stdout:May 20 21:02:59 smithi008 ceph-060ce10e-16ec-11ef-bc9a-c7b262605968-mgr-x[31704]:
2024-05-20T21:02:59.031+0000 7fa3dd77b200 -1 mgr[py] Module telemetry has missing NOTIFY_TYPES member
2024-05-20T21:02:59.354 INFO:journalctl@ceph.mgr.x.smithi008.stdout:May 20 21:02:59 smithi008 ceph-060ce10e-16ec-11ef-bc9a-c7b262605968-mgr-x[31704]:
2024-05-20T21:02:59.218+0000 7fa3dd77b200 -1 mgr[py] Module diskprediction_local has missing NOTIFY_TYPES member
2024-05-20T21:02:59.354 INFO:journalctl@ceph.mgr.x.smithi008.stdout:May 20 21:02:59 smithi008 ceph-060ce10e-16ec-11ef-bc9a-c7b262605968-mgr-x[31704]:
2024-05-20T21:02:59.353+0000 7fa3dd77b200 -1 mgr[py] Module osd_perf_query has missing NOTIFY_TYPES member
2024-05-20T21:03:00.201 INFO:journalctl@ceph.mgr.x.smithi008.stdout:May 20 21:02:59 smithi008 ceph-060ce10e-16ec-11ef-bc9a-c7b262605968-mgr-x[31704]:
2024-05-20T21:02:59.763+0000 7fa3dd77b200 -1 mgr[py] Module rbd_support has missing NOTIFY_TYPES member
2024-05-20T21:03:00.201 INFO:journalctl@ceph.mgr.x.smithi008.stdout:May 20 21:02:59 smithi008 ceph-060ce10e-16ec-11ef-bc9a-c7b262605968-mgr-x[31704]:
2024-05-20T21:02:59.893+0000 7fa3dd77b200 -1 mgr[py] Module zabbix has missing NOTIFY_TYPES member
2024-05-20T21:03:00.951 INFO:journalctl@ceph.mgr.x.smithi008.stdout:May 20 21:03:00 smithi008 ceph-060ce10e-16ec-11ef-bc9a-c7b262605968-mgr-x[31704]:
2024-05-20T21:03:00.692+0000 7fa3dd77b200 -1 mgr[py] Module status has missing NOTIFY_TYPES member
2024-05-20T21:03:01.451 INFO:journalctl@ceph.mgr.x.smithi008.stdout:May 20 21:03:00 smithi008 ceph-060ce10e-16ec-11ef-bc9a-c7b262605968-mgr-x[31704]:
2024-05-20T21:03:00.993+0000 7fa3dd77b200 -1 mgr[py] Module nfs has missing NOTIFY_TYPES member
2024-05-20T21:03:01.452 INFO:journalctl@ceph.mon.a.smithi008.stdout:May 20 21:03:01 smithi008 ceph-mon[31475]: Active manager daemon x restarted
2024-05-20T21:03:01.452 INFO:journalctl@ceph.mon.a.smithi008.stdout:May 20 21:03:01 smithi008 ceph-mon[31475]: Activating manager daemon x
2024-05-20T21:03:01.452 INFO:journalctl@ceph.mon.a.smithi008.stdout:May 20 21:03:01 smithi008 ceph-mon[31475]: osdmap e3: 0 total, 0 up, 0 in
2024-05-20T21:03:01.452 INFO:journalctl@ceph.mon.a.smithi008.stdout:May 20 21:03:01 smithi008 ceph-mon[31475]: mgrmap e10: x(active, starting, since 0.00576324s)
2024-05-20T21:03:01.452 INFO:journalctl@ceph.mon.a.smithi008.stdout:May 20 21:03:01 smithi008 ceph-mon[31475]: from='mgr.14152 172.21.15.8:0/1889570629' entity='mgr.x' cmd=[{"prefix": "mon metadata", "id": "a"}]: dispatch
2024-05-20T21:03:01.452 INFO:journalctl@ceph.mon.a.smithi008.stdout:May 20 21:03:01 smithi008 ceph-mon[31475]: from='mgr.14152 172.21.15.8:0/1889570629' entity='mgr.x' cmd=[{"prefix": "mgr metadata", "who": "x", "id": "x"}]: dispatch
2024-05-20T21:03:01.452 INFO:journalctl@ceph.mon.a.smithi008.stdout:May 20 21:03:01 smithi008 ceph-mon[31475]: from='mgr.14152 172.21.15.8:0/1889570629' entity='mgr.x' cmd=[{"prefix": "mds metadata"}]: dispatch
2024-05-20T21:03:01.452 INFO:journalctl@ceph.mon.a.smithi008.stdout:May 20 21:03:01 smithi008 ceph-mon[31475]: from='mgr.14152 172.21.15.8:0/1889570629' entity='mgr.x' cmd=[{"prefix": "osd metadata"}]: dispatch
2024-05-20T21:03:01.452 INFO:journalctl@ceph.mon.a.smithi008.stdout:May 20 21:03:01 smithi008 ceph-mon[31475]: from='mgr.14152 172.21.15.8:0/1889570629' entity='mgr.x' cmd=[{"prefix": "mon metadata"}]: dispatch
2024-05-20T21:03:01.452 INFO:journalctl@ceph.mon.a.smithi008.stdout:May 20 21:03:01 smithi008 ceph-mon[31475]: Manager daemon x is now available
2024-05-20T21:03:02.306 INFO:journalctl@ceph.mon.a.smithi008.stdout:May 20 21:03:02 smithi008 ceph-mon[31475]: from='mgr.14152 172.21.15.8:0/1889570629' entity='mgr.x' cmd=[{"prefix": "config dump", "format": "json"}]: dispatch
2024-05-20T21:03:02.306 INFO:journalctl@ceph.mon.a.smithi008.stdout:May 20 21:03:02 smithi008 ceph-mon[31475]: from='mgr.14152 172.21.15.8:0/1889570629' entity='mgr.x' cmd=[{"prefix":"config rm","who":"mgr","name":"mgr/rbd_support/x/mirror_snapshot_schedule"}]: dispatch
2024-05-20T21:03:02.307 INFO:journalctl@ceph.mon.a.smithi008.stdout:May 20 21:03:02 smithi008 ceph-mon[31475]: from='mgr.14152 172.21.15.8:0/1889570629' entity='mgr.x' cmd=[{"prefix":"config rm","who":"mgr","name":"mgr/rbd_support/x/trash_purge_schedule"}]: dispatch
2024-05-20T21:03:02.307 INFO:journalctl@ceph.mon.a.smithi008.stdout:May 20 21:03:02 smithi008 ceph-mon[31475]: mgrmap e11: x(active, since 1.0101s)
2024-05-20T21:03:02.632 INFO:teuthology.orchestra.run.smithi008.stdout:/usr/bin/ceph: stdout {
2024-05-20T21:03:02.632 INFO:teuthology.orchestra.run.smithi008.stdout:/usr/bin/ceph: stdout "mgrmap_epoch": 11,
2024-05-20T21:03:02.632 INFO:teuthology.orchestra.run.smithi008.stdout:/usr/bin/ceph: stdout "initialized": true
2024-05-20T21:03:02.632 INFO:teuthology.orchestra.run.smithi008.stdout:/usr/bin/ceph: stdout }
2024-05-20T21:03:02.633 INFO:teuthology.orchestra.run.smithi008.stdout:/usr/bin/ceph: stderr
2024-05-20T21:02:55.125+0000 7f920e000700 1 Processor -- start
2024-05-20T21:03:02.633 INFO:teuthology.orchestra.run.smithi008.stdout:/usr/bin/ceph: stderr
2024-05-20T21:02:55.126+0000 7f920e000700 1 -- start start
2024-05-20T21:03:02.633 INFO:teuthology.orchestra.run.smithi008.stdout:/usr/bin/ceph: stderr
2024-05-20T21:02:55.126+0000 7f920e000700 1 --2- >> [v2:172.21.15.8:3300/0,v1:172.21.15.8:6789/0] conn(0x7f920807dd40 0x7f920807c1a0 unknown :-1 s=NONE pgs=0 cs=0 l=0 rev1=0 crypto rx=0 tx=0 comp rx=0 tx=0).connect
2024-05-20T21:03:02.633 INFO:teuthology.orchestra.run.smithi008.stdout:/usr/bin/ceph: stderr
2024-05-20T21:02:55.126+0000 7f920e000700 1 -- --> [v2:172.21.15.8:3300/0,v1:172.21.15.8:6789/0] -- mon_getmap magic: 0 -- 0x7f920807c770 con 0x7f920807dd40
2024-05-20T21:03:02.633 INFO:teuthology.orchestra.run.smithi008.stdout:/usr/bin/ceph: stderr
2024-05-20T21:02:55.126+0000 7f9207400700 1 --2- >> [v2:172.21.15.8:3300/0,v1:172.21.15.8:6789/0] conn(0x7f920807dd40 0x7f920807c1a0 unknown :-1 s=BANNER_CONNECTING pgs=0 cs=0 l=0 rev1=0 crypto rx=0 tx=0 comp rx=0 tx=0)._handle_peer_banner_payload supported=3 required=0
2024-05-20T21:03:02.633 INFO:teuthology.orchestra.run.smithi008.stdout:/usr/bin/ceph: stderr
2024-05-20T21:02:55.127+0000 7f9207400700 1 --2- >> [v2:172.21.15.8:3300/0,v1:172.21.15.8:6789/0] conn(0x7f920807dd40 0x7f920807c1a0 unknown :-1 s=HELLO_CONNECTING pgs=0 cs=0 l=0 rev1=1 crypto rx=0 tx=0 comp rx=0 tx=0).handle_hello peer v2:172.21.15.8:3300/0 says I am v2:172.21.15.8:54922/0 (socket says 172.21.15.8:54922)
2024-05-20T21:03:02.633 INFO:teuthology.orchestra.run.smithi008.stdout:/usr/bin/ceph: stderr
2024-05-20T21:02:55.127+0000 7f9207400700 1 -- 172.21.15.8:0/1182178321 learned_addr learned my addr 172.21.15.8:0/1182178321 (peer_addr_for_me v2:172.21.15.8:0/0)
2024-05-20T21:03:02.633 INFO:teuthology.orchestra.run.smithi008.stdout:/usr/bin/ceph: stderr
2024-05-20T21:02:55.127+0000 7f9207400700 1 -- 172.21.15.8:0/1182178321 --> [v2:172.21.15.8:3300/0,v1:172.21.15.8:6789/0] -- mon_subscribe({config=0+,monmap=0+}) -- 0x7f920807c8f0 con 0x7f920807dd40
2024-05-20T21:03:02.633 INFO:teuthology.orchestra.run.smithi008.stdout:/usr/bin/ceph: stderr
2024-05-20T21:02:55.127+0000 7f9207400700 1 --2- 172.21.15.8:0/1182178321 >> [v2:172.21.15.8:3300/0,v1:172.21.15.8:6789/0] conn(0x7f920807dd40 0x7f920807c1a0 secure :-1 s=READY pgs=61 cs=0 l=1 rev1=1 crypto rx=0x7f91f80098a0 tx=0x7f91f8009bb0 comp rx=0 tx=0).ready entity=mon.0 client_cookie=12a0b0061c86487e server_cookie=0 in_seq=0 out_seq=0
2024-05-20T21:03:02.633 INFO:teuthology.orchestra.run.smithi008.stdout:/usr/bin/ceph: stderr
2024-05-20T21:02:55.128+0000 7f9206000700 1 -- 172.21.15.8:0/1182178321 <== mon.0 v2:172.21.15.8:3300/0 1 ==== mon_map magic: 0 ==== 205+0+0 (secure 0 0 0) 0x7f91f8004160 con 0x7f920807dd40
2024-05-20T21:03:02.633 INFO:teuthology.orchestra.run.smithi008.stdout:/usr/bin/ceph: stderr
2024-05-20T21:02:55.128+0000 7f9206000700 1 -- 172.21.15.8:0/1182178321 <== mon.0 v2:172.21.15.8:3300/0 2 ==== config(26 keys) ==== 1101+0+0 (secure 0 0 0) 0x7f91f8004300 con 0x7f920807dd40
2024-05-20T21:03:02.633 INFO:teuthology.orchestra.run.smithi008.stdout:/usr/bin/ceph: stderr
2024-05-20T21:02:55.128+0000 7f9206000700 1 -- 172.21.15.8:0/1182178321 <== mon.0 v2:172.21.15.8:3300/0 3 ==== mon_map magic: 0 ==== 205+0+0 (secure 0 0 0) 0x7f91f8011a20 con 0x7f920807dd40
2024-05-20T21:03:02.633 INFO:teuthology.orchestra.run.smithi008.stdout:/usr/bin/ceph: stderr
2024-05-20T21:02:55.128+0000 7f920e000700 1 -- 172.21.15.8:0/1182178321 >> [v2:172.21.15.8:3300/0,v1:172.21.15.8:6789/0] conn(0x7f920807dd40 msgr2=0x7f920807c1a0 secure :-1 s=STATE_CONNECTION_ESTABLISHED l=1).mark_down
2024-05-20T21:03:02.634 INFO:teuthology.orchestra.run.smithi008.stdout:/usr/bin/ceph: stderr
2024-05-20T21:02:55.128+0000 7f920e000700 1 --2- 172.21.15.8:0/1182178321 >> [v2:172.21.15.8:3300/0,v1:172.21.15.8:6789/0] conn(0x7f920807dd40 0x7f920807c1a0 secure :-1 s=READY pgs=61 cs=0 l=1 rev1=1 crypto rx=0x7f91f80098a0 tx=0x7f91f8009bb0 comp rx=0 tx=0).stop
2024-05-20T21:03:02.634 INFO:teuthology.orchestra.run.smithi008.stdout:/usr/bin/ceph: stderr
2024-05-20T21:02:55.129+0000 7f920e000700 1 -- 172.21.15.8:0/1182178321 shutdown_connections
2024-05-20T21:03:02.634 INFO:teuthology.orchestra.run.smithi008.stdout:/usr/bin/ceph: stderr
2024-05-20T21:02:55.129+0000 7f920e000700 1 --2- 172.21.15.8:0/1182178321 >> [v2:172.21.15.8:3300/0,v1:172.21.15.8:6789/0] conn(0x7f920807dd40 0x7f920807c1a0 unknown :-1 s=CLOSED pgs=61 cs=0 l=1 rev1=1 crypto rx=0 tx=0 comp rx=0 tx=0).stop
2024-05-20T21:03:02.634 INFO:teuthology.orchestra.run.smithi008.stdout:/usr/bin/ceph: stderr
2024-05-20T21:02:55.129+0000 7f920e000700 1 -- 172.21.15.8:0/1182178321 >> 172.21.15.8:0/1182178321 conn(0x7f9208104570 msgr2=0x7f9208106990 unknown :-1 s=STATE_NONE l=0).mark_down
2024-05-20T21:03:02.634 INFO:teuthology.orchestra.run.smithi008.stdout:/usr/bin/ceph: stderr
2024-05-20T21:02:55.129+0000 7f920e000700 1 -- 172.21.15.8:0/1182178321 shutdown_connections
2024-05-20T21:03:02.634 INFO:teuthology.orchestra.run.smithi008.stdout:/usr/bin/ceph: stderr
2024-05-20T21:02:55.129+0000 7f920e000700 1 -- 172.21.15.8:0/1182178321 wait complete.
2024-05-20T21:03:02.634 INFO:teuthology.orchestra.run.smithi008.stdout:/usr/bin/ceph: stderr
2024-05-20T21:02:55.130+0000 7f920e000700 1 Processor -- start
2024-05-20T21:03:02.634 INFO:teuthology.orchestra.run.smithi008.stdout:/usr/bin/ceph: stderr
2024-05-20T21:02:55.130+0000 7f920e000700 1 -- start start
2024-05-20T21:03:02.634 INFO:teuthology.orchestra.run.smithi008.stdout:/usr/bin/ceph: stderr
2024-05-20T21:02:55.130+0000 7f920e000700 1 --2- >> [v2:172.21.15.8:3300/0,v1:172.21.15.8:6789/0] conn(0x7f920807dd40 0x7f920810c260 unknown :-1 s=NONE pgs=0 cs=0 l=1 rev1=0 crypto rx=0 tx=0 comp rx=0 tx=0).connect
2024-05-20T21:03:02.634 INFO:teuthology.orchestra.run.smithi008.stdout:/usr/bin/ceph: stderr
2024-05-20T21:02:55.130+0000 7f920e000700 1 -- --> [v2:172.21.15.8:3300/0,v1:172.21.15.8:6789/0] -- mon_getmap magic: 0 -- 0x7f920810f5d0 con 0x7f920807dd40
2024-05-20T21:03:02.634 INFO:teuthology.orchestra.run.smithi008.stdout:/usr/bin/ceph: stderr
2024-05-20T21:02:55.131+0000 7f9207400700 1 --2- >> [v2:172.21.15.8:3300/0,v1:172.21.15.8:6789/0] conn(0x7f920807dd40 0x7f920810c260 unknown :-1 s=BANNER_CONNECTING pgs=0 cs=0 l=1 rev1=0 crypto rx=0 tx=0 comp rx=0 tx=0)._handle_peer_banner_payload supported=3 required=0
2024-05-20T21:03:02.634 INFO:teuthology.orchestra.run.smithi008.stdout:/usr/bin/ceph: stderr
2024-05-20T21:02:55.131+0000 7f9207400700 1 --2- >> [v2:172.21.15.8:3300/0,v1:172.21.15.8:6789/0] conn(0x7f920807dd40 0x7f920810c260 unknown :-1 s=HELLO_CONNECTING pgs=0 cs=0 l=1 rev1=1 crypto rx=0 tx=0 comp rx=0 tx=0).handle_hello peer v2:172.21.15.8:3300/0 says I am v2:172.21.15.8:54926/0 (socket says 172.21.15.8:54926)
2024-05-20T21:03:02.635 INFO:teuthology.orchestra.run.smithi008.stdout:/usr/bin/ceph: stderr
2024-05-20T21:02:55.131+0000 7f9207400700 1 -- 172.21.15.8:0/4037385700 learned_addr learned my addr 172.21.15.8:0/4037385700 (peer_addr_for_me v2:172.21.15.8:0/0)
2024-05-20T21:03:02.635 INFO:teuthology.orchestra.run.smithi008.stdout:/usr/bin/ceph: stderr
2024-05-20T21:02:55.131+0000 7f9207400700 1 -- 172.21.15.8:0/4037385700 --> [v2:172.21.15.8:3300/0,v1:172.21.15.8:6789/0] -- mon_subscribe({config=0+,monmap=0+}) -- 0x7f920810c7a0 con 0x7f920807dd40
2024-05-20T21:03:02.635 INFO:teuthology.orchestra.run.smithi008.stdout:/usr/bin/ceph: stderr
2024-05-20T21:02:55.131+0000 7f9207400700 1 --2- 172.21.15.8:0/4037385700 >> [v2:172.21.15.8:3300/0,v1:172.21.15.8:6789/0] conn(0x7f920807dd40 0x7f920810c260 secure :-1 s=READY pgs=62 cs=0 l=1 rev1=1 crypto rx=0x7f91f8004660 tx=0x7f91f8011aa0 comp rx=0 tx=0).ready entity=mon.0 client_cookie=0 server_cookie=0 in_seq=0 out_seq=0
2024-05-20T21:03:02.635 INFO:teuthology.orchestra.run.smithi008.stdout:/usr/bin/ceph: stderr
2024-05-20T21:02:55.132+0000 7f91ffe00700 1 -- 172.21.15.8:0/4037385700 <== mon.0 v2:172.21.15.8:3300/0 1 ==== mon_map magic: 0 ==== 205+0+0 (secure 0 0 0) 0x7f91f8003aa0 con 0x7f920807dd40
2024-05-20T21:03:02.635 INFO:teuthology.orchestra.run.smithi008.stdout:/usr/bin/ceph: stderr
2024-05-20T21:02:55.132+0000 7f91ffe00700 1 -- 172.21.15.8:0/4037385700 <== mon.0 v2:172.21.15.8:3300/0 2 ==== config(26 keys) ==== 1101+0+0 (secure 0 0 0) 0x7f91f801b8f0 con 0x7f920807dd40
2024-05-20T21:03:02.635 INFO:teuthology.orchestra.run.smithi008.stdout:/usr/bin/ceph: stderr
2024-05-20T21:02:55.132+0000 7f920e000700 1 -- 172.21.15.8:0/4037385700 --> [v2:172.21.15.8:3300/0,v1:172.21.15.8:6789/0] -- mon_subscribe({mgrmap=0+}) -- 0x7f920810ca30 con 0x7f920807dd40
2024-05-20T21:03:02.635 INFO:teuthology.orchestra.run.smithi008.stdout:/usr/bin/ceph: stderr
2024-05-20T21:02:55.132+0000 7f91ffe00700 1 -- 172.21.15.8:0/4037385700 <== mon.0 v2:172.21.15.8:3300/0 3 ==== mon_map magic: 0 ==== 205+0+0 (secure 0 0 0) 0x7f91f8023900 con 0x7f920807dd40
2024-05-20T21:03:02.635 INFO:teuthology.orchestra.run.smithi008.stdout:/usr/bin/ceph: stderr
2024-05-20T21:02:55.132+0000 7f920e000700 1 -- 172.21.15.8:0/4037385700 --> [v2:172.21.15.8:3300/0,v1:172.21.15.8:6789/0] -- mon_subscribe({osdmap=0}) -- 0x7f9208108ff0 con 0x7f920807dd40
2024-05-20T21:03:02.635 INFO:teuthology.orchestra.run.smithi008.stdout:/usr/bin/ceph: stderr
2024-05-20T21:02:55.134+0000 7f91ffe00700 1 -- 172.21.15.8:0/4037385700 <== mon.0 v2:172.21.15.8:3300/0 4 ==== mgrmap(e 9) ==== 50235+0+0 (secure 0 0 0) 0x7f91f8023b70 con 0x7f920807dd40
2024-05-20T21:03:02.635 INFO:teuthology.orchestra.run.smithi008.stdout:/usr/bin/ceph: stderr
2024-05-20T21:02:55.134+0000 7f91ffe00700 1 --2- 172.21.15.8:0/4037385700 >> [v2:172.21.15.8:6800/3677468514,v1:172.21.15.8:6801/3677468514] conn(0x7f91ec03e520 0x7f91ec0409e0 unknown :-1 s=NONE pgs=0 cs=0 l=1 rev1=0 crypto rx=0 tx=0 comp rx=0 tx=0).connect
2024-05-20T21:03:02.635 INFO:teuthology.orchestra.run.smithi008.stdout:/usr/bin/ceph: stderr
2024-05-20T21:02:55.134+0000 7f91ffe00700 1 -- 172.21.15.8:0/4037385700 --> [v2:172.21.15.8:6800/3677468514,v1:172.21.15.8:6801/3677468514] -- command(tid 0: {"prefix": "get_command_descriptions"}) -- 0x7f91ec0410f0 con 0x7f91ec03e520
2024-05-20T21:03:02.635 INFO:teuthology.orchestra.run.smithi008.stdout:/usr/bin/ceph: stderr
2024-05-20T21:02:55.134+0000 7f91ffe00700 1 -- 172.21.15.8:0/4037385700 <== mon.0 v2:172.21.15.8:3300/0 5 ==== osd_map(2..2 src has 1..2) ==== 940+0+0 (secure 0 0 0) 0x7f91f8053e90 con 0x7f920807dd40
2024-05-20T21:03:02.635 INFO:teuthology.orchestra.run.smithi008.stdout:/usr/bin/ceph: stderr
2024-05-20T21:02:55.134+0000 7f9206a00700 1 -- 172.21.15.8:0/4037385700 >> [v2:172.21.15.8:6800/3677468514,v1:172.21.15.8:6801/3677468514] conn(0x7f91ec03e520 msgr2=0x7f91ec0409e0 unknown :-1 s=STATE_CONNECTING_RE l=1).process reconnect failed to v2:172.21.15.8:6800/3677468514
2024-05-20T21:03:02.635 INFO:teuthology.orchestra.run.smithi008.stdout:/usr/bin/ceph: stderr
2024-05-20T21:02:55.134+0000 7f9206a00700 1 --2- 172.21.15.8:0/4037385700 >> [v2:172.21.15.8:6800/3677468514,v1:172.21.15.8:6801/3677468514] conn(0x7f91ec03e520 0x7f91ec0409e0 unknown :-1 s=START_CONNECT pgs=0 cs=0 l=1 rev1=0 crypto rx=0 tx=0 comp rx=0 tx=0)._fault waiting 0.200000
2024-05-20T21:03:02.636 INFO:teuthology.orchestra.run.smithi008.stdout:/usr/bin/ceph: stderr
2024-05-20T21:02:55.335+0000 7f9206a00700 1 -- 172.21.15.8:0/4037385700 >> [v2:172.21.15.8:6800/3677468514,v1:172.21.15.8:6801/3677468514] conn(0x7f91ec03e520 msgr2=0x7f91ec0409e0 unknown :-1 s=STATE_CONNECTING_RE l=1).process reconnect failed to v2:172.21.15.8:6800/3677468514
2024-05-20T21:03:02.636 INFO:teuthology.orchestra.run.smithi008.stdout:/usr/bin/ceph: stderr
2024-05-20T21:02:55.335+0000 7f9206a00700 1 --2- 172.21.15.8:0/4037385700 >> [v2:172.21.15.8:6800/3677468514,v1:172.21.15.8:6801/3677468514] conn(0x7f91ec03e520 0x7f91ec0409e0 unknown :-1 s=START_CONNECT pgs=0 cs=0 l=1 rev1=0 crypto rx=0 tx=0 comp rx=0 tx=0)._fault waiting 0.400000
2024-05-20T21:03:02.636 INFO:teuthology.orchestra.run.smithi008.stdout:/usr/bin/ceph: stderr
2024-05-20T21:02:55.736+0000 7f9206a00700 1 -- 172.21.15.8:0/4037385700 >> [v2:172.21.15.8:6800/3677468514,v1:172.21.15.8:6801/3677468514] conn(0x7f91ec03e520 msgr2=0x7f91ec0409e0 unknown :-1 s=STATE_CONNECTING_RE l=1).process reconnect failed to v2:172.21.15.8:6800/3677468514
2024-05-20T21:03:02.636 INFO:teuthology.orchestra.run.smithi008.stdout:/usr/bin/ceph: stderr
2024-05-20T21:02:55.736+0000 7f9206a00700 1 --2- 172.21.15.8:0/4037385700 >> [v2:172.21.15.8:6800/3677468514,v1:172.21.15.8:6801/3677468514] conn(0x7f91ec03e520 0x7f91ec0409e0 unknown :-1 s=START_CONNECT pgs=0 cs=0 l=1 rev1=0 crypto rx=0 tx=0 comp rx=0 tx=0)._fault waiting 0.800000
2024-05-20T21:03:02.636 INFO:teuthology.orchestra.run.smithi008.stdout:/usr/bin/ceph: stderr
2024-05-20T21:02:56.537+0000 7f9206a00700 1 -- 172.21.15.8:0/4037385700 >> [v2:172.21.15.8:6800/3677468514,v1:172.21.15.8:6801/3677468514] conn(0x7f91ec03e520 msgr2=0x7f91ec0409e0 unknown :-1 s=STATE_CONNECTING_RE l=1).process reconnect failed to v2:172.21.15.8:6800/3677468514
2024-05-20T21:03:02.636 INFO:teuthology.orchestra.run.smithi008.stdout:/usr/bin/ceph: stderr
2024-05-20T21:02:56.537+0000 7f9206a00700 1 --2- 172.21.15.8:0/4037385700 >> [v2:172.21.15.8:6800/3677468514,v1:172.21.15.8:6801/3677468514] conn(0x7f91ec03e520 0x7f91ec0409e0 unknown :-1 s=START_CONNECT pgs=0 cs=0 l=1 rev1=0 crypto rx=0 tx=0 comp rx=0 tx=0)._fault waiting 1.600000
2024-05-20T21:03:02.636 INFO:teuthology.orchestra.run.smithi008.stdout:/usr/bin/ceph: stderr
2024-05-20T21:02:58.139+0000 7f9206a00700 1 -- 172.21.15.8:0/4037385700 >> [v2:172.21.15.8:6800/3677468514,v1:172.21.15.8:6801/3677468514] conn(0x7f91ec03e520 msgr2=0x7f91ec0409e0 unknown :-1 s=STATE_CONNECTING_RE l=1).process reconnect failed to v2:172.21.15.8:6800/3677468514
2024-05-20T21:03:02.636 INFO:teuthology.orchestra.run.smithi008.stdout:/usr/bin/ceph: stderr
2024-05-20T21:02:58.139+0000 7f9206a00700 1 --2- 172.21.15.8:0/4037385700 >> [v2:172.21.15.8:6800/3677468514,v1:172.21.15.8:6801/3677468514] conn(0x7f91ec03e520 0x7f91ec0409e0 unknown :-1 s=START_CONNECT pgs=0 cs=0 l=1 rev1=0 crypto rx=0 tx=0 comp rx=0 tx=0)._fault waiting 3.200000
2024-05-20T21:03:02.636 INFO:teuthology.orchestra.run.smithi008.stdout:/usr/bin/ceph: stderr
2024-05-20T21:03:01.003+0000 7f91ffe00700 1 -- 172.21.15.8:0/4037385700 <== mon.0 v2:172.21.15.8:3300/0 6 ==== mgrmap(e 10) ==== 50002+0+0 (secure 0 0 0) 0x7f91f802bd00 con 0x7f920807dd40
2024-05-20T21:03:02.636 INFO:teuthology.orchestra.run.smithi008.stdout:/usr/bin/ceph: stderr
2024-05-20T21:03:01.003+0000 7f91ffe00700 1 -- 172.21.15.8:0/4037385700 >> [v2:172.21.15.8:6800/3677468514,v1:172.21.15.8:6801/3677468514] conn(0x7f91ec03e520 msgr2=0x7f91ec0409e0 unknown :-1 s=STATE_CONNECTING l=1).mark_down
2024-05-20T21:03:02.636 INFO:teuthology.orchestra.run.smithi008.stdout:/usr/bin/ceph: stderr
2024-05-20T21:03:01.003+0000 7f91ffe00700 1 --2- 172.21.15.8:0/4037385700 >> [v2:172.21.15.8:6800/3677468514,v1:172.21.15.8:6801/3677468514] conn(0x7f91ec03e520 0x7f91ec0409e0 unknown :-1 s=START_CONNECT pgs=0 cs=0 l=1 rev1=0 crypto rx=0 tx=0 comp rx=0 tx=0).stop
2024-05-20T21:03:02.636 INFO:teuthology.orchestra.run.smithi008.stdout:/usr/bin/ceph: stderr
2024-05-20T21:03:02.005+0000 7f91ffe00700 1 -- 172.21.15.8:0/4037385700 <== mon.0 v2:172.21.15.8:3300/0 7 ==== mgrmap(e 11) ==== 50129+0+0 (secure 0 0 0) 0x7f91f80551a0 con 0x7f920807dd40
2024-05-20T21:03:02.636 INFO:teuthology.orchestra.run.smithi008.stdout:/usr/bin/ceph: stderr
2024-05-20T21:03:02.005+0000 7f91ffe00700 1 --2- 172.21.15.8:0/4037385700 >> [v2:172.21.15.8:6800/2778224651,v1:172.21.15.8:6801/2778224651] conn(0x7f91ec041fa0 0x7f91ec044390 unknown :-1 s=NONE pgs=0 cs=0 l=1 rev1=0 crypto rx=0 tx=0 comp rx=0 tx=0).connect
2024-05-20T21:03:02.636 INFO:teuthology.orchestra.run.smithi008.stdout:/usr/bin/ceph: stderr
2024-05-20T21:03:02.005+0000 7f91ffe00700 1 -- 172.21.15.8:0/4037385700 --> [v2:172.21.15.8:6800/2778224651,v1:172.21.15.8:6801/2778224651] -- command(tid 0: {"prefix": "get_command_descriptions"}) -- 0x7f91f8008e50 con 0x7f91ec041fa0
2024-05-20T21:03:02.637 INFO:teuthology.orchestra.run.smithi008.stdout:/usr/bin/ceph: stderr
2024-05-20T21:03:02.006+0000 7f9206a00700 1 --2- 172.21.15.8:0/4037385700 >> [v2:172.21.15.8:6800/2778224651,v1:172.21.15.8:6801/2778224651] conn(0x7f91ec041fa0 0x7f91ec044390 unknown :-1 s=BANNER_CONNECTING pgs=0 cs=0 l=1 rev1=0 crypto rx=0 tx=0 comp rx=0 tx=0)._handle_peer_banner_payload supported=3 required=0
2024-05-20T21:03:02.637 INFO:teuthology.orchestra.run.smithi008.stdout:/usr/bin/ceph: stderr
2024-05-20T21:03:02.007+0000 7f9206a00700 1 --2- 172.21.15.8:0/4037385700 >> [v2:172.21.15.8:6800/2778224651,v1:172.21.15.8:6801/2778224651] conn(0x7f91ec041fa0 0x7f91ec044390 secure :-1 s=READY pgs=2 cs=0 l=1 rev1=1 crypto rx=0x7f91f4003a10 tx=0x7f91f4009270 comp rx=0 tx=0).ready entity=mgr.14152 client_cookie=0 server_cookie=0 in_seq=0 out_seq=0
2024-05-20T21:03:02.637 INFO:teuthology.orchestra.run.smithi008.stdout:/usr/bin/ceph: stderr
2024-05-20T21:03:02.009+0000 7f91ffe00700 1 -- 172.21.15.8:0/4037385700 <== mgr.14152 v2:172.21.15.8:6800/2778224651 1 ==== command_reply(tid 0: 0 ) ==== 8+0+9564 (secure 0 0 0) 0x7f91f8008e50 con 0x7f91ec041fa0
2024-05-20T21:03:02.637 INFO:teuthology.orchestra.run.smithi008.stdout:/usr/bin/ceph: stderr
2024-05-20T21:03:02.018+0000 7f920e000700 1 -- 172.21.15.8:0/4037385700 --> [v2:172.21.15.8:6800/2778224651,v1:172.21.15.8:6801/2778224651] -- command(tid 1: {"prefix": "mgr_status"}) -- 0x7f920810cc00 con 0x7f91ec041fa0
2024-05-20T21:03:02.637 INFO:teuthology.orchestra.run.smithi008.stdout:/usr/bin/ceph: stderr
2024-05-20T21:03:02.018+0000 7f91ffe00700 1 -- 172.21.15.8:0/4037385700 <== mgr.14152 v2:172.21.15.8:6800/2778224651 2 ==== command_reply(tid 1: 0 ) ==== 8+0+52 (secure 0 0 0) 0x7f920810cc00 con 0x7f91ec041fa0
2024-05-20T21:03:02.637 INFO:teuthology.orchestra.run.smithi008.stdout:/usr/bin/ceph: stderr
2024-05-20T21:03:02.019+0000 7f920e000700 1 -- 172.21.15.8:0/4037385700 >> [v2:172.21.15.8:6800/2778224651,v1:172.21.15.8:6801/2778224651] conn(0x7f91ec041fa0 msgr2=0x7f91ec044390 secure :-1 s=STATE_CONNECTION_ESTABLISHED l=1).mark_down
2024-05-20T21:03:02.637 INFO:teuthology.orchestra.run.smithi008.stdout:/usr/bin/ceph: stderr
2024-05-20T21:03:02.019+0000 7f920e000700 1 --2- 172.21.15.8:0/4037385700 >> [v2:172.21.15.8:6800/2778224651,v1:172.21.15.8:6801/2778224651] conn(0x7f91ec041fa0 0x7f91ec044390 secure :-1 s=READY pgs=2 cs=0 l=1 rev1=1 crypto rx=0x7f91f4003a10 tx=0x7f91f4009270 comp rx=0 tx=0).stop
2024-05-20T21:03:02.637 INFO:teuthology.orchestra.run.smithi008.stdout:/usr/bin/ceph: stderr
2024-05-20T21:03:02.019+0000 7f920e000700 1 -- 172.21.15.8:0/4037385700 >> [v2:172.21.15.8:3300/0,v1:172.21.15.8:6789/0] conn(0x7f920807dd40 msgr2=0x7f920810c260 secure :-1 s=STATE_CONNECTION_ESTABLISHED l=1).mark_down
2024-05-20T21:03:02.637 INFO:teuthology.orchestra.run.smithi008.stdout:/usr/bin/ceph: stderr
2024-05-20T21:03:02.019+0000 7f920e000700 1 --2- 172.21.15.8:0/4037385700 >> [v2:172.21.15.8:3300/0,v1:172.21.15.8:6789/0] conn(0x7f920807dd40 0x7f920810c260 secure :-1 s=READY pgs=62 cs=0 l=1 rev1=1 crypto rx=0x7f91f8004660 tx=0x7f91f8011aa0 comp rx=0 tx=0).stop
2024-05-20T21:03:02.637 INFO:teuthology.orchestra.run.smithi008.stdout:/usr/bin/ceph: stderr
2024-05-20T21:03:02.019+0000 7f920e000700 1 -- 172.21.15.8:0/4037385700 shutdown_connections
2024-05-20T21:03:02.637 INFO:teuthology.orchestra.run.smithi008.stdout:/usr/bin/ceph: stderr
2024-05-20T21:03:02.019+0000 7f920e000700 1 --2- 172.21.15.8:0/4037385700 >> [v2:172.21.15.8:6800/2778224651,v1:172.21.15.8:6801/2778224651] conn(0x7f91ec041fa0 0x7f91ec044390 unknown :-1 s=CLOSED pgs=2 cs=0 l=1 rev1=1 crypto rx=0 tx=0 comp rx=0 tx=0).stop
2024-05-20T21:03:02.637 INFO:teuthology.orchestra.run.smithi008.stdout:/usr/bin/ceph: stderr
2024-05-20T21:03:02.019+0000 7f920e000700 1 --2- 172.21.15.8:0/4037385700 >> [v2:172.21.15.8:3300/0,v1:172.21.15.8:6789/0] conn(0x7f920807dd40 0x7f920810c260 unknown :-1 s=CLOSED pgs=62 cs=0 l=1 rev1=1 crypto rx=0 tx=0 comp rx=0 tx=0).stop
2024-05-20T21:03:02.637 INFO:teuthology.orchestra.run.smithi008.stdout:/usr/bin/ceph: stderr
2024-05-20T21:03:02.019+0000 7f920e000700 1 --2- 172.21.15.8:0/4037385700 >> [v2:172.21.15.8:6800/3677468514,v1:172.21.15.8:6801/3677468514] conn(0x7f91ec03e520 0x7f91ec0409e0 unknown :-1 s=CLOSED pgs=0 cs=0 l=1 rev1=0 crypto rx=0 tx=0 comp rx=0 tx=0).stop
2024-05-20T21:03:02.638 INFO:teuthology.orchestra.run.smithi008.stdout:/usr/bin/ceph: stderr
2024-05-20T21:03:02.019+0000 7f920e000700 1 -- 172.21.15.8:0/4037385700 >> 172.21.15.8:0/4037385700 conn(0x7f9208104570 msgr2=0x7f9208105040 unknown :-1 s=STATE_NONE l=0).mark_down
2024-05-20T21:03:02.638 INFO:teuthology.orchestra.run.smithi008.stdout:/usr/bin/ceph: stderr
2024-05-20T21:03:02.019+0000 7f920e000700 1 -- 172.21.15.8:0/4037385700 shutdown_connections
2024-05-20T21:03:02.638 INFO:teuthology.orchestra.run.smithi008.stdout:/usr/bin/ceph: stderr
2024-05-20T21:03:02.020+0000 7f920e000700 1 -- 172.21.15.8:0/4037385700 wait complete.
2024-05-20T21:03:02.638 INFO:teuthology.orchestra.run.smithi008.stdout:mgr epoch 9 is available
2024-05-20T21:03:02.638 INFO:teuthology.orchestra.run.smithi008.stdout:Generating a dashboard self-signed certificate...
2024-05-20T21:03:03.215 INFO:journalctl@ceph.mon.a.smithi008.stdout:May 20 21:03:03 smithi008 ceph-mon[31475]: [20/May/2024:21:03:01] ENGINE Bus STARTING
2024-05-20T21:03:03.215 INFO:journalctl@ceph.mon.a.smithi008.stdout:May 20 21:03:03 smithi008 ceph-mon[31475]: [20/May/2024:21:03:01] ENGINE Serving on http://172.21.15.8:8765
2024-05-20T21:03:03.215 INFO:journalctl@ceph.mon.a.smithi008.stdout:May 20 21:03:03 smithi008 ceph-mon[31475]: [20/May/2024:21:03:01] ENGINE Serving on https://172.21.15.8:7150
2024-05-20T21:03:03.216 INFO:journalctl@ceph.mon.a.smithi008.stdout:May 20 21:03:03 smithi008 ceph-mon[31475]: [20/May/2024:21:03:01] ENGINE Bus STARTED
2024-05-20T21:03:03.216 INFO:journalctl@ceph.mon.a.smithi008.stdout:May 20 21:03:03 smithi008 ceph-mon[31475]: from='client.14156 -' entity='client.admin' cmd=[{"prefix": "get_command_descriptions"}]: dispatch
2024-05-20T21:03:03.216 INFO:journalctl@ceph.mon.a.smithi008.stdout:May 20 21:03:03 smithi008 ceph-mon[31475]: from='client.14156 -' entity='client.admin' cmd=[{"prefix": "mgr_status"}]: dispatch
2024-05-20T21:03:04.201 INFO:journalctl@ceph.mon.a.smithi008.stdout:May 20 21:03:04 smithi008 ceph-mon[31475]: mgrmap e12: x(active, since 2s)
2024-05-20T21:03:04.202 INFO:journalctl@ceph.mon.a.smithi008.stdout:May 20 21:03:04 smithi008 ceph-mon[31475]: from='mgr.14152 172.21.15.8:0/1889570629' entity='mgr.x'
2024-05-20T21:03:05.170 INFO:teuthology.orchestra.run.smithi008.stdout:/usr/bin/ceph: stdout Self-signed certificate created
2024-05-20T21:03:05.170 INFO:teuthology.orchestra.run.smithi008.stdout:/usr/bin/ceph: stderr
2024-05-20T21:03:04.038+0000 7f1b10800700 1 Processor -- start
2024-05-20T21:03:05.170 INFO:teuthology.orchestra.run.smithi008.stdout:/usr/bin/ceph: stderr
2024-05-20T21:03:04.038+0000 7f1b10800700 1 -- start start
2024-05-20T21:03:05.170 INFO:teuthology.orchestra.run.smithi008.stdout:/usr/bin/ceph: stderr
2024-05-20T21:03:04.039+0000 7f1b10800700 1 --2- >> [v2:172.21.15.8:3300/0,v1:172.21.15.8:6789/0] conn(0x7f1b08109a90 0x7f1b0810be80 unknown :-1 s=NONE pgs=0 cs=0 l=0 rev1=0 crypto rx=0 tx=0 comp rx=0 tx=0).connect
2024-05-20T21:03:05.170 INFO:teuthology.orchestra.run.smithi008.stdout:/usr/bin/ceph: stderr
2024-05-20T21:03:04.039+0000 7f1b10800700 1 -- --> [v2:172.21.15.8:3300/0,v1:172.21.15.8:6789/0] -- mon_getmap magic: 0 -- 0x7f1b08076dc0 con 0x7f1b08109a90
2024-05-20T21:03:05.170 INFO:teuthology.orchestra.run.smithi008.stdout:/usr/bin/ceph: stderr
2024-05-20T21:03:04.039+0000 7f1b0de00700 1 --2- >> [v2:172.21.15.8:3300/0,v1:172.21.15.8:6789/0] conn(0x7f1b08109a90 0x7f1b0810be80 unknown :-1 s=BANNER_CONNECTING pgs=0 cs=0 l=0 rev1=0 crypto rx=0 tx=0 comp rx=0 tx=0)._handle_peer_banner_payload supported=3 required=0
2024-05-20T21:03:05.170 INFO:teuthology.orchestra.run.smithi008.stdout:/usr/bin/ceph: stderr
2024-05-20T21:03:04.040+0000 7f1b0de00700 1 --2- >> [v2:172.21.15.8:3300/0,v1:172.21.15.8:6789/0] conn(0x7f1b08109a90 0x7f1b0810be80 unknown :-1 s=HELLO_CONNECTING pgs=0 cs=0 l=0 rev1=1 crypto rx=0 tx=0 comp rx=0 tx=0).handle_hello peer v2:172.21.15.8:3300/0 says I am v2:172.21.15.8:48984/0 (socket says 172.21.15.8:48984)
2024-05-20T21:03:05.170 INFO:teuthology.orchestra.run.smithi008.stdout:/usr/bin/ceph: stderr
2024-05-20T21:03:04.040+0000 7f1b0de00700 1 -- 172.21.15.8:0/335961089 learned_addr learned my addr 172.21.15.8:0/335961089 (peer_addr_for_me v2:172.21.15.8:0/0)
2024-05-20T21:03:05.170 INFO:teuthology.orchestra.run.smithi008.stdout:/usr/bin/ceph: stderr
2024-05-20T21:03:04.040+0000 7f1b0de00700 1 -- 172.21.15.8:0/335961089 --> [v2:172.21.15.8:3300/0,v1:172.21.15.8:6789/0] -- mon_subscribe({config=0+,monmap=0+}) -- 0x7f1b0810c3c0 con 0x7f1b08109a90
2024-05-20T21:03:05.171 INFO:teuthology.orchestra.run.smithi008.stdout:/usr/bin/ceph: stderr
2024-05-20T21:03:04.040+0000 7f1b0de00700 1 --2- 172.21.15.8:0/335961089 >> [v2:172.21.15.8:3300/0,v1:172.21.15.8:6789/0] conn(0x7f1b08109a90 0x7f1b0810be80 secure :-1 s=READY pgs=70 cs=0 l=1 rev1=1 crypto rx=0x7f1afc0098a0 tx=0x7f1afc009bb0 comp rx=0 tx=0).ready entity=mon.0 client_cookie=def759238620a59b server_cookie=0 in_seq=0 out_seq=0
2024-05-20T21:03:05.171 INFO:teuthology.orchestra.run.smithi008.stdout:/usr/bin/ceph: stderr
2024-05-20T21:03:04.041+0000 7f1b0ca00700 1 -- 172.21.15.8:0/335961089 <== mon.0 v2:172.21.15.8:3300/0 1 ==== mon_map magic: 0 ==== 205+0+0 (secure 0 0 0) 0x7f1afc004160 con 0x7f1b08109a90
2024-05-20T21:03:05.171 INFO:teuthology.orchestra.run.smithi008.stdout:/usr/bin/ceph: stderr
2024-05-20T21:03:04.041+0000 7f1b0ca00700 1 -- 172.21.15.8:0/335961089 <== mon.0 v2:172.21.15.8:3300/0 2 ==== config(26 keys) ==== 1101+0+0 (secure 0 0 0) 0x7f1afc004300 con 0x7f1b08109a90
2024-05-20T21:03:05.171 INFO:teuthology.orchestra.run.smithi008.stdout:/usr/bin/ceph: stderr
2024-05-20T21:03:04.041+0000 7f1b0ca00700 1 -- 172.21.15.8:0/335961089 <== mon.0 v2:172.21.15.8:3300/0 3 ==== mon_map magic: 0 ==== 205+0+0 (secure 0 0 0) 0x7f1afc011a20 con 0x7f1b08109a90
2024-05-20T21:03:05.171 INFO:teuthology.orchestra.run.smithi008.stdout:/usr/bin/ceph: stderr
2024-05-20T21:03:04.041+0000 7f1b10800700 1 -- 172.21.15.8:0/335961089 >> [v2:172.21.15.8:3300/0,v1:172.21.15.8:6789/0] conn(0x7f1b08109a90 msgr2=0x7f1b0810be80 secure :-1 s=STATE_CONNECTION_ESTABLISHED l=1).mark_down
2024-05-20T21:03:05.171 INFO:teuthology.orchestra.run.smithi008.stdout:/usr/bin/ceph: stderr
2024-05-20T21:03:04.041+0000 7f1b10800700 1 --2- 172.21.15.8:0/335961089 >> [v2:172.21.15.8:3300/0,v1:172.21.15.8:6789/0] conn(0x7f1b08109a90 0x7f1b0810be80 secure :-1 s=READY pgs=70 cs=0 l=1 rev1=1 crypto rx=0x7f1afc0098a0 tx=0x7f1afc009bb0 comp rx=0 tx=0).stop
2024-05-20T21:03:05.171 INFO:teuthology.orchestra.run.smithi008.stdout:/usr/bin/ceph: stderr
2024-05-20T21:03:04.042+0000 7f1b10800700 1 -- 172.21.15.8:0/335961089 shutdown_connections
2024-05-20T21:03:05.171 INFO:teuthology.orchestra.run.smithi008.stdout:/usr/bin/ceph: stderr
2024-05-20T21:03:04.042+0000 7f1b10800700 1 --2- 172.21.15.8:0/335961089 >> [v2:172.21.15.8:3300/0,v1:172.21.15.8:6789/0] conn(0x7f1b08109a90 0x7f1b0810be80 unknown :-1 s=CLOSED pgs=70 cs=0 l=1 rev1=1 crypto rx=0 tx=0 comp rx=0 tx=0).stop
2024-05-20T21:03:05.171 INFO:teuthology.orchestra.run.smithi008.stdout:/usr/bin/ceph: stderr
2024-05-20T21:03:04.042+0000 7f1b10800700 1 -- 172.21.15.8:0/335961089 >> 172.21.15.8:0/335961089 conn(0x7f1b08103460 msgr2=0x7f1b08105880 unknown :-1 s=STATE_NONE l=0).mark_down
2024-05-20T21:03:05.171 INFO:teuthology.orchestra.run.smithi008.stdout:/usr/bin/ceph: stderr
2024-05-20T21:03:04.042+0000 7f1b10800700 1 -- 172.21.15.8:0/335961089 shutdown_connections
2024-05-20T21:03:05.171 INFO:teuthology.orchestra.run.smithi008.stdout:/usr/bin/ceph: stderr
2024-05-20T21:03:04.042+0000 7f1b10800700 1 -- 172.21.15.8:0/335961089 wait complete.
2024-05-20T21:03:05.171 INFO:teuthology.orchestra.run.smithi008.stdout:/usr/bin/ceph: stderr
2024-05-20T21:03:04.043+0000 7f1b10800700 1 Processor -- start
2024-05-20T21:03:05.171 INFO:teuthology.orchestra.run.smithi008.stdout:/usr/bin/ceph: stderr
2024-05-20T21:03:04.044+0000 7f1b10800700 1 -- start start
2024-05-20T21:03:05.172 INFO:teuthology.orchestra.run.smithi008.stdout:/usr/bin/ceph: stderr
2024-05-20T21:03:04.044+0000 7f1b10800700 1 --2- >> [v2:172.21.15.8:3300/0,v1:172.21.15.8:6789/0] conn(0x7f1b08109a90 0x7f1b08109310 unknown :-1 s=NONE pgs=0 cs=0 l=1 rev1=0 crypto rx=0 tx=0 comp rx=0 tx=0).connect
2024-05-20T21:03:05.172 INFO:teuthology.orchestra.run.smithi008.stdout:/usr/bin/ceph: stderr
2024-05-20T21:03:04.044+0000 7f1b10800700 1 -- --> [v2:172.21.15.8:3300/0,v1:172.21.15.8:6789/0] -- mon_getmap magic: 0 -- 0x7f1b0810d360 con 0x7f1b08109a90
2024-05-20T21:03:05.172 INFO:teuthology.orchestra.run.smithi008.stdout:/usr/bin/ceph: stderr
2024-05-20T21:03:04.044+0000 7f1b0de00700 1 --2- >> [v2:172.21.15.8:3300/0,v1:172.21.15.8:6789/0] conn(0x7f1b08109a90 0x7f1b08109310 unknown :-1 s=BANNER_CONNECTING pgs=0 cs=0 l=1 rev1=0 crypto rx=0 tx=0 comp rx=0 tx=0)._handle_peer_banner_payload supported=3 required=0
2024-05-20T21:03:05.172 INFO:teuthology.orchestra.run.smithi008.stdout:/usr/bin/ceph: stderr
2024-05-20T21:03:04.044+0000 7f1b0de00700 1 --2- >> [v2:172.21.15.8:3300/0,v1:172.21.15.8:6789/0] conn(0x7f1b08109a90 0x7f1b08109310 unknown :-1 s=HELLO_CONNECTING pgs=0 cs=0 l=1 rev1=1 crypto rx=0 tx=0 comp rx=0 tx=0).handle_hello peer v2:172.21.15.8:3300/0 says I am v2:172.21.15.8:49000/0 (socket says 172.21.15.8:49000)
2024-05-20T21:03:05.172 INFO:teuthology.orchestra.run.smithi008.stdout:/usr/bin/ceph: stderr
2024-05-20T21:03:04.044+0000 7f1b0de00700 1 -- 172.21.15.8:0/307592484 learned_addr learned my addr 172.21.15.8:0/307592484 (peer_addr_for_me v2:172.21.15.8:0/0)
2024-05-20T21:03:05.172 INFO:teuthology.orchestra.run.smithi008.stdout:/usr/bin/ceph: stderr
2024-05-20T21:03:04.045+0000 7f1b0de00700 1 -- 172.21.15.8:0/307592484 --> [v2:172.21.15.8:3300/0,v1:172.21.15.8:6789/0] -- mon_subscribe({config=0+,monmap=0+}) -- 0x7f1b08109850 con 0x7f1b08109a90
2024-05-20T21:03:05.172 INFO:teuthology.orchestra.run.smithi008.stdout:/usr/bin/ceph: stderr
2024-05-20T21:03:04.045+0000 7f1b0de00700 1 --2- 172.21.15.8:0/307592484 >> [v2:172.21.15.8:3300/0,v1:172.21.15.8:6789/0] conn(0x7f1b08109a90 0x7f1b08109310 secure :-1 s=READY pgs=71 cs=0 l=1 rev1=1 crypto rx=0x7f1afc004660 tx=0x7f1afc011aa0 comp rx=0 tx=0).ready entity=mon.0 client_cookie=0 server_cookie=0 in_seq=0 out_seq=0
2024-05-20T21:03:05.172 INFO:teuthology.orchestra.run.smithi008.stdout:/usr/bin/ceph: stderr
