2024-05-21T00:50:25.268 INFO:teuthology.orchestra.run.smithi008.stdout:/usr/bin/ceph: stderr
2024-05-21T00:50:24.656+0000 7f8da7000700 1 -- 172.21.15.8:0/1574254112 >> [v2:172.21.15.8:3300/0,v1:172.21.15.8:6789/0] conn(0x7f8da0107240 msgr2=0x7f8da019efc0 secure :-1 s=STATE_CONNECTION_ESTABLISHED l=1).mark_down
2024-05-21T00:50:25.268 INFO:teuthology.orchestra.run.smithi008.stdout:/usr/bin/ceph: stderr
2024-05-21T00:50:24.656+0000 7f8da7000700 1 --2- 172.21.15.8:0/1574254112 >> [v2:172.21.15.8:3300/0,v1:172.21.15.8:6789/0] conn(0x7f8da0107240 0x7f8da019efc0 secure :-1 s=READY pgs=40 cs=0 l=1 rev1=1 crypto rx=0x7f8d90000c00 tx=0x7f8d90011b70 comp rx=0 tx=0).stop
2024-05-21T00:50:25.269 INFO:teuthology.orchestra.run.smithi008.stdout:/usr/bin/ceph: stderr
2024-05-21T00:50:24.657+0000 7f8da7000700 1 -- 172.21.15.8:0/1574254112 shutdown_connections
2024-05-21T00:50:25.269 INFO:teuthology.orchestra.run.smithi008.stdout:/usr/bin/ceph: stderr
2024-05-21T00:50:24.657+0000 7f8da7000700 1 --2- 172.21.15.8:0/1574254112 >> [v2:172.21.15.8:6800/876496459,v1:172.21.15.8:6801/876496459] conn(0x7f8d8403e520 0x7f8d840409e0 unknown :-1 s=CLOSED pgs=8 cs=0 l=1 rev1=1 crypto rx=0 tx=0 comp rx=0 tx=0).stop
2024-05-21T00:50:25.269 INFO:teuthology.orchestra.run.smithi008.stdout:/usr/bin/ceph: stderr
2024-05-21T00:50:24.657+0000 7f8da7000700 1 --2- 172.21.15.8:0/1574254112 >> [v2:172.21.15.8:3300/0,v1:172.21.15.8:6789/0] conn(0x7f8da0107240 0x7f8da019efc0 unknown :-1 s=CLOSED pgs=40 cs=0 l=1 rev1=1 crypto rx=0 tx=0 comp rx=0 tx=0).stop
2024-05-21T00:50:25.269 INFO:teuthology.orchestra.run.smithi008.stdout:/usr/bin/ceph: stderr
2024-05-21T00:50:24.657+0000 7f8da7000700 1 -- 172.21.15.8:0/1574254112 >> 172.21.15.8:0/1574254112 conn(0x7f8da0102b70 msgr2=0x7f8da01955e0 unknown :-1 s=STATE_NONE l=0).mark_down
2024-05-21T00:50:25.269 INFO:teuthology.orchestra.run.smithi008.stdout:/usr/bin/ceph: stderr
2024-05-21T00:50:24.657+0000 7f8da7000700 1 -- 172.21.15.8:0/1574254112 shutdown_connections
2024-05-21T00:50:25.269 INFO:teuthology.orchestra.run.smithi008.stdout:/usr/bin/ceph: stderr
2024-05-21T00:50:24.657+0000 7f8da7000700 1 -- 172.21.15.8:0/1574254112 wait complete.
2024-05-21T00:50:25.269 INFO:teuthology.orchestra.run.smithi008.stdout:Generating ssh key...
2024-05-21T00:50:25.598 INFO:journalctl@ceph.mon.a.smithi008.stdout:May 21 00:50:25 smithi008 ceph-mon[31544]: from='client.14134 -' entity='client.admin' cmd=[{"prefix": "cephadm set-user", "user": "root", "target": ["mon-mgr", ""]}]: dispatch
2024-05-21T00:50:26.692 INFO:journalctl@ceph.mgr.x.smithi008.stdout:May 21 00:50:26 smithi008 ceph-d88c4b32-170b-11ef-bc9a-c7b262605968-mgr-x[31770]: Generating public/private rsa key pair.
2024-05-21T00:50:26.692 INFO:journalctl@ceph.mgr.x.smithi008.stdout:May 21 00:50:26 smithi008 ceph-d88c4b32-170b-11ef-bc9a-c7b262605968-mgr-x[31770]: Your identification has been saved in /tmp/tmp3jzju8r7/key.
2024-05-21T00:50:26.692 INFO:journalctl@ceph.mgr.x.smithi008.stdout:May 21 00:50:26 smithi008 ceph-d88c4b32-170b-11ef-bc9a-c7b262605968-mgr-x[31770]: Your public key has been saved in /tmp/tmp3jzju8r7/key.pub.
2024-05-21T00:50:26.692 INFO:journalctl@ceph.mgr.x.smithi008.stdout:May 21 00:50:26 smithi008 ceph-d88c4b32-170b-11ef-bc9a-c7b262605968-mgr-x[31770]: The key fingerprint is:
2024-05-21T00:50:26.693 INFO:journalctl@ceph.mgr.x.smithi008.stdout:May 21 00:50:26 smithi008 ceph-d88c4b32-170b-11ef-bc9a-c7b262605968-mgr-x[31770]: SHA256:Ko9X81Lsx0X5Pu5omOAHvNjUQr3/KAo6c67z0XN5D9I ceph-d88c4b32-170b-11ef-bc9a-c7b262605968
2024-05-21T00:50:26.693 INFO:journalctl@ceph.mgr.x.smithi008.stdout:May 21 00:50:26 smithi008 ceph-d88c4b32-170b-11ef-bc9a-c7b262605968-mgr-x[31770]: The key's randomart image is:
2024-05-21T00:50:26.693 INFO:journalctl@ceph.mgr.x.smithi008.stdout:May 21 00:50:26 smithi008 ceph-d88c4b32-170b-11ef-bc9a-c7b262605968-mgr-x[31770]: +---[RSA 3072]----+
2024-05-21T00:50:26.693 INFO:journalctl@ceph.mgr.x.smithi008.stdout:May 21 00:50:26 smithi008 ceph-d88c4b32-170b-11ef-bc9a-c7b262605968-mgr-x[31770]: | |
2024-05-21T00:50:26.693 INFO:journalctl@ceph.mgr.x.smithi008.stdout:May 21 00:50:26 smithi008 ceph-d88c4b32-170b-11ef-bc9a-c7b262605968-mgr-x[31770]: | |
2024-05-21T00:50:26.693 INFO:journalctl@ceph.mgr.x.smithi008.stdout:May 21 00:50:26 smithi008 ceph-d88c4b32-170b-11ef-bc9a-c7b262605968-mgr-x[31770]: | . . |
2024-05-21T00:50:26.693 INFO:journalctl@ceph.mgr.x.smithi008.stdout:May 21 00:50:26 smithi008 ceph-d88c4b32-170b-11ef-bc9a-c7b262605968-mgr-x[31770]: | . . o |
2024-05-21T00:50:26.693 INFO:journalctl@ceph.mgr.x.smithi008.stdout:May 21 00:50:26 smithi008 ceph-d88c4b32-170b-11ef-bc9a-c7b262605968-mgr-x[31770]: | S.. .. . |
2024-05-21T00:50:26.693 INFO:journalctl@ceph.mgr.x.smithi008.stdout:May 21 00:50:26 smithi008 ceph-d88c4b32-170b-11ef-bc9a-c7b262605968-mgr-x[31770]: | .+*ooo . .|
2024-05-21T00:50:26.693 INFO:journalctl@ceph.mgr.x.smithi008.stdout:May 21 00:50:26 smithi008 ceph-d88c4b32-170b-11ef-bc9a-c7b262605968-mgr-x[31770]: | . .+=B==+E . |
2024-05-21T00:50:26.693 INFO:journalctl@ceph.mgr.x.smithi008.stdout:May 21 00:50:26 smithi008 ceph-d88c4b32-170b-11ef-bc9a-c7b262605968-mgr-x[31770]: | Boo++===o=..|
2024-05-21T00:50:26.693 INFO:journalctl@ceph.mgr.x.smithi008.stdout:May 21 00:50:26 smithi008 ceph-d88c4b32-170b-11ef-bc9a-c7b262605968-mgr-x[31770]: | .+Xo oo.oo+=.|
2024-05-21T00:50:26.693 INFO:journalctl@ceph.mgr.x.smithi008.stdout:May 21 00:50:26 smithi008 ceph-d88c4b32-170b-11ef-bc9a-c7b262605968-mgr-x[31770]: +----[SHA256]-----+
2024-05-21T00:50:26.996 INFO:teuthology.orchestra.run.smithi008.stdout:/usr/bin/ceph: stderr
2024-05-21T00:50:25.892+0000 7f2145a00700 1 Processor -- start
2024-05-21T00:50:27.003 INFO:teuthology.orchestra.run.smithi008.stdout:/usr/bin/ceph: stderr
2024-05-21T00:50:25.892+0000 7f2145a00700 1 -- start start
2024-05-21T00:50:27.003 INFO:teuthology.orchestra.run.smithi008.stdout:/usr/bin/ceph: stderr
2024-05-21T00:50:25.893+0000 7f2145a00700 1 --2- >> [v2:172.21.15.8:3300/0,v1:172.21.15.8:6789/0] conn(0x7f2140107c60 0x7f2140108080 unknown :-1 s=NONE pgs=0 cs=0 l=0 rev1=0 crypto rx=0 tx=0 comp rx=0 tx=0).connect
2024-05-21T00:50:27.003 INFO:teuthology.orchestra.run.smithi008.stdout:/usr/bin/ceph: stderr
2024-05-21T00:50:25.893+0000 7f2145a00700 1 -- --> [v2:172.21.15.8:3300/0,v1:172.21.15.8:6789/0] -- mon_getmap magic: 0 -- 0x7f2140108650 con 0x7f2140107c60
2024-05-21T00:50:27.003 INFO:teuthology.orchestra.run.smithi008.stdout:/usr/bin/ceph: stderr
2024-05-21T00:50:25.893+0000 7f213fe00700 1 --2- >> [v2:172.21.15.8:3300/0,v1:172.21.15.8:6789/0] conn(0x7f2140107c60 0x7f2140108080 unknown :-1 s=BANNER_CONNECTING pgs=0 cs=0 l=0 rev1=0 crypto rx=0 tx=0 comp rx=0 tx=0)._handle_peer_banner_payload supported=3 required=0
2024-05-21T00:50:27.003 INFO:teuthology.orchestra.run.smithi008.stdout:/usr/bin/ceph: stderr
2024-05-21T00:50:25.893+0000 7f213fe00700 1 --2- >> [v2:172.21.15.8:3300/0,v1:172.21.15.8:6789/0] conn(0x7f2140107c60 0x7f2140108080 unknown :-1 s=HELLO_CONNECTING pgs=0 cs=0 l=0 rev1=1 crypto rx=0 tx=0 comp rx=0 tx=0).handle_hello peer v2:172.21.15.8:3300/0 says I am v2:172.21.15.8:54124/0 (socket says 172.21.15.8:54124)
2024-05-21T00:50:27.003 INFO:teuthology.orchestra.run.smithi008.stdout:/usr/bin/ceph: stderr
2024-05-21T00:50:25.893+0000 7f213fe00700 1 -- 172.21.15.8:0/18432249 learned_addr learned my addr 172.21.15.8:0/18432249 (peer_addr_for_me v2:172.21.15.8:0/0)
2024-05-21T00:50:27.003 INFO:teuthology.orchestra.run.smithi008.stdout:/usr/bin/ceph: stderr
2024-05-21T00:50:25.894+0000 7f213fe00700 1 -- 172.21.15.8:0/18432249 --> [v2:172.21.15.8:3300/0,v1:172.21.15.8:6789/0] -- mon_subscribe({config=0+,monmap=0+}) -- 0x7f2140108e60 con 0x7f2140107c60
2024-05-21T00:50:27.003 INFO:teuthology.orchestra.run.smithi008.stdout:/usr/bin/ceph: stderr
2024-05-21T00:50:25.894+0000 7f213fe00700 1 --2- 172.21.15.8:0/18432249 >> [v2:172.21.15.8:3300/0,v1:172.21.15.8:6789/0] conn(0x7f2140107c60 0x7f2140108080 secure :-1 s=READY pgs=41 cs=0 l=1 rev1=1 crypto rx=0x7f213000bb40 tx=0x7f213000be50 comp rx=0 tx=0).ready entity=mon.0 client_cookie=8a5fa38df0594a87 server_cookie=0 in_seq=0 out_seq=0
2024-05-21T00:50:27.003 INFO:teuthology.orchestra.run.smithi008.stdout:/usr/bin/ceph: stderr
2024-05-21T00:50:25.895+0000 7f213ea00700 1 -- 172.21.15.8:0/18432249 <== mon.0 v2:172.21.15.8:3300/0 1 ==== mon_map magic: 0 ==== 205+0+0 (secure 0 0 0) 0x7f213000dbe0 con 0x7f2140107c60
2024-05-21T00:50:27.003 INFO:teuthology.orchestra.run.smithi008.stdout:/usr/bin/ceph: stderr
2024-05-21T00:50:25.895+0000 7f213ea00700 1 -- 172.21.15.8:0/18432249 <== mon.0 v2:172.21.15.8:3300/0 2 ==== config(26 keys) ==== 1070+0+0 (secure 0 0 0) 0x7f21300044c0 con 0x7f2140107c60
2024-05-21T00:50:27.003 INFO:teuthology.orchestra.run.smithi008.stdout:/usr/bin/ceph: stderr
2024-05-21T00:50:25.895+0000 7f213ea00700 1 -- 172.21.15.8:0/18432249 <== mon.0 v2:172.21.15.8:3300/0 3 ==== mon_map magic: 0 ==== 205+0+0 (secure 0 0 0) 0x7f2130010470 con 0x7f2140107c60
2024-05-21T00:50:27.003 INFO:teuthology.orchestra.run.smithi008.stdout:/usr/bin/ceph: stderr
2024-05-21T00:50:25.895+0000 7f2145a00700 1 -- 172.21.15.8:0/18432249 >> [v2:172.21.15.8:3300/0,v1:172.21.15.8:6789/0] conn(0x7f2140107c60 msgr2=0x7f2140108080 secure :-1 s=STATE_CONNECTION_ESTABLISHED l=1).mark_down
2024-05-21T00:50:27.003 INFO:teuthology.orchestra.run.smithi008.stdout:/usr/bin/ceph: stderr
2024-05-21T00:50:25.895+0000 7f2145a00700 1 --2- 172.21.15.8:0/18432249 >> [v2:172.21.15.8:3300/0,v1:172.21.15.8:6789/0] conn(0x7f2140107c60 0x7f2140108080 secure :-1 s=READY pgs=41 cs=0 l=1 rev1=1 crypto rx=0x7f213000bb40 tx=0x7f213000be50 comp rx=0 tx=0).stop
2024-05-21T00:50:27.004 INFO:teuthology.orchestra.run.smithi008.stdout:/usr/bin/ceph: stderr
2024-05-21T00:50:25.896+0000 7f2145a00700 1 -- 172.21.15.8:0/18432249 shutdown_connections
2024-05-21T00:50:27.004 INFO:teuthology.orchestra.run.smithi008.stdout:/usr/bin/ceph: stderr
2024-05-21T00:50:25.896+0000 7f2145a00700 1 --2- 172.21.15.8:0/18432249 >> [v2:172.21.15.8:3300/0,v1:172.21.15.8:6789/0] conn(0x7f2140107c60 0x7f2140108080 unknown :-1 s=CLOSED pgs=41 cs=0 l=1 rev1=1 crypto rx=0 tx=0 comp rx=0 tx=0).stop
2024-05-21T00:50:27.004 INFO:teuthology.orchestra.run.smithi008.stdout:/usr/bin/ceph: stderr
2024-05-21T00:50:25.896+0000 7f2145a00700 1 -- 172.21.15.8:0/18432249 >> 172.21.15.8:0/18432249 conn(0x7f2140103200 msgr2=0x7f2140105640 unknown :-1 s=STATE_NONE l=0).mark_down
2024-05-21T00:50:27.004 INFO:teuthology.orchestra.run.smithi008.stdout:/usr/bin/ceph: stderr
2024-05-21T00:50:25.896+0000 7f2145a00700 1 -- 172.21.15.8:0/18432249 shutdown_connections
2024-05-21T00:50:27.004 INFO:teuthology.orchestra.run.smithi008.stdout:/usr/bin/ceph: stderr
2024-05-21T00:50:25.896+0000 7f2145a00700 1 -- 172.21.15.8:0/18432249 wait complete.
2024-05-21T00:50:27.004 INFO:teuthology.orchestra.run.smithi008.stdout:/usr/bin/ceph: stderr
2024-05-21T00:50:25.897+0000 7f2145a00700 1 Processor -- start
2024-05-21T00:50:27.004 INFO:teuthology.orchestra.run.smithi008.stdout:/usr/bin/ceph: stderr
2024-05-21T00:50:25.897+0000 7f2145a00700 1 -- start start
2024-05-21T00:50:27.004 INFO:teuthology.orchestra.run.smithi008.stdout:/usr/bin/ceph: stderr
2024-05-21T00:50:25.897+0000 7f2145a00700 1 --2- >> [v2:172.21.15.8:3300/0,v1:172.21.15.8:6789/0] conn(0x7f2140107c60 0x7f214019edb0 unknown :-1 s=NONE pgs=0 cs=0 l=1 rev1=0 crypto rx=0 tx=0 comp rx=0 tx=0).connect
2024-05-21T00:50:27.004 INFO:teuthology.orchestra.run.smithi008.stdout:/usr/bin/ceph: stderr
2024-05-21T00:50:25.897+0000 7f2145a00700 1 -- --> [v2:172.21.15.8:3300/0,v1:172.21.15.8:6789/0] -- mon_getmap magic: 0 -- 0x7f2140109cf0 con 0x7f2140107c60
2024-05-21T00:50:27.004 INFO:teuthology.orchestra.run.smithi008.stdout:/usr/bin/ceph: stderr
2024-05-21T00:50:25.898+0000 7f213fe00700 1 --2- >> [v2:172.21.15.8:3300/0,v1:172.21.15.8:6789/0] conn(0x7f2140107c60 0x7f214019edb0 unknown :-1 s=BANNER_CONNECTING pgs=0 cs=0 l=1 rev1=0 crypto rx=0 tx=0 comp rx=0 tx=0)._handle_peer_banner_payload supported=3 required=0
2024-05-21T00:50:27.004 INFO:teuthology.orchestra.run.smithi008.stdout:/usr/bin/ceph: stderr
2024-05-21T00:50:25.898+0000 7f213fe00700 1 --2- >> [v2:172.21.15.8:3300/0,v1:172.21.15.8:6789/0] conn(0x7f2140107c60 0x7f214019edb0 unknown :-1 s=HELLO_CONNECTING pgs=0 cs=0 l=1 rev1=1 crypto rx=0 tx=0 comp rx=0 tx=0).handle_hello peer v2:172.21.15.8:3300/0 says I am v2:172.21.15.8:54128/0 (socket says 172.21.15.8:54128)
2024-05-21T00:50:27.004 INFO:teuthology.orchestra.run.smithi008.stdout:/usr/bin/ceph: stderr
2024-05-21T00:50:25.898+0000 7f213fe00700 1 -- 172.21.15.8:0/1382928323 learned_addr learned my addr 172.21.15.8:0/1382928323 (peer_addr_for_me v2:172.21.15.8:0/0)
2024-05-21T00:50:27.004 INFO:teuthology.orchestra.run.smithi008.stdout:/usr/bin/ceph: stderr
2024-05-21T00:50:25.898+0000 7f213fe00700 1 -- 172.21.15.8:0/1382928323 --> [v2:172.21.15.8:3300/0,v1:172.21.15.8:6789/0] -- mon_subscribe({config=0+,monmap=0+}) -- 0x7f214019f2f0 con 0x7f2140107c60
2024-05-21T00:50:27.004 INFO:teuthology.orchestra.run.smithi008.stdout:/usr/bin/ceph: stderr
2024-05-21T00:50:25.898+0000 7f213fe00700 1 --2- 172.21.15.8:0/1382928323 >> [v2:172.21.15.8:3300/0,v1:172.21.15.8:6789/0] conn(0x7f2140107c60 0x7f214019edb0 secure :-1 s=READY pgs=42 cs=0 l=1 rev1=1 crypto rx=0x7f213000bfd0 tx=0x7f2130003ff0 comp rx=0 tx=0).ready entity=mon.0 client_cookie=0 server_cookie=0 in_seq=0 out_seq=0
2024-05-21T00:50:27.004 INFO:teuthology.orchestra.run.smithi008.stdout:/usr/bin/ceph: stderr
2024-05-21T00:50:25.899+0000 7f213cc00700 1 -- 172.21.15.8:0/1382928323 <== mon.0 v2:172.21.15.8:3300/0 1 ==== mon_map magic: 0 ==== 205+0+0 (secure 0 0 0) 0x7f2130010770 con 0x7f2140107c60
2024-05-21T00:50:27.005 INFO:teuthology.orchestra.run.smithi008.stdout:/usr/bin/ceph: stderr
2024-05-21T00:50:25.899+0000 7f213cc00700 1 -- 172.21.15.8:0/1382928323 <== mon.0 v2:172.21.15.8:3300/0 2 ==== config(26 keys) ==== 1070+0+0 (secure 0 0 0) 0x7f213001d070 con 0x7f2140107c60
2024-05-21T00:50:27.005 INFO:teuthology.orchestra.run.smithi008.stdout:/usr/bin/ceph: stderr
2024-05-21T00:50:25.899+0000 7f213cc00700 1 -- 172.21.15.8:0/1382928323 <== mon.0 v2:172.21.15.8:3300/0 3 ==== mon_map magic: 0 ==== 205+0+0 (secure 0 0 0) 0x7f2130019c70 con 0x7f2140107c60
2024-05-21T00:50:27.005 INFO:teuthology.orchestra.run.smithi008.stdout:/usr/bin/ceph: stderr
2024-05-21T00:50:25.899+0000 7f2145a00700 1 -- 172.21.15.8:0/1382928323 --> [v2:172.21.15.8:3300/0,v1:172.21.15.8:6789/0] -- mon_subscribe({mgrmap=0+}) -- 0x7f214019f580 con 0x7f2140107c60
2024-05-21T00:50:27.005 INFO:teuthology.orchestra.run.smithi008.stdout:/usr/bin/ceph: stderr
2024-05-21T00:50:25.899+0000 7f2145a00700 1 -- 172.21.15.8:0/1382928323 --> [v2:172.21.15.8:3300/0,v1:172.21.15.8:6789/0] -- mon_subscribe({osdmap=0}) -- 0x7f21401a2270 con 0x7f2140107c60
2024-05-21T00:50:27.005 INFO:teuthology.orchestra.run.smithi008.stdout:/usr/bin/ceph: stderr
2024-05-21T00:50:25.900+0000 7f2145a00700 1 -- 172.21.15.8:0/1382928323 --> [v2:172.21.15.8:3300/0,v1:172.21.15.8:6789/0] -- mon_command({"prefix": "get_command_descriptions"} v 0) -- 0x7f214006a660 con 0x7f2140107c60
2024-05-21T00:50:27.005 INFO:teuthology.orchestra.run.smithi008.stdout:/usr/bin/ceph: stderr
2024-05-21T00:50:25.900+0000 7f213cc00700 1 -- 172.21.15.8:0/1382928323 <== mon.0 v2:172.21.15.8:3300/0 4 ==== mgrmap(e 8) ==== 50222+0+0 (secure 0 0 0) 0x7f2130028060 con 0x7f2140107c60
2024-05-21T00:50:27.005 INFO:teuthology.orchestra.run.smithi008.stdout:/usr/bin/ceph: stderr
2024-05-21T00:50:25.901+0000 7f213cc00700 1 --2- 172.21.15.8:0/1382928323 >> [v2:172.21.15.8:6800/876496459,v1:172.21.15.8:6801/876496459] conn(0x7f212403e470 0x7f2124040930 unknown :-1 s=NONE pgs=0 cs=0 l=1 rev1=0 crypto rx=0 tx=0 comp rx=0 tx=0).connect
2024-05-21T00:50:27.005 INFO:teuthology.orchestra.run.smithi008.stdout:/usr/bin/ceph: stderr
2024-05-21T00:50:25.901+0000 7f213cc00700 1 -- 172.21.15.8:0/1382928323 <== mon.0 v2:172.21.15.8:3300/0 5 ==== osd_map(2..2 src has 1..2) ==== 940+0+0 (secure 0 0 0) 0x7f2130053920 con 0x7f2140107c60
2024-05-21T00:50:27.005 INFO:teuthology.orchestra.run.smithi008.stdout:/usr/bin/ceph: stderr
2024-05-21T00:50:25.901+0000 7f213f400700 1 --2- 172.21.15.8:0/1382928323 >> [v2:172.21.15.8:6800/876496459,v1:172.21.15.8:6801/876496459] conn(0x7f212403e470 0x7f2124040930 unknown :-1 s=BANNER_CONNECTING pgs=0 cs=0 l=1 rev1=0 crypto rx=0 tx=0 comp rx=0 tx=0)._handle_peer_banner_payload supported=3 required=0
2024-05-21T00:50:27.005 INFO:teuthology.orchestra.run.smithi008.stdout:/usr/bin/ceph: stderr
2024-05-21T00:50:25.902+0000 7f213f400700 1 --2- 172.21.15.8:0/1382928323 >> [v2:172.21.15.8:6800/876496459,v1:172.21.15.8:6801/876496459] conn(0x7f212403e470 0x7f2124040930 secure :-1 s=READY pgs=9 cs=0 l=1 rev1=1 crypto rx=0x7f212c006fd0 tx=0x7f212c006e40 comp rx=0 tx=0).ready entity=mgr.14120 client_cookie=0 server_cookie=0 in_seq=0 out_seq=0
2024-05-21T00:50:27.005 INFO:teuthology.orchestra.run.smithi008.stdout:/usr/bin/ceph: stderr
2024-05-21T00:50:25.906+0000 7f213cc00700 1 -- 172.21.15.8:0/1382928323 <== mon.0 v2:172.21.15.8:3300/0 6 ==== mon_command_ack([{"prefix": "get_command_descriptions"}]=0 v0) ==== 72+0+191963 (secure 0 0 0) 0x7f2130015070 con 0x7f2140107c60
2024-05-21T00:50:27.005 INFO:teuthology.orchestra.run.smithi008.stdout:/usr/bin/ceph: stderr
2024-05-21T00:50:26.140+0000 7f2145a00700 1 -- 172.21.15.8:0/1382928323 --> [v2:172.21.15.8:6800/876496459,v1:172.21.15.8:6801/876496459] -- mgr_command(tid 0: {"prefix": "cephadm generate-key", "target": ["mon-mgr", ""]}) -- 0x7f2140063980 con 0x7f212403e470
2024-05-21T00:50:27.005 INFO:teuthology.orchestra.run.smithi008.stdout:/usr/bin/ceph: stderr
2024-05-21T00:50:26.327+0000 7f213cc00700 1 -- 172.21.15.8:0/1382928323 <== mgr.14120 v2:172.21.15.8:6800/876496459 1 ==== mgr_command_reply(tid 0: 0 ) ==== 8+0+0 (secure 0 0 0) 0x7f2140063980 con 0x7f212403e470
2024-05-21T00:50:27.005 INFO:teuthology.orchestra.run.smithi008.stdout:/usr/bin/ceph: stderr
2024-05-21T00:50:26.330+0000 7f2145a00700 1 -- 172.21.15.8:0/1382928323 >> [v2:172.21.15.8:6800/876496459,v1:172.21.15.8:6801/876496459] conn(0x7f212403e470 msgr2=0x7f2124040930 secure :-1 s=STATE_CONNECTION_ESTABLISHED l=1).mark_down
2024-05-21T00:50:27.005 INFO:teuthology.orchestra.run.smithi008.stdout:/usr/bin/ceph: stderr
2024-05-21T00:50:26.330+0000 7f2145a00700 1 --2- 172.21.15.8:0/1382928323 >> [v2:172.21.15.8:6800/876496459,v1:172.21.15.8:6801/876496459] conn(0x7f212403e470 0x7f2124040930 secure :-1 s=READY pgs=9 cs=0 l=1 rev1=1 crypto rx=0x7f212c006fd0 tx=0x7f212c006e40 comp rx=0 tx=0).stop
2024-05-21T00:50:27.006 INFO:teuthology.orchestra.run.smithi008.stdout:/usr/bin/ceph: stderr
2024-05-21T00:50:26.330+0000 7f2145a00700 1 -- 172.21.15.8:0/1382928323 >> [v2:172.21.15.8:3300/0,v1:172.21.15.8:6789/0] conn(0x7f2140107c60 msgr2=0x7f214019edb0 secure :-1 s=STATE_CONNECTION_ESTABLISHED l=1).mark_down
2024-05-21T00:50:27.006 INFO:teuthology.orchestra.run.smithi008.stdout:/usr/bin/ceph: stderr
2024-05-21T00:50:26.330+0000 7f2145a00700 1 --2- 172.21.15.8:0/1382928323 >> [v2:172.21.15.8:3300/0,v1:172.21.15.8:6789/0] conn(0x7f2140107c60 0x7f214019edb0 secure :-1 s=READY pgs=42 cs=0 l=1 rev1=1 crypto rx=0x7f213000bfd0 tx=0x7f2130003ff0 comp rx=0 tx=0).stop
2024-05-21T00:50:27.006 INFO:teuthology.orchestra.run.smithi008.stdout:/usr/bin/ceph: stderr
2024-05-21T00:50:26.330+0000 7f2145a00700 1 -- 172.21.15.8:0/1382928323 shutdown_connections
2024-05-21T00:50:27.006 INFO:teuthology.orchestra.run.smithi008.stdout:/usr/bin/ceph: stderr
2024-05-21T00:50:26.330+0000 7f2145a00700 1 --2- 172.21.15.8:0/1382928323 >> [v2:172.21.15.8:6800/876496459,v1:172.21.15.8:6801/876496459] conn(0x7f212403e470 0x7f2124040930 unknown :-1 s=CLOSED pgs=9 cs=0 l=1 rev1=1 crypto rx=0 tx=0 comp rx=0 tx=0).stop
2024-05-21T00:50:27.006 INFO:teuthology.orchestra.run.smithi008.stdout:/usr/bin/ceph: stderr
2024-05-21T00:50:26.330+0000 7f2145a00700 1 --2- 172.21.15.8:0/1382928323 >> [v2:172.21.15.8:3300/0,v1:172.21.15.8:6789/0] conn(0x7f2140107c60 0x7f214019edb0 unknown :-1 s=CLOSED pgs=42 cs=0 l=1 rev1=1 crypto rx=0 tx=0 comp rx=0 tx=0).stop
2024-05-21T00:50:27.006 INFO:teuthology.orchestra.run.smithi008.stdout:/usr/bin/ceph: stderr
2024-05-21T00:50:26.330+0000 7f2145a00700 1 -- 172.21.15.8:0/1382928323 >> 172.21.15.8:0/1382928323 conn(0x7f2140103200 msgr2=0x7f21401953f0 unknown :-1 s=STATE_NONE l=0).mark_down
2024-05-21T00:50:27.006 INFO:teuthology.orchestra.run.smithi008.stdout:/usr/bin/ceph: stderr
2024-05-21T00:50:26.331+0000 7f2145a00700 1 -- 172.21.15.8:0/1382928323 shutdown_connections
2024-05-21T00:50:27.006 INFO:teuthology.orchestra.run.smithi008.stdout:/usr/bin/ceph: stderr
2024-05-21T00:50:26.331+0000 7f2145a00700 1 -- 172.21.15.8:0/1382928323 wait complete.
2024-05-21T00:50:27.656 INFO:journalctl@ceph.mon.a.smithi008.stdout:May 21 00:50:27 smithi008 ceph-mon[31544]: from='client.14136 -' entity='client.admin' cmd=[{"prefix": "cephadm generate-key", "target": ["mon-mgr", ""]}]: dispatch
2024-05-21T00:50:27.656 INFO:journalctl@ceph.mon.a.smithi008.stdout:May 21 00:50:27 smithi008 ceph-mon[31544]: Generating ssh key...
2024-05-21T00:50:27.656 INFO:journalctl@ceph.mon.a.smithi008.stdout:May 21 00:50:27 smithi008 ceph-mon[31544]: from='mgr.14120 172.21.15.8:0/347005795' entity='mgr.x'
2024-05-21T00:50:27.657 INFO:journalctl@ceph.mon.a.smithi008.stdout:May 21 00:50:27 smithi008 ceph-mon[31544]: from='mgr.14120 172.21.15.8:0/347005795' entity='mgr.x'
2024-05-21T00:50:28.645 INFO:journalctl@ceph.mon.a.smithi008.stdout:May 21 00:50:28 smithi008 ceph-mon[31544]: from='client.14138 -' entity='client.admin' cmd=[{"prefix": "cephadm get-pub-key", "target": ["mon-mgr", ""]}]: dispatch
2024-05-21T00:50:28.660 INFO:teuthology.orchestra.run.smithi008.stdout:/usr/bin/ceph: stdout ssh-rsa AAAAB3NzaC1yc2EAAAADAQABAAABgQDTLixePSJjTA7PqY5NrkuJzWiDL9xoK7f8f2VkYtragb128ANTxyYgwHjZEJ0CR+6Lv+vvBp5RWNi6fd07y9dH/S7HOhP8c9rIWL4EfTWJAZBRiBl8DFzPLSqhvXLaLWIbebrKuy9tjrO4ebxamomu6ACv9rfksPD+t9j4Y4KbZVmiBIL/brDbZlM8wHnA64SQEYiM2Ih/Lj+5eQP3gLq5qYKHW0k2U9AGh4QWFQyvkJGgB8OFXwTjgl0wGd+LWKuqj4UDPB+R8s6WrXAP68JZ8qAemKEW7F8wqByfhjpEtbu//pinJJ8ZbJax2YNOjTCY+gTxorY8e390hMj5bh82WMBkpJD1iAYRr7Y3j5IstgrfpSsnenRNYNnz3PUA8y9VvsEka2U18SrcCd4RRvm7dsjyf5rGLjksAic61lsl38fbwhTtIqV920KEqGOWiUas5QDT8tCcwiHA/uqFyoMMENtsYA4bWrQy/0lnBPfOMhdJZcDijdG0WQQC5nxEB/c= ceph-d88c4b32-170b-11ef-bc9a-c7b262605968
2024-05-21T00:50:28.660 INFO:teuthology.orchestra.run.smithi008.stdout:/usr/bin/ceph: stderr
2024-05-21T00:50:27.654+0000 7f304be00700 1 Processor -- start
2024-05-21T00:50:28.660 INFO:teuthology.orchestra.run.smithi008.stdout:/usr/bin/ceph: stderr
2024-05-21T00:50:27.654+0000 7f304be00700 1 -- start start
2024-05-21T00:50:28.660 INFO:teuthology.orchestra.run.smithi008.stdout:/usr/bin/ceph: stderr
2024-05-21T00:50:27.654+0000 7f304be00700 1 --2- >> [v2:172.21.15.8:3300/0,v1:172.21.15.8:6789/0] conn(0x7f304c108d90 0x7f304c1091b0 unknown :-1 s=NONE pgs=0 cs=0 l=0 rev1=0 crypto rx=0 tx=0 comp rx=0 tx=0).connect
2024-05-21T00:50:28.660 INFO:teuthology.orchestra.run.smithi008.stdout:/usr/bin/ceph: stderr
2024-05-21T00:50:27.655+0000 7f304be00700 1 -- --> [v2:172.21.15.8:3300/0,v1:172.21.15.8:6789/0] -- mon_getmap magic: 0 -- 0x7f304c109780 con 0x7f304c108d90
2024-05-21T00:50:28.660 INFO:teuthology.orchestra.run.smithi008.stdout:/usr/bin/ceph: stderr
2024-05-21T00:50:27.655+0000 7f304aa00700 1 --2- >> [v2:172.21.15.8:3300/0,v1:172.21.15.8:6789/0] conn(0x7f304c108d90 0x7f304c1091b0 unknown :-1 s=BANNER_CONNECTING pgs=0 cs=0 l=0 rev1=0 crypto rx=0 tx=0 comp rx=0 tx=0)._handle_peer_banner_payload supported=3 required=0
2024-05-21T00:50:28.660 INFO:teuthology.orchestra.run.smithi008.stdout:/usr/bin/ceph: stderr
2024-05-21T00:50:27.655+0000 7f304aa00700 1 --2- >> [v2:172.21.15.8:3300/0,v1:172.21.15.8:6789/0] conn(0x7f304c108d90 0x7f304c1091b0 unknown :-1 s=HELLO_CONNECTING pgs=0 cs=0 l=0 rev1=1 crypto rx=0 tx=0 comp rx=0 tx=0).handle_hello peer v2:172.21.15.8:3300/0 says I am v2:172.21.15.8:48240/0 (socket says 172.21.15.8:48240)
2024-05-21T00:50:28.660 INFO:teuthology.orchestra.run.smithi008.stdout:/usr/bin/ceph: stderr
2024-05-21T00:50:27.655+0000 7f304aa00700 1 -- 172.21.15.8:0/3562102887 learned_addr learned my addr 172.21.15.8:0/3562102887 (peer_addr_for_me v2:172.21.15.8:0/0)
2024-05-21T00:50:28.660 INFO:teuthology.orchestra.run.smithi008.stdout:/usr/bin/ceph: stderr
2024-05-21T00:50:27.655+0000 7f304aa00700 1 -- 172.21.15.8:0/3562102887 --> [v2:172.21.15.8:3300/0,v1:172.21.15.8:6789/0] -- mon_subscribe({config=0+,monmap=0+}) -- 0x7f304c109f90 con 0x7f304c108d90
2024-05-21T00:50:28.660 INFO:teuthology.orchestra.run.smithi008.stdout:/usr/bin/ceph: stderr
2024-05-21T00:50:27.656+0000 7f304aa00700 1 --2- 172.21.15.8:0/3562102887 >> [v2:172.21.15.8:3300/0,v1:172.21.15.8:6789/0] conn(0x7f304c108d90 0x7f304c1091b0 secure :-1 s=READY pgs=43 cs=0 l=1 rev1=1 crypto rx=0x7f303c0098a0 tx=0x7f303c009bb0 comp rx=0 tx=0).ready entity=mon.0 client_cookie=c4de5c22316f6241 server_cookie=0 in_seq=0 out_seq=0
2024-05-21T00:50:28.660 INFO:teuthology.orchestra.run.smithi008.stdout:/usr/bin/ceph: stderr
2024-05-21T00:50:27.656+0000 7f3049600700 1 -- 172.21.15.8:0/3562102887 <== mon.0 v2:172.21.15.8:3300/0 1 ==== mon_map magic: 0 ==== 205+0+0 (secure 0 0 0) 0x7f303c004160 con 0x7f304c108d90
2024-05-21T00:50:28.661 INFO:teuthology.orchestra.run.smithi008.stdout:/usr/bin/ceph: stderr
2024-05-21T00:50:27.656+0000 7f3049600700 1 -- 172.21.15.8:0/3562102887 <== mon.0 v2:172.21.15.8:3300/0 2 ==== config(26 keys) ==== 1070+0+0 (secure 0 0 0) 0x7f303c004300 con 0x7f304c108d90
2024-05-21T00:50:28.661 INFO:teuthology.orchestra.run.smithi008.stdout:/usr/bin/ceph: stderr
2024-05-21T00:50:27.656+0000 7f3049600700 1 -- 172.21.15.8:0/3562102887 <== mon.0 v2:172.21.15.8:3300/0 3 ==== mon_map magic: 0 ==== 205+0+0 (secure 0 0 0) 0x7f303c011af0 con 0x7f304c108d90
2024-05-21T00:50:28.661 INFO:teuthology.orchestra.run.smithi008.stdout:/usr/bin/ceph: stderr
2024-05-21T00:50:27.657+0000 7f304be00700 1 -- 172.21.15.8:0/3562102887 >> [v2:172.21.15.8:3300/0,v1:172.21.15.8:6789/0] conn(0x7f304c108d90 msgr2=0x7f304c1091b0 secure :-1 s=STATE_CONNECTION_ESTABLISHED l=1).mark_down
2024-05-21T00:50:28.661 INFO:teuthology.orchestra.run.smithi008.stdout:/usr/bin/ceph: stderr
2024-05-21T00:50:27.657+0000 7f304be00700 1 --2- 172.21.15.8:0/3562102887 >> [v2:172.21.15.8:3300/0,v1:172.21.15.8:6789/0] conn(0x7f304c108d90 0x7f304c1091b0 secure :-1 s=READY pgs=43 cs=0 l=1 rev1=1 crypto rx=0x7f303c0098a0 tx=0x7f303c009bb0 comp rx=0 tx=0).stop
2024-05-21T00:50:28.661 INFO:teuthology.orchestra.run.smithi008.stdout:/usr/bin/ceph: stderr
2024-05-21T00:50:27.657+0000 7f304be00700 1 -- 172.21.15.8:0/3562102887 shutdown_connections
2024-05-21T00:50:28.661 INFO:teuthology.orchestra.run.smithi008.stdout:/usr/bin/ceph: stderr
2024-05-21T00:50:27.657+0000 7f304be00700 1 --2- 172.21.15.8:0/3562102887 >> [v2:172.21.15.8:3300/0,v1:172.21.15.8:6789/0] conn(0x7f304c108d90 0x7f304c1091b0 unknown :-1 s=CLOSED pgs=43 cs=0 l=1 rev1=1 crypto rx=0 tx=0 comp rx=0 tx=0).stop
2024-05-21T00:50:28.661 INFO:teuthology.orchestra.run.smithi008.stdout:/usr/bin/ceph: stderr
2024-05-21T00:50:27.657+0000 7f304be00700 1 -- 172.21.15.8:0/3562102887 >> 172.21.15.8:0/3562102887 conn(0x7f304c104370 msgr2=0x7f304c106790 unknown :-1 s=STATE_NONE l=0).mark_down
2024-05-21T00:50:28.661 INFO:teuthology.orchestra.run.smithi008.stdout:/usr/bin/ceph: stderr
2024-05-21T00:50:27.657+0000 7f304be00700 1 -- 172.21.15.8:0/3562102887 shutdown_connections
2024-05-21T00:50:28.661 INFO:teuthology.orchestra.run.smithi008.stdout:/usr/bin/ceph: stderr
2024-05-21T00:50:27.657+0000 7f304be00700 1 -- 172.21.15.8:0/3562102887 wait complete.
2024-05-21T00:50:28.661 INFO:teuthology.orchestra.run.smithi008.stdout:/usr/bin/ceph: stderr
2024-05-21T00:50:27.658+0000 7f304be00700 1 Processor -- start
2024-05-21T00:50:28.662 INFO:teuthology.orchestra.run.smithi008.stdout:/usr/bin/ceph: stderr
2024-05-21T00:50:27.658+0000 7f304be00700 1 -- start start
2024-05-21T00:50:28.662 INFO:teuthology.orchestra.run.smithi008.stdout:/usr/bin/ceph: stderr
2024-05-21T00:50:27.659+0000 7f304be00700 1 --2- >> [v2:172.21.15.8:3300/0,v1:172.21.15.8:6789/0] conn(0x7f304c108d90 0x7f304c07f3b0 unknown :-1 s=NONE pgs=0 cs=0 l=1 rev1=0 crypto rx=0 tx=0 comp rx=0 tx=0).connect
2024-05-21T00:50:28.662 INFO:teuthology.orchestra.run.smithi008.stdout:/usr/bin/ceph: stderr
2024-05-21T00:50:27.659+0000 7f304be00700 1 -- --> [v2:172.21.15.8:3300/0,v1:172.21.15.8:6789/0] -- mon_getmap magic: 0 -- 0x7f304c10d1c0 con 0x7f304c108d90
2024-05-21T00:50:28.662 INFO:teuthology.orchestra.run.smithi008.stdout:/usr/bin/ceph: stderr
2024-05-21T00:50:27.659+0000 7f304aa00700 1 --2- >> [v2:172.21.15.8:3300/0,v1:172.21.15.8:6789/0] conn(0x7f304c108d90 0x7f304c07f3b0 unknown :-1 s=BANNER_CONNECTING pgs=0 cs=0 l=1 rev1=0 crypto rx=0 tx=0 comp rx=0 tx=0)._handle_peer_banner_payload supported=3 required=0
2024-05-21T00:50:28.662 INFO:teuthology.orchestra.run.smithi008.stdout:/usr/bin/ceph: stderr
2024-05-21T00:50:27.659+0000 7f304aa00700 1 --2- >> [v2:172.21.15.8:3300/0,v1:172.21.15.8:6789/0] conn(0x7f304c108d90 0x7f304c07f3b0 unknown :-1 s=HELLO_CONNECTING pgs=0 cs=0 l=1 rev1=1 crypto rx=0 tx=0 comp rx=0 tx=0).handle_hello peer v2:172.21.15.8:3300/0 says I am v2:172.21.15.8:48250/0 (socket says 172.21.15.8:48250)
2024-05-21T00:50:28.662 INFO:teuthology.orchestra.run.smithi008.stdout:/usr/bin/ceph: stderr
2024-05-21T00:50:27.659+0000 7f304aa00700 1 -- 172.21.15.8:0/1146343704 learned_addr learned my addr 172.21.15.8:0/1146343704 (peer_addr_for_me v2:172.21.15.8:0/0)
2024-05-21T00:50:28.662 INFO:teuthology.orchestra.run.smithi008.stdout:/usr/bin/ceph: stderr
2024-05-21T00:50:27.659+0000 7f304aa00700 1 -- 172.21.15.8:0/1146343704 --> [v2:172.21.15.8:3300/0,v1:172.21.15.8:6789/0] -- mon_subscribe({config=0+,monmap=0+}) -- 0x7f304c07f8f0 con 0x7f304c108d90
2024-05-21T00:50:28.662 INFO:teuthology.orchestra.run.smithi008.stdout:/usr/bin/ceph: stderr
2024-05-21T00:50:27.660+0000 7f304aa00700 1 --2- 172.21.15.8:0/1146343704 >> [v2:172.21.15.8:3300/0,v1:172.21.15.8:6789/0] conn(0x7f304c108d90 0x7f304c07f3b0 secure :-1 s=READY pgs=44 cs=0 l=1 rev1=1 crypto rx=0x7f303c0117b0 tx=0x7f303c011b70 comp rx=0 tx=0).ready entity=mon.0 client_cookie=0 server_cookie=0 in_seq=0 out_seq=0
2024-05-21T00:50:28.662 INFO:teuthology.orchestra.run.smithi008.stdout:/usr/bin/ceph: stderr
2024-05-21T00:50:27.660+0000 7f3043400700 1 -- 172.21.15.8:0/1146343704 <== mon.0 v2:172.21.15.8:3300/0 1 ==== mon_map magic: 0 ==== 205+0+0 (secure 0 0 0) 0x7f303c003af0 con 0x7f304c108d90
2024-05-21T00:50:28.662 INFO:teuthology.orchestra.run.smithi008.stdout:/usr/bin/ceph: stderr
2024-05-21T00:50:27.660+0000 7f3043400700 1 -- 172.21.15.8:0/1146343704 <== mon.0 v2:172.21.15.8:3300/0 2 ==== config(26 keys) ==== 1070+0+0 (secure 0 0 0) 0x7f303c020070 con 0x7f304c108d90
2024-05-21T00:50:28.662 INFO:teuthology.orchestra.run.smithi008.stdout:/usr/bin/ceph: stderr
2024-05-21T00:50:27.660+0000 7f3043400700 1 -- 172.21.15.8:0/1146343704 <== mon.0 v2:172.21.15.8:3300/0 3 ==== mon_map magic: 0 ==== 205+0+0 (secure 0 0 0) 0x7f303c019630 con 0x7f304c108d90
2024-05-21T00:50:28.663 INFO:teuthology.orchestra.run.smithi008.stdout:/usr/bin/ceph: stderr
2024-05-21T00:50:27.660+0000 7f304be00700 1 -- 172.21.15.8:0/1146343704 --> [v2:172.21.15.8:3300/0,v1:172.21.15.8:6789/0] -- mon_subscribe({mgrmap=0+}) -- 0x7f304c07dae0 con 0x7f304c108d90
2024-05-21T00:50:28.663 INFO:teuthology.orchestra.run.smithi008.stdout:/usr/bin/ceph: stderr
2024-05-21T00:50:27.660+0000 7f304be00700 1 -- 172.21.15.8:0/1146343704 --> [v2:172.21.15.8:3300/0,v1:172.21.15.8:6789/0] -- mon_subscribe({osdmap=0}) -- 0x7f304c07e020 con 0x7f304c108d90
2024-05-21T00:50:28.663 INFO:teuthology.orchestra.run.smithi008.stdout:/usr/bin/ceph: stderr
2024-05-21T00:50:27.661+0000 7f3043400700 1 -- 172.21.15.8:0/1146343704 <== mon.0 v2:172.21.15.8:3300/0 4 ==== mgrmap(e 8) ==== 50222+0+0 (secure 0 0 0) 0x7f303c01a9c0 con 0x7f304c108d90
2024-05-21T00:50:28.663 INFO:teuthology.orchestra.run.smithi008.stdout:/usr/bin/ceph: stderr
2024-05-21T00:50:27.662+0000 7f304be00700 1 -- 172.21.15.8:0/1146343704 --> [v2:172.21.15.8:3300/0,v1:172.21.15.8:6789/0] -- mon_command({"prefix": "get_command_descriptions"} v 0) -- 0x7f304c06a660 con 0x7f304c108d90
2024-05-21T00:50:28.663 INFO:teuthology.orchestra.run.smithi008.stdout:/usr/bin/ceph: stderr
2024-05-21T00:50:27.662+0000 7f3043400700 1 --2- 172.21.15.8:0/1146343704 >> [v2:172.21.15.8:6800/876496459,v1:172.21.15.8:6801/876496459] conn(0x7f303003e4c0 0x7f3030040980 unknown :-1 s=NONE pgs=0 cs=0 l=1 rev1=0 crypto rx=0 tx=0 comp rx=0 tx=0).connect
2024-05-21T00:50:28.663 INFO:teuthology.orchestra.run.smithi008.stdout:/usr/bin/ceph: stderr
2024-05-21T00:50:27.662+0000 7f3043400700 1 -- 172.21.15.8:0/1146343704 <== mon.0 v2:172.21.15.8:3300/0 5 ==== osd_map(2..2 src has 1..2) ==== 940+0+0 (secure 0 0 0) 0x7f303c053ac0 con 0x7f304c108d90
2024-05-21T00:50:28.663 INFO:teuthology.orchestra.run.smithi008.stdout:/usr/bin/ceph: stderr
2024-05-21T00:50:27.662+0000 7f304a000700 1 --2- 172.21.15.8:0/1146343704 >> [v2:172.21.15.8:6800/876496459,v1:172.21.15.8:6801/876496459] conn(0x7f303003e4c0 0x7f3030040980 unknown :-1 s=BANNER_CONNECTING pgs=0 cs=0 l=1 rev1=0 crypto rx=0 tx=0 comp rx=0 tx=0)._handle_peer_banner_payload supported=3 required=0
2024-05-21T00:50:28.663 INFO:teuthology.orchestra.run.smithi008.stdout:/usr/bin/ceph: stderr
2024-05-21T00:50:27.663+0000 7f304a000700 1 --2- 172.21.15.8:0/1146343704 >> [v2:172.21.15.8:6800/876496459,v1:172.21.15.8:6801/876496459] conn(0x7f303003e4c0 0x7f3030040980 secure :-1 s=READY pgs=10 cs=0 l=1 rev1=1 crypto rx=0x7f3038006fd0 tx=0x7f3038006e40 comp rx=0 tx=0).ready entity=mgr.14120 client_cookie=0 server_cookie=0 in_seq=0 out_seq=0
2024-05-21T00:50:28.663 INFO:teuthology.orchestra.run.smithi008.stdout:/usr/bin/ceph: stderr
2024-05-21T00:50:27.668+0000 7f3043400700 1 -- 172.21.15.8:0/1146343704 <== mon.0 v2:172.21.15.8:3300/0 6 ==== mon_command_ack([{"prefix": "get_command_descriptions"}]=0 v0) ==== 72+0+191963 (secure 0 0 0) 0x7f303c0172b0 con 0x7f304c108d90
2024-05-21T00:50:28.663 INFO:teuthology.orchestra.run.smithi008.stdout:/usr/bin/ceph: stderr
2024-05-21T00:50:27.904+0000 7f304be00700 1 -- 172.21.15.8:0/1146343704 --> [v2:172.21.15.8:6800/876496459,v1:172.21.15.8:6801/876496459] -- mgr_command(tid 0: {"prefix": "cephadm get-pub-key", "target": ["mon-mgr", ""]}) -- 0x7f304c07e880 con 0x7f303003e4c0
2024-05-21T00:50:28.663 INFO:teuthology.orchestra.run.smithi008.stdout:/usr/bin/ceph: stderr
2024-05-21T00:50:27.906+0000 7f3043400700 1 -- 172.21.15.8:0/1146343704 <== mgr.14120 v2:172.21.15.8:6800/876496459 1 ==== mgr_command_reply(tid 0: 0 ) ==== 8+0+595 (secure 0 0 0) 0x7f304c07e880 con 0x7f303003e4c0
2024-05-21T00:50:28.664 INFO:teuthology.orchestra.run.smithi008.stdout:/usr/bin/ceph: stderr
2024-05-21T00:50:27.909+0000 7f304be00700 1 -- 172.21.15.8:0/1146343704 >> [v2:172.21.15.8:6800/876496459,v1:172.21.15.8:6801/876496459] conn(0x7f303003e4c0 msgr2=0x7f3030040980 secure :-1 s=STATE_CONNECTION_ESTABLISHED l=1).mark_down
2024-05-21T00:50:28.664 INFO:teuthology.orchestra.run.smithi008.stdout:/usr/bin/ceph: stderr
2024-05-21T00:50:27.909+0000 7f304be00700 1 --2- 172.21.15.8:0/1146343704 >> [v2:172.21.15.8:6800/876496459,v1:172.21.15.8:6801/876496459] conn(0x7f303003e4c0 0x7f3030040980 secure :-1 s=READY pgs=10 cs=0 l=1 rev1=1 crypto rx=0x7f3038006fd0 tx=0x7f3038006e40 comp rx=0 tx=0).stop
2024-05-21T00:50:28.664 INFO:teuthology.orchestra.run.smithi008.stdout:/usr/bin/ceph: stderr
2024-05-21T00:50:27.909+0000 7f304be00700 1 -- 172.21.15.8:0/1146343704 >> [v2:172.21.15.8:3300/0,v1:172.21.15.8:6789/0] conn(0x7f304c108d90 msgr2=0x7f304c07f3b0 secure :-1 s=STATE_CONNECTION_ESTABLISHED l=1).mark_down
2024-05-21T00:50:28.664 INFO:teuthology.orchestra.run.smithi008.stdout:/usr/bin/ceph: stderr
2024-05-21T00:50:27.909+0000 7f304be00700 1 --2- 172.21.15.8:0/1146343704 >> [v2:172.21.15.8:3300/0,v1:172.21.15.8:6789/0] conn(0x7f304c108d90 0x7f304c07f3b0 secure :-1 s=READY pgs=44 cs=0 l=1 rev1=1 crypto rx=0x7f303c0117b0 tx=0x7f303c011b70 comp rx=0 tx=0).stop
2024-05-21T00:50:28.664 INFO:teuthology.orchestra.run.smithi008.stdout:/usr/bin/ceph: stderr
2024-05-21T00:50:27.909+0000 7f304be00700 1 -- 172.21.15.8:0/1146343704 shutdown_connections
2024-05-21T00:50:28.664 INFO:teuthology.orchestra.run.smithi008.stdout:/usr/bin/ceph: stderr
2024-05-21T00:50:27.909+0000 7f304be00700 1 --2- 172.21.15.8:0/1146343704 >> [v2:172.21.15.8:6800/876496459,v1:172.21.15.8:6801/876496459] conn(0x7f303003e4c0 0x7f3030040980 unknown :-1 s=CLOSED pgs=10 cs=0 l=1 rev1=1 crypto rx=0 tx=0 comp rx=0 tx=0).stop
2024-05-21T00:50:28.664 INFO:teuthology.orchestra.run.smithi008.stdout:/usr/bin/ceph: stderr
2024-05-21T00:50:27.909+0000 7f304be00700 1 --2- 172.21.15.8:0/1146343704 >> [v2:172.21.15.8:3300/0,v1:172.21.15.8:6789/0] conn(0x7f304c108d90 0x7f304c07f3b0 unknown :-1 s=CLOSED pgs=44 cs=0 l=1 rev1=1 crypto rx=0 tx=0 comp rx=0 tx=0).stop
2024-05-21T00:50:28.664 INFO:teuthology.orchestra.run.smithi008.stdout:/usr/bin/ceph: stderr
2024-05-21T00:50:27.909+0000 7f304be00700 1 -- 172.21.15.8:0/1146343704 >> 172.21.15.8:0/1146343704 conn(0x7f304c104370 msgr2=0x7f304c104f00 unknown :-1 s=STATE_NONE l=0).mark_down
2024-05-21T00:50:28.664 INFO:teuthology.orchestra.run.smithi008.stdout:/usr/bin/ceph: stderr
2024-05-21T00:50:27.910+0000 7f304be00700 1 -- 172.21.15.8:0/1146343704 shutdown_connections
2024-05-21T00:50:28.664 INFO:teuthology.orchestra.run.smithi008.stdout:/usr/bin/ceph: stderr
2024-05-21T00:50:27.910+0000 7f304be00700 1 -- 172.21.15.8:0/1146343704 wait complete.
2024-05-21T00:50:28.665 INFO:teuthology.orchestra.run.smithi008.stdout:Wrote public SSH key to /home/ubuntu/cephtest/ceph.pub
2024-05-21T00:50:28.665 INFO:teuthology.orchestra.run.smithi008.stdout:Adding key to root@localhost authorized_keys...
2024-05-21T00:50:28.665 INFO:teuthology.orchestra.run.smithi008.stdout:Adding host smithi008...
2024-05-21T00:50:30.119 INFO:journalctl@ceph.mon.a.smithi008.stdout:May 21 00:50:29 smithi008 ceph-mon[31544]: from='client.14140 -' entity='client.admin' cmd=[{"prefix": "orch host add", "hostname": "smithi008", "addr": "172.21.15.8", "target": ["mon-mgr", ""]}]: dispatch
2024-05-21T00:50:31.114 INFO:journalctl@ceph.mon.a.smithi008.stdout:May 21 00:50:30 smithi008 ceph-mon[31544]: Deploying cephadm binary to smithi008
2024-05-21T00:50:36.405 INFO:teuthology.orchestra.run.smithi008.stdout:/usr/bin/ceph: stdout Added host 'smithi008' with addr '172.21.15.8'
2024-05-21T00:50:36.405 INFO:teuthology.orchestra.run.smithi008.stdout:/usr/bin/ceph: stderr
2024-05-21T00:50:29.226+0000 7efe37e00700 1 Processor -- start
2024-05-21T00:50:36.405 INFO:teuthology.orchestra.run.smithi008.stdout:/usr/bin/ceph: stderr
2024-05-21T00:50:29.226+0000 7efe37e00700 1 -- start start
2024-05-21T00:50:36.405 INFO:teuthology.orchestra.run.smithi008.stdout:/usr/bin/ceph: stderr
2024-05-21T00:50:29.227+0000 7efe37e00700 1 --2- >> [v2:172.21.15.8:3300/0,v1:172.21.15.8:6789/0] conn(0x7efe3807f6a0 0x7efe3807db00 unknown :-1 s=NONE pgs=0 cs=0 l=0 rev1=0 crypto rx=0 tx=0 comp rx=0 tx=0).connect
2024-05-21T00:50:36.405 INFO:teuthology.orchestra.run.smithi008.stdout:/usr/bin/ceph: stderr
2024-05-21T00:50:29.227+0000 7efe37e00700 1 -- --> [v2:172.21.15.8:3300/0,v1:172.21.15.8:6789/0] -- mon_getmap magic: 0 -- 0x7efe3807e0d0 con 0x7efe3807f6a0
2024-05-21T00:50:36.405 INFO:teuthology.orchestra.run.smithi008.stdout:/usr/bin/ceph: stderr
2024-05-21T00:50:29.227+0000 7efe36a00700 1 --2- >> [v2:172.21.15.8:3300/0,v1:172.21.15.8:6789/0] conn(0x7efe3807f6a0 0x7efe3807db00 unknown :-1 s=BANNER_CONNECTING pgs=0 cs=0 l=0 rev1=0 crypto rx=0 tx=0 comp rx=0 tx=0)._handle_peer_banner_payload supported=3 required=0
2024-05-21T00:50:36.405 INFO:teuthology.orchestra.run.smithi008.stdout:/usr/bin/ceph: stderr
2024-05-21T00:50:29.228+0000 7efe36a00700 1 --2- >> [v2:172.21.15.8:3300/0,v1:172.21.15.8:6789/0] conn(0x7efe3807f6a0 0x7efe3807db00 unknown :-1 s=HELLO_CONNECTING pgs=0 cs=0 l=0 rev1=1 crypto rx=0 tx=0 comp rx=0 tx=0).handle_hello peer v2:172.21.15.8:3300/0 says I am v2:172.21.15.8:48252/0 (socket says 172.21.15.8:48252)
2024-05-21T00:50:36.405 INFO:teuthology.orchestra.run.smithi008.stdout:/usr/bin/ceph: stderr
2024-05-21T00:50:29.228+0000 7efe36a00700 1 -- 172.21.15.8:0/3923000181 learned_addr learned my addr 172.21.15.8:0/3923000181 (peer_addr_for_me v2:172.21.15.8:0/0)
2024-05-21T00:50:36.405 INFO:teuthology.orchestra.run.smithi008.stdout:/usr/bin/ceph: stderr
2024-05-21T00:50:29.228+0000 7efe36a00700 1 -- 172.21.15.8:0/3923000181 --> [v2:172.21.15.8:3300/0,v1:172.21.15.8:6789/0] -- mon_subscribe({config=0+,monmap=0+}) -- 0x7efe3807e250 con 0x7efe3807f6a0
2024-05-21T00:50:36.406 INFO:teuthology.orchestra.run.smithi008.stdout:/usr/bin/ceph: stderr
2024-05-21T00:50:29.228+0000 7efe36a00700 1 --2- 172.21.15.8:0/3923000181 >> [v2:172.21.15.8:3300/0,v1:172.21.15.8:6789/0] conn(0x7efe3807f6a0 0x7efe3807db00 secure :-1 s=READY pgs=45 cs=0 l=1 rev1=1 crypto rx=0x7efe280098a0 tx=0x7efe28009bb0 comp rx=0 tx=0).ready entity=mon.0 client_cookie=139660ba1cf77982 server_cookie=0 in_seq=0 out_seq=0
2024-05-21T00:50:36.406 INFO:teuthology.orchestra.run.smithi008.stdout:/usr/bin/ceph: stderr
2024-05-21T00:50:29.229+0000 7efe35600700 1 -- 172.21.15.8:0/3923000181 <== mon.0 v2:172.21.15.8:3300/0 1 ==== mon_map magic: 0 ==== 205+0+0 (secure 0 0 0) 0x7efe28004160 con 0x7efe3807f6a0
2024-05-21T00:50:36.406 INFO:teuthology.orchestra.run.smithi008.stdout:/usr/bin/ceph: stderr
2024-05-21T00:50:29.229+0000 7efe35600700 1 -- 172.21.15.8:0/3923000181 <== mon.0 v2:172.21.15.8:3300/0 2 ==== config(26 keys) ==== 1070+0+0 (secure 0 0 0) 0x7efe28004300 con 0x7efe3807f6a0
2024-05-21T00:50:36.406 INFO:teuthology.orchestra.run.smithi008.stdout:/usr/bin/ceph: stderr
2024-05-21T00:50:29.229+0000 7efe35600700 1 -- 172.21.15.8:0/3923000181 <== mon.0 v2:172.21.15.8:3300/0 3 ==== mon_map magic: 0 ==== 205+0+0 (secure 0 0 0) 0x7efe28011af0 con 0x7efe3807f6a0
2024-05-21T00:50:36.406 INFO:teuthology.orchestra.run.smithi008.stdout:/usr/bin/ceph: stderr
2024-05-21T00:50:29.229+0000 7efe37e00700 1 -- 172.21.15.8:0/3923000181 >> [v2:172.21.15.8:3300/0,v1:172.21.15.8:6789/0] conn(0x7efe3807f6a0 msgr2=0x7efe3807db00 secure :-1 s=STATE_CONNECTION_ESTABLISHED l=1).mark_down
2024-05-21T00:50:36.406 INFO:teuthology.orchestra.run.smithi008.stdout:/usr/bin/ceph: stderr
2024-05-21T00:50:29.229+0000 7efe37e00700 1 --2- 172.21.15.8:0/3923000181 >> [v2:172.21.15.8:3300/0,v1:172.21.15.8:6789/0] conn(0x7efe3807f6a0 0x7efe3807db00 secure :-1 s=READY pgs=45 cs=0 l=1 rev1=1 crypto rx=0x7efe280098a0 tx=0x7efe28009bb0 comp rx=0 tx=0).stop
2024-05-21T00:50:36.406 INFO:teuthology.orchestra.run.smithi008.stdout:/usr/bin/ceph: stderr
2024-05-21T00:50:29.230+0000 7efe37e00700 1 -- 172.21.15.8:0/3923000181 shutdown_connections
2024-05-21T00:50:36.406 INFO:teuthology.orchestra.run.smithi008.stdout:/usr/bin/ceph: stderr
2024-05-21T00:50:29.230+0000 7efe37e00700 1 --2- 172.21.15.8:0/3923000181 >> [v2:172.21.15.8:3300/0,v1:172.21.15.8:6789/0] conn(0x7efe3807f6a0 0x7efe3807db00 unknown :-1 s=CLOSED pgs=45 cs=0 l=1 rev1=1 crypto rx=0 tx=0 comp rx=0 tx=0).stop
2024-05-21T00:50:36.406 INFO:teuthology.orchestra.run.smithi008.stdout:/usr/bin/ceph: stderr
2024-05-21T00:50:29.230+0000 7efe37e00700 1 -- 172.21.15.8:0/3923000181 >> 172.21.15.8:0/3923000181 conn(0x7efe38104370 msgr2=0x7efe38106790 unknown :-1 s=STATE_NONE l=0).mark_down
2024-05-21T00:50:36.406 INFO:teuthology.orchestra.run.smithi008.stdout:/usr/bin/ceph: stderr
2024-05-21T00:50:29.230+0000 7efe37e00700 1 -- 172.21.15.8:0/3923000181 shutdown_connections
2024-05-21T00:50:36.406 INFO:teuthology.orchestra.run.smithi008.stdout:/usr/bin/ceph: stderr
2024-05-21T00:50:29.230+0000 7efe37e00700 1 -- 172.21.15.8:0/3923000181 wait complete.
2024-05-21T00:50:36.406 INFO:teuthology.orchestra.run.smithi008.stdout:/usr/bin/ceph: stderr
2024-05-21T00:50:29.231+0000 7efe37e00700 1 Processor -- start
2024-05-21T00:50:36.407 INFO:teuthology.orchestra.run.smithi008.stdout:/usr/bin/ceph: stderr
2024-05-21T00:50:29.231+0000 7efe37e00700 1 -- start start
2024-05-21T00:50:36.407 INFO:teuthology.orchestra.run.smithi008.stdout:/usr/bin/ceph: stderr
2024-05-21T00:50:29.231+0000 7efe37e00700 1 --2- >> [v2:172.21.15.8:3300/0,v1:172.21.15.8:6789/0] conn(0x7efe3807f6a0 0x7efe3819ee50 unknown :-1 s=NONE pgs=0 cs=0 l=1 rev1=0 crypto rx=0 tx=0 comp rx=0 tx=0).connect
2024-05-21T00:50:36.407 INFO:teuthology.orchestra.run.smithi008.stdout:/usr/bin/ceph: stderr
2024-05-21T00:50:29.231+0000 7efe37e00700 1 -- --> [v2:172.21.15.8:3300/0,v1:172.21.15.8:6789/0] -- mon_getmap magic: 0 -- 0x7efe3810f250 con 0x7efe3807f6a0
2024-05-21T00:50:36.407 INFO:teuthology.orchestra.run.smithi008.stdout:/usr/bin/ceph: stderr
2024-05-21T00:50:29.231+0000 7efe36a00700 1 --2- >> [v2:172.21.15.8:3300/0,v1:172.21.15.8:6789/0] conn(0x7efe3807f6a0 0x7efe3819ee50 unknown :-1 s=BANNER_CONNECTING pgs=0 cs=0 l=1 rev1=0 crypto rx=0 tx=0 comp rx=0 tx=0)._handle_peer_banner_payload supported=3 required=0
2024-05-21T00:50:36.407 INFO:teuthology.orchestra.run.smithi008.stdout:/usr/bin/ceph: stderr
2024-05-21T00:50:29.232+0000 7efe36a00700 1 --2- >> [v2:172.21.15.8:3300/0,v1:172.21.15.8:6789/0] conn(0x7efe3807f6a0 0x7efe3819ee50 unknown :-1 s=HELLO_CONNECTING pgs=0 cs=0 l=1 rev1=1 crypto rx=0 tx=0 comp rx=0 tx=0).handle_hello peer v2:172.21.15.8:3300/0 says I am v2:172.21.15.8:48262/0 (socket says 172.21.15.8:48262)
2024-05-21T00:50:36.407 INFO:teuthology.orchestra.run.smithi008.stdout:/usr/bin/ceph: stderr
2024-05-21T00:50:29.232+0000 7efe36a00700 1 -- 172.21.15.8:0/1006874989 learned_addr learned my addr 172.21.15.8:0/1006874989 (peer_addr_for_me v2:172.21.15.8:0/0)
2024-05-21T00:50:36.407 INFO:teuthology.orchestra.run.smithi008.stdout:/usr/bin/ceph: stderr
2024-05-21T00:50:29.232+0000 7efe36a00700 1 -- 172.21.15.8:0/1006874989 --> [v2:172.21.15.8:3300/0,v1:172.21.15.8:6789/0] -- mon_subscribe({config=0+,monmap=0+}) -- 0x7efe3819f390 con 0x7efe3807f6a0
2024-05-21T00:50:36.407 INFO:teuthology.orchestra.run.smithi008.stdout:/usr/bin/ceph: stderr
2024-05-21T00:50:29.232+0000 7efe36a00700 1 --2- 172.21.15.8:0/1006874989 >> [v2:172.21.15.8:3300/0,v1:172.21.15.8:6789/0] conn(0x7efe3807f6a0 0x7efe3819ee50 secure :-1 s=READY pgs=46 cs=0 l=1 rev1=1 crypto rx=0x7efe28009fb0 tx=0x7efe28011940 comp rx=0 tx=0).ready entity=mon.0 client_cookie=0 server_cookie=0 in_seq=0 out_seq=0
2024-05-21T00:50:36.407 INFO:teuthology.orchestra.run.smithi008.stdout:/usr/bin/ceph: stderr
2024-05-21T00:50:29.233+0000 7efe2f400700 1 -- 172.21.15.8:0/1006874989 <== mon.0 v2:172.21.15.8:3300/0 1 ==== mon_map magic: 0 ==== 205+0+0 (secure 0 0 0) 0x7efe280036a0 con 0x7efe3807f6a0
2024-05-21T00:50:36.407 INFO:teuthology.orchestra.run.smithi008.stdout:/usr/bin/ceph: stderr
2024-05-21T00:50:29.233+0000 7efe2f400700 1 -- 172.21.15.8:0/1006874989 <== mon.0 v2:172.21.15.8:3300/0 2 ==== config(26 keys) ==== 1070+0+0 (secure 0 0 0) 0x7efe2801a430 con 0x7efe3807f6a0
2024-05-21T00:50:36.407 INFO:teuthology.orchestra.run.smithi008.stdout:/usr/bin/ceph: stderr
2024-05-21T00:50:29.233+0000 7efe2f400700 1 -- 172.21.15.8:0/1006874989 <== mon.0 v2:172.21.15.8:3300/0 3 ==== mon_map magic: 0 ==== 205+0+0 (secure 0 0 0) 0x7efe28019550 con 0x7efe3807f6a0
2024-05-21T00:50:36.408 INFO:teuthology.orchestra.run.smithi008.stdout:/usr/bin/ceph: stderr
2024-05-21T00:50:29.233+0000 7efe37e00700 1 -- 172.21.15.8:0/1006874989 --> [v2:172.21.15.8:3300/0,v1:172.21.15.8:6789/0] -- mon_subscribe({mgrmap=0+}) -- 0x7efe3819f620 con 0x7efe3807f6a0
2024-05-21T00:50:36.408 INFO:teuthology.orchestra.run.smithi008.stdout:/usr/bin/ceph: stderr
2024-05-21T00:50:29.233+0000 7efe37e00700 1 -- 172.21.15.8:0/1006874989 --> [v2:172.21.15.8:3300/0,v1:172.21.15.8:6789/0] -- mon_subscribe({osdmap=0}) -- 0x7efe381a2310 con 0x7efe3807f6a0
2024-05-21T00:50:36.408 INFO:teuthology.orchestra.run.smithi008.stdout:/usr/bin/ceph: stderr
2024-05-21T00:50:29.234+0000 7efe2f400700 1 -- 172.21.15.8:0/1006874989 <== mon.0 v2:172.21.15.8:3300/0 4 ==== mgrmap(e 8) ==== 50222+0+0 (secure 0 0 0) 0x7efe2801a8e0 con 0x7efe3807f6a0
2024-05-21T00:50:36.408 INFO:teuthology.orchestra.run.smithi008.stdout:/usr/bin/ceph: stderr
2024-05-21T00:50:29.234+0000 7efe37e00700 1 -- 172.21.15.8:0/1006874989 --> [v2:172.21.15.8:3300/0,v1:172.21.15.8:6789/0] -- mon_command({"prefix": "get_command_descriptions"} v 0) -- 0x7efe3806a660 con 0x7efe3807f6a0
2024-05-21T00:50:36.408 INFO:teuthology.orchestra.run.smithi008.stdout:/usr/bin/ceph: stderr
2024-05-21T00:50:29.234+0000 7efe2f400700 1 --2- 172.21.15.8:0/1006874989 >> [v2:172.21.15.8:6800/876496459,v1:172.21.15.8:6801/876496459] conn(0x7efe1c03e470 0x7efe1c040930 unknown :-1 s=NONE pgs=0 cs=0 l=1 rev1=0 crypto rx=0 tx=0 comp rx=0 tx=0).connect
2024-05-21T00:50:36.408 INFO:teuthology.orchestra.run.smithi008.stdout:/usr/bin/ceph: stderr
2024-05-21T00:50:29.235+0000 7efe2f400700 1 -- 172.21.15.8:0/1006874989 <== mon.0 v2:172.21.15.8:3300/0 5 ==== osd_map(2..2 src has 1..2) ==== 940+0+0 (secure 0 0 0) 0x7efe28053800 con 0x7efe3807f6a0
2024-05-21T00:50:36.408 INFO:teuthology.orchestra.run.smithi008.stdout:/usr/bin/ceph: stderr
2024-05-21T00:50:29.235+0000 7efe36000700 1 --2- 172.21.15.8:0/1006874989 >> [v2:172.21.15.8:6800/876496459,v1:172.21.15.8:6801/876496459] conn(0x7efe1c03e470 0x7efe1c040930 unknown :-1 s=BANNER_CONNECTING pgs=0 cs=0 l=1 rev1=0 crypto rx=0 tx=0 comp rx=0 tx=0)._handle_peer_banner_payload supported=3 required=0
2024-05-21T00:50:36.408 INFO:teuthology.orchestra.run.smithi008.stdout:/usr/bin/ceph: stderr
