2024-05-21T00:49:15.115+0000 7f94dce00700 1 -- 172.21.15.7:0/4048940307 >> [v2:172.21.15.7:6800/1414801959,v1:172.21.15.7:6801/1414801959] conn(0x7f94bc03e4c0 msgr2=0x7f94bc040980 secure :-1 s=STATE_CONNECTION_ESTABLISHED l=1).mark_down
2024-05-21T00:49:15.793 INFO:teuthology.orchestra.run.smithi007.stdout:/usr/bin/ceph: stderr
2024-05-21T00:49:15.115+0000 7f94dce00700 1 --2- 172.21.15.7:0/4048940307 >> [v2:172.21.15.7:6800/1414801959,v1:172.21.15.7:6801/1414801959] conn(0x7f94bc03e4c0 0x7f94bc040980 secure :-1 s=READY pgs=7 cs=0 l=1 rev1=1 crypto rx=0x7f94c4006fd0 tx=0x7f94c4006e40 comp rx=0 tx=0).stop
2024-05-21T00:49:15.793 INFO:teuthology.orchestra.run.smithi007.stdout:/usr/bin/ceph: stderr
2024-05-21T00:49:15.115+0000 7f94dce00700 1 -- 172.21.15.7:0/4048940307 >> [v2:172.21.15.7:3300/0,v1:172.21.15.7:6789/0] conn(0x7f94d807fd50 msgr2=0x7f94d81a3240 secure :-1 s=STATE_CONNECTION_ESTABLISHED l=1).mark_down
2024-05-21T00:49:15.793 INFO:teuthology.orchestra.run.smithi007.stdout:/usr/bin/ceph: stderr
2024-05-21T00:49:15.115+0000 7f94dce00700 1 --2- 172.21.15.7:0/4048940307 >> [v2:172.21.15.7:3300/0,v1:172.21.15.7:6789/0] conn(0x7f94d807fd50 0x7f94d81a3240 secure :-1 s=READY pgs=21 cs=0 l=1 rev1=1 crypto rx=0x7f94c8011ac0 tx=0x7f94c8011ba0 comp rx=0 tx=0).stop
2024-05-21T00:49:15.793 INFO:teuthology.orchestra.run.smithi007.stdout:/usr/bin/ceph: stderr
2024-05-21T00:49:15.115+0000 7f94dce00700 1 -- 172.21.15.7:0/4048940307 shutdown_connections
2024-05-21T00:49:15.793 INFO:teuthology.orchestra.run.smithi007.stdout:/usr/bin/ceph: stderr
2024-05-21T00:49:15.115+0000 7f94dce00700 1 --2- 172.21.15.7:0/4048940307 >> [v2:172.21.15.7:6800/1414801959,v1:172.21.15.7:6801/1414801959] conn(0x7f94bc03e4c0 0x7f94bc040980 unknown :-1 s=CLOSED pgs=7 cs=0 l=1 rev1=1 crypto rx=0 tx=0 comp rx=0 tx=0).stop
2024-05-21T00:49:15.793 INFO:teuthology.orchestra.run.smithi007.stdout:/usr/bin/ceph: stderr
2024-05-21T00:49:15.115+0000 7f94dce00700 1 --2- 172.21.15.7:0/4048940307 >> [v2:172.21.15.7:3300/0,v1:172.21.15.7:6789/0] conn(0x7f94d807fd50 0x7f94d81a3240 unknown :-1 s=CLOSED pgs=21 cs=0 l=1 rev1=1 crypto rx=0 tx=0 comp rx=0 tx=0).stop
2024-05-21T00:49:15.793 INFO:teuthology.orchestra.run.smithi007.stdout:/usr/bin/ceph: stderr
2024-05-21T00:49:15.115+0000 7f94dce00700 1 -- 172.21.15.7:0/4048940307 >> 172.21.15.7:0/4048940307 conn(0x7f94d807e380 msgr2=0x7f94d8109920 unknown :-1 s=STATE_NONE l=0).mark_down
2024-05-21T00:49:15.793 INFO:teuthology.orchestra.run.smithi007.stdout:/usr/bin/ceph: stderr
2024-05-21T00:49:15.116+0000 7f94dce00700 1 -- 172.21.15.7:0/4048940307 shutdown_connections
2024-05-21T00:49:15.793 INFO:teuthology.orchestra.run.smithi007.stdout:/usr/bin/ceph: stderr
2024-05-21T00:49:15.116+0000 7f94dce00700 1 -- 172.21.15.7:0/4048940307 wait complete.
2024-05-21T00:49:15.794 INFO:teuthology.orchestra.run.smithi007.stdout:Enabling cephadm module...
2024-05-21T00:49:17.091 INFO:journalctl@ceph.mon.a.smithi007.stdout:May 21 00:49:16 smithi007 ceph-mon[31333]: from='client.? 172.21.15.7:0/3525859791' entity='client.admin' cmd=[{"prefix": "mgr module enable", "module": "cephadm"}]: dispatch
2024-05-21T00:49:17.092 INFO:journalctl@ceph.mgr.x.smithi007.stdout:May 21 00:49:16 smithi007 ceph-bac6037c-170b-11ef-bc9a-c7b262605968-mgr-x[31572]: ignoring --setuser ceph since I am not root
2024-05-21T00:49:17.092 INFO:journalctl@ceph.mgr.x.smithi007.stdout:May 21 00:49:16 smithi007 ceph-bac6037c-170b-11ef-bc9a-c7b262605968-mgr-x[31572]: ignoring --setgroup ceph since I am not root
2024-05-21T00:49:17.092 INFO:journalctl@ceph.mgr.x.smithi007.stdout:May 21 00:49:17 smithi007 ceph-bac6037c-170b-11ef-bc9a-c7b262605968-mgr-x[31572]:
2024-05-21T00:49:17.084+0000 7fd818b0f200 -1 mgr[py] Module balancer has missing NOTIFY_TYPES member
2024-05-21T00:49:17.539 INFO:teuthology.orchestra.run.smithi007.stdout:/usr/bin/ceph: stderr
2024-05-21T00:49:16.409+0000 7f1ccf000700 1 Processor -- start
2024-05-21T00:49:17.540 INFO:teuthology.orchestra.run.smithi007.stdout:/usr/bin/ceph: stderr
2024-05-21T00:49:16.409+0000 7f1ccf000700 1 -- start start
2024-05-21T00:49:17.540 INFO:teuthology.orchestra.run.smithi007.stdout:/usr/bin/ceph: stderr
2024-05-21T00:49:16.410+0000 7f1ccf000700 1 --2- >> [v2:172.21.15.7:3300/0,v1:172.21.15.7:6789/0] conn(0x7f1cc8109ad0 0x7f1cc810bec0 unknown :-1 s=NONE pgs=0 cs=0 l=0 rev1=0 crypto rx=0 tx=0 comp rx=0 tx=0).connect
2024-05-21T00:49:17.540 INFO:teuthology.orchestra.run.smithi007.stdout:/usr/bin/ceph: stderr
2024-05-21T00:49:16.410+0000 7f1ccf000700 1 -- --> [v2:172.21.15.7:3300/0,v1:172.21.15.7:6789/0] -- mon_getmap magic: 0 -- 0x7f1cc807cd80 con 0x7f1cc8109ad0
2024-05-21T00:49:17.540 INFO:teuthology.orchestra.run.smithi007.stdout:/usr/bin/ceph: stderr
2024-05-21T00:49:16.410+0000 7f1cc7e00700 1 --2- >> [v2:172.21.15.7:3300/0,v1:172.21.15.7:6789/0] conn(0x7f1cc8109ad0 0x7f1cc810bec0 unknown :-1 s=BANNER_CONNECTING pgs=0 cs=0 l=0 rev1=0 crypto rx=0 tx=0 comp rx=0 tx=0)._handle_peer_banner_payload supported=3 required=0
2024-05-21T00:49:17.540 INFO:teuthology.orchestra.run.smithi007.stdout:/usr/bin/ceph: stderr
2024-05-21T00:49:16.410+0000 7f1cc7e00700 1 --2- >> [v2:172.21.15.7:3300/0,v1:172.21.15.7:6789/0] conn(0x7f1cc8109ad0 0x7f1cc810bec0 unknown :-1 s=HELLO_CONNECTING pgs=0 cs=0 l=0 rev1=1 crypto rx=0 tx=0 comp rx=0 tx=0).handle_hello peer v2:172.21.15.7:3300/0 says I am v2:172.21.15.7:53536/0 (socket says 172.21.15.7:53536)
2024-05-21T00:49:17.540 INFO:teuthology.orchestra.run.smithi007.stdout:/usr/bin/ceph: stderr
2024-05-21T00:49:16.410+0000 7f1cc7e00700 1 -- 172.21.15.7:0/985731236 learned_addr learned my addr 172.21.15.7:0/985731236 (peer_addr_for_me v2:172.21.15.7:0/0)
2024-05-21T00:49:17.540 INFO:teuthology.orchestra.run.smithi007.stdout:/usr/bin/ceph: stderr
2024-05-21T00:49:16.411+0000 7f1cc7e00700 1 -- 172.21.15.7:0/985731236 --> [v2:172.21.15.7:3300/0,v1:172.21.15.7:6789/0] -- mon_subscribe({config=0+,monmap=0+}) -- 0x7f1cc810c400 con 0x7f1cc8109ad0
2024-05-21T00:49:17.540 INFO:teuthology.orchestra.run.smithi007.stdout:/usr/bin/ceph: stderr
2024-05-21T00:49:16.411+0000 7f1cc7e00700 1 --2- 172.21.15.7:0/985731236 >> [v2:172.21.15.7:3300/0,v1:172.21.15.7:6789/0] conn(0x7f1cc8109ad0 0x7f1cc810bec0 secure :-1 s=READY pgs=22 cs=0 l=1 rev1=1 crypto rx=0x7f1cb80098a0 tx=0x7f1cb8009bb0 comp rx=0 tx=0).ready entity=mon.0 client_cookie=873782127d9d6717 server_cookie=0 in_seq=0 out_seq=0
2024-05-21T00:49:17.540 INFO:teuthology.orchestra.run.smithi007.stdout:/usr/bin/ceph: stderr
2024-05-21T00:49:16.411+0000 7f1cc6a00700 1 -- 172.21.15.7:0/985731236 <== mon.0 v2:172.21.15.7:3300/0 1 ==== mon_map magic: 0 ==== 205+0+0 (secure 0 0 0) 0x7f1cb8004160 con 0x7f1cc8109ad0
2024-05-21T00:49:17.541 INFO:teuthology.orchestra.run.smithi007.stdout:/usr/bin/ceph: stderr
2024-05-21T00:49:16.412+0000 7f1cc6a00700 1 -- 172.21.15.7:0/985731236 <== mon.0 v2:172.21.15.7:3300/0 2 ==== config(26 keys) ==== 1070+0+0 (secure 0 0 0) 0x7f1cb8004300 con 0x7f1cc8109ad0
2024-05-21T00:49:17.541 INFO:teuthology.orchestra.run.smithi007.stdout:/usr/bin/ceph: stderr
2024-05-21T00:49:16.412+0000 7f1cc6a00700 1 -- 172.21.15.7:0/985731236 <== mon.0 v2:172.21.15.7:3300/0 3 ==== mon_map magic: 0 ==== 205+0+0 (secure 0 0 0) 0x7f1cb8011af0 con 0x7f1cc8109ad0
2024-05-21T00:49:17.541 INFO:teuthology.orchestra.run.smithi007.stdout:/usr/bin/ceph: stderr
2024-05-21T00:49:16.413+0000 7f1ccf000700 1 -- 172.21.15.7:0/985731236 >> [v2:172.21.15.7:3300/0,v1:172.21.15.7:6789/0] conn(0x7f1cc8109ad0 msgr2=0x7f1cc810bec0 secure :-1 s=STATE_CONNECTION_ESTABLISHED l=1).mark_down
2024-05-21T00:49:17.541 INFO:teuthology.orchestra.run.smithi007.stdout:/usr/bin/ceph: stderr
2024-05-21T00:49:16.413+0000 7f1ccf000700 1 --2- 172.21.15.7:0/985731236 >> [v2:172.21.15.7:3300/0,v1:172.21.15.7:6789/0] conn(0x7f1cc8109ad0 0x7f1cc810bec0 secure :-1 s=READY pgs=22 cs=0 l=1 rev1=1 crypto rx=0x7f1cb80098a0 tx=0x7f1cb8009bb0 comp rx=0 tx=0).stop
2024-05-21T00:49:17.541 INFO:teuthology.orchestra.run.smithi007.stdout:/usr/bin/ceph: stderr
2024-05-21T00:49:16.413+0000 7f1ccf000700 1 -- 172.21.15.7:0/985731236 shutdown_connections
2024-05-21T00:49:17.541 INFO:teuthology.orchestra.run.smithi007.stdout:/usr/bin/ceph: stderr
2024-05-21T00:49:16.413+0000 7f1ccf000700 1 --2- 172.21.15.7:0/985731236 >> [v2:172.21.15.7:3300/0,v1:172.21.15.7:6789/0] conn(0x7f1cc8109ad0 0x7f1cc810bec0 unknown :-1 s=CLOSED pgs=22 cs=0 l=1 rev1=1 crypto rx=0 tx=0 comp rx=0 tx=0).stop
2024-05-21T00:49:17.541 INFO:teuthology.orchestra.run.smithi007.stdout:/usr/bin/ceph: stderr
2024-05-21T00:49:16.413+0000 7f1ccf000700 1 -- 172.21.15.7:0/985731236 >> 172.21.15.7:0/985731236 conn(0x7f1cc8103420 msgr2=0x7f1cc8105860 unknown :-1 s=STATE_NONE l=0).mark_down
2024-05-21T00:49:17.541 INFO:teuthology.orchestra.run.smithi007.stdout:/usr/bin/ceph: stderr
2024-05-21T00:49:16.413+0000 7f1ccf000700 1 -- 172.21.15.7:0/985731236 shutdown_connections
2024-05-21T00:49:17.541 INFO:teuthology.orchestra.run.smithi007.stdout:/usr/bin/ceph: stderr
2024-05-21T00:49:16.413+0000 7f1ccf000700 1 -- 172.21.15.7:0/985731236 wait complete.
2024-05-21T00:49:17.541 INFO:teuthology.orchestra.run.smithi007.stdout:/usr/bin/ceph: stderr
2024-05-21T00:49:16.414+0000 7f1ccf000700 1 Processor -- start
2024-05-21T00:49:17.541 INFO:teuthology.orchestra.run.smithi007.stdout:/usr/bin/ceph: stderr
2024-05-21T00:49:16.415+0000 7f1ccf000700 1 -- start start
2024-05-21T00:49:17.542 INFO:teuthology.orchestra.run.smithi007.stdout:/usr/bin/ceph: stderr
2024-05-21T00:49:16.415+0000 7f1ccf000700 1 --2- >> [v2:172.21.15.7:3300/0,v1:172.21.15.7:6789/0] conn(0x7f1cc8109ad0 0x7f1cc8109350 unknown :-1 s=NONE pgs=0 cs=0 l=1 rev1=0 crypto rx=0 tx=0 comp rx=0 tx=0).connect
2024-05-21T00:49:17.542 INFO:teuthology.orchestra.run.smithi007.stdout:/usr/bin/ceph: stderr
2024-05-21T00:49:16.415+0000 7f1ccf000700 1 -- --> [v2:172.21.15.7:3300/0,v1:172.21.15.7:6789/0] -- mon_getmap magic: 0 -- 0x7f1cc810d220 con 0x7f1cc8109ad0
2024-05-21T00:49:17.542 INFO:teuthology.orchestra.run.smithi007.stdout:/usr/bin/ceph: stderr
2024-05-21T00:49:16.416+0000 7f1cc7e00700 1 --2- >> [v2:172.21.15.7:3300/0,v1:172.21.15.7:6789/0] conn(0x7f1cc8109ad0 0x7f1cc8109350 unknown :-1 s=BANNER_CONNECTING pgs=0 cs=0 l=1 rev1=0 crypto rx=0 tx=0 comp rx=0 tx=0)._handle_peer_banner_payload supported=3 required=0
2024-05-21T00:49:17.542 INFO:teuthology.orchestra.run.smithi007.stdout:/usr/bin/ceph: stderr
2024-05-21T00:49:16.416+0000 7f1cc7e00700 1 --2- >> [v2:172.21.15.7:3300/0,v1:172.21.15.7:6789/0] conn(0x7f1cc8109ad0 0x7f1cc8109350 unknown :-1 s=HELLO_CONNECTING pgs=0 cs=0 l=1 rev1=1 crypto rx=0 tx=0 comp rx=0 tx=0).handle_hello peer v2:172.21.15.7:3300/0 says I am v2:172.21.15.7:53544/0 (socket says 172.21.15.7:53544)
2024-05-21T00:49:17.542 INFO:teuthology.orchestra.run.smithi007.stdout:/usr/bin/ceph: stderr
2024-05-21T00:49:16.416+0000 7f1cc7e00700 1 -- 172.21.15.7:0/3525859791 learned_addr learned my addr 172.21.15.7:0/3525859791 (peer_addr_for_me v2:172.21.15.7:0/0)
2024-05-21T00:49:17.542 INFO:teuthology.orchestra.run.smithi007.stdout:/usr/bin/ceph: stderr
2024-05-21T00:49:16.416+0000 7f1cc7e00700 1 -- 172.21.15.7:0/3525859791 --> [v2:172.21.15.7:3300/0,v1:172.21.15.7:6789/0] -- mon_subscribe({config=0+,monmap=0+}) -- 0x7f1cc8109890 con 0x7f1cc8109ad0
2024-05-21T00:49:17.542 INFO:teuthology.orchestra.run.smithi007.stdout:/usr/bin/ceph: stderr
2024-05-21T00:49:16.416+0000 7f1cc7e00700 1 --2- 172.21.15.7:0/3525859791 >> [v2:172.21.15.7:3300/0,v1:172.21.15.7:6789/0] conn(0x7f1cc8109ad0 0x7f1cc8109350 secure :-1 s=READY pgs=23 cs=0 l=1 rev1=1 crypto rx=0x7f1cb8011ac0 tx=0x7f1cb8011ba0 comp rx=0 tx=0).ready entity=mon.0 client_cookie=0 server_cookie=0 in_seq=0 out_seq=0
2024-05-21T00:49:17.542 INFO:teuthology.orchestra.run.smithi007.stdout:/usr/bin/ceph: stderr
2024-05-21T00:49:16.417+0000 7f1cc4c00700 1 -- 172.21.15.7:0/3525859791 <== mon.0 v2:172.21.15.7:3300/0 1 ==== mon_map magic: 0 ==== 205+0+0 (secure 0 0 0) 0x7f1cb8003970 con 0x7f1cc8109ad0
2024-05-21T00:49:17.542 INFO:teuthology.orchestra.run.smithi007.stdout:/usr/bin/ceph: stderr
2024-05-21T00:49:16.417+0000 7f1cc4c00700 1 -- 172.21.15.7:0/3525859791 <== mon.0 v2:172.21.15.7:3300/0 2 ==== config(26 keys) ==== 1070+0+0 (secure 0 0 0) 0x7f1cb8003b10 con 0x7f1cc8109ad0
2024-05-21T00:49:17.543 INFO:teuthology.orchestra.run.smithi007.stdout:/usr/bin/ceph: stderr
2024-05-21T00:49:16.417+0000 7f1ccf000700 1 -- 172.21.15.7:0/3525859791 --> [v2:172.21.15.7:3300/0,v1:172.21.15.7:6789/0] -- mon_subscribe({mgrmap=0+}) -- 0x7f1cc8107a80 con 0x7f1cc8109ad0
2024-05-21T00:49:17.543 INFO:teuthology.orchestra.run.smithi007.stdout:/usr/bin/ceph: stderr
2024-05-21T00:49:16.417+0000 7f1cc4c00700 1 -- 172.21.15.7:0/3525859791 <== mon.0 v2:172.21.15.7:3300/0 3 ==== mon_map magic: 0 ==== 205+0+0 (secure 0 0 0) 0x7f1cb8024610 con 0x7f1cc8109ad0
2024-05-21T00:49:17.543 INFO:teuthology.orchestra.run.smithi007.stdout:/usr/bin/ceph: stderr
2024-05-21T00:49:16.417+0000 7f1ccf000700 1 -- 172.21.15.7:0/3525859791 --> [v2:172.21.15.7:3300/0,v1:172.21.15.7:6789/0] -- mon_subscribe({osdmap=0}) -- 0x7f1cc8107fc0 con 0x7f1cc8109ad0
2024-05-21T00:49:17.543 INFO:teuthology.orchestra.run.smithi007.stdout:/usr/bin/ceph: stderr
2024-05-21T00:49:16.418+0000 7f1cc4c00700 1 -- 172.21.15.7:0/3525859791 <== mon.0 v2:172.21.15.7:3300/0 4 ==== mgrmap(e 4) ==== 50211+0+0 (secure 0 0 0) 0x7f1cb801a9e0 con 0x7f1cc8109ad0
2024-05-21T00:49:17.543 INFO:teuthology.orchestra.run.smithi007.stdout:/usr/bin/ceph: stderr
2024-05-21T00:49:16.418+0000 7f1ccf000700 1 -- 172.21.15.7:0/3525859791 --> [v2:172.21.15.7:3300/0,v1:172.21.15.7:6789/0] -- mon_command({"prefix": "get_command_descriptions"} v 0) -- 0x7f1cc8064ba0 con 0x7f1cc8109ad0
2024-05-21T00:49:17.543 INFO:teuthology.orchestra.run.smithi007.stdout:/usr/bin/ceph: stderr
2024-05-21T00:49:16.419+0000 7f1cc4c00700 1 --2- 172.21.15.7:0/3525859791 >> [v2:172.21.15.7:6800/1414801959,v1:172.21.15.7:6801/1414801959] conn(0x7f1cac03e420 0x7f1cac0408e0 unknown :-1 s=NONE pgs=0 cs=0 l=1 rev1=0 crypto rx=0 tx=0 comp rx=0 tx=0).connect
2024-05-21T00:49:17.543 INFO:teuthology.orchestra.run.smithi007.stdout:/usr/bin/ceph: stderr
2024-05-21T00:49:16.419+0000 7f1cc4c00700 1 -- 172.21.15.7:0/3525859791 <== mon.0 v2:172.21.15.7:3300/0 5 ==== osd_map(1..1 src has 1..1) ==== 725+0+0 (secure 0 0 0) 0x7f1cb80538b0 con 0x7f1cc8109ad0
2024-05-21T00:49:17.543 INFO:teuthology.orchestra.run.smithi007.stdout:/usr/bin/ceph: stderr
2024-05-21T00:49:16.419+0000 7f1cc7400700 1 --2- 172.21.15.7:0/3525859791 >> [v2:172.21.15.7:6800/1414801959,v1:172.21.15.7:6801/1414801959] conn(0x7f1cac03e420 0x7f1cac0408e0 unknown :-1 s=BANNER_CONNECTING pgs=0 cs=0 l=1 rev1=0 crypto rx=0 tx=0 comp rx=0 tx=0)._handle_peer_banner_payload supported=3 required=0
2024-05-21T00:49:17.543 INFO:teuthology.orchestra.run.smithi007.stdout:/usr/bin/ceph: stderr
2024-05-21T00:49:16.420+0000 7f1cc7400700 1 --2- 172.21.15.7:0/3525859791 >> [v2:172.21.15.7:6800/1414801959,v1:172.21.15.7:6801/1414801959] conn(0x7f1cac03e420 0x7f1cac0408e0 secure :-1 s=READY pgs=8 cs=0 l=1 rev1=1 crypto rx=0x7f1cb4006fd0 tx=0x7f1cb4006e40 comp rx=0 tx=0).ready entity=mgr.14100 client_cookie=0 server_cookie=0 in_seq=0 out_seq=0
2024-05-21T00:49:17.543 INFO:teuthology.orchestra.run.smithi007.stdout:/usr/bin/ceph: stderr
2024-05-21T00:49:16.424+0000 7f1cc4c00700 1 -- 172.21.15.7:0/3525859791 <== mon.0 v2:172.21.15.7:3300/0 6 ==== mon_command_ack([{"prefix": "get_command_descriptions"}]=0 v0) ==== 72+0+191963 (secure 0 0 0) 0x7f1cb8024840 con 0x7f1cc8109ad0
2024-05-21T00:49:17.544 INFO:teuthology.orchestra.run.smithi007.stdout:/usr/bin/ceph: stderr
2024-05-21T00:49:16.727+0000 7f1ccf000700 1 -- 172.21.15.7:0/3525859791 --> [v2:172.21.15.7:3300/0,v1:172.21.15.7:6789/0] -- mon_command({"prefix": "mgr module enable", "module": "cephadm"} v 0) -- 0x7f1cc8108240 con 0x7f1cc8109ad0
2024-05-21T00:49:17.544 INFO:teuthology.orchestra.run.smithi007.stdout:/usr/bin/ceph: stderr
2024-05-21T00:49:16.781+0000 7f1cc4c00700 1 -- 172.21.15.7:0/3525859791 <== mon.0 v2:172.21.15.7:3300/0 7 ==== mon_command_ack([{"prefix": "mgr module enable", "module": "cephadm"}]=0 v5) ==== 86+0+0 (secure 0 0 0) 0x7f1cb80532d0 con 0x7f1cc8109ad0
2024-05-21T00:49:17.544 INFO:teuthology.orchestra.run.smithi007.stdout:/usr/bin/ceph: stderr
2024-05-21T00:49:16.785+0000 7f1ccf000700 1 -- 172.21.15.7:0/3525859791 >> [v2:172.21.15.7:6800/1414801959,v1:172.21.15.7:6801/1414801959] conn(0x7f1cac03e420 msgr2=0x7f1cac0408e0 secure :-1 s=STATE_CONNECTION_ESTABLISHED l=1).mark_down
2024-05-21T00:49:17.544 INFO:teuthology.orchestra.run.smithi007.stdout:/usr/bin/ceph: stderr
2024-05-21T00:49:16.785+0000 7f1ccf000700 1 --2- 172.21.15.7:0/3525859791 >> [v2:172.21.15.7:6800/1414801959,v1:172.21.15.7:6801/1414801959] conn(0x7f1cac03e420 0x7f1cac0408e0 secure :-1 s=READY pgs=8 cs=0 l=1 rev1=1 crypto rx=0x7f1cb4006fd0 tx=0x7f1cb4006e40 comp rx=0 tx=0).stop
2024-05-21T00:49:17.544 INFO:teuthology.orchestra.run.smithi007.stdout:/usr/bin/ceph: stderr
2024-05-21T00:49:16.785+0000 7f1ccf000700 1 -- 172.21.15.7:0/3525859791 >> [v2:172.21.15.7:3300/0,v1:172.21.15.7:6789/0] conn(0x7f1cc8109ad0 msgr2=0x7f1cc8109350 secure :-1 s=STATE_CONNECTION_ESTABLISHED l=1).mark_down
2024-05-21T00:49:17.544 INFO:teuthology.orchestra.run.smithi007.stdout:/usr/bin/ceph: stderr
2024-05-21T00:49:16.786+0000 7f1cc4c00700 1 -- 172.21.15.7:0/3525859791 <== mon.0 v2:172.21.15.7:3300/0 8 ==== mgrmap(e 5) ==== 50222+0+0 (secure 0 0 0) 0x7f1cb8024c10 con 0x7f1cc8109ad0
2024-05-21T00:49:17.544 INFO:teuthology.orchestra.run.smithi007.stdout:/usr/bin/ceph: stderr
2024-05-21T00:49:16.786+0000 7f1ccf000700 1 --2- 172.21.15.7:0/3525859791 >> [v2:172.21.15.7:3300/0,v1:172.21.15.7:6789/0] conn(0x7f1cc8109ad0 0x7f1cc8109350 secure :-1 s=READY pgs=23 cs=0 l=1 rev1=1 crypto rx=0x7f1cb8011ac0 tx=0x7f1cb8011ba0 comp rx=0 tx=0).stop
2024-05-21T00:49:17.544 INFO:teuthology.orchestra.run.smithi007.stdout:/usr/bin/ceph: stderr
2024-05-21T00:49:16.787+0000 7f1ccf000700 1 -- 172.21.15.7:0/3525859791 shutdown_connections
2024-05-21T00:49:17.544 INFO:teuthology.orchestra.run.smithi007.stdout:/usr/bin/ceph: stderr
2024-05-21T00:49:16.787+0000 7f1ccf000700 1 --2- 172.21.15.7:0/3525859791 >> [v2:172.21.15.7:6800/1414801959,v1:172.21.15.7:6801/1414801959] conn(0x7f1cac03e420 0x7f1cac0408e0 unknown :-1 s=CLOSED pgs=8 cs=0 l=1 rev1=1 crypto rx=0 tx=0 comp rx=0 tx=0).stop
2024-05-21T00:49:17.544 INFO:teuthology.orchestra.run.smithi007.stdout:/usr/bin/ceph: stderr
2024-05-21T00:49:16.787+0000 7f1ccf000700 1 --2- 172.21.15.7:0/3525859791 >> [v2:172.21.15.7:3300/0,v1:172.21.15.7:6789/0] conn(0x7f1cc8109ad0 0x7f1cc8109350 unknown :-1 s=CLOSED pgs=23 cs=0 l=1 rev1=1 crypto rx=0 tx=0 comp rx=0 tx=0).stop
2024-05-21T00:49:17.544 INFO:teuthology.orchestra.run.smithi007.stdout:/usr/bin/ceph: stderr
2024-05-21T00:49:16.787+0000 7f1ccf000700 1 -- 172.21.15.7:0/3525859791 >> 172.21.15.7:0/3525859791 conn(0x7f1cc8103420 msgr2=0x7f1cc8103f60 unknown :-1 s=STATE_NONE l=0).mark_down
2024-05-21T00:49:17.545 INFO:teuthology.orchestra.run.smithi007.stdout:/usr/bin/ceph: stderr
2024-05-21T00:49:16.787+0000 7f1ccf000700 1 -- 172.21.15.7:0/3525859791 shutdown_connections
2024-05-21T00:49:17.545 INFO:teuthology.orchestra.run.smithi007.stdout:/usr/bin/ceph: stderr
2024-05-21T00:49:16.787+0000 7f1ccf000700 1 -- 172.21.15.7:0/3525859791 wait complete.
2024-05-21T00:49:17.671 INFO:journalctl@ceph.mgr.x.smithi007.stdout:May 21 00:49:17 smithi007 ceph-bac6037c-170b-11ef-bc9a-c7b262605968-mgr-x[31572]:
2024-05-21T00:49:17.339+0000 7fd818b0f200 -1 mgr[py] Module orchestrator has missing NOTIFY_TYPES member
2024-05-21T00:49:17.671 INFO:journalctl@ceph.mgr.x.smithi007.stdout:May 21 00:49:17 smithi007 ceph-bac6037c-170b-11ef-bc9a-c7b262605968-mgr-x[31572]:
2024-05-21T00:49:17.476+0000 7fd818b0f200 -1 mgr[py] Module snap_schedule has missing NOTIFY_TYPES member
2024-05-21T00:49:18.000 INFO:journalctl@ceph.mgr.x.smithi007.stdout:May 21 00:49:17 smithi007 ceph-bac6037c-170b-11ef-bc9a-c7b262605968-mgr-x[31572]:
2024-05-21T00:49:17.898+0000 7fd818b0f200 -1 mgr[py] Module progress has missing NOTIFY_TYPES member
2024-05-21T00:49:18.000 INFO:journalctl@ceph.mon.a.smithi007.stdout:May 21 00:49:17 smithi007 ceph-mon[31333]: from='client.? 172.21.15.7:0/3525859791' entity='client.admin' cmd='[{"prefix": "mgr module enable", "module": "cephadm"}]': finished
2024-05-21T00:49:18.000 INFO:journalctl@ceph.mon.a.smithi007.stdout:May 21 00:49:17 smithi007 ceph-mon[31333]: mgrmap e5: x(active, since 5s)
2024-05-21T00:49:18.365 INFO:journalctl@ceph.mgr.x.smithi007.stdout:May 21 00:49:18 smithi007 ceph-bac6037c-170b-11ef-bc9a-c7b262605968-mgr-x[31572]:
2024-05-21T00:49:18.015+0000 7fd818b0f200 -1 mgr[py] Module influx has missing NOTIFY_TYPES member
2024-05-21T00:49:19.172 INFO:journalctl@ceph.mon.a.smithi007.stdout:May 21 00:49:18 smithi007 ceph-mon[31333]: from='client.? 172.21.15.7:0/2575098978' entity='client.admin' cmd=[{"prefix": "mgr stat"}]: dispatch
2024-05-21T00:49:19.282 INFO:teuthology.orchestra.run.smithi007.stdout:/usr/bin/ceph: stdout {
2024-05-21T00:49:19.283 INFO:teuthology.orchestra.run.smithi007.stdout:/usr/bin/ceph: stdout "epoch": 5,
2024-05-21T00:49:19.283 INFO:teuthology.orchestra.run.smithi007.stdout:/usr/bin/ceph: stdout "available": true,
2024-05-21T00:49:19.283 INFO:teuthology.orchestra.run.smithi007.stdout:/usr/bin/ceph: stdout "active_name": "x",
2024-05-21T00:49:19.283 INFO:teuthology.orchestra.run.smithi007.stdout:/usr/bin/ceph: stdout "num_standby": 0
2024-05-21T00:49:19.283 INFO:teuthology.orchestra.run.smithi007.stdout:/usr/bin/ceph: stdout }
2024-05-21T00:49:19.283 INFO:teuthology.orchestra.run.smithi007.stdout:/usr/bin/ceph: stderr
2024-05-21T00:49:18.153+0000 7fe2cc400700 1 Processor -- start
2024-05-21T00:49:19.283 INFO:teuthology.orchestra.run.smithi007.stdout:/usr/bin/ceph: stderr
2024-05-21T00:49:18.153+0000 7fe2cc400700 1 -- start start
2024-05-21T00:49:19.283 INFO:teuthology.orchestra.run.smithi007.stdout:/usr/bin/ceph: stderr
2024-05-21T00:49:18.153+0000 7fe2cc400700 1 --2- >> [v2:172.21.15.7:3300/0,v1:172.21.15.7:6789/0] conn(0x7fe2c4108f00 0x7fe2c4109340 unknown :-1 s=NONE pgs=0 cs=0 l=0 rev1=0 crypto rx=0 tx=0 comp rx=0 tx=0).connect
2024-05-21T00:49:19.283 INFO:teuthology.orchestra.run.smithi007.stdout:/usr/bin/ceph: stderr
2024-05-21T00:49:18.153+0000 7fe2cc400700 1 -- --> [v2:172.21.15.7:3300/0,v1:172.21.15.7:6789/0] -- mon_getmap magic: 0 -- 0x7fe2c4109880 con 0x7fe2c4108f00
2024-05-21T00:49:19.283 INFO:teuthology.orchestra.run.smithi007.stdout:/usr/bin/ceph: stderr
2024-05-21T00:49:18.154+0000 7fe2c9a00700 1 --2- >> [v2:172.21.15.7:3300/0,v1:172.21.15.7:6789/0] conn(0x7fe2c4108f00 0x7fe2c4109340 unknown :-1 s=BANNER_CONNECTING pgs=0 cs=0 l=0 rev1=0 crypto rx=0 tx=0 comp rx=0 tx=0)._handle_peer_banner_payload supported=3 required=0
2024-05-21T00:49:19.283 INFO:teuthology.orchestra.run.smithi007.stdout:/usr/bin/ceph: stderr
2024-05-21T00:49:18.154+0000 7fe2c9a00700 1 --2- >> [v2:172.21.15.7:3300/0,v1:172.21.15.7:6789/0] conn(0x7fe2c4108f00 0x7fe2c4109340 unknown :-1 s=HELLO_CONNECTING pgs=0 cs=0 l=0 rev1=1 crypto rx=0 tx=0 comp rx=0 tx=0).handle_hello peer v2:172.21.15.7:3300/0 says I am v2:172.21.15.7:53556/0 (socket says 172.21.15.7:53556)
2024-05-21T00:49:19.284 INFO:teuthology.orchestra.run.smithi007.stdout:/usr/bin/ceph: stderr
2024-05-21T00:49:18.154+0000 7fe2c9a00700 1 -- 172.21.15.7:0/2411701244 learned_addr learned my addr 172.21.15.7:0/2411701244 (peer_addr_for_me v2:172.21.15.7:0/0)
2024-05-21T00:49:19.284 INFO:teuthology.orchestra.run.smithi007.stdout:/usr/bin/ceph: stderr
2024-05-21T00:49:18.154+0000 7fe2c9a00700 1 -- 172.21.15.7:0/2411701244 --> [v2:172.21.15.7:3300/0,v1:172.21.15.7:6789/0] -- mon_subscribe({config=0+,monmap=0+}) -- 0x7fe2c410a0e0 con 0x7fe2c4108f00
2024-05-21T00:49:19.284 INFO:teuthology.orchestra.run.smithi007.stdout:/usr/bin/ceph: stderr
2024-05-21T00:49:18.154+0000 7fe2c9a00700 1 --2- 172.21.15.7:0/2411701244 >> [v2:172.21.15.7:3300/0,v1:172.21.15.7:6789/0] conn(0x7fe2c4108f00 0x7fe2c4109340 secure :-1 s=READY pgs=26 cs=0 l=1 rev1=1 crypto rx=0x7fe2b80098a0 tx=0x7fe2b8009bb0 comp rx=0 tx=0).ready entity=mon.0 client_cookie=86afad5ad480c80 server_cookie=0 in_seq=0 out_seq=0
2024-05-21T00:49:19.284 INFO:teuthology.orchestra.run.smithi007.stdout:/usr/bin/ceph: stderr
2024-05-21T00:49:18.155+0000 7fe2c3e00700 1 -- 172.21.15.7:0/2411701244 <== mon.0 v2:172.21.15.7:3300/0 1 ==== mon_map magic: 0 ==== 205+0+0 (secure 0 0 0) 0x7fe2b8004160 con 0x7fe2c4108f00
2024-05-21T00:49:19.284 INFO:teuthology.orchestra.run.smithi007.stdout:/usr/bin/ceph: stderr
2024-05-21T00:49:18.155+0000 7fe2c3e00700 1 -- 172.21.15.7:0/2411701244 <== mon.0 v2:172.21.15.7:3300/0 2 ==== config(26 keys) ==== 1070+0+0 (secure 0 0 0) 0x7fe2b8004300 con 0x7fe2c4108f00
2024-05-21T00:49:19.284 INFO:teuthology.orchestra.run.smithi007.stdout:/usr/bin/ceph: stderr
2024-05-21T00:49:18.155+0000 7fe2c3e00700 1 -- 172.21.15.7:0/2411701244 <== mon.0 v2:172.21.15.7:3300/0 3 ==== mon_map magic: 0 ==== 205+0+0 (secure 0 0 0) 0x7fe2b8011af0 con 0x7fe2c4108f00
2024-05-21T00:49:19.284 INFO:teuthology.orchestra.run.smithi007.stdout:/usr/bin/ceph: stderr
2024-05-21T00:49:18.155+0000 7fe2cc400700 1 -- 172.21.15.7:0/2411701244 >> [v2:172.21.15.7:3300/0,v1:172.21.15.7:6789/0] conn(0x7fe2c4108f00 msgr2=0x7fe2c4109340 secure :-1 s=STATE_CONNECTION_ESTABLISHED l=1).mark_down
2024-05-21T00:49:19.284 INFO:teuthology.orchestra.run.smithi007.stdout:/usr/bin/ceph: stderr
2024-05-21T00:49:18.155+0000 7fe2cc400700 1 --2- 172.21.15.7:0/2411701244 >> [v2:172.21.15.7:3300/0,v1:172.21.15.7:6789/0] conn(0x7fe2c4108f00 0x7fe2c4109340 secure :-1 s=READY pgs=26 cs=0 l=1 rev1=1 crypto rx=0x7fe2b80098a0 tx=0x7fe2b8009bb0 comp rx=0 tx=0).stop
2024-05-21T00:49:19.284 INFO:teuthology.orchestra.run.smithi007.stdout:/usr/bin/ceph: stderr
2024-05-21T00:49:18.156+0000 7fe2cc400700 1 -- 172.21.15.7:0/2411701244 shutdown_connections
2024-05-21T00:49:19.284 INFO:teuthology.orchestra.run.smithi007.stdout:/usr/bin/ceph: stderr
2024-05-21T00:49:18.156+0000 7fe2cc400700 1 --2- 172.21.15.7:0/2411701244 >> [v2:172.21.15.7:3300/0,v1:172.21.15.7:6789/0] conn(0x7fe2c4108f00 0x7fe2c4109340 unknown :-1 s=CLOSED pgs=26 cs=0 l=1 rev1=1 crypto rx=0 tx=0 comp rx=0 tx=0).stop
2024-05-21T00:49:19.284 INFO:teuthology.orchestra.run.smithi007.stdout:/usr/bin/ceph: stderr
2024-05-21T00:49:18.156+0000 7fe2cc400700 1 -- 172.21.15.7:0/2411701244 >> 172.21.15.7:0/2411701244 conn(0x7fe2c4104510 msgr2=0x7fe2c4106930 unknown :-1 s=STATE_NONE l=0).mark_down
2024-05-21T00:49:19.284 INFO:teuthology.orchestra.run.smithi007.stdout:/usr/bin/ceph: stderr
2024-05-21T00:49:18.156+0000 7fe2cc400700 1 -- 172.21.15.7:0/2411701244 shutdown_connections
2024-05-21T00:49:19.284 INFO:teuthology.orchestra.run.smithi007.stdout:/usr/bin/ceph: stderr
2024-05-21T00:49:18.156+0000 7fe2cc400700 1 -- 172.21.15.7:0/2411701244 wait complete.
2024-05-21T00:49:19.285 INFO:teuthology.orchestra.run.smithi007.stdout:/usr/bin/ceph: stderr
2024-05-21T00:49:18.157+0000 7fe2cc400700 1 Processor -- start
2024-05-21T00:49:19.285 INFO:teuthology.orchestra.run.smithi007.stdout:/usr/bin/ceph: stderr
2024-05-21T00:49:18.157+0000 7fe2cc400700 1 -- start start
2024-05-21T00:49:19.285 INFO:teuthology.orchestra.run.smithi007.stdout:/usr/bin/ceph: stderr
2024-05-21T00:49:18.157+0000 7fe2cc400700 1 --2- >> [v2:172.21.15.7:3300/0,v1:172.21.15.7:6789/0] conn(0x7fe2c4108f00 0x7fe2c419cde0 unknown :-1 s=NONE pgs=0 cs=0 l=1 rev1=0 crypto rx=0 tx=0 comp rx=0 tx=0).connect
2024-05-21T00:49:19.285 INFO:teuthology.orchestra.run.smithi007.stdout:/usr/bin/ceph: stderr
2024-05-21T00:49:18.157+0000 7fe2cc400700 1 -- --> [v2:172.21.15.7:3300/0,v1:172.21.15.7:6789/0] -- mon_getmap magic: 0 -- 0x7fe2c410af00 con 0x7fe2c4108f00
2024-05-21T00:49:19.285 INFO:teuthology.orchestra.run.smithi007.stdout:/usr/bin/ceph: stderr
2024-05-21T00:49:18.157+0000 7fe2c9a00700 1 --2- >> [v2:172.21.15.7:3300/0,v1:172.21.15.7:6789/0] conn(0x7fe2c4108f00 0x7fe2c419cde0 unknown :-1 s=BANNER_CONNECTING pgs=0 cs=0 l=1 rev1=0 crypto rx=0 tx=0 comp rx=0 tx=0)._handle_peer_banner_payload supported=3 required=0
2024-05-21T00:49:19.285 INFO:teuthology.orchestra.run.smithi007.stdout:/usr/bin/ceph: stderr
2024-05-21T00:49:18.157+0000 7fe2c9a00700 1 --2- >> [v2:172.21.15.7:3300/0,v1:172.21.15.7:6789/0] conn(0x7fe2c4108f00 0x7fe2c419cde0 unknown :-1 s=HELLO_CONNECTING pgs=0 cs=0 l=1 rev1=1 crypto rx=0 tx=0 comp rx=0 tx=0).handle_hello peer v2:172.21.15.7:3300/0 says I am v2:172.21.15.7:53570/0 (socket says 172.21.15.7:53570)
2024-05-21T00:49:19.285 INFO:teuthology.orchestra.run.smithi007.stdout:/usr/bin/ceph: stderr
2024-05-21T00:49:18.157+0000 7fe2c9a00700 1 -- 172.21.15.7:0/2575098978 learned_addr learned my addr 172.21.15.7:0/2575098978 (peer_addr_for_me v2:172.21.15.7:0/0)
2024-05-21T00:49:19.285 INFO:teuthology.orchestra.run.smithi007.stdout:/usr/bin/ceph: stderr
2024-05-21T00:49:18.158+0000 7fe2c9a00700 1 -- 172.21.15.7:0/2575098978 --> [v2:172.21.15.7:3300/0,v1:172.21.15.7:6789/0] -- mon_subscribe({config=0+,monmap=0+}) -- 0x7fe2c419d320 con 0x7fe2c4108f00
2024-05-21T00:49:19.285 INFO:teuthology.orchestra.run.smithi007.stdout:/usr/bin/ceph: stderr
2024-05-21T00:49:18.158+0000 7fe2c9a00700 1 --2- 172.21.15.7:0/2575098978 >> [v2:172.21.15.7:3300/0,v1:172.21.15.7:6789/0] conn(0x7fe2c4108f00 0x7fe2c419cde0 secure :-1 s=READY pgs=27 cs=0 l=1 rev1=1 crypto rx=0x7fe2b8000c00 tx=0x7fe2b8011b70 comp rx=0 tx=0).ready entity=mon.0 client_cookie=0 server_cookie=0 in_seq=0 out_seq=0
2024-05-21T00:49:19.285 INFO:teuthology.orchestra.run.smithi007.stdout:/usr/bin/ceph: stderr
2024-05-21T00:49:18.158+0000 7fe2c2000700 1 -- 172.21.15.7:0/2575098978 <== mon.0 v2:172.21.15.7:3300/0 1 ==== mon_map magic: 0 ==== 205+0+0 (secure 0 0 0) 0x7fe2b8003b20 con 0x7fe2c4108f00
2024-05-21T00:49:19.285 INFO:teuthology.orchestra.run.smithi007.stdout:/usr/bin/ceph: stderr
2024-05-21T00:49:18.158+0000 7fe2c2000700 1 -- 172.21.15.7:0/2575098978 <== mon.0 v2:172.21.15.7:3300/0 2 ==== config(26 keys) ==== 1070+0+0 (secure 0 0 0) 0x7fe2b801a8c0 con 0x7fe2c4108f00
2024-05-21T00:49:19.285 INFO:teuthology.orchestra.run.smithi007.stdout:/usr/bin/ceph: stderr
2024-05-21T00:49:18.158+0000 7fe2c2000700 1 -- 172.21.15.7:0/2575098978 <== mon.0 v2:172.21.15.7:3300/0 3 ==== mon_map magic: 0 ==== 205+0+0 (secure 0 0 0) 0x7fe2b8024940 con 0x7fe2c4108f00
2024-05-21T00:49:19.285 INFO:teuthology.orchestra.run.smithi007.stdout:/usr/bin/ceph: stderr
2024-05-21T00:49:18.158+0000 7fe2cc400700 1 -- 172.21.15.7:0/2575098978 --> [v2:172.21.15.7:3300/0,v1:172.21.15.7:6789/0] -- mon_subscribe({mgrmap=0+}) -- 0x7fe2c419d5b0 con 0x7fe2c4108f00
2024-05-21T00:49:19.286 INFO:teuthology.orchestra.run.smithi007.stdout:/usr/bin/ceph: stderr
2024-05-21T00:49:18.159+0000 7fe2cc400700 1 -- 172.21.15.7:0/2575098978 --> [v2:172.21.15.7:3300/0,v1:172.21.15.7:6789/0] -- mon_subscribe({osdmap=0}) -- 0x7fe2c41a02a0 con 0x7fe2c4108f00
2024-05-21T00:49:19.286 INFO:teuthology.orchestra.run.smithi007.stdout:/usr/bin/ceph: stderr
2024-05-21T00:49:18.160+0000 7fe2c2000700 1 -- 172.21.15.7:0/2575098978 <== mon.0 v2:172.21.15.7:3300/0 4 ==== mgrmap(e 5) ==== 50222+0+0 (secure 0 0 0) 0x7fe2b8022020 con 0x7fe2c4108f00
2024-05-21T00:49:19.286 INFO:teuthology.orchestra.run.smithi007.stdout:/usr/bin/ceph: stderr
2024-05-21T00:49:18.160+0000 7fe2cc400700 1 -- 172.21.15.7:0/2575098978 --> [v2:172.21.15.7:3300/0,v1:172.21.15.7:6789/0] -- mon_command({"prefix": "get_command_descriptions"} v 0) -- 0x7fe2c4064ba0 con 0x7fe2c4108f00
2024-05-21T00:49:19.286 INFO:teuthology.orchestra.run.smithi007.stdout:/usr/bin/ceph: stderr
2024-05-21T00:49:18.160+0000 7fe2c2000700 1 --2- 172.21.15.7:0/2575098978 >> [v2:172.21.15.7:6800/1414801959,v1:172.21.15.7:6801/1414801959] conn(0x7fe2ac03e4c0 0x7fe2ac040980 unknown :-1 s=NONE pgs=0 cs=0 l=1 rev1=0 crypto rx=0 tx=0 comp rx=0 tx=0).connect
2024-05-21T00:49:19.286 INFO:teuthology.orchestra.run.smithi007.stdout:/usr/bin/ceph: stderr
2024-05-21T00:49:18.161+0000 7fe2c2000700 1 -- 172.21.15.7:0/2575098978 <== mon.0 v2:172.21.15.7:3300/0 5 ==== osd_map(1..1 src has 1..1) ==== 725+0+0 (secure 0 0 0) 0x7fe2b80533f0 con 0x7fe2c4108f00
2024-05-21T00:49:19.286 INFO:teuthology.orchestra.run.smithi007.stdout:/usr/bin/ceph: stderr
2024-05-21T00:49:18.161+0000 7fe2c9000700 1 -- 172.21.15.7:0/2575098978 >> [v2:172.21.15.7:6800/1414801959,v1:172.21.15.7:6801/1414801959] conn(0x7fe2ac03e4c0 msgr2=0x7fe2ac040980 unknown :-1 s=STATE_CONNECTING_RE l=1).process reconnect failed to v2:172.21.15.7:6800/1414801959
2024-05-21T00:49:19.286 INFO:teuthology.orchestra.run.smithi007.stdout:/usr/bin/ceph: stderr
2024-05-21T00:49:18.161+0000 7fe2c9000700 1 --2- 172.21.15.7:0/2575098978 >> [v2:172.21.15.7:6800/1414801959,v1:172.21.15.7:6801/1414801959] conn(0x7fe2ac03e4c0 0x7fe2ac040980 unknown :-1 s=START_CONNECT pgs=0 cs=0 l=1 rev1=0 crypto rx=0 tx=0 comp rx=0 tx=0)._fault waiting 0.200000
2024-05-21T00:49:19.286 INFO:teuthology.orchestra.run.smithi007.stdout:/usr/bin/ceph: stderr
2024-05-21T00:49:18.166+0000 7fe2c2000700 1 -- 172.21.15.7:0/2575098978 <== mon.0 v2:172.21.15.7:3300/0 6 ==== mon_command_ack([{"prefix": "get_command_descriptions"}]=0 v0) ==== 72+0+191963 (secure 0 0 0) 0x7fe2b80042a0 con 0x7fe2c4108f00
2024-05-21T00:49:19.286 INFO:teuthology.orchestra.run.smithi007.stdout:/usr/bin/ceph: stderr
2024-05-21T00:49:18.362+0000 7fe2c9000700 1 -- 172.21.15.7:0/2575098978 >> [v2:172.21.15.7:6800/1414801959,v1:172.21.15.7:6801/1414801959] conn(0x7fe2ac03e4c0 msgr2=0x7fe2ac040980 unknown :-1 s=STATE_CONNECTING_RE l=1).process reconnect failed to v2:172.21.15.7:6800/1414801959
2024-05-21T00:49:19.286 INFO:teuthology.orchestra.run.smithi007.stdout:/usr/bin/ceph: stderr
2024-05-21T00:49:18.362+0000 7fe2c9000700 1 --2- 172.21.15.7:0/2575098978 >> [v2:172.21.15.7:6800/1414801959,v1:172.21.15.7:6801/1414801959] conn(0x7fe2ac03e4c0 0x7fe2ac040980 unknown :-1 s=START_CONNECT pgs=0 cs=0 l=1 rev1=0 crypto rx=0 tx=0 comp rx=0 tx=0)._fault waiting 0.400000
2024-05-21T00:49:19.286 INFO:teuthology.orchestra.run.smithi007.stdout:/usr/bin/ceph: stderr
2024-05-21T00:49:18.466+0000 7fe2cc400700 1 -- 172.21.15.7:0/2575098978 --> [v2:172.21.15.7:3300/0,v1:172.21.15.7:6789/0] -- mon_command({"prefix": "mgr stat"} v 0) -- 0x7fe2c41a0470 con 0x7fe2c4108f00
2024-05-21T00:49:19.287 INFO:teuthology.orchestra.run.smithi007.stdout:/usr/bin/ceph: stderr
2024-05-21T00:49:18.467+0000 7fe2c2000700 1 -- 172.21.15.7:0/2575098978 <== mon.0 v2:172.21.15.7:3300/0 7 ==== mon_command_ack([{"prefix": "mgr stat"}]=0 v5) ==== 56+0+88 (secure 0 0 0) 0x7fe2c41a0470 con 0x7fe2c4108f00
2024-05-21T00:49:19.287 INFO:teuthology.orchestra.run.smithi007.stdout:/usr/bin/ceph: stderr
2024-05-21T00:49:18.469+0000 7fe2cc400700 1 -- 172.21.15.7:0/2575098978 >> [v2:172.21.15.7:6800/1414801959,v1:172.21.15.7:6801/1414801959] conn(0x7fe2ac03e4c0 msgr2=0x7fe2ac040980 unknown :-1 s=STATE_CONNECTING l=1).mark_down
2024-05-21T00:49:19.287 INFO:teuthology.orchestra.run.smithi007.stdout:/usr/bin/ceph: stderr
2024-05-21T00:49:18.469+0000 7fe2cc400700 1 --2- 172.21.15.7:0/2575098978 >> [v2:172.21.15.7:6800/1414801959,v1:172.21.15.7:6801/1414801959] conn(0x7fe2ac03e4c0 0x7fe2ac040980 unknown :-1 s=START_CONNECT pgs=0 cs=0 l=1 rev1=0 crypto rx=0 tx=0 comp rx=0 tx=0).stop
2024-05-21T00:49:19.287 INFO:teuthology.orchestra.run.smithi007.stdout:/usr/bin/ceph: stderr
2024-05-21T00:49:18.470+0000 7fe2cc400700 1 -- 172.21.15.7:0/2575098978 >> [v2:172.21.15.7:3300/0,v1:172.21.15.7:6789/0] conn(0x7fe2c4108f00 msgr2=0x7fe2c419cde0 secure :-1 s=STATE_CONNECTION_ESTABLISHED l=1).mark_down
2024-05-21T00:49:19.287 INFO:teuthology.orchestra.run.smithi007.stdout:/usr/bin/ceph: stderr
2024-05-21T00:49:18.470+0000 7fe2cc400700 1 --2- 172.21.15.7:0/2575098978 >> [v2:172.21.15.7:3300/0,v1:172.21.15.7:6789/0] conn(0x7fe2c4108f00 0x7fe2c419cde0 secure :-1 s=READY pgs=27 cs=0 l=1 rev1=1 crypto rx=0x7fe2b8000c00 tx=0x7fe2b8011b70 comp rx=0 tx=0).stop
2024-05-21T00:49:19.287 INFO:teuthology.orchestra.run.smithi007.stdout:/usr/bin/ceph: stderr
2024-05-21T00:49:18.470+0000 7fe2cc400700 1 -- 172.21.15.7:0/2575098978 shutdown_connections
2024-05-21T00:49:19.287 INFO:teuthology.orchestra.run.smithi007.stdout:/usr/bin/ceph: stderr
2024-05-21T00:49:18.470+0000 7fe2cc400700 1 --2- 172.21.15.7:0/2575098978 >> [v2:172.21.15.7:6800/1414801959,v1:172.21.15.7:6801/1414801959] conn(0x7fe2ac03e4c0 0x7fe2ac040980 unknown :-1 s=CLOSED pgs=0 cs=0 l=1 rev1=0 crypto rx=0 tx=0 comp rx=0 tx=0).stop
2024-05-21T00:49:19.287 INFO:teuthology.orchestra.run.smithi007.stdout:/usr/bin/ceph: stderr
2024-05-21T00:49:18.470+0000 7fe2cc400700 1 --2- 172.21.15.7:0/2575098978 >> [v2:172.21.15.7:3300/0,v1:172.21.15.7:6789/0] conn(0x7fe2c4108f00 0x7fe2c419cde0 unknown :-1 s=CLOSED pgs=27 cs=0 l=1 rev1=1 crypto rx=0 tx=0 comp rx=0 tx=0).stop
2024-05-21T00:49:19.287 INFO:teuthology.orchestra.run.smithi007.stdout:/usr/bin/ceph: stderr
2024-05-21T00:49:18.470+0000 7fe2cc400700 1 -- 172.21.15.7:0/2575098978 >> 172.21.15.7:0/2575098978 conn(0x7fe2c4104510 msgr2=0x7fe2c4105080 unknown :-1 s=STATE_NONE l=0).mark_down
2024-05-21T00:49:19.287 INFO:teuthology.orchestra.run.smithi007.stdout:/usr/bin/ceph: stderr
2024-05-21T00:49:18.470+0000 7fe2cc400700 1 -- 172.21.15.7:0/2575098978 shutdown_connections
2024-05-21T00:49:19.287 INFO:teuthology.orchestra.run.smithi007.stdout:/usr/bin/ceph: stderr
2024-05-21T00:49:18.470+0000 7fe2cc400700 1 -- 172.21.15.7:0/2575098978 wait complete.
2024-05-21T00:49:19.287 INFO:teuthology.orchestra.run.smithi007.stdout:Waiting for the mgr to restart...
2024-05-21T00:49:19.287 INFO:teuthology.orchestra.run.smithi007.stdout:Waiting for mgr epoch 5...
2024-05-21T00:49:19.854 INFO:journalctl@ceph.mgr.x.smithi007.stdout:May 21 00:49:19 smithi007 ceph-bac6037c-170b-11ef-bc9a-c7b262605968-mgr-x[31572]:
2024-05-21T00:49:19.618+0000 7fd818b0f200 -1 mgr[py] Module telegraf has missing NOTIFY_TYPES member
2024-05-21T00:49:20.172 INFO:journalctl@ceph.mgr.x.smithi007.stdout:May 21 00:49:19 smithi007 ceph-bac6037c-170b-11ef-bc9a-c7b262605968-mgr-x[31572]:
2024-05-21T00:49:19.861+0000 7fd818b0f200 -1 mgr[py] Module osd_support has missing NOTIFY_TYPES member
2024-05-21T00:49:20.172 INFO:journalctl@ceph.mgr.x.smithi007.stdout:May 21 00:49:20 smithi007 ceph-bac6037c-170b-11ef-bc9a-c7b262605968-mgr-x[31572]:
2024-05-21T00:49:20.086+0000 7fd818b0f200 -1 mgr[py] Module iostat has missing NOTIFY_TYPES member
2024-05-21T00:49:20.865 INFO:journalctl@ceph.mgr.x.smithi007.stdout:May 21 00:49:20 smithi007 ceph-bac6037c-170b-11ef-bc9a-c7b262605968-mgr-x[31572]:
2024-05-21T00:49:20.478+0000 7fd818b0f200 -1 mgr[py] Module alerts has missing NOTIFY_TYPES member
2024-05-21T00:49:20.865 INFO:journalctl@ceph.mgr.x.smithi007.stdout:May 21 00:49:20 smithi007 ceph-bac6037c-170b-11ef-bc9a-c7b262605968-mgr-x[31572]:
2024-05-21T00:49:20.604+0000 7fd818b0f200 -1 mgr[py] Module selftest has missing NOTIFY_TYPES member
2024-05-21T00:49:21.127 INFO:journalctl@ceph.mgr.x.smithi007.stdout:May 21 00:49:20 smithi007 ceph-bac6037c-170b-11ef-bc9a-c7b262605968-mgr-x[31572]:
2024-05-21T00:49:20.861+0000 7fd818b0f200 -1 mgr[py] Module pg_autoscaler has missing NOTIFY_TYPES member
2024-05-21T00:49:21.128 INFO:journalctl@ceph.mgr.x.smithi007.stdout:May 21 00:49:21 smithi007 ceph-bac6037c-170b-11ef-bc9a-c7b262605968-mgr-x[31572]:
2024-05-21T00:49:21.124+0000 7fd818b0f200 -1 mgr[py] Module test_orchestrator has missing NOTIFY_TYPES member
2024-05-21T00:49:22.241 INFO:journalctl@ceph.mgr.x.smithi007.stdout:May 21 00:49:21 smithi007 ceph-bac6037c-170b-11ef-bc9a-c7b262605968-mgr-x[31572]:
2024-05-21T00:49:21.940+0000 7fd818b0f200 -1 mgr[py] Module rook has missing NOTIFY_TYPES member
2024-05-21T00:49:22.672 INFO:journalctl@ceph.mgr.x.smithi007.stdout:May 21 00:49:22 smithi007 ceph-bac6037c-170b-11ef-bc9a-c7b262605968-mgr-x[31572]:
2024-05-21T00:49:22.237+0000 7fd818b0f200 -1 mgr[py] Module smb has missing NOTIFY_TYPES member
2024-05-21T00:49:23.172 INFO:journalctl@ceph.mgr.x.smithi007.stdout:May 21 00:49:22 smithi007 ceph-bac6037c-170b-11ef-bc9a-c7b262605968-mgr-x[31572]:
2024-05-21T00:49:22.809+0000 7fd818b0f200 -1 mgr[py] Module volumes has missing NOTIFY_TYPES member
2024-05-21T00:49:23.172 INFO:journalctl@ceph.mgr.x.smithi007.stdout:May 21 00:49:22 smithi007 ceph-bac6037c-170b-11ef-bc9a-c7b262605968-mgr-x[31572]:
2024-05-21T00:49:22.941+0000 7fd818b0f200 -1 mgr[py] Module crash has missing NOTIFY_TYPES member
2024-05-21T00:49:23.672 INFO:journalctl@ceph.mgr.x.smithi007.stdout:May 21 00:49:23 smithi007 ceph-bac6037c-170b-11ef-bc9a-c7b262605968-mgr-x[31572]:
2024-05-21T00:49:23.414+0000 7fd818b0f200 -1 mgr[py] Module rgw has missing NOTIFY_TYPES member
2024-05-21T00:49:24.172 INFO:journalctl@ceph.mgr.x.smithi007.stdout:May 21 00:49:23 smithi007 ceph-bac6037c-170b-11ef-bc9a-c7b262605968-mgr-x[31572]:
2024-05-21T00:49:23.882+0000 7fd818b0f200 -1 mgr[py] Module prometheus has missing NOTIFY_TYPES member
2024-05-21T00:49:24.172 INFO:journalctl@ceph.mgr.x.smithi007.stdout:May 21 00:49:24 smithi007 ceph-bac6037c-170b-11ef-bc9a-c7b262605968-mgr-x[31572]:
2024-05-21T00:49:24.010+0000 7fd818b0f200 -1 mgr[py] Module devicehealth has missing NOTIFY_TYPES member
2024-05-21T00:49:24.665 INFO:journalctl@ceph.mgr.x.smithi007.stdout:May 21 00:49:24 smithi007 ceph-bac6037c-170b-11ef-bc9a-c7b262605968-mgr-x[31572]:
2024-05-21T00:49:24.343+0000 7fd818b0f200 -1 mgr[py] Module telemetry has missing NOTIFY_TYPES member
2024-05-21T00:49:24.665 INFO:journalctl@ceph.mgr.x.smithi007.stdout:May 21 00:49:24 smithi007 ceph-bac6037c-170b-11ef-bc9a-c7b262605968-mgr-x[31572]:
2024-05-21T00:49:24.528+0000 7fd818b0f200 -1 mgr[py] Module diskprediction_local has missing NOTIFY_TYPES member
2024-05-21T00:49:24.665 INFO:journalctl@ceph.mgr.x.smithi007.stdout:May 21 00:49:24 smithi007 ceph-bac6037c-170b-11ef-bc9a-c7b262605968-mgr-x[31572]:
2024-05-21T00:49:24.661+0000 7fd818b0f200 -1 mgr[py] Module osd_perf_query has missing NOTIFY_TYPES member
2024-05-21T00:49:25.422 INFO:journalctl@ceph.mgr.x.smithi007.stdout:May 21 00:49:25 smithi007 ceph-bac6037c-170b-11ef-bc9a-c7b262605968-mgr-x[31572]:
2024-05-21T00:49:25.068+0000 7fd818b0f200 -1 mgr[py] Module rbd_support has missing NOTIFY_TYPES member
2024-05-21T00:49:25.422 INFO:journalctl@ceph.mgr.x.smithi007.stdout:May 21 00:49:25 smithi007 ceph-bac6037c-170b-11ef-bc9a-c7b262605968-mgr-x[31572]:
2024-05-21T00:49:25.197+0000 7fd818b0f200 -1 mgr[py] Module zabbix has missing NOTIFY_TYPES member
2024-05-21T00:49:26.281 INFO:journalctl@ceph.mgr.x.smithi007.stdout:May 21 00:49:25 smithi007 ceph-bac6037c-170b-11ef-bc9a-c7b262605968-mgr-x[31572]:
2024-05-21T00:49:25.981+0000 7fd818b0f200 -1 mgr[py] Module status has missing NOTIFY_TYPES member
2024-05-21T00:49:26.672 INFO:journalctl@ceph.mgr.x.smithi007.stdout:May 21 00:49:26 smithi007 ceph-bac6037c-170b-11ef-bc9a-c7b262605968-mgr-x[31572]:
2024-05-21T00:49:26.277+0000 7fd818b0f200 -1 mgr[py] Module nfs has missing NOTIFY_TYPES member
2024-05-21T00:49:26.672 INFO:journalctl@ceph.mon.a.smithi007.stdout:May 21 00:49:26 smithi007 ceph-mon[31333]: Active manager daemon x restarted
2024-05-21T00:49:26.672 INFO:journalctl@ceph.mon.a.smithi007.stdout:May 21 00:49:26 smithi007 ceph-mon[31333]: Activating manager daemon x
2024-05-21T00:49:26.672 INFO:journalctl@ceph.mon.a.smithi007.stdout:May 21 00:49:26 smithi007 ceph-mon[31333]: osdmap e2: 0 total, 0 up, 0 in
2024-05-21T00:49:26.672 INFO:journalctl@ceph.mon.a.smithi007.stdout:May 21 00:49:26 smithi007 ceph-mon[31333]: mgrmap e6: x(active, starting, since 0.00798116s)
2024-05-21T00:49:26.672 INFO:journalctl@ceph.mon.a.smithi007.stdout:May 21 00:49:26 smithi007 ceph-mon[31333]: from='mgr.14120 172.21.15.7:0/127689097' entity='mgr.x' cmd=[{"prefix": "mon metadata", "id": "a"}]: dispatch
2024-05-21T00:49:26.673 INFO:journalctl@ceph.mon.a.smithi007.stdout:May 21 00:49:26 smithi007 ceph-mon[31333]: from='mgr.14120 172.21.15.7:0/127689097' entity='mgr.x' cmd=[{"prefix": "mgr metadata", "who": "x", "id": "x"}]: dispatch
2024-05-21T00:49:26.673 INFO:journalctl@ceph.mon.a.smithi007.stdout:May 21 00:49:26 smithi007 ceph-mon[31333]: from='mgr.14120 172.21.15.7:0/127689097' entity='mgr.x' cmd=[{"prefix": "mds metadata"}]: dispatch
2024-05-21T00:49:26.673 INFO:journalctl@ceph.mon.a.smithi007.stdout:May 21 00:49:26 smithi007 ceph-mon[31333]: from='mgr.14120 172.21.15.7:0/127689097' entity='mgr.x' cmd=[{"prefix": "osd metadata"}]: dispatch
2024-05-21T00:49:26.673 INFO:journalctl@ceph.mon.a.smithi007.stdout:May 21 00:49:26 smithi007 ceph-mon[31333]: from='mgr.14120 172.21.15.7:0/127689097' entity='mgr.x' cmd=[{"prefix": "mon metadata"}]: dispatch
2024-05-21T00:49:26.673 INFO:journalctl@ceph.mon.a.smithi007.stdout:May 21 00:49:26 smithi007 ceph-mon[31333]: Manager daemon x is now available
2024-05-21T00:49:27.672 INFO:journalctl@ceph.mon.a.smithi007.stdout:May 21 00:49:27 smithi007 ceph-mon[31333]: Found migration_current of "None". Setting to last migration.
2024-05-21T00:49:27.672 INFO:journalctl@ceph.mon.a.smithi007.stdout:May 21 00:49:27 smithi007 ceph-mon[31333]: from='mgr.14120 172.21.15.7:0/127689097' entity='mgr.x'
2024-05-21T00:49:27.672 INFO:journalctl@ceph.mon.a.smithi007.stdout:May 21 00:49:27 smithi007 ceph-mon[31333]: from='mgr.14120 172.21.15.7:0/127689097' entity='mgr.x'
2024-05-21T00:49:27.672 INFO:journalctl@ceph.mon.a.smithi007.stdout:May 21 00:49:27 smithi007 ceph-mon[31333]: from='mgr.14120 172.21.15.7:0/127689097' entity='mgr.x' cmd=[{"prefix": "config dump", "format": "json"}]: dispatch
2024-05-21T00:49:27.672 INFO:journalctl@ceph.mon.a.smithi007.stdout:May 21 00:49:27 smithi007 ceph-mon[31333]: from='mgr.14120 172.21.15.7:0/127689097' entity='mgr.x' cmd=[{"prefix": "config dump", "format": "json"}]: dispatch
2024-05-21T00:49:27.672 INFO:journalctl@ceph.mon.a.smithi007.stdout:May 21 00:49:27 smithi007 ceph-mon[31333]: from='mgr.14120 172.21.15.7:0/127689097' entity='mgr.x' cmd=[{"prefix":"config rm","who":"mgr","name":"mgr/rbd_support/x/mirror_snapshot_schedule"}]: dispatch
2024-05-21T00:49:27.672 INFO:journalctl@ceph.mon.a.smithi007.stdout:May 21 00:49:27 smithi007 ceph-mon[31333]: from='mgr.14120 172.21.15.7:0/127689097' entity='mgr.x' cmd=[{"prefix":"config rm","who":"mgr","name":"mgr/rbd_support/x/trash_purge_schedule"}]: dispatch
2024-05-21T00:49:27.672 INFO:journalctl@ceph.mon.a.smithi007.stdout:May 21 00:49:27 smithi007 ceph-mon[31333]: from='mgr.14120 172.21.15.7:0/127689097' entity='mgr.x'
2024-05-21T00:49:27.673 INFO:journalctl@ceph.mon.a.smithi007.stdout:May 21 00:49:27 smithi007 ceph-mon[31333]: from='mgr.14120 172.21.15.7:0/127689097' entity='mgr.x'
2024-05-21T00:49:27.673 INFO:journalctl@ceph.mon.a.smithi007.stdout:May 21 00:49:27 smithi007 ceph-mon[31333]: mgrmap e7: x(active, since 1.01452s)
2024-05-21T00:49:28.053 INFO:teuthology.orchestra.run.smithi007.stdout:/usr/bin/ceph: stdout {
2024-05-21T00:49:28.053 INFO:teuthology.orchestra.run.smithi007.stdout:/usr/bin/ceph: stdout "mgrmap_epoch": 7,
2024-05-21T00:49:28.053 INFO:teuthology.orchestra.run.smithi007.stdout:/usr/bin/ceph: stdout "initialized": true
2024-05-21T00:49:28.055 INFO:teuthology.orchestra.run.smithi007.stdout:/usr/bin/ceph: stdout }
2024-05-21T00:49:28.055 INFO:teuthology.orchestra.run.smithi007.stdout:/usr/bin/ceph: stderr
2024-05-21T00:49:19.851+0000 7fe51c400700 1 Processor -- start
2024-05-21T00:49:28.055 INFO:teuthology.orchestra.run.smithi007.stdout:/usr/bin/ceph: stderr
2024-05-21T00:49:19.851+0000 7fe51c400700 1 -- start start
2024-05-21T00:49:28.056 INFO:teuthology.orchestra.run.smithi007.stdout:/usr/bin/ceph: stderr
2024-05-21T00:49:19.852+0000 7fe51c400700 1 --2- >> [v2:172.21.15.7:3300/0,v1:172.21.15.7:6789/0] conn(0x7fe514107e80 0x7fe5141082a0 unknown :-1 s=NONE pgs=0 cs=0 l=0 rev1=0 crypto rx=0 tx=0 comp rx=0 tx=0).connect
2024-05-21T00:49:28.056 INFO:teuthology.orchestra.run.smithi007.stdout:/usr/bin/ceph: stderr
2024-05-21T00:49:19.852+0000 7fe51c400700 1 -- --> [v2:172.21.15.7:3300/0,v1:172.21.15.7:6789/0] -- mon_getmap magic: 0 -- 0x7fe5141087e0 con 0x7fe514107e80
2024-05-21T00:49:28.056 INFO:teuthology.orchestra.run.smithi007.stdout:/usr/bin/ceph: stderr
2024-05-21T00:49:19.852+0000 7fe519a00700 1 --2- >> [v2:172.21.15.7:3300/0,v1:172.21.15.7:6789/0] conn(0x7fe514107e80 0x7fe5141082a0 unknown :-1 s=BANNER_CONNECTING pgs=0 cs=0 l=0 rev1=0 crypto rx=0 tx=0 comp rx=0 tx=0)._handle_peer_banner_payload supported=3 required=0
2024-05-21T00:49:28.056 INFO:teuthology.orchestra.run.smithi007.stdout:/usr/bin/ceph: stderr
2024-05-21T00:49:19.852+0000 7fe519a00700 1 --2- >> [v2:172.21.15.7:3300/0,v1:172.21.15.7:6789/0] conn(0x7fe514107e80 0x7fe5141082a0 unknown :-1 s=HELLO_CONNECTING pgs=0 cs=0 l=0 rev1=1 crypto rx=0 tx=0 comp rx=0 tx=0).handle_hello peer v2:172.21.15.7:3300/0 says I am v2:172.21.15.7:53576/0 (socket says 172.21.15.7:53576)
2024-05-21T00:49:28.056 INFO:teuthology.orchestra.run.smithi007.stdout:/usr/bin/ceph: stderr
2024-05-21T00:49:19.852+0000 7fe519a00700 1 -- 172.21.15.7:0/1295699945 learned_addr learned my addr 172.21.15.7:0/1295699945 (peer_addr_for_me v2:172.21.15.7:0/0)
2024-05-21T00:49:28.056 INFO:teuthology.orchestra.run.smithi007.stdout:/usr/bin/ceph: stderr
2024-05-21T00:49:19.853+0000 7fe519a00700 1 -- 172.21.15.7:0/1295699945 --> [v2:172.21.15.7:3300/0,v1:172.21.15.7:6789/0] -- mon_subscribe({config=0+,monmap=0+}) -- 0x7fe514108fe0 con 0x7fe514107e80
2024-05-21T00:49:28.056 INFO:teuthology.orchestra.run.smithi007.stdout:/usr/bin/ceph: stderr
2024-05-21T00:49:19.853+0000 7fe519a00700 1 --2- 172.21.15.7:0/1295699945 >> [v2:172.21.15.7:3300/0,v1:172.21.15.7:6789/0] conn(0x7fe514107e80 0x7fe5141082a0 secure :-1 s=READY pgs=28 cs=0 l=1 rev1=1 crypto rx=0x7fe50800bb40 tx=0x7fe50800be50 comp rx=0 tx=0).ready entity=mon.0 client_cookie=93da8e71141362de server_cookie=0 in_seq=0 out_seq=0
2024-05-21T00:49:28.056 INFO:teuthology.orchestra.run.smithi007.stdout:/usr/bin/ceph: stderr
