2024-05-21T00:49:35.775+0000 7f2d97e00700 1 --2- 172.21.15.7:0/2745030235 >> [v2:172.21.15.7:6800/832858288,v1:172.21.15.7:6801/832858288] conn(0x7f2d8003e520 0x7f2d800409e0 secure :-1 s=READY pgs=11 cs=0 l=1 rev1=1 crypto rx=0x7f2d84006fd0 tx=0x7f2d84006e40 comp rx=0 tx=0).ready entity=mgr.14120 client_cookie=0 server_cookie=0 in_seq=0 out_seq=0
2024-05-21T00:49:43.131 INFO:teuthology.orchestra.run.smithi007.stdout:/usr/bin/ceph: stderr
2024-05-21T00:49:35.780+0000 7f2d95600700 1 -- 172.21.15.7:0/2745030235 <== mon.0 v2:172.21.15.7:3300/0 6 ==== mon_command_ack([{"prefix": "get_command_descriptions"}]=0 v0) ==== 72+0+191963 (secure 0 0 0) 0x7f2d8c01aa70 con 0x7f2d98108f00
2024-05-21T00:49:43.131 INFO:teuthology.orchestra.run.smithi007.stdout:/usr/bin/ceph: stderr
2024-05-21T00:49:36.024+0000 7f2d9f400700 1 -- 172.21.15.7:0/2745030235 --> [v2:172.21.15.7:6800/832858288,v1:172.21.15.7:6801/832858288] -- mgr_command(tid 0: {"prefix": "orch host add", "hostname": "smithi007", "addr": "172.21.15.7", "target": ["mon-mgr", ""]}) -- 0x7f2d98105790 con 0x7f2d8003e520
2024-05-21T00:49:43.131 INFO:teuthology.orchestra.run.smithi007.stdout:/usr/bin/ceph: stderr
2024-05-21T00:49:42.393+0000 7f2d95600700 1 -- 172.21.15.7:0/2745030235 <== mgr.14120 v2:172.21.15.7:6800/832858288 1 ==== mgr_command_reply(tid 0: 0 ) ==== 8+0+47 (secure 0 0 0) 0x7f2d98105790 con 0x7f2d8003e520
2024-05-21T00:49:43.131 INFO:teuthology.orchestra.run.smithi007.stdout:/usr/bin/ceph: stderr
2024-05-21T00:49:42.398+0000 7f2d9f400700 1 -- 172.21.15.7:0/2745030235 >> [v2:172.21.15.7:6800/832858288,v1:172.21.15.7:6801/832858288] conn(0x7f2d8003e520 msgr2=0x7f2d800409e0 secure :-1 s=STATE_CONNECTION_ESTABLISHED l=1).mark_down
2024-05-21T00:49:43.131 INFO:teuthology.orchestra.run.smithi007.stdout:/usr/bin/ceph: stderr
2024-05-21T00:49:42.398+0000 7f2d9f400700 1 --2- 172.21.15.7:0/2745030235 >> [v2:172.21.15.7:6800/832858288,v1:172.21.15.7:6801/832858288] conn(0x7f2d8003e520 0x7f2d800409e0 secure :-1 s=READY pgs=11 cs=0 l=1 rev1=1 crypto rx=0x7f2d84006fd0 tx=0x7f2d84006e40 comp rx=0 tx=0).stop
2024-05-21T00:49:43.131 INFO:teuthology.orchestra.run.smithi007.stdout:/usr/bin/ceph: stderr
2024-05-21T00:49:42.398+0000 7f2d9f400700 1 -- 172.21.15.7:0/2745030235 >> [v2:172.21.15.7:3300/0,v1:172.21.15.7:6789/0] conn(0x7f2d98108f00 msgr2=0x7f2d9819cde0 secure :-1 s=STATE_CONNECTION_ESTABLISHED l=1).mark_down
2024-05-21T00:49:43.131 INFO:teuthology.orchestra.run.smithi007.stdout:/usr/bin/ceph: stderr
2024-05-21T00:49:42.398+0000 7f2d9f400700 1 --2- 172.21.15.7:0/2745030235 >> [v2:172.21.15.7:3300/0,v1:172.21.15.7:6789/0] conn(0x7f2d98108f00 0x7f2d9819cde0 secure :-1 s=READY pgs=46 cs=0 l=1 rev1=1 crypto rx=0x7f2d8c000c00 tx=0x7f2d8c011b70 comp rx=0 tx=0).stop
2024-05-21T00:49:43.131 INFO:teuthology.orchestra.run.smithi007.stdout:/usr/bin/ceph: stderr
2024-05-21T00:49:42.398+0000 7f2d9f400700 1 -- 172.21.15.7:0/2745030235 shutdown_connections
2024-05-21T00:49:43.132 INFO:teuthology.orchestra.run.smithi007.stdout:/usr/bin/ceph: stderr
2024-05-21T00:49:42.398+0000 7f2d9f400700 1 --2- 172.21.15.7:0/2745030235 >> [v2:172.21.15.7:6800/832858288,v1:172.21.15.7:6801/832858288] conn(0x7f2d8003e520 0x7f2d800409e0 unknown :-1 s=CLOSED pgs=11 cs=0 l=1 rev1=1 crypto rx=0 tx=0 comp rx=0 tx=0).stop
2024-05-21T00:49:43.132 INFO:teuthology.orchestra.run.smithi007.stdout:/usr/bin/ceph: stderr
2024-05-21T00:49:42.398+0000 7f2d9f400700 1 --2- 172.21.15.7:0/2745030235 >> [v2:172.21.15.7:3300/0,v1:172.21.15.7:6789/0] conn(0x7f2d98108f00 0x7f2d9819cde0 unknown :-1 s=CLOSED pgs=46 cs=0 l=1 rev1=1 crypto rx=0 tx=0 comp rx=0 tx=0).stop
2024-05-21T00:49:43.132 INFO:teuthology.orchestra.run.smithi007.stdout:/usr/bin/ceph: stderr
2024-05-21T00:49:42.398+0000 7f2d9f400700 1 -- 172.21.15.7:0/2745030235 >> 172.21.15.7:0/2745030235 conn(0x7f2d98104510 msgr2=0x7f2d98105080 unknown :-1 s=STATE_NONE l=0).mark_down
2024-05-21T00:49:43.132 INFO:teuthology.orchestra.run.smithi007.stdout:/usr/bin/ceph: stderr
2024-05-21T00:49:42.399+0000 7f2d9f400700 1 -- 172.21.15.7:0/2745030235 shutdown_connections
2024-05-21T00:49:43.132 INFO:teuthology.orchestra.run.smithi007.stdout:/usr/bin/ceph: stderr
2024-05-21T00:49:42.399+0000 7f2d9f400700 1 -- 172.21.15.7:0/2745030235 wait complete.
2024-05-21T00:49:43.132 INFO:teuthology.orchestra.run.smithi007.stdout:Deploying unmanaged mon service...
2024-05-21T00:49:43.671 INFO:journalctl@ceph.mon.a.smithi007.stdout:May 21 00:49:43 smithi007 ceph-mon[31333]: from='mgr.14120 172.21.15.7:0/127689097' entity='mgr.x'
2024-05-21T00:49:43.672 INFO:journalctl@ceph.mon.a.smithi007.stdout:May 21 00:49:43 smithi007 ceph-mon[31333]: Added host smithi007
2024-05-21T00:49:43.672 INFO:journalctl@ceph.mon.a.smithi007.stdout:May 21 00:49:43 smithi007 ceph-mon[31333]: from='mgr.14120 172.21.15.7:0/127689097' entity='mgr.x' cmd=[{"prefix": "config dump", "format": "json"}]: dispatch
2024-05-21T00:49:45.172 INFO:journalctl@ceph.mon.a.smithi007.stdout:May 21 00:49:45 smithi007 ceph-mon[31333]: from='client.14142 -' entity='client.admin' cmd=[{"prefix": "orch apply", "service_type": "mon", "unmanaged": true, "target": ["mon-mgr", ""]}]: dispatch
2024-05-21T00:49:45.172 INFO:journalctl@ceph.mon.a.smithi007.stdout:May 21 00:49:45 smithi007 ceph-mon[31333]: Saving service mon spec with placement count:5
2024-05-21T00:49:45.172 INFO:journalctl@ceph.mon.a.smithi007.stdout:May 21 00:49:45 smithi007 ceph-mon[31333]: from='mgr.14120 172.21.15.7:0/127689097' entity='mgr.x'
2024-05-21T00:49:45.366 INFO:teuthology.orchestra.run.smithi007.stdout:/usr/bin/ceph: stdout Scheduled mon update...
2024-05-21T00:49:45.366 INFO:teuthology.orchestra.run.smithi007.stdout:/usr/bin/ceph: stderr
2024-05-21T00:49:43.849+0000 7eff41000700 1 Processor -- start
2024-05-21T00:49:45.366 INFO:teuthology.orchestra.run.smithi007.stdout:/usr/bin/ceph: stderr
2024-05-21T00:49:43.849+0000 7eff41000700 1 -- start start
2024-05-21T00:49:45.366 INFO:teuthology.orchestra.run.smithi007.stdout:/usr/bin/ceph: stderr
2024-05-21T00:49:43.849+0000 7eff41000700 1 --2- >> [v2:172.21.15.7:3300/0,v1:172.21.15.7:6789/0] conn(0x7eff3c10b150 0x7eff3c10b570 unknown :-1 s=NONE pgs=0 cs=0 l=0 rev1=0 crypto rx=0 tx=0 comp rx=0 tx=0).connect
2024-05-21T00:49:45.366 INFO:teuthology.orchestra.run.smithi007.stdout:/usr/bin/ceph: stderr
2024-05-21T00:49:43.849+0000 7eff41000700 1 -- --> [v2:172.21.15.7:3300/0,v1:172.21.15.7:6789/0] -- mon_getmap magic: 0 -- 0x7eff3c10bb40 con 0x7eff3c10b150
2024-05-21T00:49:45.366 INFO:teuthology.orchestra.run.smithi007.stdout:/usr/bin/ceph: stderr
2024-05-21T00:49:43.850+0000 7eff39e00700 1 --2- >> [v2:172.21.15.7:3300/0,v1:172.21.15.7:6789/0] conn(0x7eff3c10b150 0x7eff3c10b570 unknown :-1 s=BANNER_CONNECTING pgs=0 cs=0 l=0 rev1=0 crypto rx=0 tx=0 comp rx=0 tx=0)._handle_peer_banner_payload supported=3 required=0
2024-05-21T00:49:45.366 INFO:teuthology.orchestra.run.smithi007.stdout:/usr/bin/ceph: stderr
2024-05-21T00:49:43.850+0000 7eff39e00700 1 --2- >> [v2:172.21.15.7:3300/0,v1:172.21.15.7:6789/0] conn(0x7eff3c10b150 0x7eff3c10b570 unknown :-1 s=HELLO_CONNECTING pgs=0 cs=0 l=0 rev1=1 crypto rx=0 tx=0 comp rx=0 tx=0).handle_hello peer v2:172.21.15.7:3300/0 says I am v2:172.21.15.7:46724/0 (socket says 172.21.15.7:46724)
2024-05-21T00:49:45.366 INFO:teuthology.orchestra.run.smithi007.stdout:/usr/bin/ceph: stderr
2024-05-21T00:49:43.850+0000 7eff39e00700 1 -- 172.21.15.7:0/3783646362 learned_addr learned my addr 172.21.15.7:0/3783646362 (peer_addr_for_me v2:172.21.15.7:0/0)
2024-05-21T00:49:45.366 INFO:teuthology.orchestra.run.smithi007.stdout:/usr/bin/ceph: stderr
2024-05-21T00:49:43.850+0000 7eff39e00700 1 -- 172.21.15.7:0/3783646362 --> [v2:172.21.15.7:3300/0,v1:172.21.15.7:6789/0] -- mon_subscribe({config=0+,monmap=0+}) -- 0x7eff3c10c370 con 0x7eff3c10b150
2024-05-21T00:49:45.367 INFO:teuthology.orchestra.run.smithi007.stdout:/usr/bin/ceph: stderr
2024-05-21T00:49:43.851+0000 7eff39e00700 1 --2- 172.21.15.7:0/3783646362 >> [v2:172.21.15.7:3300/0,v1:172.21.15.7:6789/0] conn(0x7eff3c10b150 0x7eff3c10b570 secure :-1 s=READY pgs=47 cs=0 l=1 rev1=1 crypto rx=0x7eff2c0098a0 tx=0x7eff2c009bb0 comp rx=0 tx=0).ready entity=mon.0 client_cookie=23890cb1671ce5e9 server_cookie=0 in_seq=0 out_seq=0
2024-05-21T00:49:45.367 INFO:teuthology.orchestra.run.smithi007.stdout:/usr/bin/ceph: stderr
2024-05-21T00:49:43.851+0000 7eff39400700 1 -- 172.21.15.7:0/3783646362 <== mon.0 v2:172.21.15.7:3300/0 1 ==== mon_map magic: 0 ==== 205+0+0 (secure 0 0 0) 0x7eff2c004160 con 0x7eff3c10b150
2024-05-21T00:49:45.367 INFO:teuthology.orchestra.run.smithi007.stdout:/usr/bin/ceph: stderr
2024-05-21T00:49:43.851+0000 7eff39400700 1 -- 172.21.15.7:0/3783646362 <== mon.0 v2:172.21.15.7:3300/0 2 ==== config(26 keys) ==== 1070+0+0 (secure 0 0 0) 0x7eff2c004300 con 0x7eff3c10b150
2024-05-21T00:49:45.367 INFO:teuthology.orchestra.run.smithi007.stdout:/usr/bin/ceph: stderr
2024-05-21T00:49:43.851+0000 7eff39400700 1 -- 172.21.15.7:0/3783646362 <== mon.0 v2:172.21.15.7:3300/0 3 ==== mon_map magic: 0 ==== 205+0+0 (secure 0 0 0) 0x7eff2c011af0 con 0x7eff3c10b150
2024-05-21T00:49:45.367 INFO:teuthology.orchestra.run.smithi007.stdout:/usr/bin/ceph: stderr
2024-05-21T00:49:43.852+0000 7eff41000700 1 -- 172.21.15.7:0/3783646362 >> [v2:172.21.15.7:3300/0,v1:172.21.15.7:6789/0] conn(0x7eff3c10b150 msgr2=0x7eff3c10b570 secure :-1 s=STATE_CONNECTION_ESTABLISHED l=1).mark_down
2024-05-21T00:49:45.367 INFO:teuthology.orchestra.run.smithi007.stdout:/usr/bin/ceph: stderr
2024-05-21T00:49:43.852+0000 7eff41000700 1 --2- 172.21.15.7:0/3783646362 >> [v2:172.21.15.7:3300/0,v1:172.21.15.7:6789/0] conn(0x7eff3c10b150 0x7eff3c10b570 secure :-1 s=READY pgs=47 cs=0 l=1 rev1=1 crypto rx=0x7eff2c0098a0 tx=0x7eff2c009bb0 comp rx=0 tx=0).stop
2024-05-21T00:49:45.367 INFO:teuthology.orchestra.run.smithi007.stdout:/usr/bin/ceph: stderr
2024-05-21T00:49:43.852+0000 7eff41000700 1 -- 172.21.15.7:0/3783646362 shutdown_connections
2024-05-21T00:49:45.367 INFO:teuthology.orchestra.run.smithi007.stdout:/usr/bin/ceph: stderr
2024-05-21T00:49:43.852+0000 7eff41000700 1 --2- 172.21.15.7:0/3783646362 >> [v2:172.21.15.7:3300/0,v1:172.21.15.7:6789/0] conn(0x7eff3c10b150 0x7eff3c10b570 unknown :-1 s=CLOSED pgs=47 cs=0 l=1 rev1=1 crypto rx=0 tx=0 comp rx=0 tx=0).stop
2024-05-21T00:49:45.367 INFO:teuthology.orchestra.run.smithi007.stdout:/usr/bin/ceph: stderr
2024-05-21T00:49:43.852+0000 7eff41000700 1 -- 172.21.15.7:0/3783646362 >> 172.21.15.7:0/3783646362 conn(0x7eff3c07e670 msgr2=0x7eff3c07eaa0 unknown :-1 s=STATE_NONE l=0).mark_down
2024-05-21T00:49:45.367 INFO:teuthology.orchestra.run.smithi007.stdout:/usr/bin/ceph: stderr
2024-05-21T00:49:43.852+0000 7eff41000700 1 -- 172.21.15.7:0/3783646362 shutdown_connections
2024-05-21T00:49:45.367 INFO:teuthology.orchestra.run.smithi007.stdout:/usr/bin/ceph: stderr
2024-05-21T00:49:43.852+0000 7eff41000700 1 -- 172.21.15.7:0/3783646362 wait complete.
2024-05-21T00:49:45.367 INFO:teuthology.orchestra.run.smithi007.stdout:/usr/bin/ceph: stderr
2024-05-21T00:49:43.853+0000 7eff41000700 1 Processor -- start
2024-05-21T00:49:45.367 INFO:teuthology.orchestra.run.smithi007.stdout:/usr/bin/ceph: stderr
2024-05-21T00:49:43.853+0000 7eff41000700 1 -- start start
2024-05-21T00:49:45.368 INFO:teuthology.orchestra.run.smithi007.stdout:/usr/bin/ceph: stderr
2024-05-21T00:49:43.853+0000 7eff41000700 1 --2- >> [v2:172.21.15.7:3300/0,v1:172.21.15.7:6789/0] conn(0x7eff3c10b150 0x7eff3c19ef90 unknown :-1 s=NONE pgs=0 cs=0 l=1 rev1=0 crypto rx=0 tx=0 comp rx=0 tx=0).connect
2024-05-21T00:49:45.368 INFO:teuthology.orchestra.run.smithi007.stdout:/usr/bin/ceph: stderr
2024-05-21T00:49:43.853+0000 7eff41000700 1 -- --> [v2:172.21.15.7:3300/0,v1:172.21.15.7:6789/0] -- mon_getmap magic: 0 -- 0x7eff3c10f5a0 con 0x7eff3c10b150
2024-05-21T00:49:45.368 INFO:teuthology.orchestra.run.smithi007.stdout:/usr/bin/ceph: stderr
2024-05-21T00:49:43.854+0000 7eff39e00700 1 --2- >> [v2:172.21.15.7:3300/0,v1:172.21.15.7:6789/0] conn(0x7eff3c10b150 0x7eff3c19ef90 unknown :-1 s=BANNER_CONNECTING pgs=0 cs=0 l=1 rev1=0 crypto rx=0 tx=0 comp rx=0 tx=0)._handle_peer_banner_payload supported=3 required=0
2024-05-21T00:49:45.368 INFO:teuthology.orchestra.run.smithi007.stdout:/usr/bin/ceph: stderr
2024-05-21T00:49:43.854+0000 7eff39e00700 1 --2- >> [v2:172.21.15.7:3300/0,v1:172.21.15.7:6789/0] conn(0x7eff3c10b150 0x7eff3c19ef90 unknown :-1 s=HELLO_CONNECTING pgs=0 cs=0 l=1 rev1=1 crypto rx=0 tx=0 comp rx=0 tx=0).handle_hello peer v2:172.21.15.7:3300/0 says I am v2:172.21.15.7:46740/0 (socket says 172.21.15.7:46740)
2024-05-21T00:49:45.368 INFO:teuthology.orchestra.run.smithi007.stdout:/usr/bin/ceph: stderr
2024-05-21T00:49:43.854+0000 7eff39e00700 1 -- 172.21.15.7:0/2452078587 learned_addr learned my addr 172.21.15.7:0/2452078587 (peer_addr_for_me v2:172.21.15.7:0/0)
2024-05-21T00:49:45.368 INFO:teuthology.orchestra.run.smithi007.stdout:/usr/bin/ceph: stderr
2024-05-21T00:49:43.854+0000 7eff39e00700 1 -- 172.21.15.7:0/2452078587 --> [v2:172.21.15.7:3300/0,v1:172.21.15.7:6789/0] -- mon_subscribe({config=0+,monmap=0+}) -- 0x7eff3c19f4d0 con 0x7eff3c10b150
2024-05-21T00:49:45.368 INFO:teuthology.orchestra.run.smithi007.stdout:/usr/bin/ceph: stderr
2024-05-21T00:49:43.854+0000 7eff39e00700 1 --2- 172.21.15.7:0/2452078587 >> [v2:172.21.15.7:3300/0,v1:172.21.15.7:6789/0] conn(0x7eff3c10b150 0x7eff3c19ef90 secure :-1 s=READY pgs=48 cs=0 l=1 rev1=1 crypto rx=0x7eff2c011ac0 tx=0x7eff2c011ba0 comp rx=0 tx=0).ready entity=mon.0 client_cookie=0 server_cookie=0 in_seq=0 out_seq=0
2024-05-21T00:49:45.368 INFO:teuthology.orchestra.run.smithi007.stdout:/usr/bin/ceph: stderr
2024-05-21T00:49:43.854+0000 7eff32a00700 1 -- 172.21.15.7:0/2452078587 <== mon.0 v2:172.21.15.7:3300/0 1 ==== mon_map magic: 0 ==== 205+0+0 (secure 0 0 0) 0x7eff2c003b20 con 0x7eff3c10b150
2024-05-21T00:49:45.368 INFO:teuthology.orchestra.run.smithi007.stdout:/usr/bin/ceph: stderr
2024-05-21T00:49:43.854+0000 7eff32a00700 1 -- 172.21.15.7:0/2452078587 <== mon.0 v2:172.21.15.7:3300/0 2 ==== config(26 keys) ==== 1070+0+0 (secure 0 0 0) 0x7eff2c01a8c0 con 0x7eff3c10b150
2024-05-21T00:49:45.368 INFO:teuthology.orchestra.run.smithi007.stdout:/usr/bin/ceph: stderr
2024-05-21T00:49:43.854+0000 7eff41000700 1 -- 172.21.15.7:0/2452078587 --> [v2:172.21.15.7:3300/0,v1:172.21.15.7:6789/0] -- mon_subscribe({mgrmap=0+}) -- 0x7eff3c19f760 con 0x7eff3c10b150
2024-05-21T00:49:45.368 INFO:teuthology.orchestra.run.smithi007.stdout:/usr/bin/ceph: stderr
2024-05-21T00:49:43.855+0000 7eff32a00700 1 -- 172.21.15.7:0/2452078587 <== mon.0 v2:172.21.15.7:3300/0 3 ==== mon_map magic: 0 ==== 205+0+0 (secure 0 0 0) 0x7eff2c0248d0 con 0x7eff3c10b150
2024-05-21T00:49:45.368 INFO:teuthology.orchestra.run.smithi007.stdout:/usr/bin/ceph: stderr
2024-05-21T00:49:43.855+0000 7eff41000700 1 -- 172.21.15.7:0/2452078587 --> [v2:172.21.15.7:3300/0,v1:172.21.15.7:6789/0] -- mon_subscribe({osdmap=0}) -- 0x7eff3c1a2450 con 0x7eff3c10b150
2024-05-21T00:49:45.368 INFO:teuthology.orchestra.run.smithi007.stdout:/usr/bin/ceph: stderr
2024-05-21T00:49:43.856+0000 7eff41000700 1 -- 172.21.15.7:0/2452078587 --> [v2:172.21.15.7:3300/0,v1:172.21.15.7:6789/0] -- mon_command({"prefix": "get_command_descriptions"} v 0) -- 0x7eff3c10f720 con 0x7eff3c10b150
2024-05-21T00:49:45.368 INFO:teuthology.orchestra.run.smithi007.stdout:/usr/bin/ceph: stderr
2024-05-21T00:49:43.856+0000 7eff32a00700 1 -- 172.21.15.7:0/2452078587 <== mon.0 v2:172.21.15.7:3300/0 4 ==== mgrmap(e 8) ==== 50222+0+0 (secure 0 0 0) 0x7eff2c022020 con 0x7eff3c10b150
2024-05-21T00:49:45.369 INFO:teuthology.orchestra.run.smithi007.stdout:/usr/bin/ceph: stderr
2024-05-21T00:49:43.856+0000 7eff32a00700 1 --2- 172.21.15.7:0/2452078587 >> [v2:172.21.15.7:6800/832858288,v1:172.21.15.7:6801/832858288] conn(0x7eff2003e4c0 0x7eff20040980 unknown :-1 s=NONE pgs=0 cs=0 l=1 rev1=0 crypto rx=0 tx=0 comp rx=0 tx=0).connect
2024-05-21T00:49:45.369 INFO:teuthology.orchestra.run.smithi007.stdout:/usr/bin/ceph: stderr
2024-05-21T00:49:43.856+0000 7eff32a00700 1 -- 172.21.15.7:0/2452078587 <== mon.0 v2:172.21.15.7:3300/0 5 ==== osd_map(2..2 src has 1..2) ==== 940+0+0 (secure 0 0 0) 0x7eff2c0538d0 con 0x7eff3c10b150
2024-05-21T00:49:45.369 INFO:teuthology.orchestra.run.smithi007.stdout:/usr/bin/ceph: stderr
2024-05-21T00:49:43.857+0000 7eff33e00700 1 --2- 172.21.15.7:0/2452078587 >> [v2:172.21.15.7:6800/832858288,v1:172.21.15.7:6801/832858288] conn(0x7eff2003e4c0 0x7eff20040980 unknown :-1 s=BANNER_CONNECTING pgs=0 cs=0 l=1 rev1=0 crypto rx=0 tx=0 comp rx=0 tx=0)._handle_peer_banner_payload supported=3 required=0
2024-05-21T00:49:45.369 INFO:teuthology.orchestra.run.smithi007.stdout:/usr/bin/ceph: stderr
2024-05-21T00:49:43.857+0000 7eff33e00700 1 --2- 172.21.15.7:0/2452078587 >> [v2:172.21.15.7:6800/832858288,v1:172.21.15.7:6801/832858288] conn(0x7eff2003e4c0 0x7eff20040980 secure :-1 s=READY pgs=12 cs=0 l=1 rev1=1 crypto rx=0x7eff24006fd0 tx=0x7eff24006e40 comp rx=0 tx=0).ready entity=mgr.14120 client_cookie=0 server_cookie=0 in_seq=0 out_seq=0
2024-05-21T00:49:45.369 INFO:teuthology.orchestra.run.smithi007.stdout:/usr/bin/ceph: stderr
2024-05-21T00:49:43.863+0000 7eff32a00700 1 -- 172.21.15.7:0/2452078587 <== mon.0 v2:172.21.15.7:3300/0 6 ==== mon_command_ack([{"prefix": "get_command_descriptions"}]=0 v0) ==== 72+0+191963 (secure 0 0 0) 0x7eff2c0172b0 con 0x7eff3c10b150
2024-05-21T00:49:45.369 INFO:teuthology.orchestra.run.smithi007.stdout:/usr/bin/ceph: stderr
2024-05-21T00:49:44.124+0000 7eff41000700 1 -- 172.21.15.7:0/2452078587 --> [v2:172.21.15.7:6800/832858288,v1:172.21.15.7:6801/832858288] -- mgr_command(tid 0: {"prefix": "orch apply", "service_type": "mon", "unmanaged": true, "target": ["mon-mgr", ""]}) -- 0x7eff3c109440 con 0x7eff2003e4c0
2024-05-21T00:49:45.369 INFO:teuthology.orchestra.run.smithi007.stdout:/usr/bin/ceph: stderr
2024-05-21T00:49:44.136+0000 7eff32a00700 1 -- 172.21.15.7:0/2452078587 <== mgr.14120 v2:172.21.15.7:6800/832858288 1 ==== mgr_command_reply(tid 0: 0 ) ==== 8+0+24 (secure 0 0 0) 0x7eff3c109440 con 0x7eff2003e4c0
2024-05-21T00:49:45.369 INFO:teuthology.orchestra.run.smithi007.stdout:/usr/bin/ceph: stderr
2024-05-21T00:49:44.139+0000 7eff41000700 1 -- 172.21.15.7:0/2452078587 >> [v2:172.21.15.7:6800/832858288,v1:172.21.15.7:6801/832858288] conn(0x7eff2003e4c0 msgr2=0x7eff20040980 secure :-1 s=STATE_CONNECTION_ESTABLISHED l=1).mark_down
2024-05-21T00:49:45.369 INFO:teuthology.orchestra.run.smithi007.stdout:/usr/bin/ceph: stderr
2024-05-21T00:49:44.139+0000 7eff41000700 1 --2- 172.21.15.7:0/2452078587 >> [v2:172.21.15.7:6800/832858288,v1:172.21.15.7:6801/832858288] conn(0x7eff2003e4c0 0x7eff20040980 secure :-1 s=READY pgs=12 cs=0 l=1 rev1=1 crypto rx=0x7eff24006fd0 tx=0x7eff24006e40 comp rx=0 tx=0).stop
2024-05-21T00:49:45.369 INFO:teuthology.orchestra.run.smithi007.stdout:/usr/bin/ceph: stderr
2024-05-21T00:49:44.139+0000 7eff41000700 1 -- 172.21.15.7:0/2452078587 >> [v2:172.21.15.7:3300/0,v1:172.21.15.7:6789/0] conn(0x7eff3c10b150 msgr2=0x7eff3c19ef90 secure :-1 s=STATE_CONNECTION_ESTABLISHED l=1).mark_down
2024-05-21T00:49:45.369 INFO:teuthology.orchestra.run.smithi007.stdout:/usr/bin/ceph: stderr
2024-05-21T00:49:44.139+0000 7eff41000700 1 --2- 172.21.15.7:0/2452078587 >> [v2:172.21.15.7:3300/0,v1:172.21.15.7:6789/0] conn(0x7eff3c10b150 0x7eff3c19ef90 secure :-1 s=READY pgs=48 cs=0 l=1 rev1=1 crypto rx=0x7eff2c011ac0 tx=0x7eff2c011ba0 comp rx=0 tx=0).stop
2024-05-21T00:49:45.369 INFO:teuthology.orchestra.run.smithi007.stdout:/usr/bin/ceph: stderr
2024-05-21T00:49:44.139+0000 7eff41000700 1 -- 172.21.15.7:0/2452078587 shutdown_connections
2024-05-21T00:49:45.369 INFO:teuthology.orchestra.run.smithi007.stdout:/usr/bin/ceph: stderr
2024-05-21T00:49:44.139+0000 7eff41000700 1 --2- 172.21.15.7:0/2452078587 >> [v2:172.21.15.7:6800/832858288,v1:172.21.15.7:6801/832858288] conn(0x7eff2003e4c0 0x7eff20040980 unknown :-1 s=CLOSED pgs=12 cs=0 l=1 rev1=1 crypto rx=0 tx=0 comp rx=0 tx=0).stop
2024-05-21T00:49:45.370 INFO:teuthology.orchestra.run.smithi007.stdout:/usr/bin/ceph: stderr
2024-05-21T00:49:44.139+0000 7eff41000700 1 --2- 172.21.15.7:0/2452078587 >> [v2:172.21.15.7:3300/0,v1:172.21.15.7:6789/0] conn(0x7eff3c10b150 0x7eff3c19ef90 unknown :-1 s=CLOSED pgs=48 cs=0 l=1 rev1=1 crypto rx=0 tx=0 comp rx=0 tx=0).stop
2024-05-21T00:49:45.370 INFO:teuthology.orchestra.run.smithi007.stdout:/usr/bin/ceph: stderr
2024-05-21T00:49:44.139+0000 7eff41000700 1 -- 172.21.15.7:0/2452078587 >> 172.21.15.7:0/2452078587 conn(0x7eff3c07e670 msgr2=0x7eff3c108d30 unknown :-1 s=STATE_NONE l=0).mark_down
2024-05-21T00:49:45.370 INFO:teuthology.orchestra.run.smithi007.stdout:/usr/bin/ceph: stderr
2024-05-21T00:49:44.140+0000 7eff41000700 1 -- 172.21.15.7:0/2452078587 shutdown_connections
2024-05-21T00:49:45.370 INFO:teuthology.orchestra.run.smithi007.stdout:/usr/bin/ceph: stderr
2024-05-21T00:49:44.140+0000 7eff41000700 1 -- 172.21.15.7:0/2452078587 wait complete.
2024-05-21T00:49:45.370 INFO:teuthology.orchestra.run.smithi007.stdout:Deploying unmanaged mgr service...
2024-05-21T00:49:47.274 INFO:teuthology.orchestra.run.smithi007.stdout:/usr/bin/ceph: stdout Scheduled mgr update...
2024-05-21T00:49:47.274 INFO:teuthology.orchestra.run.smithi007.stdout:/usr/bin/ceph: stderr
2024-05-21T00:49:46.276+0000 7f8726600700 1 Processor -- start
2024-05-21T00:49:47.274 INFO:teuthology.orchestra.run.smithi007.stdout:/usr/bin/ceph: stderr
2024-05-21T00:49:46.277+0000 7f8726600700 1 -- start start
2024-05-21T00:49:47.274 INFO:teuthology.orchestra.run.smithi007.stdout:/usr/bin/ceph: stderr
2024-05-21T00:49:46.277+0000 7f8726600700 1 --2- >> [v2:172.21.15.7:3300/0,v1:172.21.15.7:6789/0] conn(0x7f872007f720 0x7f872007db80 unknown :-1 s=NONE pgs=0 cs=0 l=0 rev1=0 crypto rx=0 tx=0 comp rx=0 tx=0).connect
2024-05-21T00:49:47.274 INFO:teuthology.orchestra.run.smithi007.stdout:/usr/bin/ceph: stderr
2024-05-21T00:49:46.277+0000 7f8726600700 1 -- --> [v2:172.21.15.7:3300/0,v1:172.21.15.7:6789/0] -- mon_getmap magic: 0 -- 0x7f872007e150 con 0x7f872007f720
2024-05-21T00:49:47.275 INFO:teuthology.orchestra.run.smithi007.stdout:/usr/bin/ceph: stderr
2024-05-21T00:49:46.278+0000 7f871f400700 1 --2- >> [v2:172.21.15.7:3300/0,v1:172.21.15.7:6789/0] conn(0x7f872007f720 0x7f872007db80 unknown :-1 s=BANNER_CONNECTING pgs=0 cs=0 l=0 rev1=0 crypto rx=0 tx=0 comp rx=0 tx=0)._handle_peer_banner_payload supported=3 required=0
2024-05-21T00:49:47.275 INFO:teuthology.orchestra.run.smithi007.stdout:/usr/bin/ceph: stderr
2024-05-21T00:49:46.278+0000 7f871f400700 1 --2- >> [v2:172.21.15.7:3300/0,v1:172.21.15.7:6789/0] conn(0x7f872007f720 0x7f872007db80 unknown :-1 s=HELLO_CONNECTING pgs=0 cs=0 l=0 rev1=1 crypto rx=0 tx=0 comp rx=0 tx=0).handle_hello peer v2:172.21.15.7:3300/0 says I am v2:172.21.15.7:46746/0 (socket says 172.21.15.7:46746)
2024-05-21T00:49:47.275 INFO:teuthology.orchestra.run.smithi007.stdout:/usr/bin/ceph: stderr
2024-05-21T00:49:46.278+0000 7f871f400700 1 -- 172.21.15.7:0/2265403224 learned_addr learned my addr 172.21.15.7:0/2265403224 (peer_addr_for_me v2:172.21.15.7:0/0)
2024-05-21T00:49:47.275 INFO:teuthology.orchestra.run.smithi007.stdout:/usr/bin/ceph: stderr
2024-05-21T00:49:46.278+0000 7f871f400700 1 -- 172.21.15.7:0/2265403224 --> [v2:172.21.15.7:3300/0,v1:172.21.15.7:6789/0] -- mon_subscribe({config=0+,monmap=0+}) -- 0x7f872007e2d0 con 0x7f872007f720
2024-05-21T00:49:47.275 INFO:teuthology.orchestra.run.smithi007.stdout:/usr/bin/ceph: stderr
2024-05-21T00:49:46.279+0000 7f871f400700 1 --2- 172.21.15.7:0/2265403224 >> [v2:172.21.15.7:3300/0,v1:172.21.15.7:6789/0] conn(0x7f872007f720 0x7f872007db80 secure :-1 s=READY pgs=49 cs=0 l=1 rev1=1 crypto rx=0x7f8710009e80 tx=0x7f871000b330 comp rx=0 tx=0).ready entity=mon.0 client_cookie=71b4bee95bf268e0 server_cookie=0 in_seq=0 out_seq=0
2024-05-21T00:49:47.275 INFO:teuthology.orchestra.run.smithi007.stdout:/usr/bin/ceph: stderr
2024-05-21T00:49:46.279+0000 7f871ea00700 1 -- 172.21.15.7:0/2265403224 <== mon.0 v2:172.21.15.7:3300/0 1 ==== mon_map magic: 0 ==== 205+0+0 (secure 0 0 0) 0x7f8710017070 con 0x7f872007f720
2024-05-21T00:49:47.275 INFO:teuthology.orchestra.run.smithi007.stdout:/usr/bin/ceph: stderr
2024-05-21T00:49:46.279+0000 7f871ea00700 1 -- 172.21.15.7:0/2265403224 <== mon.0 v2:172.21.15.7:3300/0 2 ==== config(26 keys) ==== 1070+0+0 (secure 0 0 0) 0x7f871000b8c0 con 0x7f872007f720
2024-05-21T00:49:47.275 INFO:teuthology.orchestra.run.smithi007.stdout:/usr/bin/ceph: stderr
2024-05-21T00:49:46.279+0000 7f871ea00700 1 -- 172.21.15.7:0/2265403224 <== mon.0 v2:172.21.15.7:3300/0 3 ==== mon_map magic: 0 ==== 205+0+0 (secure 0 0 0) 0x7f8710004490 con 0x7f872007f720
2024-05-21T00:49:47.275 INFO:teuthology.orchestra.run.smithi007.stdout:/usr/bin/ceph: stderr
2024-05-21T00:49:46.280+0000 7f8726600700 1 -- 172.21.15.7:0/2265403224 >> [v2:172.21.15.7:3300/0,v1:172.21.15.7:6789/0] conn(0x7f872007f720 msgr2=0x7f872007db80 secure :-1 s=STATE_CONNECTION_ESTABLISHED l=1).mark_down
2024-05-21T00:49:47.275 INFO:teuthology.orchestra.run.smithi007.stdout:/usr/bin/ceph: stderr
2024-05-21T00:49:46.280+0000 7f8726600700 1 --2- 172.21.15.7:0/2265403224 >> [v2:172.21.15.7:3300/0,v1:172.21.15.7:6789/0] conn(0x7f872007f720 0x7f872007db80 secure :-1 s=READY pgs=49 cs=0 l=1 rev1=1 crypto rx=0x7f8710009e80 tx=0x7f871000b330 comp rx=0 tx=0).stop
2024-05-21T00:49:47.275 INFO:teuthology.orchestra.run.smithi007.stdout:/usr/bin/ceph: stderr
2024-05-21T00:49:46.280+0000 7f8726600700 1 -- 172.21.15.7:0/2265403224 shutdown_connections
2024-05-21T00:49:47.275 INFO:teuthology.orchestra.run.smithi007.stdout:/usr/bin/ceph: stderr
2024-05-21T00:49:46.280+0000 7f8726600700 1 --2- 172.21.15.7:0/2265403224 >> [v2:172.21.15.7:3300/0,v1:172.21.15.7:6789/0] conn(0x7f872007f720 0x7f872007db80 unknown :-1 s=CLOSED pgs=49 cs=0 l=1 rev1=1 crypto rx=0 tx=0 comp rx=0 tx=0).stop
2024-05-21T00:49:47.275 INFO:teuthology.orchestra.run.smithi007.stdout:/usr/bin/ceph: stderr
2024-05-21T00:49:46.280+0000 7f8726600700 1 -- 172.21.15.7:0/2265403224 >> 172.21.15.7:0/2265403224 conn(0x7f8720104520 msgr2=0x7f8720106940 unknown :-1 s=STATE_NONE l=0).mark_down
2024-05-21T00:49:47.275 INFO:teuthology.orchestra.run.smithi007.stdout:/usr/bin/ceph: stderr
2024-05-21T00:49:46.280+0000 7f8726600700 1 -- 172.21.15.7:0/2265403224 shutdown_connections
2024-05-21T00:49:47.276 INFO:teuthology.orchestra.run.smithi007.stdout:/usr/bin/ceph: stderr
2024-05-21T00:49:46.280+0000 7f8726600700 1 -- 172.21.15.7:0/2265403224 wait complete.
2024-05-21T00:49:47.276 INFO:teuthology.orchestra.run.smithi007.stdout:/usr/bin/ceph: stderr
2024-05-21T00:49:46.281+0000 7f8726600700 1 Processor -- start
2024-05-21T00:49:47.276 INFO:teuthology.orchestra.run.smithi007.stdout:/usr/bin/ceph: stderr
2024-05-21T00:49:46.281+0000 7f8726600700 1 -- start start
2024-05-21T00:49:47.276 INFO:teuthology.orchestra.run.smithi007.stdout:/usr/bin/ceph: stderr
2024-05-21T00:49:46.281+0000 7f8726600700 1 --2- >> [v2:172.21.15.7:3300/0,v1:172.21.15.7:6789/0] conn(0x7f872007f720 0x7f87201a33a0 unknown :-1 s=NONE pgs=0 cs=0 l=1 rev1=0 crypto rx=0 tx=0 comp rx=0 tx=0).connect
2024-05-21T00:49:47.276 INFO:teuthology.orchestra.run.smithi007.stdout:/usr/bin/ceph: stderr
2024-05-21T00:49:46.281+0000 7f8726600700 1 -- --> [v2:172.21.15.7:3300/0,v1:172.21.15.7:6789/0] -- mon_getmap magic: 0 -- 0x7f872010b020 con 0x7f872007f720
2024-05-21T00:49:47.276 INFO:teuthology.orchestra.run.smithi007.stdout:/usr/bin/ceph: stderr
2024-05-21T00:49:46.282+0000 7f871f400700 1 --2- >> [v2:172.21.15.7:3300/0,v1:172.21.15.7:6789/0] conn(0x7f872007f720 0x7f87201a33a0 unknown :-1 s=BANNER_CONNECTING pgs=0 cs=0 l=1 rev1=0 crypto rx=0 tx=0 comp rx=0 tx=0)._handle_peer_banner_payload supported=3 required=0
2024-05-21T00:49:47.276 INFO:teuthology.orchestra.run.smithi007.stdout:/usr/bin/ceph: stderr
2024-05-21T00:49:46.282+0000 7f871f400700 1 --2- >> [v2:172.21.15.7:3300/0,v1:172.21.15.7:6789/0] conn(0x7f872007f720 0x7f87201a33a0 unknown :-1 s=HELLO_CONNECTING pgs=0 cs=0 l=1 rev1=1 crypto rx=0 tx=0 comp rx=0 tx=0).handle_hello peer v2:172.21.15.7:3300/0 says I am v2:172.21.15.7:46754/0 (socket says 172.21.15.7:46754)
2024-05-21T00:49:47.276 INFO:teuthology.orchestra.run.smithi007.stdout:/usr/bin/ceph: stderr
2024-05-21T00:49:46.282+0000 7f871f400700 1 -- 172.21.15.7:0/3137422903 learned_addr learned my addr 172.21.15.7:0/3137422903 (peer_addr_for_me v2:172.21.15.7:0/0)
2024-05-21T00:49:47.276 INFO:teuthology.orchestra.run.smithi007.stdout:/usr/bin/ceph: stderr
2024-05-21T00:49:46.282+0000 7f871f400700 1 -- 172.21.15.7:0/3137422903 --> [v2:172.21.15.7:3300/0,v1:172.21.15.7:6789/0] -- mon_subscribe({config=0+,monmap=0+}) -- 0x7f87201a38e0 con 0x7f872007f720
2024-05-21T00:49:47.276 INFO:teuthology.orchestra.run.smithi007.stdout:/usr/bin/ceph: stderr
2024-05-21T00:49:46.282+0000 7f871f400700 1 --2- 172.21.15.7:0/3137422903 >> [v2:172.21.15.7:3300/0,v1:172.21.15.7:6789/0] conn(0x7f872007f720 0x7f87201a33a0 secure :-1 s=READY pgs=50 cs=0 l=1 rev1=1 crypto rx=0x7f8710000f80 tx=0x7f871000bdc0 comp rx=0 tx=0).ready entity=mon.0 client_cookie=0 server_cookie=0 in_seq=0 out_seq=0
2024-05-21T00:49:47.276 INFO:teuthology.orchestra.run.smithi007.stdout:/usr/bin/ceph: stderr
2024-05-21T00:49:46.283+0000 7f871cc00700 1 -- 172.21.15.7:0/3137422903 <== mon.0 v2:172.21.15.7:3300/0 1 ==== mon_map magic: 0 ==== 205+0+0 (secure 0 0 0) 0x7f8710020020 con 0x7f872007f720
2024-05-21T00:49:47.276 INFO:teuthology.orchestra.run.smithi007.stdout:/usr/bin/ceph: stderr
2024-05-21T00:49:46.283+0000 7f871cc00700 1 -- 172.21.15.7:0/3137422903 <== mon.0 v2:172.21.15.7:3300/0 2 ==== config(26 keys) ==== 1070+0+0 (secure 0 0 0) 0x7f8710012430 con 0x7f872007f720
2024-05-21T00:49:47.276 INFO:teuthology.orchestra.run.smithi007.stdout:/usr/bin/ceph: stderr
2024-05-21T00:49:46.283+0000 7f8726600700 1 -- 172.21.15.7:0/3137422903 --> [v2:172.21.15.7:3300/0,v1:172.21.15.7:6789/0] -- mon_subscribe({mgrmap=0+}) -- 0x7f87201a3b70 con 0x7f872007f720
2024-05-21T00:49:47.276 INFO:teuthology.orchestra.run.smithi007.stdout:/usr/bin/ceph: stderr
2024-05-21T00:49:46.283+0000 7f871cc00700 1 -- 172.21.15.7:0/3137422903 <== mon.0 v2:172.21.15.7:3300/0 3 ==== mon_map magic: 0 ==== 205+0+0 (secure 0 0 0) 0x7f8710017040 con 0x7f872007f720
2024-05-21T00:49:47.277 INFO:teuthology.orchestra.run.smithi007.stdout:/usr/bin/ceph: stderr
2024-05-21T00:49:46.283+0000 7f8726600700 1 -- 172.21.15.7:0/3137422903 --> [v2:172.21.15.7:3300/0,v1:172.21.15.7:6789/0] -- mon_subscribe({osdmap=0}) -- 0x7f87201a6860 con 0x7f872007f720
2024-05-21T00:49:47.277 INFO:teuthology.orchestra.run.smithi007.stdout:/usr/bin/ceph: stderr
2024-05-21T00:49:46.284+0000 7f871cc00700 1 -- 172.21.15.7:0/3137422903 <== mon.0 v2:172.21.15.7:3300/0 4 ==== mgrmap(e 8) ==== 50222+0+0 (secure 0 0 0) 0x7f8710023020 con 0x7f872007f720
2024-05-21T00:49:47.277 INFO:teuthology.orchestra.run.smithi007.stdout:/usr/bin/ceph: stderr
2024-05-21T00:49:46.284+0000 7f8726600700 1 -- 172.21.15.7:0/3137422903 --> [v2:172.21.15.7:3300/0,v1:172.21.15.7:6789/0] -- mon_command({"prefix": "get_command_descriptions"} v 0) -- 0x7f8720064ba0 con 0x7f872007f720
2024-05-21T00:49:47.277 INFO:teuthology.orchestra.run.smithi007.stdout:/usr/bin/ceph: stderr
2024-05-21T00:49:46.284+0000 7f871cc00700 1 --2- 172.21.15.7:0/3137422903 >> [v2:172.21.15.7:6800/832858288,v1:172.21.15.7:6801/832858288] conn(0x7f870403e4c0 0x7f8704040980 unknown :-1 s=NONE pgs=0 cs=0 l=1 rev1=0 crypto rx=0 tx=0 comp rx=0 tx=0).connect
2024-05-21T00:49:47.277 INFO:teuthology.orchestra.run.smithi007.stdout:/usr/bin/ceph: stderr
2024-05-21T00:49:46.285+0000 7f871cc00700 1 -- 172.21.15.7:0/3137422903 <== mon.0 v2:172.21.15.7:3300/0 5 ==== osd_map(2..2 src has 1..2) ==== 940+0+0 (secure 0 0 0) 0x7f871000f050 con 0x7f872007f720
2024-05-21T00:49:47.277 INFO:teuthology.orchestra.run.smithi007.stdout:/usr/bin/ceph: stderr
2024-05-21T00:49:46.285+0000 7f8716a00700 1 --2- 172.21.15.7:0/3137422903 >> [v2:172.21.15.7:6800/832858288,v1:172.21.15.7:6801/832858288] conn(0x7f870403e4c0 0x7f8704040980 unknown :-1 s=BANNER_CONNECTING pgs=0 cs=0 l=1 rev1=0 crypto rx=0 tx=0 comp rx=0 tx=0)._handle_peer_banner_payload supported=3 required=0
2024-05-21T00:49:47.277 INFO:teuthology.orchestra.run.smithi007.stdout:/usr/bin/ceph: stderr
2024-05-21T00:49:46.285+0000 7f8716a00700 1 --2- 172.21.15.7:0/3137422903 >> [v2:172.21.15.7:6800/832858288,v1:172.21.15.7:6801/832858288] conn(0x7f870403e4c0 0x7f8704040980 secure :-1 s=READY pgs=13 cs=0 l=1 rev1=1 crypto rx=0x7f8708006fd0 tx=0x7f8708006e40 comp rx=0 tx=0).ready entity=mgr.14120 client_cookie=0 server_cookie=0 in_seq=0 out_seq=0
2024-05-21T00:49:47.277 INFO:teuthology.orchestra.run.smithi007.stdout:/usr/bin/ceph: stderr
2024-05-21T00:49:46.290+0000 7f871cc00700 1 -- 172.21.15.7:0/3137422903 <== mon.0 v2:172.21.15.7:3300/0 6 ==== mon_command_ack([{"prefix": "get_command_descriptions"}]=0 v0) ==== 72+0+191963 (secure 0 0 0) 0x7f871002a020 con 0x7f872007f720
2024-05-21T00:49:47.277 INFO:teuthology.orchestra.run.smithi007.stdout:/usr/bin/ceph: stderr
2024-05-21T00:49:46.539+0000 7f871cc00700 1 -- 172.21.15.7:0/3137422903 <== mon.0 v2:172.21.15.7:3300/0 7 ==== config(26 keys) ==== 1101+0+0 (secure 0 0 0) 0x7f871001a2d0 con 0x7f872007f720
2024-05-21T00:49:47.277 INFO:teuthology.orchestra.run.smithi007.stdout:/usr/bin/ceph: stderr
2024-05-21T00:49:46.582+0000 7f8726600700 1 -- 172.21.15.7:0/3137422903 --> [v2:172.21.15.7:6800/832858288,v1:172.21.15.7:6801/832858288] -- mgr_command(tid 0: {"prefix": "orch apply", "service_type": "mgr", "unmanaged": true, "target": ["mon-mgr", ""]}) -- 0x7f872002e940 con 0x7f870403e4c0
2024-05-21T00:49:47.277 INFO:teuthology.orchestra.run.smithi007.stdout:/usr/bin/ceph: stderr
2024-05-21T00:49:46.589+0000 7f871cc00700 1 -- 172.21.15.7:0/3137422903 <== mgr.14120 v2:172.21.15.7:6800/832858288 1 ==== mgr_command_reply(tid 0: 0 ) ==== 8+0+24 (secure 0 0 0) 0x7f872002e940 con 0x7f870403e4c0
2024-05-21T00:49:47.277 INFO:teuthology.orchestra.run.smithi007.stdout:/usr/bin/ceph: stderr
2024-05-21T00:49:46.591+0000 7f8726600700 1 -- 172.21.15.7:0/3137422903 >> [v2:172.21.15.7:6800/832858288,v1:172.21.15.7:6801/832858288] conn(0x7f870403e4c0 msgr2=0x7f8704040980 secure :-1 s=STATE_CONNECTION_ESTABLISHED l=1).mark_down
2024-05-21T00:49:47.278 INFO:teuthology.orchestra.run.smithi007.stdout:/usr/bin/ceph: stderr
2024-05-21T00:49:46.591+0000 7f8726600700 1 --2- 172.21.15.7:0/3137422903 >> [v2:172.21.15.7:6800/832858288,v1:172.21.15.7:6801/832858288] conn(0x7f870403e4c0 0x7f8704040980 secure :-1 s=READY pgs=13 cs=0 l=1 rev1=1 crypto rx=0x7f8708006fd0 tx=0x7f8708006e40 comp rx=0 tx=0).stop
2024-05-21T00:49:47.278 INFO:teuthology.orchestra.run.smithi007.stdout:/usr/bin/ceph: stderr
2024-05-21T00:49:46.591+0000 7f8726600700 1 -- 172.21.15.7:0/3137422903 >> [v2:172.21.15.7:3300/0,v1:172.21.15.7:6789/0] conn(0x7f872007f720 msgr2=0x7f87201a33a0 secure :-1 s=STATE_CONNECTION_ESTABLISHED l=1).mark_down
2024-05-21T00:49:47.278 INFO:teuthology.orchestra.run.smithi007.stdout:/usr/bin/ceph: stderr
2024-05-21T00:49:46.591+0000 7f8726600700 1 --2- 172.21.15.7:0/3137422903 >> [v2:172.21.15.7:3300/0,v1:172.21.15.7:6789/0] conn(0x7f872007f720 0x7f87201a33a0 secure :-1 s=READY pgs=50 cs=0 l=1 rev1=1 crypto rx=0x7f8710000f80 tx=0x7f871000bdc0 comp rx=0 tx=0).stop
2024-05-21T00:49:47.278 INFO:teuthology.orchestra.run.smithi007.stdout:/usr/bin/ceph: stderr
2024-05-21T00:49:46.592+0000 7f8726600700 1 -- 172.21.15.7:0/3137422903 shutdown_connections
2024-05-21T00:49:47.278 INFO:teuthology.orchestra.run.smithi007.stdout:/usr/bin/ceph: stderr
2024-05-21T00:49:46.592+0000 7f8726600700 1 --2- 172.21.15.7:0/3137422903 >> [v2:172.21.15.7:6800/832858288,v1:172.21.15.7:6801/832858288] conn(0x7f870403e4c0 0x7f8704040980 unknown :-1 s=CLOSED pgs=13 cs=0 l=1 rev1=1 crypto rx=0 tx=0 comp rx=0 tx=0).stop
2024-05-21T00:49:47.278 INFO:teuthology.orchestra.run.smithi007.stdout:/usr/bin/ceph: stderr
2024-05-21T00:49:46.592+0000 7f8726600700 1 --2- 172.21.15.7:0/3137422903 >> [v2:172.21.15.7:3300/0,v1:172.21.15.7:6789/0] conn(0x7f872007f720 0x7f87201a33a0 unknown :-1 s=CLOSED pgs=50 cs=0 l=1 rev1=1 crypto rx=0 tx=0 comp rx=0 tx=0).stop
2024-05-21T00:49:47.278 INFO:teuthology.orchestra.run.smithi007.stdout:/usr/bin/ceph: stderr
2024-05-21T00:49:46.592+0000 7f8726600700 1 -- 172.21.15.7:0/3137422903 >> 172.21.15.7:0/3137422903 conn(0x7f8720104520 msgr2=0x7f872019a230 unknown :-1 s=STATE_NONE l=0).mark_down
2024-05-21T00:49:47.278 INFO:teuthology.orchestra.run.smithi007.stdout:/usr/bin/ceph: stderr
2024-05-21T00:49:46.592+0000 7f8726600700 1 -- 172.21.15.7:0/3137422903 shutdown_connections
2024-05-21T00:49:47.278 INFO:teuthology.orchestra.run.smithi007.stdout:/usr/bin/ceph: stderr
2024-05-21T00:49:46.592+0000 7f8726600700 1 -- 172.21.15.7:0/3137422903 wait complete.
2024-05-21T00:49:47.834 INFO:journalctl@ceph.mon.a.smithi007.stdout:May 21 00:49:47 smithi007 ceph-mon[31333]: pgmap v3: 0 pgs: ; 0 B data, 0 B used, 0 B / 0 B avail
2024-05-21T00:49:47.834 INFO:journalctl@ceph.mon.a.smithi007.stdout:May 21 00:49:47 smithi007 ceph-mon[31333]: from='mgr.14120 172.21.15.7:0/127689097' entity='mgr.x'
2024-05-21T00:49:47.834 INFO:journalctl@ceph.mon.a.smithi007.stdout:May 21 00:49:47 smithi007 ceph-mon[31333]: from='client.14144 -' entity='client.admin' cmd=[{"prefix": "orch apply", "service_type": "mgr", "unmanaged": true, "target": ["mon-mgr", ""]}]: dispatch
2024-05-21T00:49:47.834 INFO:journalctl@ceph.mon.a.smithi007.stdout:May 21 00:49:47 smithi007 ceph-mon[31333]: Saving service mgr spec with placement count:2
2024-05-21T00:49:47.834 INFO:journalctl@ceph.mon.a.smithi007.stdout:May 21 00:49:47 smithi007 ceph-mon[31333]: from='mgr.14120 172.21.15.7:0/127689097' entity='mgr.x'
2024-05-21T00:49:47.834 INFO:journalctl@ceph.mon.a.smithi007.stdout:May 21 00:49:47 smithi007 ceph-mon[31333]: from='mgr.14120 172.21.15.7:0/127689097' entity='mgr.x'
2024-05-21T00:49:49.129 INFO:teuthology.orchestra.run.smithi007.stdout:/usr/bin/ceph: stderr
2024-05-21T00:49:48.004+0000 7f3b86e00700 1 Processor -- start
2024-05-21T00:49:49.130 INFO:teuthology.orchestra.run.smithi007.stdout:/usr/bin/ceph: stderr
2024-05-21T00:49:48.004+0000 7f3b86e00700 1 -- start start
2024-05-21T00:49:49.130 INFO:teuthology.orchestra.run.smithi007.stdout:/usr/bin/ceph: stderr
2024-05-21T00:49:48.005+0000 7f3b86e00700 1 --2- >> [v2:172.21.15.7:3300/0,v1:172.21.15.7:6789/0] conn(0x7f3b801077e0 0x7f3b80107c00 unknown :-1 s=NONE pgs=0 cs=0 l=0 rev1=0 crypto rx=0 tx=0 comp rx=0 tx=0).connect
2024-05-21T00:49:49.130 INFO:teuthology.orchestra.run.smithi007.stdout:/usr/bin/ceph: stderr
2024-05-21T00:49:48.005+0000 7f3b86e00700 1 -- --> [v2:172.21.15.7:3300/0,v1:172.21.15.7:6789/0] -- mon_getmap magic: 0 -- 0x7f3b8007ce60 con 0x7f3b801077e0
2024-05-21T00:49:49.131 INFO:teuthology.orchestra.run.smithi007.stdout:/usr/bin/ceph: stderr
2024-05-21T00:49:48.005+0000 7f3b7fe00700 1 --2- >> [v2:172.21.15.7:3300/0,v1:172.21.15.7:6789/0] conn(0x7f3b801077e0 0x7f3b80107c00 unknown :-1 s=BANNER_CONNECTING pgs=0 cs=0 l=0 rev1=0 crypto rx=0 tx=0 comp rx=0 tx=0)._handle_peer_banner_payload supported=3 required=0
2024-05-21T00:49:49.131 INFO:teuthology.orchestra.run.smithi007.stdout:/usr/bin/ceph: stderr
2024-05-21T00:49:48.005+0000 7f3b7fe00700 1 --2- >> [v2:172.21.15.7:3300/0,v1:172.21.15.7:6789/0] conn(0x7f3b801077e0 0x7f3b80107c00 unknown :-1 s=HELLO_CONNECTING pgs=0 cs=0 l=0 rev1=1 crypto rx=0 tx=0 comp rx=0 tx=0).handle_hello peer v2:172.21.15.7:3300/0 says I am v2:172.21.15.7:46760/0 (socket says 172.21.15.7:46760)
2024-05-21T00:49:49.131 INFO:teuthology.orchestra.run.smithi007.stdout:/usr/bin/ceph: stderr
2024-05-21T00:49:48.005+0000 7f3b7fe00700 1 -- 172.21.15.7:0/1699957103 learned_addr learned my addr 172.21.15.7:0/1699957103 (peer_addr_for_me v2:172.21.15.7:0/0)
2024-05-21T00:49:49.132 INFO:teuthology.orchestra.run.smithi007.stdout:/usr/bin/ceph: stderr
2024-05-21T00:49:48.006+0000 7f3b7fe00700 1 -- 172.21.15.7:0/1699957103 --> [v2:172.21.15.7:3300/0,v1:172.21.15.7:6789/0] -- mon_subscribe({config=0+,monmap=0+}) -- 0x7f3b80108140 con 0x7f3b801077e0
2024-05-21T00:49:49.132 INFO:teuthology.orchestra.run.smithi007.stdout:/usr/bin/ceph: stderr
2024-05-21T00:49:48.006+0000 7f3b7fe00700 1 --2- 172.21.15.7:0/1699957103 >> [v2:172.21.15.7:3300/0,v1:172.21.15.7:6789/0] conn(0x7f3b801077e0 0x7f3b80107c00 secure :-1 s=READY pgs=51 cs=0 l=1 rev1=1 crypto rx=0x7f3b700098a0 tx=0x7f3b70009bb0 comp rx=0 tx=0).ready entity=mon.0 client_cookie=eb72843328c41363 server_cookie=0 in_seq=0 out_seq=0
2024-05-21T00:49:49.132 INFO:teuthology.orchestra.run.smithi007.stdout:/usr/bin/ceph: stderr
2024-05-21T00:49:48.006+0000 7f3b7f400700 1 -- 172.21.15.7:0/1699957103 <== mon.0 v2:172.21.15.7:3300/0 1 ==== mon_map magic: 0 ==== 205+0+0 (secure 0 0 0) 0x7f3b70004160 con 0x7f3b801077e0
2024-05-21T00:49:49.132 INFO:teuthology.orchestra.run.smithi007.stdout:/usr/bin/ceph: stderr
2024-05-21T00:49:48.006+0000 7f3b7f400700 1 -- 172.21.15.7:0/1699957103 <== mon.0 v2:172.21.15.7:3300/0 2 ==== config(26 keys) ==== 1101+0+0 (secure 0 0 0) 0x7f3b70004300 con 0x7f3b801077e0
2024-05-21T00:49:49.133 INFO:teuthology.orchestra.run.smithi007.stdout:/usr/bin/ceph: stderr
2024-05-21T00:49:48.007+0000 7f3b7f400700 1 -- 172.21.15.7:0/1699957103 <== mon.0 v2:172.21.15.7:3300/0 3 ==== mon_map magic: 0 ==== 205+0+0 (secure 0 0 0) 0x7f3b70011a20 con 0x7f3b801077e0
2024-05-21T00:49:49.133 INFO:teuthology.orchestra.run.smithi007.stdout:/usr/bin/ceph: stderr
2024-05-21T00:49:48.007+0000 7f3b86e00700 1 -- 172.21.15.7:0/1699957103 >> [v2:172.21.15.7:3300/0,v1:172.21.15.7:6789/0] conn(0x7f3b801077e0 msgr2=0x7f3b80107c00 secure :-1 s=STATE_CONNECTION_ESTABLISHED l=1).mark_down
2024-05-21T00:49:49.133 INFO:teuthology.orchestra.run.smithi007.stdout:/usr/bin/ceph: stderr
2024-05-21T00:49:48.007+0000 7f3b86e00700 1 --2- 172.21.15.7:0/1699957103 >> [v2:172.21.15.7:3300/0,v1:172.21.15.7:6789/0] conn(0x7f3b801077e0 0x7f3b80107c00 secure :-1 s=READY pgs=51 cs=0 l=1 rev1=1 crypto rx=0x7f3b700098a0 tx=0x7f3b70009bb0 comp rx=0 tx=0).stop
2024-05-21T00:49:49.134 INFO:teuthology.orchestra.run.smithi007.stdout:/usr/bin/ceph: stderr
2024-05-21T00:49:48.008+0000 7f3b86e00700 1 -- 172.21.15.7:0/1699957103 shutdown_connections
2024-05-21T00:49:49.134 INFO:teuthology.orchestra.run.smithi007.stdout:/usr/bin/ceph: stderr
2024-05-21T00:49:48.008+0000 7f3b86e00700 1 --2- 172.21.15.7:0/1699957103 >> [v2:172.21.15.7:3300/0,v1:172.21.15.7:6789/0] conn(0x7f3b801077e0 0x7f3b80107c00 unknown :-1 s=CLOSED pgs=51 cs=0 l=1 rev1=1 crypto rx=0 tx=0 comp rx=0 tx=0).stop
2024-05-21T00:49:49.134 INFO:teuthology.orchestra.run.smithi007.stdout:/usr/bin/ceph: stderr
2024-05-21T00:49:48.008+0000 7f3b86e00700 1 -- 172.21.15.7:0/1699957103 >> 172.21.15.7:0/1699957103 conn(0x7f3b80103420 msgr2=0x7f3b80105860 unknown :-1 s=STATE_NONE l=0).mark_down
2024-05-21T00:49:49.135 INFO:teuthology.orchestra.run.smithi007.stdout:/usr/bin/ceph: stderr
2024-05-21T00:49:48.008+0000 7f3b86e00700 1 -- 172.21.15.7:0/1699957103 shutdown_connections
2024-05-21T00:49:49.135 INFO:teuthology.orchestra.run.smithi007.stdout:/usr/bin/ceph: stderr
2024-05-21T00:49:48.008+0000 7f3b86e00700 1 -- 172.21.15.7:0/1699957103 wait complete.
2024-05-21T00:49:49.135 INFO:teuthology.orchestra.run.smithi007.stdout:/usr/bin/ceph: stderr
2024-05-21T00:49:48.009+0000 7f3b86e00700 1 Processor -- start
2024-05-21T00:49:49.135 INFO:teuthology.orchestra.run.smithi007.stdout:/usr/bin/ceph: stderr
2024-05-21T00:49:48.009+0000 7f3b86e00700 1 -- start start
2024-05-21T00:49:49.136 INFO:teuthology.orchestra.run.smithi007.stdout:/usr/bin/ceph: stderr
2024-05-21T00:49:48.009+0000 7f3b86e00700 1 --2- >> [v2:172.21.15.7:3300/0,v1:172.21.15.7:6789/0] conn(0x7f3b801077e0 0x7f3b8019efb0 unknown :-1 s=NONE pgs=0 cs=0 l=1 rev1=0 crypto rx=0 tx=0 comp rx=0 tx=0).connect
2024-05-21T00:49:49.140 INFO:teuthology.orchestra.run.smithi007.stdout:/usr/bin/ceph: stderr
2024-05-21T00:49:48.009+0000 7f3b86e00700 1 -- --> [v2:172.21.15.7:3300/0,v1:172.21.15.7:6789/0] -- mon_getmap magic: 0 -- 0x7f3b801091b0 con 0x7f3b801077e0
2024-05-21T00:49:49.141 INFO:teuthology.orchestra.run.smithi007.stdout:/usr/bin/ceph: stderr
2024-05-21T00:49:48.010+0000 7f3b7fe00700 1 --2- >> [v2:172.21.15.7:3300/0,v1:172.21.15.7:6789/0] conn(0x7f3b801077e0 0x7f3b8019efb0 unknown :-1 s=BANNER_CONNECTING pgs=0 cs=0 l=1 rev1=0 crypto rx=0 tx=0 comp rx=0 tx=0)._handle_peer_banner_payload supported=3 required=0
2024-05-21T00:49:49.141 INFO:teuthology.orchestra.run.smithi007.stdout:/usr/bin/ceph: stderr
2024-05-21T00:49:48.010+0000 7f3b7fe00700 1 --2- >> [v2:172.21.15.7:3300/0,v1:172.21.15.7:6789/0] conn(0x7f3b801077e0 0x7f3b8019efb0 unknown :-1 s=HELLO_CONNECTING pgs=0 cs=0 l=1 rev1=1 crypto rx=0 tx=0 comp rx=0 tx=0).handle_hello peer v2:172.21.15.7:3300/0 says I am v2:172.21.15.7:46774/0 (socket says 172.21.15.7:46774)
2024-05-21T00:49:49.141 INFO:teuthology.orchestra.run.smithi007.stdout:/usr/bin/ceph: stderr
2024-05-21T00:49:48.010+0000 7f3b7fe00700 1 -- 172.21.15.7:0/2202809450 learned_addr learned my addr 172.21.15.7:0/2202809450 (peer_addr_for_me v2:172.21.15.7:0/0)
2024-05-21T00:49:49.141 INFO:teuthology.orchestra.run.smithi007.stdout:/usr/bin/ceph: stderr
2024-05-21T00:49:48.010+0000 7f3b7fe00700 1 -- 172.21.15.7:0/2202809450 --> [v2:172.21.15.7:3300/0,v1:172.21.15.7:6789/0] -- mon_subscribe({config=0+,monmap=0+}) -- 0x7f3b8019f4f0 con 0x7f3b801077e0
2024-05-21T00:49:49.141 INFO:teuthology.orchestra.run.smithi007.stdout:/usr/bin/ceph: stderr
2024-05-21T00:49:48.011+0000 7f3b7fe00700 1 --2- 172.21.15.7:0/2202809450 >> [v2:172.21.15.7:3300/0,v1:172.21.15.7:6789/0] conn(0x7f3b801077e0 0x7f3b8019efb0 secure :-1 s=READY pgs=52 cs=0 l=1 rev1=1 crypto rx=0x7f3b70004660 tx=0x7f3b70011aa0 comp rx=0 tx=0).ready entity=mon.0 client_cookie=0 server_cookie=0 in_seq=0 out_seq=0
2024-05-21T00:49:49.141 INFO:teuthology.orchestra.run.smithi007.stdout:/usr/bin/ceph: stderr
2024-05-21T00:49:48.011+0000 7f3b7d600700 1 -- 172.21.15.7:0/2202809450 <== mon.0 v2:172.21.15.7:3300/0 1 ==== mon_map magic: 0 ==== 205+0+0 (secure 0 0 0) 0x7f3b70003aa0 con 0x7f3b801077e0
2024-05-21T00:49:49.141 INFO:teuthology.orchestra.run.smithi007.stdout:/usr/bin/ceph: stderr
2024-05-21T00:49:48.011+0000 7f3b7d600700 1 -- 172.21.15.7:0/2202809450 <== mon.0 v2:172.21.15.7:3300/0 2 ==== config(26 keys) ==== 1101+0+0 (secure 0 0 0) 0x7f3b7001b8f0 con 0x7f3b801077e0
2024-05-21T00:49:49.142 INFO:teuthology.orchestra.run.smithi007.stdout:/usr/bin/ceph: stderr
2024-05-21T00:49:48.011+0000 7f3b86e00700 1 -- 172.21.15.7:0/2202809450 --> [v2:172.21.15.7:3300/0,v1:172.21.15.7:6789/0] -- mon_subscribe({mgrmap=0+}) -- 0x7f3b8019f780 con 0x7f3b801077e0
2024-05-21T00:49:49.142 INFO:teuthology.orchestra.run.smithi007.stdout:/usr/bin/ceph: stderr
2024-05-21T00:49:48.011+0000 7f3b7d600700 1 -- 172.21.15.7:0/2202809450 <== mon.0 v2:172.21.15.7:3300/0 3 ==== mon_map magic: 0 ==== 205+0+0 (secure 0 0 0) 0x7f3b70023900 con 0x7f3b801077e0
2024-05-21T00:49:49.142 INFO:teuthology.orchestra.run.smithi007.stdout:/usr/bin/ceph: stderr
2024-05-21T00:49:48.011+0000 7f3b86e00700 1 -- 172.21.15.7:0/2202809450 --> [v2:172.21.15.7:3300/0,v1:172.21.15.7:6789/0] -- mon_subscribe({osdmap=0}) -- 0x7f3b801a2470 con 0x7f3b801077e0
2024-05-21T00:49:49.142 INFO:teuthology.orchestra.run.smithi007.stdout:/usr/bin/ceph: stderr
2024-05-21T00:49:48.013+0000 7f3b7d600700 1 -- 172.21.15.7:0/2202809450 <== mon.0 v2:172.21.15.7:3300/0 4 ==== mgrmap(e 8) ==== 50222+0+0 (secure 0 0 0) 0x7f3b70023b70 con 0x7f3b801077e0
2024-05-21T00:49:49.142 INFO:teuthology.orchestra.run.smithi007.stdout:/usr/bin/ceph: stderr
2024-05-21T00:49:48.013+0000 7f3b86e00700 1 -- 172.21.15.7:0/2202809450 --> [v2:172.21.15.7:3300/0,v1:172.21.15.7:6789/0] -- mon_command({"prefix": "get_command_descriptions"} v 0) -- 0x7f3b80064ba0 con 0x7f3b801077e0
2024-05-21T00:49:49.143 INFO:teuthology.orchestra.run.smithi007.stdout:/usr/bin/ceph: stderr
2024-05-21T00:49:48.013+0000 7f3b7d600700 1 --2- 172.21.15.7:0/2202809450 >> [v2:172.21.15.7:6800/832858288,v1:172.21.15.7:6801/832858288] conn(0x7f3b6403e4c0 0x7f3b64040980 unknown :-1 s=NONE pgs=0 cs=0 l=1 rev1=0 crypto rx=0 tx=0 comp rx=0 tx=0).connect
2024-05-21T00:49:49.143 INFO:teuthology.orchestra.run.smithi007.stdout:/usr/bin/ceph: stderr
2024-05-21T00:49:48.013+0000 7f3b7d600700 1 -- 172.21.15.7:0/2202809450 <== mon.0 v2:172.21.15.7:3300/0 5 ==== osd_map(2..2 src has 1..2) ==== 940+0+0 (secure 0 0 0) 0x7f3b70053e80 con 0x7f3b801077e0
2024-05-21T00:49:49.143 INFO:teuthology.orchestra.run.smithi007.stdout:/usr/bin/ceph: stderr
2024-05-21T00:49:48.014+0000 7f3b77e00700 1 --2- 172.21.15.7:0/2202809450 >> [v2:172.21.15.7:6800/832858288,v1:172.21.15.7:6801/832858288] conn(0x7f3b6403e4c0 0x7f3b64040980 unknown :-1 s=BANNER_CONNECTING pgs=0 cs=0 l=1 rev1=0 crypto rx=0 tx=0 comp rx=0 tx=0)._handle_peer_banner_payload supported=3 required=0
2024-05-21T00:49:49.143 INFO:teuthology.orchestra.run.smithi007.stdout:/usr/bin/ceph: stderr
2024-05-21T00:49:48.014+0000 7f3b77e00700 1 --2- 172.21.15.7:0/2202809450 >> [v2:172.21.15.7:6800/832858288,v1:172.21.15.7:6801/832858288] conn(0x7f3b6403e4c0 0x7f3b64040980 secure :-1 s=READY pgs=14 cs=0 l=1 rev1=1 crypto rx=0x7f3b68006fd0 tx=0x7f3b68006e40 comp rx=0 tx=0).ready entity=mgr.14120 client_cookie=0 server_cookie=0 in_seq=0 out_seq=0
2024-05-21T00:49:49.143 INFO:teuthology.orchestra.run.smithi007.stdout:/usr/bin/ceph: stderr
2024-05-21T00:49:48.019+0000 7f3b7d600700 1 -- 172.21.15.7:0/2202809450 <== mon.0 v2:172.21.15.7:3300/0 6 ==== mon_command_ack([{"prefix": "get_command_descriptions"}]=0 v0) ==== 72+0+191963 (secure 0 0 0) 0x7f3b7001f030 con 0x7f3b801077e0
2024-05-21T00:49:49.143 INFO:teuthology.orchestra.run.smithi007.stdout:/usr/bin/ceph: stderr
2024-05-21T00:49:48.268+0000 7f3b86e00700 1 -- 172.21.15.7:0/2202809450 --> [v2:172.21.15.7:3300/0,v1:172.21.15.7:6789/0] -- mon_command([{prefix=config set, name=mgr/cephadm/container_init}] v 0) -- 0x7f3b8002e7d0 con 0x7f3b801077e0
