2024-05-24T11:31:36.206 INFO:teuthology.orchestra.run.smithi039.stdout:/usr/bin/ceph: stderr
2024-05-24T11:31:35.548+0000 7f3905d69700 1 --2- >> [v2:172.21.15.39:3300/0,v1:172.21.15.39:6789/0] conn(0x7f3900105550 0x7f3900105970 unknown :-1 s=NONE pgs=0 cs=0 l=0 rev1=0 crypto rx=0 tx=0 comp rx=0 tx=0).connect
2024-05-24T11:31:36.206 INFO:teuthology.orchestra.run.smithi039.stdout:/usr/bin/ceph: stderr
2024-05-24T11:31:35.548+0000 7f3905d69700 1 -- --> [v2:172.21.15.39:3300/0,v1:172.21.15.39:6789/0] -- mon_getmap magic: 0 v1 -- 0x7f3900105f40 con 0x7f3900105550
2024-05-24T11:31:36.206 INFO:teuthology.orchestra.run.smithi039.stdout:/usr/bin/ceph: stderr
2024-05-24T11:31:35.549+0000 7f38ff7fe700 1 --2- >> [v2:172.21.15.39:3300/0,v1:172.21.15.39:6789/0] conn(0x7f3900105550 0x7f3900105970 unknown :-1 s=BANNER_CONNECTING pgs=0 cs=0 l=0 rev1=0 crypto rx=0 tx=0 comp rx=0 tx=0)._handle_peer_banner_payload supported=3 required=0
2024-05-24T11:31:36.206 INFO:teuthology.orchestra.run.smithi039.stdout:/usr/bin/ceph: stderr
2024-05-24T11:31:35.549+0000 7f38ff7fe700 1 --2- >> [v2:172.21.15.39:3300/0,v1:172.21.15.39:6789/0] conn(0x7f3900105550 0x7f3900105970 unknown :-1 s=HELLO_CONNECTING pgs=0 cs=0 l=0 rev1=1 crypto rx=0 tx=0 comp rx=0 tx=0).handle_hello peer v2:172.21.15.39:3300/0 says I am v2:172.21.15.39:38182/0 (socket says 172.21.15.39:38182)
2024-05-24T11:31:36.206 INFO:teuthology.orchestra.run.smithi039.stdout:/usr/bin/ceph: stderr
2024-05-24T11:31:35.549+0000 7f38ff7fe700 1 -- 172.21.15.39:0/1979838168 learned_addr learned my addr 172.21.15.39:0/1979838168 (peer_addr_for_me v2:172.21.15.39:0/0)
2024-05-24T11:31:36.207 INFO:teuthology.orchestra.run.smithi039.stdout:/usr/bin/ceph: stderr
2024-05-24T11:31:35.549+0000 7f38ff7fe700 1 -- 172.21.15.39:0/1979838168 --> [v2:172.21.15.39:3300/0,v1:172.21.15.39:6789/0] -- mon_subscribe({config=0+,monmap=0+}) v3 -- 0x7f3900106750 con 0x7f3900105550
2024-05-24T11:31:36.207 INFO:teuthology.orchestra.run.smithi039.stdout:/usr/bin/ceph: stderr
2024-05-24T11:31:35.549+0000 7f38ff7fe700 1 --2- 172.21.15.39:0/1979838168 >> [v2:172.21.15.39:3300/0,v1:172.21.15.39:6789/0] conn(0x7f3900105550 0x7f3900105970 secure :-1 s=READY pgs=57 cs=0 l=1 rev1=1 crypto rx=0x7f38f00098a0 tx=0x7f38f0009bb0 comp rx=0 tx=0).ready entity=mon.0 client_cookie=3c843422a4e5bc7e server_cookie=0 in_seq=0 out_seq=0
2024-05-24T11:31:36.207 INFO:teuthology.orchestra.run.smithi039.stdout:/usr/bin/ceph: stderr
2024-05-24T11:31:35.549+0000 7f38fe7fc700 1 -- 172.21.15.39:0/1979838168 <== mon.0 v2:172.21.15.39:3300/0 1 ==== mon_map magic: 0 v1 ==== 205+0+0 (secure 0 0 0) 0x7f38f0004160 con 0x7f3900105550
2024-05-24T11:31:36.207 INFO:teuthology.orchestra.run.smithi039.stdout:/usr/bin/ceph: stderr
2024-05-24T11:31:35.549+0000 7f38fe7fc700 1 -- 172.21.15.39:0/1979838168 <== mon.0 v2:172.21.15.39:3300/0 2 ==== config(25 keys) v1 ==== 1067+0+0 (secure 0 0 0) 0x7f38f00042c0 con 0x7f3900105550
2024-05-24T11:31:36.207 INFO:teuthology.orchestra.run.smithi039.stdout:/usr/bin/ceph: stderr
2024-05-24T11:31:35.549+0000 7f38fe7fc700 1 -- 172.21.15.39:0/1979838168 <== mon.0 v2:172.21.15.39:3300/0 3 ==== mon_map magic: 0 v1 ==== 205+0+0 (secure 0 0 0) 0x7f38f00118e0 con 0x7f3900105550
2024-05-24T11:31:36.207 INFO:teuthology.orchestra.run.smithi039.stdout:/usr/bin/ceph: stderr
2024-05-24T11:31:35.550+0000 7f3905d69700 1 -- 172.21.15.39:0/1979838168 >> [v2:172.21.15.39:3300/0,v1:172.21.15.39:6789/0] conn(0x7f3900105550 msgr2=0x7f3900105970 secure :-1 s=STATE_CONNECTION_ESTABLISHED l=1).mark_down
2024-05-24T11:31:36.207 INFO:teuthology.orchestra.run.smithi039.stdout:/usr/bin/ceph: stderr
2024-05-24T11:31:35.550+0000 7f3905d69700 1 --2- 172.21.15.39:0/1979838168 >> [v2:172.21.15.39:3300/0,v1:172.21.15.39:6789/0] conn(0x7f3900105550 0x7f3900105970 secure :-1 s=READY pgs=57 cs=0 l=1 rev1=1 crypto rx=0x7f38f00098a0 tx=0x7f38f0009bb0 comp rx=0 tx=0).stop
2024-05-24T11:31:36.207 INFO:teuthology.orchestra.run.smithi039.stdout:/usr/bin/ceph: stderr
2024-05-24T11:31:35.550+0000 7f3905d69700 1 -- 172.21.15.39:0/1979838168 shutdown_connections
2024-05-24T11:31:36.207 INFO:teuthology.orchestra.run.smithi039.stdout:/usr/bin/ceph: stderr
2024-05-24T11:31:35.550+0000 7f3905d69700 1 --2- 172.21.15.39:0/1979838168 >> [v2:172.21.15.39:3300/0,v1:172.21.15.39:6789/0] conn(0x7f3900105550 0x7f3900105970 unknown :-1 s=CLOSED pgs=57 cs=0 l=1 rev1=1 crypto rx=0 tx=0 comp rx=0 tx=0).stop
2024-05-24T11:31:36.207 INFO:teuthology.orchestra.run.smithi039.stdout:/usr/bin/ceph: stderr
2024-05-24T11:31:35.550+0000 7f3905d69700 1 -- 172.21.15.39:0/1979838168 >> 172.21.15.39:0/1979838168 conn(0x7f3900100b10 msgr2=0x7f3900102f30 unknown :-1 s=STATE_NONE l=0).mark_down
2024-05-24T11:31:36.207 INFO:teuthology.orchestra.run.smithi039.stdout:/usr/bin/ceph: stderr
2024-05-24T11:31:35.550+0000 7f3905d69700 1 -- 172.21.15.39:0/1979838168 shutdown_connections
2024-05-24T11:31:36.207 INFO:teuthology.orchestra.run.smithi039.stdout:/usr/bin/ceph: stderr
2024-05-24T11:31:35.550+0000 7f3905d69700 1 -- 172.21.15.39:0/1979838168 wait complete.
2024-05-24T11:31:36.207 INFO:teuthology.orchestra.run.smithi039.stdout:/usr/bin/ceph: stderr
2024-05-24T11:31:35.551+0000 7f3905d69700 1 Processor -- start
2024-05-24T11:31:36.208 INFO:teuthology.orchestra.run.smithi039.stdout:/usr/bin/ceph: stderr
2024-05-24T11:31:35.551+0000 7f3905d69700 1 -- start start
2024-05-24T11:31:36.208 INFO:teuthology.orchestra.run.smithi039.stdout:/usr/bin/ceph: stderr
2024-05-24T11:31:35.551+0000 7f3905d69700 1 --2- >> [v2:172.21.15.39:3300/0,v1:172.21.15.39:6789/0] conn(0x7f3900105550 0x7f390019c610 unknown :-1 s=NONE pgs=0 cs=0 l=1 rev1=0 crypto rx=0 tx=0 comp rx=0 tx=0).connect
2024-05-24T11:31:36.208 INFO:teuthology.orchestra.run.smithi039.stdout:/usr/bin/ceph: stderr
2024-05-24T11:31:35.551+0000 7f3905d69700 1 -- --> [v2:172.21.15.39:3300/0,v1:172.21.15.39:6789/0] -- mon_getmap magic: 0 v1 -- 0x7f390019cb50 con 0x7f3900105550
2024-05-24T11:31:36.208 INFO:teuthology.orchestra.run.smithi039.stdout:/usr/bin/ceph: stderr
2024-05-24T11:31:35.551+0000 7f38ff7fe700 1 --2- >> [v2:172.21.15.39:3300/0,v1:172.21.15.39:6789/0] conn(0x7f3900105550 0x7f390019c610 unknown :-1 s=BANNER_CONNECTING pgs=0 cs=0 l=1 rev1=0 crypto rx=0 tx=0 comp rx=0 tx=0)._handle_peer_banner_payload supported=3 required=0
2024-05-24T11:31:36.208 INFO:teuthology.orchestra.run.smithi039.stdout:/usr/bin/ceph: stderr
2024-05-24T11:31:35.551+0000 7f38ff7fe700 1 --2- >> [v2:172.21.15.39:3300/0,v1:172.21.15.39:6789/0] conn(0x7f3900105550 0x7f390019c610 unknown :-1 s=HELLO_CONNECTING pgs=0 cs=0 l=1 rev1=1 crypto rx=0 tx=0 comp rx=0 tx=0).handle_hello peer v2:172.21.15.39:3300/0 says I am v2:172.21.15.39:38196/0 (socket says 172.21.15.39:38196)
2024-05-24T11:31:36.208 INFO:teuthology.orchestra.run.smithi039.stdout:/usr/bin/ceph: stderr
2024-05-24T11:31:35.551+0000 7f38ff7fe700 1 -- 172.21.15.39:0/578985437 learned_addr learned my addr 172.21.15.39:0/578985437 (peer_addr_for_me v2:172.21.15.39:0/0)
2024-05-24T11:31:36.208 INFO:teuthology.orchestra.run.smithi039.stdout:/usr/bin/ceph: stderr
2024-05-24T11:31:35.552+0000 7f38ff7fe700 1 -- 172.21.15.39:0/578985437 --> [v2:172.21.15.39:3300/0,v1:172.21.15.39:6789/0] -- mon_subscribe({config=0+,monmap=0+}) v3 -- 0x7f38f0009550 con 0x7f3900105550
2024-05-24T11:31:36.208 INFO:teuthology.orchestra.run.smithi039.stdout:/usr/bin/ceph: stderr
2024-05-24T11:31:35.552+0000 7f38ff7fe700 1 --2- 172.21.15.39:0/578985437 >> [v2:172.21.15.39:3300/0,v1:172.21.15.39:6789/0] conn(0x7f3900105550 0x7f390019c610 secure :-1 s=READY pgs=58 cs=0 l=1 rev1=1 crypto rx=0x7f38f0003f70 tx=0x7f38f00119a0 comp rx=0 tx=0).ready entity=mon.0 client_cookie=0 server_cookie=0 in_seq=0 out_seq=0
2024-05-24T11:31:36.208 INFO:teuthology.orchestra.run.smithi039.stdout:/usr/bin/ceph: stderr
2024-05-24T11:31:35.552+0000 7f38fcff9700 1 -- 172.21.15.39:0/578985437 <== mon.0 v2:172.21.15.39:3300/0 1 ==== mon_map magic: 0 v1 ==== 205+0+0 (secure 0 0 0) 0x7f38f00036a0 con 0x7f3900105550
2024-05-24T11:31:36.208 INFO:teuthology.orchestra.run.smithi039.stdout:/usr/bin/ceph: stderr
2024-05-24T11:31:35.552+0000 7f38fcff9700 1 -- 172.21.15.39:0/578985437 <== mon.0 v2:172.21.15.39:3300/0 2 ==== config(25 keys) v1 ==== 1067+0+0 (secure 0 0 0) 0x7f38f001b440 con 0x7f3900105550
2024-05-24T11:31:36.208 INFO:teuthology.orchestra.run.smithi039.stdout:/usr/bin/ceph: stderr
2024-05-24T11:31:35.552+0000 7f3905d69700 1 -- 172.21.15.39:0/578985437 --> [v2:172.21.15.39:3300/0,v1:172.21.15.39:6789/0] -- mon_subscribe({mgrmap=0+}) v3 -- 0x7f390019cd50 con 0x7f3900105550
2024-05-24T11:31:36.209 INFO:teuthology.orchestra.run.smithi039.stdout:/usr/bin/ceph: stderr
2024-05-24T11:31:35.552+0000 7f38fcff9700 1 -- 172.21.15.39:0/578985437 <== mon.0 v2:172.21.15.39:3300/0 3 ==== mon_map magic: 0 v1 ==== 205+0+0 (secure 0 0 0) 0x7f38f0023400 con 0x7f3900105550
2024-05-24T11:31:36.209 INFO:teuthology.orchestra.run.smithi039.stdout:/usr/bin/ceph: stderr
2024-05-24T11:31:35.552+0000 7f3905d69700 1 -- 172.21.15.39:0/578985437 --> [v2:172.21.15.39:3300/0,v1:172.21.15.39:6789/0] -- mon_subscribe({osdmap=0}) v3 -- 0x7f390019d1f0 con 0x7f3900105550
2024-05-24T11:31:36.209 INFO:teuthology.orchestra.run.smithi039.stdout:/usr/bin/ceph: stderr
2024-05-24T11:31:35.553+0000 7f38fcff9700 1 -- 172.21.15.39:0/578985437 <== mon.0 v2:172.21.15.39:3300/0 4 ==== mgrmap(e 9) v1 ==== 45554+0+0 (secure 0 0 0) 0x7f38f0003800 con 0x7f3900105550
2024-05-24T11:31:36.209 INFO:teuthology.orchestra.run.smithi039.stdout:/usr/bin/ceph: stderr
2024-05-24T11:31:35.553+0000 7f3905d69700 1 -- 172.21.15.39:0/578985437 --> [v2:172.21.15.39:3300/0,v1:172.21.15.39:6789/0] -- mon_command({"prefix": "get_command_descriptions"} v 0) v1 -- 0x7f3900196930 con 0x7f3900105550
2024-05-24T11:31:36.209 INFO:teuthology.orchestra.run.smithi039.stdout:/usr/bin/ceph: stderr
2024-05-24T11:31:35.553+0000 7f38fcff9700 1 --2- 172.21.15.39:0/578985437 >> [v2:172.21.15.39:6800/3960296835,v1:172.21.15.39:6801/3960296835] conn(0x7f38e8038750 0x7f38e803ac10 unknown :-1 s=NONE pgs=0 cs=0 l=1 rev1=0 crypto rx=0 tx=0 comp rx=0 tx=0).connect
2024-05-24T11:31:36.209 INFO:teuthology.orchestra.run.smithi039.stdout:/usr/bin/ceph: stderr
2024-05-24T11:31:35.553+0000 7f38fcff9700 1 -- 172.21.15.39:0/578985437 <== mon.0 v2:172.21.15.39:3300/0 5 ==== osd_map(2..2 src has 1..2) v4 ==== 940+0+0 (secure 0 0 0) 0x7f38f004c6b0 con 0x7f3900105550
2024-05-24T11:31:36.209 INFO:teuthology.orchestra.run.smithi039.stdout:/usr/bin/ceph: stderr
2024-05-24T11:31:35.553+0000 7f38feffd700 1 -- 172.21.15.39:0/578985437 >> [v2:172.21.15.39:6800/3960296835,v1:172.21.15.39:6801/3960296835] conn(0x7f38e8038750 msgr2=0x7f38e803ac10 unknown :-1 s=STATE_CONNECTING_RE l=1).process reconnect failed to v2:172.21.15.39:6800/3960296835
2024-05-24T11:31:36.209 INFO:teuthology.orchestra.run.smithi039.stdout:/usr/bin/ceph: stderr
2024-05-24T11:31:35.553+0000 7f38feffd700 1 --2- 172.21.15.39:0/578985437 >> [v2:172.21.15.39:6800/3960296835,v1:172.21.15.39:6801/3960296835] conn(0x7f38e8038750 0x7f38e803ac10 unknown :-1 s=START_CONNECT pgs=0 cs=0 l=1 rev1=0 crypto rx=0 tx=0 comp rx=0 tx=0)._fault waiting 0.200000
2024-05-24T11:31:36.209 INFO:teuthology.orchestra.run.smithi039.stdout:/usr/bin/ceph: stderr
2024-05-24T11:31:35.558+0000 7f38fcff9700 1 -- 172.21.15.39:0/578985437 <== mon.0 v2:172.21.15.39:3300/0 6 ==== mon_command_ack([{"prefix": "get_command_descriptions"}]=0 v0) v1 ==== 72+0+183622 (secure 0 0 0) 0x7f38f002b350 con 0x7f3900105550
2024-05-24T11:31:36.209 INFO:teuthology.orchestra.run.smithi039.stdout:/usr/bin/ceph: stderr
2024-05-24T11:31:35.754+0000 7f38feffd700 1 -- 172.21.15.39:0/578985437 >> [v2:172.21.15.39:6800/3960296835,v1:172.21.15.39:6801/3960296835] conn(0x7f38e8038750 msgr2=0x7f38e803ac10 unknown :-1 s=STATE_CONNECTING_RE l=1).process reconnect failed to v2:172.21.15.39:6800/3960296835
2024-05-24T11:31:36.209 INFO:teuthology.orchestra.run.smithi039.stdout:/usr/bin/ceph: stderr
2024-05-24T11:31:35.754+0000 7f38feffd700 1 --2- 172.21.15.39:0/578985437 >> [v2:172.21.15.39:6800/3960296835,v1:172.21.15.39:6801/3960296835] conn(0x7f38e8038750 0x7f38e803ac10 unknown :-1 s=START_CONNECT pgs=0 cs=0 l=1 rev1=0 crypto rx=0 tx=0 comp rx=0 tx=0)._fault waiting 0.400000
2024-05-24T11:31:36.209 INFO:teuthology.orchestra.run.smithi039.stdout:/usr/bin/ceph: stderr
2024-05-24T11:31:35.819+0000 7f3905d69700 1 -- 172.21.15.39:0/578985437 --> [v2:172.21.15.39:3300/0,v1:172.21.15.39:6789/0] -- mon_command({"prefix": "mgr stat"} v 0) v1 -- 0x7f3900109950 con 0x7f3900105550
2024-05-24T11:31:36.209 INFO:teuthology.orchestra.run.smithi039.stdout:/usr/bin/ceph: stderr
2024-05-24T11:31:35.820+0000 7f38fcff9700 1 -- 172.21.15.39:0/578985437 <== mon.0 v2:172.21.15.39:3300/0 7 ==== mon_command_ack([{"prefix": "mgr stat"}]=0 v9) v1 ==== 56+0+88 (secure 0 0 0) 0x7f38f002b350 con 0x7f3900105550
2024-05-24T11:31:36.209 INFO:teuthology.orchestra.run.smithi039.stdout:/usr/bin/ceph: stderr
2024-05-24T11:31:35.822+0000 7f3905d69700 1 -- 172.21.15.39:0/578985437 >> [v2:172.21.15.39:6800/3960296835,v1:172.21.15.39:6801/3960296835] conn(0x7f38e8038750 msgr2=0x7f38e803ac10 unknown :-1 s=STATE_CONNECTING l=1).mark_down
2024-05-24T11:31:36.210 INFO:teuthology.orchestra.run.smithi039.stdout:/usr/bin/ceph: stderr
2024-05-24T11:31:35.822+0000 7f3905d69700 1 --2- 172.21.15.39:0/578985437 >> [v2:172.21.15.39:6800/3960296835,v1:172.21.15.39:6801/3960296835] conn(0x7f38e8038750 0x7f38e803ac10 unknown :-1 s=START_CONNECT pgs=0 cs=0 l=1 rev1=0 crypto rx=0 tx=0 comp rx=0 tx=0).stop
2024-05-24T11:31:36.210 INFO:teuthology.orchestra.run.smithi039.stdout:/usr/bin/ceph: stderr
2024-05-24T11:31:35.822+0000 7f3905d69700 1 -- 172.21.15.39:0/578985437 >> [v2:172.21.15.39:3300/0,v1:172.21.15.39:6789/0] conn(0x7f3900105550 msgr2=0x7f390019c610 secure :-1 s=STATE_CONNECTION_ESTABLISHED l=1).mark_down
2024-05-24T11:31:36.210 INFO:teuthology.orchestra.run.smithi039.stdout:/usr/bin/ceph: stderr
2024-05-24T11:31:35.822+0000 7f3905d69700 1 --2- 172.21.15.39:0/578985437 >> [v2:172.21.15.39:3300/0,v1:172.21.15.39:6789/0] conn(0x7f3900105550 0x7f390019c610 secure :-1 s=READY pgs=58 cs=0 l=1 rev1=1 crypto rx=0x7f38f0003f70 tx=0x7f38f00119a0 comp rx=0 tx=0).stop
2024-05-24T11:31:36.210 INFO:teuthology.orchestra.run.smithi039.stdout:/usr/bin/ceph: stderr
2024-05-24T11:31:35.822+0000 7f3905d69700 1 -- 172.21.15.39:0/578985437 shutdown_connections
2024-05-24T11:31:36.210 INFO:teuthology.orchestra.run.smithi039.stdout:/usr/bin/ceph: stderr
2024-05-24T11:31:35.822+0000 7f3905d69700 1 --2- 172.21.15.39:0/578985437 >> [v2:172.21.15.39:6800/3960296835,v1:172.21.15.39:6801/3960296835] conn(0x7f38e8038750 0x7f38e803ac10 unknown :-1 s=CLOSED pgs=0 cs=0 l=1 rev1=0 crypto rx=0 tx=0 comp rx=0 tx=0).stop
2024-05-24T11:31:36.210 INFO:teuthology.orchestra.run.smithi039.stdout:/usr/bin/ceph: stderr
2024-05-24T11:31:35.822+0000 7f3905d69700 1 --2- 172.21.15.39:0/578985437 >> [v2:172.21.15.39:3300/0,v1:172.21.15.39:6789/0] conn(0x7f3900105550 0x7f390019c610 unknown :-1 s=CLOSED pgs=58 cs=0 l=1 rev1=1 crypto rx=0 tx=0 comp rx=0 tx=0).stop
2024-05-24T11:31:36.210 INFO:teuthology.orchestra.run.smithi039.stdout:/usr/bin/ceph: stderr
2024-05-24T11:31:35.822+0000 7f3905d69700 1 -- 172.21.15.39:0/578985437 >> 172.21.15.39:0/578985437 conn(0x7f3900100b10 msgr2=0x7f3900101ae0 unknown :-1 s=STATE_NONE l=0).mark_down
2024-05-24T11:31:36.210 INFO:teuthology.orchestra.run.smithi039.stdout:/usr/bin/ceph: stderr
2024-05-24T11:31:35.822+0000 7f3905d69700 1 -- 172.21.15.39:0/578985437 shutdown_connections
2024-05-24T11:31:36.210 INFO:teuthology.orchestra.run.smithi039.stdout:/usr/bin/ceph: stderr
2024-05-24T11:31:35.822+0000 7f3905d69700 1 -- 172.21.15.39:0/578985437 wait complete.
2024-05-24T11:31:36.210 INFO:teuthology.orchestra.run.smithi039.stdout:Waiting for the mgr to restart...
2024-05-24T11:31:36.210 INFO:teuthology.orchestra.run.smithi039.stdout:Waiting for mgr epoch 9...
2024-05-24T11:31:36.325 INFO:journalctl@ceph.mgr.x.smithi039.stdout:May 24 11:31:36 smithi039 ceph-f68008c4-19c0-11ef-bc9a-c7b262605968-mgr-x[43169]:
2024-05-24T11:31:36.140+0000 7fb8f8abe200 -1 mgr[py] Module orchestrator has missing NOTIFY_TYPES member
2024-05-24T11:31:36.628 INFO:journalctl@ceph.mgr.x.smithi039.stdout:May 24 11:31:36 smithi039 ceph-f68008c4-19c0-11ef-bc9a-c7b262605968-mgr-x[43169]:
2024-05-24T11:31:36.413+0000 7fb8f8abe200 -1 mgr[py] Module nfs has missing NOTIFY_TYPES member
2024-05-24T11:31:36.628 INFO:journalctl@ceph.mgr.x.smithi039.stdout:May 24 11:31:36 smithi039 ceph-f68008c4-19c0-11ef-bc9a-c7b262605968-mgr-x[43169]:
2024-05-24T11:31:36.506+0000 7fb8f8abe200 -1 mgr[py] Module zabbix has missing NOTIFY_TYPES member
2024-05-24T11:31:36.931 INFO:journalctl@ceph.mon.a.smithi039.stdout:May 24 11:31:36 smithi039 ceph-mon[42919]: from='client.? 172.21.15.39:0/578985437' entity='client.admin' cmd=[{"prefix": "mgr stat"}]: dispatch
2024-05-24T11:31:36.931 INFO:journalctl@ceph.mgr.x.smithi039.stdout:May 24 11:31:36 smithi039 ceph-f68008c4-19c0-11ef-bc9a-c7b262605968-mgr-x[43169]:
2024-05-24T11:31:36.624+0000 7fb8f8abe200 -1 mgr[py] Module rbd_support has missing NOTIFY_TYPES member
2024-05-24T11:31:36.931 INFO:journalctl@ceph.mgr.x.smithi039.stdout:May 24 11:31:36 smithi039 ceph-f68008c4-19c0-11ef-bc9a-c7b262605968-mgr-x[43169]:
2024-05-24T11:31:36.790+0000 7fb8f8abe200 -1 mgr[py] Module status has missing NOTIFY_TYPES member
2024-05-24T11:31:36.931 INFO:journalctl@ceph.mgr.x.smithi039.stdout:May 24 11:31:36 smithi039 ceph-f68008c4-19c0-11ef-bc9a-c7b262605968-mgr-x[43169]:
2024-05-24T11:31:36.924+0000 7fb8f8abe200 -1 mgr[py] Module diskprediction_local has missing NOTIFY_TYPES member
2024-05-24T11:31:37.325 INFO:journalctl@ceph.mgr.x.smithi039.stdout:May 24 11:31:37 smithi039 ceph-f68008c4-19c0-11ef-bc9a-c7b262605968-mgr-x[43169]:
2024-05-24T11:31:37.014+0000 7fb8f8abe200 -1 mgr[py] Module telegraf has missing NOTIFY_TYPES member
2024-05-24T11:31:37.813 INFO:journalctl@ceph.mgr.x.smithi039.stdout:May 24 11:31:37 smithi039 ceph-f68008c4-19c0-11ef-bc9a-c7b262605968-mgr-x[43169]:
2024-05-24T11:31:37.402+0000 7fb8f8abe200 -1 mgr[py] Module influx has missing NOTIFY_TYPES member
2024-05-24T11:31:37.814 INFO:journalctl@ceph.mgr.x.smithi039.stdout:May 24 11:31:37 smithi039 ceph-f68008c4-19c0-11ef-bc9a-c7b262605968-mgr-x[43169]:
2024-05-24T11:31:37.810+0000 7fb8f8abe200 -1 mgr[py] Module pg_autoscaler has missing NOTIFY_TYPES member
2024-05-24T11:31:38.075 INFO:journalctl@ceph.mgr.x.smithi039.stdout:May 24 11:31:38 smithi039 ceph-f68008c4-19c0-11ef-bc9a-c7b262605968-mgr-x[43169]:
2024-05-24T11:31:38.014+0000 7fb8f8abe200 -1 mgr[py] Module rgw has missing NOTIFY_TYPES member
2024-05-24T11:31:38.575 INFO:journalctl@ceph.mgr.x.smithi039.stdout:May 24 11:31:38 smithi039 ceph-f68008c4-19c0-11ef-bc9a-c7b262605968-mgr-x[43169]:
2024-05-24T11:31:38.112+0000 7fb8f8abe200 -1 mgr[py] Module balancer has missing NOTIFY_TYPES member
2024-05-24T11:31:39.176 INFO:journalctl@ceph.mgr.x.smithi039.stdout:May 24 11:31:38 smithi039 ceph-f68008c4-19c0-11ef-bc9a-c7b262605968-mgr-x[43169]:
2024-05-24T11:31:38.913+0000 7fb8f8abe200 -1 mgr[py] Module iostat has missing NOTIFY_TYPES member
2024-05-24T11:31:39.176 INFO:journalctl@ceph.mgr.x.smithi039.stdout:May 24 11:31:39 smithi039 ceph-f68008c4-19c0-11ef-bc9a-c7b262605968-mgr-x[43169]:
2024-05-24T11:31:39.015+0000 7fb8f8abe200 -1 mgr[py] Module snap_schedule has missing NOTIFY_TYPES member
2024-05-24T11:31:39.176 INFO:journalctl@ceph.mgr.x.smithi039.stdout:May 24 11:31:39 smithi039 ceph-f68008c4-19c0-11ef-bc9a-c7b262605968-mgr-x[43169]:
2024-05-24T11:31:39.172+0000 7fb8f8abe200 -1 mgr[py] Module telemetry has missing NOTIFY_TYPES member
2024-05-24T11:31:40.230 INFO:journalctl@ceph.mgr.x.smithi039.stdout:May 24 11:31:39 smithi039 ceph-f68008c4-19c0-11ef-bc9a-c7b262605968-mgr-x[43169]:
2024-05-24T11:31:39.832+0000 7fb8f8abe200 -1 mgr[py] Module rook has missing NOTIFY_TYPES member
2024-05-24T11:31:40.231 INFO:journalctl@ceph.mgr.x.smithi039.stdout:May 24 11:31:40 smithi039 ceph-f68008c4-19c0-11ef-bc9a-c7b262605968-mgr-x[43169]:
2024-05-24T11:31:40.023+0000 7fb8f8abe200 -1 mgr[py] Module selftest has missing NOTIFY_TYPES member
2024-05-24T11:31:40.231 INFO:journalctl@ceph.mgr.x.smithi039.stdout:May 24 11:31:40 smithi039 ceph-f68008c4-19c0-11ef-bc9a-c7b262605968-mgr-x[43169]:
2024-05-24T11:31:40.227+0000 7fb8f8abe200 -1 mgr[py] Module devicehealth has missing NOTIFY_TYPES member
2024-05-24T11:31:41.509 INFO:journalctl@ceph.mgr.x.smithi039.stdout:May 24 11:31:41 smithi039 ceph-f68008c4-19c0-11ef-bc9a-c7b262605968-mgr-x[43169]:
2024-05-24T11:31:41.203+0000 7fb8f8abe200 -1 mgr[py] Module volumes has missing NOTIFY_TYPES member
2024-05-24T11:31:41.803 INFO:journalctl@ceph.mgr.x.smithi039.stdout:May 24 11:31:41 smithi039 ceph-f68008c4-19c0-11ef-bc9a-c7b262605968-mgr-x[43169]:
2024-05-24T11:31:41.506+0000 7fb8f8abe200 -1 mgr[py] Module test_orchestrator has missing NOTIFY_TYPES member
2024-05-24T11:31:41.803 INFO:journalctl@ceph.mgr.x.smithi039.stdout:May 24 11:31:41 smithi039 ceph-f68008c4-19c0-11ef-bc9a-c7b262605968-mgr-x[43169]:
2024-05-24T11:31:41.599+0000 7fb8f8abe200 -1 mgr[py] Module osd_support has missing NOTIFY_TYPES member
2024-05-24T11:31:41.803 INFO:journalctl@ceph.mgr.x.smithi039.stdout:May 24 11:31:41 smithi039 ceph-f68008c4-19c0-11ef-bc9a-c7b262605968-mgr-x[43169]:
2024-05-24T11:31:41.800+0000 7fb8f8abe200 -1 mgr[py] Module crash has missing NOTIFY_TYPES member
2024-05-24T11:31:42.075 INFO:journalctl@ceph.mon.a.smithi039.stdout:May 24 11:31:41 smithi039 ceph-mon[42919]: Active manager daemon x restarted
2024-05-24T11:31:42.076 INFO:journalctl@ceph.mon.a.smithi039.stdout:May 24 11:31:41 smithi039 ceph-mon[42919]: Activating manager daemon x
2024-05-24T11:31:42.076 INFO:journalctl@ceph.mon.a.smithi039.stdout:May 24 11:31:41 smithi039 ceph-mon[42919]: osdmap e3: 0 total, 0 up, 0 in
2024-05-24T11:31:42.076 INFO:journalctl@ceph.mon.a.smithi039.stdout:May 24 11:31:41 smithi039 ceph-mon[42919]: mgrmap e10: x(active, starting, since 0.00508762s)
2024-05-24T11:31:42.076 INFO:journalctl@ceph.mon.a.smithi039.stdout:May 24 11:31:41 smithi039 ceph-mon[42919]: from='mgr.14150 172.21.15.39:0/3733443041' entity='mgr.x' cmd=[{"prefix": "mon metadata", "id": "a"}]: dispatch
2024-05-24T11:31:42.076 INFO:journalctl@ceph.mon.a.smithi039.stdout:May 24 11:31:41 smithi039 ceph-mon[42919]: from='mgr.14150 172.21.15.39:0/3733443041' entity='mgr.x' cmd=[{"prefix": "mgr metadata", "who": "x", "id": "x"}]: dispatch
2024-05-24T11:31:42.076 INFO:journalctl@ceph.mon.a.smithi039.stdout:May 24 11:31:41 smithi039 ceph-mon[42919]: from='mgr.14150 172.21.15.39:0/3733443041' entity='mgr.x' cmd=[{"prefix": "mds metadata"}]: dispatch
2024-05-24T11:31:42.076 INFO:journalctl@ceph.mon.a.smithi039.stdout:May 24 11:31:41 smithi039 ceph-mon[42919]: from='mgr.14150 172.21.15.39:0/3733443041' entity='mgr.x' cmd=[{"prefix": "osd metadata"}]: dispatch
2024-05-24T11:31:42.076 INFO:journalctl@ceph.mon.a.smithi039.stdout:May 24 11:31:41 smithi039 ceph-mon[42919]: from='mgr.14150 172.21.15.39:0/3733443041' entity='mgr.x' cmd=[{"prefix": "mon metadata"}]: dispatch
2024-05-24T11:31:42.076 INFO:journalctl@ceph.mon.a.smithi039.stdout:May 24 11:31:41 smithi039 ceph-mon[42919]: Manager daemon x is now available
2024-05-24T11:31:42.077 INFO:journalctl@ceph.mon.a.smithi039.stdout:May 24 11:31:41 smithi039 ceph-mon[42919]: from='mgr.14150 172.21.15.39:0/3733443041' entity='mgr.x' cmd=[{"prefix": "config dump", "format": "json"}]: dispatch
2024-05-24T11:31:43.118 INFO:journalctl@ceph.mon.a.smithi039.stdout:May 24 11:31:42 smithi039 ceph-mon[42919]: from='mgr.14150 172.21.15.39:0/3733443041' entity='mgr.x' cmd=[{"prefix":"config rm","who":"mgr","name":"mgr/rbd_support/x/mirror_snapshot_schedule"}]: dispatch
2024-05-24T11:31:43.118 INFO:journalctl@ceph.mon.a.smithi039.stdout:May 24 11:31:42 smithi039 ceph-mon[42919]: from='mgr.14150 172.21.15.39:0/3733443041' entity='mgr.x' cmd=[{"prefix":"config rm","who":"mgr","name":"mgr/rbd_support/x/trash_purge_schedule"}]: dispatch
2024-05-24T11:31:43.118 INFO:journalctl@ceph.mon.a.smithi039.stdout:May 24 11:31:42 smithi039 ceph-mon[42919]: mgrmap e11: x(active, since 1.00577s)
2024-05-24T11:31:43.119 INFO:journalctl@ceph.mon.a.smithi039.stdout:May 24 11:31:42 smithi039 ceph-mon[42919]: from='mgr.14150 172.21.15.39:0/3733443041' entity='mgr.x'
2024-05-24T11:31:43.228 INFO:teuthology.orchestra.run.smithi039.stdout:/usr/bin/ceph: stdout {
2024-05-24T11:31:43.228 INFO:teuthology.orchestra.run.smithi039.stdout:/usr/bin/ceph: stdout "mgrmap_epoch": 11,
2024-05-24T11:31:43.228 INFO:teuthology.orchestra.run.smithi039.stdout:/usr/bin/ceph: stdout "initialized": true
2024-05-24T11:31:43.229 INFO:teuthology.orchestra.run.smithi039.stdout:/usr/bin/ceph: stdout }
2024-05-24T11:31:43.229 INFO:teuthology.orchestra.run.smithi039.stdout:/usr/bin/ceph: stderr
2024-05-24T11:31:36.584+0000 7f75c7fdc700 1 Processor -- start
2024-05-24T11:31:43.229 INFO:teuthology.orchestra.run.smithi039.stdout:/usr/bin/ceph: stderr
2024-05-24T11:31:36.584+0000 7f75c7fdc700 1 -- start start
2024-05-24T11:31:43.229 INFO:teuthology.orchestra.run.smithi039.stdout:/usr/bin/ceph: stderr
2024-05-24T11:31:36.584+0000 7f75c7fdc700 1 --2- >> [v2:172.21.15.39:3300/0,v1:172.21.15.39:6789/0] conn(0x7f75c0105550 0x7f75c0105970 unknown :-1 s=NONE pgs=0 cs=0 l=0 rev1=0 crypto rx=0 tx=0 comp rx=0 tx=0).connect
2024-05-24T11:31:43.229 INFO:teuthology.orchestra.run.smithi039.stdout:/usr/bin/ceph: stderr
2024-05-24T11:31:36.584+0000 7f75c7fdc700 1 -- --> [v2:172.21.15.39:3300/0,v1:172.21.15.39:6789/0] -- mon_getmap magic: 0 v1 -- 0x7f75c0105f40 con 0x7f75c0105550
2024-05-24T11:31:43.229 INFO:teuthology.orchestra.run.smithi039.stdout:/usr/bin/ceph: stderr
2024-05-24T11:31:36.584+0000 7f75c5d78700 1 --2- >> [v2:172.21.15.39:3300/0,v1:172.21.15.39:6789/0] conn(0x7f75c0105550 0x7f75c0105970 unknown :-1 s=BANNER_CONNECTING pgs=0 cs=0 l=0 rev1=0 crypto rx=0 tx=0 comp rx=0 tx=0)._handle_peer_banner_payload supported=3 required=0
2024-05-24T11:31:43.229 INFO:teuthology.orchestra.run.smithi039.stdout:/usr/bin/ceph: stderr
2024-05-24T11:31:36.584+0000 7f75c5d78700 1 --2- >> [v2:172.21.15.39:3300/0,v1:172.21.15.39:6789/0] conn(0x7f75c0105550 0x7f75c0105970 unknown :-1 s=HELLO_CONNECTING pgs=0 cs=0 l=0 rev1=1 crypto rx=0 tx=0 comp rx=0 tx=0).handle_hello peer v2:172.21.15.39:3300/0 says I am v2:172.21.15.39:38202/0 (socket says 172.21.15.39:38202)
2024-05-24T11:31:43.229 INFO:teuthology.orchestra.run.smithi039.stdout:/usr/bin/ceph: stderr
2024-05-24T11:31:36.584+0000 7f75c5d78700 1 -- 172.21.15.39:0/1250851070 learned_addr learned my addr 172.21.15.39:0/1250851070 (peer_addr_for_me v2:172.21.15.39:0/0)
2024-05-24T11:31:43.229 INFO:teuthology.orchestra.run.smithi039.stdout:/usr/bin/ceph: stderr
2024-05-24T11:31:36.585+0000 7f75c5d78700 1 -- 172.21.15.39:0/1250851070 --> [v2:172.21.15.39:3300/0,v1:172.21.15.39:6789/0] -- mon_subscribe({config=0+,monmap=0+}) v3 -- 0x7f75c0106750 con 0x7f75c0105550
2024-05-24T11:31:43.229 INFO:teuthology.orchestra.run.smithi039.stdout:/usr/bin/ceph: stderr
2024-05-24T11:31:36.585+0000 7f75c5d78700 1 --2- 172.21.15.39:0/1250851070 >> [v2:172.21.15.39:3300/0,v1:172.21.15.39:6789/0] conn(0x7f75c0105550 0x7f75c0105970 secure :-1 s=READY pgs=59 cs=0 l=1 rev1=1 crypto rx=0x7f75bc00bb40 tx=0x7f75bc00be50 comp rx=0 tx=0).ready entity=mon.0 client_cookie=e8f86727749ac906 server_cookie=0 in_seq=0 out_seq=0
2024-05-24T11:31:43.229 INFO:teuthology.orchestra.run.smithi039.stdout:/usr/bin/ceph: stderr
2024-05-24T11:31:36.585+0000 7f75c4d76700 1 -- 172.21.15.39:0/1250851070 <== mon.0 v2:172.21.15.39:3300/0 1 ==== mon_map magic: 0 v1 ==== 205+0+0 (secure 0 0 0) 0x7f75bc00dbe0 con 0x7f75c0105550
2024-05-24T11:31:43.229 INFO:teuthology.orchestra.run.smithi039.stdout:/usr/bin/ceph: stderr
2024-05-24T11:31:36.585+0000 7f75c4d76700 1 -- 172.21.15.39:0/1250851070 <== mon.0 v2:172.21.15.39:3300/0 2 ==== config(25 keys) v1 ==== 1067+0+0 (secure 0 0 0) 0x7f75bc0044c0 con 0x7f75c0105550
2024-05-24T11:31:43.229 INFO:teuthology.orchestra.run.smithi039.stdout:/usr/bin/ceph: stderr
2024-05-24T11:31:36.585+0000 7f75c4d76700 1 -- 172.21.15.39:0/1250851070 <== mon.0 v2:172.21.15.39:3300/0 3 ==== mon_map magic: 0 v1 ==== 205+0+0 (secure 0 0 0) 0x7f75bc003d50 con 0x7f75c0105550
2024-05-24T11:31:43.229 INFO:teuthology.orchestra.run.smithi039.stdout:/usr/bin/ceph: stderr
2024-05-24T11:31:36.586+0000 7f75c7fdc700 1 -- 172.21.15.39:0/1250851070 >> [v2:172.21.15.39:3300/0,v1:172.21.15.39:6789/0] conn(0x7f75c0105550 msgr2=0x7f75c0105970 secure :-1 s=STATE_CONNECTION_ESTABLISHED l=1).mark_down
2024-05-24T11:31:43.230 INFO:teuthology.orchestra.run.smithi039.stdout:/usr/bin/ceph: stderr
2024-05-24T11:31:36.586+0000 7f75c7fdc700 1 --2- 172.21.15.39:0/1250851070 >> [v2:172.21.15.39:3300/0,v1:172.21.15.39:6789/0] conn(0x7f75c0105550 0x7f75c0105970 secure :-1 s=READY pgs=59 cs=0 l=1 rev1=1 crypto rx=0x7f75bc00bb40 tx=0x7f75bc00be50 comp rx=0 tx=0).stop
2024-05-24T11:31:43.230 INFO:teuthology.orchestra.run.smithi039.stdout:/usr/bin/ceph: stderr
2024-05-24T11:31:36.586+0000 7f75c7fdc700 1 -- 172.21.15.39:0/1250851070 shutdown_connections
2024-05-24T11:31:43.230 INFO:teuthology.orchestra.run.smithi039.stdout:/usr/bin/ceph: stderr
2024-05-24T11:31:36.586+0000 7f75c7fdc700 1 --2- 172.21.15.39:0/1250851070 >> [v2:172.21.15.39:3300/0,v1:172.21.15.39:6789/0] conn(0x7f75c0105550 0x7f75c0105970 unknown :-1 s=CLOSED pgs=59 cs=0 l=1 rev1=1 crypto rx=0 tx=0 comp rx=0 tx=0).stop
2024-05-24T11:31:43.230 INFO:teuthology.orchestra.run.smithi039.stdout:/usr/bin/ceph: stderr
2024-05-24T11:31:36.586+0000 7f75c7fdc700 1 -- 172.21.15.39:0/1250851070 >> 172.21.15.39:0/1250851070 conn(0x7f75c0100b10 msgr2=0x7f75c0102f30 unknown :-1 s=STATE_NONE l=0).mark_down
2024-05-24T11:31:43.230 INFO:teuthology.orchestra.run.smithi039.stdout:/usr/bin/ceph: stderr
2024-05-24T11:31:36.586+0000 7f75c7fdc700 1 -- 172.21.15.39:0/1250851070 shutdown_connections
2024-05-24T11:31:43.230 INFO:teuthology.orchestra.run.smithi039.stdout:/usr/bin/ceph: stderr
2024-05-24T11:31:36.586+0000 7f75c7fdc700 1 -- 172.21.15.39:0/1250851070 wait complete.
2024-05-24T11:31:43.230 INFO:teuthology.orchestra.run.smithi039.stdout:/usr/bin/ceph: stderr
2024-05-24T11:31:36.586+0000 7f75c7fdc700 1 Processor -- start
2024-05-24T11:31:43.230 INFO:teuthology.orchestra.run.smithi039.stdout:/usr/bin/ceph: stderr
2024-05-24T11:31:36.586+0000 7f75c7fdc700 1 -- start start
2024-05-24T11:31:43.230 INFO:teuthology.orchestra.run.smithi039.stdout:/usr/bin/ceph: stderr
2024-05-24T11:31:36.587+0000 7f75c7fdc700 1 --2- >> [v2:172.21.15.39:3300/0,v1:172.21.15.39:6789/0] conn(0x7f75c0105550 0x7f75c019c5c0 unknown :-1 s=NONE pgs=0 cs=0 l=1 rev1=0 crypto rx=0 tx=0 comp rx=0 tx=0).connect
2024-05-24T11:31:43.230 INFO:teuthology.orchestra.run.smithi039.stdout:/usr/bin/ceph: stderr
2024-05-24T11:31:36.587+0000 7f75c7fdc700 1 -- --> [v2:172.21.15.39:3300/0,v1:172.21.15.39:6789/0] -- mon_getmap magic: 0 v1 -- 0x7f75c019cb00 con 0x7f75c0105550
2024-05-24T11:31:43.230 INFO:teuthology.orchestra.run.smithi039.stdout:/usr/bin/ceph: stderr
2024-05-24T11:31:36.587+0000 7f75c5d78700 1 --2- >> [v2:172.21.15.39:3300/0,v1:172.21.15.39:6789/0] conn(0x7f75c0105550 0x7f75c019c5c0 unknown :-1 s=BANNER_CONNECTING pgs=0 cs=0 l=1 rev1=0 crypto rx=0 tx=0 comp rx=0 tx=0)._handle_peer_banner_payload supported=3 required=0
2024-05-24T11:31:43.230 INFO:teuthology.orchestra.run.smithi039.stdout:/usr/bin/ceph: stderr
2024-05-24T11:31:36.587+0000 7f75c5d78700 1 --2- >> [v2:172.21.15.39:3300/0,v1:172.21.15.39:6789/0] conn(0x7f75c0105550 0x7f75c019c5c0 unknown :-1 s=HELLO_CONNECTING pgs=0 cs=0 l=1 rev1=1 crypto rx=0 tx=0 comp rx=0 tx=0).handle_hello peer v2:172.21.15.39:3300/0 says I am v2:172.21.15.39:38210/0 (socket says 172.21.15.39:38210)
2024-05-24T11:31:43.231 INFO:teuthology.orchestra.run.smithi039.stdout:/usr/bin/ceph: stderr
2024-05-24T11:31:36.587+0000 7f75c5d78700 1 -- 172.21.15.39:0/974299423 learned_addr learned my addr 172.21.15.39:0/974299423 (peer_addr_for_me v2:172.21.15.39:0/0)
2024-05-24T11:31:43.231 INFO:teuthology.orchestra.run.smithi039.stdout:/usr/bin/ceph: stderr
2024-05-24T11:31:36.587+0000 7f75c5d78700 1 -- 172.21.15.39:0/974299423 --> [v2:172.21.15.39:3300/0,v1:172.21.15.39:6789/0] -- mon_subscribe({config=0+,monmap=0+}) v3 -- 0x7f75bc00b7f0 con 0x7f75c0105550
2024-05-24T11:31:43.231 INFO:teuthology.orchestra.run.smithi039.stdout:/usr/bin/ceph: stderr
2024-05-24T11:31:36.587+0000 7f75c5d78700 1 --2- 172.21.15.39:0/974299423 >> [v2:172.21.15.39:3300/0,v1:172.21.15.39:6789/0] conn(0x7f75c0105550 0x7f75c019c5c0 secure :-1 s=READY pgs=60 cs=0 l=1 rev1=1 crypto rx=0x7f75bc00b340 tx=0x7f75bc004000 comp rx=0 tx=0).ready entity=mon.0 client_cookie=0 server_cookie=0 in_seq=0 out_seq=0
2024-05-24T11:31:43.231 INFO:teuthology.orchestra.run.smithi039.stdout:/usr/bin/ceph: stderr
2024-05-24T11:31:36.587+0000 7f75b6ffd700 1 -- 172.21.15.39:0/974299423 <== mon.0 v2:172.21.15.39:3300/0 1 ==== mon_map magic: 0 v1 ==== 205+0+0 (secure 0 0 0) 0x7f75bc0106d0 con 0x7f75c0105550
2024-05-24T11:31:43.231 INFO:teuthology.orchestra.run.smithi039.stdout:/usr/bin/ceph: stderr
2024-05-24T11:31:36.587+0000 7f75b6ffd700 1 -- 172.21.15.39:0/974299423 <== mon.0 v2:172.21.15.39:3300/0 2 ==== config(25 keys) v1 ==== 1067+0+0 (secure 0 0 0) 0x7f75bc010cc0 con 0x7f75c0105550
2024-05-24T11:31:43.231 INFO:teuthology.orchestra.run.smithi039.stdout:/usr/bin/ceph: stderr
2024-05-24T11:31:36.587+0000 7f75b6ffd700 1 -- 172.21.15.39:0/974299423 <== mon.0 v2:172.21.15.39:3300/0 3 ==== mon_map magic: 0 v1 ==== 205+0+0 (secure 0 0 0) 0x7f75bc021ba0 con 0x7f75c0105550
2024-05-24T11:31:43.231 INFO:teuthology.orchestra.run.smithi039.stdout:/usr/bin/ceph: stderr
2024-05-24T11:31:36.587+0000 7f75c7fdc700 1 -- 172.21.15.39:0/974299423 --> [v2:172.21.15.39:3300/0,v1:172.21.15.39:6789/0] -- mon_subscribe({mgrmap=0+}) v3 -- 0x7f75c019cd00 con 0x7f75c0105550
2024-05-24T11:31:43.231 INFO:teuthology.orchestra.run.smithi039.stdout:/usr/bin/ceph: stderr
2024-05-24T11:31:36.587+0000 7f75c7fdc700 1 -- 172.21.15.39:0/974299423 --> [v2:172.21.15.39:3300/0,v1:172.21.15.39:6789/0] -- mon_subscribe({osdmap=0}) v3 -- 0x7f75c019d140 con 0x7f75c0105550
2024-05-24T11:31:43.231 INFO:teuthology.orchestra.run.smithi039.stdout:/usr/bin/ceph: stderr
2024-05-24T11:31:36.588+0000 7f75b6ffd700 1 -- 172.21.15.39:0/974299423 <== mon.0 v2:172.21.15.39:3300/0 4 ==== mgrmap(e 9) v1 ==== 45554+0+0 (secure 0 0 0) 0x7f75bc010830 con 0x7f75c0105550
2024-05-24T11:31:43.231 INFO:teuthology.orchestra.run.smithi039.stdout:/usr/bin/ceph: stderr
2024-05-24T11:31:36.588+0000 7f75b6ffd700 1 --2- 172.21.15.39:0/974299423 >> [v2:172.21.15.39:6800/3960296835,v1:172.21.15.39:6801/3960296835] conn(0x7f75ac038700 0x7f75ac03abc0 unknown :-1 s=NONE pgs=0 cs=0 l=1 rev1=0 crypto rx=0 tx=0 comp rx=0 tx=0).connect
2024-05-24T11:31:43.231 INFO:teuthology.orchestra.run.smithi039.stdout:/usr/bin/ceph: stderr
2024-05-24T11:31:36.588+0000 7f75b6ffd700 1 -- 172.21.15.39:0/974299423 --> [v2:172.21.15.39:6800/3960296835,v1:172.21.15.39:6801/3960296835] -- command(tid 0: {"prefix": "get_command_descriptions"}) v1 -- 0x7f75ac03b2d0 con 0x7f75ac038700
2024-05-24T11:31:43.232 INFO:teuthology.orchestra.run.smithi039.stdout:/usr/bin/ceph: stderr
2024-05-24T11:31:36.589+0000 7f75b6ffd700 1 -- 172.21.15.39:0/974299423 <== mon.0 v2:172.21.15.39:3300/0 5 ==== osd_map(2..2 src has 1..2) v4 ==== 940+0+0 (secure 0 0 0) 0x7f75bc04cce0 con 0x7f75c0105550
2024-05-24T11:31:43.232 INFO:teuthology.orchestra.run.smithi039.stdout:/usr/bin/ceph: stderr
2024-05-24T11:31:36.589+0000 7f75c5577700 1 -- 172.21.15.39:0/974299423 >> [v2:172.21.15.39:6800/3960296835,v1:172.21.15.39:6801/3960296835] conn(0x7f75ac038700 msgr2=0x7f75ac03abc0 unknown :-1 s=STATE_CONNECTING_RE l=1).process reconnect failed to v2:172.21.15.39:6800/3960296835
2024-05-24T11:31:43.232 INFO:teuthology.orchestra.run.smithi039.stdout:/usr/bin/ceph: stderr
2024-05-24T11:31:36.589+0000 7f75c5577700 1 --2- 172.21.15.39:0/974299423 >> [v2:172.21.15.39:6800/3960296835,v1:172.21.15.39:6801/3960296835] conn(0x7f75ac038700 0x7f75ac03abc0 unknown :-1 s=START_CONNECT pgs=0 cs=0 l=1 rev1=0 crypto rx=0 tx=0 comp rx=0 tx=0)._fault waiting 0.200000
2024-05-24T11:31:43.232 INFO:teuthology.orchestra.run.smithi039.stdout:/usr/bin/ceph: stderr
2024-05-24T11:31:36.790+0000 7f75c5577700 1 -- 172.21.15.39:0/974299423 >> [v2:172.21.15.39:6800/3960296835,v1:172.21.15.39:6801/3960296835] conn(0x7f75ac038700 msgr2=0x7f75ac03abc0 unknown :-1 s=STATE_CONNECTING_RE l=1).process reconnect failed to v2:172.21.15.39:6800/3960296835
2024-05-24T11:31:43.232 INFO:teuthology.orchestra.run.smithi039.stdout:/usr/bin/ceph: stderr
2024-05-24T11:31:36.790+0000 7f75c5577700 1 --2- 172.21.15.39:0/974299423 >> [v2:172.21.15.39:6800/3960296835,v1:172.21.15.39:6801/3960296835] conn(0x7f75ac038700 0x7f75ac03abc0 unknown :-1 s=START_CONNECT pgs=0 cs=0 l=1 rev1=0 crypto rx=0 tx=0 comp rx=0 tx=0)._fault waiting 0.400000
2024-05-24T11:31:43.232 INFO:teuthology.orchestra.run.smithi039.stdout:/usr/bin/ceph: stderr
2024-05-24T11:31:37.191+0000 7f75c5577700 1 -- 172.21.15.39:0/974299423 >> [v2:172.21.15.39:6800/3960296835,v1:172.21.15.39:6801/3960296835] conn(0x7f75ac038700 msgr2=0x7f75ac03abc0 unknown :-1 s=STATE_CONNECTING_RE l=1).process reconnect failed to v2:172.21.15.39:6800/3960296835
2024-05-24T11:31:43.233 INFO:teuthology.orchestra.run.smithi039.stdout:/usr/bin/ceph: stderr
2024-05-24T11:31:37.191+0000 7f75c5577700 1 --2- 172.21.15.39:0/974299423 >> [v2:172.21.15.39:6800/3960296835,v1:172.21.15.39:6801/3960296835] conn(0x7f75ac038700 0x7f75ac03abc0 unknown :-1 s=START_CONNECT pgs=0 cs=0 l=1 rev1=0 crypto rx=0 tx=0 comp rx=0 tx=0)._fault waiting 0.800000
2024-05-24T11:31:43.233 INFO:teuthology.orchestra.run.smithi039.stdout:/usr/bin/ceph: stderr
2024-05-24T11:31:37.992+0000 7f75c5577700 1 -- 172.21.15.39:0/974299423 >> [v2:172.21.15.39:6800/3960296835,v1:172.21.15.39:6801/3960296835] conn(0x7f75ac038700 msgr2=0x7f75ac03abc0 unknown :-1 s=STATE_CONNECTING_RE l=1).process reconnect failed to v2:172.21.15.39:6800/3960296835
2024-05-24T11:31:43.233 INFO:teuthology.orchestra.run.smithi039.stdout:/usr/bin/ceph: stderr
2024-05-24T11:31:37.992+0000 7f75c5577700 1 --2- 172.21.15.39:0/974299423 >> [v2:172.21.15.39:6800/3960296835,v1:172.21.15.39:6801/3960296835] conn(0x7f75ac038700 0x7f75ac03abc0 unknown :-1 s=START_CONNECT pgs=0 cs=0 l=1 rev1=0 crypto rx=0 tx=0 comp rx=0 tx=0)._fault waiting 1.600000
2024-05-24T11:31:43.233 INFO:teuthology.orchestra.run.smithi039.stdout:/usr/bin/ceph: stderr
2024-05-24T11:31:39.593+0000 7f75c5577700 1 -- 172.21.15.39:0/974299423 >> [v2:172.21.15.39:6800/3960296835,v1:172.21.15.39:6801/3960296835] conn(0x7f75ac038700 msgr2=0x7f75ac03abc0 unknown :-1 s=STATE_CONNECTING_RE l=1).process reconnect failed to v2:172.21.15.39:6800/3960296835
2024-05-24T11:31:43.233 INFO:teuthology.orchestra.run.smithi039.stdout:/usr/bin/ceph: stderr
2024-05-24T11:31:39.593+0000 7f75c5577700 1 --2- 172.21.15.39:0/974299423 >> [v2:172.21.15.39:6800/3960296835,v1:172.21.15.39:6801/3960296835] conn(0x7f75ac038700 0x7f75ac03abc0 unknown :-1 s=START_CONNECT pgs=0 cs=0 l=1 rev1=0 crypto rx=0 tx=0 comp rx=0 tx=0)._fault waiting 3.200000
2024-05-24T11:31:43.233 INFO:teuthology.orchestra.run.smithi039.stdout:/usr/bin/ceph: stderr
2024-05-24T11:31:41.817+0000 7f75b6ffd700 1 -- 172.21.15.39:0/974299423 <== mon.0 v2:172.21.15.39:3300/0 6 ==== mgrmap(e 10) v1 ==== 45321+0+0 (secure 0 0 0) 0x7f75bc01ed60 con 0x7f75c0105550
2024-05-24T11:31:43.234 INFO:teuthology.orchestra.run.smithi039.stdout:/usr/bin/ceph: stderr
2024-05-24T11:31:41.817+0000 7f75b6ffd700 1 -- 172.21.15.39:0/974299423 >> [v2:172.21.15.39:6800/3960296835,v1:172.21.15.39:6801/3960296835] conn(0x7f75ac038700 msgr2=0x7f75ac03abc0 unknown :-1 s=STATE_CONNECTING l=1).mark_down
2024-05-24T11:31:43.234 INFO:teuthology.orchestra.run.smithi039.stdout:/usr/bin/ceph: stderr
2024-05-24T11:31:41.817+0000 7f75b6ffd700 1 --2- 172.21.15.39:0/974299423 >> [v2:172.21.15.39:6800/3960296835,v1:172.21.15.39:6801/3960296835] conn(0x7f75ac038700 0x7f75ac03abc0 unknown :-1 s=START_CONNECT pgs=0 cs=0 l=1 rev1=0 crypto rx=0 tx=0 comp rx=0 tx=0).stop
2024-05-24T11:31:43.234 INFO:teuthology.orchestra.run.smithi039.stdout:/usr/bin/ceph: stderr
2024-05-24T11:31:42.817+0000 7f75b6ffd700 1 -- 172.21.15.39:0/974299423 <== mon.0 v2:172.21.15.39:3300/0 7 ==== mgrmap(e 11) v1 ==== 45448+0+0 (secure 0 0 0) 0x7f75bc04e850 con 0x7f75c0105550
2024-05-24T11:31:43.234 INFO:teuthology.orchestra.run.smithi039.stdout:/usr/bin/ceph: stderr
2024-05-24T11:31:42.817+0000 7f75b6ffd700 1 --2- 172.21.15.39:0/974299423 >> [v2:172.21.15.39:6800/2090515453,v1:172.21.15.39:6801/2090515453] conn(0x7f75ac03bff0 0x7f75ac03e3e0 unknown :-1 s=NONE pgs=0 cs=0 l=1 rev1=0 crypto rx=0 tx=0 comp rx=0 tx=0).connect
2024-05-24T11:31:43.234 INFO:teuthology.orchestra.run.smithi039.stdout:/usr/bin/ceph: stderr
2024-05-24T11:31:42.817+0000 7f75b6ffd700 1 -- 172.21.15.39:0/974299423 --> [v2:172.21.15.39:6800/2090515453,v1:172.21.15.39:6801/2090515453] -- command(tid 0: {"prefix": "get_command_descriptions"}) v1 -- 0x7f75ac03b2d0 con 0x7f75ac03bff0
2024-05-24T11:31:43.235 INFO:teuthology.orchestra.run.smithi039.stdout:/usr/bin/ceph: stderr
2024-05-24T11:31:42.817+0000 7f75c5577700 1 --2- 172.21.15.39:0/974299423 >> [v2:172.21.15.39:6800/2090515453,v1:172.21.15.39:6801/2090515453] conn(0x7f75ac03bff0 0x7f75ac03e3e0 unknown :-1 s=BANNER_CONNECTING pgs=0 cs=0 l=1 rev1=0 crypto rx=0 tx=0 comp rx=0 tx=0)._handle_peer_banner_payload supported=3 required=0
2024-05-24T11:31:43.235 INFO:teuthology.orchestra.run.smithi039.stdout:/usr/bin/ceph: stderr
2024-05-24T11:31:42.818+0000 7f75c5577700 1 --2- 172.21.15.39:0/974299423 >> [v2:172.21.15.39:6800/2090515453,v1:172.21.15.39:6801/2090515453] conn(0x7f75ac03bff0 0x7f75ac03e3e0 secure :-1 s=READY pgs=1 cs=0 l=1 rev1=1 crypto rx=0x7f75b0003a10 tx=0x7f75b00092b0 comp rx=0 tx=0).ready entity=mgr.14150 client_cookie=0 server_cookie=0 in_seq=0 out_seq=0
2024-05-24T11:31:43.235 INFO:teuthology.orchestra.run.smithi039.stdout:/usr/bin/ceph: stderr
2024-05-24T11:31:42.819+0000 7f75b6ffd700 1 -- 172.21.15.39:0/974299423 <== mgr.14150 v2:172.21.15.39:6800/2090515453 1 ==== command_reply(tid 0: 0 ) v1 ==== 8+0+7774 (secure 0 0 0) 0x7f75ac03b2d0 con 0x7f75ac03bff0
2024-05-24T11:31:43.235 INFO:teuthology.orchestra.run.smithi039.stdout:/usr/bin/ceph: stderr
2024-05-24T11:31:42.825+0000 7f75c7fdc700 1 -- 172.21.15.39:0/974299423 --> [v2:172.21.15.39:6800/2090515453,v1:172.21.15.39:6801/2090515453] -- command(tid 1: {"prefix": "mgr_status"}) v1 -- 0x7f75c00625d0 con 0x7f75ac03bff0
2024-05-24T11:31:43.235 INFO:teuthology.orchestra.run.smithi039.stdout:/usr/bin/ceph: stderr
2024-05-24T11:31:42.825+0000 7f75b6ffd700 1 -- 172.21.15.39:0/974299423 <== mgr.14150 v2:172.21.15.39:6800/2090515453 2 ==== command_reply(tid 1: 0 ) v1 ==== 8+0+52 (secure 0 0 0) 0x7f75c00625d0 con 0x7f75ac03bff0
2024-05-24T11:31:43.236 INFO:teuthology.orchestra.run.smithi039.stdout:/usr/bin/ceph: stderr
2024-05-24T11:31:42.826+0000 7f75c7fdc700 1 -- 172.21.15.39:0/974299423 >> [v2:172.21.15.39:6800/2090515453,v1:172.21.15.39:6801/2090515453] conn(0x7f75ac03bff0 msgr2=0x7f75ac03e3e0 secure :-1 s=STATE_CONNECTION_ESTABLISHED l=1).mark_down
2024-05-24T11:31:43.236 INFO:teuthology.orchestra.run.smithi039.stdout:/usr/bin/ceph: stderr
2024-05-24T11:31:42.826+0000 7f75c7fdc700 1 --2- 172.21.15.39:0/974299423 >> [v2:172.21.15.39:6800/2090515453,v1:172.21.15.39:6801/2090515453] conn(0x7f75ac03bff0 0x7f75ac03e3e0 secure :-1 s=READY pgs=1 cs=0 l=1 rev1=1 crypto rx=0x7f75b0003a10 tx=0x7f75b00092b0 comp rx=0 tx=0).stop
2024-05-24T11:31:43.236 INFO:teuthology.orchestra.run.smithi039.stdout:/usr/bin/ceph: stderr
2024-05-24T11:31:42.826+0000 7f75c7fdc700 1 -- 172.21.15.39:0/974299423 >> [v2:172.21.15.39:3300/0,v1:172.21.15.39:6789/0] conn(0x7f75c0105550 msgr2=0x7f75c019c5c0 secure :-1 s=STATE_CONNECTION_ESTABLISHED l=1).mark_down
2024-05-24T11:31:43.236 INFO:teuthology.orchestra.run.smithi039.stdout:/usr/bin/ceph: stderr
2024-05-24T11:31:42.826+0000 7f75c7fdc700 1 --2- 172.21.15.39:0/974299423 >> [v2:172.21.15.39:3300/0,v1:172.21.15.39:6789/0] conn(0x7f75c0105550 0x7f75c019c5c0 secure :-1 s=READY pgs=60 cs=0 l=1 rev1=1 crypto rx=0x7f75bc00b340 tx=0x7f75bc004000 comp rx=0 tx=0).stop
2024-05-24T11:31:43.236 INFO:teuthology.orchestra.run.smithi039.stdout:/usr/bin/ceph: stderr
2024-05-24T11:31:42.826+0000 7f75c7fdc700 1 -- 172.21.15.39:0/974299423 shutdown_connections
2024-05-24T11:31:43.236 INFO:teuthology.orchestra.run.smithi039.stdout:/usr/bin/ceph: stderr
2024-05-24T11:31:42.826+0000 7f75c7fdc700 1 --2- 172.21.15.39:0/974299423 >> [v2:172.21.15.39:6800/2090515453,v1:172.21.15.39:6801/2090515453] conn(0x7f75ac03bff0 0x7f75ac03e3e0 unknown :-1 s=CLOSED pgs=1 cs=0 l=1 rev1=1 crypto rx=0 tx=0 comp rx=0 tx=0).stop
2024-05-24T11:31:43.237 INFO:teuthology.orchestra.run.smithi039.stdout:/usr/bin/ceph: stderr
2024-05-24T11:31:42.826+0000 7f75c7fdc700 1 --2- 172.21.15.39:0/974299423 >> [v2:172.21.15.39:3300/0,v1:172.21.15.39:6789/0] conn(0x7f75c0105550 0x7f75c019c5c0 unknown :-1 s=CLOSED pgs=60 cs=0 l=1 rev1=1 crypto rx=0 tx=0 comp rx=0 tx=0).stop
2024-05-24T11:31:43.237 INFO:teuthology.orchestra.run.smithi039.stdout:/usr/bin/ceph: stderr
2024-05-24T11:31:42.826+0000 7f75c7fdc700 1 --2- 172.21.15.39:0/974299423 >> [v2:172.21.15.39:6800/3960296835,v1:172.21.15.39:6801/3960296835] conn(0x7f75ac038700 0x7f75ac03abc0 unknown :-1 s=CLOSED pgs=0 cs=0 l=1 rev1=0 crypto rx=0 tx=0 comp rx=0 tx=0).stop
2024-05-24T11:31:43.237 INFO:teuthology.orchestra.run.smithi039.stdout:/usr/bin/ceph: stderr
2024-05-24T11:31:42.826+0000 7f75c7fdc700 1 -- 172.21.15.39:0/974299423 >> 172.21.15.39:0/974299423 conn(0x7f75c0100b10 msgr2=0x7f75c0192de0 unknown :-1 s=STATE_NONE l=0).mark_down
2024-05-24T11:31:43.237 INFO:teuthology.orchestra.run.smithi039.stdout:/usr/bin/ceph: stderr
2024-05-24T11:31:42.826+0000 7f75c7fdc700 1 -- 172.21.15.39:0/974299423 shutdown_connections
2024-05-24T11:31:43.237 INFO:teuthology.orchestra.run.smithi039.stdout:/usr/bin/ceph: stderr
2024-05-24T11:31:42.826+0000 7f75c7fdc700 1 -- 172.21.15.39:0/974299423 wait complete.
2024-05-24T11:31:43.237 INFO:teuthology.orchestra.run.smithi039.stdout:mgr epoch 9 is available
2024-05-24T11:31:43.238 INFO:teuthology.orchestra.run.smithi039.stdout:Generating a dashboard self-signed certificate...
2024-05-24T11:31:44.463 INFO:teuthology.orchestra.run.smithi039.stdout:/usr/bin/ceph: stdout Self-signed certificate created
2024-05-24T11:31:44.463 INFO:teuthology.orchestra.run.smithi039.stdout:/usr/bin/ceph: stderr
2024-05-24T11:31:43.617+0000 7f780fe9f700 1 Processor -- start
2024-05-24T11:31:44.463 INFO:teuthology.orchestra.run.smithi039.stdout:/usr/bin/ceph: stderr
2024-05-24T11:31:43.617+0000 7f780fe9f700 1 -- start start
2024-05-24T11:31:44.463 INFO:teuthology.orchestra.run.smithi039.stdout:/usr/bin/ceph: stderr
2024-05-24T11:31:43.617+0000 7f780fe9f700 1 --2- >> [v2:172.21.15.39:3300/0,v1:172.21.15.39:6789/0] conn(0x7f7808106b00 0x7f7808106f20 unknown :-1 s=NONE pgs=0 cs=0 l=0 rev1=0 crypto rx=0 tx=0 comp rx=0 tx=0).connect
2024-05-24T11:31:44.463 INFO:teuthology.orchestra.run.smithi039.stdout:/usr/bin/ceph: stderr
2024-05-24T11:31:43.617+0000 7f780fe9f700 1 -- --> [v2:172.21.15.39:3300/0,v1:172.21.15.39:6789/0] -- mon_getmap magic: 0 v1 -- 0x7f78081074f0 con 0x7f7808106b00
2024-05-24T11:31:44.463 INFO:teuthology.orchestra.run.smithi039.stdout:/usr/bin/ceph: stderr
2024-05-24T11:31:43.617+0000 7f780dc3b700 1 --2- >> [v2:172.21.15.39:3300/0,v1:172.21.15.39:6789/0] conn(0x7f7808106b00 0x7f7808106f20 unknown :-1 s=BANNER_CONNECTING pgs=0 cs=0 l=0 rev1=0 crypto rx=0 tx=0 comp rx=0 tx=0)._handle_peer_banner_payload supported=3 required=0
2024-05-24T11:31:44.463 INFO:teuthology.orchestra.run.smithi039.stdout:/usr/bin/ceph: stderr
2024-05-24T11:31:43.618+0000 7f780dc3b700 1 --2- >> [v2:172.21.15.39:3300/0,v1:172.21.15.39:6789/0] conn(0x7f7808106b00 0x7f7808106f20 unknown :-1 s=HELLO_CONNECTING pgs=0 cs=0 l=0 rev1=1 crypto rx=0 tx=0 comp rx=0 tx=0).handle_hello peer v2:172.21.15.39:3300/0 says I am v2:172.21.15.39:41600/0 (socket says 172.21.15.39:41600)
2024-05-24T11:31:44.463 INFO:teuthology.orchestra.run.smithi039.stdout:/usr/bin/ceph: stderr
2024-05-24T11:31:43.618+0000 7f780dc3b700 1 -- 172.21.15.39:0/702471847 learned_addr learned my addr 172.21.15.39:0/702471847 (peer_addr_for_me v2:172.21.15.39:0/0)
2024-05-24T11:31:44.463 INFO:teuthology.orchestra.run.smithi039.stdout:/usr/bin/ceph: stderr
2024-05-24T11:31:43.618+0000 7f780dc3b700 1 -- 172.21.15.39:0/702471847 --> [v2:172.21.15.39:3300/0,v1:172.21.15.39:6789/0] -- mon_subscribe({config=0+,monmap=0+}) v3 -- 0x7f7808105760 con 0x7f7808106b00
2024-05-24T11:31:44.463 INFO:teuthology.orchestra.run.smithi039.stdout:/usr/bin/ceph: stderr
2024-05-24T11:31:43.618+0000 7f780dc3b700 1 --2- 172.21.15.39:0/702471847 >> [v2:172.21.15.39:3300/0,v1:172.21.15.39:6789/0] conn(0x7f7808106b00 0x7f7808106f20 secure :-1 s=READY pgs=68 cs=0 l=1 rev1=1 crypto rx=0x7f78040098a0 tx=0x7f7804009bb0 comp rx=0 tx=0).ready entity=mon.0 client_cookie=1371ac19c9ed631d server_cookie=0 in_seq=0 out_seq=0
2024-05-24T11:31:44.464 INFO:teuthology.orchestra.run.smithi039.stdout:/usr/bin/ceph: stderr
2024-05-24T11:31:43.618+0000 7f780cc39700 1 -- 172.21.15.39:0/702471847 <== mon.0 v2:172.21.15.39:3300/0 1 ==== mon_map magic: 0 v1 ==== 205+0+0 (secure 0 0 0) 0x7f7804004160 con 0x7f7808106b00
2024-05-24T11:31:44.464 INFO:teuthology.orchestra.run.smithi039.stdout:/usr/bin/ceph: stderr
2024-05-24T11:31:43.618+0000 7f780cc39700 1 -- 172.21.15.39:0/702471847 <== mon.0 v2:172.21.15.39:3300/0 2 ==== config(25 keys) v1 ==== 1067+0+0 (secure 0 0 0) 0x7f78040042c0 con 0x7f7808106b00
2024-05-24T11:31:44.464 INFO:teuthology.orchestra.run.smithi039.stdout:/usr/bin/ceph: stderr
