2024-05-24T11:31:32.947 INFO:teuthology.orchestra.run.smithi039.stdout:/usr/bin/ceph: stderr
2024-05-24T11:31:32.308+0000 7f65a40dd700 1 Processor -- start
2024-05-24T11:31:32.947 INFO:teuthology.orchestra.run.smithi039.stdout:/usr/bin/ceph: stderr
2024-05-24T11:31:32.308+0000 7f65a40dd700 1 -- start start
2024-05-24T11:31:32.947 INFO:teuthology.orchestra.run.smithi039.stdout:/usr/bin/ceph: stderr
2024-05-24T11:31:32.309+0000 7f65a40dd700 1 --2- >> [v2:172.21.15.39:3300/0,v1:172.21.15.39:6789/0] conn(0x7f659c105560 0x7f659c105980 unknown :-1 s=NONE pgs=0 cs=0 l=0 rev1=0 crypto rx=0 tx=0 comp rx=0 tx=0).connect
2024-05-24T11:31:32.947 INFO:teuthology.orchestra.run.smithi039.stdout:/usr/bin/ceph: stderr
2024-05-24T11:31:32.309+0000 7f65a40dd700 1 -- --> [v2:172.21.15.39:3300/0,v1:172.21.15.39:6789/0] -- mon_getmap magic: 0 v1 -- 0x7f659c105f50 con 0x7f659c105560
2024-05-24T11:31:32.948 INFO:teuthology.orchestra.run.smithi039.stdout:/usr/bin/ceph: stderr
2024-05-24T11:31:32.309+0000 7f65a1e79700 1 --2- >> [v2:172.21.15.39:3300/0,v1:172.21.15.39:6789/0] conn(0x7f659c105560 0x7f659c105980 unknown :-1 s=BANNER_CONNECTING pgs=0 cs=0 l=0 rev1=0 crypto rx=0 tx=0 comp rx=0 tx=0)._handle_peer_banner_payload supported=3 required=0
2024-05-24T11:31:32.948 INFO:teuthology.orchestra.run.smithi039.stdout:/usr/bin/ceph: stderr
2024-05-24T11:31:32.309+0000 7f65a1e79700 1 --2- >> [v2:172.21.15.39:3300/0,v1:172.21.15.39:6789/0] conn(0x7f659c105560 0x7f659c105980 unknown :-1 s=HELLO_CONNECTING pgs=0 cs=0 l=0 rev1=1 crypto rx=0 tx=0 comp rx=0 tx=0).handle_hello peer v2:172.21.15.39:3300/0 says I am v2:172.21.15.39:38116/0 (socket says 172.21.15.39:38116)
2024-05-24T11:31:32.948 INFO:teuthology.orchestra.run.smithi039.stdout:/usr/bin/ceph: stderr
2024-05-24T11:31:32.309+0000 7f65a1e79700 1 -- 172.21.15.39:0/530717737 learned_addr learned my addr 172.21.15.39:0/530717737 (peer_addr_for_me v2:172.21.15.39:0/0)
2024-05-24T11:31:32.948 INFO:teuthology.orchestra.run.smithi039.stdout:/usr/bin/ceph: stderr
2024-05-24T11:31:32.309+0000 7f65a1e79700 1 -- 172.21.15.39:0/530717737 --> [v2:172.21.15.39:3300/0,v1:172.21.15.39:6789/0] -- mon_subscribe({config=0+,monmap=0+}) v3 -- 0x7f659c106760 con 0x7f659c105560
2024-05-24T11:31:32.948 INFO:teuthology.orchestra.run.smithi039.stdout:/usr/bin/ceph: stderr
2024-05-24T11:31:32.309+0000 7f65a1e79700 1 --2- 172.21.15.39:0/530717737 >> [v2:172.21.15.39:3300/0,v1:172.21.15.39:6789/0] conn(0x7f659c105560 0x7f659c105980 secure :-1 s=READY pgs=49 cs=0 l=1 rev1=1 crypto rx=0x7f658c0098a0 tx=0x7f658c009bb0 comp rx=0 tx=0).ready entity=mon.0 client_cookie=c06441726a7b96c9 server_cookie=0 in_seq=0 out_seq=0
2024-05-24T11:31:32.948 INFO:teuthology.orchestra.run.smithi039.stdout:/usr/bin/ceph: stderr
2024-05-24T11:31:32.310+0000 7f65a0e77700 1 -- 172.21.15.39:0/530717737 <== mon.0 v2:172.21.15.39:3300/0 1 ==== mon_map magic: 0 v1 ==== 205+0+0 (secure 0 0 0) 0x7f658c004160 con 0x7f659c105560
2024-05-24T11:31:32.948 INFO:teuthology.orchestra.run.smithi039.stdout:/usr/bin/ceph: stderr
2024-05-24T11:31:32.310+0000 7f65a0e77700 1 -- 172.21.15.39:0/530717737 <== mon.0 v2:172.21.15.39:3300/0 2 ==== config(25 keys) v1 ==== 1067+0+0 (secure 0 0 0) 0x7f658c0042c0 con 0x7f659c105560
2024-05-24T11:31:32.948 INFO:teuthology.orchestra.run.smithi039.stdout:/usr/bin/ceph: stderr
2024-05-24T11:31:32.310+0000 7f65a0e77700 1 -- 172.21.15.39:0/530717737 <== mon.0 v2:172.21.15.39:3300/0 3 ==== mon_map magic: 0 v1 ==== 205+0+0 (secure 0 0 0) 0x7f658c0118e0 con 0x7f659c105560
2024-05-24T11:31:32.948 INFO:teuthology.orchestra.run.smithi039.stdout:/usr/bin/ceph: stderr
2024-05-24T11:31:32.310+0000 7f65a40dd700 1 -- 172.21.15.39:0/530717737 >> [v2:172.21.15.39:3300/0,v1:172.21.15.39:6789/0] conn(0x7f659c105560 msgr2=0x7f659c105980 secure :-1 s=STATE_CONNECTION_ESTABLISHED l=1).mark_down
2024-05-24T11:31:32.948 INFO:teuthology.orchestra.run.smithi039.stdout:/usr/bin/ceph: stderr
2024-05-24T11:31:32.310+0000 7f65a40dd700 1 --2- 172.21.15.39:0/530717737 >> [v2:172.21.15.39:3300/0,v1:172.21.15.39:6789/0] conn(0x7f659c105560 0x7f659c105980 secure :-1 s=READY pgs=49 cs=0 l=1 rev1=1 crypto rx=0x7f658c0098a0 tx=0x7f658c009bb0 comp rx=0 tx=0).stop
2024-05-24T11:31:32.948 INFO:teuthology.orchestra.run.smithi039.stdout:/usr/bin/ceph: stderr
2024-05-24T11:31:32.310+0000 7f65a40dd700 1 -- 172.21.15.39:0/530717737 shutdown_connections
2024-05-24T11:31:32.948 INFO:teuthology.orchestra.run.smithi039.stdout:/usr/bin/ceph: stderr
2024-05-24T11:31:32.310+0000 7f65a40dd700 1 --2- 172.21.15.39:0/530717737 >> [v2:172.21.15.39:3300/0,v1:172.21.15.39:6789/0] conn(0x7f659c105560 0x7f659c105980 unknown :-1 s=CLOSED pgs=49 cs=0 l=1 rev1=1 crypto rx=0 tx=0 comp rx=0 tx=0).stop
2024-05-24T11:31:32.948 INFO:teuthology.orchestra.run.smithi039.stdout:/usr/bin/ceph: stderr
2024-05-24T11:31:32.310+0000 7f65a40dd700 1 -- 172.21.15.39:0/530717737 >> 172.21.15.39:0/530717737 conn(0x7f659c100b80 msgr2=0x7f659c102fa0 unknown :-1 s=STATE_NONE l=0).mark_down
2024-05-24T11:31:32.948 INFO:teuthology.orchestra.run.smithi039.stdout:/usr/bin/ceph: stderr
2024-05-24T11:31:32.310+0000 7f65a40dd700 1 -- 172.21.15.39:0/530717737 shutdown_connections
2024-05-24T11:31:32.949 INFO:teuthology.orchestra.run.smithi039.stdout:/usr/bin/ceph: stderr
2024-05-24T11:31:32.311+0000 7f65a40dd700 1 -- 172.21.15.39:0/530717737 wait complete.
2024-05-24T11:31:32.949 INFO:teuthology.orchestra.run.smithi039.stdout:/usr/bin/ceph: stderr
2024-05-24T11:31:32.311+0000 7f65a40dd700 1 Processor -- start
2024-05-24T11:31:32.949 INFO:teuthology.orchestra.run.smithi039.stdout:/usr/bin/ceph: stderr
2024-05-24T11:31:32.311+0000 7f65a40dd700 1 -- start start
2024-05-24T11:31:32.949 INFO:teuthology.orchestra.run.smithi039.stdout:/usr/bin/ceph: stderr
2024-05-24T11:31:32.311+0000 7f65a40dd700 1 --2- >> [v2:172.21.15.39:3300/0,v1:172.21.15.39:6789/0] conn(0x7f659c105560 0x7f659c19a3e0 unknown :-1 s=NONE pgs=0 cs=0 l=1 rev1=0 crypto rx=0 tx=0 comp rx=0 tx=0).connect
2024-05-24T11:31:32.949 INFO:teuthology.orchestra.run.smithi039.stdout:/usr/bin/ceph: stderr
2024-05-24T11:31:32.311+0000 7f65a40dd700 1 -- --> [v2:172.21.15.39:3300/0,v1:172.21.15.39:6789/0] -- mon_getmap magic: 0 v1 -- 0x7f659c19a920 con 0x7f659c105560
2024-05-24T11:31:32.949 INFO:teuthology.orchestra.run.smithi039.stdout:/usr/bin/ceph: stderr
2024-05-24T11:31:32.311+0000 7f65a1e79700 1 --2- >> [v2:172.21.15.39:3300/0,v1:172.21.15.39:6789/0] conn(0x7f659c105560 0x7f659c19a3e0 unknown :-1 s=BANNER_CONNECTING pgs=0 cs=0 l=1 rev1=0 crypto rx=0 tx=0 comp rx=0 tx=0)._handle_peer_banner_payload supported=3 required=0
2024-05-24T11:31:32.949 INFO:teuthology.orchestra.run.smithi039.stdout:/usr/bin/ceph: stderr
2024-05-24T11:31:32.311+0000 7f65a1e79700 1 --2- >> [v2:172.21.15.39:3300/0,v1:172.21.15.39:6789/0] conn(0x7f659c105560 0x7f659c19a3e0 unknown :-1 s=HELLO_CONNECTING pgs=0 cs=0 l=1 rev1=1 crypto rx=0 tx=0 comp rx=0 tx=0).handle_hello peer v2:172.21.15.39:3300/0 says I am v2:172.21.15.39:38122/0 (socket says 172.21.15.39:38122)
2024-05-24T11:31:32.949 INFO:teuthology.orchestra.run.smithi039.stdout:/usr/bin/ceph: stderr
2024-05-24T11:31:32.311+0000 7f65a1e79700 1 -- 172.21.15.39:0/1982754473 learned_addr learned my addr 172.21.15.39:0/1982754473 (peer_addr_for_me v2:172.21.15.39:0/0)
2024-05-24T11:31:32.949 INFO:teuthology.orchestra.run.smithi039.stdout:/usr/bin/ceph: stderr
2024-05-24T11:31:32.312+0000 7f65a1e79700 1 -- 172.21.15.39:0/1982754473 --> [v2:172.21.15.39:3300/0,v1:172.21.15.39:6789/0] -- mon_subscribe({config=0+,monmap=0+}) v3 -- 0x7f658c009550 con 0x7f659c105560
2024-05-24T11:31:32.949 INFO:teuthology.orchestra.run.smithi039.stdout:/usr/bin/ceph: stderr
2024-05-24T11:31:32.312+0000 7f65a1e79700 1 --2- 172.21.15.39:0/1982754473 >> [v2:172.21.15.39:3300/0,v1:172.21.15.39:6789/0] conn(0x7f659c105560 0x7f659c19a3e0 secure :-1 s=READY pgs=50 cs=0 l=1 rev1=1 crypto rx=0x7f658c003f70 tx=0x7f658c0119a0 comp rx=0 tx=0).ready entity=mon.0 client_cookie=0 server_cookie=0 in_seq=0 out_seq=0
2024-05-24T11:31:32.949 INFO:teuthology.orchestra.run.smithi039.stdout:/usr/bin/ceph: stderr
2024-05-24T11:31:32.312+0000 7f6592ffd700 1 -- 172.21.15.39:0/1982754473 <== mon.0 v2:172.21.15.39:3300/0 1 ==== mon_map magic: 0 v1 ==== 205+0+0 (secure 0 0 0) 0x7f658c0037d0 con 0x7f659c105560
2024-05-24T11:31:32.949 INFO:teuthology.orchestra.run.smithi039.stdout:/usr/bin/ceph: stderr
2024-05-24T11:31:32.312+0000 7f6592ffd700 1 -- 172.21.15.39:0/1982754473 <== mon.0 v2:172.21.15.39:3300/0 2 ==== config(25 keys) v1 ==== 1067+0+0 (secure 0 0 0) 0x7f658c01b440 con 0x7f659c105560
2024-05-24T11:31:32.949 INFO:teuthology.orchestra.run.smithi039.stdout:/usr/bin/ceph: stderr
2024-05-24T11:31:32.312+0000 7f65a40dd700 1 -- 172.21.15.39:0/1982754473 --> [v2:172.21.15.39:3300/0,v1:172.21.15.39:6789/0] -- mon_subscribe({mgrmap=0+}) v3 -- 0x7f659c19ab20 con 0x7f659c105560
2024-05-24T11:31:32.950 INFO:teuthology.orchestra.run.smithi039.stdout:/usr/bin/ceph: stderr
2024-05-24T11:31:32.312+0000 7f6592ffd700 1 -- 172.21.15.39:0/1982754473 <== mon.0 v2:172.21.15.39:3300/0 3 ==== mon_map magic: 0 v1 ==== 205+0+0 (secure 0 0 0) 0x7f658c0193d0 con 0x7f659c105560
2024-05-24T11:31:32.950 INFO:teuthology.orchestra.run.smithi039.stdout:/usr/bin/ceph: stderr
2024-05-24T11:31:32.312+0000 7f65a40dd700 1 -- 172.21.15.39:0/1982754473 --> [v2:172.21.15.39:3300/0,v1:172.21.15.39:6789/0] -- mon_subscribe({osdmap=0}) v3 -- 0x7f659c19afc0 con 0x7f659c105560
2024-05-24T11:31:32.950 INFO:teuthology.orchestra.run.smithi039.stdout:/usr/bin/ceph: stderr
2024-05-24T11:31:32.313+0000 7f6592ffd700 1 -- 172.21.15.39:0/1982754473 <== mon.0 v2:172.21.15.39:3300/0 4 ==== mgrmap(e 8) v1 ==== 45541+0+0 (secure 0 0 0) 0x7f658c01b860 con 0x7f659c105560
2024-05-24T11:31:32.950 INFO:teuthology.orchestra.run.smithi039.stdout:/usr/bin/ceph: stderr
2024-05-24T11:31:32.313+0000 7f65a40dd700 1 -- 172.21.15.39:0/1982754473 --> [v2:172.21.15.39:3300/0,v1:172.21.15.39:6789/0] -- mon_command({"prefix": "get_command_descriptions"} v 0) v1 -- 0x7f659c194540 con 0x7f659c105560
2024-05-24T11:31:32.950 INFO:teuthology.orchestra.run.smithi039.stdout:/usr/bin/ceph: stderr
2024-05-24T11:31:32.313+0000 7f6592ffd700 1 --2- 172.21.15.39:0/1982754473 >> [v2:172.21.15.39:6800/3960296835,v1:172.21.15.39:6801/3960296835] conn(0x7f6588038750 0x7f658803ac10 unknown :-1 s=NONE pgs=0 cs=0 l=1 rev1=0 crypto rx=0 tx=0 comp rx=0 tx=0).connect
2024-05-24T11:31:32.950 INFO:teuthology.orchestra.run.smithi039.stdout:/usr/bin/ceph: stderr
2024-05-24T11:31:32.313+0000 7f6592ffd700 1 -- 172.21.15.39:0/1982754473 <== mon.0 v2:172.21.15.39:3300/0 5 ==== osd_map(2..2 src has 1..2) v4 ==== 940+0+0 (secure 0 0 0) 0x7f658c04c550 con 0x7f659c105560
2024-05-24T11:31:32.950 INFO:teuthology.orchestra.run.smithi039.stdout:/usr/bin/ceph: stderr
2024-05-24T11:31:32.313+0000 7f65a1678700 1 --2- 172.21.15.39:0/1982754473 >> [v2:172.21.15.39:6800/3960296835,v1:172.21.15.39:6801/3960296835] conn(0x7f6588038750 0x7f658803ac10 unknown :-1 s=BANNER_CONNECTING pgs=0 cs=0 l=1 rev1=0 crypto rx=0 tx=0 comp rx=0 tx=0)._handle_peer_banner_payload supported=3 required=0
2024-05-24T11:31:32.950 INFO:teuthology.orchestra.run.smithi039.stdout:/usr/bin/ceph: stderr
2024-05-24T11:31:32.314+0000 7f65a1678700 1 --2- 172.21.15.39:0/1982754473 >> [v2:172.21.15.39:6800/3960296835,v1:172.21.15.39:6801/3960296835] conn(0x7f6588038750 0x7f658803ac10 secure :-1 s=READY pgs=14 cs=0 l=1 rev1=1 crypto rx=0x7f6598006fd0 tx=0x7f6598006e40 comp rx=0 tx=0).ready entity=mgr.14118 client_cookie=0 server_cookie=0 in_seq=0 out_seq=0
2024-05-24T11:31:32.950 INFO:teuthology.orchestra.run.smithi039.stdout:/usr/bin/ceph: stderr
2024-05-24T11:31:32.318+0000 7f6592ffd700 1 -- 172.21.15.39:0/1982754473 <== mon.0 v2:172.21.15.39:3300/0 6 ==== mon_command_ack([{"prefix": "get_command_descriptions"}]=0 v0) v1 ==== 72+0+183622 (secure 0 0 0) 0x7f658c018920 con 0x7f659c105560
2024-05-24T11:31:32.950 INFO:teuthology.orchestra.run.smithi039.stdout:/usr/bin/ceph: stderr
2024-05-24T11:31:32.522+0000 7f65a40dd700 1 -- 172.21.15.39:0/1982754473 --> [v2:172.21.15.39:3300/0,v1:172.21.15.39:6789/0] -- mon_command([{prefix=config set, name=mgr/cephadm/container_init}] v 0) v1 -- 0x7f659c02cee0 con 0x7f659c105560
2024-05-24T11:31:32.950 INFO:teuthology.orchestra.run.smithi039.stdout:/usr/bin/ceph: stderr
2024-05-24T11:31:32.528+0000 7f6592ffd700 1 -- 172.21.15.39:0/1982754473 <== mon.0 v2:172.21.15.39:3300/0 7 ==== mon_command_ack([{prefix=config set, name=mgr/cephadm/container_init}]=0 v7)=0 v7) v1 ==== 142+0+0 (secure 0 0 0) 0x7f658c01f0d0 con 0x7f659c105560
2024-05-24T11:31:32.950 INFO:teuthology.orchestra.run.smithi039.stdout:/usr/bin/ceph: stderr
2024-05-24T11:31:32.530+0000 7f65a40dd700 1 -- 172.21.15.39:0/1982754473 >> [v2:172.21.15.39:6800/3960296835,v1:172.21.15.39:6801/3960296835] conn(0x7f6588038750 msgr2=0x7f658803ac10 secure :-1 s=STATE_CONNECTION_ESTABLISHED l=1).mark_down
2024-05-24T11:31:32.950 INFO:teuthology.orchestra.run.smithi039.stdout:/usr/bin/ceph: stderr
2024-05-24T11:31:32.530+0000 7f65a40dd700 1 --2- 172.21.15.39:0/1982754473 >> [v2:172.21.15.39:6800/3960296835,v1:172.21.15.39:6801/3960296835] conn(0x7f6588038750 0x7f658803ac10 secure :-1 s=READY pgs=14 cs=0 l=1 rev1=1 crypto rx=0x7f6598006fd0 tx=0x7f6598006e40 comp rx=0 tx=0).stop
2024-05-24T11:31:32.951 INFO:teuthology.orchestra.run.smithi039.stdout:/usr/bin/ceph: stderr
2024-05-24T11:31:32.530+0000 7f65a40dd700 1 -- 172.21.15.39:0/1982754473 >> [v2:172.21.15.39:3300/0,v1:172.21.15.39:6789/0] conn(0x7f659c105560 msgr2=0x7f659c19a3e0 secure :-1 s=STATE_CONNECTION_ESTABLISHED l=1).mark_down
2024-05-24T11:31:32.951 INFO:teuthology.orchestra.run.smithi039.stdout:/usr/bin/ceph: stderr
2024-05-24T11:31:32.530+0000 7f65a40dd700 1 --2- 172.21.15.39:0/1982754473 >> [v2:172.21.15.39:3300/0,v1:172.21.15.39:6789/0] conn(0x7f659c105560 0x7f659c19a3e0 secure :-1 s=READY pgs=50 cs=0 l=1 rev1=1 crypto rx=0x7f658c003f70 tx=0x7f658c0119a0 comp rx=0 tx=0).stop
2024-05-24T11:31:32.951 INFO:teuthology.orchestra.run.smithi039.stdout:/usr/bin/ceph: stderr
2024-05-24T11:31:32.530+0000 7f65a40dd700 1 -- 172.21.15.39:0/1982754473 shutdown_connections
2024-05-24T11:31:32.951 INFO:teuthology.orchestra.run.smithi039.stdout:/usr/bin/ceph: stderr
2024-05-24T11:31:32.530+0000 7f65a40dd700 1 --2- 172.21.15.39:0/1982754473 >> [v2:172.21.15.39:6800/3960296835,v1:172.21.15.39:6801/3960296835] conn(0x7f6588038750 0x7f658803ac10 unknown :-1 s=CLOSED pgs=14 cs=0 l=1 rev1=1 crypto rx=0 tx=0 comp rx=0 tx=0).stop
2024-05-24T11:31:32.951 INFO:teuthology.orchestra.run.smithi039.stdout:/usr/bin/ceph: stderr
2024-05-24T11:31:32.530+0000 7f65a40dd700 1 --2- 172.21.15.39:0/1982754473 >> [v2:172.21.15.39:3300/0,v1:172.21.15.39:6789/0] conn(0x7f659c105560 0x7f659c19a3e0 unknown :-1 s=CLOSED pgs=50 cs=0 l=1 rev1=1 crypto rx=0 tx=0 comp rx=0 tx=0).stop
2024-05-24T11:31:32.951 INFO:teuthology.orchestra.run.smithi039.stdout:/usr/bin/ceph: stderr
2024-05-24T11:31:32.530+0000 7f65a40dd700 1 -- 172.21.15.39:0/1982754473 >> 172.21.15.39:0/1982754473 conn(0x7f659c100b80 msgr2=0x7f659c101a80 unknown :-1 s=STATE_NONE l=0).mark_down
2024-05-24T11:31:32.951 INFO:teuthology.orchestra.run.smithi039.stdout:/usr/bin/ceph: stderr
2024-05-24T11:31:32.530+0000 7f65a40dd700 1 -- 172.21.15.39:0/1982754473 shutdown_connections
2024-05-24T11:31:32.951 INFO:teuthology.orchestra.run.smithi039.stdout:/usr/bin/ceph: stderr
2024-05-24T11:31:32.530+0000 7f65a40dd700 1 -- 172.21.15.39:0/1982754473 wait complete.
2024-05-24T11:31:34.080 INFO:teuthology.orchestra.run.smithi039.stdout:/usr/bin/ceph: stderr
2024-05-24T11:31:33.495+0000 7f68f8e0e700 1 Processor -- start
2024-05-24T11:31:34.080 INFO:teuthology.orchestra.run.smithi039.stdout:/usr/bin/ceph: stderr
2024-05-24T11:31:33.495+0000 7f68f8e0e700 1 -- start start
2024-05-24T11:31:34.081 INFO:teuthology.orchestra.run.smithi039.stdout:/usr/bin/ceph: stderr
2024-05-24T11:31:33.495+0000 7f68f8e0e700 1 --2- >> [v2:172.21.15.39:3300/0,v1:172.21.15.39:6789/0] conn(0x7f68f4106650 0x7f68f4106a70 unknown :-1 s=NONE pgs=0 cs=0 l=0 rev1=0 crypto rx=0 tx=0 comp rx=0 tx=0).connect
2024-05-24T11:31:34.081 INFO:teuthology.orchestra.run.smithi039.stdout:/usr/bin/ceph: stderr
2024-05-24T11:31:33.495+0000 7f68f8e0e700 1 -- --> [v2:172.21.15.39:3300/0,v1:172.21.15.39:6789/0] -- mon_getmap magic: 0 v1 -- 0x7f68f4107040 con 0x7f68f4106650
2024-05-24T11:31:34.081 INFO:teuthology.orchestra.run.smithi039.stdout:/usr/bin/ceph: stderr
2024-05-24T11:31:33.495+0000 7f68f259c700 1 --2- >> [v2:172.21.15.39:3300/0,v1:172.21.15.39:6789/0] conn(0x7f68f4106650 0x7f68f4106a70 unknown :-1 s=BANNER_CONNECTING pgs=0 cs=0 l=0 rev1=0 crypto rx=0 tx=0 comp rx=0 tx=0)._handle_peer_banner_payload supported=3 required=0
2024-05-24T11:31:34.081 INFO:teuthology.orchestra.run.smithi039.stdout:/usr/bin/ceph: stderr
2024-05-24T11:31:33.495+0000 7f68f259c700 1 --2- >> [v2:172.21.15.39:3300/0,v1:172.21.15.39:6789/0] conn(0x7f68f4106650 0x7f68f4106a70 unknown :-1 s=HELLO_CONNECTING pgs=0 cs=0 l=0 rev1=1 crypto rx=0 tx=0 comp rx=0 tx=0).handle_hello peer v2:172.21.15.39:3300/0 says I am v2:172.21.15.39:38134/0 (socket says 172.21.15.39:38134)
2024-05-24T11:31:34.081 INFO:teuthology.orchestra.run.smithi039.stdout:/usr/bin/ceph: stderr
2024-05-24T11:31:33.495+0000 7f68f259c700 1 -- 172.21.15.39:0/186538442 learned_addr learned my addr 172.21.15.39:0/186538442 (peer_addr_for_me v2:172.21.15.39:0/0)
2024-05-24T11:31:34.081 INFO:teuthology.orchestra.run.smithi039.stdout:/usr/bin/ceph: stderr
2024-05-24T11:31:33.495+0000 7f68f259c700 1 -- 172.21.15.39:0/186538442 --> [v2:172.21.15.39:3300/0,v1:172.21.15.39:6789/0] -- mon_subscribe({config=0+,monmap=0+}) v3 -- 0x7f68f4107850 con 0x7f68f4106650
2024-05-24T11:31:34.081 INFO:teuthology.orchestra.run.smithi039.stdout:/usr/bin/ceph: stderr
2024-05-24T11:31:33.496+0000 7f68f259c700 1 --2- 172.21.15.39:0/186538442 >> [v2:172.21.15.39:3300/0,v1:172.21.15.39:6789/0] conn(0x7f68f4106650 0x7f68f4106a70 secure :-1 s=READY pgs=51 cs=0 l=1 rev1=1 crypto rx=0x7f68ec0098a0 tx=0x7f68ec009bb0 comp rx=0 tx=0).ready entity=mon.0 client_cookie=5e5ac562b9401f00 server_cookie=0 in_seq=0 out_seq=0
2024-05-24T11:31:34.081 INFO:teuthology.orchestra.run.smithi039.stdout:/usr/bin/ceph: stderr
2024-05-24T11:31:33.496+0000 7f68f159a700 1 -- 172.21.15.39:0/186538442 <== mon.0 v2:172.21.15.39:3300/0 1 ==== mon_map magic: 0 v1 ==== 205+0+0 (secure 0 0 0) 0x7f68ec004160 con 0x7f68f4106650
2024-05-24T11:31:34.081 INFO:teuthology.orchestra.run.smithi039.stdout:/usr/bin/ceph: stderr
2024-05-24T11:31:33.496+0000 7f68f159a700 1 -- 172.21.15.39:0/186538442 <== mon.0 v2:172.21.15.39:3300/0 2 ==== config(25 keys) v1 ==== 1067+0+0 (secure 0 0 0) 0x7f68ec0042c0 con 0x7f68f4106650
2024-05-24T11:31:34.082 INFO:teuthology.orchestra.run.smithi039.stdout:/usr/bin/ceph: stderr
2024-05-24T11:31:33.496+0000 7f68f159a700 1 -- 172.21.15.39:0/186538442 <== mon.0 v2:172.21.15.39:3300/0 3 ==== mon_map magic: 0 v1 ==== 205+0+0 (secure 0 0 0) 0x7f68ec0118e0 con 0x7f68f4106650
2024-05-24T11:31:34.082 INFO:teuthology.orchestra.run.smithi039.stdout:/usr/bin/ceph: stderr
2024-05-24T11:31:33.496+0000 7f68f8e0e700 1 -- 172.21.15.39:0/186538442 >> [v2:172.21.15.39:3300/0,v1:172.21.15.39:6789/0] conn(0x7f68f4106650 msgr2=0x7f68f4106a70 secure :-1 s=STATE_CONNECTION_ESTABLISHED l=1).mark_down
2024-05-24T11:31:34.082 INFO:teuthology.orchestra.run.smithi039.stdout:/usr/bin/ceph: stderr
2024-05-24T11:31:33.496+0000 7f68f8e0e700 1 --2- 172.21.15.39:0/186538442 >> [v2:172.21.15.39:3300/0,v1:172.21.15.39:6789/0] conn(0x7f68f4106650 0x7f68f4106a70 secure :-1 s=READY pgs=51 cs=0 l=1 rev1=1 crypto rx=0x7f68ec0098a0 tx=0x7f68ec009bb0 comp rx=0 tx=0).stop
2024-05-24T11:31:34.082 INFO:teuthology.orchestra.run.smithi039.stdout:/usr/bin/ceph: stderr
2024-05-24T11:31:33.496+0000 7f68f8e0e700 1 -- 172.21.15.39:0/186538442 shutdown_connections
2024-05-24T11:31:34.082 INFO:teuthology.orchestra.run.smithi039.stdout:/usr/bin/ceph: stderr
2024-05-24T11:31:33.496+0000 7f68f8e0e700 1 --2- 172.21.15.39:0/186538442 >> [v2:172.21.15.39:3300/0,v1:172.21.15.39:6789/0] conn(0x7f68f4106650 0x7f68f4106a70 unknown :-1 s=CLOSED pgs=51 cs=0 l=1 rev1=1 crypto rx=0 tx=0 comp rx=0 tx=0).stop
2024-05-24T11:31:34.082 INFO:teuthology.orchestra.run.smithi039.stdout:/usr/bin/ceph: stderr
2024-05-24T11:31:33.496+0000 7f68f8e0e700 1 -- 172.21.15.39:0/186538442 >> 172.21.15.39:0/186538442 conn(0x7f68f4101c30 msgr2=0x7f68f4104050 unknown :-1 s=STATE_NONE l=0).mark_down
2024-05-24T11:31:34.082 INFO:teuthology.orchestra.run.smithi039.stdout:/usr/bin/ceph: stderr
2024-05-24T11:31:33.496+0000 7f68f8e0e700 1 -- 172.21.15.39:0/186538442 shutdown_connections
2024-05-24T11:31:34.082 INFO:teuthology.orchestra.run.smithi039.stdout:/usr/bin/ceph: stderr
2024-05-24T11:31:33.496+0000 7f68f8e0e700 1 -- 172.21.15.39:0/186538442 wait complete.
2024-05-24T11:31:34.082 INFO:teuthology.orchestra.run.smithi039.stdout:/usr/bin/ceph: stderr
2024-05-24T11:31:33.497+0000 7f68f8e0e700 1 Processor -- start
2024-05-24T11:31:34.082 INFO:teuthology.orchestra.run.smithi039.stdout:/usr/bin/ceph: stderr
2024-05-24T11:31:33.497+0000 7f68f8e0e700 1 -- start start
2024-05-24T11:31:34.082 INFO:teuthology.orchestra.run.smithi039.stdout:/usr/bin/ceph: stderr
2024-05-24T11:31:33.497+0000 7f68f8e0e700 1 --2- >> [v2:172.21.15.39:3300/0,v1:172.21.15.39:6789/0] conn(0x7f68f4106650 0x7f68f419a3a0 unknown :-1 s=NONE pgs=0 cs=0 l=1 rev1=0 crypto rx=0 tx=0 comp rx=0 tx=0).connect
2024-05-24T11:31:34.082 INFO:teuthology.orchestra.run.smithi039.stdout:/usr/bin/ceph: stderr
2024-05-24T11:31:33.497+0000 7f68f8e0e700 1 -- --> [v2:172.21.15.39:3300/0,v1:172.21.15.39:6789/0] -- mon_getmap magic: 0 v1 -- 0x7f68f419a8e0 con 0x7f68f4106650
2024-05-24T11:31:34.083 INFO:teuthology.orchestra.run.smithi039.stdout:/usr/bin/ceph: stderr
2024-05-24T11:31:33.498+0000 7f68f259c700 1 --2- >> [v2:172.21.15.39:3300/0,v1:172.21.15.39:6789/0] conn(0x7f68f4106650 0x7f68f419a3a0 unknown :-1 s=BANNER_CONNECTING pgs=0 cs=0 l=1 rev1=0 crypto rx=0 tx=0 comp rx=0 tx=0)._handle_peer_banner_payload supported=3 required=0
2024-05-24T11:31:34.083 INFO:teuthology.orchestra.run.smithi039.stdout:/usr/bin/ceph: stderr
2024-05-24T11:31:33.498+0000 7f68f259c700 1 --2- >> [v2:172.21.15.39:3300/0,v1:172.21.15.39:6789/0] conn(0x7f68f4106650 0x7f68f419a3a0 unknown :-1 s=HELLO_CONNECTING pgs=0 cs=0 l=1 rev1=1 crypto rx=0 tx=0 comp rx=0 tx=0).handle_hello peer v2:172.21.15.39:3300/0 says I am v2:172.21.15.39:38144/0 (socket says 172.21.15.39:38144)
2024-05-24T11:31:34.083 INFO:teuthology.orchestra.run.smithi039.stdout:/usr/bin/ceph: stderr
2024-05-24T11:31:33.498+0000 7f68f259c700 1 -- 172.21.15.39:0/2127501330 learned_addr learned my addr 172.21.15.39:0/2127501330 (peer_addr_for_me v2:172.21.15.39:0/0)
2024-05-24T11:31:34.083 INFO:teuthology.orchestra.run.smithi039.stdout:/usr/bin/ceph: stderr
2024-05-24T11:31:33.498+0000 7f68f259c700 1 -- 172.21.15.39:0/2127501330 --> [v2:172.21.15.39:3300/0,v1:172.21.15.39:6789/0] -- mon_subscribe({config=0+,monmap=0+}) v3 -- 0x7f68ec009550 con 0x7f68f4106650
2024-05-24T11:31:34.083 INFO:teuthology.orchestra.run.smithi039.stdout:/usr/bin/ceph: stderr
2024-05-24T11:31:33.498+0000 7f68f259c700 1 --2- 172.21.15.39:0/2127501330 >> [v2:172.21.15.39:3300/0,v1:172.21.15.39:6789/0] conn(0x7f68f4106650 0x7f68f419a3a0 secure :-1 s=READY pgs=52 cs=0 l=1 rev1=1 crypto rx=0x7f68ec003f70 tx=0x7f68ec0119a0 comp rx=0 tx=0).ready entity=mon.0 client_cookie=0 server_cookie=0 in_seq=0 out_seq=0
2024-05-24T11:31:34.083 INFO:teuthology.orchestra.run.smithi039.stdout:/usr/bin/ceph: stderr
2024-05-24T11:31:33.498+0000 7f68eb7fe700 1 -- 172.21.15.39:0/2127501330 <== mon.0 v2:172.21.15.39:3300/0 1 ==== mon_map magic: 0 v1 ==== 205+0+0 (secure 0 0 0) 0x7f68ec0036a0 con 0x7f68f4106650
2024-05-24T11:31:34.083 INFO:teuthology.orchestra.run.smithi039.stdout:/usr/bin/ceph: stderr
2024-05-24T11:31:33.498+0000 7f68eb7fe700 1 -- 172.21.15.39:0/2127501330 <== mon.0 v2:172.21.15.39:3300/0 2 ==== config(25 keys) v1 ==== 1067+0+0 (secure 0 0 0) 0x7f68ec01b440 con 0x7f68f4106650
2024-05-24T11:31:34.083 INFO:teuthology.orchestra.run.smithi039.stdout:/usr/bin/ceph: stderr
2024-05-24T11:31:33.498+0000 7f68f8e0e700 1 -- 172.21.15.39:0/2127501330 --> [v2:172.21.15.39:3300/0,v1:172.21.15.39:6789/0] -- mon_subscribe({mgrmap=0+}) v3 -- 0x7f68f419aae0 con 0x7f68f4106650
2024-05-24T11:31:34.083 INFO:teuthology.orchestra.run.smithi039.stdout:/usr/bin/ceph: stderr
2024-05-24T11:31:33.498+0000 7f68eb7fe700 1 -- 172.21.15.39:0/2127501330 <== mon.0 v2:172.21.15.39:3300/0 3 ==== mon_map magic: 0 v1 ==== 205+0+0 (secure 0 0 0) 0x7f68ec023400 con 0x7f68f4106650
2024-05-24T11:31:34.083 INFO:teuthology.orchestra.run.smithi039.stdout:/usr/bin/ceph: stderr
2024-05-24T11:31:33.498+0000 7f68f8e0e700 1 -- 172.21.15.39:0/2127501330 --> [v2:172.21.15.39:3300/0,v1:172.21.15.39:6789/0] -- mon_subscribe({osdmap=0}) v3 -- 0x7f68f419af80 con 0x7f68f4106650
2024-05-24T11:31:34.083 INFO:teuthology.orchestra.run.smithi039.stdout:/usr/bin/ceph: stderr
2024-05-24T11:31:33.499+0000 7f68eb7fe700 1 -- 172.21.15.39:0/2127501330 <== mon.0 v2:172.21.15.39:3300/0 4 ==== mgrmap(e 8) v1 ==== 45541+0+0 (secure 0 0 0) 0x7f68ec023680 con 0x7f68f4106650
2024-05-24T11:31:34.083 INFO:teuthology.orchestra.run.smithi039.stdout:/usr/bin/ceph: stderr
2024-05-24T11:31:33.499+0000 7f68f8e0e700 1 -- 172.21.15.39:0/2127501330 --> [v2:172.21.15.39:3300/0,v1:172.21.15.39:6789/0] -- mon_command({"prefix": "get_command_descriptions"} v 0) v1 -- 0x7f68f410aa80 con 0x7f68f4106650
2024-05-24T11:31:34.083 INFO:teuthology.orchestra.run.smithi039.stdout:/usr/bin/ceph: stderr
2024-05-24T11:31:33.499+0000 7f68eb7fe700 1 --2- 172.21.15.39:0/2127501330 >> [v2:172.21.15.39:6800/3960296835,v1:172.21.15.39:6801/3960296835] conn(0x7f68e0038700 0x7f68e003abc0 unknown :-1 s=NONE pgs=0 cs=0 l=1 rev1=0 crypto rx=0 tx=0 comp rx=0 tx=0).connect
2024-05-24T11:31:34.084 INFO:teuthology.orchestra.run.smithi039.stdout:/usr/bin/ceph: stderr
2024-05-24T11:31:33.499+0000 7f68eb7fe700 1 -- 172.21.15.39:0/2127501330 <== mon.0 v2:172.21.15.39:3300/0 5 ==== osd_map(2..2 src has 1..2) v4 ==== 940+0+0 (secure 0 0 0) 0x7f68ec04c900 con 0x7f68f4106650
2024-05-24T11:31:34.084 INFO:teuthology.orchestra.run.smithi039.stdout:/usr/bin/ceph: stderr
2024-05-24T11:31:33.499+0000 7f68f1d9b700 1 --2- 172.21.15.39:0/2127501330 >> [v2:172.21.15.39:6800/3960296835,v1:172.21.15.39:6801/3960296835] conn(0x7f68e0038700 0x7f68e003abc0 unknown :-1 s=BANNER_CONNECTING pgs=0 cs=0 l=1 rev1=0 crypto rx=0 tx=0 comp rx=0 tx=0)._handle_peer_banner_payload supported=3 required=0
2024-05-24T11:31:34.084 INFO:teuthology.orchestra.run.smithi039.stdout:/usr/bin/ceph: stderr
2024-05-24T11:31:33.500+0000 7f68f1d9b700 1 --2- 172.21.15.39:0/2127501330 >> [v2:172.21.15.39:6800/3960296835,v1:172.21.15.39:6801/3960296835] conn(0x7f68e0038700 0x7f68e003abc0 secure :-1 s=READY pgs=15 cs=0 l=1 rev1=1 crypto rx=0x7f68dc006fd0 tx=0x7f68dc006e40 comp rx=0 tx=0).ready entity=mgr.14118 client_cookie=0 server_cookie=0 in_seq=0 out_seq=0
2024-05-24T11:31:34.084 INFO:teuthology.orchestra.run.smithi039.stdout:/usr/bin/ceph: stderr
2024-05-24T11:31:33.505+0000 7f68eb7fe700 1 -- 172.21.15.39:0/2127501330 <== mon.0 v2:172.21.15.39:3300/0 6 ==== mon_command_ack([{"prefix": "get_command_descriptions"}]=0 v0) v1 ==== 72+0+183622 (secure 0 0 0) 0x7f68ec018350 con 0x7f68f4106650
2024-05-24T11:31:34.084 INFO:teuthology.orchestra.run.smithi039.stdout:/usr/bin/ceph: stderr
2024-05-24T11:31:33.708+0000 7f68f8e0e700 1 -- 172.21.15.39:0/2127501330 --> [v2:172.21.15.39:3300/0,v1:172.21.15.39:6789/0] -- mon_command([{prefix=config set, name=mgr/dashboard/ssl_server_port}] v 0) v1 -- 0x7f68f419d7c0 con 0x7f68f4106650
2024-05-24T11:31:34.084 INFO:teuthology.orchestra.run.smithi039.stdout:/usr/bin/ceph: stderr
2024-05-24T11:31:33.713+0000 7f68eb7fe700 1 -- 172.21.15.39:0/2127501330 <== mon.0 v2:172.21.15.39:3300/0 7 ==== mon_command_ack([{prefix=config set, name=mgr/dashboard/ssl_server_port}]=0 v8)=0 v8) v1 ==== 130+0+0 (secure 0 0 0) 0x7f68ec02bb40 con 0x7f68f4106650
2024-05-24T11:31:34.084 INFO:teuthology.orchestra.run.smithi039.stdout:/usr/bin/ceph: stderr
2024-05-24T11:31:33.715+0000 7f68f8e0e700 1 -- 172.21.15.39:0/2127501330 >> [v2:172.21.15.39:6800/3960296835,v1:172.21.15.39:6801/3960296835] conn(0x7f68e0038700 msgr2=0x7f68e003abc0 secure :-1 s=STATE_CONNECTION_ESTABLISHED l=1).mark_down
2024-05-24T11:31:34.084 INFO:teuthology.orchestra.run.smithi039.stdout:/usr/bin/ceph: stderr
2024-05-24T11:31:33.715+0000 7f68f8e0e700 1 --2- 172.21.15.39:0/2127501330 >> [v2:172.21.15.39:6800/3960296835,v1:172.21.15.39:6801/3960296835] conn(0x7f68e0038700 0x7f68e003abc0 secure :-1 s=READY pgs=15 cs=0 l=1 rev1=1 crypto rx=0x7f68dc006fd0 tx=0x7f68dc006e40 comp rx=0 tx=0).stop
2024-05-24T11:31:34.084 INFO:teuthology.orchestra.run.smithi039.stdout:/usr/bin/ceph: stderr
2024-05-24T11:31:33.715+0000 7f68f8e0e700 1 -- 172.21.15.39:0/2127501330 >> [v2:172.21.15.39:3300/0,v1:172.21.15.39:6789/0] conn(0x7f68f4106650 msgr2=0x7f68f419a3a0 secure :-1 s=STATE_CONNECTION_ESTABLISHED l=1).mark_down
2024-05-24T11:31:34.084 INFO:teuthology.orchestra.run.smithi039.stdout:/usr/bin/ceph: stderr
2024-05-24T11:31:33.715+0000 7f68f8e0e700 1 --2- 172.21.15.39:0/2127501330 >> [v2:172.21.15.39:3300/0,v1:172.21.15.39:6789/0] conn(0x7f68f4106650 0x7f68f419a3a0 secure :-1 s=READY pgs=52 cs=0 l=1 rev1=1 crypto rx=0x7f68ec003f70 tx=0x7f68ec0119a0 comp rx=0 tx=0).stop
2024-05-24T11:31:34.085 INFO:teuthology.orchestra.run.smithi039.stdout:/usr/bin/ceph: stderr
2024-05-24T11:31:33.715+0000 7f68f8e0e700 1 -- 172.21.15.39:0/2127501330 shutdown_connections
2024-05-24T11:31:34.085 INFO:teuthology.orchestra.run.smithi039.stdout:/usr/bin/ceph: stderr
2024-05-24T11:31:33.715+0000 7f68f8e0e700 1 --2- 172.21.15.39:0/2127501330 >> [v2:172.21.15.39:6800/3960296835,v1:172.21.15.39:6801/3960296835] conn(0x7f68e0038700 0x7f68e003abc0 unknown :-1 s=CLOSED pgs=15 cs=0 l=1 rev1=1 crypto rx=0 tx=0 comp rx=0 tx=0).stop
2024-05-24T11:31:34.085 INFO:teuthology.orchestra.run.smithi039.stdout:/usr/bin/ceph: stderr
2024-05-24T11:31:33.715+0000 7f68f8e0e700 1 --2- 172.21.15.39:0/2127501330 >> [v2:172.21.15.39:3300/0,v1:172.21.15.39:6789/0] conn(0x7f68f4106650 0x7f68f419a3a0 unknown :-1 s=CLOSED pgs=52 cs=0 l=1 rev1=1 crypto rx=0 tx=0 comp rx=0 tx=0).stop
2024-05-24T11:31:34.085 INFO:teuthology.orchestra.run.smithi039.stdout:/usr/bin/ceph: stderr
2024-05-24T11:31:33.715+0000 7f68f8e0e700 1 -- 172.21.15.39:0/2127501330 >> 172.21.15.39:0/2127501330 conn(0x7f68f4101c30 msgr2=0x7f68f4102830 unknown :-1 s=STATE_NONE l=0).mark_down
2024-05-24T11:31:34.085 INFO:teuthology.orchestra.run.smithi039.stdout:/usr/bin/ceph: stderr
2024-05-24T11:31:33.715+0000 7f68f8e0e700 1 -- 172.21.15.39:0/2127501330 shutdown_connections
2024-05-24T11:31:34.085 INFO:teuthology.orchestra.run.smithi039.stdout:/usr/bin/ceph: stderr
2024-05-24T11:31:33.715+0000 7f68f8e0e700 1 -- 172.21.15.39:0/2127501330 wait complete.
2024-05-24T11:31:34.085 INFO:teuthology.orchestra.run.smithi039.stdout:Enabling the dashboard module...
2024-05-24T11:31:35.063 INFO:journalctl@ceph.mon.a.smithi039.stdout:May 24 11:31:34 smithi039 ceph-mon[42919]: from='client.? 172.21.15.39:0/2127501330' entity='client.admin'
2024-05-24T11:31:35.063 INFO:journalctl@ceph.mon.a.smithi039.stdout:May 24 11:31:34 smithi039 ceph-mon[42919]: from='client.? 172.21.15.39:0/4221043993' entity='client.admin' cmd=[{"prefix": "mgr module enable", "module": "dashboard"}]: dispatch
2024-05-24T11:31:35.063 INFO:journalctl@ceph.mgr.x.smithi039.stdout:May 24 11:31:34 smithi039 ceph-f68008c4-19c0-11ef-bc9a-c7b262605968-mgr-x[43169]: ignoring --setuser ceph since I am not root
2024-05-24T11:31:35.063 INFO:journalctl@ceph.mgr.x.smithi039.stdout:May 24 11:31:34 smithi039 ceph-f68008c4-19c0-11ef-bc9a-c7b262605968-mgr-x[43169]: ignoring --setgroup ceph since I am not root
2024-05-24T11:31:35.147 INFO:teuthology.orchestra.run.smithi039.stdout:/usr/bin/ceph: stderr
2024-05-24T11:31:34.416+0000 7f78a408d700 1 Processor -- start
2024-05-24T11:31:35.147 INFO:teuthology.orchestra.run.smithi039.stdout:/usr/bin/ceph: stderr
2024-05-24T11:31:34.416+0000 7f78a408d700 1 -- start start
2024-05-24T11:31:35.147 INFO:teuthology.orchestra.run.smithi039.stdout:/usr/bin/ceph: stderr
2024-05-24T11:31:34.416+0000 7f78a408d700 1 --2- >> [v2:172.21.15.39:3300/0,v1:172.21.15.39:6789/0] conn(0x7f789c104f50 0x7f789c105370 unknown :-1 s=NONE pgs=0 cs=0 l=0 rev1=0 crypto rx=0 tx=0 comp rx=0 tx=0).connect
2024-05-24T11:31:35.147 INFO:teuthology.orchestra.run.smithi039.stdout:/usr/bin/ceph: stderr
2024-05-24T11:31:34.416+0000 7f78a408d700 1 -- --> [v2:172.21.15.39:3300/0,v1:172.21.15.39:6789/0] -- mon_getmap magic: 0 v1 -- 0x7f789c079e40 con 0x7f789c104f50
2024-05-24T11:31:35.147 INFO:teuthology.orchestra.run.smithi039.stdout:/usr/bin/ceph: stderr
2024-05-24T11:31:34.416+0000 7f78a1e29700 1 --2- >> [v2:172.21.15.39:3300/0,v1:172.21.15.39:6789/0] conn(0x7f789c104f50 0x7f789c105370 unknown :-1 s=BANNER_CONNECTING pgs=0 cs=0 l=0 rev1=0 crypto rx=0 tx=0 comp rx=0 tx=0)._handle_peer_banner_payload supported=3 required=0
2024-05-24T11:31:35.147 INFO:teuthology.orchestra.run.smithi039.stdout:/usr/bin/ceph: stderr
2024-05-24T11:31:34.416+0000 7f78a1e29700 1 --2- >> [v2:172.21.15.39:3300/0,v1:172.21.15.39:6789/0] conn(0x7f789c104f50 0x7f789c105370 unknown :-1 s=HELLO_CONNECTING pgs=0 cs=0 l=0 rev1=1 crypto rx=0 tx=0 comp rx=0 tx=0).handle_hello peer v2:172.21.15.39:3300/0 says I am v2:172.21.15.39:38150/0 (socket says 172.21.15.39:38150)
2024-05-24T11:31:35.147 INFO:teuthology.orchestra.run.smithi039.stdout:/usr/bin/ceph: stderr
2024-05-24T11:31:34.416+0000 7f78a1e29700 1 -- 172.21.15.39:0/2000126333 learned_addr learned my addr 172.21.15.39:0/2000126333 (peer_addr_for_me v2:172.21.15.39:0/0)
2024-05-24T11:31:35.148 INFO:teuthology.orchestra.run.smithi039.stdout:/usr/bin/ceph: stderr
2024-05-24T11:31:34.416+0000 7f78a1e29700 1 -- 172.21.15.39:0/2000126333 --> [v2:172.21.15.39:3300/0,v1:172.21.15.39:6789/0] -- mon_subscribe({config=0+,monmap=0+}) v3 -- 0x7f789c1058b0 con 0x7f789c104f50
2024-05-24T11:31:35.148 INFO:teuthology.orchestra.run.smithi039.stdout:/usr/bin/ceph: stderr
2024-05-24T11:31:34.417+0000 7f78a1e29700 1 --2- 172.21.15.39:0/2000126333 >> [v2:172.21.15.39:3300/0,v1:172.21.15.39:6789/0] conn(0x7f789c104f50 0x7f789c105370 secure :-1 s=READY pgs=53 cs=0 l=1 rev1=1 crypto rx=0x7f78980098a0 tx=0x7f7898009bb0 comp rx=0 tx=0).ready entity=mon.0 client_cookie=93a3dac18650a36b server_cookie=0 in_seq=0 out_seq=0
2024-05-24T11:31:35.148 INFO:teuthology.orchestra.run.smithi039.stdout:/usr/bin/ceph: stderr
2024-05-24T11:31:34.417+0000 7f78a0e27700 1 -- 172.21.15.39:0/2000126333 <== mon.0 v2:172.21.15.39:3300/0 1 ==== mon_map magic: 0 v1 ==== 205+0+0 (secure 0 0 0) 0x7f7898004160 con 0x7f789c104f50
2024-05-24T11:31:35.148 INFO:teuthology.orchestra.run.smithi039.stdout:/usr/bin/ceph: stderr
2024-05-24T11:31:34.417+0000 7f78a0e27700 1 -- 172.21.15.39:0/2000126333 <== mon.0 v2:172.21.15.39:3300/0 2 ==== config(25 keys) v1 ==== 1067+0+0 (secure 0 0 0) 0x7f78980042c0 con 0x7f789c104f50
2024-05-24T11:31:35.148 INFO:teuthology.orchestra.run.smithi039.stdout:/usr/bin/ceph: stderr
2024-05-24T11:31:34.417+0000 7f78a0e27700 1 -- 172.21.15.39:0/2000126333 <== mon.0 v2:172.21.15.39:3300/0 3 ==== mon_map magic: 0 v1 ==== 205+0+0 (secure 0 0 0) 0x7f78980118e0 con 0x7f789c104f50
2024-05-24T11:31:35.148 INFO:teuthology.orchestra.run.smithi039.stdout:/usr/bin/ceph: stderr
2024-05-24T11:31:34.417+0000 7f78a408d700 1 -- 172.21.15.39:0/2000126333 >> [v2:172.21.15.39:3300/0,v1:172.21.15.39:6789/0] conn(0x7f789c104f50 msgr2=0x7f789c105370 secure :-1 s=STATE_CONNECTION_ESTABLISHED l=1).mark_down
2024-05-24T11:31:35.148 INFO:teuthology.orchestra.run.smithi039.stdout:/usr/bin/ceph: stderr
2024-05-24T11:31:34.417+0000 7f78a408d700 1 --2- 172.21.15.39:0/2000126333 >> [v2:172.21.15.39:3300/0,v1:172.21.15.39:6789/0] conn(0x7f789c104f50 0x7f789c105370 secure :-1 s=READY pgs=53 cs=0 l=1 rev1=1 crypto rx=0x7f78980098a0 tx=0x7f7898009bb0 comp rx=0 tx=0).stop
2024-05-24T11:31:35.148 INFO:teuthology.orchestra.run.smithi039.stdout:/usr/bin/ceph: stderr
2024-05-24T11:31:34.417+0000 7f78a408d700 1 -- 172.21.15.39:0/2000126333 shutdown_connections
2024-05-24T11:31:35.148 INFO:teuthology.orchestra.run.smithi039.stdout:/usr/bin/ceph: stderr
2024-05-24T11:31:34.417+0000 7f78a408d700 1 --2- 172.21.15.39:0/2000126333 >> [v2:172.21.15.39:3300/0,v1:172.21.15.39:6789/0] conn(0x7f789c104f50 0x7f789c105370 unknown :-1 s=CLOSED pgs=53 cs=0 l=1 rev1=1 crypto rx=0 tx=0 comp rx=0 tx=0).stop
2024-05-24T11:31:35.148 INFO:teuthology.orchestra.run.smithi039.stdout:/usr/bin/ceph: stderr
2024-05-24T11:31:34.417+0000 7f78a408d700 1 -- 172.21.15.39:0/2000126333 >> 172.21.15.39:0/2000126333 conn(0x7f789c100b90 msgr2=0x7f789c102fb0 unknown :-1 s=STATE_NONE l=0).mark_down
2024-05-24T11:31:35.148 INFO:teuthology.orchestra.run.smithi039.stdout:/usr/bin/ceph: stderr
2024-05-24T11:31:34.418+0000 7f78a408d700 1 -- 172.21.15.39:0/2000126333 shutdown_connections
2024-05-24T11:31:35.148 INFO:teuthology.orchestra.run.smithi039.stdout:/usr/bin/ceph: stderr
2024-05-24T11:31:34.418+0000 7f78a408d700 1 -- 172.21.15.39:0/2000126333 wait complete.
2024-05-24T11:31:35.148 INFO:teuthology.orchestra.run.smithi039.stdout:/usr/bin/ceph: stderr
2024-05-24T11:31:34.418+0000 7f78a408d700 1 Processor -- start
2024-05-24T11:31:35.149 INFO:teuthology.orchestra.run.smithi039.stdout:/usr/bin/ceph: stderr
2024-05-24T11:31:34.418+0000 7f78a408d700 1 -- start start
2024-05-24T11:31:35.149 INFO:teuthology.orchestra.run.smithi039.stdout:/usr/bin/ceph: stderr
2024-05-24T11:31:34.418+0000 7f78a408d700 1 --2- >> [v2:172.21.15.39:3300/0,v1:172.21.15.39:6789/0] conn(0x7f789c104f50 0x7f789c19c550 unknown :-1 s=NONE pgs=0 cs=0 l=1 rev1=0 crypto rx=0 tx=0 comp rx=0 tx=0).connect
2024-05-24T11:31:35.149 INFO:teuthology.orchestra.run.smithi039.stdout:/usr/bin/ceph: stderr
2024-05-24T11:31:34.418+0000 7f78a408d700 1 -- --> [v2:172.21.15.39:3300/0,v1:172.21.15.39:6789/0] -- mon_getmap magic: 0 v1 -- 0x7f789c19ca90 con 0x7f789c104f50
2024-05-24T11:31:35.149 INFO:teuthology.orchestra.run.smithi039.stdout:/usr/bin/ceph: stderr
2024-05-24T11:31:34.418+0000 7f78a1e29700 1 --2- >> [v2:172.21.15.39:3300/0,v1:172.21.15.39:6789/0] conn(0x7f789c104f50 0x7f789c19c550 unknown :-1 s=BANNER_CONNECTING pgs=0 cs=0 l=1 rev1=0 crypto rx=0 tx=0 comp rx=0 tx=0)._handle_peer_banner_payload supported=3 required=0
2024-05-24T11:31:35.149 INFO:teuthology.orchestra.run.smithi039.stdout:/usr/bin/ceph: stderr
2024-05-24T11:31:34.418+0000 7f78a1e29700 1 --2- >> [v2:172.21.15.39:3300/0,v1:172.21.15.39:6789/0] conn(0x7f789c104f50 0x7f789c19c550 unknown :-1 s=HELLO_CONNECTING pgs=0 cs=0 l=1 rev1=1 crypto rx=0 tx=0 comp rx=0 tx=0).handle_hello peer v2:172.21.15.39:3300/0 says I am v2:172.21.15.39:38166/0 (socket says 172.21.15.39:38166)
2024-05-24T11:31:35.149 INFO:teuthology.orchestra.run.smithi039.stdout:/usr/bin/ceph: stderr
2024-05-24T11:31:34.418+0000 7f78a1e29700 1 -- 172.21.15.39:0/4221043993 learned_addr learned my addr 172.21.15.39:0/4221043993 (peer_addr_for_me v2:172.21.15.39:0/0)
2024-05-24T11:31:35.149 INFO:teuthology.orchestra.run.smithi039.stdout:/usr/bin/ceph: stderr
2024-05-24T11:31:34.419+0000 7f78a1e29700 1 -- 172.21.15.39:0/4221043993 --> [v2:172.21.15.39:3300/0,v1:172.21.15.39:6789/0] -- mon_subscribe({config=0+,monmap=0+}) v3 -- 0x7f7898009550 con 0x7f789c104f50
2024-05-24T11:31:35.149 INFO:teuthology.orchestra.run.smithi039.stdout:/usr/bin/ceph: stderr
2024-05-24T11:31:34.419+0000 7f78a1e29700 1 --2- 172.21.15.39:0/4221043993 >> [v2:172.21.15.39:3300/0,v1:172.21.15.39:6789/0] conn(0x7f789c104f50 0x7f789c19c550 secure :-1 s=READY pgs=54 cs=0 l=1 rev1=1 crypto rx=0x7f7898003e30 tx=0x7f7898011e80 comp rx=0 tx=0).ready entity=mon.0 client_cookie=0 server_cookie=0 in_seq=0 out_seq=0
2024-05-24T11:31:35.149 INFO:teuthology.orchestra.run.smithi039.stdout:/usr/bin/ceph: stderr
2024-05-24T11:31:34.419+0000 7f7892ffd700 1 -- 172.21.15.39:0/4221043993 <== mon.0 v2:172.21.15.39:3300/0 1 ==== mon_map magic: 0 v1 ==== 205+0+0 (secure 0 0 0) 0x7f78980036a0 con 0x7f789c104f50
2024-05-24T11:31:35.149 INFO:teuthology.orchestra.run.smithi039.stdout:/usr/bin/ceph: stderr
2024-05-24T11:31:34.419+0000 7f7892ffd700 1 -- 172.21.15.39:0/4221043993 <== mon.0 v2:172.21.15.39:3300/0 2 ==== config(25 keys) v1 ==== 1067+0+0 (secure 0 0 0) 0x7f789801b440 con 0x7f789c104f50
2024-05-24T11:31:35.149 INFO:teuthology.orchestra.run.smithi039.stdout:/usr/bin/ceph: stderr
2024-05-24T11:31:34.419+0000 7f78a408d700 1 -- 172.21.15.39:0/4221043993 --> [v2:172.21.15.39:3300/0,v1:172.21.15.39:6789/0] -- mon_subscribe({mgrmap=0+}) v3 -- 0x7f789c19cc90 con 0x7f789c104f50
2024-05-24T11:31:35.149 INFO:teuthology.orchestra.run.smithi039.stdout:/usr/bin/ceph: stderr
2024-05-24T11:31:34.419+0000 7f7892ffd700 1 -- 172.21.15.39:0/4221043993 <== mon.0 v2:172.21.15.39:3300/0 3 ==== mon_map magic: 0 v1 ==== 205+0+0 (secure 0 0 0) 0x7f78980193d0 con 0x7f789c104f50
2024-05-24T11:31:35.149 INFO:teuthology.orchestra.run.smithi039.stdout:/usr/bin/ceph: stderr
2024-05-24T11:31:34.419+0000 7f78a408d700 1 -- 172.21.15.39:0/4221043993 --> [v2:172.21.15.39:3300/0,v1:172.21.15.39:6789/0] -- mon_subscribe({osdmap=0}) v3 -- 0x7f789c19d130 con 0x7f789c104f50
2024-05-24T11:31:35.149 INFO:teuthology.orchestra.run.smithi039.stdout:/usr/bin/ceph: stderr
2024-05-24T11:31:34.420+0000 7f7892ffd700 1 -- 172.21.15.39:0/4221043993 <== mon.0 v2:172.21.15.39:3300/0 4 ==== mgrmap(e 8) v1 ==== 45541+0+0 (secure 0 0 0) 0x7f7898003800 con 0x7f789c104f50
2024-05-24T11:31:35.150 INFO:teuthology.orchestra.run.smithi039.stdout:/usr/bin/ceph: stderr
2024-05-24T11:31:34.420+0000 7f78a408d700 1 -- 172.21.15.39:0/4221043993 --> [v2:172.21.15.39:3300/0,v1:172.21.15.39:6789/0] -- mon_command({"prefix": "get_command_descriptions"} v 0) v1 -- 0x7f789c196280 con 0x7f789c104f50
2024-05-24T11:31:35.150 INFO:teuthology.orchestra.run.smithi039.stdout:/usr/bin/ceph: stderr
2024-05-24T11:31:34.420+0000 7f7892ffd700 1 --2- 172.21.15.39:0/4221043993 >> [v2:172.21.15.39:6800/3960296835,v1:172.21.15.39:6801/3960296835] conn(0x7f7888038700 0x7f788803abc0 unknown :-1 s=NONE pgs=0 cs=0 l=1 rev1=0 crypto rx=0 tx=0 comp rx=0 tx=0).connect
2024-05-24T11:31:35.150 INFO:teuthology.orchestra.run.smithi039.stdout:/usr/bin/ceph: stderr
2024-05-24T11:31:34.420+0000 7f7892ffd700 1 -- 172.21.15.39:0/4221043993 <== mon.0 v2:172.21.15.39:3300/0 5 ==== osd_map(2..2 src has 1..2) v4 ==== 940+0+0 (secure 0 0 0) 0x7f789804c4e0 con 0x7f789c104f50
2024-05-24T11:31:35.150 INFO:teuthology.orchestra.run.smithi039.stdout:/usr/bin/ceph: stderr
2024-05-24T11:31:34.420+0000 7f78a1628700 1 --2- 172.21.15.39:0/4221043993 >> [v2:172.21.15.39:6800/3960296835,v1:172.21.15.39:6801/3960296835] conn(0x7f7888038700 0x7f788803abc0 unknown :-1 s=BANNER_CONNECTING pgs=0 cs=0 l=1 rev1=0 crypto rx=0 tx=0 comp rx=0 tx=0)._handle_peer_banner_payload supported=3 required=0
2024-05-24T11:31:35.150 INFO:teuthology.orchestra.run.smithi039.stdout:/usr/bin/ceph: stderr
2024-05-24T11:31:34.421+0000 7f78a1628700 1 --2- 172.21.15.39:0/4221043993 >> [v2:172.21.15.39:6800/3960296835,v1:172.21.15.39:6801/3960296835] conn(0x7f7888038700 0x7f788803abc0 secure :-1 s=READY pgs=16 cs=0 l=1 rev1=1 crypto rx=0x7f788c006fd0 tx=0x7f788c006e40 comp rx=0 tx=0).ready entity=mgr.14118 client_cookie=0 server_cookie=0 in_seq=0 out_seq=0
2024-05-24T11:31:35.150 INFO:teuthology.orchestra.run.smithi039.stdout:/usr/bin/ceph: stderr
2024-05-24T11:31:34.425+0000 7f7892ffd700 1 -- 172.21.15.39:0/4221043993 <== mon.0 v2:172.21.15.39:3300/0 6 ==== mon_command_ack([{"prefix": "get_command_descriptions"}]=0 v0) v1 ==== 72+0+183622 (secure 0 0 0) 0x7f789802b960 con 0x7f789c104f50
2024-05-24T11:31:35.150 INFO:teuthology.orchestra.run.smithi039.stdout:/usr/bin/ceph: stderr
2024-05-24T11:31:34.686+0000 7f78a408d700 1 -- 172.21.15.39:0/4221043993 --> [v2:172.21.15.39:3300/0,v1:172.21.15.39:6789/0] -- mon_command({"prefix": "mgr module enable", "module": "dashboard"} v 0) v1 -- 0x7f789c1068d0 con 0x7f789c104f50
2024-05-24T11:31:35.150 INFO:teuthology.orchestra.run.smithi039.stdout:/usr/bin/ceph: stderr
2024-05-24T11:31:34.715+0000 7f7892ffd700 1 -- 172.21.15.39:0/4221043993 <== mon.0 v2:172.21.15.39:3300/0 7 ==== mgrmap(e 9) v1 ==== 45554+0+0 (secure 0 0 0) 0x7f7898021dc0 con 0x7f789c104f50
2024-05-24T11:31:35.150 INFO:teuthology.orchestra.run.smithi039.stdout:/usr/bin/ceph: stderr
2024-05-24T11:31:34.716+0000 7f7892ffd700 1 -- 172.21.15.39:0/4221043993 <== mon.0 v2:172.21.15.39:3300/0 8 ==== mon_command_ack([{"prefix": "mgr module enable", "module": "dashboard"}]=0 v9) v1 ==== 88+0+0 (secure 0 0 0) 0x7f789800fd80 con 0x7f789c104f50
2024-05-24T11:31:35.150 INFO:teuthology.orchestra.run.smithi039.stdout:/usr/bin/ceph: stderr
2024-05-24T11:31:34.719+0000 7f78a408d700 1 -- 172.21.15.39:0/4221043993 >> [v2:172.21.15.39:6800/3960296835,v1:172.21.15.39:6801/3960296835] conn(0x7f7888038700 msgr2=0x7f788803abc0 secure :-1 s=STATE_CONNECTION_ESTABLISHED l=1).mark_down
2024-05-24T11:31:35.150 INFO:teuthology.orchestra.run.smithi039.stdout:/usr/bin/ceph: stderr
2024-05-24T11:31:34.719+0000 7f78a408d700 1 --2- 172.21.15.39:0/4221043993 >> [v2:172.21.15.39:6800/3960296835,v1:172.21.15.39:6801/3960296835] conn(0x7f7888038700 0x7f788803abc0 secure :-1 s=READY pgs=16 cs=0 l=1 rev1=1 crypto rx=0x7f788c006fd0 tx=0x7f788c006e40 comp rx=0 tx=0).stop
2024-05-24T11:31:35.150 INFO:teuthology.orchestra.run.smithi039.stdout:/usr/bin/ceph: stderr
2024-05-24T11:31:34.719+0000 7f78a408d700 1 -- 172.21.15.39:0/4221043993 >> [v2:172.21.15.39:3300/0,v1:172.21.15.39:6789/0] conn(0x7f789c104f50 msgr2=0x7f789c19c550 secure :-1 s=STATE_CONNECTION_ESTABLISHED l=1).mark_down
2024-05-24T11:31:35.150 INFO:teuthology.orchestra.run.smithi039.stdout:/usr/bin/ceph: stderr
2024-05-24T11:31:34.719+0000 7f78a408d700 1 --2- 172.21.15.39:0/4221043993 >> [v2:172.21.15.39:3300/0,v1:172.21.15.39:6789/0] conn(0x7f789c104f50 0x7f789c19c550 secure :-1 s=READY pgs=54 cs=0 l=1 rev1=1 crypto rx=0x7f7898003e30 tx=0x7f7898011e80 comp rx=0 tx=0).stop
2024-05-24T11:31:35.150 INFO:teuthology.orchestra.run.smithi039.stdout:/usr/bin/ceph: stderr
2024-05-24T11:31:34.719+0000 7f78a408d700 1 -- 172.21.15.39:0/4221043993 shutdown_connections
2024-05-24T11:31:35.151 INFO:teuthology.orchestra.run.smithi039.stdout:/usr/bin/ceph: stderr
2024-05-24T11:31:34.719+0000 7f78a408d700 1 --2- 172.21.15.39:0/4221043993 >> [v2:172.21.15.39:6800/3960296835,v1:172.21.15.39:6801/3960296835] conn(0x7f7888038700 0x7f788803abc0 unknown :-1 s=CLOSED pgs=16 cs=0 l=1 rev1=1 crypto rx=0 tx=0 comp rx=0 tx=0).stop
2024-05-24T11:31:35.151 INFO:teuthology.orchestra.run.smithi039.stdout:/usr/bin/ceph: stderr
2024-05-24T11:31:34.719+0000 7f78a408d700 1 --2- 172.21.15.39:0/4221043993 >> [v2:172.21.15.39:3300/0,v1:172.21.15.39:6789/0] conn(0x7f789c104f50 0x7f789c19c550 unknown :-1 s=CLOSED pgs=54 cs=0 l=1 rev1=1 crypto rx=0 tx=0 comp rx=0 tx=0).stop
2024-05-24T11:31:35.151 INFO:teuthology.orchestra.run.smithi039.stdout:/usr/bin/ceph: stderr
2024-05-24T11:31:34.719+0000 7f78a408d700 1 -- 172.21.15.39:0/4221043993 >> 172.21.15.39:0/4221043993 conn(0x7f789c100b90 msgr2=0x7f789c1933c0 unknown :-1 s=STATE_NONE l=0).mark_down
2024-05-24T11:31:35.151 INFO:teuthology.orchestra.run.smithi039.stdout:/usr/bin/ceph: stderr
2024-05-24T11:31:34.719+0000 7f78a408d700 1 -- 172.21.15.39:0/4221043993 shutdown_connections
2024-05-24T11:31:35.151 INFO:teuthology.orchestra.run.smithi039.stdout:/usr/bin/ceph: stderr
2024-05-24T11:31:34.719+0000 7f78a408d700 1 -- 172.21.15.39:0/4221043993 wait complete.
2024-05-24T11:31:35.325 INFO:journalctl@ceph.mgr.x.smithi039.stdout:May 24 11:31:35 smithi039 ceph-f68008c4-19c0-11ef-bc9a-c7b262605968-mgr-x[43169]:
2024-05-24T11:31:35.177+0000 7fb8f8abe200 -1 mgr[py] Module prometheus has missing NOTIFY_TYPES member
2024-05-24T11:31:35.325 INFO:journalctl@ceph.mgr.x.smithi039.stdout:May 24 11:31:35 smithi039 ceph-f68008c4-19c0-11ef-bc9a-c7b262605968-mgr-x[43169]:
2024-05-24T11:31:35.279+0000 7fb8f8abe200 -1 mgr[py] Module alerts has missing NOTIFY_TYPES member
2024-05-24T11:31:35.720 INFO:journalctl@ceph.mgr.x.smithi039.stdout:May 24 11:31:35 smithi039 ceph-f68008c4-19c0-11ef-bc9a-c7b262605968-mgr-x[43169]:
2024-05-24T11:31:35.372+0000 7fb8f8abe200 -1 mgr[py] Module osd_perf_query has missing NOTIFY_TYPES member
2024-05-24T11:31:35.720 INFO:journalctl@ceph.mgr.x.smithi039.stdout:May 24 11:31:35 smithi039 ceph-f68008c4-19c0-11ef-bc9a-c7b262605968-mgr-x[43169]:
2024-05-24T11:31:35.463+0000 7fb8f8abe200 -1 mgr[py] Module progress has missing NOTIFY_TYPES member
2024-05-24T11:31:36.035 INFO:journalctl@ceph.mon.a.smithi039.stdout:May 24 11:31:35 smithi039 ceph-mon[42919]: from='client.? 172.21.15.39:0/4221043993' entity='client.admin' cmd='[{"prefix": "mgr module enable", "module": "dashboard"}]': finished
2024-05-24T11:31:36.035 INFO:journalctl@ceph.mon.a.smithi039.stdout:May 24 11:31:35 smithi039 ceph-mon[42919]: mgrmap e9: x(active, since 13s)
2024-05-24T11:31:36.205 INFO:teuthology.orchestra.run.smithi039.stdout:/usr/bin/ceph: stdout {
2024-05-24T11:31:36.206 INFO:teuthology.orchestra.run.smithi039.stdout:/usr/bin/ceph: stdout "epoch": 9,
2024-05-24T11:31:36.206 INFO:teuthology.orchestra.run.smithi039.stdout:/usr/bin/ceph: stdout "available": true,
2024-05-24T11:31:36.206 INFO:teuthology.orchestra.run.smithi039.stdout:/usr/bin/ceph: stdout "active_name": "x",
2024-05-24T11:31:36.206 INFO:teuthology.orchestra.run.smithi039.stdout:/usr/bin/ceph: stdout "num_standby": 0
2024-05-24T11:31:36.206 INFO:teuthology.orchestra.run.smithi039.stdout:/usr/bin/ceph: stdout }
2024-05-24T11:31:36.206 INFO:teuthology.orchestra.run.smithi039.stdout:/usr/bin/ceph: stderr
2024-05-24T11:31:35.548+0000 7f3905d69700 1 Processor -- start
2024-05-24T11:31:36.206 INFO:teuthology.orchestra.run.smithi039.stdout:/usr/bin/ceph: stderr
2024-05-24T11:31:35.548+0000 7f3905d69700 1 -- start start
