2024-05-21T18:55:20.652 INFO:teuthology.orchestra.run.smithi003.stdout:/usr/bin/ceph: stderr
2024-05-21T18:55:13.455+0000 7f729ca00700 1 --2- 172.21.15.3:0/629408020 >> [v2:172.21.15.3:6800/3695204126,v1:172.21.15.3:6801/3695204126] conn(0x7f727c03e4c0 0x7f727c040980 unknown :-1 s=NONE pgs=0 cs=0 l=1 rev1=0 crypto rx=0 tx=0 comp rx=0 tx=0).connect
2024-05-21T18:55:20.652 INFO:teuthology.orchestra.run.smithi003.stdout:/usr/bin/ceph: stderr
2024-05-21T18:55:13.455+0000 7f729ca00700 1 -- 172.21.15.3:0/629408020 <== mon.0 v2:172.21.15.3:3300/0 5 ==== osd_map(2..2 src has 1..2) ==== 940+0+0 (secure 0 0 0) 0x7f7288053900 con 0x7f729810fca0
2024-05-21T18:55:20.652 INFO:teuthology.orchestra.run.smithi003.stdout:/usr/bin/ceph: stderr
2024-05-21T18:55:13.455+0000 7f728fe00700 1 --2- 172.21.15.3:0/629408020 >> [v2:172.21.15.3:6800/3695204126,v1:172.21.15.3:6801/3695204126] conn(0x7f727c03e4c0 0x7f727c040980 unknown :-1 s=BANNER_CONNECTING pgs=0 cs=0 l=1 rev1=0 crypto rx=0 tx=0 comp rx=0 tx=0)._handle_peer_banner_payload supported=3 required=0
2024-05-21T18:55:20.653 INFO:teuthology.orchestra.run.smithi003.stdout:/usr/bin/ceph: stderr
2024-05-21T18:55:13.456+0000 7f728fe00700 1 --2- 172.21.15.3:0/629408020 >> [v2:172.21.15.3:6800/3695204126,v1:172.21.15.3:6801/3695204126] conn(0x7f727c03e4c0 0x7f727c040980 secure :-1 s=READY pgs=11 cs=0 l=1 rev1=1 crypto rx=0x7f7280006fd0 tx=0x7f7280006e40 comp rx=0 tx=0).ready entity=mgr.14120 client_cookie=0 server_cookie=0 in_seq=0 out_seq=0
2024-05-21T18:55:20.653 INFO:teuthology.orchestra.run.smithi003.stdout:/usr/bin/ceph: stderr
2024-05-21T18:55:13.461+0000 7f729ca00700 1 -- 172.21.15.3:0/629408020 <== mon.0 v2:172.21.15.3:3300/0 6 ==== mon_command_ack([{"prefix": "get_command_descriptions"}]=0 v0) ==== 72+0+191963 (secure 0 0 0) 0x7f72880247f0 con 0x7f729810fca0
2024-05-21T18:55:20.653 INFO:teuthology.orchestra.run.smithi003.stdout:/usr/bin/ceph: stderr
2024-05-21T18:55:13.705+0000 7f7297e00700 1 -- 172.21.15.3:0/629408020 --> [v2:172.21.15.3:6800/3695204126,v1:172.21.15.3:6801/3695204126] -- mgr_command(tid 0: {"prefix": "orch host add", "hostname": "smithi003", "addr": "172.21.15.3", "target": ["mon-mgr", ""]}) -- 0x7f729807f670 con 0x7f727c03e4c0
2024-05-21T18:55:20.653 INFO:teuthology.orchestra.run.smithi003.stdout:/usr/bin/ceph: stderr
2024-05-21T18:55:19.936+0000 7f729ca00700 1 -- 172.21.15.3:0/629408020 <== mgr.14120 v2:172.21.15.3:6800/3695204126 1 ==== mgr_command_reply(tid 0: 0 ) ==== 8+0+47 (secure 0 0 0) 0x7f729807f670 con 0x7f727c03e4c0
2024-05-21T18:55:20.653 INFO:teuthology.orchestra.run.smithi003.stdout:/usr/bin/ceph: stderr
2024-05-21T18:55:19.941+0000 7f7297e00700 1 -- 172.21.15.3:0/629408020 >> [v2:172.21.15.3:6800/3695204126,v1:172.21.15.3:6801/3695204126] conn(0x7f727c03e4c0 msgr2=0x7f727c040980 secure :-1 s=STATE_CONNECTION_ESTABLISHED l=1).mark_down
2024-05-21T18:55:20.653 INFO:teuthology.orchestra.run.smithi003.stdout:/usr/bin/ceph: stderr
2024-05-21T18:55:19.941+0000 7f7297e00700 1 --2- 172.21.15.3:0/629408020 >> [v2:172.21.15.3:6800/3695204126,v1:172.21.15.3:6801/3695204126] conn(0x7f727c03e4c0 0x7f727c040980 secure :-1 s=READY pgs=11 cs=0 l=1 rev1=1 crypto rx=0x7f7280006fd0 tx=0x7f7280006e40 comp rx=0 tx=0).stop
2024-05-21T18:55:20.653 INFO:teuthology.orchestra.run.smithi003.stdout:/usr/bin/ceph: stderr
2024-05-21T18:55:19.941+0000 7f7297e00700 1 -- 172.21.15.3:0/629408020 >> [v2:172.21.15.3:3300/0,v1:172.21.15.3:6789/0] conn(0x7f729810fca0 msgr2=0x7f72981a3380 secure :-1 s=STATE_CONNECTION_ESTABLISHED l=1).mark_down
2024-05-21T18:55:20.653 INFO:teuthology.orchestra.run.smithi003.stdout:/usr/bin/ceph: stderr
2024-05-21T18:55:19.941+0000 7f7297e00700 1 --2- 172.21.15.3:0/629408020 >> [v2:172.21.15.3:3300/0,v1:172.21.15.3:6789/0] conn(0x7f729810fca0 0x7f72981a3380 secure :-1 s=READY pgs=46 cs=0 l=1 rev1=1 crypto rx=0x7f7288011ac0 tx=0x7f7288011ba0 comp rx=0 tx=0).stop
2024-05-21T18:55:20.653 INFO:teuthology.orchestra.run.smithi003.stdout:/usr/bin/ceph: stderr
2024-05-21T18:55:19.941+0000 7f7297e00700 1 -- 172.21.15.3:0/629408020 shutdown_connections
2024-05-21T18:55:20.653 INFO:teuthology.orchestra.run.smithi003.stdout:/usr/bin/ceph: stderr
2024-05-21T18:55:19.941+0000 7f7297e00700 1 --2- 172.21.15.3:0/629408020 >> [v2:172.21.15.3:6800/3695204126,v1:172.21.15.3:6801/3695204126] conn(0x7f727c03e4c0 0x7f727c040980 unknown :-1 s=CLOSED pgs=11 cs=0 l=1 rev1=1 crypto rx=0 tx=0 comp rx=0 tx=0).stop
2024-05-21T18:55:20.653 INFO:teuthology.orchestra.run.smithi003.stdout:/usr/bin/ceph: stderr
2024-05-21T18:55:19.941+0000 7f7297e00700 1 --2- 172.21.15.3:0/629408020 >> [v2:172.21.15.3:3300/0,v1:172.21.15.3:6789/0] conn(0x7f729810fca0 0x7f72981a3380 unknown :-1 s=CLOSED pgs=46 cs=0 l=1 rev1=1 crypto rx=0 tx=0 comp rx=0 tx=0).stop
2024-05-21T18:55:20.653 INFO:teuthology.orchestra.run.smithi003.stdout:/usr/bin/ceph: stderr
2024-05-21T18:55:19.942+0000 7f7297e00700 1 -- 172.21.15.3:0/629408020 >> 172.21.15.3:0/629408020 conn(0x7f729807e3b0 msgr2=0x7f729807ef60 unknown :-1 s=STATE_NONE l=0).mark_down
2024-05-21T18:55:20.653 INFO:teuthology.orchestra.run.smithi003.stdout:/usr/bin/ceph: stderr
2024-05-21T18:55:19.942+0000 7f7297e00700 1 -- 172.21.15.3:0/629408020 shutdown_connections
2024-05-21T18:55:20.653 INFO:teuthology.orchestra.run.smithi003.stdout:/usr/bin/ceph: stderr
2024-05-21T18:55:19.943+0000 7f7297e00700 1 -- 172.21.15.3:0/629408020 wait complete.
2024-05-21T18:55:20.653 INFO:teuthology.orchestra.run.smithi003.stdout:Deploying unmanaged mon service...
2024-05-21T18:55:21.287 INFO:journalctl@ceph.mon.a.smithi003.stdout:May 21 18:55:20 smithi003 ceph-mon[31577]: from='mgr.14120 172.21.15.3:0/3288953326' entity='mgr.x'
2024-05-21T18:55:21.287 INFO:journalctl@ceph.mon.a.smithi003.stdout:May 21 18:55:20 smithi003 ceph-mon[31577]: Added host smithi003
2024-05-21T18:55:21.287 INFO:journalctl@ceph.mon.a.smithi003.stdout:May 21 18:55:20 smithi003 ceph-mon[31577]: from='mgr.14120 172.21.15.3:0/3288953326' entity='mgr.x' cmd=[{"prefix": "config dump", "format": "json"}]: dispatch
2024-05-21T18:55:22.829 INFO:journalctl@ceph.mon.a.smithi003.stdout:May 21 18:55:22 smithi003 ceph-mon[31577]: from='client.14142 -' entity='client.admin' cmd=[{"prefix": "orch apply", "service_type": "mon", "unmanaged": true, "target": ["mon-mgr", ""]}]: dispatch
2024-05-21T18:55:22.829 INFO:journalctl@ceph.mon.a.smithi003.stdout:May 21 18:55:22 smithi003 ceph-mon[31577]: Saving service mon spec with placement count:5
2024-05-21T18:55:22.829 INFO:journalctl@ceph.mon.a.smithi003.stdout:May 21 18:55:22 smithi003 ceph-mon[31577]: from='mgr.14120 172.21.15.3:0/3288953326' entity='mgr.x'
2024-05-21T18:55:22.837 INFO:teuthology.orchestra.run.smithi003.stdout:/usr/bin/ceph: stdout Scheduled mon update...
2024-05-21T18:55:22.838 INFO:teuthology.orchestra.run.smithi003.stdout:/usr/bin/ceph: stderr
2024-05-21T18:55:21.299+0000 7fb2aac00700 1 Processor -- start
2024-05-21T18:55:22.838 INFO:teuthology.orchestra.run.smithi003.stdout:/usr/bin/ceph: stderr
2024-05-21T18:55:21.299+0000 7fb2aac00700 1 -- start start
2024-05-21T18:55:22.839 INFO:teuthology.orchestra.run.smithi003.stdout:/usr/bin/ceph: stderr
2024-05-21T18:55:21.300+0000 7fb2aac00700 1 --2- >> [v2:172.21.15.3:3300/0,v1:172.21.15.3:6789/0] conn(0x7fb2a4109a10 0x7fb2a410be00 unknown :-1 s=NONE pgs=0 cs=0 l=0 rev1=0 crypto rx=0 tx=0 comp rx=0 tx=0).connect
2024-05-21T18:55:22.839 INFO:teuthology.orchestra.run.smithi003.stdout:/usr/bin/ceph: stderr
2024-05-21T18:55:21.300+0000 7fb2aac00700 1 -- --> [v2:172.21.15.3:3300/0,v1:172.21.15.3:6789/0] -- mon_getmap magic: 0 -- 0x7fb2a4076e40 con 0x7fb2a4109a10
2024-05-21T18:55:22.839 INFO:teuthology.orchestra.run.smithi003.stdout:/usr/bin/ceph: stderr
2024-05-21T18:55:21.300+0000 7fb2a3e00700 1 --2- >> [v2:172.21.15.3:3300/0,v1:172.21.15.3:6789/0] conn(0x7fb2a4109a10 0x7fb2a410be00 unknown :-1 s=BANNER_CONNECTING pgs=0 cs=0 l=0 rev1=0 crypto rx=0 tx=0 comp rx=0 tx=0)._handle_peer_banner_payload supported=3 required=0
2024-05-21T18:55:22.839 INFO:teuthology.orchestra.run.smithi003.stdout:/usr/bin/ceph: stderr
2024-05-21T18:55:21.301+0000 7fb2a3e00700 1 --2- >> [v2:172.21.15.3:3300/0,v1:172.21.15.3:6789/0] conn(0x7fb2a4109a10 0x7fb2a410be00 unknown :-1 s=HELLO_CONNECTING pgs=0 cs=0 l=0 rev1=1 crypto rx=0 tx=0 comp rx=0 tx=0).handle_hello peer v2:172.21.15.3:3300/0 says I am v2:172.21.15.3:35518/0 (socket says 172.21.15.3:35518)
2024-05-21T18:55:22.840 INFO:teuthology.orchestra.run.smithi003.stdout:/usr/bin/ceph: stderr
2024-05-21T18:55:21.301+0000 7fb2a3e00700 1 -- 172.21.15.3:0/3081225100 learned_addr learned my addr 172.21.15.3:0/3081225100 (peer_addr_for_me v2:172.21.15.3:0/0)
2024-05-21T18:55:22.840 INFO:teuthology.orchestra.run.smithi003.stdout:/usr/bin/ceph: stderr
2024-05-21T18:55:21.301+0000 7fb2a3e00700 1 -- 172.21.15.3:0/3081225100 --> [v2:172.21.15.3:3300/0,v1:172.21.15.3:6789/0] -- mon_subscribe({config=0+,monmap=0+}) -- 0x7fb2a410c340 con 0x7fb2a4109a10
2024-05-21T18:55:22.840 INFO:teuthology.orchestra.run.smithi003.stdout:/usr/bin/ceph: stderr
2024-05-21T18:55:21.301+0000 7fb2a3e00700 1 --2- 172.21.15.3:0/3081225100 >> [v2:172.21.15.3:3300/0,v1:172.21.15.3:6789/0] conn(0x7fb2a4109a10 0x7fb2a410be00 secure :-1 s=READY pgs=47 cs=0 l=1 rev1=1 crypto rx=0x7fb2940098a0 tx=0x7fb294009bb0 comp rx=0 tx=0).ready entity=mon.0 client_cookie=680534fb3b9f747f server_cookie=0 in_seq=0 out_seq=0
2024-05-21T18:55:22.840 INFO:teuthology.orchestra.run.smithi003.stdout:/usr/bin/ceph: stderr
2024-05-21T18:55:21.302+0000 7fb2a2a00700 1 -- 172.21.15.3:0/3081225100 <== mon.0 v2:172.21.15.3:3300/0 1 ==== mon_map magic: 0 ==== 205+0+0 (secure 0 0 0) 0x7fb294004160 con 0x7fb2a4109a10
2024-05-21T18:55:22.840 INFO:teuthology.orchestra.run.smithi003.stdout:/usr/bin/ceph: stderr
2024-05-21T18:55:21.302+0000 7fb2a2a00700 1 -- 172.21.15.3:0/3081225100 <== mon.0 v2:172.21.15.3:3300/0 2 ==== config(26 keys) ==== 1070+0+0 (secure 0 0 0) 0x7fb294004300 con 0x7fb2a4109a10
2024-05-21T18:55:22.840 INFO:teuthology.orchestra.run.smithi003.stdout:/usr/bin/ceph: stderr
2024-05-21T18:55:21.302+0000 7fb2a2a00700 1 -- 172.21.15.3:0/3081225100 <== mon.0 v2:172.21.15.3:3300/0 3 ==== mon_map magic: 0 ==== 205+0+0 (secure 0 0 0) 0x7fb294011af0 con 0x7fb2a4109a10
2024-05-21T18:55:22.845 INFO:teuthology.orchestra.run.smithi003.stdout:/usr/bin/ceph: stderr
2024-05-21T18:55:21.302+0000 7fb2aac00700 1 -- 172.21.15.3:0/3081225100 >> [v2:172.21.15.3:3300/0,v1:172.21.15.3:6789/0] conn(0x7fb2a4109a10 msgr2=0x7fb2a410be00 secure :-1 s=STATE_CONNECTION_ESTABLISHED l=1).mark_down
2024-05-21T18:55:22.845 INFO:teuthology.orchestra.run.smithi003.stdout:/usr/bin/ceph: stderr
2024-05-21T18:55:21.302+0000 7fb2aac00700 1 --2- 172.21.15.3:0/3081225100 >> [v2:172.21.15.3:3300/0,v1:172.21.15.3:6789/0] conn(0x7fb2a4109a10 0x7fb2a410be00 secure :-1 s=READY pgs=47 cs=0 l=1 rev1=1 crypto rx=0x7fb2940098a0 tx=0x7fb294009bb0 comp rx=0 tx=0).stop
2024-05-21T18:55:22.845 INFO:teuthology.orchestra.run.smithi003.stdout:/usr/bin/ceph: stderr
2024-05-21T18:55:21.303+0000 7fb2aac00700 1 -- 172.21.15.3:0/3081225100 shutdown_connections
2024-05-21T18:55:22.845 INFO:teuthology.orchestra.run.smithi003.stdout:/usr/bin/ceph: stderr
2024-05-21T18:55:21.303+0000 7fb2aac00700 1 --2- 172.21.15.3:0/3081225100 >> [v2:172.21.15.3:3300/0,v1:172.21.15.3:6789/0] conn(0x7fb2a4109a10 0x7fb2a410be00 unknown :-1 s=CLOSED pgs=47 cs=0 l=1 rev1=1 crypto rx=0 tx=0 comp rx=0 tx=0).stop
2024-05-21T18:55:22.845 INFO:teuthology.orchestra.run.smithi003.stdout:/usr/bin/ceph: stderr
2024-05-21T18:55:21.303+0000 7fb2aac00700 1 -- 172.21.15.3:0/3081225100 >> 172.21.15.3:0/3081225100 conn(0x7fb2a4103460 msgr2=0x7fb2a4105880 unknown :-1 s=STATE_NONE l=0).mark_down
2024-05-21T18:55:22.845 INFO:teuthology.orchestra.run.smithi003.stdout:/usr/bin/ceph: stderr
2024-05-21T18:55:21.303+0000 7fb2aac00700 1 -- 172.21.15.3:0/3081225100 shutdown_connections
2024-05-21T18:55:22.845 INFO:teuthology.orchestra.run.smithi003.stdout:/usr/bin/ceph: stderr
2024-05-21T18:55:21.303+0000 7fb2aac00700 1 -- 172.21.15.3:0/3081225100 wait complete.
2024-05-21T18:55:22.845 INFO:teuthology.orchestra.run.smithi003.stdout:/usr/bin/ceph: stderr
2024-05-21T18:55:21.304+0000 7fb2aac00700 1 Processor -- start
2024-05-21T18:55:22.845 INFO:teuthology.orchestra.run.smithi003.stdout:/usr/bin/ceph: stderr
2024-05-21T18:55:21.304+0000 7fb2aac00700 1 -- start start
2024-05-21T18:55:22.846 INFO:teuthology.orchestra.run.smithi003.stdout:/usr/bin/ceph: stderr
2024-05-21T18:55:21.304+0000 7fb2aac00700 1 --2- >> [v2:172.21.15.3:3300/0,v1:172.21.15.3:6789/0] conn(0x7fb2a4109a10 0x7fb2a4109290 unknown :-1 s=NONE pgs=0 cs=0 l=1 rev1=0 crypto rx=0 tx=0 comp rx=0 tx=0).connect
2024-05-21T18:55:22.846 INFO:teuthology.orchestra.run.smithi003.stdout:/usr/bin/ceph: stderr
2024-05-21T18:55:21.304+0000 7fb2aac00700 1 -- --> [v2:172.21.15.3:3300/0,v1:172.21.15.3:6789/0] -- mon_getmap magic: 0 -- 0x7fb2a410d310 con 0x7fb2a4109a10
2024-05-21T18:55:22.846 INFO:teuthology.orchestra.run.smithi003.stdout:/usr/bin/ceph: stderr
2024-05-21T18:55:21.305+0000 7fb2a3e00700 1 --2- >> [v2:172.21.15.3:3300/0,v1:172.21.15.3:6789/0] conn(0x7fb2a4109a10 0x7fb2a4109290 unknown :-1 s=BANNER_CONNECTING pgs=0 cs=0 l=1 rev1=0 crypto rx=0 tx=0 comp rx=0 tx=0)._handle_peer_banner_payload supported=3 required=0
2024-05-21T18:55:22.846 INFO:teuthology.orchestra.run.smithi003.stdout:/usr/bin/ceph: stderr
2024-05-21T18:55:21.305+0000 7fb2a3e00700 1 --2- >> [v2:172.21.15.3:3300/0,v1:172.21.15.3:6789/0] conn(0x7fb2a4109a10 0x7fb2a4109290 unknown :-1 s=HELLO_CONNECTING pgs=0 cs=0 l=1 rev1=1 crypto rx=0 tx=0 comp rx=0 tx=0).handle_hello peer v2:172.21.15.3:3300/0 says I am v2:172.21.15.3:35522/0 (socket says 172.21.15.3:35522)
2024-05-21T18:55:22.846 INFO:teuthology.orchestra.run.smithi003.stdout:/usr/bin/ceph: stderr
2024-05-21T18:55:21.305+0000 7fb2a3e00700 1 -- 172.21.15.3:0/2998060900 learned_addr learned my addr 172.21.15.3:0/2998060900 (peer_addr_for_me v2:172.21.15.3:0/0)
2024-05-21T18:55:22.846 INFO:teuthology.orchestra.run.smithi003.stdout:/usr/bin/ceph: stderr
2024-05-21T18:55:21.305+0000 7fb2a3e00700 1 -- 172.21.15.3:0/2998060900 --> [v2:172.21.15.3:3300/0,v1:172.21.15.3:6789/0] -- mon_subscribe({config=0+,monmap=0+}) -- 0x7fb2a41097d0 con 0x7fb2a4109a10
2024-05-21T18:55:22.846 INFO:teuthology.orchestra.run.smithi003.stdout:/usr/bin/ceph: stderr
2024-05-21T18:55:21.305+0000 7fb2a3e00700 1 --2- 172.21.15.3:0/2998060900 >> [v2:172.21.15.3:3300/0,v1:172.21.15.3:6789/0] conn(0x7fb2a4109a10 0x7fb2a4109290 secure :-1 s=READY pgs=48 cs=0 l=1 rev1=1 crypto rx=0x7fb294011ac0 tx=0x7fb294011ba0 comp rx=0 tx=0).ready entity=mon.0 client_cookie=0 server_cookie=0 in_seq=0 out_seq=0
2024-05-21T18:55:22.846 INFO:teuthology.orchestra.run.smithi003.stdout:/usr/bin/ceph: stderr
2024-05-21T18:55:21.306+0000 7fb2a0c00700 1 -- 172.21.15.3:0/2998060900 <== mon.0 v2:172.21.15.3:3300/0 1 ==== mon_map magic: 0 ==== 205+0+0 (secure 0 0 0) 0x7fb294003970 con 0x7fb2a4109a10
2024-05-21T18:55:22.846 INFO:teuthology.orchestra.run.smithi003.stdout:/usr/bin/ceph: stderr
2024-05-21T18:55:21.306+0000 7fb2a0c00700 1 -- 172.21.15.3:0/2998060900 <== mon.0 v2:172.21.15.3:3300/0 2 ==== config(26 keys) ==== 1070+0+0 (secure 0 0 0) 0x7fb294003b10 con 0x7fb2a4109a10
2024-05-21T18:55:22.846 INFO:teuthology.orchestra.run.smithi003.stdout:/usr/bin/ceph: stderr
2024-05-21T18:55:21.306+0000 7fb2a0c00700 1 -- 172.21.15.3:0/2998060900 <== mon.0 v2:172.21.15.3:3300/0 3 ==== mon_map magic: 0 ==== 205+0+0 (secure 0 0 0) 0x7fb294024610 con 0x7fb2a4109a10
2024-05-21T18:55:22.846 INFO:teuthology.orchestra.run.smithi003.stdout:/usr/bin/ceph: stderr
2024-05-21T18:55:21.306+0000 7fb2aac00700 1 -- 172.21.15.3:0/2998060900 --> [v2:172.21.15.3:3300/0,v1:172.21.15.3:6789/0] -- mon_subscribe({mgrmap=0+}) -- 0x7fb2a41079c0 con 0x7fb2a4109a10
2024-05-21T18:55:22.846 INFO:teuthology.orchestra.run.smithi003.stdout:/usr/bin/ceph: stderr
2024-05-21T18:55:21.306+0000 7fb2aac00700 1 -- 172.21.15.3:0/2998060900 --> [v2:172.21.15.3:3300/0,v1:172.21.15.3:6789/0] -- mon_subscribe({osdmap=0}) -- 0x7fb2a4107f00 con 0x7fb2a4109a10
2024-05-21T18:55:22.847 INFO:teuthology.orchestra.run.smithi003.stdout:/usr/bin/ceph: stderr
2024-05-21T18:55:21.307+0000 7fb2aac00700 1 -- 172.21.15.3:0/2998060900 --> [v2:172.21.15.3:3300/0,v1:172.21.15.3:6789/0] -- mon_command({"prefix": "get_command_descriptions"} v 0) -- 0x7fb2a4064ba0 con 0x7fb2a4109a10
2024-05-21T18:55:22.847 INFO:teuthology.orchestra.run.smithi003.stdout:/usr/bin/ceph: stderr
2024-05-21T18:55:21.307+0000 7fb2a0c00700 1 -- 172.21.15.3:0/2998060900 <== mon.0 v2:172.21.15.3:3300/0 4 ==== mgrmap(e 8) ==== 50222+0+0 (secure 0 0 0) 0x7fb29401a9e0 con 0x7fb2a4109a10
2024-05-21T18:55:22.847 INFO:teuthology.orchestra.run.smithi003.stdout:/usr/bin/ceph: stderr
2024-05-21T18:55:21.308+0000 7fb2a0c00700 1 --2- 172.21.15.3:0/2998060900 >> [v2:172.21.15.3:6800/3695204126,v1:172.21.15.3:6801/3695204126] conn(0x7fb28803e4c0 0x7fb288040980 unknown :-1 s=NONE pgs=0 cs=0 l=1 rev1=0 crypto rx=0 tx=0 comp rx=0 tx=0).connect
2024-05-21T18:55:22.847 INFO:teuthology.orchestra.run.smithi003.stdout:/usr/bin/ceph: stderr
2024-05-21T18:55:21.308+0000 7fb2a0c00700 1 -- 172.21.15.3:0/2998060900 <== mon.0 v2:172.21.15.3:3300/0 5 ==== osd_map(2..2 src has 1..2) ==== 940+0+0 (secure 0 0 0) 0x7fb294053940 con 0x7fb2a4109a10
2024-05-21T18:55:22.847 INFO:teuthology.orchestra.run.smithi003.stdout:/usr/bin/ceph: stderr
2024-05-21T18:55:21.308+0000 7fb2a3400700 1 --2- 172.21.15.3:0/2998060900 >> [v2:172.21.15.3:6800/3695204126,v1:172.21.15.3:6801/3695204126] conn(0x7fb28803e4c0 0x7fb288040980 unknown :-1 s=BANNER_CONNECTING pgs=0 cs=0 l=1 rev1=0 crypto rx=0 tx=0 comp rx=0 tx=0)._handle_peer_banner_payload supported=3 required=0
2024-05-21T18:55:22.847 INFO:teuthology.orchestra.run.smithi003.stdout:/usr/bin/ceph: stderr
2024-05-21T18:55:21.309+0000 7fb2a3400700 1 --2- 172.21.15.3:0/2998060900 >> [v2:172.21.15.3:6800/3695204126,v1:172.21.15.3:6801/3695204126] conn(0x7fb28803e4c0 0x7fb288040980 secure :-1 s=READY pgs=12 cs=0 l=1 rev1=1 crypto rx=0x7fb290006fd0 tx=0x7fb290006e40 comp rx=0 tx=0).ready entity=mgr.14120 client_cookie=0 server_cookie=0 in_seq=0 out_seq=0
2024-05-21T18:55:22.847 INFO:teuthology.orchestra.run.smithi003.stdout:/usr/bin/ceph: stderr
2024-05-21T18:55:21.314+0000 7fb2a0c00700 1 -- 172.21.15.3:0/2998060900 <== mon.0 v2:172.21.15.3:3300/0 6 ==== mon_command_ack([{"prefix": "get_command_descriptions"}]=0 v0) ==== 72+0+191963 (secure 0 0 0) 0x7fb2940247f0 con 0x7fb2a4109a10
2024-05-21T18:55:22.847 INFO:teuthology.orchestra.run.smithi003.stdout:/usr/bin/ceph: stderr
2024-05-21T18:55:21.574+0000 7fb2aac00700 1 -- 172.21.15.3:0/2998060900 --> [v2:172.21.15.3:6800/3695204126,v1:172.21.15.3:6801/3695204126] -- mgr_command(tid 0: {"prefix": "orch apply", "service_type": "mon", "unmanaged": true, "target": ["mon-mgr", ""]}) -- 0x7fb2a4104770 con 0x7fb28803e4c0
2024-05-21T18:55:22.847 INFO:teuthology.orchestra.run.smithi003.stdout:/usr/bin/ceph: stderr
2024-05-21T18:55:21.585+0000 7fb2a0c00700 1 -- 172.21.15.3:0/2998060900 <== mgr.14120 v2:172.21.15.3:6800/3695204126 1 ==== mgr_command_reply(tid 0: 0 ) ==== 8+0+24 (secure 0 0 0) 0x7fb2a4104770 con 0x7fb28803e4c0
2024-05-21T18:55:22.847 INFO:teuthology.orchestra.run.smithi003.stdout:/usr/bin/ceph: stderr
2024-05-21T18:55:21.588+0000 7fb2aac00700 1 -- 172.21.15.3:0/2998060900 >> [v2:172.21.15.3:6800/3695204126,v1:172.21.15.3:6801/3695204126] conn(0x7fb28803e4c0 msgr2=0x7fb288040980 secure :-1 s=STATE_CONNECTION_ESTABLISHED l=1).mark_down
2024-05-21T18:55:22.847 INFO:teuthology.orchestra.run.smithi003.stdout:/usr/bin/ceph: stderr
2024-05-21T18:55:21.588+0000 7fb2aac00700 1 --2- 172.21.15.3:0/2998060900 >> [v2:172.21.15.3:6800/3695204126,v1:172.21.15.3:6801/3695204126] conn(0x7fb28803e4c0 0x7fb288040980 secure :-1 s=READY pgs=12 cs=0 l=1 rev1=1 crypto rx=0x7fb290006fd0 tx=0x7fb290006e40 comp rx=0 tx=0).stop
2024-05-21T18:55:22.847 INFO:teuthology.orchestra.run.smithi003.stdout:/usr/bin/ceph: stderr
2024-05-21T18:55:21.588+0000 7fb2aac00700 1 -- 172.21.15.3:0/2998060900 >> [v2:172.21.15.3:3300/0,v1:172.21.15.3:6789/0] conn(0x7fb2a4109a10 msgr2=0x7fb2a4109290 secure :-1 s=STATE_CONNECTION_ESTABLISHED l=1).mark_down
2024-05-21T18:55:22.848 INFO:teuthology.orchestra.run.smithi003.stdout:/usr/bin/ceph: stderr
2024-05-21T18:55:21.588+0000 7fb2aac00700 1 --2- 172.21.15.3:0/2998060900 >> [v2:172.21.15.3:3300/0,v1:172.21.15.3:6789/0] conn(0x7fb2a4109a10 0x7fb2a4109290 secure :-1 s=READY pgs=48 cs=0 l=1 rev1=1 crypto rx=0x7fb294011ac0 tx=0x7fb294011ba0 comp rx=0 tx=0).stop
2024-05-21T18:55:22.848 INFO:teuthology.orchestra.run.smithi003.stdout:/usr/bin/ceph: stderr
2024-05-21T18:55:21.588+0000 7fb2aac00700 1 -- 172.21.15.3:0/2998060900 shutdown_connections
2024-05-21T18:55:22.848 INFO:teuthology.orchestra.run.smithi003.stdout:/usr/bin/ceph: stderr
2024-05-21T18:55:21.588+0000 7fb2aac00700 1 --2- 172.21.15.3:0/2998060900 >> [v2:172.21.15.3:6800/3695204126,v1:172.21.15.3:6801/3695204126] conn(0x7fb28803e4c0 0x7fb288040980 unknown :-1 s=CLOSED pgs=12 cs=0 l=1 rev1=1 crypto rx=0 tx=0 comp rx=0 tx=0).stop
2024-05-21T18:55:22.848 INFO:teuthology.orchestra.run.smithi003.stdout:/usr/bin/ceph: stderr
2024-05-21T18:55:21.588+0000 7fb2aac00700 1 --2- 172.21.15.3:0/2998060900 >> [v2:172.21.15.3:3300/0,v1:172.21.15.3:6789/0] conn(0x7fb2a4109a10 0x7fb2a4109290 unknown :-1 s=CLOSED pgs=48 cs=0 l=1 rev1=1 crypto rx=0 tx=0 comp rx=0 tx=0).stop
2024-05-21T18:55:22.848 INFO:teuthology.orchestra.run.smithi003.stdout:/usr/bin/ceph: stderr
2024-05-21T18:55:21.588+0000 7fb2aac00700 1 -- 172.21.15.3:0/2998060900 >> 172.21.15.3:0/2998060900 conn(0x7fb2a4103460 msgr2=0x7fb2a4104060 unknown :-1 s=STATE_NONE l=0).mark_down
2024-05-21T18:55:22.848 INFO:teuthology.orchestra.run.smithi003.stdout:/usr/bin/ceph: stderr
2024-05-21T18:55:21.588+0000 7fb2aac00700 1 -- 172.21.15.3:0/2998060900 shutdown_connections
2024-05-21T18:55:22.849 INFO:teuthology.orchestra.run.smithi003.stdout:/usr/bin/ceph: stderr
2024-05-21T18:55:21.588+0000 7fb2aac00700 1 -- 172.21.15.3:0/2998060900 wait complete.
2024-05-21T18:55:22.849 INFO:teuthology.orchestra.run.smithi003.stdout:Deploying unmanaged mgr service...
2024-05-21T18:55:24.590 INFO:journalctl@ceph.mon.a.smithi003.stdout:May 21 18:55:24 smithi003 ceph-mon[31577]: from='mgr.14120 172.21.15.3:0/3288953326' entity='mgr.x'
2024-05-21T18:55:24.590 INFO:journalctl@ceph.mon.a.smithi003.stdout:May 21 18:55:24 smithi003 ceph-mon[31577]: from='client.14144 -' entity='client.admin' cmd=[{"prefix": "orch apply", "service_type": "mgr", "unmanaged": true, "target": ["mon-mgr", ""]}]: dispatch
2024-05-21T18:55:24.590 INFO:journalctl@ceph.mon.a.smithi003.stdout:May 21 18:55:24 smithi003 ceph-mon[31577]: Saving service mgr spec with placement count:2
2024-05-21T18:55:24.590 INFO:journalctl@ceph.mon.a.smithi003.stdout:May 21 18:55:24 smithi003 ceph-mon[31577]: from='mgr.14120 172.21.15.3:0/3288953326' entity='mgr.x'
2024-05-21T18:55:24.590 INFO:journalctl@ceph.mon.a.smithi003.stdout:May 21 18:55:24 smithi003 ceph-mon[31577]: from='mgr.14120 172.21.15.3:0/3288953326' entity='mgr.x'
2024-05-21T18:55:24.903 INFO:teuthology.orchestra.run.smithi003.stdout:/usr/bin/ceph: stdout Scheduled mgr update...
2024-05-21T18:55:24.904 INFO:teuthology.orchestra.run.smithi003.stdout:/usr/bin/ceph: stderr
2024-05-21T18:55:23.912+0000 7fbb64a00700 1 Processor -- start
2024-05-21T18:55:24.904 INFO:teuthology.orchestra.run.smithi003.stdout:/usr/bin/ceph: stderr
2024-05-21T18:55:23.912+0000 7fbb64a00700 1 -- start start
2024-05-21T18:55:24.904 INFO:teuthology.orchestra.run.smithi003.stdout:/usr/bin/ceph: stderr
2024-05-21T18:55:23.913+0000 7fbb64a00700 1 --2- >> [v2:172.21.15.3:3300/0,v1:172.21.15.3:6789/0] conn(0x7fbb60109a70 0x7fbb6010be60 unknown :-1 s=NONE pgs=0 cs=0 l=0 rev1=0 crypto rx=0 tx=0 comp rx=0 tx=0).connect
2024-05-21T18:55:24.904 INFO:teuthology.orchestra.run.smithi003.stdout:/usr/bin/ceph: stderr
2024-05-21T18:55:23.913+0000 7fbb64a00700 1 -- --> [v2:172.21.15.3:3300/0,v1:172.21.15.3:6789/0] -- mon_getmap magic: 0 -- 0x7fbb6007ce80 con 0x7fbb60109a70
2024-05-21T18:55:24.904 INFO:teuthology.orchestra.run.smithi003.stdout:/usr/bin/ceph: stderr
2024-05-21T18:55:23.913+0000 7fbb5de00700 1 --2- >> [v2:172.21.15.3:3300/0,v1:172.21.15.3:6789/0] conn(0x7fbb60109a70 0x7fbb6010be60 unknown :-1 s=BANNER_CONNECTING pgs=0 cs=0 l=0 rev1=0 crypto rx=0 tx=0 comp rx=0 tx=0)._handle_peer_banner_payload supported=3 required=0
2024-05-21T18:55:24.905 INFO:teuthology.orchestra.run.smithi003.stdout:/usr/bin/ceph: stderr
2024-05-21T18:55:23.913+0000 7fbb5de00700 1 --2- >> [v2:172.21.15.3:3300/0,v1:172.21.15.3:6789/0] conn(0x7fbb60109a70 0x7fbb6010be60 unknown :-1 s=HELLO_CONNECTING pgs=0 cs=0 l=0 rev1=1 crypto rx=0 tx=0 comp rx=0 tx=0).handle_hello peer v2:172.21.15.3:3300/0 says I am v2:172.21.15.3:35530/0 (socket says 172.21.15.3:35530)
2024-05-21T18:55:24.905 INFO:teuthology.orchestra.run.smithi003.stdout:/usr/bin/ceph: stderr
2024-05-21T18:55:23.913+0000 7fbb5de00700 1 -- 172.21.15.3:0/1323573251 learned_addr learned my addr 172.21.15.3:0/1323573251 (peer_addr_for_me v2:172.21.15.3:0/0)
2024-05-21T18:55:24.905 INFO:teuthology.orchestra.run.smithi003.stdout:/usr/bin/ceph: stderr
2024-05-21T18:55:23.914+0000 7fbb5de00700 1 -- 172.21.15.3:0/1323573251 --> [v2:172.21.15.3:3300/0,v1:172.21.15.3:6789/0] -- mon_subscribe({config=0+,monmap=0+}) -- 0x7fbb6010c3a0 con 0x7fbb60109a70
2024-05-21T18:55:24.905 INFO:teuthology.orchestra.run.smithi003.stdout:/usr/bin/ceph: stderr
2024-05-21T18:55:23.914+0000 7fbb5de00700 1 --2- 172.21.15.3:0/1323573251 >> [v2:172.21.15.3:3300/0,v1:172.21.15.3:6789/0] conn(0x7fbb60109a70 0x7fbb6010be60 secure :-1 s=READY pgs=49 cs=0 l=1 rev1=1 crypto rx=0x7fbb500098a0 tx=0x7fbb50009bb0 comp rx=0 tx=0).ready entity=mon.0 client_cookie=6eaf7db2cc0ea886 server_cookie=0 in_seq=0 out_seq=0
2024-05-21T18:55:24.906 INFO:teuthology.orchestra.run.smithi003.stdout:/usr/bin/ceph: stderr
2024-05-21T18:55:23.914+0000 7fbb5ca00700 1 -- 172.21.15.3:0/1323573251 <== mon.0 v2:172.21.15.3:3300/0 1 ==== mon_map magic: 0 ==== 205+0+0 (secure 0 0 0) 0x7fbb50004160 con 0x7fbb60109a70
2024-05-21T18:55:24.906 INFO:teuthology.orchestra.run.smithi003.stdout:/usr/bin/ceph: stderr
2024-05-21T18:55:23.914+0000 7fbb5ca00700 1 -- 172.21.15.3:0/1323573251 <== mon.0 v2:172.21.15.3:3300/0 2 ==== config(26 keys) ==== 1101+0+0 (secure 0 0 0) 0x7fbb50004300 con 0x7fbb60109a70
2024-05-21T18:55:24.906 INFO:teuthology.orchestra.run.smithi003.stdout:/usr/bin/ceph: stderr
2024-05-21T18:55:23.914+0000 7fbb5ca00700 1 -- 172.21.15.3:0/1323573251 <== mon.0 v2:172.21.15.3:3300/0 3 ==== mon_map magic: 0 ==== 205+0+0 (secure 0 0 0) 0x7fbb50011a20 con 0x7fbb60109a70
2024-05-21T18:55:24.906 INFO:teuthology.orchestra.run.smithi003.stdout:/usr/bin/ceph: stderr
2024-05-21T18:55:23.915+0000 7fbb64a00700 1 -- 172.21.15.3:0/1323573251 >> [v2:172.21.15.3:3300/0,v1:172.21.15.3:6789/0] conn(0x7fbb60109a70 msgr2=0x7fbb6010be60 secure :-1 s=STATE_CONNECTION_ESTABLISHED l=1).mark_down
2024-05-21T18:55:24.906 INFO:teuthology.orchestra.run.smithi003.stdout:/usr/bin/ceph: stderr
2024-05-21T18:55:23.915+0000 7fbb64a00700 1 --2- 172.21.15.3:0/1323573251 >> [v2:172.21.15.3:3300/0,v1:172.21.15.3:6789/0] conn(0x7fbb60109a70 0x7fbb6010be60 secure :-1 s=READY pgs=49 cs=0 l=1 rev1=1 crypto rx=0x7fbb500098a0 tx=0x7fbb50009bb0 comp rx=0 tx=0).stop
2024-05-21T18:55:24.908 INFO:teuthology.orchestra.run.smithi003.stdout:/usr/bin/ceph: stderr
2024-05-21T18:55:23.915+0000 7fbb64a00700 1 -- 172.21.15.3:0/1323573251 shutdown_connections
2024-05-21T18:55:24.908 INFO:teuthology.orchestra.run.smithi003.stdout:/usr/bin/ceph: stderr
2024-05-21T18:55:23.915+0000 7fbb64a00700 1 --2- 172.21.15.3:0/1323573251 >> [v2:172.21.15.3:3300/0,v1:172.21.15.3:6789/0] conn(0x7fbb60109a70 0x7fbb6010be60 unknown :-1 s=CLOSED pgs=49 cs=0 l=1 rev1=1 crypto rx=0 tx=0 comp rx=0 tx=0).stop
2024-05-21T18:55:24.908 INFO:teuthology.orchestra.run.smithi003.stdout:/usr/bin/ceph: stderr
2024-05-21T18:55:23.915+0000 7fbb64a00700 1 -- 172.21.15.3:0/1323573251 >> 172.21.15.3:0/1323573251 conn(0x7fbb601034c0 msgr2=0x7fbb601058e0 unknown :-1 s=STATE_NONE l=0).mark_down
2024-05-21T18:55:24.908 INFO:teuthology.orchestra.run.smithi003.stdout:/usr/bin/ceph: stderr
2024-05-21T18:55:23.915+0000 7fbb64a00700 1 -- 172.21.15.3:0/1323573251 shutdown_connections
2024-05-21T18:55:24.908 INFO:teuthology.orchestra.run.smithi003.stdout:/usr/bin/ceph: stderr
2024-05-21T18:55:23.916+0000 7fbb64a00700 1 -- 172.21.15.3:0/1323573251 wait complete.
2024-05-21T18:55:24.908 INFO:teuthology.orchestra.run.smithi003.stdout:/usr/bin/ceph: stderr
2024-05-21T18:55:23.917+0000 7fbb64a00700 1 Processor -- start
2024-05-21T18:55:24.908 INFO:teuthology.orchestra.run.smithi003.stdout:/usr/bin/ceph: stderr
2024-05-21T18:55:23.917+0000 7fbb64a00700 1 -- start start
2024-05-21T18:55:24.908 INFO:teuthology.orchestra.run.smithi003.stdout:/usr/bin/ceph: stderr
2024-05-21T18:55:23.917+0000 7fbb64a00700 1 --2- >> [v2:172.21.15.3:3300/0,v1:172.21.15.3:6789/0] conn(0x7fbb60109a70 0x7fbb601092f0 unknown :-1 s=NONE pgs=0 cs=0 l=1 rev1=0 crypto rx=0 tx=0 comp rx=0 tx=0).connect
2024-05-21T18:55:24.908 INFO:teuthology.orchestra.run.smithi003.stdout:/usr/bin/ceph: stderr
2024-05-21T18:55:23.917+0000 7fbb64a00700 1 -- --> [v2:172.21.15.3:3300/0,v1:172.21.15.3:6789/0] -- mon_getmap magic: 0 -- 0x7fbb6010d3b0 con 0x7fbb60109a70
2024-05-21T18:55:24.908 INFO:teuthology.orchestra.run.smithi003.stdout:/usr/bin/ceph: stderr
2024-05-21T18:55:23.917+0000 7fbb5de00700 1 --2- >> [v2:172.21.15.3:3300/0,v1:172.21.15.3:6789/0] conn(0x7fbb60109a70 0x7fbb601092f0 unknown :-1 s=BANNER_CONNECTING pgs=0 cs=0 l=1 rev1=0 crypto rx=0 tx=0 comp rx=0 tx=0)._handle_peer_banner_payload supported=3 required=0
2024-05-21T18:55:24.908 INFO:teuthology.orchestra.run.smithi003.stdout:/usr/bin/ceph: stderr
2024-05-21T18:55:23.917+0000 7fbb5de00700 1 --2- >> [v2:172.21.15.3:3300/0,v1:172.21.15.3:6789/0] conn(0x7fbb60109a70 0x7fbb601092f0 unknown :-1 s=HELLO_CONNECTING pgs=0 cs=0 l=1 rev1=1 crypto rx=0 tx=0 comp rx=0 tx=0).handle_hello peer v2:172.21.15.3:3300/0 says I am v2:172.21.15.3:35542/0 (socket says 172.21.15.3:35542)
2024-05-21T18:55:24.911 INFO:teuthology.orchestra.run.smithi003.stdout:/usr/bin/ceph: stderr
2024-05-21T18:55:23.918+0000 7fbb5de00700 1 -- 172.21.15.3:0/2968636659 learned_addr learned my addr 172.21.15.3:0/2968636659 (peer_addr_for_me v2:172.21.15.3:0/0)
2024-05-21T18:55:24.911 INFO:teuthology.orchestra.run.smithi003.stdout:/usr/bin/ceph: stderr
2024-05-21T18:55:23.918+0000 7fbb5de00700 1 -- 172.21.15.3:0/2968636659 --> [v2:172.21.15.3:3300/0,v1:172.21.15.3:6789/0] -- mon_subscribe({config=0+,monmap=0+}) -- 0x7fbb60109830 con 0x7fbb60109a70
2024-05-21T18:55:24.911 INFO:teuthology.orchestra.run.smithi003.stdout:/usr/bin/ceph: stderr
2024-05-21T18:55:23.918+0000 7fbb5de00700 1 --2- 172.21.15.3:0/2968636659 >> [v2:172.21.15.3:3300/0,v1:172.21.15.3:6789/0] conn(0x7fbb60109a70 0x7fbb601092f0 secure :-1 s=READY pgs=50 cs=0 l=1 rev1=1 crypto rx=0x7fbb50000c00 tx=0x7fbb50011aa0 comp rx=0 tx=0).ready entity=mon.0 client_cookie=0 server_cookie=0 in_seq=0 out_seq=0
2024-05-21T18:55:24.911 INFO:teuthology.orchestra.run.smithi003.stdout:/usr/bin/ceph: stderr
2024-05-21T18:55:23.919+0000 7fbb56a00700 1 -- 172.21.15.3:0/2968636659 <== mon.0 v2:172.21.15.3:3300/0 1 ==== mon_map magic: 0 ==== 205+0+0 (secure 0 0 0) 0x7fbb50003aa0 con 0x7fbb60109a70
2024-05-21T18:55:24.911 INFO:teuthology.orchestra.run.smithi003.stdout:/usr/bin/ceph: stderr
2024-05-21T18:55:23.919+0000 7fbb56a00700 1 -- 172.21.15.3:0/2968636659 <== mon.0 v2:172.21.15.3:3300/0 2 ==== config(26 keys) ==== 1101+0+0 (secure 0 0 0) 0x7fbb5001b8f0 con 0x7fbb60109a70
2024-05-21T18:55:24.911 INFO:teuthology.orchestra.run.smithi003.stdout:/usr/bin/ceph: stderr
2024-05-21T18:55:23.919+0000 7fbb56a00700 1 -- 172.21.15.3:0/2968636659 <== mon.0 v2:172.21.15.3:3300/0 3 ==== mon_map magic: 0 ==== 205+0+0 (secure 0 0 0) 0x7fbb50023870 con 0x7fbb60109a70
2024-05-21T18:55:24.911 INFO:teuthology.orchestra.run.smithi003.stdout:/usr/bin/ceph: stderr
2024-05-21T18:55:23.919+0000 7fbb64a00700 1 -- 172.21.15.3:0/2968636659 --> [v2:172.21.15.3:3300/0,v1:172.21.15.3:6789/0] -- mon_subscribe({mgrmap=0+}) -- 0x7fbb60107a20 con 0x7fbb60109a70
2024-05-21T18:55:24.911 INFO:teuthology.orchestra.run.smithi003.stdout:/usr/bin/ceph: stderr
2024-05-21T18:55:23.919+0000 7fbb64a00700 1 -- 172.21.15.3:0/2968636659 --> [v2:172.21.15.3:3300/0,v1:172.21.15.3:6789/0] -- mon_subscribe({osdmap=0}) -- 0x7fbb60107f60 con 0x7fbb60109a70
2024-05-21T18:55:24.911 INFO:teuthology.orchestra.run.smithi003.stdout:/usr/bin/ceph: stderr
2024-05-21T18:55:23.920+0000 7fbb56a00700 1 -- 172.21.15.3:0/2968636659 <== mon.0 v2:172.21.15.3:3300/0 4 ==== mgrmap(e 8) ==== 50222+0+0 (secure 0 0 0) 0x7fbb5001b440 con 0x7fbb60109a70
2024-05-21T18:55:24.911 INFO:teuthology.orchestra.run.smithi003.stdout:/usr/bin/ceph: stderr
2024-05-21T18:55:23.921+0000 7fbb56a00700 1 --2- 172.21.15.3:0/2968636659 >> [v2:172.21.15.3:6800/3695204126,v1:172.21.15.3:6801/3695204126] conn(0x7fbb4403e520 0x7fbb440409e0 unknown :-1 s=NONE pgs=0 cs=0 l=1 rev1=0 crypto rx=0 tx=0 comp rx=0 tx=0).connect
2024-05-21T18:55:24.911 INFO:teuthology.orchestra.run.smithi003.stdout:/usr/bin/ceph: stderr
2024-05-21T18:55:23.921+0000 7fbb56a00700 1 -- 172.21.15.3:0/2968636659 <== mon.0 v2:172.21.15.3:3300/0 5 ==== osd_map(2..2 src has 1..2) ==== 940+0+0 (secure 0 0 0) 0x7fbb50053de0 con 0x7fbb60109a70
2024-05-21T18:55:24.911 INFO:teuthology.orchestra.run.smithi003.stdout:/usr/bin/ceph: stderr
2024-05-21T18:55:23.921+0000 7fbb64a00700 1 -- 172.21.15.3:0/2968636659 --> [v2:172.21.15.3:3300/0,v1:172.21.15.3:6789/0] -- mon_command({"prefix": "get_command_descriptions"} v 0) -- 0x7fbb60064ba0 con 0x7fbb60109a70
2024-05-21T18:55:24.912 INFO:teuthology.orchestra.run.smithi003.stdout:/usr/bin/ceph: stderr
2024-05-21T18:55:23.922+0000 7fbb5d400700 1 --2- 172.21.15.3:0/2968636659 >> [v2:172.21.15.3:6800/3695204126,v1:172.21.15.3:6801/3695204126] conn(0x7fbb4403e520 0x7fbb440409e0 unknown :-1 s=BANNER_CONNECTING pgs=0 cs=0 l=1 rev1=0 crypto rx=0 tx=0 comp rx=0 tx=0)._handle_peer_banner_payload supported=3 required=0
2024-05-21T18:55:24.912 INFO:teuthology.orchestra.run.smithi003.stdout:/usr/bin/ceph: stderr
2024-05-21T18:55:23.922+0000 7fbb5d400700 1 --2- 172.21.15.3:0/2968636659 >> [v2:172.21.15.3:6800/3695204126,v1:172.21.15.3:6801/3695204126] conn(0x7fbb4403e520 0x7fbb440409e0 secure :-1 s=READY pgs=13 cs=0 l=1 rev1=1 crypto rx=0x7fbb4c006fd0 tx=0x7fbb4c006e40 comp rx=0 tx=0).ready entity=mgr.14120 client_cookie=0 server_cookie=0 in_seq=0 out_seq=0
2024-05-21T18:55:24.912 INFO:teuthology.orchestra.run.smithi003.stdout:/usr/bin/ceph: stderr
2024-05-21T18:55:23.927+0000 7fbb56a00700 1 -- 172.21.15.3:0/2968636659 <== mon.0 v2:172.21.15.3:3300/0 6 ==== mon_command_ack([{"prefix": "get_command_descriptions"}]=0 v0) ==== 72+0+191963 (secure 0 0 0) 0x7fbb5001f030 con 0x7fbb60109a70
2024-05-21T18:55:24.912 INFO:teuthology.orchestra.run.smithi003.stdout:/usr/bin/ceph: stderr
2024-05-21T18:55:24.203+0000 7fbb64a00700 1 -- 172.21.15.3:0/2968636659 --> [v2:172.21.15.3:6800/3695204126,v1:172.21.15.3:6801/3695204126] -- mgr_command(tid 0: {"prefix": "orch apply", "service_type": "mgr", "unmanaged": true, "target": ["mon-mgr", ""]}) -- 0x7fbb60108880 con 0x7fbb4403e520
2024-05-21T18:55:24.912 INFO:teuthology.orchestra.run.smithi003.stdout:/usr/bin/ceph: stderr
2024-05-21T18:55:24.210+0000 7fbb56a00700 1 -- 172.21.15.3:0/2968636659 <== mgr.14120 v2:172.21.15.3:6800/3695204126 1 ==== mgr_command_reply(tid 0: 0 ) ==== 8+0+24 (secure 0 0 0) 0x7fbb60108880 con 0x7fbb4403e520
2024-05-21T18:55:24.912 INFO:teuthology.orchestra.run.smithi003.stdout:/usr/bin/ceph: stderr
2024-05-21T18:55:24.214+0000 7fbb64a00700 1 -- 172.21.15.3:0/2968636659 >> [v2:172.21.15.3:6800/3695204126,v1:172.21.15.3:6801/3695204126] conn(0x7fbb4403e520 msgr2=0x7fbb440409e0 secure :-1 s=STATE_CONNECTION_ESTABLISHED l=1).mark_down
2024-05-21T18:55:24.912 INFO:teuthology.orchestra.run.smithi003.stdout:/usr/bin/ceph: stderr
2024-05-21T18:55:24.214+0000 7fbb64a00700 1 --2- 172.21.15.3:0/2968636659 >> [v2:172.21.15.3:6800/3695204126,v1:172.21.15.3:6801/3695204126] conn(0x7fbb4403e520 0x7fbb440409e0 secure :-1 s=READY pgs=13 cs=0 l=1 rev1=1 crypto rx=0x7fbb4c006fd0 tx=0x7fbb4c006e40 comp rx=0 tx=0).stop
2024-05-21T18:55:24.913 INFO:teuthology.orchestra.run.smithi003.stdout:/usr/bin/ceph: stderr
2024-05-21T18:55:24.214+0000 7fbb64a00700 1 -- 172.21.15.3:0/2968636659 >> [v2:172.21.15.3:3300/0,v1:172.21.15.3:6789/0] conn(0x7fbb60109a70 msgr2=0x7fbb601092f0 secure :-1 s=STATE_CONNECTION_ESTABLISHED l=1).mark_down
2024-05-21T18:55:24.913 INFO:teuthology.orchestra.run.smithi003.stdout:/usr/bin/ceph: stderr
2024-05-21T18:55:24.214+0000 7fbb64a00700 1 --2- 172.21.15.3:0/2968636659 >> [v2:172.21.15.3:3300/0,v1:172.21.15.3:6789/0] conn(0x7fbb60109a70 0x7fbb601092f0 secure :-1 s=READY pgs=50 cs=0 l=1 rev1=1 crypto rx=0x7fbb50000c00 tx=0x7fbb50011aa0 comp rx=0 tx=0).stop
2024-05-21T18:55:24.913 INFO:teuthology.orchestra.run.smithi003.stdout:/usr/bin/ceph: stderr
2024-05-21T18:55:24.214+0000 7fbb64a00700 1 -- 172.21.15.3:0/2968636659 shutdown_connections
2024-05-21T18:55:24.913 INFO:teuthology.orchestra.run.smithi003.stdout:/usr/bin/ceph: stderr
2024-05-21T18:55:24.214+0000 7fbb64a00700 1 --2- 172.21.15.3:0/2968636659 >> [v2:172.21.15.3:6800/3695204126,v1:172.21.15.3:6801/3695204126] conn(0x7fbb4403e520 0x7fbb440409e0 unknown :-1 s=CLOSED pgs=13 cs=0 l=1 rev1=1 crypto rx=0 tx=0 comp rx=0 tx=0).stop
2024-05-21T18:55:24.914 INFO:teuthology.orchestra.run.smithi003.stdout:/usr/bin/ceph: stderr
2024-05-21T18:55:24.214+0000 7fbb64a00700 1 --2- 172.21.15.3:0/2968636659 >> [v2:172.21.15.3:3300/0,v1:172.21.15.3:6789/0] conn(0x7fbb60109a70 0x7fbb601092f0 unknown :-1 s=CLOSED pgs=50 cs=0 l=1 rev1=1 crypto rx=0 tx=0 comp rx=0 tx=0).stop
2024-05-21T18:55:24.914 INFO:teuthology.orchestra.run.smithi003.stdout:/usr/bin/ceph: stderr
2024-05-21T18:55:24.214+0000 7fbb64a00700 1 -- 172.21.15.3:0/2968636659 >> 172.21.15.3:0/2968636659 conn(0x7fbb601034c0 msgr2=0x7fbb60103ef0 unknown :-1 s=STATE_NONE l=0).mark_down
2024-05-21T18:55:24.914 INFO:teuthology.orchestra.run.smithi003.stdout:/usr/bin/ceph: stderr
2024-05-21T18:55:24.214+0000 7fbb64a00700 1 -- 172.21.15.3:0/2968636659 shutdown_connections
2024-05-21T18:55:24.914 INFO:teuthology.orchestra.run.smithi003.stdout:/usr/bin/ceph: stderr
2024-05-21T18:55:24.214+0000 7fbb64a00700 1 -- 172.21.15.3:0/2968636659 wait complete.
2024-05-21T18:55:25.837 INFO:journalctl@ceph.mon.a.smithi003.stdout:May 21 18:55:25 smithi003 ceph-mon[31577]: pgmap v3: 0 pgs: ; 0 B data, 0 B used, 0 B / 0 B avail
2024-05-21T18:55:27.106 INFO:journalctl@ceph.mon.a.smithi003.stdout:May 21 18:55:26 smithi003 ceph-mon[31577]: from='client.? 172.21.15.3:0/823669456' entity='client.admin'
2024-05-21T18:55:27.187 INFO:teuthology.orchestra.run.smithi003.stdout:/usr/bin/ceph: stderr
2024-05-21T18:55:25.569+0000 7f88ab200700 1 Processor -- start
2024-05-21T18:55:27.187 INFO:teuthology.orchestra.run.smithi003.stdout:/usr/bin/ceph: stderr
2024-05-21T18:55:25.569+0000 7f88ab200700 1 -- start start
2024-05-21T18:55:27.187 INFO:teuthology.orchestra.run.smithi003.stdout:/usr/bin/ceph: stderr
2024-05-21T18:55:25.569+0000 7f88ab200700 1 --2- >> [v2:172.21.15.3:3300/0,v1:172.21.15.3:6789/0] conn(0x7f88a4108de0 0x7f88a4109200 unknown :-1 s=NONE pgs=0 cs=0 l=0 rev1=0 crypto rx=0 tx=0 comp rx=0 tx=0).connect
2024-05-21T18:55:27.187 INFO:teuthology.orchestra.run.smithi003.stdout:/usr/bin/ceph: stderr
2024-05-21T18:55:25.570+0000 7f88ab200700 1 -- --> [v2:172.21.15.3:3300/0,v1:172.21.15.3:6789/0] -- mon_getmap magic: 0 -- 0x7f88a41097d0 con 0x7f88a4108de0
2024-05-21T18:55:27.187 INFO:teuthology.orchestra.run.smithi003.stdout:/usr/bin/ceph: stderr
2024-05-21T18:55:25.570+0000 7f88a9e00700 1 --2- >> [v2:172.21.15.3:3300/0,v1:172.21.15.3:6789/0] conn(0x7f88a4108de0 0x7f88a4109200 unknown :-1 s=BANNER_CONNECTING pgs=0 cs=0 l=0 rev1=0 crypto rx=0 tx=0 comp rx=0 tx=0)._handle_peer_banner_payload supported=3 required=0
2024-05-21T18:55:27.187 INFO:teuthology.orchestra.run.smithi003.stdout:/usr/bin/ceph: stderr
2024-05-21T18:55:25.570+0000 7f88a9e00700 1 --2- >> [v2:172.21.15.3:3300/0,v1:172.21.15.3:6789/0] conn(0x7f88a4108de0 0x7f88a4109200 unknown :-1 s=HELLO_CONNECTING pgs=0 cs=0 l=0 rev1=1 crypto rx=0 tx=0 comp rx=0 tx=0).handle_hello peer v2:172.21.15.3:3300/0 says I am v2:172.21.15.3:35548/0 (socket says 172.21.15.3:35548)
2024-05-21T18:55:27.188 INFO:teuthology.orchestra.run.smithi003.stdout:/usr/bin/ceph: stderr
2024-05-21T18:55:25.570+0000 7f88a9e00700 1 -- 172.21.15.3:0/2536667738 learned_addr learned my addr 172.21.15.3:0/2536667738 (peer_addr_for_me v2:172.21.15.3:0/0)
2024-05-21T18:55:27.188 INFO:teuthology.orchestra.run.smithi003.stdout:/usr/bin/ceph: stderr
2024-05-21T18:55:25.571+0000 7f88a9e00700 1 -- 172.21.15.3:0/2536667738 --> [v2:172.21.15.3:3300/0,v1:172.21.15.3:6789/0] -- mon_subscribe({config=0+,monmap=0+}) -- 0x7f88a4109fe0 con 0x7f88a4108de0
2024-05-21T18:55:27.188 INFO:teuthology.orchestra.run.smithi003.stdout:/usr/bin/ceph: stderr
2024-05-21T18:55:25.571+0000 7f88a9e00700 1 --2- 172.21.15.3:0/2536667738 >> [v2:172.21.15.3:3300/0,v1:172.21.15.3:6789/0] conn(0x7f88a4108de0 0x7f88a4109200 secure :-1 s=READY pgs=51 cs=0 l=1 rev1=1 crypto rx=0x7f88980098a0 tx=0x7f8898009bb0 comp rx=0 tx=0).ready entity=mon.0 client_cookie=da49bf33562c0fc9 server_cookie=0 in_seq=0 out_seq=0
2024-05-21T18:55:27.188 INFO:teuthology.orchestra.run.smithi003.stdout:/usr/bin/ceph: stderr
2024-05-21T18:55:25.571+0000 7f88a8a00700 1 -- 172.21.15.3:0/2536667738 <== mon.0 v2:172.21.15.3:3300/0 1 ==== mon_map magic: 0 ==== 205+0+0 (secure 0 0 0) 0x7f8898004160 con 0x7f88a4108de0
2024-05-21T18:55:27.188 INFO:teuthology.orchestra.run.smithi003.stdout:/usr/bin/ceph: stderr
2024-05-21T18:55:25.572+0000 7f88a8a00700 1 -- 172.21.15.3:0/2536667738 <== mon.0 v2:172.21.15.3:3300/0 2 ==== config(26 keys) ==== 1101+0+0 (secure 0 0 0) 0x7f8898004300 con 0x7f88a4108de0
2024-05-21T18:55:27.188 INFO:teuthology.orchestra.run.smithi003.stdout:/usr/bin/ceph: stderr
2024-05-21T18:55:25.572+0000 7f88a8a00700 1 -- 172.21.15.3:0/2536667738 <== mon.0 v2:172.21.15.3:3300/0 3 ==== mon_map magic: 0 ==== 205+0+0 (secure 0 0 0) 0x7f8898011a20 con 0x7f88a4108de0
2024-05-21T18:55:27.188 INFO:teuthology.orchestra.run.smithi003.stdout:/usr/bin/ceph: stderr
2024-05-21T18:55:25.572+0000 7f88ab200700 1 -- 172.21.15.3:0/2536667738 >> [v2:172.21.15.3:3300/0,v1:172.21.15.3:6789/0] conn(0x7f88a4108de0 msgr2=0x7f88a4109200 secure :-1 s=STATE_CONNECTION_ESTABLISHED l=1).mark_down
2024-05-21T18:55:27.188 INFO:teuthology.orchestra.run.smithi003.stdout:/usr/bin/ceph: stderr
2024-05-21T18:55:25.572+0000 7f88ab200700 1 --2- 172.21.15.3:0/2536667738 >> [v2:172.21.15.3:3300/0,v1:172.21.15.3:6789/0] conn(0x7f88a4108de0 0x7f88a4109200 secure :-1 s=READY pgs=51 cs=0 l=1 rev1=1 crypto rx=0x7f88980098a0 tx=0x7f8898009bb0 comp rx=0 tx=0).stop
2024-05-21T18:55:27.189 INFO:teuthology.orchestra.run.smithi003.stdout:/usr/bin/ceph: stderr
2024-05-21T18:55:25.573+0000 7f88ab200700 1 -- 172.21.15.3:0/2536667738 shutdown_connections
2024-05-21T18:55:27.189 INFO:teuthology.orchestra.run.smithi003.stdout:/usr/bin/ceph: stderr
2024-05-21T18:55:25.573+0000 7f88ab200700 1 --2- 172.21.15.3:0/2536667738 >> [v2:172.21.15.3:3300/0,v1:172.21.15.3:6789/0] conn(0x7f88a4108de0 0x7f88a4109200 unknown :-1 s=CLOSED pgs=51 cs=0 l=1 rev1=1 crypto rx=0 tx=0 comp rx=0 tx=0).stop
2024-05-21T18:55:27.189 INFO:teuthology.orchestra.run.smithi003.stdout:/usr/bin/ceph: stderr
2024-05-21T18:55:25.573+0000 7f88ab200700 1 -- 172.21.15.3:0/2536667738 >> 172.21.15.3:0/2536667738 conn(0x7f88a4104380 msgr2=0x7f88a41067c0 unknown :-1 s=STATE_NONE l=0).mark_down
2024-05-21T18:55:27.189 INFO:teuthology.orchestra.run.smithi003.stdout:/usr/bin/ceph: stderr
2024-05-21T18:55:25.573+0000 7f88ab200700 1 -- 172.21.15.3:0/2536667738 shutdown_connections
2024-05-21T18:55:27.189 INFO:teuthology.orchestra.run.smithi003.stdout:/usr/bin/ceph: stderr
2024-05-21T18:55:25.573+0000 7f88ab200700 1 -- 172.21.15.3:0/2536667738 wait complete.
2024-05-21T18:55:27.189 INFO:teuthology.orchestra.run.smithi003.stdout:/usr/bin/ceph: stderr
2024-05-21T18:55:25.574+0000 7f88ab200700 1 Processor -- start
2024-05-21T18:55:27.189 INFO:teuthology.orchestra.run.smithi003.stdout:/usr/bin/ceph: stderr
2024-05-21T18:55:25.574+0000 7f88ab200700 1 -- start start
2024-05-21T18:55:27.189 INFO:teuthology.orchestra.run.smithi003.stdout:/usr/bin/ceph: stderr
2024-05-21T18:55:25.575+0000 7f88ab200700 1 --2- >> [v2:172.21.15.3:3300/0,v1:172.21.15.3:6789/0] conn(0x7f88a4108de0 0x7f88a419eee0 unknown :-1 s=NONE pgs=0 cs=0 l=1 rev1=0 crypto rx=0 tx=0 comp rx=0 tx=0).connect
2024-05-21T18:55:27.190 INFO:teuthology.orchestra.run.smithi003.stdout:/usr/bin/ceph: stderr
2024-05-21T18:55:25.575+0000 7f88ab200700 1 -- --> [v2:172.21.15.3:3300/0,v1:172.21.15.3:6789/0] -- mon_getmap magic: 0 -- 0x7f88a410d390 con 0x7f88a4108de0
2024-05-21T18:55:27.190 INFO:teuthology.orchestra.run.smithi003.stdout:/usr/bin/ceph: stderr
2024-05-21T18:55:25.575+0000 7f88a9e00700 1 --2- >> [v2:172.21.15.3:3300/0,v1:172.21.15.3:6789/0] conn(0x7f88a4108de0 0x7f88a419eee0 unknown :-1 s=BANNER_CONNECTING pgs=0 cs=0 l=1 rev1=0 crypto rx=0 tx=0 comp rx=0 tx=0)._handle_peer_banner_payload supported=3 required=0
2024-05-21T18:55:27.190 INFO:teuthology.orchestra.run.smithi003.stdout:/usr/bin/ceph: stderr
2024-05-21T18:55:25.575+0000 7f88a9e00700 1 --2- >> [v2:172.21.15.3:3300/0,v1:172.21.15.3:6789/0] conn(0x7f88a4108de0 0x7f88a419eee0 unknown :-1 s=HELLO_CONNECTING pgs=0 cs=0 l=1 rev1=1 crypto rx=0 tx=0 comp rx=0 tx=0).handle_hello peer v2:172.21.15.3:3300/0 says I am v2:172.21.15.3:35554/0 (socket says 172.21.15.3:35554)
2024-05-21T18:55:27.190 INFO:teuthology.orchestra.run.smithi003.stdout:/usr/bin/ceph: stderr
2024-05-21T18:55:25.575+0000 7f88a9e00700 1 -- 172.21.15.3:0/823669456 learned_addr learned my addr 172.21.15.3:0/823669456 (peer_addr_for_me v2:172.21.15.3:0/0)
2024-05-21T18:55:27.190 INFO:teuthology.orchestra.run.smithi003.stdout:/usr/bin/ceph: stderr
2024-05-21T18:55:25.576+0000 7f88a9e00700 1 -- 172.21.15.3:0/823669456 --> [v2:172.21.15.3:3300/0,v1:172.21.15.3:6789/0] -- mon_subscribe({config=0+,monmap=0+}) -- 0x7f88a419f420 con 0x7f88a4108de0
2024-05-21T18:55:27.190 INFO:teuthology.orchestra.run.smithi003.stdout:/usr/bin/ceph: stderr
2024-05-21T18:55:25.576+0000 7f88a9e00700 1 --2- 172.21.15.3:0/823669456 >> [v2:172.21.15.3:3300/0,v1:172.21.15.3:6789/0] conn(0x7f88a4108de0 0x7f88a419eee0 secure :-1 s=READY pgs=52 cs=0 l=1 rev1=1 crypto rx=0x7f8898009520 tx=0x7f8898011aa0 comp rx=0 tx=0).ready entity=mon.0 client_cookie=0 server_cookie=0 in_seq=0 out_seq=0
2024-05-21T18:55:27.190 INFO:teuthology.orchestra.run.smithi003.stdout:/usr/bin/ceph: stderr
2024-05-21T18:55:25.576+0000 7f889ea00700 1 -- 172.21.15.3:0/823669456 <== mon.0 v2:172.21.15.3:3300/0 1 ==== mon_map magic: 0 ==== 205+0+0 (secure 0 0 0) 0x7f88980039e0 con 0x7f88a4108de0
2024-05-21T18:55:27.190 INFO:teuthology.orchestra.run.smithi003.stdout:/usr/bin/ceph: stderr
2024-05-21T18:55:25.576+0000 7f889ea00700 1 -- 172.21.15.3:0/823669456 <== mon.0 v2:172.21.15.3:3300/0 2 ==== config(26 keys) ==== 1101+0+0 (secure 0 0 0) 0x7f889801b8f0 con 0x7f88a4108de0
2024-05-21T18:55:27.191 INFO:teuthology.orchestra.run.smithi003.stdout:/usr/bin/ceph: stderr
2024-05-21T18:55:25.576+0000 7f889ea00700 1 -- 172.21.15.3:0/823669456 <== mon.0 v2:172.21.15.3:3300/0 3 ==== mon_map magic: 0 ==== 205+0+0 (secure 0 0 0) 0x7f8898019770 con 0x7f88a4108de0
2024-05-21T18:55:27.191 INFO:teuthology.orchestra.run.smithi003.stdout:/usr/bin/ceph: stderr
2024-05-21T18:55:25.576+0000 7f88ab200700 1 -- 172.21.15.3:0/823669456 --> [v2:172.21.15.3:3300/0,v1:172.21.15.3:6789/0] -- mon_subscribe({mgrmap=0+}) -- 0x7f88a419f6b0 con 0x7f88a4108de0
2024-05-21T18:55:27.191 INFO:teuthology.orchestra.run.smithi003.stdout:/usr/bin/ceph: stderr
2024-05-21T18:55:25.576+0000 7f88ab200700 1 -- 172.21.15.3:0/823669456 --> [v2:172.21.15.3:3300/0,v1:172.21.15.3:6789/0] -- mon_subscribe({osdmap=0}) -- 0x7f88a41a23a0 con 0x7f88a4108de0
2024-05-21T18:55:27.191 INFO:teuthology.orchestra.run.smithi003.stdout:/usr/bin/ceph: stderr
2024-05-21T18:55:25.578+0000 7f889ea00700 1 -- 172.21.15.3:0/823669456 <== mon.0 v2:172.21.15.3:3300/0 4 ==== mgrmap(e 8) ==== 50222+0+0 (secure 0 0 0) 0x7f889801b440 con 0x7f88a4108de0
2024-05-21T18:55:27.191 INFO:teuthology.orchestra.run.smithi003.stdout:/usr/bin/ceph: stderr
2024-05-21T18:55:25.578+0000 7f88ab200700 1 -- 172.21.15.3:0/823669456 --> [v2:172.21.15.3:3300/0,v1:172.21.15.3:6789/0] -- mon_command({"prefix": "get_command_descriptions"} v 0) -- 0x7f88a4064ba0 con 0x7f88a4108de0
2024-05-21T18:55:27.191 INFO:teuthology.orchestra.run.smithi003.stdout:/usr/bin/ceph: stderr
2024-05-21T18:55:25.578+0000 7f889ea00700 1 --2- 172.21.15.3:0/823669456 >> [v2:172.21.15.3:6800/3695204126,v1:172.21.15.3:6801/3695204126] conn(0x7f888c03e4c0 0x7f888c040980 unknown :-1 s=NONE pgs=0 cs=0 l=1 rev1=0 crypto rx=0 tx=0 comp rx=0 tx=0).connect
2024-05-21T18:55:27.191 INFO:teuthology.orchestra.run.smithi003.stdout:/usr/bin/ceph: stderr
2024-05-21T18:55:25.578+0000 7f889ea00700 1 -- 172.21.15.3:0/823669456 <== mon.0 v2:172.21.15.3:3300/0 5 ==== osd_map(2..2 src has 1..2) ==== 940+0+0 (secure 0 0 0) 0x7f8898053e00 con 0x7f88a4108de0
2024-05-21T18:55:27.191 INFO:teuthology.orchestra.run.smithi003.stdout:/usr/bin/ceph: stderr
2024-05-21T18:55:25.579+0000 7f88a9400700 1 --2- 172.21.15.3:0/823669456 >> [v2:172.21.15.3:6800/3695204126,v1:172.21.15.3:6801/3695204126] conn(0x7f888c03e4c0 0x7f888c040980 unknown :-1 s=BANNER_CONNECTING pgs=0 cs=0 l=1 rev1=0 crypto rx=0 tx=0 comp rx=0 tx=0)._handle_peer_banner_payload supported=3 required=0
2024-05-21T18:55:27.192 INFO:teuthology.orchestra.run.smithi003.stdout:/usr/bin/ceph: stderr
