2024-05-21T21:42:55.015+0000 7fed09e00700 1 -- 172.21.15.151:0/4149861364 learned_addr learned my addr 172.21.15.151:0/4149861364 (peer_addr_for_me v2:172.21.15.151:0/0)
2024-05-21T21:42:55.930 INFO:teuthology.orchestra.run.smithi151.stdout:/usr/bin/ceph: stderr
2024-05-21T21:42:55.016+0000 7fed09e00700 1 -- 172.21.15.151:0/4149861364 --> [v2:172.21.15.151:3300/0,v1:172.21.15.151:6789/0] -- mon_subscribe({config=0+,monmap=0+}) -- 0x7fed0c19f4d0 con 0x7fed0c108e40
2024-05-21T21:42:55.930 INFO:teuthology.orchestra.run.smithi151.stdout:/usr/bin/ceph: stderr
2024-05-21T21:42:55.016+0000 7fed09e00700 1 --2- 172.21.15.151:0/4149861364 >> [v2:172.21.15.151:3300/0,v1:172.21.15.151:6789/0] conn(0x7fed0c108e40 0x7fed0c19ef90 secure :-1 s=READY pgs=52 cs=0 l=1 rev1=1 crypto rx=0x7fecfc004660 tx=0x7fecfc011aa0 comp rx=0 tx=0).ready entity=mon.0 client_cookie=0 server_cookie=0 in_seq=0 out_seq=0
2024-05-21T21:42:55.930 INFO:teuthology.orchestra.run.smithi151.stdout:/usr/bin/ceph: stderr
2024-05-21T21:42:55.016+0000 7fed02a00700 1 -- 172.21.15.151:0/4149861364 <== mon.0 v2:172.21.15.151:3300/0 1 ==== mon_map magic: 0 ==== 205+0+0 (secure 0 0 0) 0x7fecfc003aa0 con 0x7fed0c108e40
2024-05-21T21:42:55.930 INFO:teuthology.orchestra.run.smithi151.stdout:/usr/bin/ceph: stderr
2024-05-21T21:42:55.016+0000 7fed02a00700 1 -- 172.21.15.151:0/4149861364 <== mon.0 v2:172.21.15.151:3300/0 2 ==== config(26 keys) ==== 1101+0+0 (secure 0 0 0) 0x7fecfc01b8f0 con 0x7fed0c108e40
2024-05-21T21:42:55.930 INFO:teuthology.orchestra.run.smithi151.stdout:/usr/bin/ceph: stderr
2024-05-21T21:42:55.016+0000 7fed0b200700 1 -- 172.21.15.151:0/4149861364 --> [v2:172.21.15.151:3300/0,v1:172.21.15.151:6789/0] -- mon_subscribe({mgrmap=0+}) -- 0x7fed0c19f760 con 0x7fed0c108e40
2024-05-21T21:42:55.930 INFO:teuthology.orchestra.run.smithi151.stdout:/usr/bin/ceph: stderr
2024-05-21T21:42:55.017+0000 7fed02a00700 1 -- 172.21.15.151:0/4149861364 <== mon.0 v2:172.21.15.151:3300/0 3 ==== mon_map magic: 0 ==== 205+0+0 (secure 0 0 0) 0x7fecfc023900 con 0x7fed0c108e40
2024-05-21T21:42:55.930 INFO:teuthology.orchestra.run.smithi151.stdout:/usr/bin/ceph: stderr
2024-05-21T21:42:55.017+0000 7fed0b200700 1 -- 172.21.15.151:0/4149861364 --> [v2:172.21.15.151:3300/0,v1:172.21.15.151:6789/0] -- mon_subscribe({osdmap=0}) -- 0x7fed0c1a2450 con 0x7fed0c108e40
2024-05-21T21:42:55.931 INFO:teuthology.orchestra.run.smithi151.stdout:/usr/bin/ceph: stderr
2024-05-21T21:42:55.018+0000 7fed0b200700 1 -- 172.21.15.151:0/4149861364 --> [v2:172.21.15.151:3300/0,v1:172.21.15.151:6789/0] -- mon_command({"prefix": "get_command_descriptions"} v 0) -- 0x7fed0c10d560 con 0x7fed0c108e40
2024-05-21T21:42:55.931 INFO:teuthology.orchestra.run.smithi151.stdout:/usr/bin/ceph: stderr
2024-05-21T21:42:55.018+0000 7fed02a00700 1 -- 172.21.15.151:0/4149861364 <== mon.0 v2:172.21.15.151:3300/0 4 ==== mgrmap(e 8) ==== 50222+0+0 (secure 0 0 0) 0x7fecfc023b70 con 0x7fed0c108e40
2024-05-21T21:42:55.931 INFO:teuthology.orchestra.run.smithi151.stdout:/usr/bin/ceph: stderr
2024-05-21T21:42:55.018+0000 7fed02a00700 1 --2- 172.21.15.151:0/4149861364 >> [v2:172.21.15.151:6800/3428827300,v1:172.21.15.151:6801/3428827300] conn(0x7fecf003e4c0 0x7fecf0040980 unknown :-1 s=NONE pgs=0 cs=0 l=1 rev1=0 crypto rx=0 tx=0 comp rx=0 tx=0).connect
2024-05-21T21:42:55.931 INFO:teuthology.orchestra.run.smithi151.stdout:/usr/bin/ceph: stderr
2024-05-21T21:42:55.019+0000 7fed02a00700 1 -- 172.21.15.151:0/4149861364 <== mon.0 v2:172.21.15.151:3300/0 5 ==== osd_map(2..2 src has 1..2) ==== 940+0+0 (secure 0 0 0) 0x7fecfc053ef0 con 0x7fed0c108e40
2024-05-21T21:42:55.931 INFO:teuthology.orchestra.run.smithi151.stdout:/usr/bin/ceph: stderr
2024-05-21T21:42:55.019+0000 7fed09400700 1 --2- 172.21.15.151:0/4149861364 >> [v2:172.21.15.151:6800/3428827300,v1:172.21.15.151:6801/3428827300] conn(0x7fecf003e4c0 0x7fecf0040980 unknown :-1 s=BANNER_CONNECTING pgs=0 cs=0 l=1 rev1=0 crypto rx=0 tx=0 comp rx=0 tx=0)._handle_peer_banner_payload supported=3 required=0
2024-05-21T21:42:55.931 INFO:teuthology.orchestra.run.smithi151.stdout:/usr/bin/ceph: stderr
2024-05-21T21:42:55.019+0000 7fed09400700 1 --2- 172.21.15.151:0/4149861364 >> [v2:172.21.15.151:6800/3428827300,v1:172.21.15.151:6801/3428827300] conn(0x7fecf003e4c0 0x7fecf0040980 secure :-1 s=READY pgs=14 cs=0 l=1 rev1=1 crypto rx=0x7fecf8006fd0 tx=0x7fecf8006e40 comp rx=0 tx=0).ready entity=mgr.14120 client_cookie=0 server_cookie=0 in_seq=0 out_seq=0
2024-05-21T21:42:55.931 INFO:teuthology.orchestra.run.smithi151.stdout:/usr/bin/ceph: stderr
2024-05-21T21:42:55.025+0000 7fed02a00700 1 -- 172.21.15.151:0/4149861364 <== mon.0 v2:172.21.15.151:3300/0 6 ==== mon_command_ack([{"prefix": "get_command_descriptions"}]=0 v0) ==== 72+0+191963 (secure 0 0 0) 0x7fecfc01f030 con 0x7fed0c108e40
2024-05-21T21:42:55.931 INFO:teuthology.orchestra.run.smithi151.stdout:/usr/bin/ceph: stderr
2024-05-21T21:42:55.255+0000 7fed0b200700 1 -- 172.21.15.151:0/4149861364 --> [v2:172.21.15.151:3300/0,v1:172.21.15.151:6789/0] -- mon_command([{prefix=config set, name=mgr/cephadm/container_init}] v 0) -- 0x7fed0c1a2a30 con 0x7fed0c108e40
2024-05-21T21:42:55.931 INFO:teuthology.orchestra.run.smithi151.stdout:/usr/bin/ceph: stderr
2024-05-21T21:42:55.262+0000 7fed02a00700 1 -- 172.21.15.151:0/4149861364 <== mon.0 v2:172.21.15.151:3300/0 7 ==== mon_command_ack([{prefix=config set, name=mgr/cephadm/container_init}]=0 v7)=0 v7) ==== 142+0+0 (secure 0 0 0) 0x7fecfc01bb30 con 0x7fed0c108e40
2024-05-21T21:42:55.931 INFO:teuthology.orchestra.run.smithi151.stdout:/usr/bin/ceph: stderr
2024-05-21T21:42:55.266+0000 7fed0b200700 1 -- 172.21.15.151:0/4149861364 >> [v2:172.21.15.151:6800/3428827300,v1:172.21.15.151:6801/3428827300] conn(0x7fecf003e4c0 msgr2=0x7fecf0040980 secure :-1 s=STATE_CONNECTION_ESTABLISHED l=1).mark_down
2024-05-21T21:42:55.931 INFO:teuthology.orchestra.run.smithi151.stdout:/usr/bin/ceph: stderr
2024-05-21T21:42:55.266+0000 7fed0b200700 1 --2- 172.21.15.151:0/4149861364 >> [v2:172.21.15.151:6800/3428827300,v1:172.21.15.151:6801/3428827300] conn(0x7fecf003e4c0 0x7fecf0040980 secure :-1 s=READY pgs=14 cs=0 l=1 rev1=1 crypto rx=0x7fecf8006fd0 tx=0x7fecf8006e40 comp rx=0 tx=0).stop
2024-05-21T21:42:55.931 INFO:teuthology.orchestra.run.smithi151.stdout:/usr/bin/ceph: stderr
2024-05-21T21:42:55.266+0000 7fed0b200700 1 -- 172.21.15.151:0/4149861364 >> [v2:172.21.15.151:3300/0,v1:172.21.15.151:6789/0] conn(0x7fed0c108e40 msgr2=0x7fed0c19ef90 secure :-1 s=STATE_CONNECTION_ESTABLISHED l=1).mark_down
2024-05-21T21:42:55.932 INFO:teuthology.orchestra.run.smithi151.stdout:/usr/bin/ceph: stderr
2024-05-21T21:42:55.266+0000 7fed0b200700 1 --2- 172.21.15.151:0/4149861364 >> [v2:172.21.15.151:3300/0,v1:172.21.15.151:6789/0] conn(0x7fed0c108e40 0x7fed0c19ef90 secure :-1 s=READY pgs=52 cs=0 l=1 rev1=1 crypto rx=0x7fecfc004660 tx=0x7fecfc011aa0 comp rx=0 tx=0).stop
2024-05-21T21:42:55.932 INFO:teuthology.orchestra.run.smithi151.stdout:/usr/bin/ceph: stderr
2024-05-21T21:42:55.266+0000 7fed0b200700 1 -- 172.21.15.151:0/4149861364 shutdown_connections
2024-05-21T21:42:55.932 INFO:teuthology.orchestra.run.smithi151.stdout:/usr/bin/ceph: stderr
2024-05-21T21:42:55.266+0000 7fed0b200700 1 --2- 172.21.15.151:0/4149861364 >> [v2:172.21.15.151:6800/3428827300,v1:172.21.15.151:6801/3428827300] conn(0x7fecf003e4c0 0x7fecf0040980 unknown :-1 s=CLOSED pgs=14 cs=0 l=1 rev1=1 crypto rx=0 tx=0 comp rx=0 tx=0).stop
2024-05-21T21:42:55.932 INFO:teuthology.orchestra.run.smithi151.stdout:/usr/bin/ceph: stderr
2024-05-21T21:42:55.266+0000 7fed0b200700 1 --2- 172.21.15.151:0/4149861364 >> [v2:172.21.15.151:3300/0,v1:172.21.15.151:6789/0] conn(0x7fed0c108e40 0x7fed0c19ef90 unknown :-1 s=CLOSED pgs=52 cs=0 l=1 rev1=1 crypto rx=0 tx=0 comp rx=0 tx=0).stop
2024-05-21T21:42:55.932 INFO:teuthology.orchestra.run.smithi151.stdout:/usr/bin/ceph: stderr
2024-05-21T21:42:55.266+0000 7fed0b200700 1 -- 172.21.15.151:0/4149861364 >> 172.21.15.151:0/4149861364 conn(0x7fed0c1043c0 msgr2=0x7fed0c104e70 unknown :-1 s=STATE_NONE l=0).mark_down
2024-05-21T21:42:55.932 INFO:teuthology.orchestra.run.smithi151.stdout:/usr/bin/ceph: stderr
2024-05-21T21:42:55.267+0000 7fed0b200700 1 -- 172.21.15.151:0/4149861364 shutdown_connections
2024-05-21T21:42:55.932 INFO:teuthology.orchestra.run.smithi151.stdout:/usr/bin/ceph: stderr
2024-05-21T21:42:55.267+0000 7fed0b200700 1 -- 172.21.15.151:0/4149861364 wait complete.
2024-05-21T21:42:57.023 INFO:journalctl@ceph.mon.a.smithi151.stdout:May 21 21:42:56 smithi151 ceph-mon[31623]: pgmap v3: 0 pgs: ; 0 B data, 0 B used, 0 B / 0 B avail
2024-05-21T21:42:57.023 INFO:journalctl@ceph.mon.a.smithi151.stdout:May 21 21:42:56 smithi151 ceph-mon[31623]: from='client.? 172.21.15.151:0/35668627' entity='client.admin'
2024-05-21T21:42:57.901 INFO:teuthology.orchestra.run.smithi151.stdout:/usr/bin/ceph: stderr
2024-05-21T21:42:56.483+0000 7fbfb2e00700 1 Processor -- start
2024-05-21T21:42:57.901 INFO:teuthology.orchestra.run.smithi151.stdout:/usr/bin/ceph: stderr
2024-05-21T21:42:56.484+0000 7fbfb2e00700 1 -- start start
2024-05-21T21:42:57.901 INFO:teuthology.orchestra.run.smithi151.stdout:/usr/bin/ceph: stderr
2024-05-21T21:42:56.484+0000 7fbfb2e00700 1 --2- >> [v2:172.21.15.151:3300/0,v1:172.21.15.151:6789/0] conn(0x7fbfac109050 0x7fbfac109470 unknown :-1 s=NONE pgs=0 cs=0 l=0 rev1=0 crypto rx=0 tx=0 comp rx=0 tx=0).connect
2024-05-21T21:42:57.901 INFO:teuthology.orchestra.run.smithi151.stdout:/usr/bin/ceph: stderr
2024-05-21T21:42:56.484+0000 7fbfb2e00700 1 -- --> [v2:172.21.15.151:3300/0,v1:172.21.15.151:6789/0] -- mon_getmap magic: 0 -- 0x7fbfac109a40 con 0x7fbfac109050
2024-05-21T21:42:57.901 INFO:teuthology.orchestra.run.smithi151.stdout:/usr/bin/ceph: stderr
2024-05-21T21:42:56.485+0000 7fbfabe00700 1 --2- >> [v2:172.21.15.151:3300/0,v1:172.21.15.151:6789/0] conn(0x7fbfac109050 0x7fbfac109470 unknown :-1 s=BANNER_CONNECTING pgs=0 cs=0 l=0 rev1=0 crypto rx=0 tx=0 comp rx=0 tx=0)._handle_peer_banner_payload supported=3 required=0
2024-05-21T21:42:57.901 INFO:teuthology.orchestra.run.smithi151.stdout:/usr/bin/ceph: stderr
2024-05-21T21:42:56.485+0000 7fbfabe00700 1 --2- >> [v2:172.21.15.151:3300/0,v1:172.21.15.151:6789/0] conn(0x7fbfac109050 0x7fbfac109470 unknown :-1 s=HELLO_CONNECTING pgs=0 cs=0 l=0 rev1=1 crypto rx=0 tx=0 comp rx=0 tx=0).handle_hello peer v2:172.21.15.151:3300/0 says I am v2:172.21.15.151:33414/0 (socket says 172.21.15.151:33414)
2024-05-21T21:42:57.902 INFO:teuthology.orchestra.run.smithi151.stdout:/usr/bin/ceph: stderr
2024-05-21T21:42:56.485+0000 7fbfabe00700 1 -- 172.21.15.151:0/2768166630 learned_addr learned my addr 172.21.15.151:0/2768166630 (peer_addr_for_me v2:172.21.15.151:0/0)
2024-05-21T21:42:57.905 INFO:teuthology.orchestra.run.smithi151.stdout:/usr/bin/ceph: stderr
2024-05-21T21:42:56.485+0000 7fbfabe00700 1 -- 172.21.15.151:0/2768166630 --> [v2:172.21.15.151:3300/0,v1:172.21.15.151:6789/0] -- mon_subscribe({config=0+,monmap=0+}) -- 0x7fbfac10a250 con 0x7fbfac109050
2024-05-21T21:42:57.905 INFO:teuthology.orchestra.run.smithi151.stdout:/usr/bin/ceph: stderr
2024-05-21T21:42:56.485+0000 7fbfabe00700 1 --2- 172.21.15.151:0/2768166630 >> [v2:172.21.15.151:3300/0,v1:172.21.15.151:6789/0] conn(0x7fbfac109050 0x7fbfac109470 secure :-1 s=READY pgs=53 cs=0 l=1 rev1=1 crypto rx=0x7fbf9c0098a0 tx=0x7fbf9c009bb0 comp rx=0 tx=0).ready entity=mon.0 client_cookie=138f18db6115d7aa server_cookie=0 in_seq=0 out_seq=0
2024-05-21T21:42:57.905 INFO:teuthology.orchestra.run.smithi151.stdout:/usr/bin/ceph: stderr
2024-05-21T21:42:56.486+0000 7fbfaaa00700 1 -- 172.21.15.151:0/2768166630 <== mon.0 v2:172.21.15.151:3300/0 1 ==== mon_map magic: 0 ==== 205+0+0 (secure 0 0 0) 0x7fbf9c004160 con 0x7fbfac109050
2024-05-21T21:42:57.905 INFO:teuthology.orchestra.run.smithi151.stdout:/usr/bin/ceph: stderr
2024-05-21T21:42:56.486+0000 7fbfaaa00700 1 -- 172.21.15.151:0/2768166630 <== mon.0 v2:172.21.15.151:3300/0 2 ==== config(26 keys) ==== 1101+0+0 (secure 0 0 0) 0x7fbf9c004300 con 0x7fbfac109050
2024-05-21T21:42:57.905 INFO:teuthology.orchestra.run.smithi151.stdout:/usr/bin/ceph: stderr
2024-05-21T21:42:56.486+0000 7fbfaaa00700 1 -- 172.21.15.151:0/2768166630 <== mon.0 v2:172.21.15.151:3300/0 3 ==== mon_map magic: 0 ==== 205+0+0 (secure 0 0 0) 0x7fbf9c011a20 con 0x7fbfac109050
2024-05-21T21:42:57.905 INFO:teuthology.orchestra.run.smithi151.stdout:/usr/bin/ceph: stderr
2024-05-21T21:42:56.486+0000 7fbfb2e00700 1 -- 172.21.15.151:0/2768166630 >> [v2:172.21.15.151:3300/0,v1:172.21.15.151:6789/0] conn(0x7fbfac109050 msgr2=0x7fbfac109470 secure :-1 s=STATE_CONNECTION_ESTABLISHED l=1).mark_down
2024-05-21T21:42:57.905 INFO:teuthology.orchestra.run.smithi151.stdout:/usr/bin/ceph: stderr
2024-05-21T21:42:56.486+0000 7fbfb2e00700 1 --2- 172.21.15.151:0/2768166630 >> [v2:172.21.15.151:3300/0,v1:172.21.15.151:6789/0] conn(0x7fbfac109050 0x7fbfac109470 secure :-1 s=READY pgs=53 cs=0 l=1 rev1=1 crypto rx=0x7fbf9c0098a0 tx=0x7fbf9c009bb0 comp rx=0 tx=0).stop
2024-05-21T21:42:57.905 INFO:teuthology.orchestra.run.smithi151.stdout:/usr/bin/ceph: stderr
2024-05-21T21:42:56.487+0000 7fbfb2e00700 1 -- 172.21.15.151:0/2768166630 shutdown_connections
2024-05-21T21:42:57.906 INFO:teuthology.orchestra.run.smithi151.stdout:/usr/bin/ceph: stderr
2024-05-21T21:42:56.487+0000 7fbfb2e00700 1 --2- 172.21.15.151:0/2768166630 >> [v2:172.21.15.151:3300/0,v1:172.21.15.151:6789/0] conn(0x7fbfac109050 0x7fbfac109470 unknown :-1 s=CLOSED pgs=53 cs=0 l=1 rev1=1 crypto rx=0 tx=0 comp rx=0 tx=0).stop
2024-05-21T21:42:57.906 INFO:teuthology.orchestra.run.smithi151.stdout:/usr/bin/ceph: stderr
2024-05-21T21:42:56.487+0000 7fbfb2e00700 1 -- 172.21.15.151:0/2768166630 >> 172.21.15.151:0/2768166630 conn(0x7fbfac104630 msgr2=0x7fbfac106a50 unknown :-1 s=STATE_NONE l=0).mark_down
2024-05-21T21:42:57.906 INFO:teuthology.orchestra.run.smithi151.stdout:/usr/bin/ceph: stderr
2024-05-21T21:42:56.487+0000 7fbfb2e00700 1 -- 172.21.15.151:0/2768166630 shutdown_connections
2024-05-21T21:42:57.906 INFO:teuthology.orchestra.run.smithi151.stdout:/usr/bin/ceph: stderr
2024-05-21T21:42:56.487+0000 7fbfb2e00700 1 -- 172.21.15.151:0/2768166630 wait complete.
2024-05-21T21:42:57.906 INFO:teuthology.orchestra.run.smithi151.stdout:/usr/bin/ceph: stderr
2024-05-21T21:42:56.488+0000 7fbfb2e00700 1 Processor -- start
2024-05-21T21:42:57.906 INFO:teuthology.orchestra.run.smithi151.stdout:/usr/bin/ceph: stderr
2024-05-21T21:42:56.488+0000 7fbfb2e00700 1 -- start start
2024-05-21T21:42:57.906 INFO:teuthology.orchestra.run.smithi151.stdout:/usr/bin/ceph: stderr
2024-05-21T21:42:56.488+0000 7fbfb2e00700 1 --2- >> [v2:172.21.15.151:3300/0,v1:172.21.15.151:6789/0] conn(0x7fbfac109050 0x7fbfac19f1e0 unknown :-1 s=NONE pgs=0 cs=0 l=1 rev1=0 crypto rx=0 tx=0 comp rx=0 tx=0).connect
2024-05-21T21:42:57.906 INFO:teuthology.orchestra.run.smithi151.stdout:/usr/bin/ceph: stderr
2024-05-21T21:42:56.488+0000 7fbfb2e00700 1 -- --> [v2:172.21.15.151:3300/0,v1:172.21.15.151:6789/0] -- mon_getmap magic: 0 -- 0x7fbfac10d600 con 0x7fbfac109050
2024-05-21T21:42:57.906 INFO:teuthology.orchestra.run.smithi151.stdout:/usr/bin/ceph: stderr
2024-05-21T21:42:56.489+0000 7fbfabe00700 1 --2- >> [v2:172.21.15.151:3300/0,v1:172.21.15.151:6789/0] conn(0x7fbfac109050 0x7fbfac19f1e0 unknown :-1 s=BANNER_CONNECTING pgs=0 cs=0 l=1 rev1=0 crypto rx=0 tx=0 comp rx=0 tx=0)._handle_peer_banner_payload supported=3 required=0
2024-05-21T21:42:57.906 INFO:teuthology.orchestra.run.smithi151.stdout:/usr/bin/ceph: stderr
2024-05-21T21:42:56.489+0000 7fbfabe00700 1 --2- >> [v2:172.21.15.151:3300/0,v1:172.21.15.151:6789/0] conn(0x7fbfac109050 0x7fbfac19f1e0 unknown :-1 s=HELLO_CONNECTING pgs=0 cs=0 l=1 rev1=1 crypto rx=0 tx=0 comp rx=0 tx=0).handle_hello peer v2:172.21.15.151:3300/0 says I am v2:172.21.15.151:33422/0 (socket says 172.21.15.151:33422)
2024-05-21T21:42:57.906 INFO:teuthology.orchestra.run.smithi151.stdout:/usr/bin/ceph: stderr
2024-05-21T21:42:56.489+0000 7fbfabe00700 1 -- 172.21.15.151:0/35668627 learned_addr learned my addr 172.21.15.151:0/35668627 (peer_addr_for_me v2:172.21.15.151:0/0)
2024-05-21T21:42:57.906 INFO:teuthology.orchestra.run.smithi151.stdout:/usr/bin/ceph: stderr
2024-05-21T21:42:56.489+0000 7fbfabe00700 1 -- 172.21.15.151:0/35668627 --> [v2:172.21.15.151:3300/0,v1:172.21.15.151:6789/0] -- mon_subscribe({config=0+,monmap=0+}) -- 0x7fbfac19f720 con 0x7fbfac109050
2024-05-21T21:42:57.906 INFO:teuthology.orchestra.run.smithi151.stdout:/usr/bin/ceph: stderr
2024-05-21T21:42:56.489+0000 7fbfabe00700 1 --2- 172.21.15.151:0/35668627 >> [v2:172.21.15.151:3300/0,v1:172.21.15.151:6789/0] conn(0x7fbfac109050 0x7fbfac19f1e0 secure :-1 s=READY pgs=54 cs=0 l=1 rev1=1 crypto rx=0x7fbf9c000c00 tx=0x7fbf9c011aa0 comp rx=0 tx=0).ready entity=mon.0 client_cookie=0 server_cookie=0 in_seq=0 out_seq=0
2024-05-21T21:42:57.907 INFO:teuthology.orchestra.run.smithi151.stdout:/usr/bin/ceph: stderr
2024-05-21T21:42:56.490+0000 7fbfa8c00700 1 -- 172.21.15.151:0/35668627 <== mon.0 v2:172.21.15.151:3300/0 1 ==== mon_map magic: 0 ==== 205+0+0 (secure 0 0 0) 0x7fbf9c003aa0 con 0x7fbfac109050
2024-05-21T21:42:57.907 INFO:teuthology.orchestra.run.smithi151.stdout:/usr/bin/ceph: stderr
2024-05-21T21:42:56.490+0000 7fbfa8c00700 1 -- 172.21.15.151:0/35668627 <== mon.0 v2:172.21.15.151:3300/0 2 ==== config(26 keys) ==== 1101+0+0 (secure 0 0 0) 0x7fbf9c01b8f0 con 0x7fbfac109050
2024-05-21T21:42:57.907 INFO:teuthology.orchestra.run.smithi151.stdout:/usr/bin/ceph: stderr
2024-05-21T21:42:56.490+0000 7fbfa8c00700 1 -- 172.21.15.151:0/35668627 <== mon.0 v2:172.21.15.151:3300/0 3 ==== mon_map magic: 0 ==== 205+0+0 (secure 0 0 0) 0x7fbf9c023890 con 0x7fbfac109050
2024-05-21T21:42:57.907 INFO:teuthology.orchestra.run.smithi151.stdout:/usr/bin/ceph: stderr
2024-05-21T21:42:56.490+0000 7fbfb2e00700 1 -- 172.21.15.151:0/35668627 --> [v2:172.21.15.151:3300/0,v1:172.21.15.151:6789/0] -- mon_subscribe({mgrmap=0+}) -- 0x7fbfac19f9b0 con 0x7fbfac109050
2024-05-21T21:42:57.907 INFO:teuthology.orchestra.run.smithi151.stdout:/usr/bin/ceph: stderr
2024-05-21T21:42:56.490+0000 7fbfb2e00700 1 -- 172.21.15.151:0/35668627 --> [v2:172.21.15.151:3300/0,v1:172.21.15.151:6789/0] -- mon_subscribe({osdmap=0}) -- 0x7fbfac1a26a0 con 0x7fbfac109050
2024-05-21T21:42:57.907 INFO:teuthology.orchestra.run.smithi151.stdout:/usr/bin/ceph: stderr
2024-05-21T21:42:56.491+0000 7fbfa8c00700 1 -- 172.21.15.151:0/35668627 <== mon.0 v2:172.21.15.151:3300/0 4 ==== mgrmap(e 8) ==== 50222+0+0 (secure 0 0 0) 0x7fbf9c01b440 con 0x7fbfac109050
2024-05-21T21:42:57.907 INFO:teuthology.orchestra.run.smithi151.stdout:/usr/bin/ceph: stderr
2024-05-21T21:42:56.491+0000 7fbfb2e00700 1 -- 172.21.15.151:0/35668627 --> [v2:172.21.15.151:3300/0,v1:172.21.15.151:6789/0] -- mon_command({"prefix": "get_command_descriptions"} v 0) -- 0x7fbfac064ba0 con 0x7fbfac109050
2024-05-21T21:42:57.907 INFO:teuthology.orchestra.run.smithi151.stdout:/usr/bin/ceph: stderr
2024-05-21T21:42:56.492+0000 7fbfa8c00700 1 --2- 172.21.15.151:0/35668627 >> [v2:172.21.15.151:6800/3428827300,v1:172.21.15.151:6801/3428827300] conn(0x7fbf9003e4c0 0x7fbf90040980 unknown :-1 s=NONE pgs=0 cs=0 l=1 rev1=0 crypto rx=0 tx=0 comp rx=0 tx=0).connect
2024-05-21T21:42:57.907 INFO:teuthology.orchestra.run.smithi151.stdout:/usr/bin/ceph: stderr
2024-05-21T21:42:56.492+0000 7fbfa8c00700 1 -- 172.21.15.151:0/35668627 <== mon.0 v2:172.21.15.151:3300/0 5 ==== osd_map(2..2 src has 1..2) ==== 940+0+0 (secure 0 0 0) 0x7fbf9c053e00 con 0x7fbfac109050
2024-05-21T21:42:57.907 INFO:teuthology.orchestra.run.smithi151.stdout:/usr/bin/ceph: stderr
2024-05-21T21:42:56.492+0000 7fbfab400700 1 --2- 172.21.15.151:0/35668627 >> [v2:172.21.15.151:6800/3428827300,v1:172.21.15.151:6801/3428827300] conn(0x7fbf9003e4c0 0x7fbf90040980 unknown :-1 s=BANNER_CONNECTING pgs=0 cs=0 l=1 rev1=0 crypto rx=0 tx=0 comp rx=0 tx=0)._handle_peer_banner_payload supported=3 required=0
2024-05-21T21:42:57.909 INFO:teuthology.orchestra.run.smithi151.stdout:/usr/bin/ceph: stderr
2024-05-21T21:42:56.493+0000 7fbfab400700 1 --2- 172.21.15.151:0/35668627 >> [v2:172.21.15.151:6800/3428827300,v1:172.21.15.151:6801/3428827300] conn(0x7fbf9003e4c0 0x7fbf90040980 secure :-1 s=READY pgs=15 cs=0 l=1 rev1=1 crypto rx=0x7fbf98006fd0 tx=0x7fbf98006e40 comp rx=0 tx=0).ready entity=mgr.14120 client_cookie=0 server_cookie=0 in_seq=0 out_seq=0
2024-05-21T21:42:57.909 INFO:teuthology.orchestra.run.smithi151.stdout:/usr/bin/ceph: stderr
2024-05-21T21:42:56.498+0000 7fbfa8c00700 1 -- 172.21.15.151:0/35668627 <== mon.0 v2:172.21.15.151:3300/0 6 ==== mon_command_ack([{"prefix": "get_command_descriptions"}]=0 v0) ==== 72+0+191963 (secure 0 0 0) 0x7fbf9c01f030 con 0x7fbfac109050
2024-05-21T21:42:57.909 INFO:teuthology.orchestra.run.smithi151.stdout:/usr/bin/ceph: stderr
2024-05-21T21:42:56.734+0000 7fbfb2e00700 1 -- 172.21.15.151:0/35668627 --> [v2:172.21.15.151:3300/0,v1:172.21.15.151:6789/0] -- mon_command([{prefix=config set, name=mgr/dashboard/ssl_server_port}] v 0) -- 0x7fbfac1a2d00 con 0x7fbfac109050
2024-05-21T21:42:57.909 INFO:teuthology.orchestra.run.smithi151.stdout:/usr/bin/ceph: stderr
2024-05-21T21:42:56.738+0000 7fbfa8c00700 1 -- 172.21.15.151:0/35668627 <== mon.0 v2:172.21.15.151:3300/0 7 ==== mon_command_ack([{prefix=config set, name=mgr/dashboard/ssl_server_port}]=0 v8)=0 v8) ==== 130+0+0 (secure 0 0 0) 0x7fbf9c01bda0 con 0x7fbfac109050
2024-05-21T21:42:57.909 INFO:teuthology.orchestra.run.smithi151.stdout:/usr/bin/ceph: stderr
2024-05-21T21:42:56.741+0000 7fbfb2e00700 1 -- 172.21.15.151:0/35668627 >> [v2:172.21.15.151:6800/3428827300,v1:172.21.15.151:6801/3428827300] conn(0x7fbf9003e4c0 msgr2=0x7fbf90040980 secure :-1 s=STATE_CONNECTION_ESTABLISHED l=1).mark_down
2024-05-21T21:42:57.909 INFO:teuthology.orchestra.run.smithi151.stdout:/usr/bin/ceph: stderr
2024-05-21T21:42:56.741+0000 7fbfb2e00700 1 --2- 172.21.15.151:0/35668627 >> [v2:172.21.15.151:6800/3428827300,v1:172.21.15.151:6801/3428827300] conn(0x7fbf9003e4c0 0x7fbf90040980 secure :-1 s=READY pgs=15 cs=0 l=1 rev1=1 crypto rx=0x7fbf98006fd0 tx=0x7fbf98006e40 comp rx=0 tx=0).stop
2024-05-21T21:42:57.909 INFO:teuthology.orchestra.run.smithi151.stdout:/usr/bin/ceph: stderr
2024-05-21T21:42:56.742+0000 7fbfb2e00700 1 -- 172.21.15.151:0/35668627 >> [v2:172.21.15.151:3300/0,v1:172.21.15.151:6789/0] conn(0x7fbfac109050 msgr2=0x7fbfac19f1e0 secure :-1 s=STATE_CONNECTION_ESTABLISHED l=1).mark_down
2024-05-21T21:42:57.909 INFO:teuthology.orchestra.run.smithi151.stdout:/usr/bin/ceph: stderr
2024-05-21T21:42:56.742+0000 7fbfb2e00700 1 --2- 172.21.15.151:0/35668627 >> [v2:172.21.15.151:3300/0,v1:172.21.15.151:6789/0] conn(0x7fbfac109050 0x7fbfac19f1e0 secure :-1 s=READY pgs=54 cs=0 l=1 rev1=1 crypto rx=0x7fbf9c000c00 tx=0x7fbf9c011aa0 comp rx=0 tx=0).stop
2024-05-21T21:42:57.909 INFO:teuthology.orchestra.run.smithi151.stdout:/usr/bin/ceph: stderr
2024-05-21T21:42:56.742+0000 7fbfb2e00700 1 -- 172.21.15.151:0/35668627 shutdown_connections
2024-05-21T21:42:57.910 INFO:teuthology.orchestra.run.smithi151.stdout:/usr/bin/ceph: stderr
2024-05-21T21:42:56.742+0000 7fbfb2e00700 1 --2- 172.21.15.151:0/35668627 >> [v2:172.21.15.151:6800/3428827300,v1:172.21.15.151:6801/3428827300] conn(0x7fbf9003e4c0 0x7fbf90040980 unknown :-1 s=CLOSED pgs=15 cs=0 l=1 rev1=1 crypto rx=0 tx=0 comp rx=0 tx=0).stop
2024-05-21T21:42:57.910 INFO:teuthology.orchestra.run.smithi151.stdout:/usr/bin/ceph: stderr
2024-05-21T21:42:56.742+0000 7fbfb2e00700 1 --2- 172.21.15.151:0/35668627 >> [v2:172.21.15.151:3300/0,v1:172.21.15.151:6789/0] conn(0x7fbfac109050 0x7fbfac19f1e0 unknown :-1 s=CLOSED pgs=54 cs=0 l=1 rev1=1 crypto rx=0 tx=0 comp rx=0 tx=0).stop
2024-05-21T21:42:57.910 INFO:teuthology.orchestra.run.smithi151.stdout:/usr/bin/ceph: stderr
2024-05-21T21:42:56.742+0000 7fbfb2e00700 1 -- 172.21.15.151:0/35668627 >> 172.21.15.151:0/35668627 conn(0x7fbfac104630 msgr2=0x7fbfac1050a0 unknown :-1 s=STATE_NONE l=0).mark_down
2024-05-21T21:42:57.910 INFO:teuthology.orchestra.run.smithi151.stdout:/usr/bin/ceph: stderr
2024-05-21T21:42:56.742+0000 7fbfb2e00700 1 -- 172.21.15.151:0/35668627 shutdown_connections
2024-05-21T21:42:57.910 INFO:teuthology.orchestra.run.smithi151.stdout:/usr/bin/ceph: stderr
2024-05-21T21:42:56.743+0000 7fbfb2e00700 1 -- 172.21.15.151:0/35668627 wait complete.
2024-05-21T21:42:57.910 INFO:teuthology.orchestra.run.smithi151.stdout:Enabling the dashboard module...
2024-05-21T21:42:58.844 INFO:journalctl@ceph.mon.a.smithi151.stdout:May 21 21:42:58 smithi151 ceph-mon[31623]: pgmap v4: 0 pgs: ; 0 B data, 0 B used, 0 B / 0 B avail
2024-05-21T21:42:58.845 INFO:journalctl@ceph.mon.a.smithi151.stdout:May 21 21:42:58 smithi151 ceph-mon[31623]: from='mgr.14120 172.21.15.151:0/2204845274' entity='mgr.x'
2024-05-21T21:42:59.953 INFO:journalctl@ceph.mon.a.smithi151.stdout:May 21 21:42:59 smithi151 ceph-mon[31623]: from='client.? 172.21.15.151:0/2152116346' entity='client.admin' cmd=[{"prefix": "mgr module enable", "module": "dashboard"}]: dispatch
2024-05-21T21:42:59.953 INFO:journalctl@ceph.mgr.x.smithi151.stdout:May 21 21:42:59 smithi151 ceph-c8c7a2e6-17ba-11ef-bc9a-c7b262605968-mgr-x[31852]: ignoring --setuser ceph since I am not root
2024-05-21T21:42:59.953 INFO:journalctl@ceph.mgr.x.smithi151.stdout:May 21 21:42:59 smithi151 ceph-c8c7a2e6-17ba-11ef-bc9a-c7b262605968-mgr-x[31852]: ignoring --setgroup ceph since I am not root
2024-05-21T21:43:00.390 INFO:journalctl@ceph.mgr.x.smithi151.stdout:May 21 21:43:00 smithi151 ceph-c8c7a2e6-17ba-11ef-bc9a-c7b262605968-mgr-x[31852]:
2024-05-21T21:43:00.017+0000 7ff3f0290200 -1 mgr[py] Module balancer has missing NOTIFY_TYPES member
2024-05-21T21:43:00.390 INFO:journalctl@ceph.mgr.x.smithi151.stdout:May 21 21:43:00 smithi151 ceph-c8c7a2e6-17ba-11ef-bc9a-c7b262605968-mgr-x[31852]:
2024-05-21T21:43:00.262+0000 7ff3f0290200 -1 mgr[py] Module orchestrator has missing NOTIFY_TYPES member
2024-05-21T21:43:00.397 INFO:teuthology.orchestra.run.smithi151.stdout:/usr/bin/ceph: stderr
2024-05-21T21:42:58.507+0000 7f8cb0a00700 1 Processor -- start
2024-05-21T21:43:00.398 INFO:teuthology.orchestra.run.smithi151.stdout:/usr/bin/ceph: stderr
2024-05-21T21:42:58.507+0000 7f8cb0a00700 1 -- start start
2024-05-21T21:43:00.398 INFO:teuthology.orchestra.run.smithi151.stdout:/usr/bin/ceph: stderr
2024-05-21T21:42:58.508+0000 7f8cb0a00700 1 --2- >> [v2:172.21.15.151:3300/0,v1:172.21.15.151:6789/0] conn(0x7f8cac07dd80 0x7f8cac07c1e0 unknown :-1 s=NONE pgs=0 cs=0 l=0 rev1=0 crypto rx=0 tx=0 comp rx=0 tx=0).connect
2024-05-21T21:43:00.398 INFO:teuthology.orchestra.run.smithi151.stdout:/usr/bin/ceph: stderr
2024-05-21T21:42:58.508+0000 7f8cb0a00700 1 -- --> [v2:172.21.15.151:3300/0,v1:172.21.15.151:6789/0] -- mon_getmap magic: 0 -- 0x7f8cac07c7b0 con 0x7f8cac07dd80
2024-05-21T21:43:00.398 INFO:teuthology.orchestra.run.smithi151.stdout:/usr/bin/ceph: stderr
2024-05-21T21:42:58.508+0000 7f8cab400700 1 --2- >> [v2:172.21.15.151:3300/0,v1:172.21.15.151:6789/0] conn(0x7f8cac07dd80 0x7f8cac07c1e0 unknown :-1 s=BANNER_CONNECTING pgs=0 cs=0 l=0 rev1=0 crypto rx=0 tx=0 comp rx=0 tx=0)._handle_peer_banner_payload supported=3 required=0
2024-05-21T21:43:00.399 INFO:teuthology.orchestra.run.smithi151.stdout:/usr/bin/ceph: stderr
2024-05-21T21:42:58.508+0000 7f8cab400700 1 --2- >> [v2:172.21.15.151:3300/0,v1:172.21.15.151:6789/0] conn(0x7f8cac07dd80 0x7f8cac07c1e0 unknown :-1 s=HELLO_CONNECTING pgs=0 cs=0 l=0 rev1=1 crypto rx=0 tx=0 comp rx=0 tx=0).handle_hello peer v2:172.21.15.151:3300/0 says I am v2:172.21.15.151:33434/0 (socket says 172.21.15.151:33434)
2024-05-21T21:43:00.399 INFO:teuthology.orchestra.run.smithi151.stdout:/usr/bin/ceph: stderr
2024-05-21T21:42:58.508+0000 7f8cab400700 1 -- 172.21.15.151:0/1652371133 learned_addr learned my addr 172.21.15.151:0/1652371133 (peer_addr_for_me v2:172.21.15.151:0/0)
2024-05-21T21:43:00.399 INFO:teuthology.orchestra.run.smithi151.stdout:/usr/bin/ceph: stderr
2024-05-21T21:42:58.509+0000 7f8cab400700 1 -- 172.21.15.151:0/1652371133 --> [v2:172.21.15.151:3300/0,v1:172.21.15.151:6789/0] -- mon_subscribe({config=0+,monmap=0+}) -- 0x7f8cac07c930 con 0x7f8cac07dd80
2024-05-21T21:43:00.399 INFO:teuthology.orchestra.run.smithi151.stdout:/usr/bin/ceph: stderr
2024-05-21T21:42:58.509+0000 7f8cab400700 1 --2- 172.21.15.151:0/1652371133 >> [v2:172.21.15.151:3300/0,v1:172.21.15.151:6789/0] conn(0x7f8cac07dd80 0x7f8cac07c1e0 secure :-1 s=READY pgs=55 cs=0 l=1 rev1=1 crypto rx=0x7f8c9c0098a0 tx=0x7f8c9c009bb0 comp rx=0 tx=0).ready entity=mon.0 client_cookie=616b8ae5b12b4303 server_cookie=0 in_seq=0 out_seq=0
2024-05-21T21:43:00.399 INFO:teuthology.orchestra.run.smithi151.stdout:/usr/bin/ceph: stderr
2024-05-21T21:42:58.509+0000 7f8caa000700 1 -- 172.21.15.151:0/1652371133 <== mon.0 v2:172.21.15.151:3300/0 1 ==== mon_map magic: 0 ==== 205+0+0 (secure 0 0 0) 0x7f8c9c004160 con 0x7f8cac07dd80
2024-05-21T21:43:00.400 INFO:teuthology.orchestra.run.smithi151.stdout:/usr/bin/ceph: stderr
2024-05-21T21:42:58.509+0000 7f8caa000700 1 -- 172.21.15.151:0/1652371133 <== mon.0 v2:172.21.15.151:3300/0 2 ==== config(26 keys) ==== 1101+0+0 (secure 0 0 0) 0x7f8c9c004300 con 0x7f8cac07dd80
2024-05-21T21:43:00.400 INFO:teuthology.orchestra.run.smithi151.stdout:/usr/bin/ceph: stderr
2024-05-21T21:42:58.509+0000 7f8caa000700 1 -- 172.21.15.151:0/1652371133 <== mon.0 v2:172.21.15.151:3300/0 3 ==== mon_map magic: 0 ==== 205+0+0 (secure 0 0 0) 0x7f8c9c011a20 con 0x7f8cac07dd80
2024-05-21T21:43:00.401 INFO:teuthology.orchestra.run.smithi151.stdout:/usr/bin/ceph: stderr
2024-05-21T21:42:58.510+0000 7f8cb0a00700 1 -- 172.21.15.151:0/1652371133 >> [v2:172.21.15.151:3300/0,v1:172.21.15.151:6789/0] conn(0x7f8cac07dd80 msgr2=0x7f8cac07c1e0 secure :-1 s=STATE_CONNECTION_ESTABLISHED l=1).mark_down
2024-05-21T21:43:00.401 INFO:teuthology.orchestra.run.smithi151.stdout:/usr/bin/ceph: stderr
2024-05-21T21:42:58.510+0000 7f8cb0a00700 1 --2- 172.21.15.151:0/1652371133 >> [v2:172.21.15.151:3300/0,v1:172.21.15.151:6789/0] conn(0x7f8cac07dd80 0x7f8cac07c1e0 secure :-1 s=READY pgs=55 cs=0 l=1 rev1=1 crypto rx=0x7f8c9c0098a0 tx=0x7f8c9c009bb0 comp rx=0 tx=0).stop
2024-05-21T21:43:00.401 INFO:teuthology.orchestra.run.smithi151.stdout:/usr/bin/ceph: stderr
2024-05-21T21:42:58.510+0000 7f8cb0a00700 1 -- 172.21.15.151:0/1652371133 shutdown_connections
2024-05-21T21:43:00.401 INFO:teuthology.orchestra.run.smithi151.stdout:/usr/bin/ceph: stderr
2024-05-21T21:42:58.510+0000 7f8cb0a00700 1 --2- 172.21.15.151:0/1652371133 >> [v2:172.21.15.151:3300/0,v1:172.21.15.151:6789/0] conn(0x7f8cac07dd80 0x7f8cac07c1e0 unknown :-1 s=CLOSED pgs=55 cs=0 l=1 rev1=1 crypto rx=0 tx=0 comp rx=0 tx=0).stop
2024-05-21T21:43:00.401 INFO:teuthology.orchestra.run.smithi151.stdout:/usr/bin/ceph: stderr
2024-05-21T21:42:58.510+0000 7f8cb0a00700 1 -- 172.21.15.151:0/1652371133 >> 172.21.15.151:0/1652371133 conn(0x7f8cac1043c0 msgr2=0x7f8cac106820 unknown :-1 s=STATE_NONE l=0).mark_down
2024-05-21T21:43:00.402 INFO:teuthology.orchestra.run.smithi151.stdout:/usr/bin/ceph: stderr
2024-05-21T21:42:58.510+0000 7f8cb0a00700 1 -- 172.21.15.151:0/1652371133 shutdown_connections
2024-05-21T21:43:00.402 INFO:teuthology.orchestra.run.smithi151.stdout:/usr/bin/ceph: stderr
2024-05-21T21:42:58.510+0000 7f8cb0a00700 1 -- 172.21.15.151:0/1652371133 wait complete.
2024-05-21T21:43:00.402 INFO:teuthology.orchestra.run.smithi151.stdout:/usr/bin/ceph: stderr
2024-05-21T21:42:58.511+0000 7f8cb0a00700 1 Processor -- start
2024-05-21T21:43:00.402 INFO:teuthology.orchestra.run.smithi151.stdout:/usr/bin/ceph: stderr
2024-05-21T21:42:58.511+0000 7f8cb0a00700 1 -- start start
2024-05-21T21:43:00.402 INFO:teuthology.orchestra.run.smithi151.stdout:/usr/bin/ceph: stderr
2024-05-21T21:42:58.512+0000 7f8cb0a00700 1 --2- >> [v2:172.21.15.151:3300/0,v1:172.21.15.151:6789/0] conn(0x7f8cac07dd80 0x7f8cac19f000 unknown :-1 s=NONE pgs=0 cs=0 l=1 rev1=0 crypto rx=0 tx=0 comp rx=0 tx=0).connect
2024-05-21T21:43:00.402 INFO:teuthology.orchestra.run.smithi151.stdout:/usr/bin/ceph: stderr
2024-05-21T21:42:58.512+0000 7f8cb0a00700 1 -- --> [v2:172.21.15.151:3300/0,v1:172.21.15.151:6789/0] -- mon_getmap magic: 0 -- 0x7f8cac10f440 con 0x7f8cac07dd80
2024-05-21T21:43:00.402 INFO:teuthology.orchestra.run.smithi151.stdout:/usr/bin/ceph: stderr
2024-05-21T21:42:58.512+0000 7f8cab400700 1 --2- >> [v2:172.21.15.151:3300/0,v1:172.21.15.151:6789/0] conn(0x7f8cac07dd80 0x7f8cac19f000 unknown :-1 s=BANNER_CONNECTING pgs=0 cs=0 l=1 rev1=0 crypto rx=0 tx=0 comp rx=0 tx=0)._handle_peer_banner_payload supported=3 required=0
2024-05-21T21:43:00.402 INFO:teuthology.orchestra.run.smithi151.stdout:/usr/bin/ceph: stderr
2024-05-21T21:42:58.512+0000 7f8cab400700 1 --2- >> [v2:172.21.15.151:3300/0,v1:172.21.15.151:6789/0] conn(0x7f8cac07dd80 0x7f8cac19f000 unknown :-1 s=HELLO_CONNECTING pgs=0 cs=0 l=1 rev1=1 crypto rx=0 tx=0 comp rx=0 tx=0).handle_hello peer v2:172.21.15.151:3300/0 says I am v2:172.21.15.151:33444/0 (socket says 172.21.15.151:33444)
2024-05-21T21:43:00.405 INFO:teuthology.orchestra.run.smithi151.stdout:/usr/bin/ceph: stderr
2024-05-21T21:42:58.512+0000 7f8cab400700 1 -- 172.21.15.151:0/2152116346 learned_addr learned my addr 172.21.15.151:0/2152116346 (peer_addr_for_me v2:172.21.15.151:0/0)
2024-05-21T21:43:00.405 INFO:teuthology.orchestra.run.smithi151.stdout:/usr/bin/ceph: stderr
2024-05-21T21:42:58.512+0000 7f8cab400700 1 -- 172.21.15.151:0/2152116346 --> [v2:172.21.15.151:3300/0,v1:172.21.15.151:6789/0] -- mon_subscribe({config=0+,monmap=0+}) -- 0x7f8cac19f540 con 0x7f8cac07dd80
2024-05-21T21:43:00.405 INFO:teuthology.orchestra.run.smithi151.stdout:/usr/bin/ceph: stderr
2024-05-21T21:42:58.513+0000 7f8cab400700 1 --2- 172.21.15.151:0/2152116346 >> [v2:172.21.15.151:3300/0,v1:172.21.15.151:6789/0] conn(0x7f8cac07dd80 0x7f8cac19f000 secure :-1 s=READY pgs=56 cs=0 l=1 rev1=1 crypto rx=0x7f8c9c000c00 tx=0x7f8c9c011aa0 comp rx=0 tx=0).ready entity=mon.0 client_cookie=0 server_cookie=0 in_seq=0 out_seq=0
2024-05-21T21:43:00.405 INFO:teuthology.orchestra.run.smithi151.stdout:/usr/bin/ceph: stderr
2024-05-21T21:42:58.513+0000 7f8ca3e00700 1 -- 172.21.15.151:0/2152116346 <== mon.0 v2:172.21.15.151:3300/0 1 ==== mon_map magic: 0 ==== 205+0+0 (secure 0 0 0) 0x7f8c9c003aa0 con 0x7f8cac07dd80
2024-05-21T21:43:00.405 INFO:teuthology.orchestra.run.smithi151.stdout:/usr/bin/ceph: stderr
2024-05-21T21:42:58.513+0000 7f8ca3e00700 1 -- 172.21.15.151:0/2152116346 <== mon.0 v2:172.21.15.151:3300/0 2 ==== config(26 keys) ==== 1101+0+0 (secure 0 0 0) 0x7f8c9c01b8f0 con 0x7f8cac07dd80
2024-05-21T21:43:00.405 INFO:teuthology.orchestra.run.smithi151.stdout:/usr/bin/ceph: stderr
2024-05-21T21:42:58.513+0000 7f8ca3e00700 1 -- 172.21.15.151:0/2152116346 <== mon.0 v2:172.21.15.151:3300/0 3 ==== mon_map magic: 0 ==== 205+0+0 (secure 0 0 0) 0x7f8c9c023890 con 0x7f8cac07dd80
2024-05-21T21:43:00.405 INFO:teuthology.orchestra.run.smithi151.stdout:/usr/bin/ceph: stderr
2024-05-21T21:42:58.513+0000 7f8cb0a00700 1 -- 172.21.15.151:0/2152116346 --> [v2:172.21.15.151:3300/0,v1:172.21.15.151:6789/0] -- mon_subscribe({mgrmap=0+}) -- 0x7f8cac19f7d0 con 0x7f8cac07dd80
2024-05-21T21:43:00.406 INFO:teuthology.orchestra.run.smithi151.stdout:/usr/bin/ceph: stderr
2024-05-21T21:42:58.513+0000 7f8cb0a00700 1 -- 172.21.15.151:0/2152116346 --> [v2:172.21.15.151:3300/0,v1:172.21.15.151:6789/0] -- mon_subscribe({osdmap=0}) -- 0x7f8cac1a24c0 con 0x7f8cac07dd80
2024-05-21T21:43:00.406 INFO:teuthology.orchestra.run.smithi151.stdout:/usr/bin/ceph: stderr
2024-05-21T21:42:58.515+0000 7f8cb0a00700 1 -- 172.21.15.151:0/2152116346 --> [v2:172.21.15.151:3300/0,v1:172.21.15.151:6789/0] -- mon_command({"prefix": "get_command_descriptions"} v 0) -- 0x7f8cac06a6a0 con 0x7f8cac07dd80
2024-05-21T21:43:00.406 INFO:teuthology.orchestra.run.smithi151.stdout:/usr/bin/ceph: stderr
2024-05-21T21:42:58.515+0000 7f8ca3e00700 1 -- 172.21.15.151:0/2152116346 <== mon.0 v2:172.21.15.151:3300/0 4 ==== mgrmap(e 8) ==== 50222+0+0 (secure 0 0 0) 0x7f8c9c01b440 con 0x7f8cac07dd80
2024-05-21T21:43:00.406 INFO:teuthology.orchestra.run.smithi151.stdout:/usr/bin/ceph: stderr
2024-05-21T21:42:58.515+0000 7f8ca3e00700 1 --2- 172.21.15.151:0/2152116346 >> [v2:172.21.15.151:6800/3428827300,v1:172.21.15.151:6801/3428827300] conn(0x7f8c9003e4c0 0x7f8c90040980 unknown :-1 s=NONE pgs=0 cs=0 l=1 rev1=0 crypto rx=0 tx=0 comp rx=0 tx=0).connect
2024-05-21T21:43:00.406 INFO:teuthology.orchestra.run.smithi151.stdout:/usr/bin/ceph: stderr
2024-05-21T21:42:58.515+0000 7f8ca3e00700 1 -- 172.21.15.151:0/2152116346 <== mon.0 v2:172.21.15.151:3300/0 5 ==== osd_map(2..2 src has 1..2) ==== 940+0+0 (secure 0 0 0) 0x7f8c9c053db0 con 0x7f8cac07dd80
2024-05-21T21:43:00.406 INFO:teuthology.orchestra.run.smithi151.stdout:/usr/bin/ceph: stderr
2024-05-21T21:42:58.515+0000 7f8caaa00700 1 --2- 172.21.15.151:0/2152116346 >> [v2:172.21.15.151:6800/3428827300,v1:172.21.15.151:6801/3428827300] conn(0x7f8c9003e4c0 0x7f8c90040980 unknown :-1 s=BANNER_CONNECTING pgs=0 cs=0 l=1 rev1=0 crypto rx=0 tx=0 comp rx=0 tx=0)._handle_peer_banner_payload supported=3 required=0
2024-05-21T21:43:00.406 INFO:teuthology.orchestra.run.smithi151.stdout:/usr/bin/ceph: stderr
2024-05-21T21:42:58.516+0000 7f8caaa00700 1 --2- 172.21.15.151:0/2152116346 >> [v2:172.21.15.151:6800/3428827300,v1:172.21.15.151:6801/3428827300] conn(0x7f8c9003e4c0 0x7f8c90040980 secure :-1 s=READY pgs=16 cs=0 l=1 rev1=1 crypto rx=0x7f8c98006fd0 tx=0x7f8c98006e40 comp rx=0 tx=0).ready entity=mgr.14120 client_cookie=0 server_cookie=0 in_seq=0 out_seq=0
2024-05-21T21:43:00.406 INFO:teuthology.orchestra.run.smithi151.stdout:/usr/bin/ceph: stderr
2024-05-21T21:42:58.521+0000 7f8ca3e00700 1 -- 172.21.15.151:0/2152116346 <== mon.0 v2:172.21.15.151:3300/0 6 ==== mon_command_ack([{"prefix": "get_command_descriptions"}]=0 v0) ==== 72+0+191963 (secure 0 0 0) 0x7f8c9c01f030 con 0x7f8cac07dd80
2024-05-21T21:43:00.406 INFO:teuthology.orchestra.run.smithi151.stdout:/usr/bin/ceph: stderr
2024-05-21T21:42:58.843+0000 7f8cb0a00700 1 -- 172.21.15.151:0/2152116346 --> [v2:172.21.15.151:3300/0,v1:172.21.15.151:6789/0] -- mon_command({"prefix": "mgr module enable", "module": "dashboard"} v 0) -- 0x7f8cac1a2690 con 0x7f8cac07dd80
2024-05-21T21:43:00.406 INFO:teuthology.orchestra.run.smithi151.stdout:/usr/bin/ceph: stderr
2024-05-21T21:42:59.685+0000 7f8ca3e00700 1 -- 172.21.15.151:0/2152116346 <== mon.0 v2:172.21.15.151:3300/0 7 ==== mon_command_ack([{"prefix": "mgr module enable", "module": "dashboard"}]=0 v9) ==== 88+0+0 (secure 0 0 0) 0x7f8c9c016260 con 0x7f8cac07dd80
2024-05-21T21:43:00.406 INFO:teuthology.orchestra.run.smithi151.stdout:/usr/bin/ceph: stderr
2024-05-21T21:42:59.689+0000 7f8cb0a00700 1 -- 172.21.15.151:0/2152116346 >> [v2:172.21.15.151:6800/3428827300,v1:172.21.15.151:6801/3428827300] conn(0x7f8c9003e4c0 msgr2=0x7f8c90040980 secure :-1 s=STATE_CONNECTION_ESTABLISHED l=1).mark_down
2024-05-21T21:43:00.406 INFO:teuthology.orchestra.run.smithi151.stdout:/usr/bin/ceph: stderr
2024-05-21T21:42:59.689+0000 7f8cb0a00700 1 --2- 172.21.15.151:0/2152116346 >> [v2:172.21.15.151:6800/3428827300,v1:172.21.15.151:6801/3428827300] conn(0x7f8c9003e4c0 0x7f8c90040980 secure :-1 s=READY pgs=16 cs=0 l=1 rev1=1 crypto rx=0x7f8c98006fd0 tx=0x7f8c98006e40 comp rx=0 tx=0).stop
2024-05-21T21:43:00.407 INFO:teuthology.orchestra.run.smithi151.stdout:/usr/bin/ceph: stderr
2024-05-21T21:42:59.689+0000 7f8cb0a00700 1 -- 172.21.15.151:0/2152116346 >> [v2:172.21.15.151:3300/0,v1:172.21.15.151:6789/0] conn(0x7f8cac07dd80 msgr2=0x7f8cac19f000 secure :-1 s=STATE_CONNECTION_ESTABLISHED l=1).mark_down
2024-05-21T21:43:00.407 INFO:teuthology.orchestra.run.smithi151.stdout:/usr/bin/ceph: stderr
2024-05-21T21:42:59.689+0000 7f8cb0a00700 1 --2- 172.21.15.151:0/2152116346 >> [v2:172.21.15.151:3300/0,v1:172.21.15.151:6789/0] conn(0x7f8cac07dd80 0x7f8cac19f000 secure :-1 s=READY pgs=56 cs=0 l=1 rev1=1 crypto rx=0x7f8c9c000c00 tx=0x7f8c9c011aa0 comp rx=0 tx=0).stop
2024-05-21T21:43:00.407 INFO:teuthology.orchestra.run.smithi151.stdout:/usr/bin/ceph: stderr
2024-05-21T21:42:59.689+0000 7f8cb0a00700 1 -- 172.21.15.151:0/2152116346 shutdown_connections
2024-05-21T21:43:00.407 INFO:teuthology.orchestra.run.smithi151.stdout:/usr/bin/ceph: stderr
2024-05-21T21:42:59.689+0000 7f8cb0a00700 1 --2- 172.21.15.151:0/2152116346 >> [v2:172.21.15.151:6800/3428827300,v1:172.21.15.151:6801/3428827300] conn(0x7f8c9003e4c0 0x7f8c90040980 secure :-1 s=CLOSED pgs=16 cs=0 l=1 rev1=1 crypto rx=0x7f8c98006fd0 tx=0x7f8c98006e40 comp rx=0 tx=0).stop
2024-05-21T21:43:00.407 INFO:teuthology.orchestra.run.smithi151.stdout:/usr/bin/ceph: stderr
2024-05-21T21:42:59.689+0000 7f8cb0a00700 1 --2- 172.21.15.151:0/2152116346 >> [v2:172.21.15.151:3300/0,v1:172.21.15.151:6789/0] conn(0x7f8cac07dd80 0x7f8cac19f000 unknown :-1 s=CLOSED pgs=56 cs=0 l=1 rev1=1 crypto rx=0 tx=0 comp rx=0 tx=0).stop
2024-05-21T21:43:00.407 INFO:teuthology.orchestra.run.smithi151.stdout:/usr/bin/ceph: stderr
2024-05-21T21:42:59.689+0000 7f8cb0a00700 1 -- 172.21.15.151:0/2152116346 >> 172.21.15.151:0/2152116346 conn(0x7f8cac1043c0 msgr2=0x7f8cac104fb0 unknown :-1 s=STATE_NONE l=0).mark_down
2024-05-21T21:43:00.407 INFO:teuthology.orchestra.run.smithi151.stdout:/usr/bin/ceph: stderr
2024-05-21T21:42:59.691+0000 7f8cb0a00700 1 -- 172.21.15.151:0/2152116346 shutdown_connections
2024-05-21T21:43:00.407 INFO:teuthology.orchestra.run.smithi151.stdout:/usr/bin/ceph: stderr
2024-05-21T21:42:59.691+0000 7f8cb0a00700 1 -- 172.21.15.151:0/2152116346 wait complete.
2024-05-21T21:43:00.687 INFO:journalctl@ceph.mgr.x.smithi151.stdout:May 21 21:43:00 smithi151 ceph-c8c7a2e6-17ba-11ef-bc9a-c7b262605968-mgr-x[31852]:
2024-05-21T21:43:00.397+0000 7ff3f0290200 -1 mgr[py] Module snap_schedule has missing NOTIFY_TYPES member
2024-05-21T21:43:00.953 INFO:journalctl@ceph.mon.a.smithi151.stdout:May 21 21:43:00 smithi151 ceph-mon[31623]: from='client.? 172.21.15.151:0/2152116346' entity='client.admin' cmd='[{"prefix": "mgr module enable", "module": "dashboard"}]': finished
2024-05-21T21:43:00.953 INFO:journalctl@ceph.mon.a.smithi151.stdout:May 21 21:43:00 smithi151 ceph-mon[31623]: mgrmap e9: x(active, since 24s)
2024-05-21T21:43:00.953 INFO:journalctl@ceph.mgr.x.smithi151.stdout:May 21 21:43:00 smithi151 ceph-c8c7a2e6-17ba-11ef-bc9a-c7b262605968-mgr-x[31852]:
2024-05-21T21:43:00.807+0000 7ff3f0290200 -1 mgr[py] Module progress has missing NOTIFY_TYPES member
2024-05-21T21:43:00.954 INFO:journalctl@ceph.mgr.x.smithi151.stdout:May 21 21:43:00 smithi151 ceph-c8c7a2e6-17ba-11ef-bc9a-c7b262605968-mgr-x[31852]:
2024-05-21T21:43:00.925+0000 7ff3f0290200 -1 mgr[py] Module influx has missing NOTIFY_TYPES member
2024-05-21T21:43:01.952 INFO:journalctl@ceph.mon.a.smithi151.stdout:May 21 21:43:01 smithi151 ceph-mon[31623]: from='client.? 172.21.15.151:0/625770533' entity='client.admin' cmd=[{"prefix": "mgr stat"}]: dispatch
2024-05-21T21:43:01.980 INFO:teuthology.orchestra.run.smithi151.stdout:/usr/bin/ceph: stdout {
2024-05-21T21:43:01.981 INFO:teuthology.orchestra.run.smithi151.stdout:/usr/bin/ceph: stdout "epoch": 9,
2024-05-21T21:43:01.981 INFO:teuthology.orchestra.run.smithi151.stdout:/usr/bin/ceph: stdout "available": true,
2024-05-21T21:43:01.981 INFO:teuthology.orchestra.run.smithi151.stdout:/usr/bin/ceph: stdout "active_name": "x",
2024-05-21T21:43:01.981 INFO:teuthology.orchestra.run.smithi151.stdout:/usr/bin/ceph: stdout "num_standby": 0
2024-05-21T21:43:01.981 INFO:teuthology.orchestra.run.smithi151.stdout:/usr/bin/ceph: stdout }
2024-05-21T21:43:01.983 INFO:teuthology.orchestra.run.smithi151.stdout:/usr/bin/ceph: stderr
2024-05-21T21:43:00.987+0000 7f7607e00700 1 Processor -- start
2024-05-21T21:43:01.983 INFO:teuthology.orchestra.run.smithi151.stdout:/usr/bin/ceph: stderr
2024-05-21T21:43:00.987+0000 7f7607e00700 1 -- start start
2024-05-21T21:43:01.983 INFO:teuthology.orchestra.run.smithi151.stdout:/usr/bin/ceph: stderr
2024-05-21T21:43:00.987+0000 7f7607e00700 1 --2- >> [v2:172.21.15.151:3300/0,v1:172.21.15.151:6789/0] conn(0x7f7600109040 0x7f7600109460 unknown :-1 s=NONE pgs=0 cs=0 l=0 rev1=0 crypto rx=0 tx=0 comp rx=0 tx=0).connect
2024-05-21T21:43:01.983 INFO:teuthology.orchestra.run.smithi151.stdout:/usr/bin/ceph: stderr
2024-05-21T21:43:00.987+0000 7f7607e00700 1 -- --> [v2:172.21.15.151:3300/0,v1:172.21.15.151:6789/0] -- mon_getmap magic: 0 -- 0x7f7600109a30 con 0x7f7600109040
2024-05-21T21:43:01.983 INFO:teuthology.orchestra.run.smithi151.stdout:/usr/bin/ceph: stderr
2024-05-21T21:43:00.988+0000 7f7605400700 1 --2- >> [v2:172.21.15.151:3300/0,v1:172.21.15.151:6789/0] conn(0x7f7600109040 0x7f7600109460 unknown :-1 s=BANNER_CONNECTING pgs=0 cs=0 l=0 rev1=0 crypto rx=0 tx=0 comp rx=0 tx=0)._handle_peer_banner_payload supported=3 required=0
2024-05-21T21:43:01.984 INFO:teuthology.orchestra.run.smithi151.stdout:/usr/bin/ceph: stderr
2024-05-21T21:43:00.988+0000 7f7605400700 1 --2- >> [v2:172.21.15.151:3300/0,v1:172.21.15.151:6789/0] conn(0x7f7600109040 0x7f7600109460 unknown :-1 s=HELLO_CONNECTING pgs=0 cs=0 l=0 rev1=1 crypto rx=0 tx=0 comp rx=0 tx=0).handle_hello peer v2:172.21.15.151:3300/0 says I am v2:172.21.15.151:33474/0 (socket says 172.21.15.151:33474)
2024-05-21T21:43:01.984 INFO:teuthology.orchestra.run.smithi151.stdout:/usr/bin/ceph: stderr
2024-05-21T21:43:00.988+0000 7f7605400700 1 -- 172.21.15.151:0/1399871332 learned_addr learned my addr 172.21.15.151:0/1399871332 (peer_addr_for_me v2:172.21.15.151:0/0)
2024-05-21T21:43:01.984 INFO:teuthology.orchestra.run.smithi151.stdout:/usr/bin/ceph: stderr
2024-05-21T21:43:00.988+0000 7f7605400700 1 -- 172.21.15.151:0/1399871332 --> [v2:172.21.15.151:3300/0,v1:172.21.15.151:6789/0] -- mon_subscribe({config=0+,monmap=0+}) -- 0x7f760010a240 con 0x7f7600109040
2024-05-21T21:43:01.984 INFO:teuthology.orchestra.run.smithi151.stdout:/usr/bin/ceph: stderr
2024-05-21T21:43:00.988+0000 7f7605400700 1 --2- 172.21.15.151:0/1399871332 >> [v2:172.21.15.151:3300/0,v1:172.21.15.151:6789/0] conn(0x7f7600109040 0x7f7600109460 secure :-1 s=READY pgs=59 cs=0 l=1 rev1=1 crypto rx=0x7f75f40098a0 tx=0x7f75f4009bb0 comp rx=0 tx=0).ready entity=mon.0 client_cookie=1aac05943c94f770 server_cookie=0 in_seq=0 out_seq=0
2024-05-21T21:43:01.984 INFO:teuthology.orchestra.run.smithi151.stdout:/usr/bin/ceph: stderr
2024-05-21T21:43:00.989+0000 7f75ffe00700 1 -- 172.21.15.151:0/1399871332 <== mon.0 v2:172.21.15.151:3300/0 1 ==== mon_map magic: 0 ==== 205+0+0 (secure 0 0 0) 0x7f75f4004160 con 0x7f7600109040
2024-05-21T21:43:01.984 INFO:teuthology.orchestra.run.smithi151.stdout:/usr/bin/ceph: stderr
2024-05-21T21:43:00.989+0000 7f75ffe00700 1 -- 172.21.15.151:0/1399871332 <== mon.0 v2:172.21.15.151:3300/0 2 ==== config(26 keys) ==== 1101+0+0 (secure 0 0 0) 0x7f75f4004300 con 0x7f7600109040
2024-05-21T21:43:01.984 INFO:teuthology.orchestra.run.smithi151.stdout:/usr/bin/ceph: stderr
2024-05-21T21:43:00.989+0000 7f75ffe00700 1 -- 172.21.15.151:0/1399871332 <== mon.0 v2:172.21.15.151:3300/0 3 ==== mon_map magic: 0 ==== 205+0+0 (secure 0 0 0) 0x7f75f4011a20 con 0x7f7600109040
2024-05-21T21:43:01.984 INFO:teuthology.orchestra.run.smithi151.stdout:/usr/bin/ceph: stderr
2024-05-21T21:43:00.989+0000 7f7607e00700 1 -- 172.21.15.151:0/1399871332 >> [v2:172.21.15.151:3300/0,v1:172.21.15.151:6789/0] conn(0x7f7600109040 msgr2=0x7f7600109460 secure :-1 s=STATE_CONNECTION_ESTABLISHED l=1).mark_down
2024-05-21T21:43:01.984 INFO:teuthology.orchestra.run.smithi151.stdout:/usr/bin/ceph: stderr
2024-05-21T21:43:00.989+0000 7f7607e00700 1 --2- 172.21.15.151:0/1399871332 >> [v2:172.21.15.151:3300/0,v1:172.21.15.151:6789/0] conn(0x7f7600109040 0x7f7600109460 secure :-1 s=READY pgs=59 cs=0 l=1 rev1=1 crypto rx=0x7f75f40098a0 tx=0x7f75f4009bb0 comp rx=0 tx=0).stop
2024-05-21T21:43:01.984 INFO:teuthology.orchestra.run.smithi151.stdout:/usr/bin/ceph: stderr
2024-05-21T21:43:00.990+0000 7f7607e00700 1 -- 172.21.15.151:0/1399871332 shutdown_connections
2024-05-21T21:43:01.984 INFO:teuthology.orchestra.run.smithi151.stdout:/usr/bin/ceph: stderr
2024-05-21T21:43:00.990+0000 7f7607e00700 1 --2- 172.21.15.151:0/1399871332 >> [v2:172.21.15.151:3300/0,v1:172.21.15.151:6789/0] conn(0x7f7600109040 0x7f7600109460 unknown :-1 s=CLOSED pgs=59 cs=0 l=1 rev1=1 crypto rx=0 tx=0 comp rx=0 tx=0).stop
2024-05-21T21:43:01.988 INFO:teuthology.orchestra.run.smithi151.stdout:/usr/bin/ceph: stderr
2024-05-21T21:43:00.990+0000 7f7607e00700 1 -- 172.21.15.151:0/1399871332 >> 172.21.15.151:0/1399871332 conn(0x7f76001045e0 msgr2=0x7f7600106a20 unknown :-1 s=STATE_NONE l=0).mark_down
2024-05-21T21:43:01.988 INFO:teuthology.orchestra.run.smithi151.stdout:/usr/bin/ceph: stderr
2024-05-21T21:43:00.990+0000 7f7607e00700 1 -- 172.21.15.151:0/1399871332 shutdown_connections
2024-05-21T21:43:01.989 INFO:teuthology.orchestra.run.smithi151.stdout:/usr/bin/ceph: stderr
2024-05-21T21:43:00.990+0000 7f7607e00700 1 -- 172.21.15.151:0/1399871332 wait complete.
2024-05-21T21:43:01.989 INFO:teuthology.orchestra.run.smithi151.stdout:/usr/bin/ceph: stderr
2024-05-21T21:43:00.991+0000 7f7607e00700 1 Processor -- start
2024-05-21T21:43:01.989 INFO:teuthology.orchestra.run.smithi151.stdout:/usr/bin/ceph: stderr
2024-05-21T21:43:00.991+0000 7f7607e00700 1 -- start start
2024-05-21T21:43:01.989 INFO:teuthology.orchestra.run.smithi151.stdout:/usr/bin/ceph: stderr
2024-05-21T21:43:00.991+0000 7f7607e00700 1 --2- >> [v2:172.21.15.151:3300/0,v1:172.21.15.151:6789/0] conn(0x7f7600109040 0x7f760019f1f0 unknown :-1 s=NONE pgs=0 cs=0 l=1 rev1=0 crypto rx=0 tx=0 comp rx=0 tx=0).connect
2024-05-21T21:43:01.989 INFO:teuthology.orchestra.run.smithi151.stdout:/usr/bin/ceph: stderr
2024-05-21T21:43:00.991+0000 7f7607e00700 1 -- --> [v2:172.21.15.151:3300/0,v1:172.21.15.151:6789/0] -- mon_getmap magic: 0 -- 0x7f760010d5f0 con 0x7f7600109040
2024-05-21T21:43:01.989 INFO:teuthology.orchestra.run.smithi151.stdout:/usr/bin/ceph: stderr
