2024-05-26T11:52:56.916 INFO:teuthology.orchestra.run.smithi156.stdout:/usr/bin/ceph: stderr
2024-05-26T11:52:56.428+0000 7f791b2e5700 1 --2- 172.21.15.156:0/1876140793 >> [v2:172.21.15.156:3300/0,v1:172.21.15.156:6789/0] conn(0x7f7914108f30 0x7f791419cec0 unknown :-1 s=CLOSED pgs=50 cs=0 l=1 rev1=1 crypto rx=0 tx=0 comp rx=0 tx=0).stop
2024-05-26T11:52:56.916 INFO:teuthology.orchestra.run.smithi156.stdout:/usr/bin/ceph: stderr
2024-05-26T11:52:56.428+0000 7f791b2e5700 1 -- 172.21.15.156:0/1876140793 >> 172.21.15.156:0/1876140793 conn(0x7f7914104550 msgr2=0x7f7914105020 unknown :-1 s=STATE_NONE l=0).mark_down
2024-05-26T11:52:56.916 INFO:teuthology.orchestra.run.smithi156.stdout:/usr/bin/ceph: stderr
2024-05-26T11:52:56.428+0000 7f791b2e5700 1 -- 172.21.15.156:0/1876140793 shutdown_connections
2024-05-26T11:52:56.917 INFO:teuthology.orchestra.run.smithi156.stdout:/usr/bin/ceph: stderr
2024-05-26T11:52:56.428+0000 7f791b2e5700 1 -- 172.21.15.156:0/1876140793 wait complete.
2024-05-26T11:52:57.519 INFO:journalctl@ceph.mon.a.smithi156.stdout:May 26 11:52:57 smithi156 ceph-mon[32025]: from='client.? 172.21.15.156:0/1876140793' entity='client.admin'
2024-05-26T11:52:58.230 INFO:teuthology.orchestra.run.smithi156.stdout:/usr/bin/ceph: stderr
2024-05-26T11:52:57.288+0000 7f6724d14700 1 Processor -- start
2024-05-26T11:52:58.230 INFO:teuthology.orchestra.run.smithi156.stdout:/usr/bin/ceph: stderr
2024-05-26T11:52:57.288+0000 7f6724d14700 1 -- start start
2024-05-26T11:52:58.230 INFO:teuthology.orchestra.run.smithi156.stdout:/usr/bin/ceph: stderr
2024-05-26T11:52:57.288+0000 7f6724d14700 1 --2- >> [v2:172.21.15.156:3300/0,v1:172.21.15.156:6789/0] conn(0x7f6720108f70 0x7f6720109390 unknown :-1 s=NONE pgs=0 cs=0 l=0 rev1=0 crypto rx=0 tx=0 comp rx=0 tx=0).connect
2024-05-26T11:52:58.230 INFO:teuthology.orchestra.run.smithi156.stdout:/usr/bin/ceph: stderr
2024-05-26T11:52:57.288+0000 7f6724d14700 1 -- --> [v2:172.21.15.156:3300/0,v1:172.21.15.156:6789/0] -- mon_getmap magic: 0 -- 0x7f67201098d0 con 0x7f6720108f70
2024-05-26T11:52:58.230 INFO:teuthology.orchestra.run.smithi156.stdout:/usr/bin/ceph: stderr
2024-05-26T11:52:57.289+0000 7f671e59c700 1 --2- >> [v2:172.21.15.156:3300/0,v1:172.21.15.156:6789/0] conn(0x7f6720108f70 0x7f6720109390 unknown :-1 s=BANNER_CONNECTING pgs=0 cs=0 l=0 rev1=0 crypto rx=0 tx=0 comp rx=0 tx=0)._handle_peer_banner_payload supported=3 required=0
2024-05-26T11:52:58.230 INFO:teuthology.orchestra.run.smithi156.stdout:/usr/bin/ceph: stderr
2024-05-26T11:52:57.289+0000 7f671e59c700 1 --2- >> [v2:172.21.15.156:3300/0,v1:172.21.15.156:6789/0] conn(0x7f6720108f70 0x7f6720109390 unknown :-1 s=HELLO_CONNECTING pgs=0 cs=0 l=0 rev1=1 crypto rx=0 tx=0 comp rx=0 tx=0).handle_hello peer v2:172.21.15.156:3300/0 says I am v2:172.21.15.156:60768/0 (socket says 172.21.15.156:60768)
2024-05-26T11:52:58.231 INFO:teuthology.orchestra.run.smithi156.stdout:/usr/bin/ceph: stderr
2024-05-26T11:52:57.289+0000 7f671e59c700 1 -- 172.21.15.156:0/1667858600 learned_addr learned my addr 172.21.15.156:0/1667858600 (peer_addr_for_me v2:172.21.15.156:0/0)
2024-05-26T11:52:58.231 INFO:teuthology.orchestra.run.smithi156.stdout:/usr/bin/ceph: stderr
2024-05-26T11:52:57.289+0000 7f671e59c700 1 -- 172.21.15.156:0/1667858600 --> [v2:172.21.15.156:3300/0,v1:172.21.15.156:6789/0] -- mon_subscribe({config=0+,monmap=0+}) -- 0x7f672010a080 con 0x7f6720108f70
2024-05-26T11:52:58.231 INFO:teuthology.orchestra.run.smithi156.stdout:/usr/bin/ceph: stderr
2024-05-26T11:52:57.289+0000 7f671e59c700 1 --2- 172.21.15.156:0/1667858600 >> [v2:172.21.15.156:3300/0,v1:172.21.15.156:6789/0] conn(0x7f6720108f70 0x7f6720109390 secure :-1 s=READY pgs=51 cs=0 l=1 rev1=1 crypto rx=0x7f67100098a0 tx=0x7f6710009bb0 comp rx=0 tx=0).ready entity=mon.0 client_cookie=43f02fb28bd76d62 server_cookie=0 in_seq=0 out_seq=0
2024-05-26T11:52:58.231 INFO:teuthology.orchestra.run.smithi156.stdout:/usr/bin/ceph: stderr
2024-05-26T11:52:57.289+0000 7f671d59a700 1 -- 172.21.15.156:0/1667858600 <== mon.0 v2:172.21.15.156:3300/0 1 ==== mon_map magic: 0 ==== 205+0+0 (secure 0 0 0) 0x7f6710004160 con 0x7f6720108f70
2024-05-26T11:52:58.231 INFO:teuthology.orchestra.run.smithi156.stdout:/usr/bin/ceph: stderr
2024-05-26T11:52:57.289+0000 7f671d59a700 1 -- 172.21.15.156:0/1667858600 <== mon.0 v2:172.21.15.156:3300/0 2 ==== config(26 keys) ==== 1070+0+0 (secure 0 0 0) 0x7f6710004300 con 0x7f6720108f70
2024-05-26T11:52:58.231 INFO:teuthology.orchestra.run.smithi156.stdout:/usr/bin/ceph: stderr
2024-05-26T11:52:57.289+0000 7f671d59a700 1 -- 172.21.15.156:0/1667858600 <== mon.0 v2:172.21.15.156:3300/0 3 ==== mon_map magic: 0 ==== 205+0+0 (secure 0 0 0) 0x7f6710011af0 con 0x7f6720108f70
2024-05-26T11:52:58.231 INFO:teuthology.orchestra.run.smithi156.stdout:/usr/bin/ceph: stderr
2024-05-26T11:52:57.290+0000 7f6724d14700 1 -- 172.21.15.156:0/1667858600 >> [v2:172.21.15.156:3300/0,v1:172.21.15.156:6789/0] conn(0x7f6720108f70 msgr2=0x7f6720109390 secure :-1 s=STATE_CONNECTION_ESTABLISHED l=1).mark_down
2024-05-26T11:52:58.231 INFO:teuthology.orchestra.run.smithi156.stdout:/usr/bin/ceph: stderr
2024-05-26T11:52:57.290+0000 7f6724d14700 1 --2- 172.21.15.156:0/1667858600 >> [v2:172.21.15.156:3300/0,v1:172.21.15.156:6789/0] conn(0x7f6720108f70 0x7f6720109390 secure :-1 s=READY pgs=51 cs=0 l=1 rev1=1 crypto rx=0x7f67100098a0 tx=0x7f6710009bb0 comp rx=0 tx=0).stop
2024-05-26T11:52:58.231 INFO:teuthology.orchestra.run.smithi156.stdout:/usr/bin/ceph: stderr
2024-05-26T11:52:57.290+0000 7f6724d14700 1 -- 172.21.15.156:0/1667858600 shutdown_connections
2024-05-26T11:52:58.231 INFO:teuthology.orchestra.run.smithi156.stdout:/usr/bin/ceph: stderr
2024-05-26T11:52:57.290+0000 7f6724d14700 1 --2- 172.21.15.156:0/1667858600 >> [v2:172.21.15.156:3300/0,v1:172.21.15.156:6789/0] conn(0x7f6720108f70 0x7f6720109390 unknown :-1 s=CLOSED pgs=51 cs=0 l=1 rev1=1 crypto rx=0 tx=0 comp rx=0 tx=0).stop
2024-05-26T11:52:58.231 INFO:teuthology.orchestra.run.smithi156.stdout:/usr/bin/ceph: stderr
2024-05-26T11:52:57.290+0000 7f6724d14700 1 -- 172.21.15.156:0/1667858600 >> 172.21.15.156:0/1667858600 conn(0x7f6720104530 msgr2=0x7f6720106950 unknown :-1 s=STATE_NONE l=0).mark_down
2024-05-26T11:52:58.231 INFO:teuthology.orchestra.run.smithi156.stdout:/usr/bin/ceph: stderr
2024-05-26T11:52:57.290+0000 7f6724d14700 1 -- 172.21.15.156:0/1667858600 shutdown_connections
2024-05-26T11:52:58.231 INFO:teuthology.orchestra.run.smithi156.stdout:/usr/bin/ceph: stderr
2024-05-26T11:52:57.290+0000 7f6724d14700 1 -- 172.21.15.156:0/1667858600 wait complete.
2024-05-26T11:52:58.231 INFO:teuthology.orchestra.run.smithi156.stdout:/usr/bin/ceph: stderr
2024-05-26T11:52:57.291+0000 7f6724d14700 1 Processor -- start
2024-05-26T11:52:58.232 INFO:teuthology.orchestra.run.smithi156.stdout:/usr/bin/ceph: stderr
2024-05-26T11:52:57.291+0000 7f6724d14700 1 -- start start
2024-05-26T11:52:58.232 INFO:teuthology.orchestra.run.smithi156.stdout:/usr/bin/ceph: stderr
2024-05-26T11:52:57.291+0000 7f6724d14700 1 --2- >> [v2:172.21.15.156:3300/0,v1:172.21.15.156:6789/0] conn(0x7f6720108f70 0x7f672019ceb0 unknown :-1 s=NONE pgs=0 cs=0 l=1 rev1=0 crypto rx=0 tx=0 comp rx=0 tx=0).connect
2024-05-26T11:52:58.232 INFO:teuthology.orchestra.run.smithi156.stdout:/usr/bin/ceph: stderr
2024-05-26T11:52:57.291+0000 7f6724d14700 1 -- --> [v2:172.21.15.156:3300/0,v1:172.21.15.156:6789/0] -- mon_getmap magic: 0 -- 0x7f672010d4c0 con 0x7f6720108f70
2024-05-26T11:52:58.232 INFO:teuthology.orchestra.run.smithi156.stdout:/usr/bin/ceph: stderr
2024-05-26T11:52:57.291+0000 7f671e59c700 1 --2- >> [v2:172.21.15.156:3300/0,v1:172.21.15.156:6789/0] conn(0x7f6720108f70 0x7f672019ceb0 unknown :-1 s=BANNER_CONNECTING pgs=0 cs=0 l=1 rev1=0 crypto rx=0 tx=0 comp rx=0 tx=0)._handle_peer_banner_payload supported=3 required=0
2024-05-26T11:52:58.232 INFO:teuthology.orchestra.run.smithi156.stdout:/usr/bin/ceph: stderr
2024-05-26T11:52:57.291+0000 7f671e59c700 1 --2- >> [v2:172.21.15.156:3300/0,v1:172.21.15.156:6789/0] conn(0x7f6720108f70 0x7f672019ceb0 unknown :-1 s=HELLO_CONNECTING pgs=0 cs=0 l=1 rev1=1 crypto rx=0 tx=0 comp rx=0 tx=0).handle_hello peer v2:172.21.15.156:3300/0 says I am v2:172.21.15.156:60770/0 (socket says 172.21.15.156:60770)
2024-05-26T11:52:58.232 INFO:teuthology.orchestra.run.smithi156.stdout:/usr/bin/ceph: stderr
2024-05-26T11:52:57.291+0000 7f671e59c700 1 -- 172.21.15.156:0/681925704 learned_addr learned my addr 172.21.15.156:0/681925704 (peer_addr_for_me v2:172.21.15.156:0/0)
2024-05-26T11:52:58.232 INFO:teuthology.orchestra.run.smithi156.stdout:/usr/bin/ceph: stderr
2024-05-26T11:52:57.291+0000 7f671e59c700 1 -- 172.21.15.156:0/681925704 --> [v2:172.21.15.156:3300/0,v1:172.21.15.156:6789/0] -- mon_subscribe({config=0+,monmap=0+}) -- 0x7f672019d3f0 con 0x7f6720108f70
2024-05-26T11:52:58.232 INFO:teuthology.orchestra.run.smithi156.stdout:/usr/bin/ceph: stderr
2024-05-26T11:52:57.291+0000 7f671e59c700 1 --2- 172.21.15.156:0/681925704 >> [v2:172.21.15.156:3300/0,v1:172.21.15.156:6789/0] conn(0x7f6720108f70 0x7f672019ceb0 secure :-1 s=READY pgs=52 cs=0 l=1 rev1=1 crypto rx=0x7f6710011ac0 tx=0x7f6710011ba0 comp rx=0 tx=0).ready entity=mon.0 client_cookie=0 server_cookie=0 in_seq=0 out_seq=0
2024-05-26T11:52:58.232 INFO:teuthology.orchestra.run.smithi156.stdout:/usr/bin/ceph: stderr
2024-05-26T11:52:57.292+0000 7f670f7fe700 1 -- 172.21.15.156:0/681925704 <== mon.0 v2:172.21.15.156:3300/0 1 ==== mon_map magic: 0 ==== 205+0+0 (secure 0 0 0) 0x7f6710003970 con 0x7f6720108f70
2024-05-26T11:52:58.232 INFO:teuthology.orchestra.run.smithi156.stdout:/usr/bin/ceph: stderr
2024-05-26T11:52:57.292+0000 7f6724d14700 1 -- 172.21.15.156:0/681925704 --> [v2:172.21.15.156:3300/0,v1:172.21.15.156:6789/0] -- mon_subscribe({mgrmap=0+}) -- 0x7f672019d680 con 0x7f6720108f70
2024-05-26T11:52:58.232 INFO:teuthology.orchestra.run.smithi156.stdout:/usr/bin/ceph: stderr
2024-05-26T11:52:57.292+0000 7f670f7fe700 1 -- 172.21.15.156:0/681925704 <== mon.0 v2:172.21.15.156:3300/0 2 ==== config(26 keys) ==== 1070+0+0 (secure 0 0 0) 0x7f6710003b10 con 0x7f6720108f70
2024-05-26T11:52:58.232 INFO:teuthology.orchestra.run.smithi156.stdout:/usr/bin/ceph: stderr
2024-05-26T11:52:57.292+0000 7f670f7fe700 1 -- 172.21.15.156:0/681925704 <== mon.0 v2:172.21.15.156:3300/0 3 ==== mon_map magic: 0 ==== 205+0+0 (secure 0 0 0) 0x7f6710024610 con 0x7f6720108f70
2024-05-26T11:52:58.232 INFO:teuthology.orchestra.run.smithi156.stdout:/usr/bin/ceph: stderr
2024-05-26T11:52:57.292+0000 7f6724d14700 1 -- 172.21.15.156:0/681925704 --> [v2:172.21.15.156:3300/0,v1:172.21.15.156:6789/0] -- mon_subscribe({osdmap=0}) -- 0x7f67201a0370 con 0x7f6720108f70
2024-05-26T11:52:58.233 INFO:teuthology.orchestra.run.smithi156.stdout:/usr/bin/ceph: stderr
2024-05-26T11:52:57.293+0000 7f670f7fe700 1 -- 172.21.15.156:0/681925704 <== mon.0 v2:172.21.15.156:3300/0 4 ==== mgrmap(e 8) ==== 50222+0+0 (secure 0 0 0) 0x7f6710024890 con 0x7f6720108f70
2024-05-26T11:52:58.233 INFO:teuthology.orchestra.run.smithi156.stdout:/usr/bin/ceph: stderr
2024-05-26T11:52:57.293+0000 7f6724d14700 1 -- 172.21.15.156:0/681925704 --> [v2:172.21.15.156:3300/0,v1:172.21.15.156:6789/0] -- mon_command({"prefix": "get_command_descriptions"} v 0) -- 0x7f6720064ba0 con 0x7f6720108f70
2024-05-26T11:52:58.233 INFO:teuthology.orchestra.run.smithi156.stdout:/usr/bin/ceph: stderr
2024-05-26T11:52:57.293+0000 7f670f7fe700 1 --2- 172.21.15.156:0/681925704 >> [v2:172.21.15.156:6800/2588638081,v1:172.21.15.156:6801/2588638081] conn(0x7f670803e470 0x7f6708040930 unknown :-1 s=NONE pgs=0 cs=0 l=1 rev1=0 crypto rx=0 tx=0 comp rx=0 tx=0).connect
2024-05-26T11:52:58.233 INFO:teuthology.orchestra.run.smithi156.stdout:/usr/bin/ceph: stderr
2024-05-26T11:52:57.293+0000 7f670f7fe700 1 -- 172.21.15.156:0/681925704 <== mon.0 v2:172.21.15.156:3300/0 5 ==== osd_map(2..2 src has 1..2) ==== 940+0+0 (secure 0 0 0) 0x7f67100538c0 con 0x7f6720108f70
2024-05-26T11:52:58.233 INFO:teuthology.orchestra.run.smithi156.stdout:/usr/bin/ceph: stderr
2024-05-26T11:52:57.293+0000 7f671dd9b700 1 --2- 172.21.15.156:0/681925704 >> [v2:172.21.15.156:6800/2588638081,v1:172.21.15.156:6801/2588638081] conn(0x7f670803e470 0x7f6708040930 unknown :-1 s=BANNER_CONNECTING pgs=0 cs=0 l=1 rev1=0 crypto rx=0 tx=0 comp rx=0 tx=0)._handle_peer_banner_payload supported=3 required=0
2024-05-26T11:52:58.233 INFO:teuthology.orchestra.run.smithi156.stdout:/usr/bin/ceph: stderr
2024-05-26T11:52:57.293+0000 7f671dd9b700 1 --2- 172.21.15.156:0/681925704 >> [v2:172.21.15.156:6800/2588638081,v1:172.21.15.156:6801/2588638081] conn(0x7f670803e470 0x7f6708040930 secure :-1 s=READY pgs=15 cs=0 l=1 rev1=1 crypto rx=0x7f6714006fd0 tx=0x7f6714006e40 comp rx=0 tx=0).ready entity=mgr.14118 client_cookie=0 server_cookie=0 in_seq=0 out_seq=0
2024-05-26T11:52:58.233 INFO:teuthology.orchestra.run.smithi156.stdout:/usr/bin/ceph: stderr
2024-05-26T11:52:57.298+0000 7f670f7fe700 1 -- 172.21.15.156:0/681925704 <== mon.0 v2:172.21.15.156:3300/0 6 ==== mon_command_ack([{"prefix": "get_command_descriptions"}]=0 v0) ==== 72+0+191963 (secure 0 0 0) 0x7f671002c350 con 0x7f6720108f70
2024-05-26T11:52:58.233 INFO:teuthology.orchestra.run.smithi156.stdout:/usr/bin/ceph: stderr
2024-05-26T11:52:57.502+0000 7f6724d14700 1 -- 172.21.15.156:0/681925704 --> [v2:172.21.15.156:3300/0,v1:172.21.15.156:6789/0] -- mon_command([{prefix=config set, name=mgr/dashboard/ssl_server_port}] v 0) -- 0x7f67201a0540 con 0x7f6720108f70
2024-05-26T11:52:58.233 INFO:teuthology.orchestra.run.smithi156.stdout:/usr/bin/ceph: stderr
2024-05-26T11:52:57.504+0000 7f670f7fe700 1 -- 172.21.15.156:0/681925704 <== mon.0 v2:172.21.15.156:3300/0 7 ==== mon_command_ack([{prefix=config set, name=mgr/dashboard/ssl_server_port}]=0 v7)=0 v7) ==== 130+0+0 (secure 0 0 0) 0x7f67201a0540 con 0x7f6720108f70
2024-05-26T11:52:58.233 INFO:teuthology.orchestra.run.smithi156.stdout:/usr/bin/ceph: stderr
2024-05-26T11:52:57.507+0000 7f6724d14700 1 -- 172.21.15.156:0/681925704 >> [v2:172.21.15.156:6800/2588638081,v1:172.21.15.156:6801/2588638081] conn(0x7f670803e470 msgr2=0x7f6708040930 secure :-1 s=STATE_CONNECTION_ESTABLISHED l=1).mark_down
2024-05-26T11:52:58.233 INFO:teuthology.orchestra.run.smithi156.stdout:/usr/bin/ceph: stderr
2024-05-26T11:52:57.507+0000 7f6724d14700 1 --2- 172.21.15.156:0/681925704 >> [v2:172.21.15.156:6800/2588638081,v1:172.21.15.156:6801/2588638081] conn(0x7f670803e470 0x7f6708040930 secure :-1 s=READY pgs=15 cs=0 l=1 rev1=1 crypto rx=0x7f6714006fd0 tx=0x7f6714006e40 comp rx=0 tx=0).stop
2024-05-26T11:52:58.233 INFO:teuthology.orchestra.run.smithi156.stdout:/usr/bin/ceph: stderr
2024-05-26T11:52:57.507+0000 7f6724d14700 1 -- 172.21.15.156:0/681925704 >> [v2:172.21.15.156:3300/0,v1:172.21.15.156:6789/0] conn(0x7f6720108f70 msgr2=0x7f672019ceb0 secure :-1 s=STATE_CONNECTION_ESTABLISHED l=1).mark_down
2024-05-26T11:52:58.233 INFO:teuthology.orchestra.run.smithi156.stdout:/usr/bin/ceph: stderr
2024-05-26T11:52:57.507+0000 7f6724d14700 1 --2- 172.21.15.156:0/681925704 >> [v2:172.21.15.156:3300/0,v1:172.21.15.156:6789/0] conn(0x7f6720108f70 0x7f672019ceb0 secure :-1 s=READY pgs=52 cs=0 l=1 rev1=1 crypto rx=0x7f6710011ac0 tx=0x7f6710011ba0 comp rx=0 tx=0).stop
2024-05-26T11:52:58.233 INFO:teuthology.orchestra.run.smithi156.stdout:/usr/bin/ceph: stderr
2024-05-26T11:52:57.507+0000 7f6724d14700 1 -- 172.21.15.156:0/681925704 shutdown_connections
2024-05-26T11:52:58.234 INFO:teuthology.orchestra.run.smithi156.stdout:/usr/bin/ceph: stderr
2024-05-26T11:52:57.507+0000 7f6724d14700 1 --2- 172.21.15.156:0/681925704 >> [v2:172.21.15.156:6800/2588638081,v1:172.21.15.156:6801/2588638081] conn(0x7f670803e470 0x7f6708040930 unknown :-1 s=CLOSED pgs=15 cs=0 l=1 rev1=1 crypto rx=0 tx=0 comp rx=0 tx=0).stop
2024-05-26T11:52:58.234 INFO:teuthology.orchestra.run.smithi156.stdout:/usr/bin/ceph: stderr
2024-05-26T11:52:57.507+0000 7f6724d14700 1 --2- 172.21.15.156:0/681925704 >> [v2:172.21.15.156:3300/0,v1:172.21.15.156:6789/0] conn(0x7f6720108f70 0x7f672019ceb0 unknown :-1 s=CLOSED pgs=52 cs=0 l=1 rev1=1 crypto rx=0 tx=0 comp rx=0 tx=0).stop
2024-05-26T11:52:58.234 INFO:teuthology.orchestra.run.smithi156.stdout:/usr/bin/ceph: stderr
2024-05-26T11:52:57.507+0000 7f6724d14700 1 -- 172.21.15.156:0/681925704 >> 172.21.15.156:0/681925704 conn(0x7f6720104530 msgr2=0x7f6720105090 unknown :-1 s=STATE_NONE l=0).mark_down
2024-05-26T11:52:58.234 INFO:teuthology.orchestra.run.smithi156.stdout:/usr/bin/ceph: stderr
2024-05-26T11:52:57.507+0000 7f6724d14700 1 -- 172.21.15.156:0/681925704 shutdown_connections
2024-05-26T11:52:58.234 INFO:teuthology.orchestra.run.smithi156.stdout:/usr/bin/ceph: stderr
2024-05-26T11:52:57.507+0000 7f6724d14700 1 -- 172.21.15.156:0/681925704 wait complete.
2024-05-26T11:52:58.234 INFO:teuthology.orchestra.run.smithi156.stdout:Enabling the dashboard module...
2024-05-26T11:52:58.578 INFO:journalctl@ceph.mon.a.smithi156.stdout:May 26 11:52:58 smithi156 ceph-mon[32025]: from='client.? 172.21.15.156:0/681925704' entity='client.admin'
2024-05-26T11:52:58.578 INFO:journalctl@ceph.mon.a.smithi156.stdout:May 26 11:52:58 smithi156 ceph-mon[32025]: from='mgr.14118 172.21.15.156:0/1489268206' entity='mgr.x'
2024-05-26T11:52:58.579 INFO:journalctl@ceph.mon.a.smithi156.stdout:May 26 11:52:58 smithi156 ceph-mon[32025]: from='mgr.14118 172.21.15.156:0/1489268206' entity='mgr.x'
2024-05-26T11:52:59.794 INFO:journalctl@ceph.mon.a.smithi156.stdout:May 26 11:52:59 smithi156 ceph-mon[32025]: from='client.? 172.21.15.156:0/565729902' entity='client.admin' cmd=[{"prefix": "mgr module enable", "module": "dashboard"}]: dispatch
2024-05-26T11:52:59.795 INFO:journalctl@ceph.mgr.x.smithi156.stdout:May 26 11:52:59 smithi156 ceph-38c1aff8-1b56-11ef-bc9b-c7b262605968-mgr-x[32254]: ignoring --setuser ceph since I am not root
2024-05-26T11:52:59.795 INFO:journalctl@ceph.mgr.x.smithi156.stdout:May 26 11:52:59 smithi156 ceph-38c1aff8-1b56-11ef-bc9b-c7b262605968-mgr-x[32254]: ignoring --setgroup ceph since I am not root
2024-05-26T11:52:59.795 INFO:journalctl@ceph.mgr.x.smithi156.stdout:May 26 11:52:59 smithi156 ceph-38c1aff8-1b56-11ef-bc9b-c7b262605968-mgr-x[32254]:
2024-05-26T11:52:59.692+0000 7f71db017200 -1 mgr[py] Module balancer has missing NOTIFY_TYPES member
2024-05-26T11:53:00.109 INFO:journalctl@ceph.mgr.x.smithi156.stdout:May 26 11:52:59 smithi156 ceph-38c1aff8-1b56-11ef-bc9b-c7b262605968-mgr-x[32254]:
2024-05-26T11:52:59.879+0000 7f71db017200 -1 mgr[py] Module orchestrator has missing NOTIFY_TYPES member
2024-05-26T11:53:00.109 INFO:journalctl@ceph.mgr.x.smithi156.stdout:May 26 11:52:59 smithi156 ceph-38c1aff8-1b56-11ef-bc9b-c7b262605968-mgr-x[32254]:
2024-05-26T11:52:59.984+0000 7f71db017200 -1 mgr[py] Module snap_schedule has missing NOTIFY_TYPES member
2024-05-26T11:53:00.111 INFO:teuthology.orchestra.run.smithi156.stdout:/usr/bin/ceph: stderr
2024-05-26T11:52:58.712+0000 7f903979e700 1 Processor -- start
2024-05-26T11:53:00.116 INFO:teuthology.orchestra.run.smithi156.stdout:/usr/bin/ceph: stderr
2024-05-26T11:52:58.712+0000 7f903979e700 1 -- start start
2024-05-26T11:53:00.116 INFO:teuthology.orchestra.run.smithi156.stdout:/usr/bin/ceph: stderr
2024-05-26T11:52:58.712+0000 7f903979e700 1 --2- >> [v2:172.21.15.156:3300/0,v1:172.21.15.156:6789/0] conn(0x7f9034107040 0x7f9034107460 unknown :-1 s=NONE pgs=0 cs=0 l=0 rev1=0 crypto rx=0 tx=0 comp rx=0 tx=0).connect
2024-05-26T11:53:00.116 INFO:teuthology.orchestra.run.smithi156.stdout:/usr/bin/ceph: stderr
2024-05-26T11:52:58.712+0000 7f903979e700 1 -- --> [v2:172.21.15.156:3300/0,v1:172.21.15.156:6789/0] -- mon_getmap magic: 0 -- 0x7f9034107a30 con 0x7f9034107040
2024-05-26T11:53:00.116 INFO:teuthology.orchestra.run.smithi156.stdout:/usr/bin/ceph: stderr
2024-05-26T11:52:58.712+0000 7f9033fff700 1 --2- >> [v2:172.21.15.156:3300/0,v1:172.21.15.156:6789/0] conn(0x7f9034107040 0x7f9034107460 unknown :-1 s=BANNER_CONNECTING pgs=0 cs=0 l=0 rev1=0 crypto rx=0 tx=0 comp rx=0 tx=0)._handle_peer_banner_payload supported=3 required=0
2024-05-26T11:53:00.116 INFO:teuthology.orchestra.run.smithi156.stdout:/usr/bin/ceph: stderr
2024-05-26T11:52:58.712+0000 7f9033fff700 1 --2- >> [v2:172.21.15.156:3300/0,v1:172.21.15.156:6789/0] conn(0x7f9034107040 0x7f9034107460 unknown :-1 s=HELLO_CONNECTING pgs=0 cs=0 l=0 rev1=1 crypto rx=0 tx=0 comp rx=0 tx=0).handle_hello peer v2:172.21.15.156:3300/0 says I am v2:172.21.15.156:60776/0 (socket says 172.21.15.156:60776)
2024-05-26T11:53:00.117 INFO:teuthology.orchestra.run.smithi156.stdout:/usr/bin/ceph: stderr
2024-05-26T11:52:58.712+0000 7f9033fff700 1 -- 172.21.15.156:0/170430938 learned_addr learned my addr 172.21.15.156:0/170430938 (peer_addr_for_me v2:172.21.15.156:0/0)
2024-05-26T11:53:00.117 INFO:teuthology.orchestra.run.smithi156.stdout:/usr/bin/ceph: stderr
2024-05-26T11:52:58.713+0000 7f9033fff700 1 -- 172.21.15.156:0/170430938 --> [v2:172.21.15.156:3300/0,v1:172.21.15.156:6789/0] -- mon_subscribe({config=0+,monmap=0+}) -- 0x7f9034109fd0 con 0x7f9034107040
2024-05-26T11:53:00.117 INFO:teuthology.orchestra.run.smithi156.stdout:/usr/bin/ceph: stderr
2024-05-26T11:52:58.713+0000 7f9033fff700 1 --2- 172.21.15.156:0/170430938 >> [v2:172.21.15.156:3300/0,v1:172.21.15.156:6789/0] conn(0x7f9034107040 0x7f9034107460 secure :-1 s=READY pgs=53 cs=0 l=1 rev1=1 crypto rx=0x7f90240098a0 tx=0x7f9024009bb0 comp rx=0 tx=0).ready entity=mon.0 client_cookie=4963c0f1c292ac2f server_cookie=0 in_seq=0 out_seq=0
2024-05-26T11:53:00.117 INFO:teuthology.orchestra.run.smithi156.stdout:/usr/bin/ceph: stderr
2024-05-26T11:52:58.713+0000 7f9032ffd700 1 -- 172.21.15.156:0/170430938 <== mon.0 v2:172.21.15.156:3300/0 1 ==== mon_map magic: 0 ==== 205+0+0 (secure 0 0 0) 0x7f9024004160 con 0x7f9034107040
2024-05-26T11:53:00.117 INFO:teuthology.orchestra.run.smithi156.stdout:/usr/bin/ceph: stderr
2024-05-26T11:52:58.713+0000 7f9032ffd700 1 -- 172.21.15.156:0/170430938 <== mon.0 v2:172.21.15.156:3300/0 2 ==== config(26 keys) ==== 1101+0+0 (secure 0 0 0) 0x7f9024004300 con 0x7f9034107040
2024-05-26T11:53:00.117 INFO:teuthology.orchestra.run.smithi156.stdout:/usr/bin/ceph: stderr
2024-05-26T11:52:58.713+0000 7f9032ffd700 1 -- 172.21.15.156:0/170430938 <== mon.0 v2:172.21.15.156:3300/0 3 ==== mon_map magic: 0 ==== 205+0+0 (secure 0 0 0) 0x7f9024011a20 con 0x7f9034107040
2024-05-26T11:53:00.117 INFO:teuthology.orchestra.run.smithi156.stdout:/usr/bin/ceph: stderr
2024-05-26T11:52:58.714+0000 7f903979e700 1 -- 172.21.15.156:0/170430938 >> [v2:172.21.15.156:3300/0,v1:172.21.15.156:6789/0] conn(0x7f9034107040 msgr2=0x7f9034107460 secure :-1 s=STATE_CONNECTION_ESTABLISHED l=1).mark_down
2024-05-26T11:53:00.117 INFO:teuthology.orchestra.run.smithi156.stdout:/usr/bin/ceph: stderr
2024-05-26T11:52:58.714+0000 7f903979e700 1 --2- 172.21.15.156:0/170430938 >> [v2:172.21.15.156:3300/0,v1:172.21.15.156:6789/0] conn(0x7f9034107040 0x7f9034107460 secure :-1 s=READY pgs=53 cs=0 l=1 rev1=1 crypto rx=0x7f90240098a0 tx=0x7f9024009bb0 comp rx=0 tx=0).stop
2024-05-26T11:53:00.117 INFO:teuthology.orchestra.run.smithi156.stdout:/usr/bin/ceph: stderr
2024-05-26T11:52:58.714+0000 7f903979e700 1 -- 172.21.15.156:0/170430938 shutdown_connections
2024-05-26T11:53:00.117 INFO:teuthology.orchestra.run.smithi156.stdout:/usr/bin/ceph: stderr
2024-05-26T11:52:58.714+0000 7f903979e700 1 --2- 172.21.15.156:0/170430938 >> [v2:172.21.15.156:3300/0,v1:172.21.15.156:6789/0] conn(0x7f9034107040 0x7f9034107460 unknown :-1 s=CLOSED pgs=53 cs=0 l=1 rev1=1 crypto rx=0 tx=0 comp rx=0 tx=0).stop
2024-05-26T11:53:00.117 INFO:teuthology.orchestra.run.smithi156.stdout:/usr/bin/ceph: stderr
2024-05-26T11:52:58.714+0000 7f903979e700 1 -- 172.21.15.156:0/170430938 >> 172.21.15.156:0/170430938 conn(0x7f9034102970 msgr2=0x7f9034104db0 unknown :-1 s=STATE_NONE l=0).mark_down
2024-05-26T11:53:00.117 INFO:teuthology.orchestra.run.smithi156.stdout:/usr/bin/ceph: stderr
2024-05-26T11:52:58.714+0000 7f903979e700 1 -- 172.21.15.156:0/170430938 shutdown_connections
2024-05-26T11:53:00.117 INFO:teuthology.orchestra.run.smithi156.stdout:/usr/bin/ceph: stderr
2024-05-26T11:52:58.714+0000 7f903979e700 1 -- 172.21.15.156:0/170430938 wait complete.
2024-05-26T11:53:00.117 INFO:teuthology.orchestra.run.smithi156.stdout:/usr/bin/ceph: stderr
2024-05-26T11:52:58.715+0000 7f903979e700 1 Processor -- start
2024-05-26T11:53:00.118 INFO:teuthology.orchestra.run.smithi156.stdout:/usr/bin/ceph: stderr
2024-05-26T11:52:58.715+0000 7f903979e700 1 -- start start
2024-05-26T11:53:00.118 INFO:teuthology.orchestra.run.smithi156.stdout:/usr/bin/ceph: stderr
2024-05-26T11:52:58.715+0000 7f903979e700 1 --2- >> [v2:172.21.15.156:3300/0,v1:172.21.15.156:6789/0] conn(0x7f9034107040 0x7f903419ccc0 unknown :-1 s=NONE pgs=0 cs=0 l=1 rev1=0 crypto rx=0 tx=0 comp rx=0 tx=0).connect
2024-05-26T11:53:00.118 INFO:teuthology.orchestra.run.smithi156.stdout:/usr/bin/ceph: stderr
2024-05-26T11:52:58.715+0000 7f903979e700 1 -- --> [v2:172.21.15.156:3300/0,v1:172.21.15.156:6789/0] -- mon_getmap magic: 0 -- 0x7f903410d380 con 0x7f9034107040
2024-05-26T11:53:00.118 INFO:teuthology.orchestra.run.smithi156.stdout:/usr/bin/ceph: stderr
2024-05-26T11:52:58.716+0000 7f9033fff700 1 --2- >> [v2:172.21.15.156:3300/0,v1:172.21.15.156:6789/0] conn(0x7f9034107040 0x7f903419ccc0 unknown :-1 s=BANNER_CONNECTING pgs=0 cs=0 l=1 rev1=0 crypto rx=0 tx=0 comp rx=0 tx=0)._handle_peer_banner_payload supported=3 required=0
2024-05-26T11:53:00.118 INFO:teuthology.orchestra.run.smithi156.stdout:/usr/bin/ceph: stderr
2024-05-26T11:52:58.716+0000 7f9033fff700 1 --2- >> [v2:172.21.15.156:3300/0,v1:172.21.15.156:6789/0] conn(0x7f9034107040 0x7f903419ccc0 unknown :-1 s=HELLO_CONNECTING pgs=0 cs=0 l=1 rev1=1 crypto rx=0 tx=0 comp rx=0 tx=0).handle_hello peer v2:172.21.15.156:3300/0 says I am v2:172.21.15.156:60784/0 (socket says 172.21.15.156:60784)
2024-05-26T11:53:00.118 INFO:teuthology.orchestra.run.smithi156.stdout:/usr/bin/ceph: stderr
2024-05-26T11:52:58.716+0000 7f9033fff700 1 -- 172.21.15.156:0/565729902 learned_addr learned my addr 172.21.15.156:0/565729902 (peer_addr_for_me v2:172.21.15.156:0/0)
2024-05-26T11:53:00.118 INFO:teuthology.orchestra.run.smithi156.stdout:/usr/bin/ceph: stderr
2024-05-26T11:52:58.716+0000 7f9033fff700 1 -- 172.21.15.156:0/565729902 --> [v2:172.21.15.156:3300/0,v1:172.21.15.156:6789/0] -- mon_subscribe({config=0+,monmap=0+}) -- 0x7f903419d200 con 0x7f9034107040
2024-05-26T11:53:00.118 INFO:teuthology.orchestra.run.smithi156.stdout:/usr/bin/ceph: stderr
2024-05-26T11:52:58.716+0000 7f9033fff700 1 --2- 172.21.15.156:0/565729902 >> [v2:172.21.15.156:3300/0,v1:172.21.15.156:6789/0] conn(0x7f9034107040 0x7f903419ccc0 secure :-1 s=READY pgs=54 cs=0 l=1 rev1=1 crypto rx=0x7f90240119f0 tx=0x7f9024011ad0 comp rx=0 tx=0).ready entity=mon.0 client_cookie=0 server_cookie=0 in_seq=0 out_seq=0
2024-05-26T11:53:00.118 INFO:teuthology.orchestra.run.smithi156.stdout:/usr/bin/ceph: stderr
2024-05-26T11:52:58.716+0000 7f90317fa700 1 -- 172.21.15.156:0/565729902 <== mon.0 v2:172.21.15.156:3300/0 1 ==== mon_map magic: 0 ==== 205+0+0 (secure 0 0 0) 0x7f90240039e0 con 0x7f9034107040
2024-05-26T11:53:00.118 INFO:teuthology.orchestra.run.smithi156.stdout:/usr/bin/ceph: stderr
2024-05-26T11:52:58.716+0000 7f90317fa700 1 -- 172.21.15.156:0/565729902 <== mon.0 v2:172.21.15.156:3300/0 2 ==== config(26 keys) ==== 1101+0+0 (secure 0 0 0) 0x7f902401b8f0 con 0x7f9034107040
2024-05-26T11:53:00.118 INFO:teuthology.orchestra.run.smithi156.stdout:/usr/bin/ceph: stderr
2024-05-26T11:52:58.716+0000 7f903979e700 1 -- 172.21.15.156:0/565729902 --> [v2:172.21.15.156:3300/0,v1:172.21.15.156:6789/0] -- mon_subscribe({mgrmap=0+}) -- 0x7f903419d490 con 0x7f9034107040
2024-05-26T11:53:00.118 INFO:teuthology.orchestra.run.smithi156.stdout:/usr/bin/ceph: stderr
2024-05-26T11:52:58.716+0000 7f90317fa700 1 -- 172.21.15.156:0/565729902 <== mon.0 v2:172.21.15.156:3300/0 3 ==== mon_map magic: 0 ==== 205+0+0 (secure 0 0 0) 0x7f90240237a0 con 0x7f9034107040
2024-05-26T11:53:00.118 INFO:teuthology.orchestra.run.smithi156.stdout:/usr/bin/ceph: stderr
2024-05-26T11:52:58.717+0000 7f903979e700 1 -- 172.21.15.156:0/565729902 --> [v2:172.21.15.156:3300/0,v1:172.21.15.156:6789/0] -- mon_subscribe({osdmap=0}) -- 0x7f90341a0180 con 0x7f9034107040
2024-05-26T11:53:00.119 INFO:teuthology.orchestra.run.smithi156.stdout:/usr/bin/ceph: stderr
2024-05-26T11:52:58.717+0000 7f90317fa700 1 -- 172.21.15.156:0/565729902 <== mon.0 v2:172.21.15.156:3300/0 4 ==== mgrmap(e 8) ==== 50222+0+0 (secure 0 0 0) 0x7f90240193d0 con 0x7f9034107040
2024-05-26T11:53:00.119 INFO:teuthology.orchestra.run.smithi156.stdout:/usr/bin/ceph: stderr
2024-05-26T11:52:58.718+0000 7f90317fa700 1 --2- 172.21.15.156:0/565729902 >> [v2:172.21.15.156:6800/2588638081,v1:172.21.15.156:6801/2588638081] conn(0x7f901c03e470 0x7f901c040930 unknown :-1 s=NONE pgs=0 cs=0 l=1 rev1=0 crypto rx=0 tx=0 comp rx=0 tx=0).connect
2024-05-26T11:53:00.119 INFO:teuthology.orchestra.run.smithi156.stdout:/usr/bin/ceph: stderr
2024-05-26T11:52:58.718+0000 7f90317fa700 1 -- 172.21.15.156:0/565729902 <== mon.0 v2:172.21.15.156:3300/0 5 ==== osd_map(2..2 src has 1..2) ==== 940+0+0 (secure 0 0 0) 0x7f90240556f0 con 0x7f9034107040
2024-05-26T11:53:00.119 INFO:teuthology.orchestra.run.smithi156.stdout:/usr/bin/ceph: stderr
2024-05-26T11:52:58.718+0000 7f90337fe700 1 --2- 172.21.15.156:0/565729902 >> [v2:172.21.15.156:6800/2588638081,v1:172.21.15.156:6801/2588638081] conn(0x7f901c03e470 0x7f901c040930 unknown :-1 s=BANNER_CONNECTING pgs=0 cs=0 l=1 rev1=0 crypto rx=0 tx=0 comp rx=0 tx=0)._handle_peer_banner_payload supported=3 required=0
2024-05-26T11:53:00.119 INFO:teuthology.orchestra.run.smithi156.stdout:/usr/bin/ceph: stderr
2024-05-26T11:52:58.718+0000 7f903979e700 1 -- 172.21.15.156:0/565729902 --> [v2:172.21.15.156:3300/0,v1:172.21.15.156:6789/0] -- mon_command({"prefix": "get_command_descriptions"} v 0) -- 0x7f903406a680 con 0x7f9034107040
2024-05-26T11:53:00.119 INFO:teuthology.orchestra.run.smithi156.stdout:/usr/bin/ceph: stderr
2024-05-26T11:52:58.719+0000 7f90337fe700 1 --2- 172.21.15.156:0/565729902 >> [v2:172.21.15.156:6800/2588638081,v1:172.21.15.156:6801/2588638081] conn(0x7f901c03e470 0x7f901c040930 secure :-1 s=READY pgs=16 cs=0 l=1 rev1=1 crypto rx=0x7f9028006fd0 tx=0x7f9028006e40 comp rx=0 tx=0).ready entity=mgr.14118 client_cookie=0 server_cookie=0 in_seq=0 out_seq=0
2024-05-26T11:53:00.119 INFO:teuthology.orchestra.run.smithi156.stdout:/usr/bin/ceph: stderr
2024-05-26T11:52:58.727+0000 7f90317fa700 1 -- 172.21.15.156:0/565729902 <== mon.0 v2:172.21.15.156:3300/0 6 ==== mon_command_ack([{"prefix": "get_command_descriptions"}]=0 v0) ==== 72+0+191963 (secure 0 0 0) 0x7f902401f030 con 0x7f9034107040
2024-05-26T11:53:00.119 INFO:teuthology.orchestra.run.smithi156.stdout:/usr/bin/ceph: stderr
2024-05-26T11:52:59.005+0000 7f903979e700 1 -- 172.21.15.156:0/565729902 --> [v2:172.21.15.156:3300/0,v1:172.21.15.156:6789/0] -- mon_command({"prefix": "mgr module enable", "module": "dashboard"} v 0) -- 0x7f90341a0700 con 0x7f9034107040
2024-05-26T11:53:00.119 INFO:teuthology.orchestra.run.smithi156.stdout:/usr/bin/ceph: stderr
2024-05-26T11:52:59.507+0000 7f90317fa700 1 -- 172.21.15.156:0/565729902 <== mon.0 v2:172.21.15.156:3300/0 7 ==== mon_command_ack([{"prefix": "mgr module enable", "module": "dashboard"}]=0 v9) ==== 88+0+0 (secure 0 0 0) 0x7f9024021300 con 0x7f9034107040
2024-05-26T11:53:00.119 INFO:teuthology.orchestra.run.smithi156.stdout:/usr/bin/ceph: stderr
2024-05-26T11:52:59.509+0000 7f90317fa700 1 -- 172.21.15.156:0/565729902 <== mon.0 v2:172.21.15.156:3300/0 8 ==== mgrmap(e 9) ==== 50235+0+0 (secure 0 0 0) 0x7f9024016d20 con 0x7f9034107040
2024-05-26T11:53:00.119 INFO:teuthology.orchestra.run.smithi156.stdout:/usr/bin/ceph: stderr
2024-05-26T11:52:59.510+0000 7f903979e700 1 -- 172.21.15.156:0/565729902 >> [v2:172.21.15.156:6800/2588638081,v1:172.21.15.156:6801/2588638081] conn(0x7f901c03e470 msgr2=0x7f901c040930 secure :-1 s=STATE_CONNECTION_ESTABLISHED l=1).mark_down
2024-05-26T11:53:00.119 INFO:teuthology.orchestra.run.smithi156.stdout:/usr/bin/ceph: stderr
2024-05-26T11:52:59.511+0000 7f903979e700 1 --2- 172.21.15.156:0/565729902 >> [v2:172.21.15.156:6800/2588638081,v1:172.21.15.156:6801/2588638081] conn(0x7f901c03e470 0x7f901c040930 secure :-1 s=READY pgs=16 cs=0 l=1 rev1=1 crypto rx=0x7f9028006fd0 tx=0x7f9028006e40 comp rx=0 tx=0).stop
2024-05-26T11:53:00.120 INFO:teuthology.orchestra.run.smithi156.stdout:/usr/bin/ceph: stderr
2024-05-26T11:52:59.511+0000 7f903979e700 1 -- 172.21.15.156:0/565729902 >> [v2:172.21.15.156:3300/0,v1:172.21.15.156:6789/0] conn(0x7f9034107040 msgr2=0x7f903419ccc0 secure :-1 s=STATE_CONNECTION_ESTABLISHED l=1).mark_down
2024-05-26T11:53:00.120 INFO:teuthology.orchestra.run.smithi156.stdout:/usr/bin/ceph: stderr
2024-05-26T11:52:59.511+0000 7f903979e700 1 --2- 172.21.15.156:0/565729902 >> [v2:172.21.15.156:3300/0,v1:172.21.15.156:6789/0] conn(0x7f9034107040 0x7f903419ccc0 secure :-1 s=READY pgs=54 cs=0 l=1 rev1=1 crypto rx=0x7f90240119f0 tx=0x7f9024011ad0 comp rx=0 tx=0).stop
2024-05-26T11:53:00.120 INFO:teuthology.orchestra.run.smithi156.stdout:/usr/bin/ceph: stderr
2024-05-26T11:52:59.511+0000 7f903979e700 1 -- 172.21.15.156:0/565729902 shutdown_connections
2024-05-26T11:53:00.120 INFO:teuthology.orchestra.run.smithi156.stdout:/usr/bin/ceph: stderr
2024-05-26T11:52:59.511+0000 7f903979e700 1 --2- 172.21.15.156:0/565729902 >> [v2:172.21.15.156:6800/2588638081,v1:172.21.15.156:6801/2588638081] conn(0x7f901c03e470 0x7f901c040930 unknown :-1 s=CLOSED pgs=16 cs=0 l=1 rev1=1 crypto rx=0 tx=0 comp rx=0 tx=0).stop
2024-05-26T11:53:00.120 INFO:teuthology.orchestra.run.smithi156.stdout:/usr/bin/ceph: stderr
2024-05-26T11:52:59.511+0000 7f903979e700 1 --2- 172.21.15.156:0/565729902 >> [v2:172.21.15.156:3300/0,v1:172.21.15.156:6789/0] conn(0x7f9034107040 0x7f903419ccc0 unknown :-1 s=CLOSED pgs=54 cs=0 l=1 rev1=1 crypto rx=0 tx=0 comp rx=0 tx=0).stop
2024-05-26T11:53:00.120 INFO:teuthology.orchestra.run.smithi156.stdout:/usr/bin/ceph: stderr
2024-05-26T11:52:59.511+0000 7f903979e700 1 -- 172.21.15.156:0/565729902 >> 172.21.15.156:0/565729902 conn(0x7f9034102970 msgr2=0x7f9034103450 unknown :-1 s=STATE_NONE l=0).mark_down
2024-05-26T11:53:00.120 INFO:teuthology.orchestra.run.smithi156.stdout:/usr/bin/ceph: stderr
2024-05-26T11:52:59.511+0000 7f903979e700 1 -- 172.21.15.156:0/565729902 shutdown_connections
2024-05-26T11:53:00.120 INFO:teuthology.orchestra.run.smithi156.stdout:/usr/bin/ceph: stderr
2024-05-26T11:52:59.511+0000 7f903979e700 1 -- 172.21.15.156:0/565729902 wait complete.
2024-05-26T11:53:00.362 INFO:journalctl@ceph.mgr.x.smithi156.stdout:May 26 11:53:00 smithi156 ceph-38c1aff8-1b56-11ef-bc9b-c7b262605968-mgr-x[32254]:
2024-05-26T11:53:00.303+0000 7f71db017200 -1 mgr[py] Module progress has missing NOTIFY_TYPES member
2024-05-26T11:53:00.779 INFO:journalctl@ceph.mon.a.smithi156.stdout:May 26 11:53:00 smithi156 ceph-mon[32025]: from='client.? 172.21.15.156:0/565729902' entity='client.admin' cmd='[{"prefix": "mgr module enable", "module": "dashboard"}]': finished
2024-05-26T11:53:00.780 INFO:journalctl@ceph.mon.a.smithi156.stdout:May 26 11:53:00 smithi156 ceph-mon[32025]: mgrmap e9: x(active, since 18s)
2024-05-26T11:53:00.780 INFO:journalctl@ceph.mgr.x.smithi156.stdout:May 26 11:53:00 smithi156 ceph-38c1aff8-1b56-11ef-bc9b-c7b262605968-mgr-x[32254]:
2024-05-26T11:53:00.393+0000 7f71db017200 -1 mgr[py] Module influx has missing NOTIFY_TYPES member
2024-05-26T11:53:01.430 INFO:teuthology.orchestra.run.smithi156.stdout:/usr/bin/ceph: stdout {
2024-05-26T11:53:01.430 INFO:teuthology.orchestra.run.smithi156.stdout:/usr/bin/ceph: stdout "epoch": 9,
2024-05-26T11:53:01.430 INFO:teuthology.orchestra.run.smithi156.stdout:/usr/bin/ceph: stdout "available": true,
2024-05-26T11:53:01.430 INFO:teuthology.orchestra.run.smithi156.stdout:/usr/bin/ceph: stdout "active_name": "x",
2024-05-26T11:53:01.430 INFO:teuthology.orchestra.run.smithi156.stdout:/usr/bin/ceph: stdout "num_standby": 0
2024-05-26T11:53:01.430 INFO:teuthology.orchestra.run.smithi156.stdout:/usr/bin/ceph: stdout }
2024-05-26T11:53:01.431 INFO:teuthology.orchestra.run.smithi156.stdout:/usr/bin/ceph: stderr
2024-05-26T11:53:00.573+0000 7f373ba1a700 1 Processor -- start
2024-05-26T11:53:01.431 INFO:teuthology.orchestra.run.smithi156.stdout:/usr/bin/ceph: stderr
2024-05-26T11:53:00.573+0000 7f373ba1a700 1 -- start start
2024-05-26T11:53:01.431 INFO:teuthology.orchestra.run.smithi156.stdout:/usr/bin/ceph: stderr
2024-05-26T11:53:00.573+0000 7f373ba1a700 1 --2- >> [v2:172.21.15.156:3300/0,v1:172.21.15.156:6789/0] conn(0x7f3734108f30 0x7f3734109350 unknown :-1 s=NONE pgs=0 cs=0 l=0 rev1=0 crypto rx=0 tx=0 comp rx=0 tx=0).connect
2024-05-26T11:53:01.431 INFO:teuthology.orchestra.run.smithi156.stdout:/usr/bin/ceph: stderr
2024-05-26T11:53:00.573+0000 7f373ba1a700 1 -- --> [v2:172.21.15.156:3300/0,v1:172.21.15.156:6789/0] -- mon_getmap magic: 0 -- 0x7f3734109890 con 0x7f3734108f30
2024-05-26T11:53:01.431 INFO:teuthology.orchestra.run.smithi156.stdout:/usr/bin/ceph: stderr
2024-05-26T11:53:00.574+0000 7f37397b6700 1 --2- >> [v2:172.21.15.156:3300/0,v1:172.21.15.156:6789/0] conn(0x7f3734108f30 0x7f3734109350 unknown :-1 s=BANNER_CONNECTING pgs=0 cs=0 l=0 rev1=0 crypto rx=0 tx=0 comp rx=0 tx=0)._handle_peer_banner_payload supported=3 required=0
2024-05-26T11:53:01.431 INFO:teuthology.orchestra.run.smithi156.stdout:/usr/bin/ceph: stderr
2024-05-26T11:53:00.574+0000 7f37397b6700 1 --2- >> [v2:172.21.15.156:3300/0,v1:172.21.15.156:6789/0] conn(0x7f3734108f30 0x7f3734109350 unknown :-1 s=HELLO_CONNECTING pgs=0 cs=0 l=0 rev1=1 crypto rx=0 tx=0 comp rx=0 tx=0).handle_hello peer v2:172.21.15.156:3300/0 says I am v2:172.21.15.156:60804/0 (socket says 172.21.15.156:60804)
2024-05-26T11:53:01.431 INFO:teuthology.orchestra.run.smithi156.stdout:/usr/bin/ceph: stderr
2024-05-26T11:53:00.574+0000 7f37397b6700 1 -- 172.21.15.156:0/4116742600 learned_addr learned my addr 172.21.15.156:0/4116742600 (peer_addr_for_me v2:172.21.15.156:0/0)
2024-05-26T11:53:01.431 INFO:teuthology.orchestra.run.smithi156.stdout:/usr/bin/ceph: stderr
2024-05-26T11:53:00.574+0000 7f37397b6700 1 -- 172.21.15.156:0/4116742600 --> [v2:172.21.15.156:3300/0,v1:172.21.15.156:6789/0] -- mon_subscribe({config=0+,monmap=0+}) -- 0x7f373410a090 con 0x7f3734108f30
2024-05-26T11:53:01.431 INFO:teuthology.orchestra.run.smithi156.stdout:/usr/bin/ceph: stderr
2024-05-26T11:53:00.574+0000 7f37397b6700 1 --2- 172.21.15.156:0/4116742600 >> [v2:172.21.15.156:3300/0,v1:172.21.15.156:6789/0] conn(0x7f3734108f30 0x7f3734109350 secure :-1 s=READY pgs=57 cs=0 l=1 rev1=1 crypto rx=0x7f37240098a0 tx=0x7f3724009bb0 comp rx=0 tx=0).ready entity=mon.0 client_cookie=327f9c70e5f1c2c3 server_cookie=0 in_seq=0 out_seq=0
2024-05-26T11:53:01.431 INFO:teuthology.orchestra.run.smithi156.stdout:/usr/bin/ceph: stderr
2024-05-26T11:53:00.574+0000 7f372bfff700 1 -- 172.21.15.156:0/4116742600 <== mon.0 v2:172.21.15.156:3300/0 1 ==== mon_map magic: 0 ==== 205+0+0 (secure 0 0 0) 0x7f3724004160 con 0x7f3734108f30
2024-05-26T11:53:01.431 INFO:teuthology.orchestra.run.smithi156.stdout:/usr/bin/ceph: stderr
2024-05-26T11:53:00.574+0000 7f372bfff700 1 -- 172.21.15.156:0/4116742600 <== mon.0 v2:172.21.15.156:3300/0 2 ==== config(26 keys) ==== 1101+0+0 (secure 0 0 0) 0x7f3724004300 con 0x7f3734108f30
2024-05-26T11:53:01.431 INFO:teuthology.orchestra.run.smithi156.stdout:/usr/bin/ceph: stderr
2024-05-26T11:53:00.574+0000 7f372bfff700 1 -- 172.21.15.156:0/4116742600 <== mon.0 v2:172.21.15.156:3300/0 3 ==== mon_map magic: 0 ==== 205+0+0 (secure 0 0 0) 0x7f3724011a20 con 0x7f3734108f30
2024-05-26T11:53:01.431 INFO:teuthology.orchestra.run.smithi156.stdout:/usr/bin/ceph: stderr
2024-05-26T11:53:00.575+0000 7f373ba1a700 1 -- 172.21.15.156:0/4116742600 >> [v2:172.21.15.156:3300/0,v1:172.21.15.156:6789/0] conn(0x7f3734108f30 msgr2=0x7f3734109350 secure :-1 s=STATE_CONNECTION_ESTABLISHED l=1).mark_down
2024-05-26T11:53:01.431 INFO:teuthology.orchestra.run.smithi156.stdout:/usr/bin/ceph: stderr
2024-05-26T11:53:00.575+0000 7f373ba1a700 1 --2- 172.21.15.156:0/4116742600 >> [v2:172.21.15.156:3300/0,v1:172.21.15.156:6789/0] conn(0x7f3734108f30 0x7f3734109350 secure :-1 s=READY pgs=57 cs=0 l=1 rev1=1 crypto rx=0x7f37240098a0 tx=0x7f3724009bb0 comp rx=0 tx=0).stop
2024-05-26T11:53:01.432 INFO:teuthology.orchestra.run.smithi156.stdout:/usr/bin/ceph: stderr
2024-05-26T11:53:00.575+0000 7f373ba1a700 1 -- 172.21.15.156:0/4116742600 shutdown_connections
2024-05-26T11:53:01.432 INFO:teuthology.orchestra.run.smithi156.stdout:/usr/bin/ceph: stderr
2024-05-26T11:53:00.575+0000 7f373ba1a700 1 --2- 172.21.15.156:0/4116742600 >> [v2:172.21.15.156:3300/0,v1:172.21.15.156:6789/0] conn(0x7f3734108f30 0x7f3734109350 unknown :-1 s=CLOSED pgs=57 cs=0 l=1 rev1=1 crypto rx=0 tx=0 comp rx=0 tx=0).stop
2024-05-26T11:53:01.432 INFO:teuthology.orchestra.run.smithi156.stdout:/usr/bin/ceph: stderr
2024-05-26T11:53:00.575+0000 7f373ba1a700 1 -- 172.21.15.156:0/4116742600 >> 172.21.15.156:0/4116742600 conn(0x7f3734104550 msgr2=0x7f3734106970 unknown :-1 s=STATE_NONE l=0).mark_down
2024-05-26T11:53:01.432 INFO:teuthology.orchestra.run.smithi156.stdout:/usr/bin/ceph: stderr
2024-05-26T11:53:00.575+0000 7f373ba1a700 1 -- 172.21.15.156:0/4116742600 shutdown_connections
2024-05-26T11:53:01.432 INFO:teuthology.orchestra.run.smithi156.stdout:/usr/bin/ceph: stderr
2024-05-26T11:53:00.575+0000 7f373ba1a700 1 -- 172.21.15.156:0/4116742600 wait complete.
2024-05-26T11:53:01.432 INFO:teuthology.orchestra.run.smithi156.stdout:/usr/bin/ceph: stderr
2024-05-26T11:53:00.576+0000 7f373ba1a700 1 Processor -- start
2024-05-26T11:53:01.432 INFO:teuthology.orchestra.run.smithi156.stdout:/usr/bin/ceph: stderr
2024-05-26T11:53:00.576+0000 7f373ba1a700 1 -- start start
2024-05-26T11:53:01.432 INFO:teuthology.orchestra.run.smithi156.stdout:/usr/bin/ceph: stderr
2024-05-26T11:53:00.576+0000 7f373ba1a700 1 --2- >> [v2:172.21.15.156:3300/0,v1:172.21.15.156:6789/0] conn(0x7f3734108f30 0x7f373407f400 unknown :-1 s=NONE pgs=0 cs=0 l=1 rev1=0 crypto rx=0 tx=0 comp rx=0 tx=0).connect
2024-05-26T11:53:01.432 INFO:teuthology.orchestra.run.smithi156.stdout:/usr/bin/ceph: stderr
2024-05-26T11:53:00.576+0000 7f373ba1a700 1 -- --> [v2:172.21.15.156:3300/0,v1:172.21.15.156:6789/0] -- mon_getmap magic: 0 -- 0x7f373410d4d0 con 0x7f3734108f30
2024-05-26T11:53:01.432 INFO:teuthology.orchestra.run.smithi156.stdout:/usr/bin/ceph: stderr
2024-05-26T11:53:00.576+0000 7f37397b6700 1 --2- >> [v2:172.21.15.156:3300/0,v1:172.21.15.156:6789/0] conn(0x7f3734108f30 0x7f373407f400 unknown :-1 s=BANNER_CONNECTING pgs=0 cs=0 l=1 rev1=0 crypto rx=0 tx=0 comp rx=0 tx=0)._handle_peer_banner_payload supported=3 required=0
2024-05-26T11:53:01.432 INFO:teuthology.orchestra.run.smithi156.stdout:/usr/bin/ceph: stderr
2024-05-26T11:53:00.576+0000 7f37397b6700 1 --2- >> [v2:172.21.15.156:3300/0,v1:172.21.15.156:6789/0] conn(0x7f3734108f30 0x7f373407f400 unknown :-1 s=HELLO_CONNECTING pgs=0 cs=0 l=1 rev1=1 crypto rx=0 tx=0 comp rx=0 tx=0).handle_hello peer v2:172.21.15.156:3300/0 says I am v2:172.21.15.156:60812/0 (socket says 172.21.15.156:60812)
2024-05-26T11:53:01.432 INFO:teuthology.orchestra.run.smithi156.stdout:/usr/bin/ceph: stderr
2024-05-26T11:53:00.576+0000 7f37397b6700 1 -- 172.21.15.156:0/3006912680 learned_addr learned my addr 172.21.15.156:0/3006912680 (peer_addr_for_me v2:172.21.15.156:0/0)
2024-05-26T11:53:01.432 INFO:teuthology.orchestra.run.smithi156.stdout:/usr/bin/ceph: stderr
2024-05-26T11:53:00.577+0000 7f37397b6700 1 -- 172.21.15.156:0/3006912680 --> [v2:172.21.15.156:3300/0,v1:172.21.15.156:6789/0] -- mon_subscribe({config=0+,monmap=0+}) -- 0x7f373407f940 con 0x7f3734108f30
2024-05-26T11:53:01.432 INFO:teuthology.orchestra.run.smithi156.stdout:/usr/bin/ceph: stderr
2024-05-26T11:53:00.577+0000 7f37397b6700 1 --2- 172.21.15.156:0/3006912680 >> [v2:172.21.15.156:3300/0,v1:172.21.15.156:6789/0] conn(0x7f3734108f30 0x7f373407f400 secure :-1 s=READY pgs=58 cs=0 l=1 rev1=1 crypto rx=0x7f37240116e0 tx=0x7f3724011aa0 comp rx=0 tx=0).ready entity=mon.0 client_cookie=0 server_cookie=0 in_seq=0 out_seq=0
2024-05-26T11:53:01.433 INFO:teuthology.orchestra.run.smithi156.stdout:/usr/bin/ceph: stderr
2024-05-26T11:53:00.577+0000 7f372a7fc700 1 -- 172.21.15.156:0/3006912680 <== mon.0 v2:172.21.15.156:3300/0 1 ==== mon_map magic: 0 ==== 205+0+0 (secure 0 0 0) 0x7f3724003b20 con 0x7f3734108f30
2024-05-26T11:53:01.433 INFO:teuthology.orchestra.run.smithi156.stdout:/usr/bin/ceph: stderr
2024-05-26T11:53:00.577+0000 7f372a7fc700 1 -- 172.21.15.156:0/3006912680 <== mon.0 v2:172.21.15.156:3300/0 2 ==== config(26 keys) ==== 1101+0+0 (secure 0 0 0) 0x7f372401b8f0 con 0x7f3734108f30
2024-05-26T11:53:01.433 INFO:teuthology.orchestra.run.smithi156.stdout:/usr/bin/ceph: stderr
2024-05-26T11:53:00.577+0000 7f373ba1a700 1 -- 172.21.15.156:0/3006912680 --> [v2:172.21.15.156:3300/0,v1:172.21.15.156:6789/0] -- mon_subscribe({mgrmap=0+}) -- 0x7f373407db30 con 0x7f3734108f30
2024-05-26T11:53:01.433 INFO:teuthology.orchestra.run.smithi156.stdout:/usr/bin/ceph: stderr
2024-05-26T11:53:00.577+0000 7f372a7fc700 1 -- 172.21.15.156:0/3006912680 <== mon.0 v2:172.21.15.156:3300/0 3 ==== mon_map magic: 0 ==== 205+0+0 (secure 0 0 0) 0x7f37240238c0 con 0x7f3734108f30
2024-05-26T11:53:01.433 INFO:teuthology.orchestra.run.smithi156.stdout:/usr/bin/ceph: stderr
2024-05-26T11:53:00.577+0000 7f373ba1a700 1 -- 172.21.15.156:0/3006912680 --> [v2:172.21.15.156:3300/0,v1:172.21.15.156:6789/0] -- mon_subscribe({osdmap=0}) -- 0x7f373407e070 con 0x7f3734108f30
2024-05-26T11:53:01.433 INFO:teuthology.orchestra.run.smithi156.stdout:/usr/bin/ceph: stderr
2024-05-26T11:53:00.578+0000 7f372a7fc700 1 -- 172.21.15.156:0/3006912680 <== mon.0 v2:172.21.15.156:3300/0 4 ==== mgrmap(e 9) ==== 50235+0+0 (secure 0 0 0) 0x7f3724023a60 con 0x7f3734108f30
2024-05-26T11:53:01.433 INFO:teuthology.orchestra.run.smithi156.stdout:/usr/bin/ceph: stderr
2024-05-26T11:53:00.578+0000 7f373ba1a700 1 -- 172.21.15.156:0/3006912680 --> [v2:172.21.15.156:3300/0,v1:172.21.15.156:6789/0] -- mon_command({"prefix": "get_command_descriptions"} v 0) -- 0x7f3734064ba0 con 0x7f3734108f30
2024-05-26T11:53:01.433 INFO:teuthology.orchestra.run.smithi156.stdout:/usr/bin/ceph: stderr
2024-05-26T11:53:00.578+0000 7f372a7fc700 1 --2- 172.21.15.156:0/3006912680 >> [v2:172.21.15.156:6800/2588638081,v1:172.21.15.156:6801/2588638081] conn(0x7f372003e4d0 0x7f3720040990 unknown :-1 s=NONE pgs=0 cs=0 l=1 rev1=0 crypto rx=0 tx=0 comp rx=0 tx=0).connect
2024-05-26T11:53:01.433 INFO:teuthology.orchestra.run.smithi156.stdout:/usr/bin/ceph: stderr
2024-05-26T11:53:00.578+0000 7f372a7fc700 1 -- 172.21.15.156:0/3006912680 <== mon.0 v2:172.21.15.156:3300/0 5 ==== osd_map(2..2 src has 1..2) ==== 940+0+0 (secure 0 0 0) 0x7f3724053fe0 con 0x7f3734108f30
2024-05-26T11:53:01.433 INFO:teuthology.orchestra.run.smithi156.stdout:/usr/bin/ceph: stderr
2024-05-26T11:53:00.578+0000 7f3738fb5700 1 -- 172.21.15.156:0/3006912680 >> [v2:172.21.15.156:6800/2588638081,v1:172.21.15.156:6801/2588638081] conn(0x7f372003e4d0 msgr2=0x7f3720040990 unknown :-1 s=STATE_CONNECTING_RE l=1).process reconnect failed to v2:172.21.15.156:6800/2588638081
2024-05-26T11:53:01.433 INFO:teuthology.orchestra.run.smithi156.stdout:/usr/bin/ceph: stderr
2024-05-26T11:53:00.578+0000 7f3738fb5700 1 --2- 172.21.15.156:0/3006912680 >> [v2:172.21.15.156:6800/2588638081,v1:172.21.15.156:6801/2588638081] conn(0x7f372003e4d0 0x7f3720040990 unknown :-1 s=START_CONNECT pgs=0 cs=0 l=1 rev1=0 crypto rx=0 tx=0 comp rx=0 tx=0)._fault waiting 0.200000
2024-05-26T11:53:01.433 INFO:teuthology.orchestra.run.smithi156.stdout:/usr/bin/ceph: stderr
2024-05-26T11:53:00.583+0000 7f372a7fc700 1 -- 172.21.15.156:0/3006912680 <== mon.0 v2:172.21.15.156:3300/0 6 ==== mon_command_ack([{"prefix": "get_command_descriptions"}]=0 v0) ==== 72+0+191963 (secure 0 0 0) 0x7f372401f030 con 0x7f3734108f30
2024-05-26T11:53:01.433 INFO:teuthology.orchestra.run.smithi156.stdout:/usr/bin/ceph: stderr
2024-05-26T11:53:00.779+0000 7f3738fb5700 1 -- 172.21.15.156:0/3006912680 >> [v2:172.21.15.156:6800/2588638081,v1:172.21.15.156:6801/2588638081] conn(0x7f372003e4d0 msgr2=0x7f3720040990 unknown :-1 s=STATE_CONNECTING_RE l=1).process reconnect failed to v2:172.21.15.156:6800/2588638081
2024-05-26T11:53:01.433 INFO:teuthology.orchestra.run.smithi156.stdout:/usr/bin/ceph: stderr
2024-05-26T11:53:00.779+0000 7f3738fb5700 1 --2- 172.21.15.156:0/3006912680 >> [v2:172.21.15.156:6800/2588638081,v1:172.21.15.156:6801/2588638081] conn(0x7f372003e4d0 0x7f3720040990 unknown :-1 s=START_CONNECT pgs=0 cs=0 l=1 rev1=0 crypto rx=0 tx=0 comp rx=0 tx=0)._fault waiting 0.400000
2024-05-26T11:53:01.434 INFO:teuthology.orchestra.run.smithi156.stdout:/usr/bin/ceph: stderr
2024-05-26T11:53:00.880+0000 7f373ba1a700 1 -- 172.21.15.156:0/3006912680 --> [v2:172.21.15.156:3300/0,v1:172.21.15.156:6789/0] -- mon_command({"prefix": "mgr stat"} v 0) -- 0x7f373407e9a0 con 0x7f3734108f30
2024-05-26T11:53:01.434 INFO:teuthology.orchestra.run.smithi156.stdout:/usr/bin/ceph: stderr
2024-05-26T11:53:00.881+0000 7f372a7fc700 1 -- 172.21.15.156:0/3006912680 <== mon.0 v2:172.21.15.156:3300/0 7 ==== mon_command_ack([{"prefix": "mgr stat"}]=0 v9) ==== 56+0+88 (secure 0 0 0) 0x7f372400b3e0 con 0x7f3734108f30
2024-05-26T11:53:01.434 INFO:teuthology.orchestra.run.smithi156.stdout:/usr/bin/ceph: stderr
2024-05-26T11:53:00.883+0000 7f373ba1a700 1 -- 172.21.15.156:0/3006912680 >> [v2:172.21.15.156:6800/2588638081,v1:172.21.15.156:6801/2588638081] conn(0x7f372003e4d0 msgr2=0x7f3720040990 unknown :-1 s=STATE_CONNECTING l=1).mark_down
2024-05-26T11:53:01.434 INFO:teuthology.orchestra.run.smithi156.stdout:/usr/bin/ceph: stderr
2024-05-26T11:53:00.883+0000 7f373ba1a700 1 --2- 172.21.15.156:0/3006912680 >> [v2:172.21.15.156:6800/2588638081,v1:172.21.15.156:6801/2588638081] conn(0x7f372003e4d0 0x7f3720040990 unknown :-1 s=START_CONNECT pgs=0 cs=0 l=1 rev1=0 crypto rx=0 tx=0 comp rx=0 tx=0).stop
