2024-05-26T11:52:52.134+0000 7fc02341c700 1 -- 172.21.15.156:0/3794758431 >> [v2:172.21.15.156:3300/0,v1:172.21.15.156:6789/0] conn(0x7fc01c1099e0 msgr2=0x7fc01c19ce80 secure :-1 s=STATE_CONNECTION_ESTABLISHED l=1).mark_down
2024-05-26T11:52:52.907 INFO:teuthology.orchestra.run.smithi156.stdout:/usr/bin/ceph: stderr
2024-05-26T11:52:52.134+0000 7fc02341c700 1 --2- 172.21.15.156:0/3794758431 >> [v2:172.21.15.156:3300/0,v1:172.21.15.156:6789/0] conn(0x7fc01c1099e0 0x7fc01c19ce80 secure :-1 s=READY pgs=44 cs=0 l=1 rev1=1 crypto rx=0x7fc018011ac0 tx=0x7fc018011ba0 comp rx=0 tx=0).stop
2024-05-26T11:52:52.907 INFO:teuthology.orchestra.run.smithi156.stdout:/usr/bin/ceph: stderr
2024-05-26T11:52:52.134+0000 7fc02341c700 1 -- 172.21.15.156:0/3794758431 shutdown_connections
2024-05-26T11:52:52.907 INFO:teuthology.orchestra.run.smithi156.stdout:/usr/bin/ceph: stderr
2024-05-26T11:52:52.134+0000 7fc02341c700 1 --2- 172.21.15.156:0/3794758431 >> [v2:172.21.15.156:6800/2588638081,v1:172.21.15.156:6801/2588638081] conn(0x7fc00803e4c0 0x7fc008040980 unknown :-1 s=CLOSED pgs=11 cs=0 l=1 rev1=1 crypto rx=0 tx=0 comp rx=0 tx=0).stop
2024-05-26T11:52:52.907 INFO:teuthology.orchestra.run.smithi156.stdout:/usr/bin/ceph: stderr
2024-05-26T11:52:52.134+0000 7fc02341c700 1 --2- 172.21.15.156:0/3794758431 >> [v2:172.21.15.156:3300/0,v1:172.21.15.156:6789/0] conn(0x7fc01c1099e0 0x7fc01c19ce80 unknown :-1 s=CLOSED pgs=44 cs=0 l=1 rev1=1 crypto rx=0 tx=0 comp rx=0 tx=0).stop
2024-05-26T11:52:52.907 INFO:teuthology.orchestra.run.smithi156.stdout:/usr/bin/ceph: stderr
2024-05-26T11:52:52.134+0000 7fc02341c700 1 -- 172.21.15.156:0/3794758431 >> 172.21.15.156:0/3794758431 conn(0x7fc01c103470 msgr2=0x7fc01c103f40 unknown :-1 s=STATE_NONE l=0).mark_down
2024-05-26T11:52:52.908 INFO:teuthology.orchestra.run.smithi156.stdout:/usr/bin/ceph: stderr
2024-05-26T11:52:52.134+0000 7fc02341c700 1 -- 172.21.15.156:0/3794758431 shutdown_connections
2024-05-26T11:52:52.908 INFO:teuthology.orchestra.run.smithi156.stdout:/usr/bin/ceph: stderr
2024-05-26T11:52:52.134+0000 7fc02341c700 1 -- 172.21.15.156:0/3794758431 wait complete.
2024-05-26T11:52:52.908 INFO:teuthology.orchestra.run.smithi156.stdout:Deploying unmanaged mon service...
2024-05-26T11:52:53.200 INFO:journalctl@ceph.mon.a.smithi156.stdout:May 26 11:52:53 smithi156 ceph-mon[32025]: from='mgr.14118 172.21.15.156:0/1489268206' entity='mgr.x'
2024-05-26T11:52:53.200 INFO:journalctl@ceph.mon.a.smithi156.stdout:May 26 11:52:53 smithi156 ceph-mon[32025]: Added host smithi156
2024-05-26T11:52:53.200 INFO:journalctl@ceph.mon.a.smithi156.stdout:May 26 11:52:53 smithi156 ceph-mon[32025]: from='mgr.14118 172.21.15.156:0/1489268206' entity='mgr.x' cmd=[{"prefix": "config dump", "format": "json"}]: dispatch
2024-05-26T11:52:54.355 INFO:teuthology.orchestra.run.smithi156.stdout:/usr/bin/ceph: stdout Scheduled mon update...
2024-05-26T11:52:54.355 INFO:teuthology.orchestra.run.smithi156.stdout:/usr/bin/ceph: stderr
2024-05-26T11:52:53.302+0000 7f428b8d8700 1 Processor -- start
2024-05-26T11:52:54.355 INFO:teuthology.orchestra.run.smithi156.stdout:/usr/bin/ceph: stderr
2024-05-26T11:52:53.302+0000 7f428b8d8700 1 -- start start
2024-05-26T11:52:54.355 INFO:teuthology.orchestra.run.smithi156.stdout:/usr/bin/ceph: stderr
2024-05-26T11:52:53.303+0000 7f428b8d8700 1 --2- >> [v2:172.21.15.156:3300/0,v1:172.21.15.156:6789/0] conn(0x7f42841077d0 0x7f4284107bf0 unknown :-1 s=NONE pgs=0 cs=0 l=0 rev1=0 crypto rx=0 tx=0 comp rx=0 tx=0).connect
2024-05-26T11:52:54.355 INFO:teuthology.orchestra.run.smithi156.stdout:/usr/bin/ceph: stderr
2024-05-26T11:52:53.303+0000 7f428b8d8700 1 -- --> [v2:172.21.15.156:3300/0,v1:172.21.15.156:6789/0] -- mon_getmap magic: 0 -- 0x7f428407d6e0 con 0x7f42841077d0
2024-05-26T11:52:54.355 INFO:teuthology.orchestra.run.smithi156.stdout:/usr/bin/ceph: stderr
2024-05-26T11:52:53.303+0000 7f4289674700 1 --2- >> [v2:172.21.15.156:3300/0,v1:172.21.15.156:6789/0] conn(0x7f42841077d0 0x7f4284107bf0 unknown :-1 s=BANNER_CONNECTING pgs=0 cs=0 l=0 rev1=0 crypto rx=0 tx=0 comp rx=0 tx=0)._handle_peer_banner_payload supported=3 required=0
2024-05-26T11:52:54.355 INFO:teuthology.orchestra.run.smithi156.stdout:/usr/bin/ceph: stderr
2024-05-26T11:52:53.303+0000 7f4289674700 1 --2- >> [v2:172.21.15.156:3300/0,v1:172.21.15.156:6789/0] conn(0x7f42841077d0 0x7f4284107bf0 unknown :-1 s=HELLO_CONNECTING pgs=0 cs=0 l=0 rev1=1 crypto rx=0 tx=0 comp rx=0 tx=0).handle_hello peer v2:172.21.15.156:3300/0 says I am v2:172.21.15.156:32962/0 (socket says 172.21.15.156:32962)
2024-05-26T11:52:54.355 INFO:teuthology.orchestra.run.smithi156.stdout:/usr/bin/ceph: stderr
2024-05-26T11:52:53.303+0000 7f4289674700 1 -- 172.21.15.156:0/3455644170 learned_addr learned my addr 172.21.15.156:0/3455644170 (peer_addr_for_me v2:172.21.15.156:0/0)
2024-05-26T11:52:54.355 INFO:teuthology.orchestra.run.smithi156.stdout:/usr/bin/ceph: stderr
2024-05-26T11:52:53.303+0000 7f4289674700 1 -- 172.21.15.156:0/3455644170 --> [v2:172.21.15.156:3300/0,v1:172.21.15.156:6789/0] -- mon_subscribe({config=0+,monmap=0+}) -- 0x7f4284108130 con 0x7f42841077d0
2024-05-26T11:52:54.356 INFO:teuthology.orchestra.run.smithi156.stdout:/usr/bin/ceph: stderr
2024-05-26T11:52:53.303+0000 7f4289674700 1 --2- 172.21.15.156:0/3455644170 >> [v2:172.21.15.156:3300/0,v1:172.21.15.156:6789/0] conn(0x7f42841077d0 0x7f4284107bf0 secure :-1 s=READY pgs=45 cs=0 l=1 rev1=1 crypto rx=0x7f4280009e80 tx=0x7f428000b330 comp rx=0 tx=0).ready entity=mon.0 client_cookie=72023bee99521ba1 server_cookie=0 in_seq=0 out_seq=0
2024-05-26T11:52:54.356 INFO:teuthology.orchestra.run.smithi156.stdout:/usr/bin/ceph: stderr
2024-05-26T11:52:53.303+0000 7f427bfff700 1 -- 172.21.15.156:0/3455644170 <== mon.0 v2:172.21.15.156:3300/0 1 ==== mon_map magic: 0 ==== 205+0+0 (secure 0 0 0) 0x7f4280017070 con 0x7f42841077d0
2024-05-26T11:52:54.356 INFO:teuthology.orchestra.run.smithi156.stdout:/usr/bin/ceph: stderr
2024-05-26T11:52:53.303+0000 7f427bfff700 1 -- 172.21.15.156:0/3455644170 <== mon.0 v2:172.21.15.156:3300/0 2 ==== config(26 keys) ==== 1070+0+0 (secure 0 0 0) 0x7f428000b8c0 con 0x7f42841077d0
2024-05-26T11:52:54.356 INFO:teuthology.orchestra.run.smithi156.stdout:/usr/bin/ceph: stderr
2024-05-26T11:52:53.303+0000 7f427bfff700 1 -- 172.21.15.156:0/3455644170 <== mon.0 v2:172.21.15.156:3300/0 3 ==== mon_map magic: 0 ==== 205+0+0 (secure 0 0 0) 0x7f4280004490 con 0x7f42841077d0
2024-05-26T11:52:54.356 INFO:teuthology.orchestra.run.smithi156.stdout:/usr/bin/ceph: stderr
2024-05-26T11:52:53.304+0000 7f428b8d8700 1 -- 172.21.15.156:0/3455644170 >> [v2:172.21.15.156:3300/0,v1:172.21.15.156:6789/0] conn(0x7f42841077d0 msgr2=0x7f4284107bf0 secure :-1 s=STATE_CONNECTION_ESTABLISHED l=1).mark_down
2024-05-26T11:52:54.356 INFO:teuthology.orchestra.run.smithi156.stdout:/usr/bin/ceph: stderr
2024-05-26T11:52:53.304+0000 7f428b8d8700 1 --2- 172.21.15.156:0/3455644170 >> [v2:172.21.15.156:3300/0,v1:172.21.15.156:6789/0] conn(0x7f42841077d0 0x7f4284107bf0 secure :-1 s=READY pgs=45 cs=0 l=1 rev1=1 crypto rx=0x7f4280009e80 tx=0x7f428000b330 comp rx=0 tx=0).stop
2024-05-26T11:52:54.356 INFO:teuthology.orchestra.run.smithi156.stdout:/usr/bin/ceph: stderr
2024-05-26T11:52:53.304+0000 7f428b8d8700 1 -- 172.21.15.156:0/3455644170 shutdown_connections
2024-05-26T11:52:54.356 INFO:teuthology.orchestra.run.smithi156.stdout:/usr/bin/ceph: stderr
2024-05-26T11:52:53.304+0000 7f428b8d8700 1 --2- 172.21.15.156:0/3455644170 >> [v2:172.21.15.156:3300/0,v1:172.21.15.156:6789/0] conn(0x7f42841077d0 0x7f4284107bf0 unknown :-1 s=CLOSED pgs=45 cs=0 l=1 rev1=1 crypto rx=0 tx=0 comp rx=0 tx=0).stop
2024-05-26T11:52:54.356 INFO:teuthology.orchestra.run.smithi156.stdout:/usr/bin/ceph: stderr
2024-05-26T11:52:53.304+0000 7f428b8d8700 1 -- 172.21.15.156:0/3455644170 >> 172.21.15.156:0/3455644170 conn(0x7f4284103450 msgr2=0x7f4284105870 unknown :-1 s=STATE_NONE l=0).mark_down
2024-05-26T11:52:54.356 INFO:teuthology.orchestra.run.smithi156.stdout:/usr/bin/ceph: stderr
2024-05-26T11:52:53.304+0000 7f428b8d8700 1 -- 172.21.15.156:0/3455644170 shutdown_connections
2024-05-26T11:52:54.356 INFO:teuthology.orchestra.run.smithi156.stdout:/usr/bin/ceph: stderr
2024-05-26T11:52:53.304+0000 7f428b8d8700 1 -- 172.21.15.156:0/3455644170 wait complete.
2024-05-26T11:52:54.356 INFO:teuthology.orchestra.run.smithi156.stdout:/usr/bin/ceph: stderr
2024-05-26T11:52:53.305+0000 7f428b8d8700 1 Processor -- start
2024-05-26T11:52:54.356 INFO:teuthology.orchestra.run.smithi156.stdout:/usr/bin/ceph: stderr
2024-05-26T11:52:53.305+0000 7f428b8d8700 1 -- start start
2024-05-26T11:52:54.357 INFO:teuthology.orchestra.run.smithi156.stdout:/usr/bin/ceph: stderr
2024-05-26T11:52:53.305+0000 7f428b8d8700 1 --2- >> [v2:172.21.15.156:3300/0,v1:172.21.15.156:6789/0] conn(0x7f42841077d0 0x7f428419f040 unknown :-1 s=NONE pgs=0 cs=0 l=1 rev1=0 crypto rx=0 tx=0 comp rx=0 tx=0).connect
2024-05-26T11:52:54.357 INFO:teuthology.orchestra.run.smithi156.stdout:/usr/bin/ceph: stderr
2024-05-26T11:52:53.305+0000 7f428b8d8700 1 -- --> [v2:172.21.15.156:3300/0,v1:172.21.15.156:6789/0] -- mon_getmap magic: 0 -- 0x7f4284109160 con 0x7f42841077d0
2024-05-26T11:52:54.357 INFO:teuthology.orchestra.run.smithi156.stdout:/usr/bin/ceph: stderr
2024-05-26T11:52:53.305+0000 7f4289674700 1 --2- >> [v2:172.21.15.156:3300/0,v1:172.21.15.156:6789/0] conn(0x7f42841077d0 0x7f428419f040 unknown :-1 s=BANNER_CONNECTING pgs=0 cs=0 l=1 rev1=0 crypto rx=0 tx=0 comp rx=0 tx=0)._handle_peer_banner_payload supported=3 required=0
2024-05-26T11:52:54.357 INFO:teuthology.orchestra.run.smithi156.stdout:/usr/bin/ceph: stderr
2024-05-26T11:52:53.305+0000 7f4289674700 1 --2- >> [v2:172.21.15.156:3300/0,v1:172.21.15.156:6789/0] conn(0x7f42841077d0 0x7f428419f040 unknown :-1 s=HELLO_CONNECTING pgs=0 cs=0 l=1 rev1=1 crypto rx=0 tx=0 comp rx=0 tx=0).handle_hello peer v2:172.21.15.156:3300/0 says I am v2:172.21.15.156:32974/0 (socket says 172.21.15.156:32974)
2024-05-26T11:52:54.357 INFO:teuthology.orchestra.run.smithi156.stdout:/usr/bin/ceph: stderr
2024-05-26T11:52:53.305+0000 7f4289674700 1 -- 172.21.15.156:0/4163669926 learned_addr learned my addr 172.21.15.156:0/4163669926 (peer_addr_for_me v2:172.21.15.156:0/0)
2024-05-26T11:52:54.357 INFO:teuthology.orchestra.run.smithi156.stdout:/usr/bin/ceph: stderr
2024-05-26T11:52:53.305+0000 7f4289674700 1 -- 172.21.15.156:0/4163669926 --> [v2:172.21.15.156:3300/0,v1:172.21.15.156:6789/0] -- mon_subscribe({config=0+,monmap=0+}) -- 0x7f428419f580 con 0x7f42841077d0
2024-05-26T11:52:54.357 INFO:teuthology.orchestra.run.smithi156.stdout:/usr/bin/ceph: stderr
2024-05-26T11:52:53.305+0000 7f4289674700 1 --2- 172.21.15.156:0/4163669926 >> [v2:172.21.15.156:3300/0,v1:172.21.15.156:6789/0] conn(0x7f42841077d0 0x7f428419f040 secure :-1 s=READY pgs=46 cs=0 l=1 rev1=1 crypto rx=0x7f428000b7b0 tx=0x7f428000be20 comp rx=0 tx=0).ready entity=mon.0 client_cookie=0 server_cookie=0 in_seq=0 out_seq=0
2024-05-26T11:52:54.357 INFO:teuthology.orchestra.run.smithi156.stdout:/usr/bin/ceph: stderr
2024-05-26T11:52:53.305+0000 7f427a7fc700 1 -- 172.21.15.156:0/4163669926 <== mon.0 v2:172.21.15.156:3300/0 1 ==== mon_map magic: 0 ==== 205+0+0 (secure 0 0 0) 0x7f4280020020 con 0x7f42841077d0
2024-05-26T11:52:54.357 INFO:teuthology.orchestra.run.smithi156.stdout:/usr/bin/ceph: stderr
2024-05-26T11:52:53.305+0000 7f428b8d8700 1 -- 172.21.15.156:0/4163669926 --> [v2:172.21.15.156:3300/0,v1:172.21.15.156:6789/0] -- mon_subscribe({mgrmap=0+}) -- 0x7f428419f810 con 0x7f42841077d0
2024-05-26T11:52:54.357 INFO:teuthology.orchestra.run.smithi156.stdout:/usr/bin/ceph: stderr
2024-05-26T11:52:53.305+0000 7f427a7fc700 1 -- 172.21.15.156:0/4163669926 <== mon.0 v2:172.21.15.156:3300/0 2 ==== config(26 keys) ==== 1070+0+0 (secure 0 0 0) 0x7f4280012430 con 0x7f42841077d0
2024-05-26T11:52:54.357 INFO:teuthology.orchestra.run.smithi156.stdout:/usr/bin/ceph: stderr
2024-05-26T11:52:53.305+0000 7f427a7fc700 1 -- 172.21.15.156:0/4163669926 <== mon.0 v2:172.21.15.156:3300/0 3 ==== mon_map magic: 0 ==== 205+0+0 (secure 0 0 0) 0x7f4280017040 con 0x7f42841077d0
2024-05-26T11:52:54.357 INFO:teuthology.orchestra.run.smithi156.stdout:/usr/bin/ceph: stderr
2024-05-26T11:52:53.306+0000 7f428b8d8700 1 -- 172.21.15.156:0/4163669926 --> [v2:172.21.15.156:3300/0,v1:172.21.15.156:6789/0] -- mon_subscribe({osdmap=0}) -- 0x7f42841a2500 con 0x7f42841077d0
2024-05-26T11:52:54.357 INFO:teuthology.orchestra.run.smithi156.stdout:/usr/bin/ceph: stderr
2024-05-26T11:52:53.306+0000 7f427a7fc700 1 -- 172.21.15.156:0/4163669926 <== mon.0 v2:172.21.15.156:3300/0 4 ==== mgrmap(e 8) ==== 50222+0+0 (secure 0 0 0) 0x7f4280023020 con 0x7f42841077d0
2024-05-26T11:52:54.357 INFO:teuthology.orchestra.run.smithi156.stdout:/usr/bin/ceph: stderr
2024-05-26T11:52:53.307+0000 7f427a7fc700 1 --2- 172.21.15.156:0/4163669926 >> [v2:172.21.15.156:6800/2588638081,v1:172.21.15.156:6801/2588638081] conn(0x7f427003e420 0x7f42700408e0 unknown :-1 s=NONE pgs=0 cs=0 l=1 rev1=0 crypto rx=0 tx=0 comp rx=0 tx=0).connect
2024-05-26T11:52:54.358 INFO:teuthology.orchestra.run.smithi156.stdout:/usr/bin/ceph: stderr
2024-05-26T11:52:53.307+0000 7f428b8d8700 1 -- 172.21.15.156:0/4163669926 --> [v2:172.21.15.156:3300/0,v1:172.21.15.156:6789/0] -- mon_command({"prefix": "get_command_descriptions"} v 0) -- 0x7f4284064ba0 con 0x7f42841077d0
2024-05-26T11:52:54.358 INFO:teuthology.orchestra.run.smithi156.stdout:/usr/bin/ceph: stderr
2024-05-26T11:52:53.307+0000 7f427a7fc700 1 -- 172.21.15.156:0/4163669926 <== mon.0 v2:172.21.15.156:3300/0 5 ==== osd_map(2..2 src has 1..2) ==== 940+0+0 (secure 0 0 0) 0x7f428000f050 con 0x7f42841077d0
2024-05-26T11:52:54.358 INFO:teuthology.orchestra.run.smithi156.stdout:/usr/bin/ceph: stderr
2024-05-26T11:52:53.307+0000 7f4288e73700 1 --2- 172.21.15.156:0/4163669926 >> [v2:172.21.15.156:6800/2588638081,v1:172.21.15.156:6801/2588638081] conn(0x7f427003e420 0x7f42700408e0 unknown :-1 s=BANNER_CONNECTING pgs=0 cs=0 l=1 rev1=0 crypto rx=0 tx=0 comp rx=0 tx=0)._handle_peer_banner_payload supported=3 required=0
2024-05-26T11:52:54.358 INFO:teuthology.orchestra.run.smithi156.stdout:/usr/bin/ceph: stderr
2024-05-26T11:52:53.307+0000 7f4288e73700 1 --2- 172.21.15.156:0/4163669926 >> [v2:172.21.15.156:6800/2588638081,v1:172.21.15.156:6801/2588638081] conn(0x7f427003e420 0x7f42700408e0 secure :-1 s=READY pgs=12 cs=0 l=1 rev1=1 crypto rx=0x7f4274006fd0 tx=0x7f4274006e40 comp rx=0 tx=0).ready entity=mgr.14118 client_cookie=0 server_cookie=0 in_seq=0 out_seq=0
2024-05-26T11:52:54.358 INFO:teuthology.orchestra.run.smithi156.stdout:/usr/bin/ceph: stderr
2024-05-26T11:52:53.312+0000 7f427a7fc700 1 -- 172.21.15.156:0/4163669926 <== mon.0 v2:172.21.15.156:3300/0 6 ==== mon_command_ack([{"prefix": "get_command_descriptions"}]=0 v0) ==== 72+0+191963 (secure 0 0 0) 0x7f428002a020 con 0x7f42841077d0
2024-05-26T11:52:54.358 INFO:teuthology.orchestra.run.smithi156.stdout:/usr/bin/ceph: stderr
2024-05-26T11:52:53.558+0000 7f428b8d8700 1 -- 172.21.15.156:0/4163669926 --> [v2:172.21.15.156:6800/2588638081,v1:172.21.15.156:6801/2588638081] -- mgr_command(tid 0: {"prefix": "orch apply", "service_type": "mon", "unmanaged": true, "target": ["mon-mgr", ""]}) -- 0x7f428402e910 con 0x7f427003e420
2024-05-26T11:52:54.358 INFO:teuthology.orchestra.run.smithi156.stdout:/usr/bin/ceph: stderr
2024-05-26T11:52:53.563+0000 7f427a7fc700 1 -- 172.21.15.156:0/4163669926 <== mgr.14118 v2:172.21.15.156:6800/2588638081 1 ==== mgr_command_reply(tid 0: 0 ) ==== 8+0+24 (secure 0 0 0) 0x7f428402e910 con 0x7f427003e420
2024-05-26T11:52:54.358 INFO:teuthology.orchestra.run.smithi156.stdout:/usr/bin/ceph: stderr
2024-05-26T11:52:53.565+0000 7f428b8d8700 1 -- 172.21.15.156:0/4163669926 >> [v2:172.21.15.156:6800/2588638081,v1:172.21.15.156:6801/2588638081] conn(0x7f427003e420 msgr2=0x7f42700408e0 secure :-1 s=STATE_CONNECTION_ESTABLISHED l=1).mark_down
2024-05-26T11:52:54.358 INFO:teuthology.orchestra.run.smithi156.stdout:/usr/bin/ceph: stderr
2024-05-26T11:52:53.565+0000 7f428b8d8700 1 --2- 172.21.15.156:0/4163669926 >> [v2:172.21.15.156:6800/2588638081,v1:172.21.15.156:6801/2588638081] conn(0x7f427003e420 0x7f42700408e0 secure :-1 s=READY pgs=12 cs=0 l=1 rev1=1 crypto rx=0x7f4274006fd0 tx=0x7f4274006e40 comp rx=0 tx=0).stop
2024-05-26T11:52:54.358 INFO:teuthology.orchestra.run.smithi156.stdout:/usr/bin/ceph: stderr
2024-05-26T11:52:53.565+0000 7f428b8d8700 1 -- 172.21.15.156:0/4163669926 >> [v2:172.21.15.156:3300/0,v1:172.21.15.156:6789/0] conn(0x7f42841077d0 msgr2=0x7f428419f040 secure :-1 s=STATE_CONNECTION_ESTABLISHED l=1).mark_down
2024-05-26T11:52:54.361 INFO:teuthology.orchestra.run.smithi156.stdout:/usr/bin/ceph: stderr
2024-05-26T11:52:53.565+0000 7f428b8d8700 1 --2- 172.21.15.156:0/4163669926 >> [v2:172.21.15.156:3300/0,v1:172.21.15.156:6789/0] conn(0x7f42841077d0 0x7f428419f040 secure :-1 s=READY pgs=46 cs=0 l=1 rev1=1 crypto rx=0x7f428000b7b0 tx=0x7f428000be20 comp rx=0 tx=0).stop
2024-05-26T11:52:54.361 INFO:teuthology.orchestra.run.smithi156.stdout:/usr/bin/ceph: stderr
2024-05-26T11:52:53.565+0000 7f428b8d8700 1 -- 172.21.15.156:0/4163669926 shutdown_connections
2024-05-26T11:52:54.361 INFO:teuthology.orchestra.run.smithi156.stdout:/usr/bin/ceph: stderr
2024-05-26T11:52:53.565+0000 7f428b8d8700 1 --2- 172.21.15.156:0/4163669926 >> [v2:172.21.15.156:6800/2588638081,v1:172.21.15.156:6801/2588638081] conn(0x7f427003e420 0x7f42700408e0 unknown :-1 s=CLOSED pgs=12 cs=0 l=1 rev1=1 crypto rx=0 tx=0 comp rx=0 tx=0).stop
2024-05-26T11:52:54.361 INFO:teuthology.orchestra.run.smithi156.stdout:/usr/bin/ceph: stderr
2024-05-26T11:52:53.565+0000 7f428b8d8700 1 --2- 172.21.15.156:0/4163669926 >> [v2:172.21.15.156:3300/0,v1:172.21.15.156:6789/0] conn(0x7f42841077d0 0x7f428419f040 unknown :-1 s=CLOSED pgs=46 cs=0 l=1 rev1=1 crypto rx=0 tx=0 comp rx=0 tx=0).stop
2024-05-26T11:52:54.361 INFO:teuthology.orchestra.run.smithi156.stdout:/usr/bin/ceph: stderr
2024-05-26T11:52:53.565+0000 7f428b8d8700 1 -- 172.21.15.156:0/4163669926 >> 172.21.15.156:0/4163669926 conn(0x7f4284103450 msgr2=0x7f4284195c40 unknown :-1 s=STATE_NONE l=0).mark_down
2024-05-26T11:52:54.362 INFO:teuthology.orchestra.run.smithi156.stdout:/usr/bin/ceph: stderr
2024-05-26T11:52:53.565+0000 7f428b8d8700 1 -- 172.21.15.156:0/4163669926 shutdown_connections
2024-05-26T11:52:54.362 INFO:teuthology.orchestra.run.smithi156.stdout:/usr/bin/ceph: stderr
2024-05-26T11:52:53.565+0000 7f428b8d8700 1 -- 172.21.15.156:0/4163669926 wait complete.
2024-05-26T11:52:54.362 INFO:teuthology.orchestra.run.smithi156.stdout:Deploying unmanaged mgr service...
2024-05-26T11:52:54.658 INFO:journalctl@ceph.mon.a.smithi156.stdout:May 26 11:52:54 smithi156 ceph-mon[32025]: from='client.14140 -' entity='client.admin' cmd=[{"prefix": "orch apply", "service_type": "mon", "unmanaged": true, "target": ["mon-mgr", ""]}]: dispatch
2024-05-26T11:52:54.658 INFO:journalctl@ceph.mon.a.smithi156.stdout:May 26 11:52:54 smithi156 ceph-mon[32025]: Saving service mon spec with placement count:5
2024-05-26T11:52:54.658 INFO:journalctl@ceph.mon.a.smithi156.stdout:May 26 11:52:54 smithi156 ceph-mon[32025]: from='mgr.14118 172.21.15.156:0/1489268206' entity='mgr.x'
2024-05-26T11:52:55.798 INFO:teuthology.orchestra.run.smithi156.stdout:/usr/bin/ceph: stdout Scheduled mgr update...
2024-05-26T11:52:55.799 INFO:teuthology.orchestra.run.smithi156.stdout:/usr/bin/ceph: stderr
2024-05-26T11:52:54.766+0000 7f71f3e26700 1 Processor -- start
2024-05-26T11:52:55.799 INFO:teuthology.orchestra.run.smithi156.stdout:/usr/bin/ceph: stderr
2024-05-26T11:52:54.766+0000 7f71f3e26700 1 -- start start
2024-05-26T11:52:55.799 INFO:teuthology.orchestra.run.smithi156.stdout:/usr/bin/ceph: stderr
2024-05-26T11:52:54.766+0000 7f71f3e26700 1 --2- >> [v2:172.21.15.156:3300/0,v1:172.21.15.156:6789/0] conn(0x7f71ec1099a0 0x7f71ec10bd90 unknown :-1 s=NONE pgs=0 cs=0 l=0 rev1=0 crypto rx=0 tx=0 comp rx=0 tx=0).connect
2024-05-26T11:52:55.799 INFO:teuthology.orchestra.run.smithi156.stdout:/usr/bin/ceph: stderr
2024-05-26T11:52:54.766+0000 7f71f3e26700 1 -- --> [v2:172.21.15.156:3300/0,v1:172.21.15.156:6789/0] -- mon_getmap magic: 0 -- 0x7f71ec07d740 con 0x7f71ec1099a0
2024-05-26T11:52:55.799 INFO:teuthology.orchestra.run.smithi156.stdout:/usr/bin/ceph: stderr
2024-05-26T11:52:54.767+0000 7f71f1bc2700 1 --2- >> [v2:172.21.15.156:3300/0,v1:172.21.15.156:6789/0] conn(0x7f71ec1099a0 0x7f71ec10bd90 unknown :-1 s=BANNER_CONNECTING pgs=0 cs=0 l=0 rev1=0 crypto rx=0 tx=0 comp rx=0 tx=0)._handle_peer_banner_payload supported=3 required=0
2024-05-26T11:52:55.799 INFO:teuthology.orchestra.run.smithi156.stdout:/usr/bin/ceph: stderr
2024-05-26T11:52:54.767+0000 7f71f1bc2700 1 --2- >> [v2:172.21.15.156:3300/0,v1:172.21.15.156:6789/0] conn(0x7f71ec1099a0 0x7f71ec10bd90 unknown :-1 s=HELLO_CONNECTING pgs=0 cs=0 l=0 rev1=1 crypto rx=0 tx=0 comp rx=0 tx=0).handle_hello peer v2:172.21.15.156:3300/0 says I am v2:172.21.15.156:60726/0 (socket says 172.21.15.156:60726)
2024-05-26T11:52:55.799 INFO:teuthology.orchestra.run.smithi156.stdout:/usr/bin/ceph: stderr
2024-05-26T11:52:54.767+0000 7f71f1bc2700 1 -- 172.21.15.156:0/187805379 learned_addr learned my addr 172.21.15.156:0/187805379 (peer_addr_for_me v2:172.21.15.156:0/0)
2024-05-26T11:52:55.799 INFO:teuthology.orchestra.run.smithi156.stdout:/usr/bin/ceph: stderr
2024-05-26T11:52:54.767+0000 7f71f1bc2700 1 -- 172.21.15.156:0/187805379 --> [v2:172.21.15.156:3300/0,v1:172.21.15.156:6789/0] -- mon_subscribe({config=0+,monmap=0+}) -- 0x7f71ec10c2d0 con 0x7f71ec1099a0
2024-05-26T11:52:55.799 INFO:teuthology.orchestra.run.smithi156.stdout:/usr/bin/ceph: stderr
2024-05-26T11:52:54.767+0000 7f71f1bc2700 1 --2- 172.21.15.156:0/187805379 >> [v2:172.21.15.156:3300/0,v1:172.21.15.156:6789/0] conn(0x7f71ec1099a0 0x7f71ec10bd90 secure :-1 s=READY pgs=47 cs=0 l=1 rev1=1 crypto rx=0x7f71e80098a0 tx=0x7f71e8009bb0 comp rx=0 tx=0).ready entity=mon.0 client_cookie=ebc5411317554c78 server_cookie=0 in_seq=0 out_seq=0
2024-05-26T11:52:55.799 INFO:teuthology.orchestra.run.smithi156.stdout:/usr/bin/ceph: stderr
2024-05-26T11:52:54.767+0000 7f71f0bc0700 1 -- 172.21.15.156:0/187805379 <== mon.0 v2:172.21.15.156:3300/0 1 ==== mon_map magic: 0 ==== 205+0+0 (secure 0 0 0) 0x7f71e8004160 con 0x7f71ec1099a0
2024-05-26T11:52:55.799 INFO:teuthology.orchestra.run.smithi156.stdout:/usr/bin/ceph: stderr
2024-05-26T11:52:54.767+0000 7f71f0bc0700 1 -- 172.21.15.156:0/187805379 <== mon.0 v2:172.21.15.156:3300/0 2 ==== config(26 keys) ==== 1070+0+0 (secure 0 0 0) 0x7f71e8004300 con 0x7f71ec1099a0
2024-05-26T11:52:55.799 INFO:teuthology.orchestra.run.smithi156.stdout:/usr/bin/ceph: stderr
2024-05-26T11:52:54.767+0000 7f71f0bc0700 1 -- 172.21.15.156:0/187805379 <== mon.0 v2:172.21.15.156:3300/0 3 ==== mon_map magic: 0 ==== 205+0+0 (secure 0 0 0) 0x7f71e8011af0 con 0x7f71ec1099a0
2024-05-26T11:52:55.799 INFO:teuthology.orchestra.run.smithi156.stdout:/usr/bin/ceph: stderr
2024-05-26T11:52:54.768+0000 7f71f3e26700 1 -- 172.21.15.156:0/187805379 >> [v2:172.21.15.156:3300/0,v1:172.21.15.156:6789/0] conn(0x7f71ec1099a0 msgr2=0x7f71ec10bd90 secure :-1 s=STATE_CONNECTION_ESTABLISHED l=1).mark_down
2024-05-26T11:52:55.800 INFO:teuthology.orchestra.run.smithi156.stdout:/usr/bin/ceph: stderr
2024-05-26T11:52:54.768+0000 7f71f3e26700 1 --2- 172.21.15.156:0/187805379 >> [v2:172.21.15.156:3300/0,v1:172.21.15.156:6789/0] conn(0x7f71ec1099a0 0x7f71ec10bd90 secure :-1 s=READY pgs=47 cs=0 l=1 rev1=1 crypto rx=0x7f71e80098a0 tx=0x7f71e8009bb0 comp rx=0 tx=0).stop
2024-05-26T11:52:55.800 INFO:teuthology.orchestra.run.smithi156.stdout:/usr/bin/ceph: stderr
2024-05-26T11:52:54.768+0000 7f71f3e26700 1 -- 172.21.15.156:0/187805379 shutdown_connections
2024-05-26T11:52:55.800 INFO:teuthology.orchestra.run.smithi156.stdout:/usr/bin/ceph: stderr
2024-05-26T11:52:54.768+0000 7f71f3e26700 1 --2- 172.21.15.156:0/187805379 >> [v2:172.21.15.156:3300/0,v1:172.21.15.156:6789/0] conn(0x7f71ec1099a0 0x7f71ec10bd90 unknown :-1 s=CLOSED pgs=47 cs=0 l=1 rev1=1 crypto rx=0 tx=0 comp rx=0 tx=0).stop
2024-05-26T11:52:55.800 INFO:teuthology.orchestra.run.smithi156.stdout:/usr/bin/ceph: stderr
2024-05-26T11:52:54.768+0000 7f71f3e26700 1 -- 172.21.15.156:0/187805379 >> 172.21.15.156:0/187805379 conn(0x7f71ec103470 msgr2=0x7f71ec105890 unknown :-1 s=STATE_NONE l=0).mark_down
2024-05-26T11:52:55.800 INFO:teuthology.orchestra.run.smithi156.stdout:/usr/bin/ceph: stderr
2024-05-26T11:52:54.768+0000 7f71f3e26700 1 -- 172.21.15.156:0/187805379 shutdown_connections
2024-05-26T11:52:55.800 INFO:teuthology.orchestra.run.smithi156.stdout:/usr/bin/ceph: stderr
2024-05-26T11:52:54.768+0000 7f71f3e26700 1 -- 172.21.15.156:0/187805379 wait complete.
2024-05-26T11:52:55.800 INFO:teuthology.orchestra.run.smithi156.stdout:/usr/bin/ceph: stderr
2024-05-26T11:52:54.769+0000 7f71f3e26700 1 Processor -- start
2024-05-26T11:52:55.800 INFO:teuthology.orchestra.run.smithi156.stdout:/usr/bin/ceph: stderr
2024-05-26T11:52:54.769+0000 7f71f3e26700 1 -- start start
2024-05-26T11:52:55.800 INFO:teuthology.orchestra.run.smithi156.stdout:/usr/bin/ceph: stderr
2024-05-26T11:52:54.769+0000 7f71f3e26700 1 --2- >> [v2:172.21.15.156:3300/0,v1:172.21.15.156:6789/0] conn(0x7f71ec1099a0 0x7f71ec109220 unknown :-1 s=NONE pgs=0 cs=0 l=1 rev1=0 crypto rx=0 tx=0 comp rx=0 tx=0).connect
2024-05-26T11:52:55.800 INFO:teuthology.orchestra.run.smithi156.stdout:/usr/bin/ceph: stderr
2024-05-26T11:52:54.769+0000 7f71f3e26700 1 -- --> [v2:172.21.15.156:3300/0,v1:172.21.15.156:6789/0] -- mon_getmap magic: 0 -- 0x7f71ec10d2a0 con 0x7f71ec1099a0
2024-05-26T11:52:55.800 INFO:teuthology.orchestra.run.smithi156.stdout:/usr/bin/ceph: stderr
2024-05-26T11:52:54.769+0000 7f71f1bc2700 1 --2- >> [v2:172.21.15.156:3300/0,v1:172.21.15.156:6789/0] conn(0x7f71ec1099a0 0x7f71ec109220 unknown :-1 s=BANNER_CONNECTING pgs=0 cs=0 l=1 rev1=0 crypto rx=0 tx=0 comp rx=0 tx=0)._handle_peer_banner_payload supported=3 required=0
2024-05-26T11:52:55.801 INFO:teuthology.orchestra.run.smithi156.stdout:/usr/bin/ceph: stderr
2024-05-26T11:52:54.769+0000 7f71f1bc2700 1 --2- >> [v2:172.21.15.156:3300/0,v1:172.21.15.156:6789/0] conn(0x7f71ec1099a0 0x7f71ec109220 unknown :-1 s=HELLO_CONNECTING pgs=0 cs=0 l=1 rev1=1 crypto rx=0 tx=0 comp rx=0 tx=0).handle_hello peer v2:172.21.15.156:3300/0 says I am v2:172.21.15.156:60742/0 (socket says 172.21.15.156:60742)
2024-05-26T11:52:55.801 INFO:teuthology.orchestra.run.smithi156.stdout:/usr/bin/ceph: stderr
2024-05-26T11:52:54.769+0000 7f71f1bc2700 1 -- 172.21.15.156:0/2905979394 learned_addr learned my addr 172.21.15.156:0/2905979394 (peer_addr_for_me v2:172.21.15.156:0/0)
2024-05-26T11:52:55.801 INFO:teuthology.orchestra.run.smithi156.stdout:/usr/bin/ceph: stderr
2024-05-26T11:52:54.769+0000 7f71f1bc2700 1 -- 172.21.15.156:0/2905979394 --> [v2:172.21.15.156:3300/0,v1:172.21.15.156:6789/0] -- mon_subscribe({config=0+,monmap=0+}) -- 0x7f71ec109760 con 0x7f71ec1099a0
2024-05-26T11:52:55.801 INFO:teuthology.orchestra.run.smithi156.stdout:/usr/bin/ceph: stderr
2024-05-26T11:52:54.769+0000 7f71f1bc2700 1 --2- 172.21.15.156:0/2905979394 >> [v2:172.21.15.156:3300/0,v1:172.21.15.156:6789/0] conn(0x7f71ec1099a0 0x7f71ec109220 secure :-1 s=READY pgs=48 cs=0 l=1 rev1=1 crypto rx=0x7f71e8011ac0 tx=0x7f71e8011ba0 comp rx=0 tx=0).ready entity=mon.0 client_cookie=0 server_cookie=0 in_seq=0 out_seq=0
2024-05-26T11:52:55.801 INFO:teuthology.orchestra.run.smithi156.stdout:/usr/bin/ceph: stderr
2024-05-26T11:52:54.770+0000 7f71e2ffd700 1 -- 172.21.15.156:0/2905979394 <== mon.0 v2:172.21.15.156:3300/0 1 ==== mon_map magic: 0 ==== 205+0+0 (secure 0 0 0) 0x7f71e8003970 con 0x7f71ec1099a0
2024-05-26T11:52:55.801 INFO:teuthology.orchestra.run.smithi156.stdout:/usr/bin/ceph: stderr
2024-05-26T11:52:54.770+0000 7f71e2ffd700 1 -- 172.21.15.156:0/2905979394 <== mon.0 v2:172.21.15.156:3300/0 2 ==== config(26 keys) ==== 1070+0+0 (secure 0 0 0) 0x7f71e8003b10 con 0x7f71ec1099a0
2024-05-26T11:52:55.801 INFO:teuthology.orchestra.run.smithi156.stdout:/usr/bin/ceph: stderr
2024-05-26T11:52:54.770+0000 7f71f3e26700 1 -- 172.21.15.156:0/2905979394 --> [v2:172.21.15.156:3300/0,v1:172.21.15.156:6789/0] -- mon_subscribe({mgrmap=0+}) -- 0x7f71ec107950 con 0x7f71ec1099a0
2024-05-26T11:52:55.801 INFO:teuthology.orchestra.run.smithi156.stdout:/usr/bin/ceph: stderr
2024-05-26T11:52:54.770+0000 7f71e2ffd700 1 -- 172.21.15.156:0/2905979394 <== mon.0 v2:172.21.15.156:3300/0 3 ==== mon_map magic: 0 ==== 205+0+0 (secure 0 0 0) 0x7f71e8024610 con 0x7f71ec1099a0
2024-05-26T11:52:55.801 INFO:teuthology.orchestra.run.smithi156.stdout:/usr/bin/ceph: stderr
2024-05-26T11:52:54.770+0000 7f71f3e26700 1 -- 172.21.15.156:0/2905979394 --> [v2:172.21.15.156:3300/0,v1:172.21.15.156:6789/0] -- mon_subscribe({osdmap=0}) -- 0x7f71ec107e90 con 0x7f71ec1099a0
2024-05-26T11:52:55.801 INFO:teuthology.orchestra.run.smithi156.stdout:/usr/bin/ceph: stderr
2024-05-26T11:52:54.771+0000 7f71e2ffd700 1 -- 172.21.15.156:0/2905979394 <== mon.0 v2:172.21.15.156:3300/0 4 ==== mgrmap(e 8) ==== 50222+0+0 (secure 0 0 0) 0x7f71e8024890 con 0x7f71ec1099a0
2024-05-26T11:52:55.801 INFO:teuthology.orchestra.run.smithi156.stdout:/usr/bin/ceph: stderr
2024-05-26T11:52:54.771+0000 7f71f3e26700 1 -- 172.21.15.156:0/2905979394 --> [v2:172.21.15.156:3300/0,v1:172.21.15.156:6789/0] -- mon_command({"prefix": "get_command_descriptions"} v 0) -- 0x7f71ec064ba0 con 0x7f71ec1099a0
2024-05-26T11:52:55.801 INFO:teuthology.orchestra.run.smithi156.stdout:/usr/bin/ceph: stderr
2024-05-26T11:52:54.771+0000 7f71e2ffd700 1 --2- 172.21.15.156:0/2905979394 >> [v2:172.21.15.156:6800/2588638081,v1:172.21.15.156:6801/2588638081] conn(0x7f71d803e470 0x7f71d8040930 unknown :-1 s=NONE pgs=0 cs=0 l=1 rev1=0 crypto rx=0 tx=0 comp rx=0 tx=0).connect
2024-05-26T11:52:55.802 INFO:teuthology.orchestra.run.smithi156.stdout:/usr/bin/ceph: stderr
2024-05-26T11:52:54.771+0000 7f71e2ffd700 1 -- 172.21.15.156:0/2905979394 <== mon.0 v2:172.21.15.156:3300/0 5 ==== osd_map(2..2 src has 1..2) ==== 940+0+0 (secure 0 0 0) 0x7f71e8053ab0 con 0x7f71ec1099a0
2024-05-26T11:52:55.802 INFO:teuthology.orchestra.run.smithi156.stdout:/usr/bin/ceph: stderr
2024-05-26T11:52:54.771+0000 7f71f13c1700 1 --2- 172.21.15.156:0/2905979394 >> [v2:172.21.15.156:6800/2588638081,v1:172.21.15.156:6801/2588638081] conn(0x7f71d803e470 0x7f71d8040930 unknown :-1 s=BANNER_CONNECTING pgs=0 cs=0 l=1 rev1=0 crypto rx=0 tx=0 comp rx=0 tx=0)._handle_peer_banner_payload supported=3 required=0
2024-05-26T11:52:55.802 INFO:teuthology.orchestra.run.smithi156.stdout:/usr/bin/ceph: stderr
2024-05-26T11:52:54.771+0000 7f71f13c1700 1 --2- 172.21.15.156:0/2905979394 >> [v2:172.21.15.156:6800/2588638081,v1:172.21.15.156:6801/2588638081] conn(0x7f71d803e470 0x7f71d8040930 secure :-1 s=READY pgs=13 cs=0 l=1 rev1=1 crypto rx=0x7f71dc006fd0 tx=0x7f71dc006e40 comp rx=0 tx=0).ready entity=mgr.14118 client_cookie=0 server_cookie=0 in_seq=0 out_seq=0
2024-05-26T11:52:55.802 INFO:teuthology.orchestra.run.smithi156.stdout:/usr/bin/ceph: stderr
2024-05-26T11:52:54.776+0000 7f71e2ffd700 1 -- 172.21.15.156:0/2905979394 <== mon.0 v2:172.21.15.156:3300/0 6 ==== mon_command_ack([{"prefix": "get_command_descriptions"}]=0 v0) ==== 72+0+191963 (secure 0 0 0) 0x7f71e802c350 con 0x7f71ec1099a0
2024-05-26T11:52:55.802 INFO:teuthology.orchestra.run.smithi156.stdout:/usr/bin/ceph: stderr
2024-05-26T11:52:54.999+0000 7f71f3e26700 1 -- 172.21.15.156:0/2905979394 --> [v2:172.21.15.156:6800/2588638081,v1:172.21.15.156:6801/2588638081] -- mgr_command(tid 0: {"prefix": "orch apply", "service_type": "mgr", "unmanaged": true, "target": ["mon-mgr", ""]}) -- 0x7f71ec1046e0 con 0x7f71d803e470
2024-05-26T11:52:55.802 INFO:teuthology.orchestra.run.smithi156.stdout:/usr/bin/ceph: stderr
2024-05-26T11:52:55.004+0000 7f71e2ffd700 1 -- 172.21.15.156:0/2905979394 <== mgr.14118 v2:172.21.15.156:6800/2588638081 1 ==== mgr_command_reply(tid 0: 0 ) ==== 8+0+24 (secure 0 0 0) 0x7f71ec1046e0 con 0x7f71d803e470
2024-05-26T11:52:55.802 INFO:teuthology.orchestra.run.smithi156.stdout:/usr/bin/ceph: stderr
2024-05-26T11:52:55.006+0000 7f71f3e26700 1 -- 172.21.15.156:0/2905979394 >> [v2:172.21.15.156:6800/2588638081,v1:172.21.15.156:6801/2588638081] conn(0x7f71d803e470 msgr2=0x7f71d8040930 secure :-1 s=STATE_CONNECTION_ESTABLISHED l=1).mark_down
2024-05-26T11:52:55.802 INFO:teuthology.orchestra.run.smithi156.stdout:/usr/bin/ceph: stderr
2024-05-26T11:52:55.006+0000 7f71f3e26700 1 --2- 172.21.15.156:0/2905979394 >> [v2:172.21.15.156:6800/2588638081,v1:172.21.15.156:6801/2588638081] conn(0x7f71d803e470 0x7f71d8040930 secure :-1 s=READY pgs=13 cs=0 l=1 rev1=1 crypto rx=0x7f71dc006fd0 tx=0x7f71dc006e40 comp rx=0 tx=0).stop
2024-05-26T11:52:55.802 INFO:teuthology.orchestra.run.smithi156.stdout:/usr/bin/ceph: stderr
2024-05-26T11:52:55.006+0000 7f71f3e26700 1 -- 172.21.15.156:0/2905979394 >> [v2:172.21.15.156:3300/0,v1:172.21.15.156:6789/0] conn(0x7f71ec1099a0 msgr2=0x7f71ec109220 secure :-1 s=STATE_CONNECTION_ESTABLISHED l=1).mark_down
2024-05-26T11:52:55.802 INFO:teuthology.orchestra.run.smithi156.stdout:/usr/bin/ceph: stderr
2024-05-26T11:52:55.006+0000 7f71f3e26700 1 --2- 172.21.15.156:0/2905979394 >> [v2:172.21.15.156:3300/0,v1:172.21.15.156:6789/0] conn(0x7f71ec1099a0 0x7f71ec109220 secure :-1 s=READY pgs=48 cs=0 l=1 rev1=1 crypto rx=0x7f71e8011ac0 tx=0x7f71e8011ba0 comp rx=0 tx=0).stop
2024-05-26T11:52:55.802 INFO:teuthology.orchestra.run.smithi156.stdout:/usr/bin/ceph: stderr
2024-05-26T11:52:55.006+0000 7f71f3e26700 1 -- 172.21.15.156:0/2905979394 shutdown_connections
2024-05-26T11:52:55.802 INFO:teuthology.orchestra.run.smithi156.stdout:/usr/bin/ceph: stderr
2024-05-26T11:52:55.006+0000 7f71f3e26700 1 --2- 172.21.15.156:0/2905979394 >> [v2:172.21.15.156:6800/2588638081,v1:172.21.15.156:6801/2588638081] conn(0x7f71d803e470 0x7f71d8040930 unknown :-1 s=CLOSED pgs=13 cs=0 l=1 rev1=1 crypto rx=0 tx=0 comp rx=0 tx=0).stop
2024-05-26T11:52:55.803 INFO:teuthology.orchestra.run.smithi156.stdout:/usr/bin/ceph: stderr
2024-05-26T11:52:55.006+0000 7f71f3e26700 1 --2- 172.21.15.156:0/2905979394 >> [v2:172.21.15.156:3300/0,v1:172.21.15.156:6789/0] conn(0x7f71ec1099a0 0x7f71ec109220 unknown :-1 s=CLOSED pgs=48 cs=0 l=1 rev1=1 crypto rx=0 tx=0 comp rx=0 tx=0).stop
2024-05-26T11:52:55.803 INFO:teuthology.orchestra.run.smithi156.stdout:/usr/bin/ceph: stderr
2024-05-26T11:52:55.006+0000 7f71f3e26700 1 -- 172.21.15.156:0/2905979394 >> 172.21.15.156:0/2905979394 conn(0x7f71ec103470 msgr2=0x7f71ec103fd0 unknown :-1 s=STATE_NONE l=0).mark_down
2024-05-26T11:52:55.803 INFO:teuthology.orchestra.run.smithi156.stdout:/usr/bin/ceph: stderr
2024-05-26T11:52:55.007+0000 7f71f3e26700 1 -- 172.21.15.156:0/2905979394 shutdown_connections
2024-05-26T11:52:55.803 INFO:teuthology.orchestra.run.smithi156.stdout:/usr/bin/ceph: stderr
2024-05-26T11:52:55.007+0000 7f71f3e26700 1 -- 172.21.15.156:0/2905979394 wait complete.
2024-05-26T11:52:56.193 INFO:journalctl@ceph.mon.a.smithi156.stdout:May 26 11:52:56 smithi156 ceph-mon[32025]: from='client.14142 -' entity='client.admin' cmd=[{"prefix": "orch apply", "service_type": "mgr", "unmanaged": true, "target": ["mon-mgr", ""]}]: dispatch
2024-05-26T11:52:56.193 INFO:journalctl@ceph.mon.a.smithi156.stdout:May 26 11:52:56 smithi156 ceph-mon[32025]: Saving service mgr spec with placement count:2
2024-05-26T11:52:56.193 INFO:journalctl@ceph.mon.a.smithi156.stdout:May 26 11:52:56 smithi156 ceph-mon[32025]: from='mgr.14118 172.21.15.156:0/1489268206' entity='mgr.x'
2024-05-26T11:52:56.912 INFO:teuthology.orchestra.run.smithi156.stdout:/usr/bin/ceph: stderr
2024-05-26T11:52:56.211+0000 7f791b2e5700 1 Processor -- start
2024-05-26T11:52:56.913 INFO:teuthology.orchestra.run.smithi156.stdout:/usr/bin/ceph: stderr
2024-05-26T11:52:56.211+0000 7f791b2e5700 1 -- start start
2024-05-26T11:52:56.913 INFO:teuthology.orchestra.run.smithi156.stdout:/usr/bin/ceph: stderr
2024-05-26T11:52:56.211+0000 7f791b2e5700 1 --2- >> [v2:172.21.15.156:3300/0,v1:172.21.15.156:6789/0] conn(0x7f7914108f30 0x7f7914109350 unknown :-1 s=NONE pgs=0 cs=0 l=0 rev1=0 crypto rx=0 tx=0 comp rx=0 tx=0).connect
2024-05-26T11:52:56.913 INFO:teuthology.orchestra.run.smithi156.stdout:/usr/bin/ceph: stderr
2024-05-26T11:52:56.211+0000 7f791b2e5700 1 -- --> [v2:172.21.15.156:3300/0,v1:172.21.15.156:6789/0] -- mon_getmap magic: 0 -- 0x7f7914109890 con 0x7f7914108f30
2024-05-26T11:52:56.913 INFO:teuthology.orchestra.run.smithi156.stdout:/usr/bin/ceph: stderr
2024-05-26T11:52:56.211+0000 7f7919081700 1 --2- >> [v2:172.21.15.156:3300/0,v1:172.21.15.156:6789/0] conn(0x7f7914108f30 0x7f7914109350 unknown :-1 s=BANNER_CONNECTING pgs=0 cs=0 l=0 rev1=0 crypto rx=0 tx=0 comp rx=0 tx=0)._handle_peer_banner_payload supported=3 required=0
2024-05-26T11:52:56.913 INFO:teuthology.orchestra.run.smithi156.stdout:/usr/bin/ceph: stderr
2024-05-26T11:52:56.211+0000 7f7919081700 1 --2- >> [v2:172.21.15.156:3300/0,v1:172.21.15.156:6789/0] conn(0x7f7914108f30 0x7f7914109350 unknown :-1 s=HELLO_CONNECTING pgs=0 cs=0 l=0 rev1=1 crypto rx=0 tx=0 comp rx=0 tx=0).handle_hello peer v2:172.21.15.156:3300/0 says I am v2:172.21.15.156:60750/0 (socket says 172.21.15.156:60750)
2024-05-26T11:52:56.913 INFO:teuthology.orchestra.run.smithi156.stdout:/usr/bin/ceph: stderr
2024-05-26T11:52:56.211+0000 7f7919081700 1 -- 172.21.15.156:0/782459186 learned_addr learned my addr 172.21.15.156:0/782459186 (peer_addr_for_me v2:172.21.15.156:0/0)
2024-05-26T11:52:56.913 INFO:teuthology.orchestra.run.smithi156.stdout:/usr/bin/ceph: stderr
2024-05-26T11:52:56.212+0000 7f7919081700 1 -- 172.21.15.156:0/782459186 --> [v2:172.21.15.156:3300/0,v1:172.21.15.156:6789/0] -- mon_subscribe({config=0+,monmap=0+}) -- 0x7f791410a090 con 0x7f7914108f30
2024-05-26T11:52:56.913 INFO:teuthology.orchestra.run.smithi156.stdout:/usr/bin/ceph: stderr
2024-05-26T11:52:56.212+0000 7f7919081700 1 --2- 172.21.15.156:0/782459186 >> [v2:172.21.15.156:3300/0,v1:172.21.15.156:6789/0] conn(0x7f7914108f30 0x7f7914109350 secure :-1 s=READY pgs=49 cs=0 l=1 rev1=1 crypto rx=0x7f79040098a0 tx=0x7f7904009bb0 comp rx=0 tx=0).ready entity=mon.0 client_cookie=a89be8d005367644 server_cookie=0 in_seq=0 out_seq=0
2024-05-26T11:52:56.913 INFO:teuthology.orchestra.run.smithi156.stdout:/usr/bin/ceph: stderr
2024-05-26T11:52:56.212+0000 7f790bfff700 1 -- 172.21.15.156:0/782459186 <== mon.0 v2:172.21.15.156:3300/0 1 ==== mon_map magic: 0 ==== 205+0+0 (secure 0 0 0) 0x7f7904004160 con 0x7f7914108f30
2024-05-26T11:52:56.913 INFO:teuthology.orchestra.run.smithi156.stdout:/usr/bin/ceph: stderr
2024-05-26T11:52:56.212+0000 7f790bfff700 1 -- 172.21.15.156:0/782459186 <== mon.0 v2:172.21.15.156:3300/0 2 ==== config(26 keys) ==== 1070+0+0 (secure 0 0 0) 0x7f7904004300 con 0x7f7914108f30
2024-05-26T11:52:56.914 INFO:teuthology.orchestra.run.smithi156.stdout:/usr/bin/ceph: stderr
2024-05-26T11:52:56.212+0000 7f790bfff700 1 -- 172.21.15.156:0/782459186 <== mon.0 v2:172.21.15.156:3300/0 3 ==== mon_map magic: 0 ==== 205+0+0 (secure 0 0 0) 0x7f7904011af0 con 0x7f7914108f30
2024-05-26T11:52:56.914 INFO:teuthology.orchestra.run.smithi156.stdout:/usr/bin/ceph: stderr
2024-05-26T11:52:56.213+0000 7f791b2e5700 1 -- 172.21.15.156:0/782459186 >> [v2:172.21.15.156:3300/0,v1:172.21.15.156:6789/0] conn(0x7f7914108f30 msgr2=0x7f7914109350 secure :-1 s=STATE_CONNECTION_ESTABLISHED l=1).mark_down
2024-05-26T11:52:56.914 INFO:teuthology.orchestra.run.smithi156.stdout:/usr/bin/ceph: stderr
2024-05-26T11:52:56.213+0000 7f791b2e5700 1 --2- 172.21.15.156:0/782459186 >> [v2:172.21.15.156:3300/0,v1:172.21.15.156:6789/0] conn(0x7f7914108f30 0x7f7914109350 secure :-1 s=READY pgs=49 cs=0 l=1 rev1=1 crypto rx=0x7f79040098a0 tx=0x7f7904009bb0 comp rx=0 tx=0).stop
2024-05-26T11:52:56.914 INFO:teuthology.orchestra.run.smithi156.stdout:/usr/bin/ceph: stderr
2024-05-26T11:52:56.213+0000 7f791b2e5700 1 -- 172.21.15.156:0/782459186 shutdown_connections
2024-05-26T11:52:56.914 INFO:teuthology.orchestra.run.smithi156.stdout:/usr/bin/ceph: stderr
2024-05-26T11:52:56.213+0000 7f791b2e5700 1 --2- 172.21.15.156:0/782459186 >> [v2:172.21.15.156:3300/0,v1:172.21.15.156:6789/0] conn(0x7f7914108f30 0x7f7914109350 unknown :-1 s=CLOSED pgs=49 cs=0 l=1 rev1=1 crypto rx=0 tx=0 comp rx=0 tx=0).stop
2024-05-26T11:52:56.914 INFO:teuthology.orchestra.run.smithi156.stdout:/usr/bin/ceph: stderr
2024-05-26T11:52:56.213+0000 7f791b2e5700 1 -- 172.21.15.156:0/782459186 >> 172.21.15.156:0/782459186 conn(0x7f7914104550 msgr2=0x7f7914106970 unknown :-1 s=STATE_NONE l=0).mark_down
2024-05-26T11:52:56.914 INFO:teuthology.orchestra.run.smithi156.stdout:/usr/bin/ceph: stderr
2024-05-26T11:52:56.213+0000 7f791b2e5700 1 -- 172.21.15.156:0/782459186 shutdown_connections
2024-05-26T11:52:56.914 INFO:teuthology.orchestra.run.smithi156.stdout:/usr/bin/ceph: stderr
2024-05-26T11:52:56.213+0000 7f791b2e5700 1 -- 172.21.15.156:0/782459186 wait complete.
2024-05-26T11:52:56.914 INFO:teuthology.orchestra.run.smithi156.stdout:/usr/bin/ceph: stderr
2024-05-26T11:52:56.213+0000 7f791b2e5700 1 Processor -- start
2024-05-26T11:52:56.914 INFO:teuthology.orchestra.run.smithi156.stdout:/usr/bin/ceph: stderr
2024-05-26T11:52:56.213+0000 7f791b2e5700 1 -- start start
2024-05-26T11:52:56.914 INFO:teuthology.orchestra.run.smithi156.stdout:/usr/bin/ceph: stderr
2024-05-26T11:52:56.213+0000 7f791b2e5700 1 --2- >> [v2:172.21.15.156:3300/0,v1:172.21.15.156:6789/0] conn(0x7f7914108f30 0x7f791419cec0 unknown :-1 s=NONE pgs=0 cs=0 l=1 rev1=0 crypto rx=0 tx=0 comp rx=0 tx=0).connect
2024-05-26T11:52:56.914 INFO:teuthology.orchestra.run.smithi156.stdout:/usr/bin/ceph: stderr
2024-05-26T11:52:56.213+0000 7f791b2e5700 1 -- --> [v2:172.21.15.156:3300/0,v1:172.21.15.156:6789/0] -- mon_getmap magic: 0 -- 0x7f791410d4d0 con 0x7f7914108f30
2024-05-26T11:52:56.914 INFO:teuthology.orchestra.run.smithi156.stdout:/usr/bin/ceph: stderr
2024-05-26T11:52:56.214+0000 7f7919081700 1 --2- >> [v2:172.21.15.156:3300/0,v1:172.21.15.156:6789/0] conn(0x7f7914108f30 0x7f791419cec0 unknown :-1 s=BANNER_CONNECTING pgs=0 cs=0 l=1 rev1=0 crypto rx=0 tx=0 comp rx=0 tx=0)._handle_peer_banner_payload supported=3 required=0
2024-05-26T11:52:56.915 INFO:teuthology.orchestra.run.smithi156.stdout:/usr/bin/ceph: stderr
2024-05-26T11:52:56.214+0000 7f7919081700 1 --2- >> [v2:172.21.15.156:3300/0,v1:172.21.15.156:6789/0] conn(0x7f7914108f30 0x7f791419cec0 unknown :-1 s=HELLO_CONNECTING pgs=0 cs=0 l=1 rev1=1 crypto rx=0 tx=0 comp rx=0 tx=0).handle_hello peer v2:172.21.15.156:3300/0 says I am v2:172.21.15.156:60758/0 (socket says 172.21.15.156:60758)
2024-05-26T11:52:56.915 INFO:teuthology.orchestra.run.smithi156.stdout:/usr/bin/ceph: stderr
2024-05-26T11:52:56.214+0000 7f7919081700 1 -- 172.21.15.156:0/1876140793 learned_addr learned my addr 172.21.15.156:0/1876140793 (peer_addr_for_me v2:172.21.15.156:0/0)
2024-05-26T11:52:56.915 INFO:teuthology.orchestra.run.smithi156.stdout:/usr/bin/ceph: stderr
2024-05-26T11:52:56.214+0000 7f7919081700 1 -- 172.21.15.156:0/1876140793 --> [v2:172.21.15.156:3300/0,v1:172.21.15.156:6789/0] -- mon_subscribe({config=0+,monmap=0+}) -- 0x7f791419d400 con 0x7f7914108f30
2024-05-26T11:52:56.915 INFO:teuthology.orchestra.run.smithi156.stdout:/usr/bin/ceph: stderr
2024-05-26T11:52:56.214+0000 7f7919081700 1 --2- 172.21.15.156:0/1876140793 >> [v2:172.21.15.156:3300/0,v1:172.21.15.156:6789/0] conn(0x7f7914108f30 0x7f791419cec0 secure :-1 s=READY pgs=50 cs=0 l=1 rev1=1 crypto rx=0x7f7904009fb0 tx=0x7f7904011940 comp rx=0 tx=0).ready entity=mon.0 client_cookie=0 server_cookie=0 in_seq=0 out_seq=0
2024-05-26T11:52:56.915 INFO:teuthology.orchestra.run.smithi156.stdout:/usr/bin/ceph: stderr
2024-05-26T11:52:56.214+0000 7f790a7fc700 1 -- 172.21.15.156:0/1876140793 <== mon.0 v2:172.21.15.156:3300/0 1 ==== mon_map magic: 0 ==== 205+0+0 (secure 0 0 0) 0x7f79040036a0 con 0x7f7914108f30
2024-05-26T11:52:56.915 INFO:teuthology.orchestra.run.smithi156.stdout:/usr/bin/ceph: stderr
2024-05-26T11:52:56.214+0000 7f790a7fc700 1 -- 172.21.15.156:0/1876140793 <== mon.0 v2:172.21.15.156:3300/0 2 ==== config(26 keys) ==== 1070+0+0 (secure 0 0 0) 0x7f790401a430 con 0x7f7914108f30
2024-05-26T11:52:56.915 INFO:teuthology.orchestra.run.smithi156.stdout:/usr/bin/ceph: stderr
2024-05-26T11:52:56.214+0000 7f791b2e5700 1 -- 172.21.15.156:0/1876140793 --> [v2:172.21.15.156:3300/0,v1:172.21.15.156:6789/0] -- mon_subscribe({mgrmap=0+}) -- 0x7f791419d690 con 0x7f7914108f30
2024-05-26T11:52:56.915 INFO:teuthology.orchestra.run.smithi156.stdout:/usr/bin/ceph: stderr
2024-05-26T11:52:56.214+0000 7f790a7fc700 1 -- 172.21.15.156:0/1876140793 <== mon.0 v2:172.21.15.156:3300/0 3 ==== mon_map magic: 0 ==== 205+0+0 (secure 0 0 0) 0x7f7904019550 con 0x7f7914108f30
2024-05-26T11:52:56.915 INFO:teuthology.orchestra.run.smithi156.stdout:/usr/bin/ceph: stderr
2024-05-26T11:52:56.214+0000 7f791b2e5700 1 -- 172.21.15.156:0/1876140793 --> [v2:172.21.15.156:3300/0,v1:172.21.15.156:6789/0] -- mon_subscribe({osdmap=0}) -- 0x7f79141a0380 con 0x7f7914108f30
2024-05-26T11:52:56.915 INFO:teuthology.orchestra.run.smithi156.stdout:/usr/bin/ceph: stderr
2024-05-26T11:52:56.215+0000 7f790a7fc700 1 -- 172.21.15.156:0/1876140793 <== mon.0 v2:172.21.15.156:3300/0 4 ==== mgrmap(e 8) ==== 50222+0+0 (secure 0 0 0) 0x7f7904003840 con 0x7f7914108f30
2024-05-26T11:52:56.915 INFO:teuthology.orchestra.run.smithi156.stdout:/usr/bin/ceph: stderr
2024-05-26T11:52:56.215+0000 7f791b2e5700 1 -- 172.21.15.156:0/1876140793 --> [v2:172.21.15.156:3300/0,v1:172.21.15.156:6789/0] -- mon_command({"prefix": "get_command_descriptions"} v 0) -- 0x7f7914064ba0 con 0x7f7914108f30
2024-05-26T11:52:56.915 INFO:teuthology.orchestra.run.smithi156.stdout:/usr/bin/ceph: stderr
2024-05-26T11:52:56.215+0000 7f790a7fc700 1 --2- 172.21.15.156:0/1876140793 >> [v2:172.21.15.156:6800/2588638081,v1:172.21.15.156:6801/2588638081] conn(0x7f790003e420 0x7f79000408e0 unknown :-1 s=NONE pgs=0 cs=0 l=1 rev1=0 crypto rx=0 tx=0 comp rx=0 tx=0).connect
2024-05-26T11:52:56.915 INFO:teuthology.orchestra.run.smithi156.stdout:/usr/bin/ceph: stderr
2024-05-26T11:52:56.215+0000 7f790a7fc700 1 -- 172.21.15.156:0/1876140793 <== mon.0 v2:172.21.15.156:3300/0 5 ==== osd_map(2..2 src has 1..2) ==== 940+0+0 (secure 0 0 0) 0x7f79040538b0 con 0x7f7914108f30
2024-05-26T11:52:56.915 INFO:teuthology.orchestra.run.smithi156.stdout:/usr/bin/ceph: stderr
2024-05-26T11:52:56.215+0000 7f7918880700 1 --2- 172.21.15.156:0/1876140793 >> [v2:172.21.15.156:6800/2588638081,v1:172.21.15.156:6801/2588638081] conn(0x7f790003e420 0x7f79000408e0 unknown :-1 s=BANNER_CONNECTING pgs=0 cs=0 l=1 rev1=0 crypto rx=0 tx=0 comp rx=0 tx=0)._handle_peer_banner_payload supported=3 required=0
2024-05-26T11:52:56.916 INFO:teuthology.orchestra.run.smithi156.stdout:/usr/bin/ceph: stderr
2024-05-26T11:52:56.216+0000 7f7918880700 1 --2- 172.21.15.156:0/1876140793 >> [v2:172.21.15.156:6800/2588638081,v1:172.21.15.156:6801/2588638081] conn(0x7f790003e420 0x7f79000408e0 secure :-1 s=READY pgs=14 cs=0 l=1 rev1=1 crypto rx=0x7f7910006fd0 tx=0x7f7910006e40 comp rx=0 tx=0).ready entity=mgr.14118 client_cookie=0 server_cookie=0 in_seq=0 out_seq=0
2024-05-26T11:52:56.916 INFO:teuthology.orchestra.run.smithi156.stdout:/usr/bin/ceph: stderr
2024-05-26T11:52:56.220+0000 7f790a7fc700 1 -- 172.21.15.156:0/1876140793 <== mon.0 v2:172.21.15.156:3300/0 6 ==== mon_command_ack([{"prefix": "get_command_descriptions"}]=0 v0) ==== 72+0+191963 (secure 0 0 0) 0x7f7904021e80 con 0x7f7914108f30
2024-05-26T11:52:56.916 INFO:teuthology.orchestra.run.smithi156.stdout:/usr/bin/ceph: stderr
2024-05-26T11:52:56.423+0000 7f791b2e5700 1 -- 172.21.15.156:0/1876140793 --> [v2:172.21.15.156:3300/0,v1:172.21.15.156:6789/0] -- mon_command([{prefix=config set, name=mgr/cephadm/container_init}] v 0) -- 0x7f79141a09d0 con 0x7f7914108f30
2024-05-26T11:52:56.916 INFO:teuthology.orchestra.run.smithi156.stdout:/usr/bin/ceph: stderr
2024-05-26T11:52:56.425+0000 7f790a7fc700 1 -- 172.21.15.156:0/1876140793 <== mon.0 v2:172.21.15.156:3300/0 7 ==== mon_command_ack([{prefix=config set, name=mgr/cephadm/container_init}]=0 v6)=0 v6) ==== 142+0+0 (secure 0 0 0) 0x7f7904003b30 con 0x7f7914108f30
2024-05-26T11:52:56.916 INFO:teuthology.orchestra.run.smithi156.stdout:/usr/bin/ceph: stderr
2024-05-26T11:52:56.428+0000 7f791b2e5700 1 -- 172.21.15.156:0/1876140793 >> [v2:172.21.15.156:6800/2588638081,v1:172.21.15.156:6801/2588638081] conn(0x7f790003e420 msgr2=0x7f79000408e0 secure :-1 s=STATE_CONNECTION_ESTABLISHED l=1).mark_down
2024-05-26T11:52:56.916 INFO:teuthology.orchestra.run.smithi156.stdout:/usr/bin/ceph: stderr
2024-05-26T11:52:56.428+0000 7f791b2e5700 1 --2- 172.21.15.156:0/1876140793 >> [v2:172.21.15.156:6800/2588638081,v1:172.21.15.156:6801/2588638081] conn(0x7f790003e420 0x7f79000408e0 secure :-1 s=READY pgs=14 cs=0 l=1 rev1=1 crypto rx=0x7f7910006fd0 tx=0x7f7910006e40 comp rx=0 tx=0).stop
2024-05-26T11:52:56.916 INFO:teuthology.orchestra.run.smithi156.stdout:/usr/bin/ceph: stderr
2024-05-26T11:52:56.428+0000 7f791b2e5700 1 -- 172.21.15.156:0/1876140793 >> [v2:172.21.15.156:3300/0,v1:172.21.15.156:6789/0] conn(0x7f7914108f30 msgr2=0x7f791419cec0 secure :-1 s=STATE_CONNECTION_ESTABLISHED l=1).mark_down
2024-05-26T11:52:56.916 INFO:teuthology.orchestra.run.smithi156.stdout:/usr/bin/ceph: stderr
2024-05-26T11:52:56.428+0000 7f791b2e5700 1 --2- 172.21.15.156:0/1876140793 >> [v2:172.21.15.156:3300/0,v1:172.21.15.156:6789/0] conn(0x7f7914108f30 0x7f791419cec0 secure :-1 s=READY pgs=50 cs=0 l=1 rev1=1 crypto rx=0x7f7904009fb0 tx=0x7f7904011940 comp rx=0 tx=0).stop
2024-05-26T11:52:56.916 INFO:teuthology.orchestra.run.smithi156.stdout:/usr/bin/ceph: stderr
2024-05-26T11:52:56.428+0000 7f791b2e5700 1 -- 172.21.15.156:0/1876140793 shutdown_connections
2024-05-26T11:52:56.916 INFO:teuthology.orchestra.run.smithi156.stdout:/usr/bin/ceph: stderr
2024-05-26T11:52:56.428+0000 7f791b2e5700 1 --2- 172.21.15.156:0/1876140793 >> [v2:172.21.15.156:6800/2588638081,v1:172.21.15.156:6801/2588638081] conn(0x7f790003e420 0x7f79000408e0 unknown :-1 s=CLOSED pgs=14 cs=0 l=1 rev1=1 crypto rx=0 tx=0 comp rx=0 tx=0).stop
