2024-02-13T00:14:45.175+0000 7f1b41ee5700 1 --2- >> [v2:172.21.15.26:3300/0,v1:172.21.15.26:6789/0] conn(0x7f1b3c0703f0 0x7f1b3c10ce00 unknown :-1 s=BANNER_CONNECTING pgs=0 cs=0 l=1 rev1=0 rx=0 tx=0)._handle_peer_banner_payload supported=1 required=0
2024-02-13T00:14:45.183 INFO:teuthology.orchestra.run.smithi026.stderr:/usr/bin/ceph:
2024-02-13T00:14:45.175+0000 7f1b41ee5700 1 --2- >> [v2:172.21.15.26:3300/0,v1:172.21.15.26:6789/0] conn(0x7f1b3c0703f0 0x7f1b3c10ce00 unknown :-1 s=HELLO_CONNECTING pgs=0 cs=0 l=1 rev1=1 rx=0 tx=0).handle_hello peer v2:172.21.15.26:3300/0 says I am v2:172.21.15.26:40254/0 (socket says 172.21.15.26:40254)
2024-02-13T00:14:45.183 INFO:teuthology.orchestra.run.smithi026.stderr:/usr/bin/ceph:
2024-02-13T00:14:45.175+0000 7f1b41ee5700 1 -- 172.21.15.26:0/3262552041 learned_addr learned my addr 172.21.15.26:0/3262552041 (peer_addr_for_me v2:172.21.15.26:0/0)
2024-02-13T00:14:45.183 INFO:teuthology.orchestra.run.smithi026.stderr:/usr/bin/ceph:
2024-02-13T00:14:45.176+0000 7f1b41ee5700 1 -- 172.21.15.26:0/3262552041 --> [v2:172.21.15.26:3300/0,v1:172.21.15.26:6789/0] -- mon_subscribe({config=0+,monmap=0+}) v3 -- 0x7f1b2c00b200 con 0x7f1b3c0703f0
2024-02-13T00:14:45.183 INFO:teuthology.orchestra.run.smithi026.stderr:/usr/bin/ceph:
2024-02-13T00:14:45.176+0000 7f1b41ee5700 1 --2- 172.21.15.26:0/3262552041 >> [v2:172.21.15.26:3300/0,v1:172.21.15.26:6789/0] conn(0x7f1b3c0703f0 0x7f1b3c10ce00 secure :-1 s=READY pgs=36 cs=0 l=1 rev1=1 rx=0x7f1b2c0115c0 tx=0x7f1b2c006ee0).ready entity=mon.0 client_cookie=0 server_cookie=0 in_seq=0 out_seq=0
2024-02-13T00:14:45.183 INFO:teuthology.orchestra.run.smithi026.stderr:/usr/bin/ceph:
2024-02-13T00:14:45.176+0000 7f1b2a7fc700 1 -- 172.21.15.26:0/3262552041 <== mon.0 v2:172.21.15.26:3300/0 1 ==== mon_map magic: 0 v1 ==== 229+0+0 (secure 0 0 0) 0x7f1b2c01b410 con 0x7f1b3c0703f0
2024-02-13T00:14:45.183 INFO:teuthology.orchestra.run.smithi026.stderr:/usr/bin/ceph:
2024-02-13T00:14:45.176+0000 7f1b2a7fc700 1 -- 172.21.15.26:0/3262552041 <== mon.0 v2:172.21.15.26:3300/0 2 ==== config(26 keys) v1 ==== 1045+0+0 (secure 0 0 0) 0x7f1b2c01ba00 con 0x7f1b3c0703f0
2024-02-13T00:14:45.183 INFO:teuthology.orchestra.run.smithi026.stderr:/usr/bin/ceph:
2024-02-13T00:14:45.176+0000 7f1b44149700 1 -- 172.21.15.26:0/3262552041 --> [v2:172.21.15.26:3300/0,v1:172.21.15.26:6789/0] -- mon_subscribe({mgrmap=0+}) v3 -- 0x7f1b3c10d4f0 con 0x7f1b3c0703f0
2024-02-13T00:14:45.183 INFO:teuthology.orchestra.run.smithi026.stderr:/usr/bin/ceph:
2024-02-13T00:14:45.176+0000 7f1b2a7fc700 1 -- 172.21.15.26:0/3262552041 <== mon.0 v2:172.21.15.26:3300/0 3 ==== mon_map magic: 0 v1 ==== 229+0+0 (secure 0 0 0) 0x7f1b2c01aaa0 con 0x7f1b3c0703f0
2024-02-13T00:14:45.183 INFO:teuthology.orchestra.run.smithi026.stderr:/usr/bin/ceph:
2024-02-13T00:14:45.176+0000 7f1b44149700 1 -- 172.21.15.26:0/3262552041 --> [v2:172.21.15.26:3300/0,v1:172.21.15.26:6789/0] -- mon_subscribe({osdmap=0}) v3 -- 0x7f1b3c10e100 con 0x7f1b3c0703f0
2024-02-13T00:14:45.183 INFO:teuthology.orchestra.run.smithi026.stderr:/usr/bin/ceph:
2024-02-13T00:14:45.177+0000 7f1b2a7fc700 1 -- 172.21.15.26:0/3262552041 <== mon.0 v2:172.21.15.26:3300/0 4 ==== mgrmap(e 8) v1 ==== 36120+0+0 (secure 0 0 0) 0x7f1b2c00f070 con 0x7f1b3c0703f0
2024-02-13T00:14:45.184 INFO:teuthology.orchestra.run.smithi026.stderr:/usr/bin/ceph:
2024-02-13T00:14:45.177+0000 7f1b44149700 1 -- 172.21.15.26:0/3262552041 --> [v2:172.21.15.26:3300/0,v1:172.21.15.26:6789/0] -- mon_command({"prefix": "get_command_descriptions"} v 0) v1 -- 0x7f1b3c059100 con 0x7f1b3c0703f0
2024-02-13T00:14:45.184 INFO:teuthology.orchestra.run.smithi026.stderr:/usr/bin/ceph:
2024-02-13T00:14:45.177+0000 7f1b2a7fc700 1 --2- 172.21.15.26:0/3262552041 >> [v2:172.21.15.26:6800/1756897879,v1:172.21.15.26:6801/1756897879] conn(0x7f1b2402fe70 0x7f1b24032330 unknown :-1 s=NONE pgs=0 cs=0 l=1 rev1=0 rx=0 tx=0).connect
2024-02-13T00:14:45.184 INFO:teuthology.orchestra.run.smithi026.stderr:/usr/bin/ceph:
2024-02-13T00:14:45.177+0000 7f1b2a7fc700 1 -- 172.21.15.26:0/3262552041 <== mon.0 v2:172.21.15.26:3300/0 5 ==== osd_map(2..2 src has 1..2) v4 ==== 926+0+0 (secure 0 0 0) 0x7f1b2c040fe0 con 0x7f1b3c0703f0
2024-02-13T00:14:45.184 INFO:teuthology.orchestra.run.smithi026.stderr:/usr/bin/ceph:
2024-02-13T00:14:45.177+0000 7f1b416e4700 1 --2- 172.21.15.26:0/3262552041 >> [v2:172.21.15.26:6800/1756897879,v1:172.21.15.26:6801/1756897879] conn(0x7f1b2402fe70 0x7f1b24032330 unknown :-1 s=BANNER_CONNECTING pgs=0 cs=0 l=1 rev1=0 rx=0 tx=0)._handle_peer_banner_payload supported=1 required=0
2024-02-13T00:14:45.184 INFO:teuthology.orchestra.run.smithi026.stderr:/usr/bin/ceph:
2024-02-13T00:14:45.178+0000 7f1b416e4700 1 --2- 172.21.15.26:0/3262552041 >> [v2:172.21.15.26:6800/1756897879,v1:172.21.15.26:6801/1756897879] conn(0x7f1b2402fe70 0x7f1b24032330 secure :-1 s=READY pgs=9 cs=0 l=1 rev1=1 rx=0x7f1b380096a0 tx=0x7f1b38006b40).ready entity=mgr.14114 client_cookie=0 server_cookie=0 in_seq=0 out_seq=0
2024-02-13T00:14:45.185 INFO:teuthology.orchestra.run.smithi026.stderr:/usr/bin/ceph:
2024-02-13T00:14:45.181+0000 7f1b2a7fc700 1 -- 172.21.15.26:0/3262552041 <== mon.0 v2:172.21.15.26:3300/0 6 ==== mon_command_ack([{"prefix": "get_command_descriptions"}]=0 v0) v1 ==== 72+0+152212 (secure 0 0 0) 0x7f1b2c010360 con 0x7f1b3c0703f0
2024-02-13T00:14:45.203 INFO:journalctl@ceph.mon.smithi026.smithi026.stdout:Feb 13 00:14:44 smithi026 ceph-bc9fba7a-ca04-11ee-95b9-87774f69a715-mon.smithi026[39468]: cephadm
2024-02-13T00:14:43.308196+0000 mgr.smithi026.pkzddy (mgr.14114) 6 : cephadm [INF] Generating ssh key...
2024-02-13T00:14:45.203 INFO:journalctl@ceph.mon.smithi026.smithi026.stdout:Feb 13 00:14:44 smithi026 ceph-bc9fba7a-ca04-11ee-95b9-87774f69a715-mon.smithi026[39468]: audit
2024-02-13T00:14:43.881731+0000 mon.smithi026 (mon.0) 52 : audit [INF] from='mgr.14114 172.21.15.26:0/3181779528' entity='mgr.smithi026.pkzddy'
2024-02-13T00:14:45.203 INFO:journalctl@ceph.mon.smithi026.smithi026.stdout:Feb 13 00:14:44 smithi026 ceph-bc9fba7a-ca04-11ee-95b9-87774f69a715-mon.smithi026[39468]: audit
2024-02-13T00:14:43.883450+0000 mon.smithi026 (mon.0) 53 : audit [INF] from='mgr.14114 172.21.15.26:0/3181779528' entity='mgr.smithi026.pkzddy'
2024-02-13T00:14:45.344 INFO:teuthology.orchestra.run.smithi026.stderr:/usr/bin/ceph:
2024-02-13T00:14:45.340+0000 7f1b44149700 1 -- 172.21.15.26:0/3262552041 --> [v2:172.21.15.26:6800/1756897879,v1:172.21.15.26:6801/1756897879] -- mgr_command(tid 0: {"prefix": "cephadm get-pub-key", "target": ["mon-mgr", ""]}) v1 -- 0x7f1b3c10e340 con 0x7f1b2402fe70
2024-02-13T00:14:45.344 INFO:teuthology.orchestra.run.smithi026.stderr:/usr/bin/ceph:
2024-02-13T00:14:45.340+0000 7f1b2a7fc700 1 -- 172.21.15.26:0/3262552041 <== mgr.14114 v2:172.21.15.26:6800/1756897879 1 ==== mgr_command_reply(tid 0: 0 ) v1 ==== 8+0+595 (secure 0 0 0) 0x7f1b3c10e340 con 0x7f1b2402fe70
2024-02-13T00:14:45.344 INFO:teuthology.orchestra.run.smithi026.stderr:/usr/bin/ceph: ssh-rsa AAAAB3NzaC1yc2EAAAADAQABAAABgQCT/BGu22xbqXouoQJIBTTKI5fiF8ykhrR3+ppLhWQnFT8RS4F7KVFU+N0zqpT1sooIOax55koZG6Fi8GsMvbZIhrl+v7AqA/nalHPAMX71J96Dl7KyVSazOcPwShE8AJqCBz5H8qhgMkO6mFgAyO5rxcu8MTIkJ2swJ0jJ+huL0NeTtXgposs333Z3ZZQ4sXuesBAjUUDK0Ux5uASSDxatd/aiPR5O0h1h+NmxcJ1LpwPr8p88v1Q83VEzVyJsXBVcyOm3MMtGBEh4W4SwA3A4c9rNNmWvvww1NrgnWvuKnTGVS+BXdZXfyA2YUIWCYCVfY09MMsAEPSkK4UmzyetspyKujEZTGyGx34ZSYbK7mXCb9W1XDqBXARI/kIG+TwbaQW8VNB4WPSnJBIknm5/Dl+RgYa15Ud6pFK4TZhNTxQg9GiZVhRcbqqE2zZoYRIjWVbI5JOPoy4GLExLDbICRTrkfpyuEW3/KzzpPZbIoBrEI+Hu6lkBAF2/7Pexca00= ceph-bc9fba7a-ca04-11ee-95b9-87774f69a715
2024-02-13T00:14:45.347 INFO:teuthology.orchestra.run.smithi026.stderr:/usr/bin/ceph:
2024-02-13T00:14:45.342+0000 7f1b44149700 1 -- 172.21.15.26:0/3262552041 >> [v2:172.21.15.26:6800/1756897879,v1:172.21.15.26:6801/1756897879] conn(0x7f1b2402fe70 msgr2=0x7f1b24032330 secure :-1 s=STATE_CONNECTION_ESTABLISHED l=1).mark_down
2024-02-13T00:14:45.347 INFO:teuthology.orchestra.run.smithi026.stderr:/usr/bin/ceph:
2024-02-13T00:14:45.342+0000 7f1b44149700 1 --2- 172.21.15.26:0/3262552041 >> [v2:172.21.15.26:6800/1756897879,v1:172.21.15.26:6801/1756897879] conn(0x7f1b2402fe70 0x7f1b24032330 secure :-1 s=READY pgs=9 cs=0 l=1 rev1=1 rx=0x7f1b380096a0 tx=0x7f1b38006b40).stop
2024-02-13T00:14:45.347 INFO:teuthology.orchestra.run.smithi026.stderr:/usr/bin/ceph:
2024-02-13T00:14:45.342+0000 7f1b44149700 1 -- 172.21.15.26:0/3262552041 >> [v2:172.21.15.26:3300/0,v1:172.21.15.26:6789/0] conn(0x7f1b3c0703f0 msgr2=0x7f1b3c10ce00 secure :-1 s=STATE_CONNECTION_ESTABLISHED l=1).mark_down
2024-02-13T00:14:45.347 INFO:teuthology.orchestra.run.smithi026.stderr:/usr/bin/ceph:
2024-02-13T00:14:45.342+0000 7f1b44149700 1 --2- 172.21.15.26:0/3262552041 >> [v2:172.21.15.26:3300/0,v1:172.21.15.26:6789/0] conn(0x7f1b3c0703f0 0x7f1b3c10ce00 secure :-1 s=READY pgs=36 cs=0 l=1 rev1=1 rx=0x7f1b2c0115c0 tx=0x7f1b2c006ee0).stop
2024-02-13T00:14:45.347 INFO:teuthology.orchestra.run.smithi026.stderr:/usr/bin/ceph:
2024-02-13T00:14:45.342+0000 7f1b44149700 1 -- 172.21.15.26:0/3262552041 shutdown_connections
2024-02-13T00:14:45.347 INFO:teuthology.orchestra.run.smithi026.stderr:/usr/bin/ceph:
2024-02-13T00:14:45.342+0000 7f1b44149700 1 --2- 172.21.15.26:0/3262552041 >> [v2:172.21.15.26:6800/1756897879,v1:172.21.15.26:6801/1756897879] conn(0x7f1b2402fe70 0x7f1b24032330 unknown :-1 s=CLOSED pgs=9 cs=0 l=1 rev1=1 rx=0 tx=0).stop
2024-02-13T00:14:45.347 INFO:teuthology.orchestra.run.smithi026.stderr:/usr/bin/ceph:
2024-02-13T00:14:45.342+0000 7f1b44149700 1 --2- 172.21.15.26:0/3262552041 >> [v2:172.21.15.26:3300/0,v1:172.21.15.26:6789/0] conn(0x7f1b3c0703f0 0x7f1b3c10ce00 unknown :-1 s=CLOSED pgs=36 cs=0 l=1 rev1=1 rx=0 tx=0).stop
2024-02-13T00:14:45.347 INFO:teuthology.orchestra.run.smithi026.stderr:/usr/bin/ceph:
2024-02-13T00:14:45.342+0000 7f1b44149700 1 -- 172.21.15.26:0/3262552041 >> 172.21.15.26:0/3262552041 conn(0x7f1b3c0f6530 msgr2=0x7f1b3c0f7f40 unknown :-1 s=STATE_NONE l=0).mark_down
2024-02-13T00:14:45.347 INFO:teuthology.orchestra.run.smithi026.stderr:/usr/bin/ceph:
2024-02-13T00:14:45.342+0000 7f1b44149700 1 -- 172.21.15.26:0/3262552041 shutdown_connections
2024-02-13T00:14:45.347 INFO:teuthology.orchestra.run.smithi026.stderr:/usr/bin/ceph:
2024-02-13T00:14:45.342+0000 7f1b44149700 1 -- 172.21.15.26:0/3262552041 wait complete.
2024-02-13T00:14:46.019 INFO:teuthology.orchestra.run.smithi026.stderr:Wrote public SSH key to /home/ubuntu/cephtest/ceph.pub
2024-02-13T00:14:46.019 INFO:teuthology.orchestra.run.smithi026.stderr:Adding key to root@localhost authorized_keys...
2024-02-13T00:14:46.020 INFO:teuthology.orchestra.run.smithi026.stderr:Adding host smithi026...
2024-02-13T00:14:46.020 INFO:teuthology.orchestra.run.smithi026.stderr:Running command: /bin/podman run --rm --ipc=host --no-hosts --net=host --entrypoint /usr/bin/ceph --init -e CONTAINER_IMAGE=docker.io/ceph/ceph:v16.2.4 -e NODE_NAME=smithi026 -e CEPH_USE_RANDOM_NONCE=1 -v /var/log/ceph/bc9fba7a-ca04-11ee-95b9-87774f69a715:/var/log/ceph:z -v /tmp/ceph-tmpmzo85zta:/etc/ceph/ceph.client.admin.keyring:z -v /tmp/ceph-tmpzeqnyo1b:/etc/ceph/ceph.conf:z docker.io/ceph/ceph:v16.2.4 orch host add smithi026 172.21.15.26
2024-02-13T00:14:46.584 INFO:teuthology.orchestra.run.smithi026.stderr:/usr/bin/ceph:
2024-02-13T00:14:46.568+0000 7fc9a7e89700 1 Processor -- start
2024-02-13T00:14:46.585 INFO:teuthology.orchestra.run.smithi026.stderr:/usr/bin/ceph:
2024-02-13T00:14:46.569+0000 7fc9a7e89700 1 -- start start
2024-02-13T00:14:46.585 INFO:teuthology.orchestra.run.smithi026.stderr:/usr/bin/ceph:
2024-02-13T00:14:46.569+0000 7fc9a7e89700 1 --2- >> [v2:172.21.15.26:3300/0,v1:172.21.15.26:6789/0] conn(0x7fc9a00703b0 0x7fc9a0100ed0 unknown :-1 s=NONE pgs=0 cs=0 l=0 rev1=0 rx=0 tx=0).connect
2024-02-13T00:14:46.585 INFO:teuthology.orchestra.run.smithi026.stderr:/usr/bin/ceph:
2024-02-13T00:14:46.569+0000 7fc9a7e89700 1 -- --> [v2:172.21.15.26:3300/0,v1:172.21.15.26:6789/0] -- mon_getmap magic: 0 v1 -- 0x7fc9a00fc8c0 con 0x7fc9a00703b0
2024-02-13T00:14:46.585 INFO:teuthology.orchestra.run.smithi026.stderr:/usr/bin/ceph:
2024-02-13T00:14:46.569+0000 7fc9a5c25700 1 --2- >> [v2:172.21.15.26:3300/0,v1:172.21.15.26:6789/0] conn(0x7fc9a00703b0 0x7fc9a0100ed0 unknown :-1 s=BANNER_CONNECTING pgs=0 cs=0 l=0 rev1=0 rx=0 tx=0)._handle_peer_banner_payload supported=1 required=0
2024-02-13T00:14:46.585 INFO:teuthology.orchestra.run.smithi026.stderr:/usr/bin/ceph:
2024-02-13T00:14:46.569+0000 7fc9a5c25700 1 --2- >> [v2:172.21.15.26:3300/0,v1:172.21.15.26:6789/0] conn(0x7fc9a00703b0 0x7fc9a0100ed0 unknown :-1 s=HELLO_CONNECTING pgs=0 cs=0 l=0 rev1=1 rx=0 tx=0).handle_hello peer v2:172.21.15.26:3300/0 says I am v2:172.21.15.26:40270/0 (socket says 172.21.15.26:40270)
2024-02-13T00:14:46.585 INFO:teuthology.orchestra.run.smithi026.stderr:/usr/bin/ceph:
2024-02-13T00:14:46.569+0000 7fc9a5c25700 1 -- 172.21.15.26:0/51166083 learned_addr learned my addr 172.21.15.26:0/51166083 (peer_addr_for_me v2:172.21.15.26:0/0)
2024-02-13T00:14:46.585 INFO:teuthology.orchestra.run.smithi026.stderr:/usr/bin/ceph:
2024-02-13T00:14:46.569+0000 7fc9a5c25700 1 -- 172.21.15.26:0/51166083 --> [v2:172.21.15.26:3300/0,v1:172.21.15.26:6789/0] -- mon_subscribe({config=0+,monmap=0+}) v3 -- 0x7fc9a01013c0 con 0x7fc9a00703b0
2024-02-13T00:14:46.585 INFO:teuthology.orchestra.run.smithi026.stderr:/usr/bin/ceph:
2024-02-13T00:14:46.569+0000 7fc9a5c25700 1 --2- 172.21.15.26:0/51166083 >> [v2:172.21.15.26:3300/0,v1:172.21.15.26:6789/0] conn(0x7fc9a00703b0 0x7fc9a0100ed0 secure :-1 s=READY pgs=37 cs=0 l=1 rev1=1 rx=0x7fc99c00b5f0 tx=0x7fc99c006ee0).ready entity=mon.0 client_cookie=f097911a1b140870 server_cookie=0 in_seq=0 out_seq=0
2024-02-13T00:14:46.586 INFO:teuthology.orchestra.run.smithi026.stderr:/usr/bin/ceph:
2024-02-13T00:14:46.569+0000 7fc9a4c23700 1 -- 172.21.15.26:0/51166083 <== mon.0 v2:172.21.15.26:3300/0 1 ==== mon_map magic: 0 v1 ==== 229+0+0 (secure 0 0 0) 0x7fc99c00d600 con 0x7fc9a00703b0
2024-02-13T00:14:46.586 INFO:teuthology.orchestra.run.smithi026.stderr:/usr/bin/ceph:
2024-02-13T00:14:46.569+0000 7fc9a4c23700 1 -- 172.21.15.26:0/51166083 <== mon.0 v2:172.21.15.26:3300/0 2 ==== config(26 keys) v1 ==== 1045+0+0 (secure 0 0 0) 0x7fc99c00dbf0 con 0x7fc9a00703b0
2024-02-13T00:14:46.586 INFO:teuthology.orchestra.run.smithi026.stderr:/usr/bin/ceph:
2024-02-13T00:14:46.569+0000 7fc9a4c23700 1 -- 172.21.15.26:0/51166083 <== mon.0 v2:172.21.15.26:3300/0 3 ==== mon_map magic: 0 v1 ==== 229+0+0 (secure 0 0 0) 0x7fc99c011cb0 con 0x7fc9a00703b0
2024-02-13T00:14:46.586 INFO:teuthology.orchestra.run.smithi026.stderr:/usr/bin/ceph:
2024-02-13T00:14:46.570+0000 7fc9a7e89700 1 -- 172.21.15.26:0/51166083 >> [v2:172.21.15.26:3300/0,v1:172.21.15.26:6789/0] conn(0x7fc9a00703b0 msgr2=0x7fc9a0100ed0 secure :-1 s=STATE_CONNECTION_ESTABLISHED l=1).mark_down
2024-02-13T00:14:46.586 INFO:teuthology.orchestra.run.smithi026.stderr:/usr/bin/ceph:
2024-02-13T00:14:46.570+0000 7fc9a7e89700 1 --2- 172.21.15.26:0/51166083 >> [v2:172.21.15.26:3300/0,v1:172.21.15.26:6789/0] conn(0x7fc9a00703b0 0x7fc9a0100ed0 secure :-1 s=READY pgs=37 cs=0 l=1 rev1=1 rx=0x7fc99c00b5f0 tx=0x7fc99c006ee0).stop
2024-02-13T00:14:46.586 INFO:teuthology.orchestra.run.smithi026.stderr:/usr/bin/ceph:
2024-02-13T00:14:46.570+0000 7fc9a7e89700 1 -- 172.21.15.26:0/51166083 shutdown_connections
2024-02-13T00:14:46.586 INFO:teuthology.orchestra.run.smithi026.stderr:/usr/bin/ceph:
2024-02-13T00:14:46.570+0000 7fc9a7e89700 1 --2- 172.21.15.26:0/51166083 >> [v2:172.21.15.26:3300/0,v1:172.21.15.26:6789/0] conn(0x7fc9a00703b0 0x7fc9a0100ed0 unknown :-1 s=CLOSED pgs=37 cs=0 l=1 rev1=1 rx=0 tx=0).stop
2024-02-13T00:14:46.586 INFO:teuthology.orchestra.run.smithi026.stderr:/usr/bin/ceph:
2024-02-13T00:14:46.570+0000 7fc9a7e89700 1 -- 172.21.15.26:0/51166083 >> 172.21.15.26:0/51166083 conn(0x7fc9a00f6530 msgr2=0x7fc9a00f8950 unknown :-1 s=STATE_NONE l=0).mark_down
2024-02-13T00:14:46.587 INFO:teuthology.orchestra.run.smithi026.stderr:/usr/bin/ceph:
2024-02-13T00:14:46.570+0000 7fc9a7e89700 1 -- 172.21.15.26:0/51166083 shutdown_connections
2024-02-13T00:14:46.587 INFO:teuthology.orchestra.run.smithi026.stderr:/usr/bin/ceph:
2024-02-13T00:14:46.570+0000 7fc9a7e89700 1 -- 172.21.15.26:0/51166083 wait complete.
2024-02-13T00:14:46.587 INFO:teuthology.orchestra.run.smithi026.stderr:/usr/bin/ceph:
2024-02-13T00:14:46.571+0000 7fc9a7e89700 1 Processor -- start
2024-02-13T00:14:46.587 INFO:teuthology.orchestra.run.smithi026.stderr:/usr/bin/ceph:
2024-02-13T00:14:46.571+0000 7fc9a7e89700 1 -- start start
2024-02-13T00:14:46.587 INFO:teuthology.orchestra.run.smithi026.stderr:/usr/bin/ceph:
2024-02-13T00:14:46.571+0000 7fc9a7e89700 1 --2- >> [v2:172.21.15.26:3300/0,v1:172.21.15.26:6789/0] conn(0x7fc9a00703b0 0x7fc9a010cd80 unknown :-1 s=NONE pgs=0 cs=0 l=1 rev1=0 rx=0 tx=0).connect
2024-02-13T00:14:46.587 INFO:teuthology.orchestra.run.smithi026.stderr:/usr/bin/ceph:
2024-02-13T00:14:46.571+0000 7fc9a7e89700 1 -- --> [v2:172.21.15.26:3300/0,v1:172.21.15.26:6789/0] -- mon_getmap magic: 0 v1 -- 0x7fc9a010d270 con 0x7fc9a00703b0
2024-02-13T00:14:46.587 INFO:teuthology.orchestra.run.smithi026.stderr:/usr/bin/ceph:
2024-02-13T00:14:46.571+0000 7fc9a5c25700 1 --2- >> [v2:172.21.15.26:3300/0,v1:172.21.15.26:6789/0] conn(0x7fc9a00703b0 0x7fc9a010cd80 unknown :-1 s=BANNER_CONNECTING pgs=0 cs=0 l=1 rev1=0 rx=0 tx=0)._handle_peer_banner_payload supported=1 required=0
2024-02-13T00:14:46.588 INFO:teuthology.orchestra.run.smithi026.stderr:/usr/bin/ceph:
2024-02-13T00:14:46.571+0000 7fc9a5c25700 1 --2- >> [v2:172.21.15.26:3300/0,v1:172.21.15.26:6789/0] conn(0x7fc9a00703b0 0x7fc9a010cd80 unknown :-1 s=HELLO_CONNECTING pgs=0 cs=0 l=1 rev1=1 rx=0 tx=0).handle_hello peer v2:172.21.15.26:3300/0 says I am v2:172.21.15.26:40286/0 (socket says 172.21.15.26:40286)
2024-02-13T00:14:46.588 INFO:teuthology.orchestra.run.smithi026.stderr:/usr/bin/ceph:
2024-02-13T00:14:46.571+0000 7fc9a5c25700 1 -- 172.21.15.26:0/112095001 learned_addr learned my addr 172.21.15.26:0/112095001 (peer_addr_for_me v2:172.21.15.26:0/0)
2024-02-13T00:14:46.588 INFO:teuthology.orchestra.run.smithi026.stderr:/usr/bin/ceph:
2024-02-13T00:14:46.571+0000 7fc9a5c25700 1 -- 172.21.15.26:0/112095001 --> [v2:172.21.15.26:3300/0,v1:172.21.15.26:6789/0] -- mon_subscribe({config=0+,monmap=0+}) v3 -- 0x7fc99c00b200 con 0x7fc9a00703b0
2024-02-13T00:14:46.588 INFO:teuthology.orchestra.run.smithi026.stderr:/usr/bin/ceph:
2024-02-13T00:14:46.571+0000 7fc9a5c25700 1 --2- 172.21.15.26:0/112095001 >> [v2:172.21.15.26:3300/0,v1:172.21.15.26:6789/0] conn(0x7fc9a00703b0 0x7fc9a010cd80 secure :-1 s=READY pgs=38 cs=0 l=1 rev1=1 rx=0x7fc99c006800 tx=0x7fc99c006ee0).ready entity=mon.0 client_cookie=0 server_cookie=0 in_seq=0 out_seq=0
2024-02-13T00:14:46.588 INFO:teuthology.orchestra.run.smithi026.stderr:/usr/bin/ceph:
2024-02-13T00:14:46.571+0000 7fc9927fc700 1 -- 172.21.15.26:0/112095001 <== mon.0 v2:172.21.15.26:3300/0 1 ==== mon_map magic: 0 v1 ==== 229+0+0 (secure 0 0 0) 0x7fc99c01b570 con 0x7fc9a00703b0
2024-02-13T00:14:46.588 INFO:teuthology.orchestra.run.smithi026.stderr:/usr/bin/ceph:
2024-02-13T00:14:46.572+0000 7fc9927fc700 1 -- 172.21.15.26:0/112095001 <== mon.0 v2:172.21.15.26:3300/0 2 ==== config(26 keys) v1 ==== 1045+0+0 (secure 0 0 0) 0x7fc99c01bb60 con 0x7fc9a00703b0
2024-02-13T00:14:46.588 INFO:teuthology.orchestra.run.smithi026.stderr:/usr/bin/ceph:
2024-02-13T00:14:46.572+0000 7fc9927fc700 1 -- 172.21.15.26:0/112095001 <== mon.0 v2:172.21.15.26:3300/0 3 ==== mon_map magic: 0 v1 ==== 229+0+0 (secure 0 0 0) 0x7fc99c01a9f0 con 0x7fc9a00703b0
2024-02-13T00:14:46.589 INFO:teuthology.orchestra.run.smithi026.stderr:/usr/bin/ceph:
2024-02-13T00:14:46.572+0000 7fc9a7e89700 1 -- 172.21.15.26:0/112095001 --> [v2:172.21.15.26:3300/0,v1:172.21.15.26:6789/0] -- mon_subscribe({mgrmap=0+}) v3 -- 0x7fc9a010d470 con 0x7fc9a00703b0
2024-02-13T00:14:46.589 INFO:teuthology.orchestra.run.smithi026.stderr:/usr/bin/ceph:
2024-02-13T00:14:46.572+0000 7fc9a7e89700 1 -- 172.21.15.26:0/112095001 --> [v2:172.21.15.26:3300/0,v1:172.21.15.26:6789/0] -- mon_subscribe({osdmap=0}) v3 -- 0x7fc9a010e080 con 0x7fc9a00703b0
2024-02-13T00:14:46.589 INFO:teuthology.orchestra.run.smithi026.stderr:/usr/bin/ceph:
2024-02-13T00:14:46.572+0000 7fc9927fc700 1 -- 172.21.15.26:0/112095001 <== mon.0 v2:172.21.15.26:3300/0 4 ==== mgrmap(e 8) v1 ==== 36120+0+0 (secure 0 0 0) 0x7fc99c00f070 con 0x7fc9a00703b0
2024-02-13T00:14:46.589 INFO:teuthology.orchestra.run.smithi026.stderr:/usr/bin/ceph:
2024-02-13T00:14:46.572+0000 7fc9a7e89700 1 -- 172.21.15.26:0/112095001 --> [v2:172.21.15.26:3300/0,v1:172.21.15.26:6789/0] -- mon_command({"prefix": "get_command_descriptions"} v 0) v1 -- 0x7fc9a0059100 con 0x7fc9a00703b0
2024-02-13T00:14:46.589 INFO:teuthology.orchestra.run.smithi026.stderr:/usr/bin/ceph:
2024-02-13T00:14:46.572+0000 7fc9927fc700 1 --2- 172.21.15.26:0/112095001 >> [v2:172.21.15.26:6800/1756897879,v1:172.21.15.26:6801/1756897879] conn(0x7fc98802fe70 0x7fc988032330 unknown :-1 s=NONE pgs=0 cs=0 l=1 rev1=0 rx=0 tx=0).connect
2024-02-13T00:14:46.589 INFO:teuthology.orchestra.run.smithi026.stderr:/usr/bin/ceph:
2024-02-13T00:14:46.572+0000 7fc9927fc700 1 -- 172.21.15.26:0/112095001 <== mon.0 v2:172.21.15.26:3300/0 5 ==== osd_map(2..2 src has 1..2) v4 ==== 926+0+0 (secure 0 0 0) 0x7fc99c041320 con 0x7fc9a00703b0
2024-02-13T00:14:46.589 INFO:teuthology.orchestra.run.smithi026.stderr:/usr/bin/ceph:
2024-02-13T00:14:46.573+0000 7fc9a5424700 1 --2- 172.21.15.26:0/112095001 >> [v2:172.21.15.26:6800/1756897879,v1:172.21.15.26:6801/1756897879] conn(0x7fc98802fe70 0x7fc988032330 unknown :-1 s=BANNER_CONNECTING pgs=0 cs=0 l=1 rev1=0 rx=0 tx=0)._handle_peer_banner_payload supported=1 required=0
2024-02-13T00:14:46.589 INFO:teuthology.orchestra.run.smithi026.stderr:/usr/bin/ceph:
2024-02-13T00:14:46.573+0000 7fc9a5424700 1 --2- 172.21.15.26:0/112095001 >> [v2:172.21.15.26:6800/1756897879,v1:172.21.15.26:6801/1756897879] conn(0x7fc98802fe70 0x7fc988032330 secure :-1 s=READY pgs=10 cs=0 l=1 rev1=1 rx=0x7fc9940096a0 tx=0x7fc994006b40).ready entity=mgr.14114 client_cookie=0 server_cookie=0 in_seq=0 out_seq=0
2024-02-13T00:14:46.590 INFO:teuthology.orchestra.run.smithi026.stderr:/usr/bin/ceph:
2024-02-13T00:14:46.577+0000 7fc9927fc700 1 -- 172.21.15.26:0/112095001 <== mon.0 v2:172.21.15.26:3300/0 6 ==== mon_command_ack([{"prefix": "get_command_descriptions"}]=0 v0) v1 ==== 72+0+152212 (secure 0 0 0) 0x7fc99c019c90 con 0x7fc9a00703b0
2024-02-13T00:14:46.764 INFO:teuthology.orchestra.run.smithi026.stderr:/usr/bin/ceph:
2024-02-13T00:14:46.760+0000 7fc9a7e89700 1 -- 172.21.15.26:0/112095001 --> [v2:172.21.15.26:6800/1756897879,v1:172.21.15.26:6801/1756897879] -- mgr_command(tid 0: {"prefix": "orch host add", "hostname": "smithi026", "addr": "172.21.15.26", "target": ["mon-mgr", ""]}) v1 -- 0x7fc9a010e2c0 con 0x7fc98802fe70
2024-02-13T00:14:47.383 INFO:teuthology.orchestra.run.smithi026.stderr:/usr/bin/ceph: Added host 'smithi026'
2024-02-13T00:14:47.383 INFO:teuthology.orchestra.run.smithi026.stderr:/usr/bin/ceph:
2024-02-13T00:14:47.378+0000 7fc9927fc700 1 -- 172.21.15.26:0/112095001 <== mgr.14114 v2:172.21.15.26:6800/1756897879 1 ==== mgr_command_reply(tid 0: 0 ) v1 ==== 8+0+23 (secure 0 0 0) 0x7fc9a010e2c0 con 0x7fc98802fe70
2024-02-13T00:14:47.385 INFO:teuthology.orchestra.run.smithi026.stderr:/usr/bin/ceph:
2024-02-13T00:14:47.381+0000 7fc9a7e89700 1 -- 172.21.15.26:0/112095001 >> [v2:172.21.15.26:6800/1756897879,v1:172.21.15.26:6801/1756897879] conn(0x7fc98802fe70 msgr2=0x7fc988032330 secure :-1 s=STATE_CONNECTION_ESTABLISHED l=1).mark_down
2024-02-13T00:14:47.385 INFO:teuthology.orchestra.run.smithi026.stderr:/usr/bin/ceph:
2024-02-13T00:14:47.381+0000 7fc9a7e89700 1 --2- 172.21.15.26:0/112095001 >> [v2:172.21.15.26:6800/1756897879,v1:172.21.15.26:6801/1756897879] conn(0x7fc98802fe70 0x7fc988032330 secure :-1 s=READY pgs=10 cs=0 l=1 rev1=1 rx=0x7fc9940096a0 tx=0x7fc994006b40).stop
2024-02-13T00:14:47.385 INFO:teuthology.orchestra.run.smithi026.stderr:/usr/bin/ceph:
2024-02-13T00:14:47.381+0000 7fc9a7e89700 1 -- 172.21.15.26:0/112095001 >> [v2:172.21.15.26:3300/0,v1:172.21.15.26:6789/0] conn(0x7fc9a00703b0 msgr2=0x7fc9a010cd80 secure :-1 s=STATE_CONNECTION_ESTABLISHED l=1).mark_down
2024-02-13T00:14:47.386 INFO:teuthology.orchestra.run.smithi026.stderr:/usr/bin/ceph:
2024-02-13T00:14:47.381+0000 7fc9a7e89700 1 --2- 172.21.15.26:0/112095001 >> [v2:172.21.15.26:3300/0,v1:172.21.15.26:6789/0] conn(0x7fc9a00703b0 0x7fc9a010cd80 secure :-1 s=READY pgs=38 cs=0 l=1 rev1=1 rx=0x7fc99c006800 tx=0x7fc99c006ee0).stop
2024-02-13T00:14:47.386 INFO:teuthology.orchestra.run.smithi026.stderr:/usr/bin/ceph:
2024-02-13T00:14:47.381+0000 7fc9a7e89700 1 -- 172.21.15.26:0/112095001 shutdown_connections
2024-02-13T00:14:47.386 INFO:teuthology.orchestra.run.smithi026.stderr:/usr/bin/ceph:
2024-02-13T00:14:47.381+0000 7fc9a7e89700 1 --2- 172.21.15.26:0/112095001 >> [v2:172.21.15.26:6800/1756897879,v1:172.21.15.26:6801/1756897879] conn(0x7fc98802fe70 0x7fc988032330 unknown :-1 s=CLOSED pgs=10 cs=0 l=1 rev1=1 rx=0 tx=0).stop
2024-02-13T00:14:47.386 INFO:teuthology.orchestra.run.smithi026.stderr:/usr/bin/ceph:
2024-02-13T00:14:47.381+0000 7fc9a7e89700 1 --2- 172.21.15.26:0/112095001 >> [v2:172.21.15.26:3300/0,v1:172.21.15.26:6789/0] conn(0x7fc9a00703b0 0x7fc9a010cd80 unknown :-1 s=CLOSED pgs=38 cs=0 l=1 rev1=1 rx=0 tx=0).stop
2024-02-13T00:14:47.386 INFO:teuthology.orchestra.run.smithi026.stderr:/usr/bin/ceph:
2024-02-13T00:14:47.381+0000 7fc9a7e89700 1 -- 172.21.15.26:0/112095001 >> 172.21.15.26:0/112095001 conn(0x7fc9a00f6530 msgr2=0x7fc9a00f7f60 unknown :-1 s=STATE_NONE l=0).mark_down
2024-02-13T00:14:47.386 INFO:teuthology.orchestra.run.smithi026.stderr:/usr/bin/ceph:
2024-02-13T00:14:47.381+0000 7fc9a7e89700 1 -- 172.21.15.26:0/112095001 shutdown_connections
2024-02-13T00:14:47.386 INFO:teuthology.orchestra.run.smithi026.stderr:/usr/bin/ceph:
2024-02-13T00:14:47.381+0000 7fc9a7e89700 1 -- 172.21.15.26:0/112095001 wait complete.
2024-02-13T00:14:47.412 INFO:journalctl@ceph.mon.smithi026.smithi026.stdout:Feb 13 00:14:47 smithi026 ceph-bc9fba7a-ca04-11ee-95b9-87774f69a715-mon.smithi026[39468]: audit
2024-02-13T00:14:45.342228+0000 mgr.smithi026.pkzddy (mgr.14114) 7 : audit [DBG] from='client.14130 -' entity='client.admin' cmd=[{"prefix": "cephadm get-pub-key", "target": ["mon-mgr", ""]}]: dispatch
2024-02-13T00:14:48.068 INFO:teuthology.orchestra.run.smithi026.stderr:Deploying mon service with default placement...
2024-02-13T00:14:48.068 INFO:teuthology.orchestra.run.smithi026.stderr:Running command: /bin/podman run --rm --ipc=host --no-hosts --net=host --entrypoint /usr/bin/ceph --init -e CONTAINER_IMAGE=docker.io/ceph/ceph:v16.2.4 -e NODE_NAME=smithi026 -e CEPH_USE_RANDOM_NONCE=1 -v /var/log/ceph/bc9fba7a-ca04-11ee-95b9-87774f69a715:/var/log/ceph:z -v /tmp/ceph-tmpmzo85zta:/etc/ceph/ceph.client.admin.keyring:z -v /tmp/ceph-tmpzeqnyo1b:/etc/ceph/ceph.conf:z docker.io/ceph/ceph:v16.2.4 orch apply mon
2024-02-13T00:14:48.336 INFO:journalctl@ceph.mon.smithi026.smithi026.stdout:Feb 13 00:14:48 smithi026 ceph-bc9fba7a-ca04-11ee-95b9-87774f69a715-mon.smithi026[39468]: audit
2024-02-13T00:14:46.763118+0000 mgr.smithi026.pkzddy (mgr.14114) 8 : audit [DBG] from='client.14132 -' entity='client.admin' cmd=[{"prefix": "orch host add", "hostname": "smithi026", "addr": "172.21.15.26", "target": ["mon-mgr", ""]}]: dispatch
2024-02-13T00:14:48.337 INFO:journalctl@ceph.mon.smithi026.smithi026.stdout:Feb 13 00:14:48 smithi026 ceph-bc9fba7a-ca04-11ee-95b9-87774f69a715-mon.smithi026[39468]: audit
2024-02-13T00:14:47.379165+0000 mon.smithi026 (mon.0) 54 : audit [INF] from='mgr.14114 172.21.15.26:0/3181779528' entity='mgr.smithi026.pkzddy'
2024-02-13T00:14:48.337 INFO:journalctl@ceph.mon.smithi026.smithi026.stdout:Feb 13 00:14:48 smithi026 ceph-bc9fba7a-ca04-11ee-95b9-87774f69a715-mon.smithi026[39468]: audit
2024-02-13T00:14:47.379740+0000 mon.smithi026 (mon.0) 55 : audit [DBG] from='mgr.14114 172.21.15.26:0/3181779528' entity='mgr.smithi026.pkzddy' cmd=[{"prefix": "config dump", "format": "json"}]: dispatch
2024-02-13T00:14:48.599 INFO:teuthology.orchestra.run.smithi026.stderr:/usr/bin/ceph:
2024-02-13T00:14:48.594+0000 7f536d072700 1 Processor -- start
2024-02-13T00:14:48.600 INFO:teuthology.orchestra.run.smithi026.stderr:/usr/bin/ceph:
2024-02-13T00:14:48.594+0000 7f536d072700 1 -- start start
2024-02-13T00:14:48.600 INFO:teuthology.orchestra.run.smithi026.stderr:/usr/bin/ceph:
2024-02-13T00:14:48.594+0000 7f536d072700 1 --2- >> [v2:172.21.15.26:3300/0,v1:172.21.15.26:6789/0] conn(0x7f53680703f0 0x7f53680fea90 unknown :-1 s=NONE pgs=0 cs=0 l=0 rev1=0 rx=0 tx=0).connect
2024-02-13T00:14:48.600 INFO:teuthology.orchestra.run.smithi026.stderr:/usr/bin/ceph:
2024-02-13T00:14:48.594+0000 7f536d072700 1 -- --> [v2:172.21.15.26:3300/0,v1:172.21.15.26:6789/0] -- mon_getmap magic: 0 v1 -- 0x7f53680fef80 con 0x7f53680703f0
2024-02-13T00:14:48.600 INFO:teuthology.orchestra.run.smithi026.stderr:/usr/bin/ceph:
2024-02-13T00:14:48.595+0000 7f5366d9d700 1 --2- >> [v2:172.21.15.26:3300/0,v1:172.21.15.26:6789/0] conn(0x7f53680703f0 0x7f53680fea90 unknown :-1 s=BANNER_CONNECTING pgs=0 cs=0 l=0 rev1=0 rx=0 tx=0)._handle_peer_banner_payload supported=1 required=0
2024-02-13T00:14:48.600 INFO:teuthology.orchestra.run.smithi026.stderr:/usr/bin/ceph:
2024-02-13T00:14:48.595+0000 7f5366d9d700 1 --2- >> [v2:172.21.15.26:3300/0,v1:172.21.15.26:6789/0] conn(0x7f53680703f0 0x7f53680fea90 unknown :-1 s=HELLO_CONNECTING pgs=0 cs=0 l=0 rev1=1 rx=0 tx=0).handle_hello peer v2:172.21.15.26:3300/0 says I am v2:172.21.15.26:58730/0 (socket says 172.21.15.26:58730)
2024-02-13T00:14:48.600 INFO:teuthology.orchestra.run.smithi026.stderr:/usr/bin/ceph:
2024-02-13T00:14:48.595+0000 7f5366d9d700 1 -- 172.21.15.26:0/198431180 learned_addr learned my addr 172.21.15.26:0/198431180 (peer_addr_for_me v2:172.21.15.26:0/0)
2024-02-13T00:14:48.600 INFO:teuthology.orchestra.run.smithi026.stderr:/usr/bin/ceph:
2024-02-13T00:14:48.595+0000 7f5366d9d700 1 -- 172.21.15.26:0/198431180 --> [v2:172.21.15.26:3300/0,v1:172.21.15.26:6789/0] -- mon_subscribe({config=0+,monmap=0+}) v3 -- 0x7f53680ff0c0 con 0x7f53680703f0
2024-02-13T00:14:48.600 INFO:teuthology.orchestra.run.smithi026.stderr:/usr/bin/ceph:
2024-02-13T00:14:48.595+0000 7f5366d9d700 1 --2- 172.21.15.26:0/198431180 >> [v2:172.21.15.26:3300/0,v1:172.21.15.26:6789/0] conn(0x7f53680703f0 0x7f53680fea90 secure :-1 s=READY pgs=39 cs=0 l=1 rev1=1 rx=0x7f535800b5f0 tx=0x7f5358006ee0).ready entity=mon.0 client_cookie=408844ab6288a338 server_cookie=0 in_seq=0 out_seq=0
2024-02-13T00:14:48.600 INFO:teuthology.orchestra.run.smithi026.stderr:/usr/bin/ceph:
2024-02-13T00:14:48.595+0000 7f5365d9b700 1 -- 172.21.15.26:0/198431180 <== mon.0 v2:172.21.15.26:3300/0 1 ==== mon_map magic: 0 v1 ==== 229+0+0 (secure 0 0 0) 0x7f535800d600 con 0x7f53680703f0
2024-02-13T00:14:48.600 INFO:teuthology.orchestra.run.smithi026.stderr:/usr/bin/ceph:
2024-02-13T00:14:48.596+0000 7f5365d9b700 1 -- 172.21.15.26:0/198431180 <== mon.0 v2:172.21.15.26:3300/0 2 ==== config(26 keys) v1 ==== 1045+0+0 (secure 0 0 0) 0x7f535800dbf0 con 0x7f53680703f0
2024-02-13T00:14:48.600 INFO:teuthology.orchestra.run.smithi026.stderr:/usr/bin/ceph:
2024-02-13T00:14:48.596+0000 7f5365d9b700 1 -- 172.21.15.26:0/198431180 <== mon.0 v2:172.21.15.26:3300/0 3 ==== mon_map magic: 0 v1 ==== 229+0+0 (secure 0 0 0) 0x7f5358011ce0 con 0x7f53680703f0
2024-02-13T00:14:48.603 INFO:teuthology.orchestra.run.smithi026.stderr:/usr/bin/ceph:
2024-02-13T00:14:48.596+0000 7f536d072700 1 -- 172.21.15.26:0/198431180 >> [v2:172.21.15.26:3300/0,v1:172.21.15.26:6789/0] conn(0x7f53680703f0 msgr2=0x7f53680fea90 secure :-1 s=STATE_CONNECTION_ESTABLISHED l=1).mark_down
2024-02-13T00:14:48.603 INFO:teuthology.orchestra.run.smithi026.stderr:/usr/bin/ceph:
2024-02-13T00:14:48.596+0000 7f536d072700 1 --2- 172.21.15.26:0/198431180 >> [v2:172.21.15.26:3300/0,v1:172.21.15.26:6789/0] conn(0x7f53680703f0 0x7f53680fea90 secure :-1 s=READY pgs=39 cs=0 l=1 rev1=1 rx=0x7f535800b5f0 tx=0x7f5358006ee0).stop
2024-02-13T00:14:48.603 INFO:teuthology.orchestra.run.smithi026.stderr:/usr/bin/ceph:
2024-02-13T00:14:48.596+0000 7f536d072700 1 -- 172.21.15.26:0/198431180 shutdown_connections
2024-02-13T00:14:48.603 INFO:teuthology.orchestra.run.smithi026.stderr:/usr/bin/ceph:
2024-02-13T00:14:48.596+0000 7f536d072700 1 --2- 172.21.15.26:0/198431180 >> [v2:172.21.15.26:3300/0,v1:172.21.15.26:6789/0] conn(0x7f53680703f0 0x7f53680fea90 unknown :-1 s=CLOSED pgs=39 cs=0 l=1 rev1=1 rx=0 tx=0).stop
2024-02-13T00:14:48.603 INFO:teuthology.orchestra.run.smithi026.stderr:/usr/bin/ceph:
2024-02-13T00:14:48.596+0000 7f536d072700 1 -- 172.21.15.26:0/198431180 >> 172.21.15.26:0/198431180 conn(0x7f53680f6530 msgr2=0x7f53680f8950 unknown :-1 s=STATE_NONE l=0).mark_down
2024-02-13T00:14:48.603 INFO:teuthology.orchestra.run.smithi026.stderr:/usr/bin/ceph:
2024-02-13T00:14:48.596+0000 7f536d072700 1 -- 172.21.15.26:0/198431180 shutdown_connections
2024-02-13T00:14:48.604 INFO:teuthology.orchestra.run.smithi026.stderr:/usr/bin/ceph:
2024-02-13T00:14:48.596+0000 7f536d072700 1 -- 172.21.15.26:0/198431180 wait complete.
2024-02-13T00:14:48.604 INFO:teuthology.orchestra.run.smithi026.stderr:/usr/bin/ceph:
2024-02-13T00:14:48.597+0000 7f536d072700 1 Processor -- start
2024-02-13T00:14:48.604 INFO:teuthology.orchestra.run.smithi026.stderr:/usr/bin/ceph:
2024-02-13T00:14:48.597+0000 7f536d072700 1 -- start start
2024-02-13T00:14:48.604 INFO:teuthology.orchestra.run.smithi026.stderr:/usr/bin/ceph:
2024-02-13T00:14:48.597+0000 7f536d072700 1 --2- >> [v2:172.21.15.26:3300/0,v1:172.21.15.26:6789/0] conn(0x7f53680703f0 0x7f536810ab50 unknown :-1 s=NONE pgs=0 cs=0 l=1 rev1=0 rx=0 tx=0).connect
2024-02-13T00:14:48.604 INFO:teuthology.orchestra.run.smithi026.stderr:/usr/bin/ceph:
2024-02-13T00:14:48.597+0000 7f536d072700 1 -- --> [v2:172.21.15.26:3300/0,v1:172.21.15.26:6789/0] -- mon_getmap magic: 0 v1 -- 0x7f536810b040 con 0x7f53680703f0
2024-02-13T00:14:48.604 INFO:teuthology.orchestra.run.smithi026.stderr:/usr/bin/ceph:
2024-02-13T00:14:48.597+0000 7f5366d9d700 1 --2- >> [v2:172.21.15.26:3300/0,v1:172.21.15.26:6789/0] conn(0x7f53680703f0 0x7f536810ab50 unknown :-1 s=BANNER_CONNECTING pgs=0 cs=0 l=1 rev1=0 rx=0 tx=0)._handle_peer_banner_payload supported=1 required=0
2024-02-13T00:14:48.604 INFO:teuthology.orchestra.run.smithi026.stderr:/usr/bin/ceph:
2024-02-13T00:14:48.597+0000 7f5366d9d700 1 --2- >> [v2:172.21.15.26:3300/0,v1:172.21.15.26:6789/0] conn(0x7f53680703f0 0x7f536810ab50 unknown :-1 s=HELLO_CONNECTING pgs=0 cs=0 l=1 rev1=1 rx=0 tx=0).handle_hello peer v2:172.21.15.26:3300/0 says I am v2:172.21.15.26:58738/0 (socket says 172.21.15.26:58738)
2024-02-13T00:14:48.604 INFO:teuthology.orchestra.run.smithi026.stderr:/usr/bin/ceph:
2024-02-13T00:14:48.597+0000 7f5366d9d700 1 -- 172.21.15.26:0/2499260168 learned_addr learned my addr 172.21.15.26:0/2499260168 (peer_addr_for_me v2:172.21.15.26:0/0)
2024-02-13T00:14:48.604 INFO:teuthology.orchestra.run.smithi026.stderr:/usr/bin/ceph:
2024-02-13T00:14:48.598+0000 7f5366d9d700 1 -- 172.21.15.26:0/2499260168 --> [v2:172.21.15.26:3300/0,v1:172.21.15.26:6789/0] -- mon_subscribe({config=0+,monmap=0+}) v3 -- 0x7f535800b200 con 0x7f53680703f0
2024-02-13T00:14:48.604 INFO:teuthology.orchestra.run.smithi026.stderr:/usr/bin/ceph:
2024-02-13T00:14:48.598+0000 7f5366d9d700 1 --2- 172.21.15.26:0/2499260168 >> [v2:172.21.15.26:3300/0,v1:172.21.15.26:6789/0] conn(0x7f53680703f0 0x7f536810ab50 secure :-1 s=READY pgs=40 cs=0 l=1 rev1=1 rx=0x7f5358011ed0 tx=0x7f5358006ee0).ready entity=mon.0 client_cookie=0 server_cookie=0 in_seq=0 out_seq=0
2024-02-13T00:14:48.604 INFO:teuthology.orchestra.run.smithi026.stderr:/usr/bin/ceph:
2024-02-13T00:14:48.598+0000 7f534f7fe700 1 -- 172.21.15.26:0/2499260168 <== mon.0 v2:172.21.15.26:3300/0 1 ==== mon_map magic: 0 v1 ==== 229+0+0 (secure 0 0 0) 0x7f535801b570 con 0x7f53680703f0
2024-02-13T00:14:48.604 INFO:teuthology.orchestra.run.smithi026.stderr:/usr/bin/ceph:
2024-02-13T00:14:48.598+0000 7f536d072700 1 -- 172.21.15.26:0/2499260168 --> [v2:172.21.15.26:3300/0,v1:172.21.15.26:6789/0] -- mon_subscribe({mgrmap=0+}) v3 -- 0x7f536810b240 con 0x7f53680703f0
2024-02-13T00:14:48.604 INFO:teuthology.orchestra.run.smithi026.stderr:/usr/bin/ceph:
2024-02-13T00:14:48.598+0000 7f534f7fe700 1 -- 172.21.15.26:0/2499260168 <== mon.0 v2:172.21.15.26:3300/0 2 ==== config(26 keys) v1 ==== 1045+0+0 (secure 0 0 0) 0x7f535801bb60 con 0x7f53680703f0
2024-02-13T00:14:48.604 INFO:teuthology.orchestra.run.smithi026.stderr:/usr/bin/ceph:
2024-02-13T00:14:48.598+0000 7f534f7fe700 1 -- 172.21.15.26:0/2499260168 <== mon.0 v2:172.21.15.26:3300/0 3 ==== mon_map magic: 0 v1 ==== 229+0+0 (secure 0 0 0) 0x7f535801aad0 con 0x7f53680703f0
2024-02-13T00:14:48.605 INFO:teuthology.orchestra.run.smithi026.stderr:/usr/bin/ceph:
2024-02-13T00:14:48.598+0000 7f536d072700 1 -- 172.21.15.26:0/2499260168 --> [v2:172.21.15.26:3300/0,v1:172.21.15.26:6789/0] -- mon_subscribe({osdmap=0}) v3 -- 0x7f536810b6d0 con 0x7f53680703f0
2024-02-13T00:14:48.605 INFO:teuthology.orchestra.run.smithi026.stderr:/usr/bin/ceph:
2024-02-13T00:14:48.599+0000 7f534f7fe700 1 -- 172.21.15.26:0/2499260168 <== mon.0 v2:172.21.15.26:3300/0 4 ==== mgrmap(e 8) v1 ==== 36120+0+0 (secure 0 0 0) 0x7f535800f070 con 0x7f53680703f0
2024-02-13T00:14:48.605 INFO:teuthology.orchestra.run.smithi026.stderr:/usr/bin/ceph:
2024-02-13T00:14:48.599+0000 7f534f7fe700 1 --2- 172.21.15.26:0/2499260168 >> [v2:172.21.15.26:6800/1756897879,v1:172.21.15.26:6801/1756897879] conn(0x7f535402fe10 0x7f53540322d0 unknown :-1 s=NONE pgs=0 cs=0 l=1 rev1=0 rx=0 tx=0).connect
2024-02-13T00:14:48.605 INFO:teuthology.orchestra.run.smithi026.stderr:/usr/bin/ceph:
2024-02-13T00:14:48.599+0000 7f534f7fe700 1 -- 172.21.15.26:0/2499260168 <== mon.0 v2:172.21.15.26:3300/0 5 ==== osd_map(2..2 src has 1..2) v4 ==== 926+0+0 (secure 0 0 0) 0x7f53580413a0 con 0x7f53680703f0
2024-02-13T00:14:48.605 INFO:teuthology.orchestra.run.smithi026.stderr:/usr/bin/ceph:
2024-02-13T00:14:48.599+0000 7f536d072700 1 -- 172.21.15.26:0/2499260168 --> [v2:172.21.15.26:3300/0,v1:172.21.15.26:6789/0] -- mon_command({"prefix": "get_command_descriptions"} v 0) v1 -- 0x7f5368045ad0 con 0x7f53680703f0
2024-02-13T00:14:48.605 INFO:teuthology.orchestra.run.smithi026.stderr:/usr/bin/ceph:
2024-02-13T00:14:48.599+0000 7f536659c700 1 --2- 172.21.15.26:0/2499260168 >> [v2:172.21.15.26:6800/1756897879,v1:172.21.15.26:6801/1756897879] conn(0x7f535402fe10 0x7f53540322d0 unknown :-1 s=BANNER_CONNECTING pgs=0 cs=0 l=1 rev1=0 rx=0 tx=0)._handle_peer_banner_payload supported=1 required=0
2024-02-13T00:14:48.605 INFO:teuthology.orchestra.run.smithi026.stderr:/usr/bin/ceph:
2024-02-13T00:14:48.599+0000 7f536659c700 1 --2- 172.21.15.26:0/2499260168 >> [v2:172.21.15.26:6800/1756897879,v1:172.21.15.26:6801/1756897879] conn(0x7f535402fe10 0x7f53540322d0 secure :-1 s=READY pgs=11 cs=0 l=1 rev1=1 rx=0x7f535c0096a0 tx=0x7f535c006b40).ready entity=mgr.14114 client_cookie=0 server_cookie=0 in_seq=0 out_seq=0
2024-02-13T00:14:48.607 INFO:teuthology.orchestra.run.smithi026.stderr:/usr/bin/ceph:
2024-02-13T00:14:48.603+0000 7f534f7fe700 1 -- 172.21.15.26:0/2499260168 <== mon.0 v2:172.21.15.26:3300/0 6 ==== mon_command_ack([{"prefix": "get_command_descriptions"}]=0 v0) v1 ==== 72+0+152212 (secure 0 0 0) 0x7f5358016070 con 0x7f53680703f0
2024-02-13T00:14:48.791 INFO:teuthology.orchestra.run.smithi026.stderr:/usr/bin/ceph:
2024-02-13T00:14:48.787+0000 7f536d072700 1 -- 172.21.15.26:0/2499260168 --> [v2:172.21.15.26:6800/1756897879,v1:172.21.15.26:6801/1756897879] -- mgr_command(tid 0: {"prefix": "orch apply", "service_type": "mon", "target": ["mon-mgr", ""]}) v1 -- 0x7f536810bff0 con 0x7f535402fe10
2024-02-13T00:14:48.795 INFO:teuthology.orchestra.run.smithi026.stderr:/usr/bin/ceph:
2024-02-13T00:14:48.791+0000 7f534f7fe700 1 -- 172.21.15.26:0/2499260168 <== mgr.14114 v2:172.21.15.26:6800/1756897879 1 ==== mgr_command_reply(tid 0: 0 ) v1 ==== 8+0+24 (secure 0 0 0) 0x7f536810bff0 con 0x7f535402fe10
2024-02-13T00:14:48.795 INFO:teuthology.orchestra.run.smithi026.stderr:/usr/bin/ceph: Scheduled mon update...
2024-02-13T00:14:48.797 INFO:teuthology.orchestra.run.smithi026.stderr:/usr/bin/ceph:
2024-02-13T00:14:48.793+0000 7f536d072700 1 -- 172.21.15.26:0/2499260168 >> [v2:172.21.15.26:6800/1756897879,v1:172.21.15.26:6801/1756897879] conn(0x7f535402fe10 msgr2=0x7f53540322d0 secure :-1 s=STATE_CONNECTION_ESTABLISHED l=1).mark_down
2024-02-13T00:14:48.797 INFO:teuthology.orchestra.run.smithi026.stderr:/usr/bin/ceph:
2024-02-13T00:14:48.793+0000 7f536d072700 1 --2- 172.21.15.26:0/2499260168 >> [v2:172.21.15.26:6800/1756897879,v1:172.21.15.26:6801/1756897879] conn(0x7f535402fe10 0x7f53540322d0 secure :-1 s=READY pgs=11 cs=0 l=1 rev1=1 rx=0x7f535c0096a0 tx=0x7f535c006b40).stop
2024-02-13T00:14:48.797 INFO:teuthology.orchestra.run.smithi026.stderr:/usr/bin/ceph:
2024-02-13T00:14:48.793+0000 7f536d072700 1 -- 172.21.15.26:0/2499260168 >> [v2:172.21.15.26:3300/0,v1:172.21.15.26:6789/0] conn(0x7f53680703f0 msgr2=0x7f536810ab50 secure :-1 s=STATE_CONNECTION_ESTABLISHED l=1).mark_down
2024-02-13T00:14:48.797 INFO:teuthology.orchestra.run.smithi026.stderr:/usr/bin/ceph:
2024-02-13T00:14:48.793+0000 7f536d072700 1 --2- 172.21.15.26:0/2499260168 >> [v2:172.21.15.26:3300/0,v1:172.21.15.26:6789/0] conn(0x7f53680703f0 0x7f536810ab50 secure :-1 s=READY pgs=40 cs=0 l=1 rev1=1 rx=0x7f5358011ed0 tx=0x7f5358006ee0).stop
2024-02-13T00:14:48.798 INFO:teuthology.orchestra.run.smithi026.stderr:/usr/bin/ceph:
2024-02-13T00:14:48.793+0000 7f536d072700 1 -- 172.21.15.26:0/2499260168 shutdown_connections
2024-02-13T00:14:48.798 INFO:teuthology.orchestra.run.smithi026.stderr:/usr/bin/ceph:
2024-02-13T00:14:48.793+0000 7f536d072700 1 --2- 172.21.15.26:0/2499260168 >> [v2:172.21.15.26:6800/1756897879,v1:172.21.15.26:6801/1756897879] conn(0x7f535402fe10 0x7f53540322d0 unknown :-1 s=CLOSED pgs=11 cs=0 l=1 rev1=1 rx=0 tx=0).stop
2024-02-13T00:14:48.798 INFO:teuthology.orchestra.run.smithi026.stderr:/usr/bin/ceph:
2024-02-13T00:14:48.793+0000 7f536d072700 1 --2- 172.21.15.26:0/2499260168 >> [v2:172.21.15.26:3300/0,v1:172.21.15.26:6789/0] conn(0x7f53680703f0 0x7f536810ab50 unknown :-1 s=CLOSED pgs=40 cs=0 l=1 rev1=1 rx=0 tx=0).stop
2024-02-13T00:14:48.798 INFO:teuthology.orchestra.run.smithi026.stderr:/usr/bin/ceph:
2024-02-13T00:14:48.793+0000 7f536d072700 1 -- 172.21.15.26:0/2499260168 >> 172.21.15.26:0/2499260168 conn(0x7f53680f6530 msgr2=0x7f53680f7ef0 unknown :-1 s=STATE_NONE l=0).mark_down
2024-02-13T00:14:48.798 INFO:teuthology.orchestra.run.smithi026.stderr:/usr/bin/ceph:
2024-02-13T00:14:48.793+0000 7f536d072700 1 -- 172.21.15.26:0/2499260168 shutdown_connections
2024-02-13T00:14:48.798 INFO:teuthology.orchestra.run.smithi026.stderr:/usr/bin/ceph:
2024-02-13T00:14:48.793+0000 7f536d072700 1 -- 172.21.15.26:0/2499260168 wait complete.
2024-02-13T00:14:49.382 INFO:teuthology.orchestra.run.smithi026.stderr:Deploying mgr service with default placement...
2024-02-13T00:14:49.382 INFO:teuthology.orchestra.run.smithi026.stderr:Running command: /bin/podman run --rm --ipc=host --no-hosts --net=host --entrypoint /usr/bin/ceph --init -e CONTAINER_IMAGE=docker.io/ceph/ceph:v16.2.4 -e NODE_NAME=smithi026 -e CEPH_USE_RANDOM_NONCE=1 -v /var/log/ceph/bc9fba7a-ca04-11ee-95b9-87774f69a715:/var/log/ceph:z -v /tmp/ceph-tmpmzo85zta:/etc/ceph/ceph.client.admin.keyring:z -v /tmp/ceph-tmpzeqnyo1b:/etc/ceph/ceph.conf:z docker.io/ceph/ceph:v16.2.4 orch apply mgr
2024-02-13T00:14:49.385 INFO:journalctl@ceph.mon.smithi026.smithi026.stdout:Feb 13 00:14:49 smithi026 ceph-bc9fba7a-ca04-11ee-95b9-87774f69a715-mon.smithi026[39468]: cephadm
2024-02-13T00:14:47.379477+0000 mgr.smithi026.pkzddy (mgr.14114) 9 : cephadm [INF] Added host smithi026
2024-02-13T00:14:49.385 INFO:journalctl@ceph.mon.smithi026.smithi026.stdout:Feb 13 00:14:49 smithi026 ceph-bc9fba7a-ca04-11ee-95b9-87774f69a715-mon.smithi026[39468]: audit
2024-02-13T00:14:48.792497+0000 mon.smithi026 (mon.0) 56 : audit [INF] from='mgr.14114 172.21.15.26:0/3181779528' entity='mgr.smithi026.pkzddy'
2024-02-13T00:14:49.941 INFO:teuthology.orchestra.run.smithi026.stderr:/usr/bin/ceph:
2024-02-13T00:14:49.932+0000 7fe39643d700 1 Processor -- start
2024-02-13T00:14:49.941 INFO:teuthology.orchestra.run.smithi026.stderr:/usr/bin/ceph:
2024-02-13T00:14:49.933+0000 7fe39643d700 1 -- start start
2024-02-13T00:14:49.941 INFO:teuthology.orchestra.run.smithi026.stderr:/usr/bin/ceph:
2024-02-13T00:14:49.933+0000 7fe39643d700 1 --2- >> [v2:172.21.15.26:3300/0,v1:172.21.15.26:6789/0] conn(0x7fe390070430 0x7fe3900fea50 unknown :-1 s=NONE pgs=0 cs=0 l=0 rev1=0 rx=0 tx=0).connect
2024-02-13T00:14:49.942 INFO:teuthology.orchestra.run.smithi026.stderr:/usr/bin/ceph:
2024-02-13T00:14:49.933+0000 7fe39643d700 1 -- --> [v2:172.21.15.26:3300/0,v1:172.21.15.26:6789/0] -- mon_getmap magic: 0 v1 -- 0x7fe3900fef40 con 0x7fe390070430
2024-02-13T00:14:49.942 INFO:teuthology.orchestra.run.smithi026.stderr:/usr/bin/ceph:
2024-02-13T00:14:49.933+0000 7fe38ffff700 1 --2- >> [v2:172.21.15.26:3300/0,v1:172.21.15.26:6789/0] conn(0x7fe390070430 0x7fe3900fea50 unknown :-1 s=BANNER_CONNECTING pgs=0 cs=0 l=0 rev1=0 rx=0 tx=0)._handle_peer_banner_payload supported=1 required=0
2024-02-13T00:14:49.942 INFO:teuthology.orchestra.run.smithi026.stderr:/usr/bin/ceph:
2024-02-13T00:14:49.933+0000 7fe38ffff700 1 --2- >> [v2:172.21.15.26:3300/0,v1:172.21.15.26:6789/0] conn(0x7fe390070430 0x7fe3900fea50 unknown :-1 s=HELLO_CONNECTING pgs=0 cs=0 l=0 rev1=1 rx=0 tx=0).handle_hello peer v2:172.21.15.26:3300/0 says I am v2:172.21.15.26:58746/0 (socket says 172.21.15.26:58746)
2024-02-13T00:14:49.942 INFO:teuthology.orchestra.run.smithi026.stderr:/usr/bin/ceph:
2024-02-13T00:14:49.933+0000 7fe38ffff700 1 -- 172.21.15.26:0/3716725569 learned_addr learned my addr 172.21.15.26:0/3716725569 (peer_addr_for_me v2:172.21.15.26:0/0)
2024-02-13T00:14:49.942 INFO:teuthology.orchestra.run.smithi026.stderr:/usr/bin/ceph:
2024-02-13T00:14:49.933+0000 7fe38ffff700 1 -- 172.21.15.26:0/3716725569 --> [v2:172.21.15.26:3300/0,v1:172.21.15.26:6789/0] -- mon_subscribe({config=0+,monmap=0+}) v3 -- 0x7fe3900ff080 con 0x7fe390070430
2024-02-13T00:14:49.942 INFO:teuthology.orchestra.run.smithi026.stderr:/usr/bin/ceph:
2024-02-13T00:14:49.933+0000 7fe38ffff700 1 --2- 172.21.15.26:0/3716725569 >> [v2:172.21.15.26:3300/0,v1:172.21.15.26:6789/0] conn(0x7fe390070430 0x7fe3900fea50 secure :-1 s=READY pgs=41 cs=0 l=1 rev1=1 rx=0x7fe38000b5f0 tx=0x7fe380006ee0).ready entity=mon.0 client_cookie=da79f0c30d76d1f5 server_cookie=0 in_seq=0 out_seq=0
2024-02-13T00:14:49.942 INFO:teuthology.orchestra.run.smithi026.stderr:/usr/bin/ceph:
2024-02-13T00:14:49.934+0000 7fe38effd700 1 -- 172.21.15.26:0/3716725569 <== mon.0 v2:172.21.15.26:3300/0 1 ==== mon_map magic: 0 v1 ==== 229+0+0 (secure 0 0 0) 0x7fe38000d600 con 0x7fe390070430
2024-02-13T00:14:49.942 INFO:teuthology.orchestra.run.smithi026.stderr:/usr/bin/ceph:
2024-02-13T00:14:49.934+0000 7fe38effd700 1 -- 172.21.15.26:0/3716725569 <== mon.0 v2:172.21.15.26:3300/0 2 ==== config(26 keys) v1 ==== 1045+0+0 (secure 0 0 0) 0x7fe38000dbf0 con 0x7fe390070430
2024-02-13T00:14:49.942 INFO:teuthology.orchestra.run.smithi026.stderr:/usr/bin/ceph:
2024-02-13T00:14:49.934+0000 7fe38effd700 1 -- 172.21.15.26:0/3716725569 <== mon.0 v2:172.21.15.26:3300/0 3 ==== mon_map magic: 0 v1 ==== 229+0+0 (secure 0 0 0) 0x7fe380011cb0 con 0x7fe390070430
2024-02-13T00:14:49.942 INFO:teuthology.orchestra.run.smithi026.stderr:/usr/bin/ceph:
2024-02-13T00:14:49.934+0000 7fe39643d700 1 -- 172.21.15.26:0/3716725569 >> [v2:172.21.15.26:3300/0,v1:172.21.15.26:6789/0] conn(0x7fe390070430 msgr2=0x7fe3900fea50 secure :-1 s=STATE_CONNECTION_ESTABLISHED l=1).mark_down
2024-02-13T00:14:49.942 INFO:teuthology.orchestra.run.smithi026.stderr:/usr/bin/ceph:
2024-02-13T00:14:49.934+0000 7fe39643d700 1 --2- 172.21.15.26:0/3716725569 >> [v2:172.21.15.26:3300/0,v1:172.21.15.26:6789/0] conn(0x7fe390070430 0x7fe3900fea50 secure :-1 s=READY pgs=41 cs=0 l=1 rev1=1 rx=0x7fe38000b5f0 tx=0x7fe380006ee0).stop
2024-02-13T00:14:49.942 INFO:teuthology.orchestra.run.smithi026.stderr:/usr/bin/ceph:
2024-02-13T00:14:49.934+0000 7fe39643d700 1 -- 172.21.15.26:0/3716725569 shutdown_connections
2024-02-13T00:14:49.942 INFO:teuthology.orchestra.run.smithi026.stderr:/usr/bin/ceph:
2024-02-13T00:14:49.934+0000 7fe39643d700 1 --2- 172.21.15.26:0/3716725569 >> [v2:172.21.15.26:3300/0,v1:172.21.15.26:6789/0] conn(0x7fe390070430 0x7fe3900fea50 unknown :-1 s=CLOSED pgs=41 cs=0 l=1 rev1=1 rx=0 tx=0).stop
2024-02-13T00:14:49.942 INFO:teuthology.orchestra.run.smithi026.stderr:/usr/bin/ceph:
2024-02-13T00:14:49.934+0000 7fe39643d700 1 -- 172.21.15.26:0/3716725569 >> 172.21.15.26:0/3716725569 conn(0x7fe3900f6530 msgr2=0x7fe3900f8950 unknown :-1 s=STATE_NONE l=0).mark_down
2024-02-13T00:14:49.943 INFO:teuthology.orchestra.run.smithi026.stderr:/usr/bin/ceph:
2024-02-13T00:14:49.934+0000 7fe39643d700 1 -- 172.21.15.26:0/3716725569 shutdown_connections
2024-02-13T00:14:49.943 INFO:teuthology.orchestra.run.smithi026.stderr:/usr/bin/ceph:
2024-02-13T00:14:49.934+0000 7fe39643d700 1 -- 172.21.15.26:0/3716725569 wait complete.
2024-02-13T00:14:49.943 INFO:teuthology.orchestra.run.smithi026.stderr:/usr/bin/ceph:
2024-02-13T00:14:49.935+0000 7fe39643d700 1 Processor -- start
2024-02-13T00:14:49.943 INFO:teuthology.orchestra.run.smithi026.stderr:/usr/bin/ceph:
2024-02-13T00:14:49.935+0000 7fe39643d700 1 -- start start
2024-02-13T00:14:49.943 INFO:teuthology.orchestra.run.smithi026.stderr:/usr/bin/ceph:
2024-02-13T00:14:49.935+0000 7fe39643d700 1 --2- >> [v2:172.21.15.26:3300/0,v1:172.21.15.26:6789/0] conn(0x7fe390070430 0x7fe3900fc4d0 unknown :-1 s=NONE pgs=0 cs=0 l=1 rev1=0 rx=0 tx=0).connect
2024-02-13T00:14:49.943 INFO:teuthology.orchestra.run.smithi026.stderr:/usr/bin/ceph:
