2024-02-13T00:14:40.465+0000 7f9688119700 1 -- 172.21.15.26:0/2750165071 >> [v2:172.21.15.26:3300/0,v1:172.21.15.26:6789/0] conn(0x7f96800fd580 msgr2=0x7f96800fd9a0 secure :-1 s=STATE_CONNECTION_ESTABLISHED l=1).mark_down
2024-02-13T00:14:40.471 INFO:teuthology.orchestra.run.smithi026.stderr:/usr/bin/ceph:
2024-02-13T00:14:40.465+0000 7f9688119700 1 --2- 172.21.15.26:0/2750165071 >> [v2:172.21.15.26:3300/0,v1:172.21.15.26:6789/0] conn(0x7f96800fd580 0x7f96800fd9a0 secure :-1 s=READY pgs=29 cs=0 l=1 rev1=1 rx=0x7f967c00b5f0 tx=0x7f967c006ee0).stop
2024-02-13T00:14:40.471 INFO:teuthology.orchestra.run.smithi026.stderr:/usr/bin/ceph:
2024-02-13T00:14:40.465+0000 7f9688119700 1 -- 172.21.15.26:0/2750165071 shutdown_connections
2024-02-13T00:14:40.471 INFO:teuthology.orchestra.run.smithi026.stderr:/usr/bin/ceph:
2024-02-13T00:14:40.465+0000 7f9688119700 1 --2- 172.21.15.26:0/2750165071 >> [v2:172.21.15.26:3300/0,v1:172.21.15.26:6789/0] conn(0x7f96800fd580 0x7f96800fd9a0 unknown :-1 s=CLOSED pgs=29 cs=0 l=1 rev1=1 rx=0 tx=0).stop
2024-02-13T00:14:40.472 INFO:teuthology.orchestra.run.smithi026.stderr:/usr/bin/ceph:
2024-02-13T00:14:40.465+0000 7f9688119700 1 -- 172.21.15.26:0/2750165071 >> 172.21.15.26:0/2750165071 conn(0x7f96800f5d20 msgr2=0x7f96800f8140 unknown :-1 s=STATE_NONE l=0).mark_down
2024-02-13T00:14:40.472 INFO:teuthology.orchestra.run.smithi026.stderr:/usr/bin/ceph:
2024-02-13T00:14:40.465+0000 7f9688119700 1 -- 172.21.15.26:0/2750165071 shutdown_connections
2024-02-13T00:14:40.472 INFO:teuthology.orchestra.run.smithi026.stderr:/usr/bin/ceph:
2024-02-13T00:14:40.465+0000 7f9688119700 1 -- 172.21.15.26:0/2750165071 wait complete.
2024-02-13T00:14:40.472 INFO:teuthology.orchestra.run.smithi026.stderr:/usr/bin/ceph:
2024-02-13T00:14:40.465+0000 7f9688119700 1 Processor -- start
2024-02-13T00:14:40.472 INFO:teuthology.orchestra.run.smithi026.stderr:/usr/bin/ceph:
2024-02-13T00:14:40.466+0000 7f9688119700 1 -- start start
2024-02-13T00:14:40.472 INFO:teuthology.orchestra.run.smithi026.stderr:/usr/bin/ceph:
2024-02-13T00:14:40.466+0000 7f9688119700 1 --2- >> [v2:172.21.15.26:3300/0,v1:172.21.15.26:6789/0] conn(0x7f96800fd580 0x7f96800fce50 unknown :-1 s=NONE pgs=0 cs=0 l=1 rev1=0 rx=0 tx=0).connect
2024-02-13T00:14:40.472 INFO:teuthology.orchestra.run.smithi026.stderr:/usr/bin/ceph:
2024-02-13T00:14:40.466+0000 7f9688119700 1 -- --> [v2:172.21.15.26:3300/0,v1:172.21.15.26:6789/0] -- mon_getmap magic: 0 v1 -- 0x7f96800fb2d0 con 0x7f96800fd580
2024-02-13T00:14:40.472 INFO:teuthology.orchestra.run.smithi026.stderr:/usr/bin/ceph:
2024-02-13T00:14:40.466+0000 7f9685eb5700 1 --2- >> [v2:172.21.15.26:3300/0,v1:172.21.15.26:6789/0] conn(0x7f96800fd580 0x7f96800fce50 unknown :-1 s=BANNER_CONNECTING pgs=0 cs=0 l=1 rev1=0 rx=0 tx=0)._handle_peer_banner_payload supported=1 required=0
2024-02-13T00:14:40.472 INFO:teuthology.orchestra.run.smithi026.stderr:/usr/bin/ceph:
2024-02-13T00:14:40.466+0000 7f9685eb5700 1 --2- >> [v2:172.21.15.26:3300/0,v1:172.21.15.26:6789/0] conn(0x7f96800fd580 0x7f96800fce50 unknown :-1 s=HELLO_CONNECTING pgs=0 cs=0 l=1 rev1=1 rx=0 tx=0).handle_hello peer v2:172.21.15.26:3300/0 says I am v2:172.21.15.26:40214/0 (socket says 172.21.15.26:40214)
2024-02-13T00:14:40.472 INFO:teuthology.orchestra.run.smithi026.stderr:/usr/bin/ceph:
2024-02-13T00:14:40.466+0000 7f9685eb5700 1 -- 172.21.15.26:0/2734271049 learned_addr learned my addr 172.21.15.26:0/2734271049 (peer_addr_for_me v2:172.21.15.26:0/0)
2024-02-13T00:14:40.472 INFO:teuthology.orchestra.run.smithi026.stderr:/usr/bin/ceph:
2024-02-13T00:14:40.466+0000 7f9685eb5700 1 -- 172.21.15.26:0/2734271049 --> [v2:172.21.15.26:3300/0,v1:172.21.15.26:6789/0] -- mon_subscribe({config=0+,monmap=0+}) v3 -- 0x7f967c00b200 con 0x7f96800fd580
2024-02-13T00:14:40.472 INFO:teuthology.orchestra.run.smithi026.stderr:/usr/bin/ceph:
2024-02-13T00:14:40.466+0000 7f9685eb5700 1 --2- 172.21.15.26:0/2734271049 >> [v2:172.21.15.26:3300/0,v1:172.21.15.26:6789/0] conn(0x7f96800fd580 0x7f96800fce50 secure :-1 s=READY pgs=30 cs=0 l=1 rev1=1 rx=0x7f967c00bf40 tx=0x7f967c006ee0).ready entity=mon.0 client_cookie=0 server_cookie=0 in_seq=0 out_seq=0
2024-02-13T00:14:40.472 INFO:teuthology.orchestra.run.smithi026.stderr:/usr/bin/ceph:
2024-02-13T00:14:40.466+0000 7f966e7fc700 1 -- 172.21.15.26:0/2734271049 <== mon.0 v2:172.21.15.26:3300/0 1 ==== mon_map magic: 0 v1 ==== 229+0+0 (secure 0 0 0) 0x7f967c01b570 con 0x7f96800fd580
2024-02-13T00:14:40.472 INFO:teuthology.orchestra.run.smithi026.stderr:/usr/bin/ceph:
2024-02-13T00:14:40.466+0000 7f966e7fc700 1 -- 172.21.15.26:0/2734271049 <== mon.0 v2:172.21.15.26:3300/0 2 ==== config(26 keys) v1 ==== 1045+0+0 (secure 0 0 0) 0x7f967c01bb60 con 0x7f96800fd580
2024-02-13T00:14:40.473 INFO:teuthology.orchestra.run.smithi026.stderr:/usr/bin/ceph:
2024-02-13T00:14:40.466+0000 7f9688119700 1 -- 172.21.15.26:0/2734271049 --> [v2:172.21.15.26:3300/0,v1:172.21.15.26:6789/0] -- mon_subscribe({mgrmap=0+}) v3 -- 0x7f96800fb470 con 0x7f96800fd580
2024-02-13T00:14:40.473 INFO:teuthology.orchestra.run.smithi026.stderr:/usr/bin/ceph:
2024-02-13T00:14:40.466+0000 7f966e7fc700 1 -- 172.21.15.26:0/2734271049 <== mon.0 v2:172.21.15.26:3300/0 3 ==== mon_map magic: 0 v1 ==== 229+0+0 (secure 0 0 0) 0x7f967c01aa20 con 0x7f96800fd580
2024-02-13T00:14:40.473 INFO:teuthology.orchestra.run.smithi026.stderr:/usr/bin/ceph:
2024-02-13T00:14:40.466+0000 7f9688119700 1 -- 172.21.15.26:0/2734271049 --> [v2:172.21.15.26:3300/0,v1:172.21.15.26:6789/0] -- mon_subscribe({osdmap=0}) v3 -- 0x7f96800fb900 con 0x7f96800fd580
2024-02-13T00:14:40.473 INFO:teuthology.orchestra.run.smithi026.stderr:/usr/bin/ceph:
2024-02-13T00:14:40.467+0000 7f966e7fc700 1 -- 172.21.15.26:0/2734271049 <== mon.0 v2:172.21.15.26:3300/0 4 ==== mgrmap(e 8) v1 ==== 36120+0+0 (secure 0 0 0) 0x7f967c00f070 con 0x7f96800fd580
2024-02-13T00:14:40.474 INFO:teuthology.orchestra.run.smithi026.stderr:/usr/bin/ceph:
2024-02-13T00:14:40.467+0000 7f966e7fc700 1 --2- 172.21.15.26:0/2734271049 >> [v2:172.21.15.26:6800/1756897879,v1:172.21.15.26:6801/1756897879] conn(0x7f966802fe10 0x7f96680322d0 unknown :-1 s=NONE pgs=0 cs=0 l=1 rev1=0 rx=0 tx=0).connect
2024-02-13T00:14:40.474 INFO:teuthology.orchestra.run.smithi026.stderr:/usr/bin/ceph:
2024-02-13T00:14:40.467+0000 7f966e7fc700 1 -- 172.21.15.26:0/2734271049 <== mon.0 v2:172.21.15.26:3300/0 5 ==== osd_map(2..2 src has 1..2) v4 ==== 926+0+0 (secure 0 0 0) 0x7f967c041480 con 0x7f96800fd580
2024-02-13T00:14:40.474 INFO:teuthology.orchestra.run.smithi026.stderr:/usr/bin/ceph:
2024-02-13T00:14:40.468+0000 7f96856b4700 1 --2- 172.21.15.26:0/2734271049 >> [v2:172.21.15.26:6800/1756897879,v1:172.21.15.26:6801/1756897879] conn(0x7f966802fe10 0x7f96680322d0 unknown :-1 s=BANNER_CONNECTING pgs=0 cs=0 l=1 rev1=0 rx=0 tx=0)._handle_peer_banner_payload supported=1 required=0
2024-02-13T00:14:40.474 INFO:teuthology.orchestra.run.smithi026.stderr:/usr/bin/ceph:
2024-02-13T00:14:40.468+0000 7f96856b4700 1 --2- 172.21.15.26:0/2734271049 >> [v2:172.21.15.26:6800/1756897879,v1:172.21.15.26:6801/1756897879] conn(0x7f966802fe10 0x7f96680322d0 secure :-1 s=READY pgs=6 cs=0 l=1 rev1=1 rx=0x7f96700096a0 tx=0x7f9670006b40).ready entity=mgr.14114 client_cookie=0 server_cookie=0 in_seq=0 out_seq=0
2024-02-13T00:14:40.474 INFO:teuthology.orchestra.run.smithi026.stderr:/usr/bin/ceph:
2024-02-13T00:14:40.468+0000 7f9688119700 1 -- 172.21.15.26:0/2734271049 --> [v2:172.21.15.26:3300/0,v1:172.21.15.26:6789/0] -- mon_command({"prefix": "get_command_descriptions"} v 0) v1 -- 0x7f9680059100 con 0x7f96800fd580
2024-02-13T00:14:40.476 INFO:teuthology.orchestra.run.smithi026.stderr:/usr/bin/ceph:
2024-02-13T00:14:40.473+0000 7f966e7fc700 1 -- 172.21.15.26:0/2734271049 <== mon.0 v2:172.21.15.26:3300/0 6 ==== mon_command_ack([{"prefix": "get_command_descriptions"}]=0 v0) v1 ==== 72+0+152212 (secure 0 0 0) 0x7f967c016070 con 0x7f96800fd580
2024-02-13T00:14:40.667 INFO:teuthology.orchestra.run.smithi026.stderr:/usr/bin/ceph:
2024-02-13T00:14:40.663+0000 7f9688119700 1 -- 172.21.15.26:0/2734271049 --> [v2:172.21.15.26:6800/1756897879,v1:172.21.15.26:6801/1756897879] -- mgr_command(tid 0: {"prefix": "orch set backend", "module_name": "cephadm", "target": ["mon-mgr", ""]}) v1 -- 0x7f9680104650 con 0x7f966802fe10
2024-02-13T00:14:40.672 INFO:teuthology.orchestra.run.smithi026.stderr:/usr/bin/ceph:
2024-02-13T00:14:40.668+0000 7f966e7fc700 1 -- 172.21.15.26:0/2734271049 <== mgr.14114 v2:172.21.15.26:6800/1756897879 1 ==== mgr_command_reply(tid 0: 0 ) v1 ==== 8+0+0 (secure 0 0 0) 0x7f9680104650 con 0x7f966802fe10
2024-02-13T00:14:40.675 INFO:teuthology.orchestra.run.smithi026.stderr:/usr/bin/ceph:
2024-02-13T00:14:40.670+0000 7f9688119700 1 -- 172.21.15.26:0/2734271049 >> [v2:172.21.15.26:6800/1756897879,v1:172.21.15.26:6801/1756897879] conn(0x7f966802fe10 msgr2=0x7f96680322d0 secure :-1 s=STATE_CONNECTION_ESTABLISHED l=1).mark_down
2024-02-13T00:14:40.675 INFO:teuthology.orchestra.run.smithi026.stderr:/usr/bin/ceph:
2024-02-13T00:14:40.670+0000 7f9688119700 1 --2- 172.21.15.26:0/2734271049 >> [v2:172.21.15.26:6800/1756897879,v1:172.21.15.26:6801/1756897879] conn(0x7f966802fe10 0x7f96680322d0 secure :-1 s=READY pgs=6 cs=0 l=1 rev1=1 rx=0x7f96700096a0 tx=0x7f9670006b40).stop
2024-02-13T00:14:40.675 INFO:teuthology.orchestra.run.smithi026.stderr:/usr/bin/ceph:
2024-02-13T00:14:40.670+0000 7f9688119700 1 -- 172.21.15.26:0/2734271049 >> [v2:172.21.15.26:3300/0,v1:172.21.15.26:6789/0] conn(0x7f96800fd580 msgr2=0x7f96800fce50 secure :-1 s=STATE_CONNECTION_ESTABLISHED l=1).mark_down
2024-02-13T00:14:40.675 INFO:teuthology.orchestra.run.smithi026.stderr:/usr/bin/ceph:
2024-02-13T00:14:40.670+0000 7f9688119700 1 --2- 172.21.15.26:0/2734271049 >> [v2:172.21.15.26:3300/0,v1:172.21.15.26:6789/0] conn(0x7f96800fd580 0x7f96800fce50 secure :-1 s=READY pgs=30 cs=0 l=1 rev1=1 rx=0x7f967c00bf40 tx=0x7f967c006ee0).stop
2024-02-13T00:14:40.675 INFO:teuthology.orchestra.run.smithi026.stderr:/usr/bin/ceph:
2024-02-13T00:14:40.670+0000 7f9688119700 1 -- 172.21.15.26:0/2734271049 shutdown_connections
2024-02-13T00:14:40.675 INFO:teuthology.orchestra.run.smithi026.stderr:/usr/bin/ceph:
2024-02-13T00:14:40.670+0000 7f9688119700 1 --2- 172.21.15.26:0/2734271049 >> [v2:172.21.15.26:6800/1756897879,v1:172.21.15.26:6801/1756897879] conn(0x7f966802fe10 0x7f96680322d0 unknown :-1 s=CLOSED pgs=6 cs=0 l=1 rev1=1 rx=0 tx=0).stop
2024-02-13T00:14:40.675 INFO:teuthology.orchestra.run.smithi026.stderr:/usr/bin/ceph:
2024-02-13T00:14:40.670+0000 7f9688119700 1 --2- 172.21.15.26:0/2734271049 >> [v2:172.21.15.26:3300/0,v1:172.21.15.26:6789/0] conn(0x7f96800fd580 0x7f96800fce50 unknown :-1 s=CLOSED pgs=30 cs=0 l=1 rev1=1 rx=0 tx=0).stop
2024-02-13T00:14:40.676 INFO:teuthology.orchestra.run.smithi026.stderr:/usr/bin/ceph:
2024-02-13T00:14:40.670+0000 7f9688119700 1 -- 172.21.15.26:0/2734271049 >> 172.21.15.26:0/2734271049 conn(0x7f96800f5d20 msgr2=0x7f96800ff390 unknown :-1 s=STATE_NONE l=0).mark_down
2024-02-13T00:14:40.676 INFO:teuthology.orchestra.run.smithi026.stderr:/usr/bin/ceph:
2024-02-13T00:14:40.670+0000 7f9688119700 1 -- 172.21.15.26:0/2734271049 shutdown_connections
2024-02-13T00:14:40.676 INFO:teuthology.orchestra.run.smithi026.stderr:/usr/bin/ceph:
2024-02-13T00:14:40.670+0000 7f9688119700 1 -- 172.21.15.26:0/2734271049 wait complete.
2024-02-13T00:14:41.247 INFO:teuthology.orchestra.run.smithi026.stderr:Running command: /bin/podman run --rm --ipc=host --no-hosts --net=host --entrypoint /usr/bin/ceph --init -e CONTAINER_IMAGE=docker.io/ceph/ceph:v16.2.4 -e NODE_NAME=smithi026 -e CEPH_USE_RANDOM_NONCE=1 -v /var/log/ceph/bc9fba7a-ca04-11ee-95b9-87774f69a715:/var/log/ceph:z -v /tmp/ceph-tmpmzo85zta:/etc/ceph/ceph.client.admin.keyring:z -v /tmp/ceph-tmpzeqnyo1b:/etc/ceph/ceph.conf:z docker.io/ceph/ceph:v16.2.4 cephadm set-user root
2024-02-13T00:14:41.846 INFO:teuthology.orchestra.run.smithi026.stderr:/usr/bin/ceph:
2024-02-13T00:14:41.801+0000 7f84ab7f7700 1 Processor -- start
2024-02-13T00:14:41.846 INFO:teuthology.orchestra.run.smithi026.stderr:/usr/bin/ceph:
2024-02-13T00:14:41.802+0000 7f84ab7f7700 1 -- start start
2024-02-13T00:14:41.846 INFO:teuthology.orchestra.run.smithi026.stderr:/usr/bin/ceph:
2024-02-13T00:14:41.802+0000 7f84ab7f7700 1 --2- >> [v2:172.21.15.26:3300/0,v1:172.21.15.26:6789/0] conn(0x7f84a40724d0 0x7f84a4070a70 unknown :-1 s=NONE pgs=0 cs=0 l=0 rev1=0 rx=0 tx=0).connect
2024-02-13T00:14:41.846 INFO:teuthology.orchestra.run.smithi026.stderr:/usr/bin/ceph:
2024-02-13T00:14:41.802+0000 7f84ab7f7700 1 -- --> [v2:172.21.15.26:3300/0,v1:172.21.15.26:6789/0] -- mon_getmap magic: 0 v1 -- 0x7f84a40728f0 con 0x7f84a40724d0
2024-02-13T00:14:41.846 INFO:teuthology.orchestra.run.smithi026.stderr:/usr/bin/ceph:
2024-02-13T00:14:41.802+0000 7f84a9593700 1 --2- >> [v2:172.21.15.26:3300/0,v1:172.21.15.26:6789/0] conn(0x7f84a40724d0 0x7f84a4070a70 unknown :-1 s=BANNER_CONNECTING pgs=0 cs=0 l=0 rev1=0 rx=0 tx=0)._handle_peer_banner_payload supported=1 required=0
2024-02-13T00:14:41.847 INFO:teuthology.orchestra.run.smithi026.stderr:/usr/bin/ceph:
2024-02-13T00:14:41.802+0000 7f84a9593700 1 --2- >> [v2:172.21.15.26:3300/0,v1:172.21.15.26:6789/0] conn(0x7f84a40724d0 0x7f84a4070a70 unknown :-1 s=HELLO_CONNECTING pgs=0 cs=0 l=0 rev1=1 rx=0 tx=0).handle_hello peer v2:172.21.15.26:3300/0 says I am v2:172.21.15.26:40222/0 (socket says 172.21.15.26:40222)
2024-02-13T00:14:41.847 INFO:teuthology.orchestra.run.smithi026.stderr:/usr/bin/ceph:
2024-02-13T00:14:41.802+0000 7f84a9593700 1 -- 172.21.15.26:0/1839676560 learned_addr learned my addr 172.21.15.26:0/1839676560 (peer_addr_for_me v2:172.21.15.26:0/0)
2024-02-13T00:14:41.847 INFO:teuthology.orchestra.run.smithi026.stderr:/usr/bin/ceph:
2024-02-13T00:14:41.802+0000 7f84a9593700 1 -- 172.21.15.26:0/1839676560 --> [v2:172.21.15.26:3300/0,v1:172.21.15.26:6789/0] -- mon_subscribe({config=0+,monmap=0+}) v3 -- 0x7f84a4070f60 con 0x7f84a40724d0
2024-02-13T00:14:41.847 INFO:teuthology.orchestra.run.smithi026.stderr:/usr/bin/ceph:
2024-02-13T00:14:41.802+0000 7f84a9593700 1 --2- 172.21.15.26:0/1839676560 >> [v2:172.21.15.26:3300/0,v1:172.21.15.26:6789/0] conn(0x7f84a40724d0 0x7f84a4070a70 secure :-1 s=READY pgs=31 cs=0 l=1 rev1=1 rx=0x7f849800b5f0 tx=0x7f8498006ee0).ready entity=mon.0 client_cookie=d1bbdc5642115c21 server_cookie=0 in_seq=0 out_seq=0
2024-02-13T00:14:41.847 INFO:teuthology.orchestra.run.smithi026.stderr:/usr/bin/ceph:
2024-02-13T00:14:41.803+0000 7f8497fff700 1 -- 172.21.15.26:0/1839676560 <== mon.0 v2:172.21.15.26:3300/0 1 ==== mon_map magic: 0 v1 ==== 229+0+0 (secure 0 0 0) 0x7f849800d600 con 0x7f84a40724d0
2024-02-13T00:14:41.847 INFO:teuthology.orchestra.run.smithi026.stderr:/usr/bin/ceph:
2024-02-13T00:14:41.803+0000 7f8497fff700 1 -- 172.21.15.26:0/1839676560 <== mon.0 v2:172.21.15.26:3300/0 2 ==== config(26 keys) v1 ==== 1045+0+0 (secure 0 0 0) 0x7f849800dbf0 con 0x7f84a40724d0
2024-02-13T00:14:41.847 INFO:teuthology.orchestra.run.smithi026.stderr:/usr/bin/ceph:
2024-02-13T00:14:41.803+0000 7f8497fff700 1 -- 172.21.15.26:0/1839676560 <== mon.0 v2:172.21.15.26:3300/0 3 ==== mon_map magic: 0 v1 ==== 229+0+0 (secure 0 0 0) 0x7f8498011cb0 con 0x7f84a40724d0
2024-02-13T00:14:41.847 INFO:teuthology.orchestra.run.smithi026.stderr:/usr/bin/ceph:
2024-02-13T00:14:41.803+0000 7f84ab7f7700 1 -- 172.21.15.26:0/1839676560 >> [v2:172.21.15.26:3300/0,v1:172.21.15.26:6789/0] conn(0x7f84a40724d0 msgr2=0x7f84a4070a70 secure :-1 s=STATE_CONNECTION_ESTABLISHED l=1).mark_down
2024-02-13T00:14:41.847 INFO:teuthology.orchestra.run.smithi026.stderr:/usr/bin/ceph:
2024-02-13T00:14:41.803+0000 7f84ab7f7700 1 --2- 172.21.15.26:0/1839676560 >> [v2:172.21.15.26:3300/0,v1:172.21.15.26:6789/0] conn(0x7f84a40724d0 0x7f84a4070a70 secure :-1 s=READY pgs=31 cs=0 l=1 rev1=1 rx=0x7f849800b5f0 tx=0x7f8498006ee0).stop
2024-02-13T00:14:41.847 INFO:teuthology.orchestra.run.smithi026.stderr:/usr/bin/ceph:
2024-02-13T00:14:41.803+0000 7f84ab7f7700 1 -- 172.21.15.26:0/1839676560 shutdown_connections
2024-02-13T00:14:41.848 INFO:teuthology.orchestra.run.smithi026.stderr:/usr/bin/ceph:
2024-02-13T00:14:41.803+0000 7f84ab7f7700 1 --2- 172.21.15.26:0/1839676560 >> [v2:172.21.15.26:3300/0,v1:172.21.15.26:6789/0] conn(0x7f84a40724d0 0x7f84a4070a70 unknown :-1 s=CLOSED pgs=31 cs=0 l=1 rev1=1 rx=0 tx=0).stop
2024-02-13T00:14:41.848 INFO:teuthology.orchestra.run.smithi026.stderr:/usr/bin/ceph:
2024-02-13T00:14:41.803+0000 7f84ab7f7700 1 -- 172.21.15.26:0/1839676560 >> 172.21.15.26:0/1839676560 conn(0x7f84a40f7640 msgr2=0x7f84a40f9a60 unknown :-1 s=STATE_NONE l=0).mark_down
2024-02-13T00:14:41.848 INFO:teuthology.orchestra.run.smithi026.stderr:/usr/bin/ceph:
2024-02-13T00:14:41.803+0000 7f84ab7f7700 1 -- 172.21.15.26:0/1839676560 shutdown_connections
2024-02-13T00:14:41.848 INFO:teuthology.orchestra.run.smithi026.stderr:/usr/bin/ceph:
2024-02-13T00:14:41.803+0000 7f84ab7f7700 1 -- 172.21.15.26:0/1839676560 wait complete.
2024-02-13T00:14:41.848 INFO:teuthology.orchestra.run.smithi026.stderr:/usr/bin/ceph:
2024-02-13T00:14:41.804+0000 7f84ab7f7700 1 Processor -- start
2024-02-13T00:14:41.848 INFO:teuthology.orchestra.run.smithi026.stderr:/usr/bin/ceph:
2024-02-13T00:14:41.804+0000 7f84ab7f7700 1 -- start start
2024-02-13T00:14:41.848 INFO:teuthology.orchestra.run.smithi026.stderr:/usr/bin/ceph:
2024-02-13T00:14:41.804+0000 7f84ab7f7700 1 --2- >> [v2:172.21.15.26:3300/0,v1:172.21.15.26:6789/0] conn(0x7f84a40724d0 0x7f84a410cd80 unknown :-1 s=NONE pgs=0 cs=0 l=1 rev1=0 rx=0 tx=0).connect
2024-02-13T00:14:41.848 INFO:teuthology.orchestra.run.smithi026.stderr:/usr/bin/ceph:
2024-02-13T00:14:41.804+0000 7f84ab7f7700 1 -- --> [v2:172.21.15.26:3300/0,v1:172.21.15.26:6789/0] -- mon_getmap magic: 0 v1 -- 0x7f84a410d270 con 0x7f84a40724d0
2024-02-13T00:14:41.848 INFO:teuthology.orchestra.run.smithi026.stderr:/usr/bin/ceph:
2024-02-13T00:14:41.804+0000 7f84a9593700 1 --2- >> [v2:172.21.15.26:3300/0,v1:172.21.15.26:6789/0] conn(0x7f84a40724d0 0x7f84a410cd80 unknown :-1 s=BANNER_CONNECTING pgs=0 cs=0 l=1 rev1=0 rx=0 tx=0)._handle_peer_banner_payload supported=1 required=0
2024-02-13T00:14:41.848 INFO:teuthology.orchestra.run.smithi026.stderr:/usr/bin/ceph:
2024-02-13T00:14:41.804+0000 7f84a9593700 1 --2- >> [v2:172.21.15.26:3300/0,v1:172.21.15.26:6789/0] conn(0x7f84a40724d0 0x7f84a410cd80 unknown :-1 s=HELLO_CONNECTING pgs=0 cs=0 l=1 rev1=1 rx=0 tx=0).handle_hello peer v2:172.21.15.26:3300/0 says I am v2:172.21.15.26:40236/0 (socket says 172.21.15.26:40236)
2024-02-13T00:14:41.848 INFO:teuthology.orchestra.run.smithi026.stderr:/usr/bin/ceph:
2024-02-13T00:14:41.804+0000 7f84a9593700 1 -- 172.21.15.26:0/1259787811 learned_addr learned my addr 172.21.15.26:0/1259787811 (peer_addr_for_me v2:172.21.15.26:0/0)
2024-02-13T00:14:41.848 INFO:teuthology.orchestra.run.smithi026.stderr:/usr/bin/ceph:
2024-02-13T00:14:41.804+0000 7f84a9593700 1 -- 172.21.15.26:0/1259787811 --> [v2:172.21.15.26:3300/0,v1:172.21.15.26:6789/0] -- mon_subscribe({config=0+,monmap=0+}) v3 -- 0x7f849800b200 con 0x7f84a40724d0
2024-02-13T00:14:41.848 INFO:teuthology.orchestra.run.smithi026.stderr:/usr/bin/ceph:
2024-02-13T00:14:41.804+0000 7f84a9593700 1 --2- 172.21.15.26:0/1259787811 >> [v2:172.21.15.26:3300/0,v1:172.21.15.26:6789/0] conn(0x7f84a40724d0 0x7f84a410cd80 secure :-1 s=READY pgs=32 cs=0 l=1 rev1=1 rx=0x7f8498006800 tx=0x7f8498006ee0).ready entity=mon.0 client_cookie=0 server_cookie=0 in_seq=0 out_seq=0
2024-02-13T00:14:41.848 INFO:teuthology.orchestra.run.smithi026.stderr:/usr/bin/ceph:
2024-02-13T00:14:41.805+0000 7f8495ffb700 1 -- 172.21.15.26:0/1259787811 <== mon.0 v2:172.21.15.26:3300/0 1 ==== mon_map magic: 0 v1 ==== 229+0+0 (secure 0 0 0) 0x7f849801b570 con 0x7f84a40724d0
2024-02-13T00:14:41.849 INFO:teuthology.orchestra.run.smithi026.stderr:/usr/bin/ceph:
2024-02-13T00:14:41.805+0000 7f8495ffb700 1 -- 172.21.15.26:0/1259787811 <== mon.0 v2:172.21.15.26:3300/0 2 ==== config(26 keys) v1 ==== 1045+0+0 (secure 0 0 0) 0x7f849801bb60 con 0x7f84a40724d0
2024-02-13T00:14:41.849 INFO:teuthology.orchestra.run.smithi026.stderr:/usr/bin/ceph:
2024-02-13T00:14:41.805+0000 7f84ab7f7700 1 -- 172.21.15.26:0/1259787811 --> [v2:172.21.15.26:3300/0,v1:172.21.15.26:6789/0] -- mon_subscribe({mgrmap=0+}) v3 -- 0x7f84a410d470 con 0x7f84a40724d0
2024-02-13T00:14:41.849 INFO:teuthology.orchestra.run.smithi026.stderr:/usr/bin/ceph:
2024-02-13T00:14:41.805+0000 7f8495ffb700 1 -- 172.21.15.26:0/1259787811 <== mon.0 v2:172.21.15.26:3300/0 3 ==== mon_map magic: 0 v1 ==== 229+0+0 (secure 0 0 0) 0x7f849801a9f0 con 0x7f84a40724d0
2024-02-13T00:14:41.849 INFO:teuthology.orchestra.run.smithi026.stderr:/usr/bin/ceph:
2024-02-13T00:14:41.805+0000 7f84ab7f7700 1 -- 172.21.15.26:0/1259787811 --> [v2:172.21.15.26:3300/0,v1:172.21.15.26:6789/0] -- mon_subscribe({osdmap=0}) v3 -- 0x7f84a410e0b0 con 0x7f84a40724d0
2024-02-13T00:14:41.849 INFO:teuthology.orchestra.run.smithi026.stderr:/usr/bin/ceph:
2024-02-13T00:14:41.806+0000 7f8495ffb700 1 -- 172.21.15.26:0/1259787811 <== mon.0 v2:172.21.15.26:3300/0 4 ==== mgrmap(e 8) v1 ==== 36120+0+0 (secure 0 0 0) 0x7f849800f070 con 0x7f84a40724d0
2024-02-13T00:14:41.849 INFO:teuthology.orchestra.run.smithi026.stderr:/usr/bin/ceph:
2024-02-13T00:14:41.806+0000 7f8495ffb700 1 --2- 172.21.15.26:0/1259787811 >> [v2:172.21.15.26:6800/1756897879,v1:172.21.15.26:6801/1756897879] conn(0x7f848c02fe70 0x7f848c032330 unknown :-1 s=NONE pgs=0 cs=0 l=1 rev1=0 rx=0 tx=0).connect
2024-02-13T00:14:41.849 INFO:teuthology.orchestra.run.smithi026.stderr:/usr/bin/ceph:
2024-02-13T00:14:41.806+0000 7f8495ffb700 1 -- 172.21.15.26:0/1259787811 <== mon.0 v2:172.21.15.26:3300/0 5 ==== osd_map(2..2 src has 1..2) v4 ==== 926+0+0 (secure 0 0 0) 0x7f84980413d0 con 0x7f84a40724d0
2024-02-13T00:14:41.849 INFO:teuthology.orchestra.run.smithi026.stderr:/usr/bin/ceph:
2024-02-13T00:14:41.806+0000 7f84ab7f7700 1 -- 172.21.15.26:0/1259787811 --> [v2:172.21.15.26:3300/0,v1:172.21.15.26:6789/0] -- mon_command({"prefix": "get_command_descriptions"} v 0) v1 -- 0x7f84a410d900 con 0x7f84a40724d0
2024-02-13T00:14:41.849 INFO:teuthology.orchestra.run.smithi026.stderr:/usr/bin/ceph:
2024-02-13T00:14:41.806+0000 7f84a8d92700 1 --2- 172.21.15.26:0/1259787811 >> [v2:172.21.15.26:6800/1756897879,v1:172.21.15.26:6801/1756897879] conn(0x7f848c02fe70 0x7f848c032330 unknown :-1 s=BANNER_CONNECTING pgs=0 cs=0 l=1 rev1=0 rx=0 tx=0)._handle_peer_banner_payload supported=1 required=0
2024-02-13T00:14:41.849 INFO:teuthology.orchestra.run.smithi026.stderr:/usr/bin/ceph:
2024-02-13T00:14:41.806+0000 7f84a8d92700 1 --2- 172.21.15.26:0/1259787811 >> [v2:172.21.15.26:6800/1756897879,v1:172.21.15.26:6801/1756897879] conn(0x7f848c02fe70 0x7f848c032330 secure :-1 s=READY pgs=7 cs=0 l=1 rev1=1 rx=0x7f84a00096a0 tx=0x7f84a0006b40).ready entity=mgr.14114 client_cookie=0 server_cookie=0 in_seq=0 out_seq=0
2024-02-13T00:14:41.849 INFO:teuthology.orchestra.run.smithi026.stderr:/usr/bin/ceph:
2024-02-13T00:14:41.810+0000 7f8495ffb700 1 -- 172.21.15.26:0/1259787811 <== mon.0 v2:172.21.15.26:3300/0 6 ==== mon_command_ack([{"prefix": "get_command_descriptions"}]=0 v0) v1 ==== 72+0+152212 (secure 0 0 0) 0x7f8498016070 con 0x7f84a40724d0
2024-02-13T00:14:41.953 INFO:journalctl@ceph.mon.smithi026.smithi026.stdout:Feb 13 00:14:41 smithi026 ceph-bc9fba7a-ca04-11ee-95b9-87774f69a715-mon.smithi026[39468]: audit
2024-02-13T00:14:40.665959+0000 mgr.smithi026.pkzddy (mgr.14114) 3 : audit [DBG] from='client.14124 -' entity='client.admin' cmd=[{"prefix": "orch set backend", "module_name": "cephadm", "target": ["mon-mgr", ""]}]: dispatch
2024-02-13T00:14:41.954 INFO:journalctl@ceph.mon.smithi026.smithi026.stdout:Feb 13 00:14:41 smithi026 ceph-bc9fba7a-ca04-11ee-95b9-87774f69a715-mon.smithi026[39468]: audit
2024-02-13T00:14:40.669880+0000 mon.smithi026 (mon.0) 50 : audit [INF] from='mgr.14114 172.21.15.26:0/3181779528' entity='mgr.smithi026.pkzddy'
2024-02-13T00:14:41.954 INFO:journalctl@ceph.mon.smithi026.smithi026.stdout:Feb 13 00:14:41 smithi026 ceph-bc9fba7a-ca04-11ee-95b9-87774f69a715-mon.smithi026[39468]: audit
2024-02-13T00:14:40.673243+0000 mon.smithi026 (mon.0) 51 : audit [DBG] from='mgr.14114 172.21.15.26:0/3181779528' entity='mgr.smithi026.pkzddy' cmd=[{"prefix": "config dump", "format": "json"}]: dispatch
2024-02-13T00:14:41.980 INFO:teuthology.orchestra.run.smithi026.stderr:/usr/bin/ceph:
2024-02-13T00:14:41.976+0000 7f84ab7f7700 1 -- 172.21.15.26:0/1259787811 --> [v2:172.21.15.26:6800/1756897879,v1:172.21.15.26:6801/1756897879] -- mgr_command(tid 0: {"prefix": "cephadm set-user", "user": "root", "target": ["mon-mgr", ""]}) v1 -- 0x7f84a41021f0 con 0x7f848c02fe70
2024-02-13T00:14:41.980 INFO:teuthology.orchestra.run.smithi026.stderr:/usr/bin/ceph:
2024-02-13T00:14:41.976+0000 7f8495ffb700 1 -- 172.21.15.26:0/1259787811 <== mgr.14114 v2:172.21.15.26:6800/1756897879 1 ==== mgr_command_reply(tid 0: 0 ) v1 ==== 8+0+16 (secure 0 0 0) 0x7f84a41021f0 con 0x7f848c02fe70
2024-02-13T00:14:41.980 INFO:teuthology.orchestra.run.smithi026.stderr:/usr/bin/ceph: value unchanged
2024-02-13T00:14:41.983 INFO:teuthology.orchestra.run.smithi026.stderr:/usr/bin/ceph:
2024-02-13T00:14:41.978+0000 7f84ab7f7700 1 -- 172.21.15.26:0/1259787811 >> [v2:172.21.15.26:6800/1756897879,v1:172.21.15.26:6801/1756897879] conn(0x7f848c02fe70 msgr2=0x7f848c032330 secure :-1 s=STATE_CONNECTION_ESTABLISHED l=1).mark_down
2024-02-13T00:14:41.983 INFO:teuthology.orchestra.run.smithi026.stderr:/usr/bin/ceph:
2024-02-13T00:14:41.978+0000 7f84ab7f7700 1 --2- 172.21.15.26:0/1259787811 >> [v2:172.21.15.26:6800/1756897879,v1:172.21.15.26:6801/1756897879] conn(0x7f848c02fe70 0x7f848c032330 secure :-1 s=READY pgs=7 cs=0 l=1 rev1=1 rx=0x7f84a00096a0 tx=0x7f84a0006b40).stop
2024-02-13T00:14:41.983 INFO:teuthology.orchestra.run.smithi026.stderr:/usr/bin/ceph:
2024-02-13T00:14:41.978+0000 7f84ab7f7700 1 -- 172.21.15.26:0/1259787811 >> [v2:172.21.15.26:3300/0,v1:172.21.15.26:6789/0] conn(0x7f84a40724d0 msgr2=0x7f84a410cd80 secure :-1 s=STATE_CONNECTION_ESTABLISHED l=1).mark_down
2024-02-13T00:14:41.983 INFO:teuthology.orchestra.run.smithi026.stderr:/usr/bin/ceph:
2024-02-13T00:14:41.978+0000 7f84ab7f7700 1 --2- 172.21.15.26:0/1259787811 >> [v2:172.21.15.26:3300/0,v1:172.21.15.26:6789/0] conn(0x7f84a40724d0 0x7f84a410cd80 secure :-1 s=READY pgs=32 cs=0 l=1 rev1=1 rx=0x7f8498006800 tx=0x7f8498006ee0).stop
2024-02-13T00:14:41.983 INFO:teuthology.orchestra.run.smithi026.stderr:/usr/bin/ceph:
2024-02-13T00:14:41.978+0000 7f84ab7f7700 1 -- 172.21.15.26:0/1259787811 shutdown_connections
2024-02-13T00:14:41.983 INFO:teuthology.orchestra.run.smithi026.stderr:/usr/bin/ceph:
2024-02-13T00:14:41.978+0000 7f84ab7f7700 1 --2- 172.21.15.26:0/1259787811 >> [v2:172.21.15.26:6800/1756897879,v1:172.21.15.26:6801/1756897879] conn(0x7f848c02fe70 0x7f848c032330 unknown :-1 s=CLOSED pgs=7 cs=0 l=1 rev1=1 rx=0 tx=0).stop
2024-02-13T00:14:41.983 INFO:teuthology.orchestra.run.smithi026.stderr:/usr/bin/ceph:
2024-02-13T00:14:41.978+0000 7f84ab7f7700 1 --2- 172.21.15.26:0/1259787811 >> [v2:172.21.15.26:3300/0,v1:172.21.15.26:6789/0] conn(0x7f84a40724d0 0x7f84a410cd80 unknown :-1 s=CLOSED pgs=32 cs=0 l=1 rev1=1 rx=0 tx=0).stop
2024-02-13T00:14:41.983 INFO:teuthology.orchestra.run.smithi026.stderr:/usr/bin/ceph:
2024-02-13T00:14:41.978+0000 7f84ab7f7700 1 -- 172.21.15.26:0/1259787811 >> 172.21.15.26:0/1259787811 conn(0x7f84a40f7640 msgr2=0x7f84a40f9060 unknown :-1 s=STATE_NONE l=0).mark_down
2024-02-13T00:14:41.984 INFO:teuthology.orchestra.run.smithi026.stderr:/usr/bin/ceph:
2024-02-13T00:14:41.978+0000 7f84ab7f7700 1 -- 172.21.15.26:0/1259787811 shutdown_connections
2024-02-13T00:14:41.984 INFO:teuthology.orchestra.run.smithi026.stderr:/usr/bin/ceph:
2024-02-13T00:14:41.978+0000 7f84ab7f7700 1 -- 172.21.15.26:0/1259787811 wait complete.
2024-02-13T00:14:42.563 INFO:teuthology.orchestra.run.smithi026.stderr:Generating ssh key...
2024-02-13T00:14:42.563 INFO:teuthology.orchestra.run.smithi026.stderr:Running command: /bin/podman run --rm --ipc=host --no-hosts --net=host --entrypoint /usr/bin/ceph --init -e CONTAINER_IMAGE=docker.io/ceph/ceph:v16.2.4 -e NODE_NAME=smithi026 -e CEPH_USE_RANDOM_NONCE=1 -v /var/log/ceph/bc9fba7a-ca04-11ee-95b9-87774f69a715:/var/log/ceph:z -v /tmp/ceph-tmpmzo85zta:/etc/ceph/ceph.client.admin.keyring:z -v /tmp/ceph-tmpzeqnyo1b:/etc/ceph/ceph.conf:z docker.io/ceph/ceph:v16.2.4 cephadm generate-key
2024-02-13T00:14:42.838 INFO:journalctl@ceph.mon.smithi026.smithi026.stdout:Feb 13 00:14:42 smithi026 ceph-bc9fba7a-ca04-11ee-95b9-87774f69a715-mon.smithi026[39468]: audit
2024-02-13T00:14:41.978299+0000 mgr.smithi026.pkzddy (mgr.14114) 4 : audit [DBG] from='client.14126 -' entity='client.admin' cmd=[{"prefix": "cephadm set-user", "user": "root", "target": ["mon-mgr", ""]}]: dispatch
2024-02-13T00:14:43.142 INFO:teuthology.orchestra.run.smithi026.stderr:/usr/bin/ceph:
2024-02-13T00:14:43.137+0000 7f2d207c5700 1 Processor -- start
2024-02-13T00:14:43.142 INFO:teuthology.orchestra.run.smithi026.stderr:/usr/bin/ceph:
2024-02-13T00:14:43.137+0000 7f2d207c5700 1 -- start start
2024-02-13T00:14:43.142 INFO:teuthology.orchestra.run.smithi026.stderr:/usr/bin/ceph:
2024-02-13T00:14:43.137+0000 7f2d207c5700 1 --2- >> [v2:172.21.15.26:3300/0,v1:172.21.15.26:6789/0] conn(0x7f2d18070370 0x7f2d180feb10 unknown :-1 s=NONE pgs=0 cs=0 l=0 rev1=0 rx=0 tx=0).connect
2024-02-13T00:14:43.142 INFO:teuthology.orchestra.run.smithi026.stderr:/usr/bin/ceph:
2024-02-13T00:14:43.137+0000 7f2d207c5700 1 -- --> [v2:172.21.15.26:3300/0,v1:172.21.15.26:6789/0] -- mon_getmap magic: 0 v1 -- 0x7f2d18070790 con 0x7f2d18070370
2024-02-13T00:14:43.146 INFO:teuthology.orchestra.run.smithi026.stderr:/usr/bin/ceph:
2024-02-13T00:14:43.138+0000 7f2d1e561700 1 --2- >> [v2:172.21.15.26:3300/0,v1:172.21.15.26:6789/0] conn(0x7f2d18070370 0x7f2d180feb10 unknown :-1 s=BANNER_CONNECTING pgs=0 cs=0 l=0 rev1=0 rx=0 tx=0)._handle_peer_banner_payload supported=1 required=0
2024-02-13T00:14:43.146 INFO:teuthology.orchestra.run.smithi026.stderr:/usr/bin/ceph:
2024-02-13T00:14:43.138+0000 7f2d1e561700 1 --2- >> [v2:172.21.15.26:3300/0,v1:172.21.15.26:6789/0] conn(0x7f2d18070370 0x7f2d180feb10 unknown :-1 s=HELLO_CONNECTING pgs=0 cs=0 l=0 rev1=1 rx=0 tx=0).handle_hello peer v2:172.21.15.26:3300/0 says I am v2:172.21.15.26:40238/0 (socket says 172.21.15.26:40238)
2024-02-13T00:14:43.146 INFO:teuthology.orchestra.run.smithi026.stderr:/usr/bin/ceph:
2024-02-13T00:14:43.138+0000 7f2d1e561700 1 -- 172.21.15.26:0/2714006618 learned_addr learned my addr 172.21.15.26:0/2714006618 (peer_addr_for_me v2:172.21.15.26:0/0)
2024-02-13T00:14:43.146 INFO:teuthology.orchestra.run.smithi026.stderr:/usr/bin/ceph:
2024-02-13T00:14:43.138+0000 7f2d1e561700 1 -- 172.21.15.26:0/2714006618 --> [v2:172.21.15.26:3300/0,v1:172.21.15.26:6789/0] -- mon_subscribe({config=0+,monmap=0+}) v3 -- 0x7f2d180ff000 con 0x7f2d18070370
2024-02-13T00:14:43.146 INFO:teuthology.orchestra.run.smithi026.stderr:/usr/bin/ceph:
2024-02-13T00:14:43.138+0000 7f2d1e561700 1 --2- 172.21.15.26:0/2714006618 >> [v2:172.21.15.26:3300/0,v1:172.21.15.26:6789/0] conn(0x7f2d18070370 0x7f2d180feb10 secure :-1 s=READY pgs=33 cs=0 l=1 rev1=1 rx=0x7f2d0c00b5f0 tx=0x7f2d0c006ee0).ready entity=mon.0 client_cookie=8c13db872715e540 server_cookie=0 in_seq=0 out_seq=0
2024-02-13T00:14:43.146 INFO:teuthology.orchestra.run.smithi026.stderr:/usr/bin/ceph:
2024-02-13T00:14:43.138+0000 7f2d1d55f700 1 -- 172.21.15.26:0/2714006618 <== mon.0 v2:172.21.15.26:3300/0 1 ==== mon_map magic: 0 v1 ==== 229+0+0 (secure 0 0 0) 0x7f2d0c00d600 con 0x7f2d18070370
2024-02-13T00:14:43.146 INFO:teuthology.orchestra.run.smithi026.stderr:/usr/bin/ceph:
2024-02-13T00:14:43.138+0000 7f2d1d55f700 1 -- 172.21.15.26:0/2714006618 <== mon.0 v2:172.21.15.26:3300/0 2 ==== config(26 keys) v1 ==== 1045+0+0 (secure 0 0 0) 0x7f2d0c00dbf0 con 0x7f2d18070370
2024-02-13T00:14:43.146 INFO:teuthology.orchestra.run.smithi026.stderr:/usr/bin/ceph:
2024-02-13T00:14:43.138+0000 7f2d1d55f700 1 -- 172.21.15.26:0/2714006618 <== mon.0 v2:172.21.15.26:3300/0 3 ==== mon_map magic: 0 v1 ==== 229+0+0 (secure 0 0 0) 0x7f2d0c011cb0 con 0x7f2d18070370
2024-02-13T00:14:43.147 INFO:teuthology.orchestra.run.smithi026.stderr:/usr/bin/ceph:
2024-02-13T00:14:43.139+0000 7f2d207c5700 1 -- 172.21.15.26:0/2714006618 >> [v2:172.21.15.26:3300/0,v1:172.21.15.26:6789/0] conn(0x7f2d18070370 msgr2=0x7f2d180feb10 secure :-1 s=STATE_CONNECTION_ESTABLISHED l=1).mark_down
2024-02-13T00:14:43.147 INFO:teuthology.orchestra.run.smithi026.stderr:/usr/bin/ceph:
2024-02-13T00:14:43.139+0000 7f2d207c5700 1 --2- 172.21.15.26:0/2714006618 >> [v2:172.21.15.26:3300/0,v1:172.21.15.26:6789/0] conn(0x7f2d18070370 0x7f2d180feb10 secure :-1 s=READY pgs=33 cs=0 l=1 rev1=1 rx=0x7f2d0c00b5f0 tx=0x7f2d0c006ee0).stop
2024-02-13T00:14:43.147 INFO:teuthology.orchestra.run.smithi026.stderr:/usr/bin/ceph:
2024-02-13T00:14:43.139+0000 7f2d207c5700 1 -- 172.21.15.26:0/2714006618 shutdown_connections
2024-02-13T00:14:43.147 INFO:teuthology.orchestra.run.smithi026.stderr:/usr/bin/ceph:
2024-02-13T00:14:43.139+0000 7f2d207c5700 1 --2- 172.21.15.26:0/2714006618 >> [v2:172.21.15.26:3300/0,v1:172.21.15.26:6789/0] conn(0x7f2d18070370 0x7f2d180feb10 unknown :-1 s=CLOSED pgs=33 cs=0 l=1 rev1=1 rx=0 tx=0).stop
2024-02-13T00:14:43.147 INFO:teuthology.orchestra.run.smithi026.stderr:/usr/bin/ceph:
2024-02-13T00:14:43.139+0000 7f2d207c5700 1 -- 172.21.15.26:0/2714006618 >> 172.21.15.26:0/2714006618 conn(0x7f2d180f6530 msgr2=0x7f2d180f8950 unknown :-1 s=STATE_NONE l=0).mark_down
2024-02-13T00:14:43.147 INFO:teuthology.orchestra.run.smithi026.stderr:/usr/bin/ceph:
2024-02-13T00:14:43.139+0000 7f2d207c5700 1 -- 172.21.15.26:0/2714006618 shutdown_connections
2024-02-13T00:14:43.147 INFO:teuthology.orchestra.run.smithi026.stderr:/usr/bin/ceph:
2024-02-13T00:14:43.139+0000 7f2d207c5700 1 -- 172.21.15.26:0/2714006618 wait complete.
2024-02-13T00:14:43.147 INFO:teuthology.orchestra.run.smithi026.stderr:/usr/bin/ceph:
2024-02-13T00:14:43.140+0000 7f2d207c5700 1 Processor -- start
2024-02-13T00:14:43.147 INFO:teuthology.orchestra.run.smithi026.stderr:/usr/bin/ceph:
2024-02-13T00:14:43.140+0000 7f2d207c5700 1 -- start start
2024-02-13T00:14:43.147 INFO:teuthology.orchestra.run.smithi026.stderr:/usr/bin/ceph:
2024-02-13T00:14:43.140+0000 7f2d207c5700 1 --2- >> [v2:172.21.15.26:3300/0,v1:172.21.15.26:6789/0] conn(0x7f2d18070370 0x7f2d1810ab30 unknown :-1 s=NONE pgs=0 cs=0 l=1 rev1=0 rx=0 tx=0).connect
2024-02-13T00:14:43.147 INFO:teuthology.orchestra.run.smithi026.stderr:/usr/bin/ceph:
2024-02-13T00:14:43.140+0000 7f2d207c5700 1 -- --> [v2:172.21.15.26:3300/0,v1:172.21.15.26:6789/0] -- mon_getmap magic: 0 v1 -- 0x7f2d1810b020 con 0x7f2d18070370
2024-02-13T00:14:43.147 INFO:teuthology.orchestra.run.smithi026.stderr:/usr/bin/ceph:
2024-02-13T00:14:43.140+0000 7f2d1e561700 1 --2- >> [v2:172.21.15.26:3300/0,v1:172.21.15.26:6789/0] conn(0x7f2d18070370 0x7f2d1810ab30 unknown :-1 s=BANNER_CONNECTING pgs=0 cs=0 l=1 rev1=0 rx=0 tx=0)._handle_peer_banner_payload supported=1 required=0
2024-02-13T00:14:43.147 INFO:teuthology.orchestra.run.smithi026.stderr:/usr/bin/ceph:
2024-02-13T00:14:43.140+0000 7f2d1e561700 1 --2- >> [v2:172.21.15.26:3300/0,v1:172.21.15.26:6789/0] conn(0x7f2d18070370 0x7f2d1810ab30 unknown :-1 s=HELLO_CONNECTING pgs=0 cs=0 l=1 rev1=1 rx=0 tx=0).handle_hello peer v2:172.21.15.26:3300/0 says I am v2:172.21.15.26:40240/0 (socket says 172.21.15.26:40240)
2024-02-13T00:14:43.147 INFO:teuthology.orchestra.run.smithi026.stderr:/usr/bin/ceph:
2024-02-13T00:14:43.140+0000 7f2d1e561700 1 -- 172.21.15.26:0/3268753210 learned_addr learned my addr 172.21.15.26:0/3268753210 (peer_addr_for_me v2:172.21.15.26:0/0)
2024-02-13T00:14:43.147 INFO:teuthology.orchestra.run.smithi026.stderr:/usr/bin/ceph:
2024-02-13T00:14:43.141+0000 7f2d1e561700 1 -- 172.21.15.26:0/3268753210 --> [v2:172.21.15.26:3300/0,v1:172.21.15.26:6789/0] -- mon_subscribe({config=0+,monmap=0+}) v3 -- 0x7f2d0c00b200 con 0x7f2d18070370
2024-02-13T00:14:43.148 INFO:teuthology.orchestra.run.smithi026.stderr:/usr/bin/ceph:
2024-02-13T00:14:43.141+0000 7f2d1e561700 1 --2- 172.21.15.26:0/3268753210 >> [v2:172.21.15.26:3300/0,v1:172.21.15.26:6789/0] conn(0x7f2d18070370 0x7f2d1810ab30 secure :-1 s=READY pgs=34 cs=0 l=1 rev1=1 rx=0x7f2d0c006800 tx=0x7f2d0c006ee0).ready entity=mon.0 client_cookie=0 server_cookie=0 in_seq=0 out_seq=0
2024-02-13T00:14:43.148 INFO:teuthology.orchestra.run.smithi026.stderr:/usr/bin/ceph:
2024-02-13T00:14:43.141+0000 7f2d0affd700 1 -- 172.21.15.26:0/3268753210 <== mon.0 v2:172.21.15.26:3300/0 1 ==== mon_map magic: 0 v1 ==== 229+0+0 (secure 0 0 0) 0x7f2d0c01b570 con 0x7f2d18070370
2024-02-13T00:14:43.148 INFO:teuthology.orchestra.run.smithi026.stderr:/usr/bin/ceph:
2024-02-13T00:14:43.141+0000 7f2d0affd700 1 -- 172.21.15.26:0/3268753210 <== mon.0 v2:172.21.15.26:3300/0 2 ==== config(26 keys) v1 ==== 1045+0+0 (secure 0 0 0) 0x7f2d0c01bb60 con 0x7f2d18070370
2024-02-13T00:14:43.148 INFO:teuthology.orchestra.run.smithi026.stderr:/usr/bin/ceph:
2024-02-13T00:14:43.141+0000 7f2d207c5700 1 -- 172.21.15.26:0/3268753210 --> [v2:172.21.15.26:3300/0,v1:172.21.15.26:6789/0] -- mon_subscribe({mgrmap=0+}) v3 -- 0x7f2d1810b220 con 0x7f2d18070370
2024-02-13T00:14:43.148 INFO:teuthology.orchestra.run.smithi026.stderr:/usr/bin/ceph:
2024-02-13T00:14:43.141+0000 7f2d0affd700 1 -- 172.21.15.26:0/3268753210 <== mon.0 v2:172.21.15.26:3300/0 3 ==== mon_map magic: 0 v1 ==== 229+0+0 (secure 0 0 0) 0x7f2d0c01a9f0 con 0x7f2d18070370
2024-02-13T00:14:43.148 INFO:teuthology.orchestra.run.smithi026.stderr:/usr/bin/ceph:
2024-02-13T00:14:43.141+0000 7f2d207c5700 1 -- 172.21.15.26:0/3268753210 --> [v2:172.21.15.26:3300/0,v1:172.21.15.26:6789/0] -- mon_subscribe({osdmap=0}) v3 -- 0x7f2d1810b6b0 con 0x7f2d18070370
2024-02-13T00:14:43.148 INFO:teuthology.orchestra.run.smithi026.stderr:/usr/bin/ceph:
2024-02-13T00:14:43.142+0000 7f2d0affd700 1 -- 172.21.15.26:0/3268753210 <== mon.0 v2:172.21.15.26:3300/0 4 ==== mgrmap(e 8) v1 ==== 36120+0+0 (secure 0 0 0) 0x7f2d0c00f070 con 0x7f2d18070370
2024-02-13T00:14:43.148 INFO:teuthology.orchestra.run.smithi026.stderr:/usr/bin/ceph:
2024-02-13T00:14:43.142+0000 7f2d0affd700 1 --2- 172.21.15.26:0/3268753210 >> [v2:172.21.15.26:6800/1756897879,v1:172.21.15.26:6801/1756897879] conn(0x7f2d0002fe70 0x7f2d00032330 unknown :-1 s=NONE pgs=0 cs=0 l=1 rev1=0 rx=0 tx=0).connect
2024-02-13T00:14:43.148 INFO:teuthology.orchestra.run.smithi026.stderr:/usr/bin/ceph:
2024-02-13T00:14:43.142+0000 7f2d0affd700 1 -- 172.21.15.26:0/3268753210 <== mon.0 v2:172.21.15.26:3300/0 5 ==== osd_map(2..2 src has 1..2) v4 ==== 926+0+0 (secure 0 0 0) 0x7f2d0c041400 con 0x7f2d18070370
2024-02-13T00:14:43.148 INFO:teuthology.orchestra.run.smithi026.stderr:/usr/bin/ceph:
2024-02-13T00:14:43.142+0000 7f2d1dd60700 1 --2- 172.21.15.26:0/3268753210 >> [v2:172.21.15.26:6800/1756897879,v1:172.21.15.26:6801/1756897879] conn(0x7f2d0002fe70 0x7f2d00032330 unknown :-1 s=BANNER_CONNECTING pgs=0 cs=0 l=1 rev1=0 rx=0 tx=0)._handle_peer_banner_payload supported=1 required=0
2024-02-13T00:14:43.148 INFO:teuthology.orchestra.run.smithi026.stderr:/usr/bin/ceph:
2024-02-13T00:14:43.142+0000 7f2d207c5700 1 -- 172.21.15.26:0/3268753210 --> [v2:172.21.15.26:3300/0,v1:172.21.15.26:6789/0] -- mon_command({"prefix": "get_command_descriptions"} v 0) v1 -- 0x7f2d18045ad0 con 0x7f2d18070370
2024-02-13T00:14:43.148 INFO:teuthology.orchestra.run.smithi026.stderr:/usr/bin/ceph:
2024-02-13T00:14:43.142+0000 7f2d1dd60700 1 --2- 172.21.15.26:0/3268753210 >> [v2:172.21.15.26:6800/1756897879,v1:172.21.15.26:6801/1756897879] conn(0x7f2d0002fe70 0x7f2d00032330 secure :-1 s=READY pgs=8 cs=0 l=1 rev1=1 rx=0x7f2d140096a0 tx=0x7f2d14006b40).ready entity=mgr.14114 client_cookie=0 server_cookie=0 in_seq=0 out_seq=0
2024-02-13T00:14:43.150 INFO:teuthology.orchestra.run.smithi026.stderr:/usr/bin/ceph:
2024-02-13T00:14:43.146+0000 7f2d0affd700 1 -- 172.21.15.26:0/3268753210 <== mon.0 v2:172.21.15.26:3300/0 6 ==== mon_command_ack([{"prefix": "get_command_descriptions"}]=0 v0) v1 ==== 72+0+152212 (secure 0 0 0) 0x7f2d0c016070 con 0x7f2d18070370
2024-02-13T00:14:43.309 INFO:teuthology.orchestra.run.smithi026.stderr:/usr/bin/ceph:
2024-02-13T00:14:43.305+0000 7f2d207c5700 1 -- 172.21.15.26:0/3268753210 --> [v2:172.21.15.26:6800/1756897879,v1:172.21.15.26:6801/1756897879] -- mgr_command(tid 0: {"prefix": "cephadm generate-key", "target": ["mon-mgr", ""]}) v1 -- 0x7f2d18104bf0 con 0x7f2d0002fe70
2024-02-13T00:14:43.886 INFO:teuthology.orchestra.run.smithi026.stderr:/usr/bin/ceph:
2024-02-13T00:14:43.882+0000 7f2d0affd700 1 -- 172.21.15.26:0/3268753210 <== mgr.14114 v2:172.21.15.26:6800/1756897879 1 ==== mgr_command_reply(tid 0: 0 ) v1 ==== 8+0+0 (secure 0 0 0) 0x7f2d18104bf0 con 0x7f2d0002fe70
2024-02-13T00:14:43.889 INFO:teuthology.orchestra.run.smithi026.stderr:/usr/bin/ceph:
2024-02-13T00:14:43.884+0000 7f2d207c5700 1 -- 172.21.15.26:0/3268753210 >> [v2:172.21.15.26:6800/1756897879,v1:172.21.15.26:6801/1756897879] conn(0x7f2d0002fe70 msgr2=0x7f2d00032330 secure :-1 s=STATE_CONNECTION_ESTABLISHED l=1).mark_down
2024-02-13T00:14:43.889 INFO:teuthology.orchestra.run.smithi026.stderr:/usr/bin/ceph:
2024-02-13T00:14:43.884+0000 7f2d207c5700 1 --2- 172.21.15.26:0/3268753210 >> [v2:172.21.15.26:6800/1756897879,v1:172.21.15.26:6801/1756897879] conn(0x7f2d0002fe70 0x7f2d00032330 secure :-1 s=READY pgs=8 cs=0 l=1 rev1=1 rx=0x7f2d140096a0 tx=0x7f2d14006b40).stop
2024-02-13T00:14:43.889 INFO:teuthology.orchestra.run.smithi026.stderr:/usr/bin/ceph:
2024-02-13T00:14:43.884+0000 7f2d207c5700 1 -- 172.21.15.26:0/3268753210 >> [v2:172.21.15.26:3300/0,v1:172.21.15.26:6789/0] conn(0x7f2d18070370 msgr2=0x7f2d1810ab30 secure :-1 s=STATE_CONNECTION_ESTABLISHED l=1).mark_down
2024-02-13T00:14:43.889 INFO:teuthology.orchestra.run.smithi026.stderr:/usr/bin/ceph:
2024-02-13T00:14:43.884+0000 7f2d207c5700 1 --2- 172.21.15.26:0/3268753210 >> [v2:172.21.15.26:3300/0,v1:172.21.15.26:6789/0] conn(0x7f2d18070370 0x7f2d1810ab30 secure :-1 s=READY pgs=34 cs=0 l=1 rev1=1 rx=0x7f2d0c006800 tx=0x7f2d0c006ee0).stop
2024-02-13T00:14:43.889 INFO:teuthology.orchestra.run.smithi026.stderr:/usr/bin/ceph:
2024-02-13T00:14:43.884+0000 7f2d207c5700 1 -- 172.21.15.26:0/3268753210 shutdown_connections
2024-02-13T00:14:43.889 INFO:teuthology.orchestra.run.smithi026.stderr:/usr/bin/ceph:
2024-02-13T00:14:43.884+0000 7f2d207c5700 1 --2- 172.21.15.26:0/3268753210 >> [v2:172.21.15.26:6800/1756897879,v1:172.21.15.26:6801/1756897879] conn(0x7f2d0002fe70 0x7f2d00032330 unknown :-1 s=CLOSED pgs=8 cs=0 l=1 rev1=1 rx=0 tx=0).stop
2024-02-13T00:14:43.889 INFO:teuthology.orchestra.run.smithi026.stderr:/usr/bin/ceph:
2024-02-13T00:14:43.884+0000 7f2d207c5700 1 --2- 172.21.15.26:0/3268753210 >> [v2:172.21.15.26:3300/0,v1:172.21.15.26:6789/0] conn(0x7f2d18070370 0x7f2d1810ab30 unknown :-1 s=CLOSED pgs=34 cs=0 l=1 rev1=1 rx=0 tx=0).stop
2024-02-13T00:14:43.889 INFO:teuthology.orchestra.run.smithi026.stderr:/usr/bin/ceph:
2024-02-13T00:14:43.884+0000 7f2d207c5700 1 -- 172.21.15.26:0/3268753210 >> 172.21.15.26:0/3268753210 conn(0x7f2d180f6530 msgr2=0x7f2d180f7ef0 unknown :-1 s=STATE_NONE l=0).mark_down
2024-02-13T00:14:43.889 INFO:teuthology.orchestra.run.smithi026.stderr:/usr/bin/ceph:
2024-02-13T00:14:43.884+0000 7f2d207c5700 1 -- 172.21.15.26:0/3268753210 shutdown_connections
2024-02-13T00:14:43.889 INFO:teuthology.orchestra.run.smithi026.stderr:/usr/bin/ceph:
2024-02-13T00:14:43.884+0000 7f2d207c5700 1 -- 172.21.15.26:0/3268753210 wait complete.
2024-02-13T00:14:44.570 INFO:teuthology.orchestra.run.smithi026.stderr:Running command: /bin/podman run --rm --ipc=host --no-hosts --net=host --entrypoint /usr/bin/ceph --init -e CONTAINER_IMAGE=docker.io/ceph/ceph:v16.2.4 -e NODE_NAME=smithi026 -e CEPH_USE_RANDOM_NONCE=1 -v /var/log/ceph/bc9fba7a-ca04-11ee-95b9-87774f69a715:/var/log/ceph:z -v /tmp/ceph-tmpmzo85zta:/etc/ceph/ceph.client.admin.keyring:z -v /tmp/ceph-tmpzeqnyo1b:/etc/ceph/ceph.conf:z docker.io/ceph/ceph:v16.2.4 cephadm get-pub-key
2024-02-13T00:14:45.179 INFO:teuthology.orchestra.run.smithi026.stderr:/usr/bin/ceph:
2024-02-13T00:14:45.172+0000 7f1b44149700 1 Processor -- start
2024-02-13T00:14:45.179 INFO:teuthology.orchestra.run.smithi026.stderr:/usr/bin/ceph:
2024-02-13T00:14:45.172+0000 7f1b44149700 1 -- start start
2024-02-13T00:14:45.179 INFO:teuthology.orchestra.run.smithi026.stderr:/usr/bin/ceph:
2024-02-13T00:14:45.173+0000 7f1b44149700 1 --2- >> [v2:172.21.15.26:3300/0,v1:172.21.15.26:6789/0] conn(0x7f1b3c0703f0 0x7f1b3c100e90 unknown :-1 s=NONE pgs=0 cs=0 l=0 rev1=0 rx=0 tx=0).connect
2024-02-13T00:14:45.179 INFO:teuthology.orchestra.run.smithi026.stderr:/usr/bin/ceph:
2024-02-13T00:14:45.173+0000 7f1b44149700 1 -- --> [v2:172.21.15.26:3300/0,v1:172.21.15.26:6789/0] -- mon_getmap magic: 0 v1 -- 0x7f1b3c0fc880 con 0x7f1b3c0703f0
2024-02-13T00:14:45.180 INFO:teuthology.orchestra.run.smithi026.stderr:/usr/bin/ceph:
2024-02-13T00:14:45.173+0000 7f1b41ee5700 1 --2- >> [v2:172.21.15.26:3300/0,v1:172.21.15.26:6789/0] conn(0x7f1b3c0703f0 0x7f1b3c100e90 unknown :-1 s=BANNER_CONNECTING pgs=0 cs=0 l=0 rev1=0 rx=0 tx=0)._handle_peer_banner_payload supported=1 required=0
2024-02-13T00:14:45.180 INFO:teuthology.orchestra.run.smithi026.stderr:/usr/bin/ceph:
2024-02-13T00:14:45.173+0000 7f1b41ee5700 1 --2- >> [v2:172.21.15.26:3300/0,v1:172.21.15.26:6789/0] conn(0x7f1b3c0703f0 0x7f1b3c100e90 unknown :-1 s=HELLO_CONNECTING pgs=0 cs=0 l=0 rev1=1 rx=0 tx=0).handle_hello peer v2:172.21.15.26:3300/0 says I am v2:172.21.15.26:40246/0 (socket says 172.21.15.26:40246)
2024-02-13T00:14:45.180 INFO:teuthology.orchestra.run.smithi026.stderr:/usr/bin/ceph:
2024-02-13T00:14:45.173+0000 7f1b41ee5700 1 -- 172.21.15.26:0/4031685334 learned_addr learned my addr 172.21.15.26:0/4031685334 (peer_addr_for_me v2:172.21.15.26:0/0)
2024-02-13T00:14:45.180 INFO:teuthology.orchestra.run.smithi026.stderr:/usr/bin/ceph:
2024-02-13T00:14:45.173+0000 7f1b41ee5700 1 -- 172.21.15.26:0/4031685334 --> [v2:172.21.15.26:3300/0,v1:172.21.15.26:6789/0] -- mon_subscribe({config=0+,monmap=0+}) v3 -- 0x7f1b3c101380 con 0x7f1b3c0703f0
2024-02-13T00:14:45.180 INFO:teuthology.orchestra.run.smithi026.stderr:/usr/bin/ceph:
2024-02-13T00:14:45.173+0000 7f1b41ee5700 1 --2- 172.21.15.26:0/4031685334 >> [v2:172.21.15.26:3300/0,v1:172.21.15.26:6789/0] conn(0x7f1b3c0703f0 0x7f1b3c100e90 secure :-1 s=READY pgs=35 cs=0 l=1 rev1=1 rx=0x7f1b2c00b5f0 tx=0x7f1b2c006ee0).ready entity=mon.0 client_cookie=fc1b9bc480b46909 server_cookie=0 in_seq=0 out_seq=0
2024-02-13T00:14:45.180 INFO:teuthology.orchestra.run.smithi026.stderr:/usr/bin/ceph:
2024-02-13T00:14:45.173+0000 7f1b40ee3700 1 -- 172.21.15.26:0/4031685334 <== mon.0 v2:172.21.15.26:3300/0 1 ==== mon_map magic: 0 v1 ==== 229+0+0 (secure 0 0 0) 0x7f1b2c00d600 con 0x7f1b3c0703f0
2024-02-13T00:14:45.180 INFO:teuthology.orchestra.run.smithi026.stderr:/usr/bin/ceph:
2024-02-13T00:14:45.174+0000 7f1b40ee3700 1 -- 172.21.15.26:0/4031685334 <== mon.0 v2:172.21.15.26:3300/0 2 ==== config(26 keys) v1 ==== 1045+0+0 (secure 0 0 0) 0x7f1b2c00dbf0 con 0x7f1b3c0703f0
2024-02-13T00:14:45.180 INFO:teuthology.orchestra.run.smithi026.stderr:/usr/bin/ceph:
2024-02-13T00:14:45.174+0000 7f1b40ee3700 1 -- 172.21.15.26:0/4031685334 <== mon.0 v2:172.21.15.26:3300/0 3 ==== mon_map magic: 0 v1 ==== 229+0+0 (secure 0 0 0) 0x7f1b2c011ce0 con 0x7f1b3c0703f0
2024-02-13T00:14:45.180 INFO:teuthology.orchestra.run.smithi026.stderr:/usr/bin/ceph:
2024-02-13T00:14:45.174+0000 7f1b44149700 1 -- 172.21.15.26:0/4031685334 >> [v2:172.21.15.26:3300/0,v1:172.21.15.26:6789/0] conn(0x7f1b3c0703f0 msgr2=0x7f1b3c100e90 secure :-1 s=STATE_CONNECTION_ESTABLISHED l=1).mark_down
2024-02-13T00:14:45.180 INFO:teuthology.orchestra.run.smithi026.stderr:/usr/bin/ceph:
2024-02-13T00:14:45.174+0000 7f1b44149700 1 --2- 172.21.15.26:0/4031685334 >> [v2:172.21.15.26:3300/0,v1:172.21.15.26:6789/0] conn(0x7f1b3c0703f0 0x7f1b3c100e90 secure :-1 s=READY pgs=35 cs=0 l=1 rev1=1 rx=0x7f1b2c00b5f0 tx=0x7f1b2c006ee0).stop
2024-02-13T00:14:45.180 INFO:teuthology.orchestra.run.smithi026.stderr:/usr/bin/ceph:
2024-02-13T00:14:45.174+0000 7f1b44149700 1 -- 172.21.15.26:0/4031685334 shutdown_connections
2024-02-13T00:14:45.180 INFO:teuthology.orchestra.run.smithi026.stderr:/usr/bin/ceph:
2024-02-13T00:14:45.174+0000 7f1b44149700 1 --2- 172.21.15.26:0/4031685334 >> [v2:172.21.15.26:3300/0,v1:172.21.15.26:6789/0] conn(0x7f1b3c0703f0 0x7f1b3c100e90 unknown :-1 s=CLOSED pgs=35 cs=0 l=1 rev1=1 rx=0 tx=0).stop
2024-02-13T00:14:45.180 INFO:teuthology.orchestra.run.smithi026.stderr:/usr/bin/ceph:
2024-02-13T00:14:45.174+0000 7f1b44149700 1 -- 172.21.15.26:0/4031685334 >> 172.21.15.26:0/4031685334 conn(0x7f1b3c0f6530 msgr2=0x7f1b3c0f8950 unknown :-1 s=STATE_NONE l=0).mark_down
2024-02-13T00:14:45.181 INFO:teuthology.orchestra.run.smithi026.stderr:/usr/bin/ceph:
2024-02-13T00:14:45.174+0000 7f1b44149700 1 -- 172.21.15.26:0/4031685334 shutdown_connections
2024-02-13T00:14:45.181 INFO:teuthology.orchestra.run.smithi026.stderr:/usr/bin/ceph:
2024-02-13T00:14:45.174+0000 7f1b44149700 1 -- 172.21.15.26:0/4031685334 wait complete.
2024-02-13T00:14:45.181 INFO:teuthology.orchestra.run.smithi026.stderr:/usr/bin/ceph:
2024-02-13T00:14:45.175+0000 7f1b44149700 1 Processor -- start
2024-02-13T00:14:45.181 INFO:teuthology.orchestra.run.smithi026.stderr:/usr/bin/ceph:
2024-02-13T00:14:45.175+0000 7f1b44149700 1 -- start start
2024-02-13T00:14:45.181 INFO:teuthology.orchestra.run.smithi026.stderr:/usr/bin/ceph:
2024-02-13T00:14:45.175+0000 7f1b44149700 1 --2- >> [v2:172.21.15.26:3300/0,v1:172.21.15.26:6789/0] conn(0x7f1b3c0703f0 0x7f1b3c10ce00 unknown :-1 s=NONE pgs=0 cs=0 l=1 rev1=0 rx=0 tx=0).connect
2024-02-13T00:14:45.181 INFO:teuthology.orchestra.run.smithi026.stderr:/usr/bin/ceph:
2024-02-13T00:14:45.175+0000 7f1b44149700 1 -- --> [v2:172.21.15.26:3300/0,v1:172.21.15.26:6789/0] -- mon_getmap magic: 0 v1 -- 0x7f1b3c10d2f0 con 0x7f1b3c0703f0
2024-02-13T00:14:45.181 INFO:teuthology.orchestra.run.smithi026.stderr:/usr/bin/ceph:
