2024-02-13T21:03:53.433 INFO:journalctl@ceph.mon.smithi060.smithi060.stdout:Feb 13 21:03:53 smithi060 ceph-2bb428f2-cab3-11ee-95b9-87774f69a715-mon.smithi060[38158]: cluster
2024-02-13T21:03:53.126054+0000 mon.smithi060 (mon.0) 90 : cluster [DBG] osdmap e4: 0 total, 0 up, 0 in
2024-02-13T21:03:54.182 INFO:teuthology.orchestra.run.smithi060.stderr:/usr/bin/ceph:
2024-02-13T21:03:54.182+0000 7f3d3affd700 1 -- 172.21.15.60:0/2114152331 <== mon.0 v2:172.21.15.60:3300/0 7 ==== mgrmap(e 15) v1 ==== 36067+0+0 (secure 0 0 0) 0x7f3d3c042350 con 0x7f3d4c0703b0
2024-02-13T21:03:54.183 INFO:teuthology.orchestra.run.smithi060.stderr:/usr/bin/ceph:
2024-02-13T21:03:54.182+0000 7f3d3affd700 1 --2- 172.21.15.60:0/2114152331 >> [v2:172.21.15.60:6800/3657004375,v1:172.21.15.60:6801/3657004375] conn(0x7f3d30033a50 0x7f3d30035e40 unknown :-1 s=NONE pgs=0 cs=0 l=1 rev1=0 rx=0 tx=0).connect
2024-02-13T21:03:54.183 INFO:teuthology.orchestra.run.smithi060.stderr:/usr/bin/ceph:
2024-02-13T21:03:54.182+0000 7f3d3affd700 1 -- 172.21.15.60:0/2114152331 --> [v2:172.21.15.60:6800/3657004375,v1:172.21.15.60:6801/3657004375] -- command(tid 0: {"prefix": "get_command_descriptions"}) v1 -- 0x7f3d4c059100 con 0x7f3d30033a50
2024-02-13T21:03:54.183 INFO:teuthology.orchestra.run.smithi060.stderr:/usr/bin/ceph:
2024-02-13T21:03:54.182+0000 7f3d49d9b700 1 --2- 172.21.15.60:0/2114152331 >> [v2:172.21.15.60:6800/3657004375,v1:172.21.15.60:6801/3657004375] conn(0x7f3d30033a50 0x7f3d30035e40 unknown :-1 s=BANNER_CONNECTING pgs=0 cs=0 l=1 rev1=0 rx=0 tx=0)._handle_peer_banner_payload supported=1 required=0
2024-02-13T21:03:54.183 INFO:teuthology.orchestra.run.smithi060.stderr:/usr/bin/ceph:
2024-02-13T21:03:54.183+0000 7f3d49d9b700 1 --2- 172.21.15.60:0/2114152331 >> [v2:172.21.15.60:6800/3657004375,v1:172.21.15.60:6801/3657004375] conn(0x7f3d30033a50 0x7f3d30035e40 secure :-1 s=READY pgs=1 cs=0 l=1 rev1=1 rx=0x7f3d400036d0 tx=0x7f3d40006ca0).ready entity=mgr.14162 client_cookie=0 server_cookie=0 in_seq=0 out_seq=0
2024-02-13T21:03:54.183 INFO:teuthology.orchestra.run.smithi060.stderr:/usr/bin/ceph:
2024-02-13T21:03:54.183+0000 7f3d3affd700 1 -- 172.21.15.60:0/2114152331 <== mgr.14162 v2:172.21.15.60:6800/3657004375 1 ==== command_reply(tid 0: 0 ) v1 ==== 8+0+6438 (secure 0 0 0) 0x7f3d4c059100 con 0x7f3d30033a50
2024-02-13T21:03:54.189 INFO:teuthology.orchestra.run.smithi060.stderr:/usr/bin/ceph:
2024-02-13T21:03:54.189+0000 7f3d50ce6700 1 -- 172.21.15.60:0/2114152331 --> [v2:172.21.15.60:6800/3657004375,v1:172.21.15.60:6801/3657004375] -- command(tid 1: {"prefix": "mgr_status"}) v1 -- 0x7f3d4c10d900 con 0x7f3d30033a50
2024-02-13T21:03:54.189 INFO:teuthology.orchestra.run.smithi060.stderr:/usr/bin/ceph:
2024-02-13T21:03:54.190+0000 7f3d3affd700 1 -- 172.21.15.60:0/2114152331 <== mgr.14162 v2:172.21.15.60:6800/3657004375 2 ==== command_reply(tid 1: 0 ) v1 ==== 8+0+52 (secure 0 0 0) 0x7f3d4c10d900 con 0x7f3d30033a50
2024-02-13T21:03:54.191 INFO:teuthology.orchestra.run.smithi060.stderr:/usr/bin/ceph: {
2024-02-13T21:03:54.191 INFO:teuthology.orchestra.run.smithi060.stderr:/usr/bin/ceph: "mgrmap_epoch": 15,
2024-02-13T21:03:54.191 INFO:teuthology.orchestra.run.smithi060.stderr:/usr/bin/ceph: "initialized": true
2024-02-13T21:03:54.191 INFO:teuthology.orchestra.run.smithi060.stderr:/usr/bin/ceph: }
2024-02-13T21:03:54.191 INFO:teuthology.orchestra.run.smithi060.stderr:/usr/bin/ceph:
2024-02-13T21:03:54.190+0000 7f3d50ce6700 1 -- 172.21.15.60:0/2114152331 >> [v2:172.21.15.60:6800/3657004375,v1:172.21.15.60:6801/3657004375] conn(0x7f3d30033a50 msgr2=0x7f3d30035e40 secure :-1 s=STATE_CONNECTION_ESTABLISHED l=1).mark_down
2024-02-13T21:03:54.191 INFO:teuthology.orchestra.run.smithi060.stderr:/usr/bin/ceph:
2024-02-13T21:03:54.190+0000 7f3d50ce6700 1 --2- 172.21.15.60:0/2114152331 >> [v2:172.21.15.60:6800/3657004375,v1:172.21.15.60:6801/3657004375] conn(0x7f3d30033a50 0x7f3d30035e40 secure :-1 s=READY pgs=1 cs=0 l=1 rev1=1 rx=0x7f3d400036d0 tx=0x7f3d40006ca0).stop
2024-02-13T21:03:54.191 INFO:teuthology.orchestra.run.smithi060.stderr:/usr/bin/ceph:
2024-02-13T21:03:54.190+0000 7f3d50ce6700 1 -- 172.21.15.60:0/2114152331 >> [v2:172.21.15.60:3300/0,v1:172.21.15.60:6789/0] conn(0x7f3d4c0703b0 msgr2=0x7f3d4c10cd80 secure :-1 s=STATE_CONNECTION_ESTABLISHED l=1).mark_down
2024-02-13T21:03:54.191 INFO:teuthology.orchestra.run.smithi060.stderr:/usr/bin/ceph:
2024-02-13T21:03:54.190+0000 7f3d50ce6700 1 --2- 172.21.15.60:0/2114152331 >> [v2:172.21.15.60:3300/0,v1:172.21.15.60:6789/0] conn(0x7f3d4c0703b0 0x7f3d4c10cd80 secure :-1 s=READY pgs=73 cs=0 l=1 rev1=1 rx=0x7f3d3c006800 tx=0x7f3d3c006ee0).stop
2024-02-13T21:03:54.192 INFO:teuthology.orchestra.run.smithi060.stderr:/usr/bin/ceph:
2024-02-13T21:03:54.190+0000 7f3d50ce6700 1 -- 172.21.15.60:0/2114152331 shutdown_connections
2024-02-13T21:03:54.192 INFO:teuthology.orchestra.run.smithi060.stderr:/usr/bin/ceph:
2024-02-13T21:03:54.190+0000 7f3d50ce6700 1 --2- 172.21.15.60:0/2114152331 >> [v2:172.21.15.60:6800/3657004375,v1:172.21.15.60:6801/3657004375] conn(0x7f3d30033a50 0x7f3d30035e40 unknown :-1 s=CLOSED pgs=1 cs=0 l=1 rev1=1 rx=0 tx=0).stop
2024-02-13T21:03:54.192 INFO:teuthology.orchestra.run.smithi060.stderr:/usr/bin/ceph:
2024-02-13T21:03:54.190+0000 7f3d50ce6700 1 --2- 172.21.15.60:0/2114152331 >> [v2:172.21.15.60:3300/0,v1:172.21.15.60:6789/0] conn(0x7f3d4c0703b0 0x7f3d4c10cd80 unknown :-1 s=CLOSED pgs=73 cs=0 l=1 rev1=1 rx=0 tx=0).stop
2024-02-13T21:03:54.192 INFO:teuthology.orchestra.run.smithi060.stderr:/usr/bin/ceph:
2024-02-13T21:03:54.190+0000 7f3d50ce6700 1 --2- 172.21.15.60:0/2114152331 >> [v2:172.21.15.60:6800/3545319835,v1:172.21.15.60:6801/3545319835] conn(0x7f3d3002ff70 0x7f3d30032430 unknown :-1 s=CLOSED pgs=0 cs=0 l=1 rev1=0 rx=0 tx=0).stop
2024-02-13T21:03:54.192 INFO:teuthology.orchestra.run.smithi060.stderr:/usr/bin/ceph:
2024-02-13T21:03:54.190+0000 7f3d50ce6700 1 -- 172.21.15.60:0/2114152331 >> 172.21.15.60:0/2114152331 conn(0x7f3d4c0f6530 msgr2=0x7f3d4c0f7f20 unknown :-1 s=STATE_NONE l=0).mark_down
2024-02-13T21:03:54.192 INFO:teuthology.orchestra.run.smithi060.stderr:/usr/bin/ceph:
2024-02-13T21:03:54.190+0000 7f3d50ce6700 1 -- 172.21.15.60:0/2114152331 shutdown_connections
2024-02-13T21:03:54.192 INFO:teuthology.orchestra.run.smithi060.stderr:/usr/bin/ceph:
2024-02-13T21:03:54.190+0000 7f3d50ce6700 1 -- 172.21.15.60:0/2114152331 wait complete.
2024-02-13T21:03:54.554 INFO:journalctl@ceph.mon.smithi060.smithi060.stdout:Feb 13 21:03:54 smithi060 ceph-2bb428f2-cab3-11ee-95b9-87774f69a715-mon.smithi060[38158]: cluster
2024-02-13T21:03:53.177073+0000 mon.smithi060 (mon.0) 91 : cluster [DBG] mgrmap e14: smithi060.uhrcms(active, starting, since 0.052846s)
2024-02-13T21:03:54.554 INFO:journalctl@ceph.mon.smithi060.smithi060.stdout:Feb 13 21:03:54 smithi060 ceph-2bb428f2-cab3-11ee-95b9-87774f69a715-mon.smithi060[38158]: audit
2024-02-13T21:03:53.179447+0000 mon.smithi060 (mon.0) 92 : audit [DBG] from='mgr.14162 172.21.15.60:0/574621183' entity='mgr.smithi060.uhrcms' cmd=[{"prefix": "mon metadata", "id": "smithi060"}]: dispatch
2024-02-13T21:03:54.554 INFO:journalctl@ceph.mon.smithi060.smithi060.stdout:Feb 13 21:03:54 smithi060 ceph-2bb428f2-cab3-11ee-95b9-87774f69a715-mon.smithi060[38158]: audit
2024-02-13T21:03:53.180176+0000 mon.smithi060 (mon.0) 93 : audit [DBG] from='mgr.14162 172.21.15.60:0/574621183' entity='mgr.smithi060.uhrcms' cmd=[{"prefix": "mgr metadata", "who": "smithi060.uhrcms", "id": "smithi060.uhrcms"}]: dispatch
2024-02-13T21:03:54.554 INFO:journalctl@ceph.mon.smithi060.smithi060.stdout:Feb 13 21:03:54 smithi060 ceph-2bb428f2-cab3-11ee-95b9-87774f69a715-mon.smithi060[38158]: audit
2024-02-13T21:03:53.180901+0000 mon.smithi060 (mon.0) 94 : audit [DBG] from='mgr.14162 172.21.15.60:0/574621183' entity='mgr.smithi060.uhrcms' cmd=[{"prefix": "mds metadata"}]: dispatch
2024-02-13T21:03:54.554 INFO:journalctl@ceph.mon.smithi060.smithi060.stdout:Feb 13 21:03:54 smithi060 ceph-2bb428f2-cab3-11ee-95b9-87774f69a715-mon.smithi060[38158]: audit
2024-02-13T21:03:53.181148+0000 mon.smithi060 (mon.0) 95 : audit [DBG] from='mgr.14162 172.21.15.60:0/574621183' entity='mgr.smithi060.uhrcms' cmd=[{"prefix": "osd metadata"}]: dispatch
2024-02-13T21:03:54.554 INFO:journalctl@ceph.mon.smithi060.smithi060.stdout:Feb 13 21:03:54 smithi060 ceph-2bb428f2-cab3-11ee-95b9-87774f69a715-mon.smithi060[38158]: audit
2024-02-13T21:03:53.181371+0000 mon.smithi060 (mon.0) 96 : audit [DBG] from='mgr.14162 172.21.15.60:0/574621183' entity='mgr.smithi060.uhrcms' cmd=[{"prefix": "mon metadata"}]: dispatch
2024-02-13T21:03:54.554 INFO:journalctl@ceph.mon.smithi060.smithi060.stdout:Feb 13 21:03:54 smithi060 ceph-2bb428f2-cab3-11ee-95b9-87774f69a715-mon.smithi060[38158]: cluster
2024-02-13T21:03:53.195352+0000 mon.smithi060 (mon.0) 97 : cluster [INF] Manager daemon smithi060.uhrcms is now available
2024-02-13T21:03:54.554 INFO:journalctl@ceph.mon.smithi060.smithi060.stdout:Feb 13 21:03:54 smithi060 ceph-2bb428f2-cab3-11ee-95b9-87774f69a715-mon.smithi060[38158]: audit
2024-02-13T21:03:53.299058+0000 mon.smithi060 (mon.0) 98 : audit [DBG] from='mgr.14162 172.21.15.60:0/574621183' entity='mgr.smithi060.uhrcms' cmd=[{"prefix": "config dump", "format": "json"}]: dispatch
2024-02-13T21:03:54.554 INFO:journalctl@ceph.mon.smithi060.smithi060.stdout:Feb 13 21:03:54 smithi060 ceph-2bb428f2-cab3-11ee-95b9-87774f69a715-mon.smithi060[38158]: audit
2024-02-13T21:03:53.300551+0000 mon.smithi060 (mon.0) 99 : audit [DBG] from='mgr.14162 172.21.15.60:0/574621183' entity='mgr.smithi060.uhrcms' cmd=[{"prefix": "config dump", "format": "json"}]: dispatch
2024-02-13T21:03:54.554 INFO:journalctl@ceph.mon.smithi060.smithi060.stdout:Feb 13 21:03:54 smithi060 ceph-2bb428f2-cab3-11ee-95b9-87774f69a715-mon.smithi060[38158]: audit
2024-02-13T21:03:53.322853+0000 mon.smithi060 (mon.0) 100 : audit [INF] from='mgr.14162 172.21.15.60:0/574621183' entity='mgr.smithi060.uhrcms' cmd=[{"prefix":"config rm","who":"mgr","name":"mgr/rbd_support/smithi060.uhrcms/mirror_snapshot_schedule"}]: dispatch
2024-02-13T21:03:54.554 INFO:journalctl@ceph.mon.smithi060.smithi060.stdout:Feb 13 21:03:54 smithi060 ceph-2bb428f2-cab3-11ee-95b9-87774f69a715-mon.smithi060[38158]: audit
2024-02-13T21:03:53.326284+0000 mon.smithi060 (mon.0) 101 : audit [INF] from='mgr.14162 172.21.15.60:0/574621183' entity='mgr.smithi060.uhrcms' cmd=[{"prefix":"config rm","who":"mgr","name":"mgr/rbd_support/smithi060.uhrcms/trash_purge_schedule"}]: dispatch
2024-02-13T21:03:54.908 INFO:teuthology.orchestra.run.smithi060.stderr:mgr epoch 13 is available
2024-02-13T21:03:54.908 INFO:teuthology.orchestra.run.smithi060.stderr:Generating a dashboard self-signed certificate...
2024-02-13T21:03:54.908 INFO:teuthology.orchestra.run.smithi060.stderr:Running command: /bin/podman run --rm --ipc=host --no-hosts --net=host --entrypoint /usr/bin/ceph --init -e CONTAINER_IMAGE=docker.io/ceph/ceph:v16.2.4 -e NODE_NAME=smithi060 -e CEPH_USE_RANDOM_NONCE=1 -v /var/log/ceph/2bb428f2-cab3-11ee-95b9-87774f69a715:/var/log/ceph:z -v /tmp/ceph-tmprzu99it_:/etc/ceph/ceph.client.admin.keyring:z -v /tmp/ceph-tmprc2wsb9f:/etc/ceph/ceph.conf:z docker.io/ceph/ceph:v16.2.4 dashboard create-self-signed-cert
2024-02-13T21:03:55.483 INFO:teuthology.orchestra.run.smithi060.stderr:/usr/bin/ceph:
2024-02-13T21:03:55.481+0000 7f3fb6114700 1 Processor -- start
2024-02-13T21:03:55.483 INFO:teuthology.orchestra.run.smithi060.stderr:/usr/bin/ceph:
2024-02-13T21:03:55.481+0000 7f3fb6114700 1 -- start start
2024-02-13T21:03:55.483 INFO:teuthology.orchestra.run.smithi060.stderr:/usr/bin/ceph:
2024-02-13T21:03:55.481+0000 7f3fb6114700 1 --2- >> [v2:172.21.15.60:3300/0,v1:172.21.15.60:6789/0] conn(0x7f3fb00703d0 0x7f3fb0100eb0 unknown :-1 s=NONE pgs=0 cs=0 l=0 rev1=0 rx=0 tx=0).connect
2024-02-13T21:03:55.483 INFO:teuthology.orchestra.run.smithi060.stderr:/usr/bin/ceph:
2024-02-13T21:03:55.482+0000 7f3fb6114700 1 -- --> [v2:172.21.15.60:3300/0,v1:172.21.15.60:6789/0] -- mon_getmap magic: 0 v1 -- 0x7f3fb00fc8a0 con 0x7f3fb00703d0
2024-02-13T21:03:55.483 INFO:teuthology.orchestra.run.smithi060.stderr:/usr/bin/ceph:
2024-02-13T21:03:55.482+0000 7f3faf7fe700 1 --2- >> [v2:172.21.15.60:3300/0,v1:172.21.15.60:6789/0] conn(0x7f3fb00703d0 0x7f3fb0100eb0 unknown :-1 s=BANNER_CONNECTING pgs=0 cs=0 l=0 rev1=0 rx=0 tx=0)._handle_peer_banner_payload supported=1 required=0
2024-02-13T21:03:55.483 INFO:teuthology.orchestra.run.smithi060.stderr:/usr/bin/ceph:
2024-02-13T21:03:55.482+0000 7f3faf7fe700 1 --2- >> [v2:172.21.15.60:3300/0,v1:172.21.15.60:6789/0] conn(0x7f3fb00703d0 0x7f3fb0100eb0 unknown :-1 s=HELLO_CONNECTING pgs=0 cs=0 l=0 rev1=1 rx=0 tx=0).handle_hello peer v2:172.21.15.60:3300/0 says I am v2:172.21.15.60:49704/0 (socket says 172.21.15.60:49704)
2024-02-13T21:03:55.483 INFO:teuthology.orchestra.run.smithi060.stderr:/usr/bin/ceph:
2024-02-13T21:03:55.482+0000 7f3faf7fe700 1 -- 172.21.15.60:0/2407481532 learned_addr learned my addr 172.21.15.60:0/2407481532 (peer_addr_for_me v2:172.21.15.60:0/0)
2024-02-13T21:03:55.483 INFO:teuthology.orchestra.run.smithi060.stderr:/usr/bin/ceph:
2024-02-13T21:03:55.482+0000 7f3faf7fe700 1 -- 172.21.15.60:0/2407481532 --> [v2:172.21.15.60:3300/0,v1:172.21.15.60:6789/0] -- mon_subscribe({config=0+,monmap=0+}) v3 -- 0x7f3fb01013a0 con 0x7f3fb00703d0
2024-02-13T21:03:55.485 INFO:teuthology.orchestra.run.smithi060.stderr:/usr/bin/ceph:
2024-02-13T21:03:55.482+0000 7f3faf7fe700 1 --2- 172.21.15.60:0/2407481532 >> [v2:172.21.15.60:3300/0,v1:172.21.15.60:6789/0] conn(0x7f3fb00703d0 0x7f3fb0100eb0 secure :-1 s=READY pgs=79 cs=0 l=1 rev1=1 rx=0x7f3fa000b5f0 tx=0x7f3fa0006ee0).ready entity=mon.0 client_cookie=6bfd8caef649ee9a server_cookie=0 in_seq=0 out_seq=0
2024-02-13T21:03:55.485 INFO:teuthology.orchestra.run.smithi060.stderr:/usr/bin/ceph:
2024-02-13T21:03:55.482+0000 7f3fae7fc700 1 -- 172.21.15.60:0/2407481532 <== mon.0 v2:172.21.15.60:3300/0 1 ==== mon_map magic: 0 v1 ==== 229+0+0 (secure 0 0 0) 0x7f3fa000d600 con 0x7f3fb00703d0
2024-02-13T21:03:55.485 INFO:teuthology.orchestra.run.smithi060.stderr:/usr/bin/ceph:
2024-02-13T21:03:55.482+0000 7f3fae7fc700 1 -- 172.21.15.60:0/2407481532 <== mon.0 v2:172.21.15.60:3300/0 2 ==== config(26 keys) v1 ==== 1045+0+0 (secure 0 0 0) 0x7f3fa000dbf0 con 0x7f3fb00703d0
2024-02-13T21:03:55.485 INFO:teuthology.orchestra.run.smithi060.stderr:/usr/bin/ceph:
2024-02-13T21:03:55.482+0000 7f3fae7fc700 1 -- 172.21.15.60:0/2407481532 <== mon.0 v2:172.21.15.60:3300/0 3 ==== mon_map magic: 0 v1 ==== 229+0+0 (secure 0 0 0) 0x7f3fa0011cb0 con 0x7f3fb00703d0
2024-02-13T21:03:55.485 INFO:teuthology.orchestra.run.smithi060.stderr:/usr/bin/ceph:
2024-02-13T21:03:55.483+0000 7f3fb6114700 1 -- 172.21.15.60:0/2407481532 >> [v2:172.21.15.60:3300/0,v1:172.21.15.60:6789/0] conn(0x7f3fb00703d0 msgr2=0x7f3fb0100eb0 secure :-1 s=STATE_CONNECTION_ESTABLISHED l=1).mark_down
2024-02-13T21:03:55.485 INFO:teuthology.orchestra.run.smithi060.stderr:/usr/bin/ceph:
2024-02-13T21:03:55.483+0000 7f3fb6114700 1 --2- 172.21.15.60:0/2407481532 >> [v2:172.21.15.60:3300/0,v1:172.21.15.60:6789/0] conn(0x7f3fb00703d0 0x7f3fb0100eb0 secure :-1 s=READY pgs=79 cs=0 l=1 rev1=1 rx=0x7f3fa000b5f0 tx=0x7f3fa0006ee0).stop
2024-02-13T21:03:55.485 INFO:teuthology.orchestra.run.smithi060.stderr:/usr/bin/ceph:
2024-02-13T21:03:55.483+0000 7f3fb6114700 1 -- 172.21.15.60:0/2407481532 shutdown_connections
2024-02-13T21:03:55.485 INFO:teuthology.orchestra.run.smithi060.stderr:/usr/bin/ceph:
2024-02-13T21:03:55.483+0000 7f3fb6114700 1 --2- 172.21.15.60:0/2407481532 >> [v2:172.21.15.60:3300/0,v1:172.21.15.60:6789/0] conn(0x7f3fb00703d0 0x7f3fb0100eb0 unknown :-1 s=CLOSED pgs=79 cs=0 l=1 rev1=1 rx=0 tx=0).stop
2024-02-13T21:03:55.485 INFO:teuthology.orchestra.run.smithi060.stderr:/usr/bin/ceph:
2024-02-13T21:03:55.483+0000 7f3fb6114700 1 -- 172.21.15.60:0/2407481532 >> 172.21.15.60:0/2407481532 conn(0x7f3fb00f6530 msgr2=0x7f3fb00f8950 unknown :-1 s=STATE_NONE l=0).mark_down
2024-02-13T21:03:55.485 INFO:teuthology.orchestra.run.smithi060.stderr:/usr/bin/ceph:
2024-02-13T21:03:55.483+0000 7f3fb6114700 1 -- 172.21.15.60:0/2407481532 shutdown_connections
2024-02-13T21:03:55.485 INFO:teuthology.orchestra.run.smithi060.stderr:/usr/bin/ceph:
2024-02-13T21:03:55.483+0000 7f3fb6114700 1 -- 172.21.15.60:0/2407481532 wait complete.
2024-02-13T21:03:55.486 INFO:teuthology.orchestra.run.smithi060.stderr:/usr/bin/ceph:
2024-02-13T21:03:55.484+0000 7f3fb6114700 1 Processor -- start
2024-02-13T21:03:55.486 INFO:teuthology.orchestra.run.smithi060.stderr:/usr/bin/ceph:
2024-02-13T21:03:55.484+0000 7f3fb6114700 1 -- start start
2024-02-13T21:03:55.486 INFO:teuthology.orchestra.run.smithi060.stderr:/usr/bin/ceph:
2024-02-13T21:03:55.484+0000 7f3fb6114700 1 --2- >> [v2:172.21.15.60:3300/0,v1:172.21.15.60:6789/0] conn(0x7f3fb00703d0 0x7f3fb010ce20 unknown :-1 s=NONE pgs=0 cs=0 l=1 rev1=0 rx=0 tx=0).connect
2024-02-13T21:03:55.486 INFO:teuthology.orchestra.run.smithi060.stderr:/usr/bin/ceph:
2024-02-13T21:03:55.484+0000 7f3fb6114700 1 -- --> [v2:172.21.15.60:3300/0,v1:172.21.15.60:6789/0] -- mon_getmap magic: 0 v1 -- 0x7f3fb010d310 con 0x7f3fb00703d0
2024-02-13T21:03:55.486 INFO:teuthology.orchestra.run.smithi060.stderr:/usr/bin/ceph:
2024-02-13T21:03:55.484+0000 7f3faf7fe700 1 --2- >> [v2:172.21.15.60:3300/0,v1:172.21.15.60:6789/0] conn(0x7f3fb00703d0 0x7f3fb010ce20 unknown :-1 s=BANNER_CONNECTING pgs=0 cs=0 l=1 rev1=0 rx=0 tx=0)._handle_peer_banner_payload supported=1 required=0
2024-02-13T21:03:55.486 INFO:teuthology.orchestra.run.smithi060.stderr:/usr/bin/ceph:
2024-02-13T21:03:55.485+0000 7f3faf7fe700 1 --2- >> [v2:172.21.15.60:3300/0,v1:172.21.15.60:6789/0] conn(0x7f3fb00703d0 0x7f3fb010ce20 unknown :-1 s=HELLO_CONNECTING pgs=0 cs=0 l=1 rev1=1 rx=0 tx=0).handle_hello peer v2:172.21.15.60:3300/0 says I am v2:172.21.15.60:49706/0 (socket says 172.21.15.60:49706)
2024-02-13T21:03:55.486 INFO:teuthology.orchestra.run.smithi060.stderr:/usr/bin/ceph:
2024-02-13T21:03:55.485+0000 7f3faf7fe700 1 -- 172.21.15.60:0/856064790 learned_addr learned my addr 172.21.15.60:0/856064790 (peer_addr_for_me v2:172.21.15.60:0/0)
2024-02-13T21:03:55.487 INFO:teuthology.orchestra.run.smithi060.stderr:/usr/bin/ceph:
2024-02-13T21:03:55.485+0000 7f3faf7fe700 1 -- 172.21.15.60:0/856064790 --> [v2:172.21.15.60:3300/0,v1:172.21.15.60:6789/0] -- mon_subscribe({config=0+,monmap=0+}) v3 -- 0x7f3fa000b200 con 0x7f3fb00703d0
2024-02-13T21:03:55.487 INFO:teuthology.orchestra.run.smithi060.stderr:/usr/bin/ceph:
2024-02-13T21:03:55.485+0000 7f3faf7fe700 1 --2- 172.21.15.60:0/856064790 >> [v2:172.21.15.60:3300/0,v1:172.21.15.60:6789/0] conn(0x7f3fb00703d0 0x7f3fb010ce20 secure :-1 s=READY pgs=80 cs=0 l=1 rev1=1 rx=0x7f3fa0006c70 tx=0x7f3fa0006ee0).ready entity=mon.0 client_cookie=0 server_cookie=0 in_seq=0 out_seq=0
2024-02-13T21:03:55.487 INFO:teuthology.orchestra.run.smithi060.stderr:/usr/bin/ceph:
2024-02-13T21:03:55.485+0000 7f3fa7fff700 1 -- 172.21.15.60:0/856064790 <== mon.0 v2:172.21.15.60:3300/0 1 ==== mon_map magic: 0 v1 ==== 229+0+0 (secure 0 0 0) 0x7f3fa0011400 con 0x7f3fb00703d0
2024-02-13T21:03:55.487 INFO:teuthology.orchestra.run.smithi060.stderr:/usr/bin/ceph:
2024-02-13T21:03:55.485+0000 7f3fa7fff700 1 -- 172.21.15.60:0/856064790 <== mon.0 v2:172.21.15.60:3300/0 2 ==== config(26 keys) v1 ==== 1045+0+0 (secure 0 0 0) 0x7f3fa001b8a0 con 0x7f3fb00703d0
2024-02-13T21:03:55.488 INFO:teuthology.orchestra.run.smithi060.stderr:/usr/bin/ceph:
2024-02-13T21:03:55.485+0000 7f3fb6114700 1 -- 172.21.15.60:0/856064790 --> [v2:172.21.15.60:3300/0,v1:172.21.15.60:6789/0] -- mon_subscribe({mgrmap=0+}) v3 -- 0x7f3fb010d510 con 0x7f3fb00703d0
2024-02-13T21:03:55.488 INFO:teuthology.orchestra.run.smithi060.stderr:/usr/bin/ceph:
2024-02-13T21:03:55.485+0000 7f3fa7fff700 1 -- 172.21.15.60:0/856064790 <== mon.0 v2:172.21.15.60:3300/0 3 ==== mon_map magic: 0 v1 ==== 229+0+0 (secure 0 0 0) 0x7f3fa001a7c0 con 0x7f3fb00703d0
2024-02-13T21:03:55.488 INFO:teuthology.orchestra.run.smithi060.stderr:/usr/bin/ceph:
2024-02-13T21:03:55.485+0000 7f3fb6114700 1 -- 172.21.15.60:0/856064790 --> [v2:172.21.15.60:3300/0,v1:172.21.15.60:6789/0] -- mon_subscribe({osdmap=0}) v3 -- 0x7f3fb010e120 con 0x7f3fb00703d0
2024-02-13T21:03:55.488 INFO:teuthology.orchestra.run.smithi060.stderr:/usr/bin/ceph:
2024-02-13T21:03:55.486+0000 7f3fa7fff700 1 -- 172.21.15.60:0/856064790 <== mon.0 v2:172.21.15.60:3300/0 4 ==== mgrmap(e 16) v1 ==== 36208+0+0 (secure 0 0 0) 0x7f3fa000f070 con 0x7f3fb00703d0
2024-02-13T21:03:55.488 INFO:teuthology.orchestra.run.smithi060.stderr:/usr/bin/ceph:
2024-02-13T21:03:55.486+0000 7f3fb6114700 1 -- 172.21.15.60:0/856064790 --> [v2:172.21.15.60:3300/0,v1:172.21.15.60:6789/0] -- mon_command({"prefix": "get_command_descriptions"} v 0) v1 -- 0x7f3fb0059100 con 0x7f3fb00703d0
2024-02-13T21:03:55.488 INFO:teuthology.orchestra.run.smithi060.stderr:/usr/bin/ceph:
2024-02-13T21:03:55.486+0000 7f3fa7fff700 1 --2- 172.21.15.60:0/856064790 >> [v2:172.21.15.60:6800/3657004375,v1:172.21.15.60:6801/3657004375] conn(0x7f3f9002ff70 0x7f3f90032430 unknown :-1 s=NONE pgs=0 cs=0 l=1 rev1=0 rx=0 tx=0).connect
2024-02-13T21:03:55.488 INFO:teuthology.orchestra.run.smithi060.stderr:/usr/bin/ceph:
2024-02-13T21:03:55.486+0000 7f3fa7fff700 1 -- 172.21.15.60:0/856064790 <== mon.0 v2:172.21.15.60:3300/0 5 ==== osd_map(4..4 src has 1..4) v4 ==== 1270+0+0 (secure 0 0 0) 0x7f3fa0041510 con 0x7f3fb00703d0
2024-02-13T21:03:55.488 INFO:teuthology.orchestra.run.smithi060.stderr:/usr/bin/ceph:
2024-02-13T21:03:55.487+0000 7f3faeffd700 1 --2- 172.21.15.60:0/856064790 >> [v2:172.21.15.60:6800/3657004375,v1:172.21.15.60:6801/3657004375] conn(0x7f3f9002ff70 0x7f3f90032430 unknown :-1 s=BANNER_CONNECTING pgs=0 cs=0 l=1 rev1=0 rx=0 tx=0)._handle_peer_banner_payload supported=1 required=0
2024-02-13T21:03:55.488 INFO:teuthology.orchestra.run.smithi060.stderr:/usr/bin/ceph:
2024-02-13T21:03:55.487+0000 7f3faeffd700 1 --2- 172.21.15.60:0/856064790 >> [v2:172.21.15.60:6800/3657004375,v1:172.21.15.60:6801/3657004375] conn(0x7f3f9002ff70 0x7f3f90032430 secure :-1 s=READY pgs=6 cs=0 l=1 rev1=1 rx=0x7f3f980096a0 tx=0x7f3f98006b40).ready entity=mgr.14162 client_cookie=0 server_cookie=0 in_seq=0 out_seq=0
2024-02-13T21:03:55.490 INFO:teuthology.orchestra.run.smithi060.stderr:/usr/bin/ceph:
2024-02-13T21:03:55.491+0000 7f3fa7fff700 1 -- 172.21.15.60:0/856064790 <== mon.0 v2:172.21.15.60:3300/0 6 ==== mon_command_ack([{"prefix": "get_command_descriptions"}]=0 v0) v1 ==== 72+0+152212 (secure 0 0 0) 0x7f3fa00224f0 con 0x7f3fb00703d0
2024-02-13T21:03:55.653 INFO:teuthology.orchestra.run.smithi060.stderr:/usr/bin/ceph:
2024-02-13T21:03:55.653+0000 7f3fb6114700 1 -- 172.21.15.60:0/856064790 --> [v2:172.21.15.60:6800/3657004375,v1:172.21.15.60:6801/3657004375] -- mgr_command(tid 0: {"prefix": "dashboard create-self-signed-cert", "target": ["mon-mgr", ""]}) v1 -- 0x7f3fb010e360 con 0x7f3f9002ff70
2024-02-13T21:03:55.667 INFO:journalctl@ceph.mon.smithi060.smithi060.stdout:Feb 13 21:03:55 smithi060 ceph-2bb428f2-cab3-11ee-95b9-87774f69a715-mon.smithi060[38158]: audit
2024-02-13T21:03:54.184517+0000 mgr.smithi060.uhrcms (mgr.14162) 1 : audit [DBG] from='client.14166 -' entity='client.admin' cmd=[{"prefix": "get_command_descriptions"}]: dispatch
2024-02-13T21:03:55.667 INFO:journalctl@ceph.mon.smithi060.smithi060.stdout:Feb 13 21:03:55 smithi060 ceph-2bb428f2-cab3-11ee-95b9-87774f69a715-mon.smithi060[38158]: cluster
2024-02-13T21:03:54.185326+0000 mon.smithi060 (mon.0) 102 : cluster [DBG] mgrmap e15: smithi060.uhrcms(active, since 1.0611s)
2024-02-13T21:03:55.667 INFO:journalctl@ceph.mon.smithi060.smithi060.stdout:Feb 13 21:03:55 smithi060 ceph-2bb428f2-cab3-11ee-95b9-87774f69a715-mon.smithi060[38158]: audit
2024-02-13T21:03:54.191134+0000 mgr.smithi060.uhrcms (mgr.14162) 2 : audit [DBG] from='client.14166 -' entity='client.admin' cmd=[{"prefix": "mgr_status"}]: dispatch
2024-02-13T21:03:55.812 INFO:teuthology.orchestra.run.smithi060.stderr:/usr/bin/ceph:
2024-02-13T21:03:55.812+0000 7f3fa7fff700 1 -- 172.21.15.60:0/856064790 <== mgr.14162 v2:172.21.15.60:6800/3657004375 1 ==== mgr_command_reply(tid 0: 0 ) v1 ==== 8+0+32 (secure 0 0 0) 0x7f3fb010e360 con 0x7f3f9002ff70
2024-02-13T21:03:55.812 INFO:teuthology.orchestra.run.smithi060.stderr:/usr/bin/ceph: Self-signed certificate created
2024-02-13T21:03:55.814 INFO:teuthology.orchestra.run.smithi060.stderr:/usr/bin/ceph:
2024-02-13T21:03:55.814+0000 7f3fb6114700 1 -- 172.21.15.60:0/856064790 >> [v2:172.21.15.60:6800/3657004375,v1:172.21.15.60:6801/3657004375] conn(0x7f3f9002ff70 msgr2=0x7f3f90032430 secure :-1 s=STATE_CONNECTION_ESTABLISHED l=1).mark_down
2024-02-13T21:03:55.815 INFO:teuthology.orchestra.run.smithi060.stderr:/usr/bin/ceph:
2024-02-13T21:03:55.814+0000 7f3fb6114700 1 --2- 172.21.15.60:0/856064790 >> [v2:172.21.15.60:6800/3657004375,v1:172.21.15.60:6801/3657004375] conn(0x7f3f9002ff70 0x7f3f90032430 secure :-1 s=READY pgs=6 cs=0 l=1 rev1=1 rx=0x7f3f980096a0 tx=0x7f3f98006b40).stop
2024-02-13T21:03:55.815 INFO:teuthology.orchestra.run.smithi060.stderr:/usr/bin/ceph:
2024-02-13T21:03:55.814+0000 7f3fb6114700 1 -- 172.21.15.60:0/856064790 >> [v2:172.21.15.60:3300/0,v1:172.21.15.60:6789/0] conn(0x7f3fb00703d0 msgr2=0x7f3fb010ce20 secure :-1 s=STATE_CONNECTION_ESTABLISHED l=1).mark_down
2024-02-13T21:03:55.815 INFO:teuthology.orchestra.run.smithi060.stderr:/usr/bin/ceph:
2024-02-13T21:03:55.814+0000 7f3fb6114700 1 --2- 172.21.15.60:0/856064790 >> [v2:172.21.15.60:3300/0,v1:172.21.15.60:6789/0] conn(0x7f3fb00703d0 0x7f3fb010ce20 secure :-1 s=READY pgs=80 cs=0 l=1 rev1=1 rx=0x7f3fa0006c70 tx=0x7f3fa0006ee0).stop
2024-02-13T21:03:55.815 INFO:teuthology.orchestra.run.smithi060.stderr:/usr/bin/ceph:
2024-02-13T21:03:55.814+0000 7f3fb6114700 1 -- 172.21.15.60:0/856064790 shutdown_connections
2024-02-13T21:03:55.815 INFO:teuthology.orchestra.run.smithi060.stderr:/usr/bin/ceph:
2024-02-13T21:03:55.814+0000 7f3fb6114700 1 --2- 172.21.15.60:0/856064790 >> [v2:172.21.15.60:6800/3657004375,v1:172.21.15.60:6801/3657004375] conn(0x7f3f9002ff70 0x7f3f90032430 unknown :-1 s=CLOSED pgs=6 cs=0 l=1 rev1=1 rx=0 tx=0).stop
2024-02-13T21:03:55.815 INFO:teuthology.orchestra.run.smithi060.stderr:/usr/bin/ceph:
2024-02-13T21:03:55.814+0000 7f3fb6114700 1 --2- 172.21.15.60:0/856064790 >> [v2:172.21.15.60:3300/0,v1:172.21.15.60:6789/0] conn(0x7f3fb00703d0 0x7f3fb010ce20 unknown :-1 s=CLOSED pgs=80 cs=0 l=1 rev1=1 rx=0 tx=0).stop
2024-02-13T21:03:55.815 INFO:teuthology.orchestra.run.smithi060.stderr:/usr/bin/ceph:
2024-02-13T21:03:55.814+0000 7f3fb6114700 1 -- 172.21.15.60:0/856064790 >> 172.21.15.60:0/856064790 conn(0x7f3fb00f6530 msgr2=0x7f3fb00f7f40 unknown :-1 s=STATE_NONE l=0).mark_down
2024-02-13T21:03:55.815 INFO:teuthology.orchestra.run.smithi060.stderr:/usr/bin/ceph:
2024-02-13T21:03:55.814+0000 7f3fb6114700 1 -- 172.21.15.60:0/856064790 shutdown_connections
2024-02-13T21:03:55.815 INFO:teuthology.orchestra.run.smithi060.stderr:/usr/bin/ceph:
2024-02-13T21:03:55.814+0000 7f3fb6114700 1 -- 172.21.15.60:0/856064790 wait complete.
2024-02-13T21:03:56.417 INFO:journalctl@ceph.mon.smithi060.smithi060.stdout:Feb 13 21:03:56 smithi060 ceph-2bb428f2-cab3-11ee-95b9-87774f69a715-mon.smithi060[38158]: cluster
2024-02-13T21:03:55.189214+0000 mon.smithi060 (mon.0) 103 : cluster [DBG] mgrmap e16: smithi060.uhrcms(active, since 2s)
2024-02-13T21:03:56.417 INFO:journalctl@ceph.mon.smithi060.smithi060.stdout:Feb 13 21:03:56 smithi060 ceph-2bb428f2-cab3-11ee-95b9-87774f69a715-mon.smithi060[38158]: audit
2024-02-13T21:03:55.654846+0000 mgr.smithi060.uhrcms (mgr.14162) 3 : audit [DBG] from='client.14172 -' entity='client.admin' cmd=[{"prefix": "dashboard create-self-signed-cert", "target": ["mon-mgr", ""]}]: dispatch
2024-02-13T21:03:56.417 INFO:journalctl@ceph.mon.smithi060.smithi060.stdout:Feb 13 21:03:56 smithi060 ceph-2bb428f2-cab3-11ee-95b9-87774f69a715-mon.smithi060[38158]: audit
2024-02-13T21:03:55.811463+0000 mon.smithi060 (mon.0) 104 : audit [INF] from='mgr.14162 172.21.15.60:0/574621183' entity='mgr.smithi060.uhrcms'
2024-02-13T21:03:56.417 INFO:journalctl@ceph.mon.smithi060.smithi060.stdout:Feb 13 21:03:56 smithi060 ceph-2bb428f2-cab3-11ee-95b9-87774f69a715-mon.smithi060[38158]: audit
2024-02-13T21:03:55.813205+0000 mon.smithi060 (mon.0) 105 : audit [INF] from='mgr.14162 172.21.15.60:0/574621183' entity='mgr.smithi060.uhrcms'
2024-02-13T21:03:56.481 INFO:teuthology.orchestra.run.smithi060.stderr:Creating initial admin user...
2024-02-13T21:03:56.481 INFO:teuthology.orchestra.run.smithi060.stderr:Running command: /bin/podman run --rm --ipc=host --no-hosts --net=host --entrypoint /usr/bin/ceph --init -e CONTAINER_IMAGE=docker.io/ceph/ceph:v16.2.4 -e NODE_NAME=smithi060 -e CEPH_USE_RANDOM_NONCE=1 -v /var/log/ceph/2bb428f2-cab3-11ee-95b9-87774f69a715:/var/log/ceph:z -v /tmp/ceph-tmprzu99it_:/etc/ceph/ceph.client.admin.keyring:z -v /tmp/ceph-tmprc2wsb9f:/etc/ceph/ceph.conf:z -v /tmp/ceph-tmp11x89ndx:/tmp/dashboard.pw:z docker.io/ceph/ceph:v16.2.4 dashboard ac-user-create admin -i /tmp/dashboard.pw administrator --force-password --pwd-update-required
2024-02-13T21:03:57.017 INFO:teuthology.orchestra.run.smithi060.stderr:/usr/bin/ceph:
2024-02-13T21:03:57.014+0000 7f508c51d700 1 Processor -- start
2024-02-13T21:03:57.054 INFO:teuthology.orchestra.run.smithi060.stderr:/usr/bin/ceph:
2024-02-13T21:03:57.014+0000 7f508c51d700 1 -- start start
2024-02-13T21:03:57.054 INFO:teuthology.orchestra.run.smithi060.stderr:/usr/bin/ceph:
2024-02-13T21:03:57.015+0000 7f508c51d700 1 --2- >> [v2:172.21.15.60:3300/0,v1:172.21.15.60:6789/0] conn(0x7f50840703f0 0x7f50840fea90 unknown :-1 s=NONE pgs=0 cs=0 l=0 rev1=0 rx=0 tx=0).connect
2024-02-13T21:03:57.054 INFO:teuthology.orchestra.run.smithi060.stderr:/usr/bin/ceph:
2024-02-13T21:03:57.015+0000 7f508c51d700 1 -- --> [v2:172.21.15.60:3300/0,v1:172.21.15.60:6789/0] -- mon_getmap magic: 0 v1 -- 0x7f50840fef80 con 0x7f50840703f0
2024-02-13T21:03:57.054 INFO:teuthology.orchestra.run.smithi060.stderr:/usr/bin/ceph:
2024-02-13T21:03:57.015+0000 7f508a2b9700 1 --2- >> [v2:172.21.15.60:3300/0,v1:172.21.15.60:6789/0] conn(0x7f50840703f0 0x7f50840fea90 unknown :-1 s=BANNER_CONNECTING pgs=0 cs=0 l=0 rev1=0 rx=0 tx=0)._handle_peer_banner_payload supported=1 required=0
2024-02-13T21:03:57.054 INFO:teuthology.orchestra.run.smithi060.stderr:/usr/bin/ceph:
2024-02-13T21:03:57.015+0000 7f508a2b9700 1 --2- >> [v2:172.21.15.60:3300/0,v1:172.21.15.60:6789/0] conn(0x7f50840703f0 0x7f50840fea90 unknown :-1 s=HELLO_CONNECTING pgs=0 cs=0 l=0 rev1=1 rx=0 tx=0).handle_hello peer v2:172.21.15.60:3300/0 says I am v2:172.21.15.60:49720/0 (socket says 172.21.15.60:49720)
2024-02-13T21:03:57.054 INFO:teuthology.orchestra.run.smithi060.stderr:/usr/bin/ceph:
2024-02-13T21:03:57.015+0000 7f508a2b9700 1 -- 172.21.15.60:0/839056789 learned_addr learned my addr 172.21.15.60:0/839056789 (peer_addr_for_me v2:172.21.15.60:0/0)
2024-02-13T21:03:57.054 INFO:teuthology.orchestra.run.smithi060.stderr:/usr/bin/ceph:
2024-02-13T21:03:57.015+0000 7f508a2b9700 1 -- 172.21.15.60:0/839056789 --> [v2:172.21.15.60:3300/0,v1:172.21.15.60:6789/0] -- mon_subscribe({config=0+,monmap=0+}) v3 -- 0x7f50840ff0c0 con 0x7f50840703f0
2024-02-13T21:03:57.054 INFO:teuthology.orchestra.run.smithi060.stderr:/usr/bin/ceph:
2024-02-13T21:03:57.015+0000 7f508a2b9700 1 --2- 172.21.15.60:0/839056789 >> [v2:172.21.15.60:3300/0,v1:172.21.15.60:6789/0] conn(0x7f50840703f0 0x7f50840fea90 secure :-1 s=READY pgs=81 cs=0 l=1 rev1=1 rx=0x7f508000b5f0 tx=0x7f5080006ee0).ready entity=mon.0 client_cookie=280d4057dbc20c2c server_cookie=0 in_seq=0 out_seq=0
2024-02-13T21:03:57.054 INFO:teuthology.orchestra.run.smithi060.stderr:/usr/bin/ceph:
2024-02-13T21:03:57.015+0000 7f50892b7700 1 -- 172.21.15.60:0/839056789 <== mon.0 v2:172.21.15.60:3300/0 1 ==== mon_map magic: 0 v1 ==== 229+0+0 (secure 0 0 0) 0x7f508000d600 con 0x7f50840703f0
2024-02-13T21:03:57.055 INFO:teuthology.orchestra.run.smithi060.stderr:/usr/bin/ceph:
2024-02-13T21:03:57.015+0000 7f50892b7700 1 -- 172.21.15.60:0/839056789 <== mon.0 v2:172.21.15.60:3300/0 2 ==== config(26 keys) v1 ==== 1045+0+0 (secure 0 0 0) 0x7f508000dbf0 con 0x7f50840703f0
2024-02-13T21:03:57.055 INFO:teuthology.orchestra.run.smithi060.stderr:/usr/bin/ceph:
2024-02-13T21:03:57.015+0000 7f50892b7700 1 -- 172.21.15.60:0/839056789 <== mon.0 v2:172.21.15.60:3300/0 3 ==== mon_map magic: 0 v1 ==== 229+0+0 (secure 0 0 0) 0x7f5080011ce0 con 0x7f50840703f0
2024-02-13T21:03:57.055 INFO:teuthology.orchestra.run.smithi060.stderr:/usr/bin/ceph:
2024-02-13T21:03:57.016+0000 7f508c51d700 1 -- 172.21.15.60:0/839056789 >> [v2:172.21.15.60:3300/0,v1:172.21.15.60:6789/0] conn(0x7f50840703f0 msgr2=0x7f50840fea90 secure :-1 s=STATE_CONNECTION_ESTABLISHED l=1).mark_down
2024-02-13T21:03:57.055 INFO:teuthology.orchestra.run.smithi060.stderr:/usr/bin/ceph:
2024-02-13T21:03:57.016+0000 7f508c51d700 1 --2- 172.21.15.60:0/839056789 >> [v2:172.21.15.60:3300/0,v1:172.21.15.60:6789/0] conn(0x7f50840703f0 0x7f50840fea90 secure :-1 s=READY pgs=81 cs=0 l=1 rev1=1 rx=0x7f508000b5f0 tx=0x7f5080006ee0).stop
2024-02-13T21:03:57.055 INFO:teuthology.orchestra.run.smithi060.stderr:/usr/bin/ceph:
2024-02-13T21:03:57.016+0000 7f508c51d700 1 -- 172.21.15.60:0/839056789 shutdown_connections
2024-02-13T21:03:57.055 INFO:teuthology.orchestra.run.smithi060.stderr:/usr/bin/ceph:
2024-02-13T21:03:57.016+0000 7f508c51d700 1 --2- 172.21.15.60:0/839056789 >> [v2:172.21.15.60:3300/0,v1:172.21.15.60:6789/0] conn(0x7f50840703f0 0x7f50840fea90 unknown :-1 s=CLOSED pgs=81 cs=0 l=1 rev1=1 rx=0 tx=0).stop
2024-02-13T21:03:57.055 INFO:teuthology.orchestra.run.smithi060.stderr:/usr/bin/ceph:
2024-02-13T21:03:57.016+0000 7f508c51d700 1 -- 172.21.15.60:0/839056789 >> 172.21.15.60:0/839056789 conn(0x7f50840f6530 msgr2=0x7f50840f8950 unknown :-1 s=STATE_NONE l=0).mark_down
2024-02-13T21:03:57.055 INFO:teuthology.orchestra.run.smithi060.stderr:/usr/bin/ceph:
2024-02-13T21:03:57.016+0000 7f508c51d700 1 -- 172.21.15.60:0/839056789 shutdown_connections
2024-02-13T21:03:57.055 INFO:teuthology.orchestra.run.smithi060.stderr:/usr/bin/ceph:
2024-02-13T21:03:57.016+0000 7f508c51d700 1 -- 172.21.15.60:0/839056789 wait complete.
2024-02-13T21:03:57.055 INFO:teuthology.orchestra.run.smithi060.stderr:/usr/bin/ceph:
2024-02-13T21:03:57.017+0000 7f508c51d700 1 Processor -- start
2024-02-13T21:03:57.055 INFO:teuthology.orchestra.run.smithi060.stderr:/usr/bin/ceph:
2024-02-13T21:03:57.017+0000 7f508c51d700 1 -- start start
2024-02-13T21:03:57.055 INFO:teuthology.orchestra.run.smithi060.stderr:/usr/bin/ceph:
2024-02-13T21:03:57.017+0000 7f508c51d700 1 --2- >> [v2:172.21.15.60:3300/0,v1:172.21.15.60:6789/0] conn(0x7f50840703f0 0x7f50840fc510 unknown :-1 s=NONE pgs=0 cs=0 l=1 rev1=0 rx=0 tx=0).connect
2024-02-13T21:03:57.055 INFO:teuthology.orchestra.run.smithi060.stderr:/usr/bin/ceph:
2024-02-13T21:03:57.017+0000 7f508c51d700 1 -- --> [v2:172.21.15.60:3300/0,v1:172.21.15.60:6789/0] -- mon_getmap magic: 0 v1 -- 0x7f50840fa990 con 0x7f50840703f0
2024-02-13T21:03:57.055 INFO:teuthology.orchestra.run.smithi060.stderr:/usr/bin/ceph:
2024-02-13T21:03:57.017+0000 7f508a2b9700 1 --2- >> [v2:172.21.15.60:3300/0,v1:172.21.15.60:6789/0] conn(0x7f50840703f0 0x7f50840fc510 unknown :-1 s=BANNER_CONNECTING pgs=0 cs=0 l=1 rev1=0 rx=0 tx=0)._handle_peer_banner_payload supported=1 required=0
2024-02-13T21:03:57.056 INFO:teuthology.orchestra.run.smithi060.stderr:/usr/bin/ceph:
2024-02-13T21:03:57.017+0000 7f508a2b9700 1 --2- >> [v2:172.21.15.60:3300/0,v1:172.21.15.60:6789/0] conn(0x7f50840703f0 0x7f50840fc510 unknown :-1 s=HELLO_CONNECTING pgs=0 cs=0 l=1 rev1=1 rx=0 tx=0).handle_hello peer v2:172.21.15.60:3300/0 says I am v2:172.21.15.60:49730/0 (socket says 172.21.15.60:49730)
2024-02-13T21:03:57.056 INFO:teuthology.orchestra.run.smithi060.stderr:/usr/bin/ceph:
2024-02-13T21:03:57.017+0000 7f508a2b9700 1 -- 172.21.15.60:0/3514721408 learned_addr learned my addr 172.21.15.60:0/3514721408 (peer_addr_for_me v2:172.21.15.60:0/0)
2024-02-13T21:03:57.058 INFO:teuthology.orchestra.run.smithi060.stderr:/usr/bin/ceph:
2024-02-13T21:03:57.017+0000 7f508a2b9700 1 -- 172.21.15.60:0/3514721408 --> [v2:172.21.15.60:3300/0,v1:172.21.15.60:6789/0] -- mon_subscribe({config=0+,monmap=0+}) v3 -- 0x7f508000b200 con 0x7f50840703f0
2024-02-13T21:03:57.058 INFO:teuthology.orchestra.run.smithi060.stderr:/usr/bin/ceph:
2024-02-13T21:03:57.017+0000 7f508a2b9700 1 --2- 172.21.15.60:0/3514721408 >> [v2:172.21.15.60:3300/0,v1:172.21.15.60:6789/0] conn(0x7f50840703f0 0x7f50840fc510 secure :-1 s=READY pgs=82 cs=0 l=1 rev1=1 rx=0x7f5080011ed0 tx=0x7f5080006ee0).ready entity=mon.0 client_cookie=0 server_cookie=0 in_seq=0 out_seq=0
2024-02-13T21:03:57.058 INFO:teuthology.orchestra.run.smithi060.stderr:/usr/bin/ceph:
2024-02-13T21:03:57.018+0000 7f5076ffd700 1 -- 172.21.15.60:0/3514721408 <== mon.0 v2:172.21.15.60:3300/0 1 ==== mon_map magic: 0 v1 ==== 229+0+0 (secure 0 0 0) 0x7f508001b570 con 0x7f50840703f0
2024-02-13T21:03:57.058 INFO:teuthology.orchestra.run.smithi060.stderr:/usr/bin/ceph:
2024-02-13T21:03:57.018+0000 7f5076ffd700 1 -- 172.21.15.60:0/3514721408 <== mon.0 v2:172.21.15.60:3300/0 2 ==== config(26 keys) v1 ==== 1045+0+0 (secure 0 0 0) 0x7f508001bb60 con 0x7f50840703f0
2024-02-13T21:03:57.059 INFO:teuthology.orchestra.run.smithi060.stderr:/usr/bin/ceph:
2024-02-13T21:03:57.018+0000 7f508c51d700 1 -- 172.21.15.60:0/3514721408 --> [v2:172.21.15.60:3300/0,v1:172.21.15.60:6789/0] -- mon_subscribe({mgrmap=0+}) v3 -- 0x7f50840fab30 con 0x7f50840703f0
2024-02-13T21:03:57.059 INFO:teuthology.orchestra.run.smithi060.stderr:/usr/bin/ceph:
2024-02-13T21:03:57.018+0000 7f5076ffd700 1 -- 172.21.15.60:0/3514721408 <== mon.0 v2:172.21.15.60:3300/0 3 ==== mon_map magic: 0 v1 ==== 229+0+0 (secure 0 0 0) 0x7f508001aad0 con 0x7f50840703f0
2024-02-13T21:03:57.059 INFO:teuthology.orchestra.run.smithi060.stderr:/usr/bin/ceph:
2024-02-13T21:03:57.018+0000 7f508c51d700 1 -- 172.21.15.60:0/3514721408 --> [v2:172.21.15.60:3300/0,v1:172.21.15.60:6789/0] -- mon_subscribe({osdmap=0}) v3 -- 0x7f50840fafc0 con 0x7f50840703f0
2024-02-13T21:03:57.059 INFO:teuthology.orchestra.run.smithi060.stderr:/usr/bin/ceph:
2024-02-13T21:03:57.018+0000 7f5076ffd700 1 -- 172.21.15.60:0/3514721408 <== mon.0 v2:172.21.15.60:3300/0 4 ==== mgrmap(e 16) v1 ==== 36208+0+0 (secure 0 0 0) 0x7f508000f070 con 0x7f50840703f0
2024-02-13T21:03:57.059 INFO:teuthology.orchestra.run.smithi060.stderr:/usr/bin/ceph:
2024-02-13T21:03:57.019+0000 7f5076ffd700 1 --2- 172.21.15.60:0/3514721408 >> [v2:172.21.15.60:6800/3657004375,v1:172.21.15.60:6801/3657004375] conn(0x7f506c02ffc0 0x7f506c032480 unknown :-1 s=NONE pgs=0 cs=0 l=1 rev1=0 rx=0 tx=0).connect
2024-02-13T21:03:57.059 INFO:teuthology.orchestra.run.smithi060.stderr:/usr/bin/ceph:
2024-02-13T21:03:57.019+0000 7f5076ffd700 1 -- 172.21.15.60:0/3514721408 <== mon.0 v2:172.21.15.60:3300/0 5 ==== osd_map(4..4 src has 1..4) v4 ==== 1270+0+0 (secure 0 0 0) 0x7f50800415a0 con 0x7f50840703f0
2024-02-13T21:03:57.059 INFO:teuthology.orchestra.run.smithi060.stderr:/usr/bin/ceph:
2024-02-13T21:03:57.019+0000 7f5089ab8700 1 --2- 172.21.15.60:0/3514721408 >> [v2:172.21.15.60:6800/3657004375,v1:172.21.15.60:6801/3657004375] conn(0x7f506c02ffc0 0x7f506c032480 unknown :-1 s=BANNER_CONNECTING pgs=0 cs=0 l=1 rev1=0 rx=0 tx=0)._handle_peer_banner_payload supported=1 required=0
2024-02-13T21:03:57.059 INFO:teuthology.orchestra.run.smithi060.stderr:/usr/bin/ceph:
2024-02-13T21:03:57.019+0000 7f5089ab8700 1 --2- 172.21.15.60:0/3514721408 >> [v2:172.21.15.60:6800/3657004375,v1:172.21.15.60:6801/3657004375] conn(0x7f506c02ffc0 0x7f506c032480 secure :-1 s=READY pgs=7 cs=0 l=1 rev1=1 rx=0x7f50780096a0 tx=0x7f5078006b40).ready entity=mgr.14162 client_cookie=0 server_cookie=0 in_seq=0 out_seq=0
2024-02-13T21:03:57.059 INFO:teuthology.orchestra.run.smithi060.stderr:/usr/bin/ceph:
2024-02-13T21:03:57.019+0000 7f508c51d700 1 -- 172.21.15.60:0/3514721408 --> [v2:172.21.15.60:3300/0,v1:172.21.15.60:6789/0] -- mon_command({"prefix": "get_command_descriptions"} v 0) v1 -- 0x7f5084059100 con 0x7f50840703f0
2024-02-13T21:03:57.059 INFO:teuthology.orchestra.run.smithi060.stderr:/usr/bin/ceph:
2024-02-13T21:03:57.024+0000 7f5076ffd700 1 -- 172.21.15.60:0/3514721408 <== mon.0 v2:172.21.15.60:3300/0 6 ==== mon_command_ack([{"prefix": "get_command_descriptions"}]=0 v0) v1 ==== 72+0+152212 (secure 0 0 0) 0x7f5080016070 con 0x7f50840703f0
2024-02-13T21:03:57.197 INFO:teuthology.orchestra.run.smithi060.stderr:/usr/bin/ceph:
2024-02-13T21:03:57.197+0000 7f508c51d700 1 -- 172.21.15.60:0/3514721408 --> [v2:172.21.15.60:6800/3657004375,v1:172.21.15.60:6801/3657004375] -- mgr_command(tid 0: {"prefix": "dashboard ac-user-create", "username": "admin", "rolename": "administrator", "force_password": true, "pwd_update_required": true, "target": ["mon-mgr", ""]}) v1 -- 0x7f5084045ad0 con 0x7f506c02ffc0
2024-02-13T21:03:57.442 INFO:teuthology.orchestra.run.smithi060.stderr:/usr/bin/ceph:
2024-02-13T21:03:57.442+0000 7f5076ffd700 1 -- 172.21.15.60:0/3514721408 <== mgr.14162 v2:172.21.15.60:6800/3657004375 1 ==== mgr_command_reply(tid 0: 0 ) v1 ==== 8+0+252 (secure 0 0 0) 0x7f5084045ad0 con 0x7f506c02ffc0
2024-02-13T21:03:57.443 INFO:teuthology.orchestra.run.smithi060.stderr:/usr/bin/ceph: {"username": "admin", "password": "$2b$12$2MF7nnh2f..dnhqvr2KdfO6xnDRhyUELNIvuegVNcN.RrGcciVn3e", "roles": ["administrator"], "name": null, "email": null, "lastUpdate": 1707858237, "enabled": true, "pwdExpirationDate": null, "pwdUpdateRequired": true}
2024-02-13T21:03:57.445 INFO:teuthology.orchestra.run.smithi060.stderr:/usr/bin/ceph:
2024-02-13T21:03:57.444+0000 7f508c51d700 1 -- 172.21.15.60:0/3514721408 >> [v2:172.21.15.60:6800/3657004375,v1:172.21.15.60:6801/3657004375] conn(0x7f506c02ffc0 msgr2=0x7f506c032480 secure :-1 s=STATE_CONNECTION_ESTABLISHED l=1).mark_down
2024-02-13T21:03:57.445 INFO:teuthology.orchestra.run.smithi060.stderr:/usr/bin/ceph:
2024-02-13T21:03:57.444+0000 7f508c51d700 1 --2- 172.21.15.60:0/3514721408 >> [v2:172.21.15.60:6800/3657004375,v1:172.21.15.60:6801/3657004375] conn(0x7f506c02ffc0 0x7f506c032480 secure :-1 s=READY pgs=7 cs=0 l=1 rev1=1 rx=0x7f50780096a0 tx=0x7f5078006b40).stop
2024-02-13T21:03:57.445 INFO:teuthology.orchestra.run.smithi060.stderr:/usr/bin/ceph:
2024-02-13T21:03:57.444+0000 7f508c51d700 1 -- 172.21.15.60:0/3514721408 >> [v2:172.21.15.60:3300/0,v1:172.21.15.60:6789/0] conn(0x7f50840703f0 msgr2=0x7f50840fc510 secure :-1 s=STATE_CONNECTION_ESTABLISHED l=1).mark_down
2024-02-13T21:03:57.445 INFO:teuthology.orchestra.run.smithi060.stderr:/usr/bin/ceph:
2024-02-13T21:03:57.444+0000 7f508c51d700 1 --2- 172.21.15.60:0/3514721408 >> [v2:172.21.15.60:3300/0,v1:172.21.15.60:6789/0] conn(0x7f50840703f0 0x7f50840fc510 secure :-1 s=READY pgs=82 cs=0 l=1 rev1=1 rx=0x7f5080011ed0 tx=0x7f5080006ee0).stop
2024-02-13T21:03:57.445 INFO:teuthology.orchestra.run.smithi060.stderr:/usr/bin/ceph:
2024-02-13T21:03:57.444+0000 7f508c51d700 1 -- 172.21.15.60:0/3514721408 shutdown_connections
2024-02-13T21:03:57.445 INFO:teuthology.orchestra.run.smithi060.stderr:/usr/bin/ceph:
2024-02-13T21:03:57.444+0000 7f508c51d700 1 --2- 172.21.15.60:0/3514721408 >> [v2:172.21.15.60:6800/3657004375,v1:172.21.15.60:6801/3657004375] conn(0x7f506c02ffc0 0x7f506c032480 unknown :-1 s=CLOSED pgs=7 cs=0 l=1 rev1=1 rx=0 tx=0).stop
2024-02-13T21:03:57.445 INFO:teuthology.orchestra.run.smithi060.stderr:/usr/bin/ceph:
2024-02-13T21:03:57.444+0000 7f508c51d700 1 --2- 172.21.15.60:0/3514721408 >> [v2:172.21.15.60:3300/0,v1:172.21.15.60:6789/0] conn(0x7f50840703f0 0x7f50840fc510 unknown :-1 s=CLOSED pgs=82 cs=0 l=1 rev1=1 rx=0 tx=0).stop
2024-02-13T21:03:57.445 INFO:teuthology.orchestra.run.smithi060.stderr:/usr/bin/ceph:
2024-02-13T21:03:57.444+0000 7f508c51d700 1 -- 172.21.15.60:0/3514721408 >> 172.21.15.60:0/3514721408 conn(0x7f50840f6530 msgr2=0x7f50840f7f80 unknown :-1 s=STATE_NONE l=0).mark_down
2024-02-13T21:03:57.446 INFO:teuthology.orchestra.run.smithi060.stderr:/usr/bin/ceph:
2024-02-13T21:03:57.445+0000 7f508c51d700 1 -- 172.21.15.60:0/3514721408 shutdown_connections
2024-02-13T21:03:57.446 INFO:teuthology.orchestra.run.smithi060.stderr:/usr/bin/ceph:
2024-02-13T21:03:57.445+0000 7f508c51d700 1 -- 172.21.15.60:0/3514721408 wait complete.
2024-02-13T21:03:58.163 INFO:teuthology.orchestra.run.smithi060.stderr:Fetching dashboard port number...
2024-02-13T21:03:58.164 INFO:teuthology.orchestra.run.smithi060.stderr:Running command: /bin/podman run --rm --ipc=host --no-hosts --net=host --entrypoint /usr/bin/ceph --init -e CONTAINER_IMAGE=docker.io/ceph/ceph:v16.2.4 -e NODE_NAME=smithi060 -e CEPH_USE_RANDOM_NONCE=1 -v /var/log/ceph/2bb428f2-cab3-11ee-95b9-87774f69a715:/var/log/ceph:z -v /tmp/ceph-tmprzu99it_:/etc/ceph/ceph.client.admin.keyring:z -v /tmp/ceph-tmprc2wsb9f:/etc/ceph/ceph.conf:z docker.io/ceph/ceph:v16.2.4 config get mgr mgr/dashboard/ssl_server_port
2024-02-13T21:03:58.688 INFO:teuthology.orchestra.run.smithi060.stderr:/usr/bin/ceph:
2024-02-13T21:03:58.688+0000 7fde4859a700 1 Processor -- start
2024-02-13T21:03:58.692 INFO:teuthology.orchestra.run.smithi060.stderr:/usr/bin/ceph:
2024-02-13T21:03:58.688+0000 7fde4859a700 1 -- start start
2024-02-13T21:03:58.693 INFO:teuthology.orchestra.run.smithi060.stderr:/usr/bin/ceph:
2024-02-13T21:03:58.688+0000 7fde4859a700 1 --2- >> [v2:172.21.15.60:3300/0,v1:172.21.15.60:6789/0] conn(0x7fde40070430 0x7fde400fea50 unknown :-1 s=NONE pgs=0 cs=0 l=0 rev1=0 rx=0 tx=0).connect
2024-02-13T21:03:58.693 INFO:teuthology.orchestra.run.smithi060.stderr:/usr/bin/ceph:
2024-02-13T21:03:58.688+0000 7fde4859a700 1 -- --> [v2:172.21.15.60:3300/0,v1:172.21.15.60:6789/0] -- mon_getmap magic: 0 v1 -- 0x7fde400fef40 con 0x7fde40070430
2024-02-13T21:03:58.693 INFO:teuthology.orchestra.run.smithi060.stderr:/usr/bin/ceph:
2024-02-13T21:03:58.688+0000 7fde46336700 1 --2- >> [v2:172.21.15.60:3300/0,v1:172.21.15.60:6789/0] conn(0x7fde40070430 0x7fde400fea50 unknown :-1 s=BANNER_CONNECTING pgs=0 cs=0 l=0 rev1=0 rx=0 tx=0)._handle_peer_banner_payload supported=1 required=0
2024-02-13T21:03:58.693 INFO:teuthology.orchestra.run.smithi060.stderr:/usr/bin/ceph:
2024-02-13T21:03:58.688+0000 7fde46336700 1 --2- >> [v2:172.21.15.60:3300/0,v1:172.21.15.60:6789/0] conn(0x7fde40070430 0x7fde400fea50 unknown :-1 s=HELLO_CONNECTING pgs=0 cs=0 l=0 rev1=1 rx=0 tx=0).handle_hello peer v2:172.21.15.60:3300/0 says I am v2:172.21.15.60:49742/0 (socket says 172.21.15.60:49742)
2024-02-13T21:03:58.693 INFO:teuthology.orchestra.run.smithi060.stderr:/usr/bin/ceph:
2024-02-13T21:03:58.688+0000 7fde46336700 1 -- 172.21.15.60:0/4090421285 learned_addr learned my addr 172.21.15.60:0/4090421285 (peer_addr_for_me v2:172.21.15.60:0/0)
2024-02-13T21:03:58.693 INFO:teuthology.orchestra.run.smithi060.stderr:/usr/bin/ceph:
2024-02-13T21:03:58.689+0000 7fde46336700 1 -- 172.21.15.60:0/4090421285 --> [v2:172.21.15.60:3300/0,v1:172.21.15.60:6789/0] -- mon_subscribe({config=0+,monmap=0+}) v3 -- 0x7fde400ff080 con 0x7fde40070430
2024-02-13T21:03:58.693 INFO:teuthology.orchestra.run.smithi060.stderr:/usr/bin/ceph:
2024-02-13T21:03:58.689+0000 7fde46336700 1 --2- 172.21.15.60:0/4090421285 >> [v2:172.21.15.60:3300/0,v1:172.21.15.60:6789/0] conn(0x7fde40070430 0x7fde400fea50 secure :-1 s=READY pgs=83 cs=0 l=1 rev1=1 rx=0x7fde3c00b5f0 tx=0x7fde3c006ee0).ready entity=mon.0 client_cookie=a5717e60e67ca049 server_cookie=0 in_seq=0 out_seq=0
2024-02-13T21:03:58.693 INFO:teuthology.orchestra.run.smithi060.stderr:/usr/bin/ceph:
2024-02-13T21:03:58.689+0000 7fde45334700 1 -- 172.21.15.60:0/4090421285 <== mon.0 v2:172.21.15.60:3300/0 1 ==== mon_map magic: 0 v1 ==== 229+0+0 (secure 0 0 0) 0x7fde3c00d600 con 0x7fde40070430
2024-02-13T21:03:58.693 INFO:teuthology.orchestra.run.smithi060.stderr:/usr/bin/ceph:
2024-02-13T21:03:58.689+0000 7fde45334700 1 -- 172.21.15.60:0/4090421285 <== mon.0 v2:172.21.15.60:3300/0 2 ==== config(26 keys) v1 ==== 1045+0+0 (secure 0 0 0) 0x7fde3c00dbf0 con 0x7fde40070430
2024-02-13T21:03:58.693 INFO:teuthology.orchestra.run.smithi060.stderr:/usr/bin/ceph:
2024-02-13T21:03:58.689+0000 7fde45334700 1 -- 172.21.15.60:0/4090421285 <== mon.0 v2:172.21.15.60:3300/0 3 ==== mon_map magic: 0 v1 ==== 229+0+0 (secure 0 0 0) 0x7fde3c011cb0 con 0x7fde40070430
2024-02-13T21:03:58.693 INFO:teuthology.orchestra.run.smithi060.stderr:/usr/bin/ceph:
2024-02-13T21:03:58.689+0000 7fde4859a700 1 -- 172.21.15.60:0/4090421285 >> [v2:172.21.15.60:3300/0,v1:172.21.15.60:6789/0] conn(0x7fde40070430 msgr2=0x7fde400fea50 secure :-1 s=STATE_CONNECTION_ESTABLISHED l=1).mark_down
2024-02-13T21:03:58.694 INFO:teuthology.orchestra.run.smithi060.stderr:/usr/bin/ceph:
2024-02-13T21:03:58.689+0000 7fde4859a700 1 --2- 172.21.15.60:0/4090421285 >> [v2:172.21.15.60:3300/0,v1:172.21.15.60:6789/0] conn(0x7fde40070430 0x7fde400fea50 secure :-1 s=READY pgs=83 cs=0 l=1 rev1=1 rx=0x7fde3c00b5f0 tx=0x7fde3c006ee0).stop
2024-02-13T21:03:58.694 INFO:teuthology.orchestra.run.smithi060.stderr:/usr/bin/ceph:
2024-02-13T21:03:58.690+0000 7fde4859a700 1 -- 172.21.15.60:0/4090421285 shutdown_connections
2024-02-13T21:03:58.694 INFO:teuthology.orchestra.run.smithi060.stderr:/usr/bin/ceph:
2024-02-13T21:03:58.690+0000 7fde4859a700 1 --2- 172.21.15.60:0/4090421285 >> [v2:172.21.15.60:3300/0,v1:172.21.15.60:6789/0] conn(0x7fde40070430 0x7fde400fea50 unknown :-1 s=CLOSED pgs=83 cs=0 l=1 rev1=1 rx=0 tx=0).stop
2024-02-13T21:03:58.694 INFO:teuthology.orchestra.run.smithi060.stderr:/usr/bin/ceph:
2024-02-13T21:03:58.690+0000 7fde4859a700 1 -- 172.21.15.60:0/4090421285 >> 172.21.15.60:0/4090421285 conn(0x7fde400f6530 msgr2=0x7fde400f8950 unknown :-1 s=STATE_NONE l=0).mark_down
2024-02-13T21:03:58.694 INFO:teuthology.orchestra.run.smithi060.stderr:/usr/bin/ceph:
2024-02-13T21:03:58.690+0000 7fde4859a700 1 -- 172.21.15.60:0/4090421285 shutdown_connections
2024-02-13T21:03:58.694 INFO:teuthology.orchestra.run.smithi060.stderr:/usr/bin/ceph:
2024-02-13T21:03:58.690+0000 7fde4859a700 1 -- 172.21.15.60:0/4090421285 wait complete.
