2024-02-15T18:17:36.425+0000 7f3a777fe700 1 -- 172.21.15.42:0/409883569 learned_addr learned my addr 172.21.15.42:0/409883569 (peer_addr_for_me v2:172.21.15.42:0/0)
2024-02-15T18:17:36.427 INFO:teuthology.orchestra.run.smithi042.stderr:/usr/bin/ceph:
2024-02-15T18:17:36.425+0000 7f3a777fe700 1 -- 172.21.15.42:0/409883569 --> [v2:172.21.15.42:3300/0,v1:172.21.15.42:6789/0] -- mon_subscribe({config=0+,monmap=0+}) v3 -- 0x7f3a780fb7e0 con 0x7f3a780fad90
2024-02-15T18:17:36.427 INFO:teuthology.orchestra.run.smithi042.stderr:/usr/bin/ceph:
2024-02-15T18:17:36.425+0000 7f3a777fe700 1 --2- 172.21.15.42:0/409883569 >> [v2:172.21.15.42:3300/0,v1:172.21.15.42:6789/0] conn(0x7f3a780fad90 0x7f3a780fb1b0 secure :-1 s=READY pgs=49 cs=0 l=1 rev1=1 rx=0x7f3a6800b5f0 tx=0x7f3a68006ee0).ready entity=mon.0 client_cookie=7366886bd37471d6 server_cookie=0 in_seq=0 out_seq=0
2024-02-15T18:17:36.427 INFO:teuthology.orchestra.run.smithi042.stderr:/usr/bin/ceph:
2024-02-15T18:17:36.426+0000 7f3a767fc700 1 -- 172.21.15.42:0/409883569 <== mon.0 v2:172.21.15.42:3300/0 1 ==== mon_map magic: 0 v1 ==== 229+0+0 (secure 0 0 0) 0x7f3a6800d600 con 0x7f3a780fad90
2024-02-15T18:17:36.427 INFO:teuthology.orchestra.run.smithi042.stderr:/usr/bin/ceph:
2024-02-15T18:17:36.426+0000 7f3a767fc700 1 -- 172.21.15.42:0/409883569 <== mon.0 v2:172.21.15.42:3300/0 2 ==== config(26 keys) v1 ==== 1045+0+0 (secure 0 0 0) 0x7f3a6800dbf0 con 0x7f3a780fad90
2024-02-15T18:17:36.427 INFO:teuthology.orchestra.run.smithi042.stderr:/usr/bin/ceph:
2024-02-15T18:17:36.426+0000 7f3a767fc700 1 -- 172.21.15.42:0/409883569 <== mon.0 v2:172.21.15.42:3300/0 3 ==== mon_map magic: 0 v1 ==== 229+0+0 (secure 0 0 0) 0x7f3a68011cb0 con 0x7f3a780fad90
2024-02-15T18:17:36.427 INFO:teuthology.orchestra.run.smithi042.stderr:/usr/bin/ceph:
2024-02-15T18:17:36.426+0000 7f3a7dbfb700 1 -- 172.21.15.42:0/409883569 >> [v2:172.21.15.42:3300/0,v1:172.21.15.42:6789/0] conn(0x7f3a780fad90 msgr2=0x7f3a780fb1b0 secure :-1 s=STATE_CONNECTION_ESTABLISHED l=1).mark_down
2024-02-15T18:17:36.428 INFO:teuthology.orchestra.run.smithi042.stderr:/usr/bin/ceph:
2024-02-15T18:17:36.426+0000 7f3a7dbfb700 1 --2- 172.21.15.42:0/409883569 >> [v2:172.21.15.42:3300/0,v1:172.21.15.42:6789/0] conn(0x7f3a780fad90 0x7f3a780fb1b0 secure :-1 s=READY pgs=49 cs=0 l=1 rev1=1 rx=0x7f3a6800b5f0 tx=0x7f3a68006ee0).stop
2024-02-15T18:17:36.428 INFO:teuthology.orchestra.run.smithi042.stderr:/usr/bin/ceph:
2024-02-15T18:17:36.426+0000 7f3a7dbfb700 1 -- 172.21.15.42:0/409883569 shutdown_connections
2024-02-15T18:17:36.430 INFO:teuthology.orchestra.run.smithi042.stderr:/usr/bin/ceph:
2024-02-15T18:17:36.426+0000 7f3a7dbfb700 1 --2- 172.21.15.42:0/409883569 >> [v2:172.21.15.42:3300/0,v1:172.21.15.42:6789/0] conn(0x7f3a780fad90 0x7f3a780fb1b0 unknown :-1 s=CLOSED pgs=49 cs=0 l=1 rev1=1 rx=0 tx=0).stop
2024-02-15T18:17:36.430 INFO:teuthology.orchestra.run.smithi042.stderr:/usr/bin/ceph:
2024-02-15T18:17:36.426+0000 7f3a7dbfb700 1 -- 172.21.15.42:0/409883569 >> 172.21.15.42:0/409883569 conn(0x7f3a780f6530 msgr2=0x7f3a780f8950 unknown :-1 s=STATE_NONE l=0).mark_down
2024-02-15T18:17:36.430 INFO:teuthology.orchestra.run.smithi042.stderr:/usr/bin/ceph:
2024-02-15T18:17:36.426+0000 7f3a7dbfb700 1 -- 172.21.15.42:0/409883569 shutdown_connections
2024-02-15T18:17:36.431 INFO:teuthology.orchestra.run.smithi042.stderr:/usr/bin/ceph:
2024-02-15T18:17:36.426+0000 7f3a7dbfb700 1 -- 172.21.15.42:0/409883569 wait complete.
2024-02-15T18:17:36.431 INFO:teuthology.orchestra.run.smithi042.stderr:/usr/bin/ceph:
2024-02-15T18:17:36.427+0000 7f3a7dbfb700 1 Processor -- start
2024-02-15T18:17:36.431 INFO:teuthology.orchestra.run.smithi042.stderr:/usr/bin/ceph:
2024-02-15T18:17:36.427+0000 7f3a7dbfb700 1 -- start start
2024-02-15T18:17:36.431 INFO:teuthology.orchestra.run.smithi042.stderr:/usr/bin/ceph:
2024-02-15T18:17:36.427+0000 7f3a7dbfb700 1 --2- >> [v2:172.21.15.42:3300/0,v1:172.21.15.42:6789/0] conn(0x7f3a780fad90 0x7f3a78108920 unknown :-1 s=NONE pgs=0 cs=0 l=1 rev1=0 rx=0 tx=0).connect
2024-02-15T18:17:36.431 INFO:teuthology.orchestra.run.smithi042.stderr:/usr/bin/ceph:
2024-02-15T18:17:36.427+0000 7f3a7dbfb700 1 -- --> [v2:172.21.15.42:3300/0,v1:172.21.15.42:6789/0] -- mon_getmap magic: 0 v1 -- 0x7f3a78108e10 con 0x7f3a780fad90
2024-02-15T18:17:36.431 INFO:teuthology.orchestra.run.smithi042.stderr:/usr/bin/ceph:
2024-02-15T18:17:36.428+0000 7f3a777fe700 1 --2- >> [v2:172.21.15.42:3300/0,v1:172.21.15.42:6789/0] conn(0x7f3a780fad90 0x7f3a78108920 unknown :-1 s=BANNER_CONNECTING pgs=0 cs=0 l=1 rev1=0 rx=0 tx=0)._handle_peer_banner_payload supported=1 required=0
2024-02-15T18:17:36.431 INFO:teuthology.orchestra.run.smithi042.stderr:/usr/bin/ceph:
2024-02-15T18:17:36.428+0000 7f3a777fe700 1 --2- >> [v2:172.21.15.42:3300/0,v1:172.21.15.42:6789/0] conn(0x7f3a780fad90 0x7f3a78108920 unknown :-1 s=HELLO_CONNECTING pgs=0 cs=0 l=1 rev1=1 rx=0 tx=0).handle_hello peer v2:172.21.15.42:3300/0 says I am v2:172.21.15.42:44896/0 (socket says 172.21.15.42:44896)
2024-02-15T18:17:36.431 INFO:teuthology.orchestra.run.smithi042.stderr:/usr/bin/ceph:
2024-02-15T18:17:36.428+0000 7f3a777fe700 1 -- 172.21.15.42:0/3137666491 learned_addr learned my addr 172.21.15.42:0/3137666491 (peer_addr_for_me v2:172.21.15.42:0/0)
2024-02-15T18:17:36.431 INFO:teuthology.orchestra.run.smithi042.stderr:/usr/bin/ceph:
2024-02-15T18:17:36.428+0000 7f3a777fe700 1 -- 172.21.15.42:0/3137666491 --> [v2:172.21.15.42:3300/0,v1:172.21.15.42:6789/0] -- mon_subscribe({config=0+,monmap=0+}) v3 -- 0x7f3a6800b200 con 0x7f3a780fad90
2024-02-15T18:17:36.431 INFO:teuthology.orchestra.run.smithi042.stderr:/usr/bin/ceph:
2024-02-15T18:17:36.428+0000 7f3a777fe700 1 --2- 172.21.15.42:0/3137666491 >> [v2:172.21.15.42:3300/0,v1:172.21.15.42:6789/0] conn(0x7f3a780fad90 0x7f3a78108920 secure :-1 s=READY pgs=50 cs=0 l=1 rev1=1 rx=0x7f3a68011ea0 tx=0x7f3a68006ee0).ready entity=mon.0 client_cookie=0 server_cookie=0 in_seq=0 out_seq=0
2024-02-15T18:17:36.431 INFO:teuthology.orchestra.run.smithi042.stderr:/usr/bin/ceph:
2024-02-15T18:17:36.428+0000 7f3a5ffff700 1 -- 172.21.15.42:0/3137666491 <== mon.0 v2:172.21.15.42:3300/0 1 ==== mon_map magic: 0 v1 ==== 229+0+0 (secure 0 0 0) 0x7f3a6801b570 con 0x7f3a780fad90
2024-02-15T18:17:36.431 INFO:teuthology.orchestra.run.smithi042.stderr:/usr/bin/ceph:
2024-02-15T18:17:36.428+0000 7f3a7dbfb700 1 -- 172.21.15.42:0/3137666491 --> [v2:172.21.15.42:3300/0,v1:172.21.15.42:6789/0] -- mon_subscribe({mgrmap=0+}) v3 -- 0x7f3a78109010 con 0x7f3a780fad90
2024-02-15T18:17:36.431 INFO:teuthology.orchestra.run.smithi042.stderr:/usr/bin/ceph:
2024-02-15T18:17:36.428+0000 7f3a5ffff700 1 -- 172.21.15.42:0/3137666491 <== mon.0 v2:172.21.15.42:3300/0 2 ==== config(26 keys) v1 ==== 1045+0+0 (secure 0 0 0) 0x7f3a6801bb60 con 0x7f3a780fad90
2024-02-15T18:17:36.431 INFO:teuthology.orchestra.run.smithi042.stderr:/usr/bin/ceph:
2024-02-15T18:17:36.428+0000 7f3a5ffff700 1 -- 172.21.15.42:0/3137666491 <== mon.0 v2:172.21.15.42:3300/0 3 ==== mon_map magic: 0 v1 ==== 229+0+0 (secure 0 0 0) 0x7f3a6801a8d0 con 0x7f3a780fad90
2024-02-15T18:17:36.431 INFO:teuthology.orchestra.run.smithi042.stderr:/usr/bin/ceph:
2024-02-15T18:17:36.428+0000 7f3a7dbfb700 1 -- 172.21.15.42:0/3137666491 --> [v2:172.21.15.42:3300/0,v1:172.21.15.42:6789/0] -- mon_subscribe({osdmap=0}) v3 -- 0x7f3a781094a0 con 0x7f3a780fad90
2024-02-15T18:17:36.432 INFO:teuthology.orchestra.run.smithi042.stderr:/usr/bin/ceph:
2024-02-15T18:17:36.429+0000 7f3a5ffff700 1 -- 172.21.15.42:0/3137666491 <== mon.0 v2:172.21.15.42:3300/0 4 ==== mgrmap(e 9) v1 ==== 36134+0+0 (secure 0 0 0) 0x7f3a6800f070 con 0x7f3a780fad90
2024-02-15T18:17:36.432 INFO:teuthology.orchestra.run.smithi042.stderr:/usr/bin/ceph:
2024-02-15T18:17:36.429+0000 7f3a5ffff700 1 --2- 172.21.15.42:0/3137666491 >> [v2:172.21.15.42:6800/3051492708,v1:172.21.15.42:6801/3051492708] conn(0x7f3a640320b0 0x7f3a64034570 unknown :-1 s=NONE pgs=0 cs=0 l=1 rev1=0 rx=0 tx=0).connect
2024-02-15T18:17:36.432 INFO:teuthology.orchestra.run.smithi042.stderr:/usr/bin/ceph:
2024-02-15T18:17:36.429+0000 7f3a5ffff700 1 -- 172.21.15.42:0/3137666491 <== mon.0 v2:172.21.15.42:3300/0 5 ==== osd_map(2..2 src has 1..2) v4 ==== 926+0+0 (secure 0 0 0) 0x7f3a68041580 con 0x7f3a780fad90
2024-02-15T18:17:36.432 INFO:teuthology.orchestra.run.smithi042.stderr:/usr/bin/ceph:
2024-02-15T18:17:36.429+0000 7f3a76ffd700 1 -- 172.21.15.42:0/3137666491 >> [v2:172.21.15.42:6800/3051492708,v1:172.21.15.42:6801/3051492708] conn(0x7f3a640320b0 msgr2=0x7f3a64034570 unknown :-1 s=STATE_CONNECTING_RE l=1).process reconnect failed to v2:172.21.15.42:6800/3051492708
2024-02-15T18:17:36.432 INFO:teuthology.orchestra.run.smithi042.stderr:/usr/bin/ceph:
2024-02-15T18:17:36.429+0000 7f3a76ffd700 1 --2- 172.21.15.42:0/3137666491 >> [v2:172.21.15.42:6800/3051492708,v1:172.21.15.42:6801/3051492708] conn(0x7f3a640320b0 0x7f3a64034570 unknown :-1 s=START_CONNECT pgs=0 cs=0 l=1 rev1=0 rx=0 tx=0)._fault waiting 0.200000
2024-02-15T18:17:36.432 INFO:teuthology.orchestra.run.smithi042.stderr:/usr/bin/ceph:
2024-02-15T18:17:36.429+0000 7f3a7dbfb700 1 -- 172.21.15.42:0/3137666491 --> [v2:172.21.15.42:3300/0,v1:172.21.15.42:6789/0] -- mon_command({"prefix": "get_command_descriptions"} v 0) v1 -- 0x7f3a78045ad0 con 0x7f3a780fad90
2024-02-15T18:17:36.434 INFO:teuthology.orchestra.run.smithi042.stderr:/usr/bin/ceph:
2024-02-15T18:17:36.434+0000 7f3a5ffff700 1 -- 172.21.15.42:0/3137666491 <== mon.0 v2:172.21.15.42:3300/0 6 ==== mon_command_ack([{"prefix": "get_command_descriptions"}]=0 v0) v1 ==== 72+0+152212 (secure 0 0 0) 0x7f3a68016070 con 0x7f3a780fad90
2024-02-15T18:17:36.563 INFO:journalctl@ceph.mon.smithi042.smithi042.stdout:Feb 15 18:17:36 smithi042 ceph-51458a44-cc2e-11ee-95ba-87774f69a715-mon.smithi042[38244]: audit
2024-02-15T18:17:35.211598+0000 mon.smithi042 (mon.0) 60 : audit [INF] from='client.? 172.21.15.42:0/1810509045' entity='client.admin' cmd='[{"prefix": "mgr module enable", "module": "prometheus"}]': finished
2024-02-15T18:17:36.563 INFO:journalctl@ceph.mon.smithi042.smithi042.stdout:Feb 15 18:17:36 smithi042 ceph-51458a44-cc2e-11ee-95ba-87774f69a715-mon.smithi042[38244]: cluster
2024-02-15T18:17:35.211699+0000 mon.smithi042 (mon.0) 61 : cluster [DBG] mgrmap e9: smithi042.kfoihb(active, since 16s)
2024-02-15T18:17:36.630 INFO:teuthology.orchestra.run.smithi042.stderr:/usr/bin/ceph:
2024-02-15T18:17:36.630+0000 7f3a76ffd700 1 -- 172.21.15.42:0/3137666491 >> [v2:172.21.15.42:6800/3051492708,v1:172.21.15.42:6801/3051492708] conn(0x7f3a640320b0 msgr2=0x7f3a64034570 unknown :-1 s=STATE_CONNECTING_RE l=1).process reconnect failed to v2:172.21.15.42:6800/3051492708
2024-02-15T18:17:36.630 INFO:teuthology.orchestra.run.smithi042.stderr:/usr/bin/ceph:
2024-02-15T18:17:36.630+0000 7f3a76ffd700 1 --2- 172.21.15.42:0/3137666491 >> [v2:172.21.15.42:6800/3051492708,v1:172.21.15.42:6801/3051492708] conn(0x7f3a640320b0 0x7f3a64034570 unknown :-1 s=START_CONNECT pgs=0 cs=0 l=1 rev1=0 rx=0 tx=0)._fault waiting 0.400000
2024-02-15T18:17:36.681 INFO:teuthology.orchestra.run.smithi042.stderr:/usr/bin/ceph:
2024-02-15T18:17:36.681+0000 7f3a7dbfb700 1 -- 172.21.15.42:0/3137666491 --> [v2:172.21.15.42:6800/3051492708,v1:172.21.15.42:6801/3051492708] -- mgr_command(tid 0: {"prefix": "orch apply", "service_type": "prometheus", "target": ["mon-mgr", ""]}) v1 -- 0x7f3a78102850 con 0x7f3a640320b0
2024-02-15T18:17:37.032 INFO:teuthology.orchestra.run.smithi042.stderr:/usr/bin/ceph:
2024-02-15T18:17:37.031+0000 7f3a76ffd700 1 -- 172.21.15.42:0/3137666491 >> [v2:172.21.15.42:6800/3051492708,v1:172.21.15.42:6801/3051492708] conn(0x7f3a640320b0 msgr2=0x7f3a64034570 unknown :-1 s=STATE_CONNECTING_RE l=1).process reconnect failed to v2:172.21.15.42:6800/3051492708
2024-02-15T18:17:37.032 INFO:teuthology.orchestra.run.smithi042.stderr:/usr/bin/ceph:
2024-02-15T18:17:37.031+0000 7f3a76ffd700 1 --2- 172.21.15.42:0/3137666491 >> [v2:172.21.15.42:6800/3051492708,v1:172.21.15.42:6801/3051492708] conn(0x7f3a640320b0 0x7f3a64034570 unknown :-1 s=START_CONNECT pgs=0 cs=0 l=1 rev1=0 rx=0 tx=0)._fault waiting 0.800000
2024-02-15T18:17:37.832 INFO:teuthology.orchestra.run.smithi042.stderr:/usr/bin/ceph:
2024-02-15T18:17:37.832+0000 7f3a76ffd700 1 -- 172.21.15.42:0/3137666491 >> [v2:172.21.15.42:6800/3051492708,v1:172.21.15.42:6801/3051492708] conn(0x7f3a640320b0 msgr2=0x7f3a64034570 unknown :-1 s=STATE_CONNECTING_RE l=1).process reconnect failed to v2:172.21.15.42:6800/3051492708
2024-02-15T18:17:37.833 INFO:teuthology.orchestra.run.smithi042.stderr:/usr/bin/ceph:
2024-02-15T18:17:37.832+0000 7f3a76ffd700 1 --2- 172.21.15.42:0/3137666491 >> [v2:172.21.15.42:6800/3051492708,v1:172.21.15.42:6801/3051492708] conn(0x7f3a640320b0 0x7f3a64034570 unknown :-1 s=START_CONNECT pgs=0 cs=0 l=1 rev1=0 rx=0 tx=0)._fault waiting 1.600000
2024-02-15T18:17:39.435 INFO:teuthology.orchestra.run.smithi042.stderr:/usr/bin/ceph:
2024-02-15T18:17:39.433+0000 7f3a76ffd700 1 -- 172.21.15.42:0/3137666491 >> [v2:172.21.15.42:6800/3051492708,v1:172.21.15.42:6801/3051492708] conn(0x7f3a640320b0 msgr2=0x7f3a64034570 unknown :-1 s=STATE_CONNECTING_RE l=1).process reconnect failed to v2:172.21.15.42:6800/3051492708
2024-02-15T18:17:39.435 INFO:teuthology.orchestra.run.smithi042.stderr:/usr/bin/ceph:
2024-02-15T18:17:39.434+0000 7f3a76ffd700 1 --2- 172.21.15.42:0/3137666491 >> [v2:172.21.15.42:6800/3051492708,v1:172.21.15.42:6801/3051492708] conn(0x7f3a640320b0 0x7f3a64034570 unknown :-1 s=START_CONNECT pgs=0 cs=0 l=1 rev1=0 rx=0 tx=0)._fault waiting 3.200000
2024-02-15T18:17:40.492 INFO:teuthology.orchestra.run.smithi042.stderr:/usr/bin/ceph:
2024-02-15T18:17:40.491+0000 7f3a5ffff700 1 -- 172.21.15.42:0/3137666491 <== mon.0 v2:172.21.15.42:3300/0 7 ==== mgrmap(e 10) v1 ==== 35984+0+0 (secure 0 0 0) 0x7f3a68025980 con 0x7f3a780fad90
2024-02-15T18:17:40.493 INFO:teuthology.orchestra.run.smithi042.stderr:/usr/bin/ceph:
2024-02-15T18:17:40.492+0000 7f3a5ffff700 1 -- 172.21.15.42:0/3137666491 >> [v2:172.21.15.42:6800/3051492708,v1:172.21.15.42:6801/3051492708] conn(0x7f3a640320b0 msgr2=0x7f3a64034570 unknown :-1 s=STATE_CONNECTING l=1).mark_down
2024-02-15T18:17:40.493 INFO:teuthology.orchestra.run.smithi042.stderr:/usr/bin/ceph:
2024-02-15T18:17:40.492+0000 7f3a5ffff700 1 --2- 172.21.15.42:0/3137666491 >> [v2:172.21.15.42:6800/3051492708,v1:172.21.15.42:6801/3051492708] conn(0x7f3a640320b0 0x7f3a64034570 unknown :-1 s=START_CONNECT pgs=0 cs=0 l=1 rev1=0 rx=0 tx=0).stop
2024-02-15T18:17:40.813 INFO:journalctl@ceph.mon.smithi042.smithi042.stdout:Feb 15 18:17:40 smithi042 ceph-51458a44-cc2e-11ee-95ba-87774f69a715-mon.smithi042[38244]: cluster
2024-02-15T18:17:40.441154+0000 mon.smithi042 (mon.0) 62 : cluster [INF] Active manager daemon smithi042.kfoihb restarted
2024-02-15T18:17:40.813 INFO:journalctl@ceph.mon.smithi042.smithi042.stdout:Feb 15 18:17:40 smithi042 ceph-51458a44-cc2e-11ee-95ba-87774f69a715-mon.smithi042[38244]: cluster
2024-02-15T18:17:40.441525+0000 mon.smithi042 (mon.0) 63 : cluster [INF] Activating manager daemon smithi042.kfoihb
2024-02-15T18:17:40.813 INFO:journalctl@ceph.mon.smithi042.smithi042.stdout:Feb 15 18:17:40 smithi042 ceph-51458a44-cc2e-11ee-95ba-87774f69a715-mon.smithi042[38244]: cluster
2024-02-15T18:17:40.443391+0000 mon.smithi042 (mon.0) 64 : cluster [DBG] osdmap e3: 0 total, 0 up, 0 in
2024-02-15T18:17:41.497 INFO:teuthology.orchestra.run.smithi042.stderr:/usr/bin/ceph:
2024-02-15T18:17:41.495+0000 7f3a5ffff700 1 -- 172.21.15.42:0/3137666491 <== mon.0 v2:172.21.15.42:3300/0 8 ==== mgrmap(e 11) v1 ==== 36054+0+0 (secure 0 0 0) 0x7f3a68043230 con 0x7f3a780fad90
2024-02-15T18:17:41.497 INFO:teuthology.orchestra.run.smithi042.stderr:/usr/bin/ceph:
2024-02-15T18:17:41.495+0000 7f3a5ffff700 1 --2- 172.21.15.42:0/3137666491 >> [v2:172.21.15.42:6800/481027993,v1:172.21.15.42:6801/481027993] conn(0x7f3a64035f20 0x7f3a64038310 unknown :-1 s=NONE pgs=0 cs=0 l=1 rev1=0 rx=0 tx=0).connect
2024-02-15T18:17:41.497 INFO:teuthology.orchestra.run.smithi042.stderr:/usr/bin/ceph:
2024-02-15T18:17:41.495+0000 7f3a5ffff700 1 -- 172.21.15.42:0/3137666491 --> [v2:172.21.15.42:6800/481027993,v1:172.21.15.42:6801/481027993] -- mgr_command(tid 0: {"prefix": "orch apply", "service_type": "prometheus", "target": ["mon-mgr", ""]}) v1 -- 0x7f3a78102850 con 0x7f3a64035f20
2024-02-15T18:17:41.497 INFO:teuthology.orchestra.run.smithi042.stderr:/usr/bin/ceph:
2024-02-15T18:17:41.496+0000 7f3a76ffd700 1 --2- 172.21.15.42:0/3137666491 >> [v2:172.21.15.42:6800/481027993,v1:172.21.15.42:6801/481027993] conn(0x7f3a64035f20 0x7f3a64038310 unknown :-1 s=BANNER_CONNECTING pgs=0 cs=0 l=1 rev1=0 rx=0 tx=0)._handle_peer_banner_payload supported=1 required=0
2024-02-15T18:17:41.497 INFO:teuthology.orchestra.run.smithi042.stderr:/usr/bin/ceph:
2024-02-15T18:17:41.496+0000 7f3a76ffd700 1 --2- 172.21.15.42:0/3137666491 >> [v2:172.21.15.42:6800/481027993,v1:172.21.15.42:6801/481027993] conn(0x7f3a64035f20 0x7f3a64038310 secure :-1 s=READY pgs=1 cs=0 l=1 rev1=1 rx=0x7f3a6c0036d0 tx=0x7f3a6c006cb0).ready entity=mgr.14142 client_cookie=0 server_cookie=0 in_seq=0 out_seq=0
2024-02-15T18:17:41.502 INFO:teuthology.orchestra.run.smithi042.stderr:/usr/bin/ceph:
2024-02-15T18:17:41.502+0000 7f3a5ffff700 1 -- 172.21.15.42:0/3137666491 <== mgr.14142 v2:172.21.15.42:6800/481027993 1 ==== mgr_command_reply(tid 0: 0 ) v1 ==== 8+0+31 (secure 0 0 0) 0x7f3a78102850 con 0x7f3a64035f20
2024-02-15T18:17:41.502 INFO:teuthology.orchestra.run.smithi042.stderr:/usr/bin/ceph: Scheduled prometheus update...
2024-02-15T18:17:41.505 INFO:teuthology.orchestra.run.smithi042.stderr:/usr/bin/ceph:
2024-02-15T18:17:41.504+0000 7f3a7dbfb700 1 -- 172.21.15.42:0/3137666491 >> [v2:172.21.15.42:6800/481027993,v1:172.21.15.42:6801/481027993] conn(0x7f3a64035f20 msgr2=0x7f3a64038310 secure :-1 s=STATE_CONNECTION_ESTABLISHED l=1).mark_down
2024-02-15T18:17:41.505 INFO:teuthology.orchestra.run.smithi042.stderr:/usr/bin/ceph:
2024-02-15T18:17:41.504+0000 7f3a7dbfb700 1 --2- 172.21.15.42:0/3137666491 >> [v2:172.21.15.42:6800/481027993,v1:172.21.15.42:6801/481027993] conn(0x7f3a64035f20 0x7f3a64038310 secure :-1 s=READY pgs=1 cs=0 l=1 rev1=1 rx=0x7f3a6c0036d0 tx=0x7f3a6c006cb0).stop
2024-02-15T18:17:41.505 INFO:teuthology.orchestra.run.smithi042.stderr:/usr/bin/ceph:
2024-02-15T18:17:41.504+0000 7f3a7dbfb700 1 -- 172.21.15.42:0/3137666491 >> [v2:172.21.15.42:3300/0,v1:172.21.15.42:6789/0] conn(0x7f3a780fad90 msgr2=0x7f3a78108920 secure :-1 s=STATE_CONNECTION_ESTABLISHED l=1).mark_down
2024-02-15T18:17:41.505 INFO:teuthology.orchestra.run.smithi042.stderr:/usr/bin/ceph:
2024-02-15T18:17:41.504+0000 7f3a7dbfb700 1 --2- 172.21.15.42:0/3137666491 >> [v2:172.21.15.42:3300/0,v1:172.21.15.42:6789/0] conn(0x7f3a780fad90 0x7f3a78108920 secure :-1 s=READY pgs=50 cs=0 l=1 rev1=1 rx=0x7f3a68011ea0 tx=0x7f3a68006ee0).stop
2024-02-15T18:17:41.506 INFO:teuthology.orchestra.run.smithi042.stderr:/usr/bin/ceph:
2024-02-15T18:17:41.504+0000 7f3a7dbfb700 1 -- 172.21.15.42:0/3137666491 shutdown_connections
2024-02-15T18:17:41.506 INFO:teuthology.orchestra.run.smithi042.stderr:/usr/bin/ceph:
2024-02-15T18:17:41.504+0000 7f3a7dbfb700 1 --2- 172.21.15.42:0/3137666491 >> [v2:172.21.15.42:6800/481027993,v1:172.21.15.42:6801/481027993] conn(0x7f3a64035f20 0x7f3a64038310 unknown :-1 s=CLOSED pgs=1 cs=0 l=1 rev1=1 rx=0 tx=0).stop
2024-02-15T18:17:41.506 INFO:teuthology.orchestra.run.smithi042.stderr:/usr/bin/ceph:
2024-02-15T18:17:41.504+0000 7f3a7dbfb700 1 --2- 172.21.15.42:0/3137666491 >> [v2:172.21.15.42:3300/0,v1:172.21.15.42:6789/0] conn(0x7f3a780fad90 0x7f3a78108920 unknown :-1 s=CLOSED pgs=50 cs=0 l=1 rev1=1 rx=0 tx=0).stop
2024-02-15T18:17:41.506 INFO:teuthology.orchestra.run.smithi042.stderr:/usr/bin/ceph:
2024-02-15T18:17:41.504+0000 7f3a7dbfb700 1 --2- 172.21.15.42:0/3137666491 >> [v2:172.21.15.42:6800/3051492708,v1:172.21.15.42:6801/3051492708] conn(0x7f3a640320b0 0x7f3a64034570 unknown :-1 s=CLOSED pgs=0 cs=0 l=1 rev1=0 rx=0 tx=0).stop
2024-02-15T18:17:41.506 INFO:teuthology.orchestra.run.smithi042.stderr:/usr/bin/ceph:
2024-02-15T18:17:41.504+0000 7f3a7dbfb700 1 -- 172.21.15.42:0/3137666491 >> 172.21.15.42:0/3137666491 conn(0x7f3a780f6530 msgr2=0x7f3a780ff9e0 unknown :-1 s=STATE_NONE l=0).mark_down
2024-02-15T18:17:41.506 INFO:teuthology.orchestra.run.smithi042.stderr:/usr/bin/ceph:
2024-02-15T18:17:41.506+0000 7f3a7dbfb700 1 -- 172.21.15.42:0/3137666491 shutdown_connections
2024-02-15T18:17:41.506 INFO:teuthology.orchestra.run.smithi042.stderr:/usr/bin/ceph:
2024-02-15T18:17:41.506+0000 7f3a7dbfb700 1 -- 172.21.15.42:0/3137666491 wait complete.
2024-02-15T18:17:41.813 INFO:journalctl@ceph.mon.smithi042.smithi042.stdout:Feb 15 18:17:41 smithi042 ceph-51458a44-cc2e-11ee-95ba-87774f69a715-mon.smithi042[38244]: cluster
2024-02-15T18:17:40.493773+0000 mon.smithi042 (mon.0) 65 : cluster [DBG] mgrmap e10: smithi042.kfoihb(active, starting, since 0.0523307s)
2024-02-15T18:17:41.813 INFO:journalctl@ceph.mon.smithi042.smithi042.stdout:Feb 15 18:17:41 smithi042 ceph-51458a44-cc2e-11ee-95ba-87774f69a715-mon.smithi042[38244]: audit
2024-02-15T18:17:40.496595+0000 mon.smithi042 (mon.0) 66 : audit [DBG] from='mgr.14142 172.21.15.42:0/789696820' entity='mgr.smithi042.kfoihb' cmd=[{"prefix": "mon metadata", "id": "smithi042"}]: dispatch
2024-02-15T18:17:41.813 INFO:journalctl@ceph.mon.smithi042.smithi042.stdout:Feb 15 18:17:41 smithi042 ceph-51458a44-cc2e-11ee-95ba-87774f69a715-mon.smithi042[38244]: audit
2024-02-15T18:17:40.497174+0000 mon.smithi042 (mon.0) 67 : audit [DBG] from='mgr.14142 172.21.15.42:0/789696820' entity='mgr.smithi042.kfoihb' cmd=[{"prefix": "mgr metadata", "who": "smithi042.kfoihb", "id": "smithi042.kfoihb"}]: dispatch
2024-02-15T18:17:41.813 INFO:journalctl@ceph.mon.smithi042.smithi042.stdout:Feb 15 18:17:41 smithi042 ceph-51458a44-cc2e-11ee-95ba-87774f69a715-mon.smithi042[38244]: audit
2024-02-15T18:17:40.497848+0000 mon.smithi042 (mon.0) 68 : audit [DBG] from='mgr.14142 172.21.15.42:0/789696820' entity='mgr.smithi042.kfoihb' cmd=[{"prefix": "mds metadata"}]: dispatch
2024-02-15T18:17:41.813 INFO:journalctl@ceph.mon.smithi042.smithi042.stdout:Feb 15 18:17:41 smithi042 ceph-51458a44-cc2e-11ee-95ba-87774f69a715-mon.smithi042[38244]: audit
2024-02-15T18:17:40.498034+0000 mon.smithi042 (mon.0) 69 : audit [DBG] from='mgr.14142 172.21.15.42:0/789696820' entity='mgr.smithi042.kfoihb' cmd=[{"prefix": "osd metadata"}]: dispatch
2024-02-15T18:17:41.813 INFO:journalctl@ceph.mon.smithi042.smithi042.stdout:Feb 15 18:17:41 smithi042 ceph-51458a44-cc2e-11ee-95ba-87774f69a715-mon.smithi042[38244]: audit
2024-02-15T18:17:40.498184+0000 mon.smithi042 (mon.0) 70 : audit [DBG] from='mgr.14142 172.21.15.42:0/789696820' entity='mgr.smithi042.kfoihb' cmd=[{"prefix": "mon metadata"}]: dispatch
2024-02-15T18:17:41.813 INFO:journalctl@ceph.mon.smithi042.smithi042.stdout:Feb 15 18:17:41 smithi042 ceph-51458a44-cc2e-11ee-95ba-87774f69a715-mon.smithi042[38244]: cluster
2024-02-15T18:17:40.511553+0000 mon.smithi042 (mon.0) 71 : cluster [INF] Manager daemon smithi042.kfoihb is now available
2024-02-15T18:17:41.813 INFO:journalctl@ceph.mon.smithi042.smithi042.stdout:Feb 15 18:17:41 smithi042 ceph-51458a44-cc2e-11ee-95ba-87774f69a715-mon.smithi042[38244]: audit
2024-02-15T18:17:40.616024+0000 mon.smithi042 (mon.0) 72 : audit [DBG] from='mgr.14142 172.21.15.42:0/789696820' entity='mgr.smithi042.kfoihb' cmd=[{"prefix": "config dump", "format": "json"}]: dispatch
2024-02-15T18:17:41.813 INFO:journalctl@ceph.mon.smithi042.smithi042.stdout:Feb 15 18:17:41 smithi042 ceph-51458a44-cc2e-11ee-95ba-87774f69a715-mon.smithi042[38244]: audit
2024-02-15T18:17:40.617531+0000 mon.smithi042 (mon.0) 73 : audit [DBG] from='mgr.14142 172.21.15.42:0/789696820' entity='mgr.smithi042.kfoihb' cmd=[{"prefix": "config dump", "format": "json"}]: dispatch
2024-02-15T18:17:41.813 INFO:journalctl@ceph.mon.smithi042.smithi042.stdout:Feb 15 18:17:41 smithi042 ceph-51458a44-cc2e-11ee-95ba-87774f69a715-mon.smithi042[38244]: audit
2024-02-15T18:17:40.633584+0000 mon.smithi042 (mon.0) 74 : audit [INF] from='mgr.14142 172.21.15.42:0/789696820' entity='mgr.smithi042.kfoihb' cmd=[{"prefix":"config rm","who":"mgr","name":"mgr/rbd_support/smithi042.kfoihb/mirror_snapshot_schedule"}]: dispatch
2024-02-15T18:17:41.813 INFO:journalctl@ceph.mon.smithi042.smithi042.stdout:Feb 15 18:17:41 smithi042 ceph-51458a44-cc2e-11ee-95ba-87774f69a715-mon.smithi042[38244]: audit
2024-02-15T18:17:40.641183+0000 mon.smithi042 (mon.0) 75 : audit [INF] from='mgr.14142 172.21.15.42:0/789696820' entity='mgr.smithi042.kfoihb' cmd=[{"prefix":"config rm","who":"mgr","name":"mgr/rbd_support/smithi042.kfoihb/trash_purge_schedule"}]: dispatch
2024-02-15T18:17:42.136 INFO:teuthology.orchestra.run.smithi042.stderr:Deploying grafana service with default placement...
2024-02-15T18:17:42.136 INFO:teuthology.orchestra.run.smithi042.stderr:Running command: /bin/podman run --rm --ipc=host --no-hosts --net=host --entrypoint /usr/bin/ceph --init -e CONTAINER_IMAGE=docker.io/ceph/ceph:v16.2.4 -e NODE_NAME=smithi042 -e CEPH_USE_RANDOM_NONCE=1 -v /var/log/ceph/51458a44-cc2e-11ee-95ba-87774f69a715:/var/log/ceph:z -v /tmp/ceph-tmpgycmxaec:/etc/ceph/ceph.client.admin.keyring:z -v /tmp/ceph-tmpu6woidlw:/etc/ceph/ceph.conf:z docker.io/ceph/ceph:v16.2.4 orch apply grafana
2024-02-15T18:17:42.694 INFO:teuthology.orchestra.run.smithi042.stderr:/usr/bin/ceph:
2024-02-15T18:17:42.690+0000 7fb00ee64700 1 Processor -- start
2024-02-15T18:17:42.694 INFO:teuthology.orchestra.run.smithi042.stderr:/usr/bin/ceph:
2024-02-15T18:17:42.690+0000 7fb00ee64700 1 -- start start
2024-02-15T18:17:42.694 INFO:teuthology.orchestra.run.smithi042.stderr:/usr/bin/ceph:
2024-02-15T18:17:42.690+0000 7fb00ee64700 1 --2- >> [v2:172.21.15.42:3300/0,v1:172.21.15.42:6789/0] conn(0x7fb0080703b0 0x7fb008100ed0 unknown :-1 s=NONE pgs=0 cs=0 l=0 rev1=0 rx=0 tx=0).connect
2024-02-15T18:17:42.694 INFO:teuthology.orchestra.run.smithi042.stderr:/usr/bin/ceph:
2024-02-15T18:17:42.690+0000 7fb00ee64700 1 -- --> [v2:172.21.15.42:3300/0,v1:172.21.15.42:6789/0] -- mon_getmap magic: 0 v1 -- 0x7fb0080fc8c0 con 0x7fb0080703b0
2024-02-15T18:17:42.694 INFO:teuthology.orchestra.run.smithi042.stderr:/usr/bin/ceph:
2024-02-15T18:17:42.690+0000 7fb00cc00700 1 --2- >> [v2:172.21.15.42:3300/0,v1:172.21.15.42:6789/0] conn(0x7fb0080703b0 0x7fb008100ed0 unknown :-1 s=BANNER_CONNECTING pgs=0 cs=0 l=0 rev1=0 rx=0 tx=0)._handle_peer_banner_payload supported=1 required=0
2024-02-15T18:17:42.694 INFO:teuthology.orchestra.run.smithi042.stderr:/usr/bin/ceph:
2024-02-15T18:17:42.690+0000 7fb00cc00700 1 --2- >> [v2:172.21.15.42:3300/0,v1:172.21.15.42:6789/0] conn(0x7fb0080703b0 0x7fb008100ed0 unknown :-1 s=HELLO_CONNECTING pgs=0 cs=0 l=0 rev1=1 rx=0 tx=0).handle_hello peer v2:172.21.15.42:3300/0 says I am v2:172.21.15.42:45330/0 (socket says 172.21.15.42:45330)
2024-02-15T18:17:42.694 INFO:teuthology.orchestra.run.smithi042.stderr:/usr/bin/ceph:
2024-02-15T18:17:42.690+0000 7fb00cc00700 1 -- 172.21.15.42:0/3041296538 learned_addr learned my addr 172.21.15.42:0/3041296538 (peer_addr_for_me v2:172.21.15.42:0/0)
2024-02-15T18:17:42.694 INFO:teuthology.orchestra.run.smithi042.stderr:/usr/bin/ceph:
2024-02-15T18:17:42.691+0000 7fb00cc00700 1 -- 172.21.15.42:0/3041296538 --> [v2:172.21.15.42:3300/0,v1:172.21.15.42:6789/0] -- mon_subscribe({config=0+,monmap=0+}) v3 -- 0x7fb0081013c0 con 0x7fb0080703b0
2024-02-15T18:17:42.694 INFO:teuthology.orchestra.run.smithi042.stderr:/usr/bin/ceph:
2024-02-15T18:17:42.691+0000 7fb00cc00700 1 --2- 172.21.15.42:0/3041296538 >> [v2:172.21.15.42:3300/0,v1:172.21.15.42:6789/0] conn(0x7fb0080703b0 0x7fb008100ed0 secure :-1 s=READY pgs=56 cs=0 l=1 rev1=1 rx=0x7faffc00b5f0 tx=0x7faffc006ee0).ready entity=mon.0 client_cookie=ab5bb29574e6dcad server_cookie=0 in_seq=0 out_seq=0
2024-02-15T18:17:42.694 INFO:teuthology.orchestra.run.smithi042.stderr:/usr/bin/ceph:
2024-02-15T18:17:42.691+0000 7fb0077fe700 1 -- 172.21.15.42:0/3041296538 <== mon.0 v2:172.21.15.42:3300/0 1 ==== mon_map magic: 0 v1 ==== 229+0+0 (secure 0 0 0) 0x7faffc00d600 con 0x7fb0080703b0
2024-02-15T18:17:42.694 INFO:teuthology.orchestra.run.smithi042.stderr:/usr/bin/ceph:
2024-02-15T18:17:42.691+0000 7fb0077fe700 1 -- 172.21.15.42:0/3041296538 <== mon.0 v2:172.21.15.42:3300/0 2 ==== config(26 keys) v1 ==== 1045+0+0 (secure 0 0 0) 0x7faffc00dbf0 con 0x7fb0080703b0
2024-02-15T18:17:42.695 INFO:teuthology.orchestra.run.smithi042.stderr:/usr/bin/ceph:
2024-02-15T18:17:42.691+0000 7fb0077fe700 1 -- 172.21.15.42:0/3041296538 <== mon.0 v2:172.21.15.42:3300/0 3 ==== mon_map magic: 0 v1 ==== 229+0+0 (secure 0 0 0) 0x7faffc011cb0 con 0x7fb0080703b0
2024-02-15T18:17:42.695 INFO:teuthology.orchestra.run.smithi042.stderr:/usr/bin/ceph:
2024-02-15T18:17:42.691+0000 7fb00ee64700 1 -- 172.21.15.42:0/3041296538 >> [v2:172.21.15.42:3300/0,v1:172.21.15.42:6789/0] conn(0x7fb0080703b0 msgr2=0x7fb008100ed0 secure :-1 s=STATE_CONNECTION_ESTABLISHED l=1).mark_down
2024-02-15T18:17:42.695 INFO:teuthology.orchestra.run.smithi042.stderr:/usr/bin/ceph:
2024-02-15T18:17:42.691+0000 7fb00ee64700 1 --2- 172.21.15.42:0/3041296538 >> [v2:172.21.15.42:3300/0,v1:172.21.15.42:6789/0] conn(0x7fb0080703b0 0x7fb008100ed0 secure :-1 s=READY pgs=56 cs=0 l=1 rev1=1 rx=0x7faffc00b5f0 tx=0x7faffc006ee0).stop
2024-02-15T18:17:42.695 INFO:teuthology.orchestra.run.smithi042.stderr:/usr/bin/ceph:
2024-02-15T18:17:42.692+0000 7fb00ee64700 1 -- 172.21.15.42:0/3041296538 shutdown_connections
2024-02-15T18:17:42.695 INFO:teuthology.orchestra.run.smithi042.stderr:/usr/bin/ceph:
2024-02-15T18:17:42.692+0000 7fb00ee64700 1 --2- 172.21.15.42:0/3041296538 >> [v2:172.21.15.42:3300/0,v1:172.21.15.42:6789/0] conn(0x7fb0080703b0 0x7fb008100ed0 unknown :-1 s=CLOSED pgs=56 cs=0 l=1 rev1=1 rx=0 tx=0).stop
2024-02-15T18:17:42.695 INFO:teuthology.orchestra.run.smithi042.stderr:/usr/bin/ceph:
2024-02-15T18:17:42.692+0000 7fb00ee64700 1 -- 172.21.15.42:0/3041296538 >> 172.21.15.42:0/3041296538 conn(0x7fb0080f6530 msgr2=0x7fb0080f8950 unknown :-1 s=STATE_NONE l=0).mark_down
2024-02-15T18:17:42.695 INFO:teuthology.orchestra.run.smithi042.stderr:/usr/bin/ceph:
2024-02-15T18:17:42.692+0000 7fb00ee64700 1 -- 172.21.15.42:0/3041296538 shutdown_connections
2024-02-15T18:17:42.695 INFO:teuthology.orchestra.run.smithi042.stderr:/usr/bin/ceph:
2024-02-15T18:17:42.692+0000 7fb00ee64700 1 -- 172.21.15.42:0/3041296538 wait complete.
2024-02-15T18:17:42.695 INFO:teuthology.orchestra.run.smithi042.stderr:/usr/bin/ceph:
2024-02-15T18:17:42.692+0000 7fb00ee64700 1 Processor -- start
2024-02-15T18:17:42.695 INFO:teuthology.orchestra.run.smithi042.stderr:/usr/bin/ceph:
2024-02-15T18:17:42.692+0000 7fb00ee64700 1 -- start start
2024-02-15T18:17:42.695 INFO:teuthology.orchestra.run.smithi042.stderr:/usr/bin/ceph:
2024-02-15T18:17:42.693+0000 7fb00ee64700 1 --2- >> [v2:172.21.15.42:3300/0,v1:172.21.15.42:6789/0] conn(0x7fb0080703b0 0x7fb00810cdd0 unknown :-1 s=NONE pgs=0 cs=0 l=1 rev1=0 rx=0 tx=0).connect
2024-02-15T18:17:42.695 INFO:teuthology.orchestra.run.smithi042.stderr:/usr/bin/ceph:
2024-02-15T18:17:42.693+0000 7fb00ee64700 1 -- --> [v2:172.21.15.42:3300/0,v1:172.21.15.42:6789/0] -- mon_getmap magic: 0 v1 -- 0x7fb00810d2c0 con 0x7fb0080703b0
2024-02-15T18:17:42.695 INFO:teuthology.orchestra.run.smithi042.stderr:/usr/bin/ceph:
2024-02-15T18:17:42.693+0000 7fb00cc00700 1 --2- >> [v2:172.21.15.42:3300/0,v1:172.21.15.42:6789/0] conn(0x7fb0080703b0 0x7fb00810cdd0 unknown :-1 s=BANNER_CONNECTING pgs=0 cs=0 l=1 rev1=0 rx=0 tx=0)._handle_peer_banner_payload supported=1 required=0
2024-02-15T18:17:42.695 INFO:teuthology.orchestra.run.smithi042.stderr:/usr/bin/ceph:
2024-02-15T18:17:42.693+0000 7fb00cc00700 1 --2- >> [v2:172.21.15.42:3300/0,v1:172.21.15.42:6789/0] conn(0x7fb0080703b0 0x7fb00810cdd0 unknown :-1 s=HELLO_CONNECTING pgs=0 cs=0 l=1 rev1=1 rx=0 tx=0).handle_hello peer v2:172.21.15.42:3300/0 says I am v2:172.21.15.42:45342/0 (socket says 172.21.15.42:45342)
2024-02-15T18:17:42.696 INFO:teuthology.orchestra.run.smithi042.stderr:/usr/bin/ceph:
2024-02-15T18:17:42.693+0000 7fb00cc00700 1 -- 172.21.15.42:0/2045472135 learned_addr learned my addr 172.21.15.42:0/2045472135 (peer_addr_for_me v2:172.21.15.42:0/0)
2024-02-15T18:17:42.696 INFO:teuthology.orchestra.run.smithi042.stderr:/usr/bin/ceph:
2024-02-15T18:17:42.693+0000 7fb00cc00700 1 -- 172.21.15.42:0/2045472135 --> [v2:172.21.15.42:3300/0,v1:172.21.15.42:6789/0] -- mon_subscribe({config=0+,monmap=0+}) v3 -- 0x7faffc00b200 con 0x7fb0080703b0
2024-02-15T18:17:42.696 INFO:teuthology.orchestra.run.smithi042.stderr:/usr/bin/ceph:
2024-02-15T18:17:42.693+0000 7fb00cc00700 1 --2- 172.21.15.42:0/2045472135 >> [v2:172.21.15.42:3300/0,v1:172.21.15.42:6789/0] conn(0x7fb0080703b0 0x7fb00810cdd0 secure :-1 s=READY pgs=57 cs=0 l=1 rev1=1 rx=0x7faffc00df90 tx=0x7faffc006ee0).ready entity=mon.0 client_cookie=0 server_cookie=0 in_seq=0 out_seq=0
2024-02-15T18:17:42.696 INFO:teuthology.orchestra.run.smithi042.stderr:/usr/bin/ceph:
2024-02-15T18:17:42.693+0000 7fb0057fa700 1 -- 172.21.15.42:0/2045472135 <== mon.0 v2:172.21.15.42:3300/0 1 ==== mon_map magic: 0 v1 ==== 229+0+0 (secure 0 0 0) 0x7faffc01b410 con 0x7fb0080703b0
2024-02-15T18:17:42.696 INFO:teuthology.orchestra.run.smithi042.stderr:/usr/bin/ceph:
2024-02-15T18:17:42.693+0000 7fb0057fa700 1 -- 172.21.15.42:0/2045472135 <== mon.0 v2:172.21.15.42:3300/0 2 ==== config(26 keys) v1 ==== 1045+0+0 (secure 0 0 0) 0x7faffc01ba00 con 0x7fb0080703b0
2024-02-15T18:17:42.697 INFO:teuthology.orchestra.run.smithi042.stderr:/usr/bin/ceph:
2024-02-15T18:17:42.693+0000 7fb00ee64700 1 -- 172.21.15.42:0/2045472135 --> [v2:172.21.15.42:3300/0,v1:172.21.15.42:6789/0] -- mon_subscribe({mgrmap=0+}) v3 -- 0x7fb00810d4c0 con 0x7fb0080703b0
2024-02-15T18:17:42.698 INFO:teuthology.orchestra.run.smithi042.stderr:/usr/bin/ceph:
2024-02-15T18:17:42.693+0000 7fb0057fa700 1 -- 172.21.15.42:0/2045472135 <== mon.0 v2:172.21.15.42:3300/0 3 ==== mon_map magic: 0 v1 ==== 229+0+0 (secure 0 0 0) 0x7faffc01aa30 con 0x7fb0080703b0
2024-02-15T18:17:42.698 INFO:teuthology.orchestra.run.smithi042.stderr:/usr/bin/ceph:
2024-02-15T18:17:42.694+0000 7fb00ee64700 1 -- 172.21.15.42:0/2045472135 --> [v2:172.21.15.42:3300/0,v1:172.21.15.42:6789/0] -- mon_subscribe({osdmap=0}) v3 -- 0x7fb00810e100 con 0x7fb0080703b0
2024-02-15T18:17:42.698 INFO:teuthology.orchestra.run.smithi042.stderr:/usr/bin/ceph:
2024-02-15T18:17:42.694+0000 7fb0057fa700 1 -- 172.21.15.42:0/2045472135 <== mon.0 v2:172.21.15.42:3300/0 4 ==== mgrmap(e 12) v1 ==== 36195+0+0 (secure 0 0 0) 0x7faffc00f070 con 0x7fb0080703b0
2024-02-15T18:17:42.698 INFO:teuthology.orchestra.run.smithi042.stderr:/usr/bin/ceph:
2024-02-15T18:17:42.694+0000 7fb0057fa700 1 --2- 172.21.15.42:0/2045472135 >> [v2:172.21.15.42:6800/481027993,v1:172.21.15.42:6801/481027993] conn(0x7fafec02ff70 0x7fafec032430 unknown :-1 s=NONE pgs=0 cs=0 l=1 rev1=0 rx=0 tx=0).connect
2024-02-15T18:17:42.698 INFO:teuthology.orchestra.run.smithi042.stderr:/usr/bin/ceph:
2024-02-15T18:17:42.694+0000 7fb0057fa700 1 -- 172.21.15.42:0/2045472135 <== mon.0 v2:172.21.15.42:3300/0 5 ==== osd_map(3..3 src has 1..3) v4 ==== 1098+0+0 (secure 0 0 0) 0x7faffc0412e0 con 0x7fb0080703b0
2024-02-15T18:17:42.698 INFO:teuthology.orchestra.run.smithi042.stderr:/usr/bin/ceph:
2024-02-15T18:17:42.695+0000 7fb007fff700 1 --2- 172.21.15.42:0/2045472135 >> [v2:172.21.15.42:6800/481027993,v1:172.21.15.42:6801/481027993] conn(0x7fafec02ff70 0x7fafec032430 unknown :-1 s=BANNER_CONNECTING pgs=0 cs=0 l=1 rev1=0 rx=0 tx=0)._handle_peer_banner_payload supported=1 required=0
2024-02-15T18:17:42.698 INFO:teuthology.orchestra.run.smithi042.stderr:/usr/bin/ceph:
2024-02-15T18:17:42.695+0000 7fb00ee64700 1 -- 172.21.15.42:0/2045472135 --> [v2:172.21.15.42:3300/0,v1:172.21.15.42:6789/0] -- mon_command({"prefix": "get_command_descriptions"} v 0) v1 -- 0x7fb00810d950 con 0x7fb0080703b0
2024-02-15T18:17:42.698 INFO:teuthology.orchestra.run.smithi042.stderr:/usr/bin/ceph:
2024-02-15T18:17:42.695+0000 7fb007fff700 1 --2- 172.21.15.42:0/2045472135 >> [v2:172.21.15.42:6800/481027993,v1:172.21.15.42:6801/481027993] conn(0x7fafec02ff70 0x7fafec032430 secure :-1 s=READY pgs=6 cs=0 l=1 rev1=1 rx=0x7faff40096a0 tx=0x7faff4006b40).ready entity=mgr.14142 client_cookie=0 server_cookie=0 in_seq=0 out_seq=0
2024-02-15T18:17:42.699 INFO:teuthology.orchestra.run.smithi042.stderr:/usr/bin/ceph:
2024-02-15T18:17:42.699+0000 7fb0057fa700 1 -- 172.21.15.42:0/2045472135 <== mon.0 v2:172.21.15.42:3300/0 6 ==== mon_command_ack([{"prefix": "get_command_descriptions"}]=0 v0) v1 ==== 72+0+152212 (secure 0 0 0) 0x7faffc022d20 con 0x7fb0080703b0
2024-02-15T18:17:42.813 INFO:journalctl@ceph.mon.smithi042.smithi042.stdout:Feb 15 18:17:42 smithi042 ceph-51458a44-cc2e-11ee-95ba-87774f69a715-mon.smithi042[38244]: cluster
2024-02-15T18:17:41.498547+0000 mon.smithi042 (mon.0) 76 : cluster [DBG] mgrmap e11: smithi042.kfoihb(active, since 1.05711s)
2024-02-15T18:17:42.813 INFO:journalctl@ceph.mon.smithi042.smithi042.stdout:Feb 15 18:17:42 smithi042 ceph-51458a44-cc2e-11ee-95ba-87774f69a715-mon.smithi042[38244]: cephadm
2024-02-15T18:17:41.499966+0000 mgr.smithi042.kfoihb (mgr.14142) 2 : cephadm [INF] Saving service prometheus spec with placement count:1
2024-02-15T18:17:42.813 INFO:journalctl@ceph.mon.smithi042.smithi042.stdout:Feb 15 18:17:42 smithi042 ceph-51458a44-cc2e-11ee-95ba-87774f69a715-mon.smithi042[38244]: audit
2024-02-15T18:17:41.502946+0000 mon.smithi042 (mon.0) 77 : audit [INF] from='mgr.14142 172.21.15.42:0/789696820' entity='mgr.smithi042.kfoihb'
2024-02-15T18:17:42.887 INFO:teuthology.orchestra.run.smithi042.stderr:/usr/bin/ceph:
2024-02-15T18:17:42.886+0000 7fb00ee64700 1 -- 172.21.15.42:0/2045472135 --> [v2:172.21.15.42:6800/481027993,v1:172.21.15.42:6801/481027993] -- mgr_command(tid 0: {"prefix": "orch apply", "service_type": "grafana", "target": ["mon-mgr", ""]}) v1 -- 0x7fb008102150 con 0x7fafec02ff70
2024-02-15T18:17:42.891 INFO:teuthology.orchestra.run.smithi042.stderr:/usr/bin/ceph:
2024-02-15T18:17:42.890+0000 7fb0057fa700 1 -- 172.21.15.42:0/2045472135 <== mgr.14142 v2:172.21.15.42:6800/481027993 1 ==== mgr_command_reply(tid 0: 0 ) v1 ==== 8+0+28 (secure 0 0 0) 0x7fb008102150 con 0x7fafec02ff70
2024-02-15T18:17:42.891 INFO:teuthology.orchestra.run.smithi042.stderr:/usr/bin/ceph: Scheduled grafana update...
2024-02-15T18:17:42.893 INFO:teuthology.orchestra.run.smithi042.stderr:/usr/bin/ceph:
2024-02-15T18:17:42.892+0000 7fb00ee64700 1 -- 172.21.15.42:0/2045472135 >> [v2:172.21.15.42:6800/481027993,v1:172.21.15.42:6801/481027993] conn(0x7fafec02ff70 msgr2=0x7fafec032430 secure :-1 s=STATE_CONNECTION_ESTABLISHED l=1).mark_down
2024-02-15T18:17:42.893 INFO:teuthology.orchestra.run.smithi042.stderr:/usr/bin/ceph:
2024-02-15T18:17:42.892+0000 7fb00ee64700 1 --2- 172.21.15.42:0/2045472135 >> [v2:172.21.15.42:6800/481027993,v1:172.21.15.42:6801/481027993] conn(0x7fafec02ff70 0x7fafec032430 secure :-1 s=READY pgs=6 cs=0 l=1 rev1=1 rx=0x7faff40096a0 tx=0x7faff4006b40).stop
2024-02-15T18:17:42.893 INFO:teuthology.orchestra.run.smithi042.stderr:/usr/bin/ceph:
2024-02-15T18:17:42.892+0000 7fb00ee64700 1 -- 172.21.15.42:0/2045472135 >> [v2:172.21.15.42:3300/0,v1:172.21.15.42:6789/0] conn(0x7fb0080703b0 msgr2=0x7fb00810cdd0 secure :-1 s=STATE_CONNECTION_ESTABLISHED l=1).mark_down
2024-02-15T18:17:42.893 INFO:teuthology.orchestra.run.smithi042.stderr:/usr/bin/ceph:
2024-02-15T18:17:42.892+0000 7fb00ee64700 1 --2- 172.21.15.42:0/2045472135 >> [v2:172.21.15.42:3300/0,v1:172.21.15.42:6789/0] conn(0x7fb0080703b0 0x7fb00810cdd0 secure :-1 s=READY pgs=57 cs=0 l=1 rev1=1 rx=0x7faffc00df90 tx=0x7faffc006ee0).stop
2024-02-15T18:17:42.893 INFO:teuthology.orchestra.run.smithi042.stderr:/usr/bin/ceph:
2024-02-15T18:17:42.892+0000 7fb00ee64700 1 -- 172.21.15.42:0/2045472135 shutdown_connections
2024-02-15T18:17:42.893 INFO:teuthology.orchestra.run.smithi042.stderr:/usr/bin/ceph:
2024-02-15T18:17:42.892+0000 7fb00ee64700 1 --2- 172.21.15.42:0/2045472135 >> [v2:172.21.15.42:6800/481027993,v1:172.21.15.42:6801/481027993] conn(0x7fafec02ff70 0x7fafec032430 unknown :-1 s=CLOSED pgs=6 cs=0 l=1 rev1=1 rx=0 tx=0).stop
2024-02-15T18:17:42.893 INFO:teuthology.orchestra.run.smithi042.stderr:/usr/bin/ceph:
2024-02-15T18:17:42.892+0000 7fb00ee64700 1 --2- 172.21.15.42:0/2045472135 >> [v2:172.21.15.42:3300/0,v1:172.21.15.42:6789/0] conn(0x7fb0080703b0 0x7fb00810cdd0 unknown :-1 s=CLOSED pgs=57 cs=0 l=1 rev1=1 rx=0 tx=0).stop
2024-02-15T18:17:42.894 INFO:teuthology.orchestra.run.smithi042.stderr:/usr/bin/ceph:
2024-02-15T18:17:42.892+0000 7fb00ee64700 1 -- 172.21.15.42:0/2045472135 >> 172.21.15.42:0/2045472135 conn(0x7fb0080f6530 msgr2=0x7fb0080f7fa0 unknown :-1 s=STATE_NONE l=0).mark_down
2024-02-15T18:17:42.894 INFO:teuthology.orchestra.run.smithi042.stderr:/usr/bin/ceph:
2024-02-15T18:17:42.892+0000 7fb00ee64700 1 -- 172.21.15.42:0/2045472135 shutdown_connections
2024-02-15T18:17:42.894 INFO:teuthology.orchestra.run.smithi042.stderr:/usr/bin/ceph:
2024-02-15T18:17:42.892+0000 7fb00ee64700 1 -- 172.21.15.42:0/2045472135 wait complete.
2024-02-15T18:17:43.502 INFO:teuthology.orchestra.run.smithi042.stderr:Deploying node-exporter service with default placement...
2024-02-15T18:17:43.502 INFO:teuthology.orchestra.run.smithi042.stderr:Running command: /bin/podman run --rm --ipc=host --no-hosts --net=host --entrypoint /usr/bin/ceph --init -e CONTAINER_IMAGE=docker.io/ceph/ceph:v16.2.4 -e NODE_NAME=smithi042 -e CEPH_USE_RANDOM_NONCE=1 -v /var/log/ceph/51458a44-cc2e-11ee-95ba-87774f69a715:/var/log/ceph:z -v /tmp/ceph-tmpgycmxaec:/etc/ceph/ceph.client.admin.keyring:z -v /tmp/ceph-tmpu6woidlw:/etc/ceph/ceph.conf:z docker.io/ceph/ceph:v16.2.4 orch apply node-exporter
2024-02-15T18:17:43.760 INFO:journalctl@ceph.mon.smithi042.smithi042.stdout:Feb 15 18:17:43 smithi042 ceph-51458a44-cc2e-11ee-95ba-87774f69a715-mon.smithi042[38244]: cluster
2024-02-15T18:17:42.505207+0000 mon.smithi042 (mon.0) 78 : cluster [DBG] mgrmap e12: smithi042.kfoihb(active, since 2s)
2024-02-15T18:17:43.760 INFO:journalctl@ceph.mon.smithi042.smithi042.stdout:Feb 15 18:17:43 smithi042 ceph-51458a44-cc2e-11ee-95ba-87774f69a715-mon.smithi042[38244]: audit
2024-02-15T18:17:42.888585+0000 mgr.smithi042.kfoihb (mgr.14142) 3 : audit [DBG] from='client.14150 -' entity='client.admin' cmd=[{"prefix": "orch apply", "service_type": "grafana", "target": ["mon-mgr", ""]}]: dispatch
2024-02-15T18:17:43.761 INFO:journalctl@ceph.mon.smithi042.smithi042.stdout:Feb 15 18:17:43 smithi042 ceph-51458a44-cc2e-11ee-95ba-87774f69a715-mon.smithi042[38244]: cephadm
2024-02-15T18:17:42.889109+0000 mgr.smithi042.kfoihb (mgr.14142) 4 : cephadm [INF] Saving service grafana spec with placement count:1
2024-02-15T18:17:43.761 INFO:journalctl@ceph.mon.smithi042.smithi042.stdout:Feb 15 18:17:43 smithi042 ceph-51458a44-cc2e-11ee-95ba-87774f69a715-mon.smithi042[38244]: audit
2024-02-15T18:17:42.891384+0000 mon.smithi042 (mon.0) 79 : audit [INF] from='mgr.14142 172.21.15.42:0/789696820' entity='mgr.smithi042.kfoihb'
2024-02-15T18:17:44.066 INFO:teuthology.orchestra.run.smithi042.stderr:/usr/bin/ceph:
2024-02-15T18:17:44.062+0000 7f0099be8700 1 Processor -- start
2024-02-15T18:17:44.066 INFO:teuthology.orchestra.run.smithi042.stderr:/usr/bin/ceph:
2024-02-15T18:17:44.062+0000 7f0099be8700 1 -- start start
2024-02-15T18:17:44.067 INFO:teuthology.orchestra.run.smithi042.stderr:/usr/bin/ceph:
2024-02-15T18:17:44.062+0000 7f0099be8700 1 --2- >> [v2:172.21.15.42:3300/0,v1:172.21.15.42:6789/0] conn(0x7f00940fbea0 0x7f00940fc2c0 unknown :-1 s=NONE pgs=0 cs=0 l=0 rev1=0 rx=0 tx=0).connect
2024-02-15T18:17:44.067 INFO:teuthology.orchestra.run.smithi042.stderr:/usr/bin/ceph:
2024-02-15T18:17:44.062+0000 7f0099be8700 1 -- --> [v2:172.21.15.42:3300/0,v1:172.21.15.42:6789/0] -- mon_getmap magic: 0 v1 -- 0x7f00940fc7b0 con 0x7f00940fbea0
2024-02-15T18:17:44.067 INFO:teuthology.orchestra.run.smithi042.stderr:/usr/bin/ceph:
2024-02-15T18:17:44.063+0000 7f00937fe700 1 --2- >> [v2:172.21.15.42:3300/0,v1:172.21.15.42:6789/0] conn(0x7f00940fbea0 0x7f00940fc2c0 unknown :-1 s=BANNER_CONNECTING pgs=0 cs=0 l=0 rev1=0 rx=0 tx=0)._handle_peer_banner_payload supported=1 required=0
2024-02-15T18:17:44.067 INFO:teuthology.orchestra.run.smithi042.stderr:/usr/bin/ceph:
2024-02-15T18:17:44.063+0000 7f00937fe700 1 --2- >> [v2:172.21.15.42:3300/0,v1:172.21.15.42:6789/0] conn(0x7f00940fbea0 0x7f00940fc2c0 unknown :-1 s=HELLO_CONNECTING pgs=0 cs=0 l=0 rev1=1 rx=0 tx=0).handle_hello peer v2:172.21.15.42:3300/0 says I am v2:172.21.15.42:45350/0 (socket says 172.21.15.42:45350)
2024-02-15T18:17:44.067 INFO:teuthology.orchestra.run.smithi042.stderr:/usr/bin/ceph:
2024-02-15T18:17:44.063+0000 7f00937fe700 1 -- 172.21.15.42:0/2422798016 learned_addr learned my addr 172.21.15.42:0/2422798016 (peer_addr_for_me v2:172.21.15.42:0/0)
2024-02-15T18:17:44.067 INFO:teuthology.orchestra.run.smithi042.stderr:/usr/bin/ceph:
2024-02-15T18:17:44.063+0000 7f00937fe700 1 -- 172.21.15.42:0/2422798016 --> [v2:172.21.15.42:3300/0,v1:172.21.15.42:6789/0] -- mon_subscribe({config=0+,monmap=0+}) v3 -- 0x7f00940fc8f0 con 0x7f00940fbea0
2024-02-15T18:17:44.067 INFO:teuthology.orchestra.run.smithi042.stderr:/usr/bin/ceph:
2024-02-15T18:17:44.063+0000 7f00937fe700 1 --2- 172.21.15.42:0/2422798016 >> [v2:172.21.15.42:3300/0,v1:172.21.15.42:6789/0] conn(0x7f00940fbea0 0x7f00940fc2c0 secure :-1 s=READY pgs=58 cs=0 l=1 rev1=1 rx=0x7f0084009960 tx=0x7f00840092d0).ready entity=mon.0 client_cookie=54364fb6a27ecb3b server_cookie=0 in_seq=0 out_seq=0
2024-02-15T18:17:44.067 INFO:teuthology.orchestra.run.smithi042.stderr:/usr/bin/ceph:
2024-02-15T18:17:44.063+0000 7f00927fc700 1 -- 172.21.15.42:0/2422798016 <== mon.0 v2:172.21.15.42:3300/0 1 ==== mon_map magic: 0 v1 ==== 229+0+0 (secure 0 0 0) 0x7f008400b9c0 con 0x7f00940fbea0
2024-02-15T18:17:44.067 INFO:teuthology.orchestra.run.smithi042.stderr:/usr/bin/ceph:
2024-02-15T18:17:44.063+0000 7f00927fc700 1 -- 172.21.15.42:0/2422798016 <== mon.0 v2:172.21.15.42:3300/0 2 ==== config(26 keys) v1 ==== 1045+0+0 (secure 0 0 0) 0x7f0084011400 con 0x7f00940fbea0
2024-02-15T18:17:44.067 INFO:teuthology.orchestra.run.smithi042.stderr:/usr/bin/ceph:
2024-02-15T18:17:44.063+0000 7f00927fc700 1 -- 172.21.15.42:0/2422798016 <== mon.0 v2:172.21.15.42:3300/0 3 ==== mon_map magic: 0 v1 ==== 229+0+0 (secure 0 0 0) 0x7f0084010580 con 0x7f00940fbea0
2024-02-15T18:17:44.067 INFO:teuthology.orchestra.run.smithi042.stderr:/usr/bin/ceph:
2024-02-15T18:17:44.064+0000 7f0099be8700 1 -- 172.21.15.42:0/2422798016 >> [v2:172.21.15.42:3300/0,v1:172.21.15.42:6789/0] conn(0x7f00940fbea0 msgr2=0x7f00940fc2c0 secure :-1 s=STATE_CONNECTION_ESTABLISHED l=1).mark_down
2024-02-15T18:17:44.067 INFO:teuthology.orchestra.run.smithi042.stderr:/usr/bin/ceph:
2024-02-15T18:17:44.064+0000 7f0099be8700 1 --2- 172.21.15.42:0/2422798016 >> [v2:172.21.15.42:3300/0,v1:172.21.15.42:6789/0] conn(0x7f00940fbea0 0x7f00940fc2c0 secure :-1 s=READY pgs=58 cs=0 l=1 rev1=1 rx=0x7f0084009960 tx=0x7f00840092d0).stop
2024-02-15T18:17:44.067 INFO:teuthology.orchestra.run.smithi042.stderr:/usr/bin/ceph:
2024-02-15T18:17:44.064+0000 7f0099be8700 1 -- 172.21.15.42:0/2422798016 shutdown_connections
2024-02-15T18:17:44.067 INFO:teuthology.orchestra.run.smithi042.stderr:/usr/bin/ceph:
2024-02-15T18:17:44.064+0000 7f0099be8700 1 --2- 172.21.15.42:0/2422798016 >> [v2:172.21.15.42:3300/0,v1:172.21.15.42:6789/0] conn(0x7f00940fbea0 0x7f00940fc2c0 unknown :-1 s=CLOSED pgs=58 cs=0 l=1 rev1=1 rx=0 tx=0).stop
2024-02-15T18:17:44.067 INFO:teuthology.orchestra.run.smithi042.stderr:/usr/bin/ceph:
2024-02-15T18:17:44.064+0000 7f0099be8700 1 -- 172.21.15.42:0/2422798016 >> 172.21.15.42:0/2422798016 conn(0x7f00940f76a0 msgr2=0x7f00940f9ac0 unknown :-1 s=STATE_NONE l=0).mark_down
2024-02-15T18:17:44.068 INFO:teuthology.orchestra.run.smithi042.stderr:/usr/bin/ceph:
2024-02-15T18:17:44.064+0000 7f0099be8700 1 -- 172.21.15.42:0/2422798016 shutdown_connections
2024-02-15T18:17:44.068 INFO:teuthology.orchestra.run.smithi042.stderr:/usr/bin/ceph:
2024-02-15T18:17:44.064+0000 7f0099be8700 1 -- 172.21.15.42:0/2422798016 wait complete.
2024-02-15T18:17:44.068 INFO:teuthology.orchestra.run.smithi042.stderr:/usr/bin/ceph:
2024-02-15T18:17:44.065+0000 7f0099be8700 1 Processor -- start
2024-02-15T18:17:44.068 INFO:teuthology.orchestra.run.smithi042.stderr:/usr/bin/ceph:
2024-02-15T18:17:44.065+0000 7f0099be8700 1 -- start start
2024-02-15T18:17:44.068 INFO:teuthology.orchestra.run.smithi042.stderr:/usr/bin/ceph:
2024-02-15T18:17:44.065+0000 7f0099be8700 1 --2- >> [v2:172.21.15.42:3300/0,v1:172.21.15.42:6789/0] conn(0x7f00940fbea0 0x7f009410ab90 unknown :-1 s=NONE pgs=0 cs=0 l=1 rev1=0 rx=0 tx=0).connect
2024-02-15T18:17:44.068 INFO:teuthology.orchestra.run.smithi042.stderr:/usr/bin/ceph:
2024-02-15T18:17:44.065+0000 7f0099be8700 1 -- --> [v2:172.21.15.42:3300/0,v1:172.21.15.42:6789/0] -- mon_getmap magic: 0 v1 -- 0x7f009410b080 con 0x7f00940fbea0
2024-02-15T18:17:44.068 INFO:teuthology.orchestra.run.smithi042.stderr:/usr/bin/ceph:
2024-02-15T18:17:44.065+0000 7f00937fe700 1 --2- >> [v2:172.21.15.42:3300/0,v1:172.21.15.42:6789/0] conn(0x7f00940fbea0 0x7f009410ab90 unknown :-1 s=BANNER_CONNECTING pgs=0 cs=0 l=1 rev1=0 rx=0 tx=0)._handle_peer_banner_payload supported=1 required=0
2024-02-15T18:17:44.068 INFO:teuthology.orchestra.run.smithi042.stderr:/usr/bin/ceph:
2024-02-15T18:17:44.065+0000 7f00937fe700 1 --2- >> [v2:172.21.15.42:3300/0,v1:172.21.15.42:6789/0] conn(0x7f00940fbea0 0x7f009410ab90 unknown :-1 s=HELLO_CONNECTING pgs=0 cs=0 l=1 rev1=1 rx=0 tx=0).handle_hello peer v2:172.21.15.42:3300/0 says I am v2:172.21.15.42:45362/0 (socket says 172.21.15.42:45362)
2024-02-15T18:17:44.068 INFO:teuthology.orchestra.run.smithi042.stderr:/usr/bin/ceph:
2024-02-15T18:17:44.065+0000 7f00937fe700 1 -- 172.21.15.42:0/2633569379 learned_addr learned my addr 172.21.15.42:0/2633569379 (peer_addr_for_me v2:172.21.15.42:0/0)
2024-02-15T18:17:44.068 INFO:teuthology.orchestra.run.smithi042.stderr:/usr/bin/ceph:
