2024-02-15T18:17:48.124 INFO:teuthology.orchestra.run.smithi042.stderr:/usr/bin/ceph:
2024-02-15T18:17:48.091+0000 7faaedae7700 1 -- 172.21.15.42:0/69608321 --> [v2:172.21.15.42:3300/0,v1:172.21.15.42:6789/0] -- mon_subscribe({osdmap=0}) v3 -- 0x7faae810e100 con 0x7faae8072520
2024-02-15T18:17:48.125 INFO:teuthology.orchestra.run.smithi042.stderr:/usr/bin/ceph:
2024-02-15T18:17:48.091+0000 7faadffff700 1 -- 172.21.15.42:0/69608321 <== mon.0 v2:172.21.15.42:3300/0 4 ==== mgrmap(e 12) v1 ==== 36195+0+0 (secure 0 0 0) 0x7faad800f070 con 0x7faae8072520
2024-02-15T18:17:48.125 INFO:teuthology.orchestra.run.smithi042.stderr:/usr/bin/ceph:
2024-02-15T18:17:48.092+0000 7faadffff700 1 --2- 172.21.15.42:0/69608321 >> [v2:172.21.15.42:6800/481027993,v1:172.21.15.42:6801/481027993] conn(0x7faac802ff20 0x7faac80323e0 unknown :-1 s=NONE pgs=0 cs=0 l=1 rev1=0 rx=0 tx=0).connect
2024-02-15T18:17:48.125 INFO:teuthology.orchestra.run.smithi042.stderr:/usr/bin/ceph:
2024-02-15T18:17:48.092+0000 7faadffff700 1 -- 172.21.15.42:0/69608321 <== mon.0 v2:172.21.15.42:3300/0 5 ==== osd_map(3..3 src has 1..3) v4 ==== 1098+0+0 (secure 0 0 0) 0x7faad8041720 con 0x7faae8072520
2024-02-15T18:17:48.125 INFO:teuthology.orchestra.run.smithi042.stderr:/usr/bin/ceph:
2024-02-15T18:17:48.092+0000 7faaedae7700 1 -- 172.21.15.42:0/69608321 --> [v2:172.21.15.42:3300/0,v1:172.21.15.42:6789/0] -- mon_command({"prefix": "get_command_descriptions"} v 0) v1 -- 0x7faae8059100 con 0x7faae8072520
2024-02-15T18:17:48.125 INFO:teuthology.orchestra.run.smithi042.stderr:/usr/bin/ceph:
2024-02-15T18:17:48.092+0000 7faae6ffd700 1 --2- 172.21.15.42:0/69608321 >> [v2:172.21.15.42:6800/481027993,v1:172.21.15.42:6801/481027993] conn(0x7faac802ff20 0x7faac80323e0 unknown :-1 s=BANNER_CONNECTING pgs=0 cs=0 l=1 rev1=0 rx=0 tx=0)._handle_peer_banner_payload supported=1 required=0
2024-02-15T18:17:48.125 INFO:teuthology.orchestra.run.smithi042.stderr:/usr/bin/ceph:
2024-02-15T18:17:48.092+0000 7faae6ffd700 1 --2- 172.21.15.42:0/69608321 >> [v2:172.21.15.42:6800/481027993,v1:172.21.15.42:6801/481027993] conn(0x7faac802ff20 0x7faac80323e0 secure :-1 s=READY pgs=10 cs=0 l=1 rev1=1 rx=0x7faad00096a0 tx=0x7faad0006b40).ready entity=mgr.14142 client_cookie=0 server_cookie=0 in_seq=0 out_seq=0
2024-02-15T18:17:48.125 INFO:teuthology.orchestra.run.smithi042.stderr:/usr/bin/ceph:
2024-02-15T18:17:48.096+0000 7faadffff700 1 -- 172.21.15.42:0/69608321 <== mon.0 v2:172.21.15.42:3300/0 6 ==== mon_command_ack([{"prefix": "get_command_descriptions"}]=0 v0) v1 ==== 72+0+152212 (secure 0 0 0) 0x7faad8016070 con 0x7faae8072520
2024-02-15T18:17:48.266 INFO:teuthology.orchestra.run.smithi042.stderr:/usr/bin/ceph:
2024-02-15T18:17:48.266+0000 7faaedae7700 1 -- 172.21.15.42:0/69608321 --> [v2:172.21.15.42:3300/0,v1:172.21.15.42:6789/0] -- mon_command([{prefix=config set, name=mgr/dashboard/ssl_server_port}] v 0) v1 -- 0x7faae8045ad0 con 0x7faae8072520
2024-02-15T18:17:48.269 INFO:teuthology.orchestra.run.smithi042.stderr:/usr/bin/ceph:
2024-02-15T18:17:48.269+0000 7faadffff700 1 -- 172.21.15.42:0/69608321 <== mon.0 v2:172.21.15.42:3300/0 7 ==== mon_command_ack([{prefix=config set, name=mgr/dashboard/ssl_server_port}]=0 v9)=0 v9) v1 ==== 130+0+0 (secure 0 0 0) 0x7faae8045ad0 con 0x7faae8072520
2024-02-15T18:17:48.271 INFO:teuthology.orchestra.run.smithi042.stderr:/usr/bin/ceph:
2024-02-15T18:17:48.270+0000 7faaedae7700 1 -- 172.21.15.42:0/69608321 >> [v2:172.21.15.42:6800/481027993,v1:172.21.15.42:6801/481027993] conn(0x7faac802ff20 msgr2=0x7faac80323e0 secure :-1 s=STATE_CONNECTION_ESTABLISHED l=1).mark_down
2024-02-15T18:17:48.272 INFO:teuthology.orchestra.run.smithi042.stderr:/usr/bin/ceph:
2024-02-15T18:17:48.270+0000 7faaedae7700 1 --2- 172.21.15.42:0/69608321 >> [v2:172.21.15.42:6800/481027993,v1:172.21.15.42:6801/481027993] conn(0x7faac802ff20 0x7faac80323e0 secure :-1 s=READY pgs=10 cs=0 l=1 rev1=1 rx=0x7faad00096a0 tx=0x7faad0006b40).stop
2024-02-15T18:17:48.272 INFO:teuthology.orchestra.run.smithi042.stderr:/usr/bin/ceph:
2024-02-15T18:17:48.270+0000 7faaedae7700 1 -- 172.21.15.42:0/69608321 >> [v2:172.21.15.42:3300/0,v1:172.21.15.42:6789/0] conn(0x7faae8072520 msgr2=0x7faae810ce00 secure :-1 s=STATE_CONNECTION_ESTABLISHED l=1).mark_down
2024-02-15T18:17:48.272 INFO:teuthology.orchestra.run.smithi042.stderr:/usr/bin/ceph:
2024-02-15T18:17:48.270+0000 7faaedae7700 1 --2- 172.21.15.42:0/69608321 >> [v2:172.21.15.42:3300/0,v1:172.21.15.42:6789/0] conn(0x7faae8072520 0x7faae810ce00 secure :-1 s=READY pgs=65 cs=0 l=1 rev1=1 rx=0x7faad8006800 tx=0x7faad8006ee0).stop
2024-02-15T18:17:48.272 INFO:teuthology.orchestra.run.smithi042.stderr:/usr/bin/ceph:
2024-02-15T18:17:48.270+0000 7faaedae7700 1 -- 172.21.15.42:0/69608321 shutdown_connections
2024-02-15T18:17:48.272 INFO:teuthology.orchestra.run.smithi042.stderr:/usr/bin/ceph:
2024-02-15T18:17:48.270+0000 7faaedae7700 1 --2- 172.21.15.42:0/69608321 >> [v2:172.21.15.42:6800/481027993,v1:172.21.15.42:6801/481027993] conn(0x7faac802ff20 0x7faac80323e0 unknown :-1 s=CLOSED pgs=10 cs=0 l=1 rev1=1 rx=0 tx=0).stop
2024-02-15T18:17:48.272 INFO:teuthology.orchestra.run.smithi042.stderr:/usr/bin/ceph:
2024-02-15T18:17:48.270+0000 7faaedae7700 1 --2- 172.21.15.42:0/69608321 >> [v2:172.21.15.42:3300/0,v1:172.21.15.42:6789/0] conn(0x7faae8072520 0x7faae810ce00 secure :-1 s=CLOSED pgs=65 cs=0 l=1 rev1=1 rx=0x7faad8006800 tx=0x7faad8006ee0).stop
2024-02-15T18:17:48.272 INFO:teuthology.orchestra.run.smithi042.stderr:/usr/bin/ceph:
2024-02-15T18:17:48.270+0000 7faaedae7700 1 -- 172.21.15.42:0/69608321 >> 172.21.15.42:0/69608321 conn(0x7faae80f76a0 msgr2=0x7faae80f90c0 unknown :-1 s=STATE_NONE l=0).mark_down
2024-02-15T18:17:48.272 INFO:teuthology.orchestra.run.smithi042.stderr:/usr/bin/ceph:
2024-02-15T18:17:48.271+0000 7faaedae7700 1 -- 172.21.15.42:0/69608321 shutdown_connections
2024-02-15T18:17:48.272 INFO:teuthology.orchestra.run.smithi042.stderr:/usr/bin/ceph:
2024-02-15T18:17:48.271+0000 7faaedae7700 1 -- 172.21.15.42:0/69608321 wait complete.
2024-02-15T18:17:48.290 INFO:journalctl@ceph.mon.smithi042.smithi042.stdout:Feb 15 18:17:47 smithi042 ceph-51458a44-cc2e-11ee-95ba-87774f69a715-mon.smithi042[38244]: audit
2024-02-15T18:17:46.818789+0000 mon.smithi042 (mon.0) 82 : audit [INF] from='client.? 172.21.15.42:0/1451568937' entity='client.admin'
2024-02-15T18:17:49.458 INFO:journalctl@ceph.mon.smithi042.smithi042.stdout:Feb 15 18:17:49 smithi042 ceph-51458a44-cc2e-11ee-95ba-87774f69a715-mon.smithi042[38244]: audit
2024-02-15T18:17:48.270081+0000 mon.smithi042 (mon.0) 83 : audit [INF] from='client.? 172.21.15.42:0/69608321' entity='client.admin'
2024-02-15T18:17:49.799 INFO:teuthology.orchestra.run.smithi042.stderr:Enabling the dashboard module...
2024-02-15T18:17:49.799 INFO:teuthology.orchestra.run.smithi042.stderr:Running command: /bin/podman run --rm --ipc=host --no-hosts --net=host --entrypoint /usr/bin/ceph --init -e CONTAINER_IMAGE=docker.io/ceph/ceph:v16.2.4 -e NODE_NAME=smithi042 -e CEPH_USE_RANDOM_NONCE=1 -v /var/log/ceph/51458a44-cc2e-11ee-95ba-87774f69a715:/var/log/ceph:z -v /tmp/ceph-tmpgycmxaec:/etc/ceph/ceph.client.admin.keyring:z -v /tmp/ceph-tmpu6woidlw:/etc/ceph/ceph.conf:z docker.io/ceph/ceph:v16.2.4 mgr module enable dashboard
2024-02-15T18:17:50.334 INFO:teuthology.orchestra.run.smithi042.stderr:/usr/bin/ceph:
2024-02-15T18:17:50.331+0000 7fe266b88700 1 Processor -- start
2024-02-15T18:17:50.334 INFO:teuthology.orchestra.run.smithi042.stderr:/usr/bin/ceph:
2024-02-15T18:17:50.331+0000 7fe266b88700 1 -- start start
2024-02-15T18:17:50.334 INFO:teuthology.orchestra.run.smithi042.stderr:/usr/bin/ceph:
2024-02-15T18:17:50.331+0000 7fe266b88700 1 --2- >> [v2:172.21.15.42:3300/0,v1:172.21.15.42:6789/0] conn(0x7fe2600fab30 0x7fe2600faf50 unknown :-1 s=NONE pgs=0 cs=0 l=0 rev1=0 rx=0 tx=0).connect
2024-02-15T18:17:50.334 INFO:teuthology.orchestra.run.smithi042.stderr:/usr/bin/ceph:
2024-02-15T18:17:50.332+0000 7fe266b88700 1 -- --> [v2:172.21.15.42:3300/0,v1:172.21.15.42:6789/0] -- mon_getmap magic: 0 v1 -- 0x7fe2600fb440 con 0x7fe2600fab30
2024-02-15T18:17:50.334 INFO:teuthology.orchestra.run.smithi042.stderr:/usr/bin/ceph:
2024-02-15T18:17:50.332+0000 7fe265b86700 1 --2- >> [v2:172.21.15.42:3300/0,v1:172.21.15.42:6789/0] conn(0x7fe2600fab30 0x7fe2600faf50 unknown :-1 s=BANNER_CONNECTING pgs=0 cs=0 l=0 rev1=0 rx=0 tx=0)._handle_peer_banner_payload supported=1 required=0
2024-02-15T18:17:50.334 INFO:teuthology.orchestra.run.smithi042.stderr:/usr/bin/ceph:
2024-02-15T18:17:50.332+0000 7fe265b86700 1 --2- >> [v2:172.21.15.42:3300/0,v1:172.21.15.42:6789/0] conn(0x7fe2600fab30 0x7fe2600faf50 unknown :-1 s=HELLO_CONNECTING pgs=0 cs=0 l=0 rev1=1 rx=0 tx=0).handle_hello peer v2:172.21.15.42:3300/0 says I am v2:172.21.15.42:45432/0 (socket says 172.21.15.42:45432)
2024-02-15T18:17:50.334 INFO:teuthology.orchestra.run.smithi042.stderr:/usr/bin/ceph:
2024-02-15T18:17:50.332+0000 7fe265b86700 1 -- 172.21.15.42:0/2038254430 learned_addr learned my addr 172.21.15.42:0/2038254430 (peer_addr_for_me v2:172.21.15.42:0/0)
2024-02-15T18:17:50.334 INFO:teuthology.orchestra.run.smithi042.stderr:/usr/bin/ceph:
2024-02-15T18:17:50.332+0000 7fe265b86700 1 -- 172.21.15.42:0/2038254430 --> [v2:172.21.15.42:3300/0,v1:172.21.15.42:6789/0] -- mon_subscribe({config=0+,monmap=0+}) v3 -- 0x7fe2600fb580 con 0x7fe2600fab30
2024-02-15T18:17:50.335 INFO:teuthology.orchestra.run.smithi042.stderr:/usr/bin/ceph:
2024-02-15T18:17:50.332+0000 7fe265b86700 1 --2- 172.21.15.42:0/2038254430 >> [v2:172.21.15.42:3300/0,v1:172.21.15.42:6789/0] conn(0x7fe2600fab30 0x7fe2600faf50 secure :-1 s=READY pgs=66 cs=0 l=1 rev1=1 rx=0x7fe25c00b5f0 tx=0x7fe25c006ee0).ready entity=mon.0 client_cookie=bd84c03a36c05000 server_cookie=0 in_seq=0 out_seq=0
2024-02-15T18:17:50.335 INFO:teuthology.orchestra.run.smithi042.stderr:/usr/bin/ceph:
2024-02-15T18:17:50.332+0000 7fe264b84700 1 -- 172.21.15.42:0/2038254430 <== mon.0 v2:172.21.15.42:3300/0 1 ==== mon_map magic: 0 v1 ==== 229+0+0 (secure 0 0 0) 0x7fe25c00d600 con 0x7fe2600fab30
2024-02-15T18:17:50.335 INFO:teuthology.orchestra.run.smithi042.stderr:/usr/bin/ceph:
2024-02-15T18:17:50.332+0000 7fe264b84700 1 -- 172.21.15.42:0/2038254430 <== mon.0 v2:172.21.15.42:3300/0 2 ==== config(26 keys) v1 ==== 1109+0+0 (secure 0 0 0) 0x7fe25c00dc30 con 0x7fe2600fab30
2024-02-15T18:17:50.335 INFO:teuthology.orchestra.run.smithi042.stderr:/usr/bin/ceph:
2024-02-15T18:17:50.333+0000 7fe264b84700 1 -- 172.21.15.42:0/2038254430 <== mon.0 v2:172.21.15.42:3300/0 3 ==== mon_map magic: 0 v1 ==== 229+0+0 (secure 0 0 0) 0x7fe25c011d30 con 0x7fe2600fab30
2024-02-15T18:17:50.335 INFO:teuthology.orchestra.run.smithi042.stderr:/usr/bin/ceph:
2024-02-15T18:17:50.333+0000 7fe266b88700 1 -- 172.21.15.42:0/2038254430 >> [v2:172.21.15.42:3300/0,v1:172.21.15.42:6789/0] conn(0x7fe2600fab30 msgr2=0x7fe2600faf50 secure :-1 s=STATE_CONNECTION_ESTABLISHED l=1).mark_down
2024-02-15T18:17:50.335 INFO:teuthology.orchestra.run.smithi042.stderr:/usr/bin/ceph:
2024-02-15T18:17:50.333+0000 7fe266b88700 1 --2- 172.21.15.42:0/2038254430 >> [v2:172.21.15.42:3300/0,v1:172.21.15.42:6789/0] conn(0x7fe2600fab30 0x7fe2600faf50 secure :-1 s=READY pgs=66 cs=0 l=1 rev1=1 rx=0x7fe25c00b5f0 tx=0x7fe25c006ee0).stop
2024-02-15T18:17:50.335 INFO:teuthology.orchestra.run.smithi042.stderr:/usr/bin/ceph:
2024-02-15T18:17:50.333+0000 7fe266b88700 1 -- 172.21.15.42:0/2038254430 shutdown_connections
2024-02-15T18:17:50.335 INFO:teuthology.orchestra.run.smithi042.stderr:/usr/bin/ceph:
2024-02-15T18:17:50.333+0000 7fe266b88700 1 --2- 172.21.15.42:0/2038254430 >> [v2:172.21.15.42:3300/0,v1:172.21.15.42:6789/0] conn(0x7fe2600fab30 0x7fe2600faf50 unknown :-1 s=CLOSED pgs=66 cs=0 l=1 rev1=1 rx=0 tx=0).stop
2024-02-15T18:17:50.335 INFO:teuthology.orchestra.run.smithi042.stderr:/usr/bin/ceph:
2024-02-15T18:17:50.333+0000 7fe266b88700 1 -- 172.21.15.42:0/2038254430 >> 172.21.15.42:0/2038254430 conn(0x7fe2600f6390 msgr2=0x7fe2600f87b0 unknown :-1 s=STATE_NONE l=0).mark_down
2024-02-15T18:17:50.335 INFO:teuthology.orchestra.run.smithi042.stderr:/usr/bin/ceph:
2024-02-15T18:17:50.333+0000 7fe266b88700 1 -- 172.21.15.42:0/2038254430 shutdown_connections
2024-02-15T18:17:50.335 INFO:teuthology.orchestra.run.smithi042.stderr:/usr/bin/ceph:
2024-02-15T18:17:50.333+0000 7fe266b88700 1 -- 172.21.15.42:0/2038254430 wait complete.
2024-02-15T18:17:50.335 INFO:teuthology.orchestra.run.smithi042.stderr:/usr/bin/ceph:
2024-02-15T18:17:50.334+0000 7fe266b88700 1 Processor -- start
2024-02-15T18:17:50.336 INFO:teuthology.orchestra.run.smithi042.stderr:/usr/bin/ceph:
2024-02-15T18:17:50.334+0000 7fe266b88700 1 -- start start
2024-02-15T18:17:50.337 INFO:teuthology.orchestra.run.smithi042.stderr:/usr/bin/ceph:
2024-02-15T18:17:50.334+0000 7fe266b88700 1 --2- >> [v2:172.21.15.42:3300/0,v1:172.21.15.42:6789/0] conn(0x7fe2600fab30 0x7fe26010cbc0 unknown :-1 s=NONE pgs=0 cs=0 l=1 rev1=0 rx=0 tx=0).connect
2024-02-15T18:17:50.337 INFO:teuthology.orchestra.run.smithi042.stderr:/usr/bin/ceph:
2024-02-15T18:17:50.334+0000 7fe266b88700 1 -- --> [v2:172.21.15.42:3300/0,v1:172.21.15.42:6789/0] -- mon_getmap magic: 0 v1 -- 0x7fe26010d0b0 con 0x7fe2600fab30
2024-02-15T18:17:50.337 INFO:teuthology.orchestra.run.smithi042.stderr:/usr/bin/ceph:
2024-02-15T18:17:50.334+0000 7fe265b86700 1 --2- >> [v2:172.21.15.42:3300/0,v1:172.21.15.42:6789/0] conn(0x7fe2600fab30 0x7fe26010cbc0 unknown :-1 s=BANNER_CONNECTING pgs=0 cs=0 l=1 rev1=0 rx=0 tx=0)._handle_peer_banner_payload supported=1 required=0
2024-02-15T18:17:50.337 INFO:teuthology.orchestra.run.smithi042.stderr:/usr/bin/ceph:
2024-02-15T18:17:50.334+0000 7fe265b86700 1 --2- >> [v2:172.21.15.42:3300/0,v1:172.21.15.42:6789/0] conn(0x7fe2600fab30 0x7fe26010cbc0 unknown :-1 s=HELLO_CONNECTING pgs=0 cs=0 l=1 rev1=1 rx=0 tx=0).handle_hello peer v2:172.21.15.42:3300/0 says I am v2:172.21.15.42:45442/0 (socket says 172.21.15.42:45442)
2024-02-15T18:17:50.337 INFO:teuthology.orchestra.run.smithi042.stderr:/usr/bin/ceph:
2024-02-15T18:17:50.334+0000 7fe265b86700 1 -- 172.21.15.42:0/182203233 learned_addr learned my addr 172.21.15.42:0/182203233 (peer_addr_for_me v2:172.21.15.42:0/0)
2024-02-15T18:17:50.337 INFO:teuthology.orchestra.run.smithi042.stderr:/usr/bin/ceph:
2024-02-15T18:17:50.335+0000 7fe265b86700 1 -- 172.21.15.42:0/182203233 --> [v2:172.21.15.42:3300/0,v1:172.21.15.42:6789/0] -- mon_subscribe({config=0+,monmap=0+}) v3 -- 0x7fe25c00b200 con 0x7fe2600fab30
2024-02-15T18:17:50.337 INFO:teuthology.orchestra.run.smithi042.stderr:/usr/bin/ceph:
2024-02-15T18:17:50.335+0000 7fe265b86700 1 --2- 172.21.15.42:0/182203233 >> [v2:172.21.15.42:3300/0,v1:172.21.15.42:6789/0] conn(0x7fe2600fab30 0x7fe26010cbc0 secure :-1 s=READY pgs=67 cs=0 l=1 rev1=1 rx=0x7fe25c00e040 tx=0x7fe25c006ee0).ready entity=mon.0 client_cookie=0 server_cookie=0 in_seq=0 out_seq=0
2024-02-15T18:17:50.337 INFO:teuthology.orchestra.run.smithi042.stderr:/usr/bin/ceph:
2024-02-15T18:17:50.335+0000 7fe24e7fc700 1 -- 172.21.15.42:0/182203233 <== mon.0 v2:172.21.15.42:3300/0 1 ==== mon_map magic: 0 v1 ==== 229+0+0 (secure 0 0 0) 0x7fe25c00d9e0 con 0x7fe2600fab30
2024-02-15T18:17:50.337 INFO:teuthology.orchestra.run.smithi042.stderr:/usr/bin/ceph:
2024-02-15T18:17:50.335+0000 7fe24e7fc700 1 -- 172.21.15.42:0/182203233 <== mon.0 v2:172.21.15.42:3300/0 2 ==== config(26 keys) v1 ==== 1109+0+0 (secure 0 0 0) 0x7fe25c01b8e0 con 0x7fe2600fab30
2024-02-15T18:17:50.337 INFO:teuthology.orchestra.run.smithi042.stderr:/usr/bin/ceph:
2024-02-15T18:17:50.335+0000 7fe266b88700 1 -- 172.21.15.42:0/182203233 --> [v2:172.21.15.42:3300/0,v1:172.21.15.42:6789/0] -- mon_subscribe({mgrmap=0+}) v3 -- 0x7fe26010d2b0 con 0x7fe2600fab30
2024-02-15T18:17:50.338 INFO:teuthology.orchestra.run.smithi042.stderr:/usr/bin/ceph:
2024-02-15T18:17:50.336+0000 7fe266b88700 1 -- 172.21.15.42:0/182203233 --> [v2:172.21.15.42:3300/0,v1:172.21.15.42:6789/0] -- mon_subscribe({osdmap=0}) v3 -- 0x7fe26010d740 con 0x7fe2600fab30
2024-02-15T18:17:50.338 INFO:teuthology.orchestra.run.smithi042.stderr:/usr/bin/ceph:
2024-02-15T18:17:50.336+0000 7fe24e7fc700 1 -- 172.21.15.42:0/182203233 <== mon.0 v2:172.21.15.42:3300/0 3 ==== mon_map magic: 0 v1 ==== 229+0+0 (secure 0 0 0) 0x7fe25c01a880 con 0x7fe2600fab30
2024-02-15T18:17:50.338 INFO:teuthology.orchestra.run.smithi042.stderr:/usr/bin/ceph:
2024-02-15T18:17:50.336+0000 7fe24e7fc700 1 -- 172.21.15.42:0/182203233 <== mon.0 v2:172.21.15.42:3300/0 4 ==== mgrmap(e 12) v1 ==== 36195+0+0 (secure 0 0 0) 0x7fe25c00f070 con 0x7fe2600fab30
2024-02-15T18:17:50.338 INFO:teuthology.orchestra.run.smithi042.stderr:/usr/bin/ceph:
2024-02-15T18:17:50.337+0000 7fe24e7fc700 1 --2- 172.21.15.42:0/182203233 >> [v2:172.21.15.42:6800/481027993,v1:172.21.15.42:6801/481027993] conn(0x7fe24802ffb0 0x7fe248032470 unknown :-1 s=NONE pgs=0 cs=0 l=1 rev1=0 rx=0 tx=0).connect
2024-02-15T18:17:50.338 INFO:teuthology.orchestra.run.smithi042.stderr:/usr/bin/ceph:
2024-02-15T18:17:50.337+0000 7fe24e7fc700 1 -- 172.21.15.42:0/182203233 <== mon.0 v2:172.21.15.42:3300/0 5 ==== osd_map(3..3 src has 1..3) v4 ==== 1098+0+0 (secure 0 0 0) 0x7fe25c042470 con 0x7fe2600fab30
2024-02-15T18:17:50.338 INFO:teuthology.orchestra.run.smithi042.stderr:/usr/bin/ceph:
2024-02-15T18:17:50.337+0000 7fe266b88700 1 -- 172.21.15.42:0/182203233 --> [v2:172.21.15.42:3300/0,v1:172.21.15.42:6789/0] -- mon_command({"prefix": "get_command_descriptions"} v 0) v1 -- 0x7fe240004fa0 con 0x7fe2600fab30
2024-02-15T18:17:50.338 INFO:teuthology.orchestra.run.smithi042.stderr:/usr/bin/ceph:
2024-02-15T18:17:50.337+0000 7fe265385700 1 --2- 172.21.15.42:0/182203233 >> [v2:172.21.15.42:6800/481027993,v1:172.21.15.42:6801/481027993] conn(0x7fe24802ffb0 0x7fe248032470 unknown :-1 s=BANNER_CONNECTING pgs=0 cs=0 l=1 rev1=0 rx=0 tx=0)._handle_peer_banner_payload supported=1 required=0
2024-02-15T18:17:50.339 INFO:teuthology.orchestra.run.smithi042.stderr:/usr/bin/ceph:
2024-02-15T18:17:50.338+0000 7fe265385700 1 --2- 172.21.15.42:0/182203233 >> [v2:172.21.15.42:6800/481027993,v1:172.21.15.42:6801/481027993] conn(0x7fe24802ffb0 0x7fe248032470 secure :-1 s=READY pgs=11 cs=0 l=1 rev1=1 rx=0x7fe2500096a0 tx=0x7fe250006b40).ready entity=mgr.14142 client_cookie=0 server_cookie=0 in_seq=0 out_seq=0
2024-02-15T18:17:50.343 INFO:teuthology.orchestra.run.smithi042.stderr:/usr/bin/ceph:
2024-02-15T18:17:50.343+0000 7fe24e7fc700 1 -- 172.21.15.42:0/182203233 <== mon.0 v2:172.21.15.42:3300/0 6 ==== mon_command_ack([{"prefix": "get_command_descriptions"}]=0 v0) v1 ==== 72+0+152212 (secure 0 0 0) 0x7fe25c016070 con 0x7fe2600fab30
2024-02-15T18:17:50.550 INFO:teuthology.orchestra.run.smithi042.stderr:/usr/bin/ceph:
2024-02-15T18:17:50.550+0000 7fe266b88700 1 -- 172.21.15.42:0/182203233 --> [v2:172.21.15.42:3300/0,v1:172.21.15.42:6789/0] -- mon_command({"prefix": "mgr module enable", "module": "dashboard"} v 0) v1 -- 0x7fe240005670 con 0x7fe2600fab30
2024-02-15T18:17:50.803 INFO:journalctl@ceph.mon.smithi042.smithi042.stdout:Feb 15 18:17:50 smithi042 ceph-51458a44-cc2e-11ee-95ba-87774f69a715-mon.smithi042[38244]: audit
2024-02-15T18:17:49.481249+0000 mon.smithi042 (mon.0) 84 : audit [INF] from='mgr.14142 172.21.15.42:0/789696820' entity='mgr.smithi042.kfoihb'
2024-02-15T18:17:50.803 INFO:journalctl@ceph.mon.smithi042.smithi042.stdout:Feb 15 18:17:50 smithi042 ceph-51458a44-cc2e-11ee-95ba-87774f69a715-mon.smithi042[38244]: audit
2024-02-15T18:17:50.140785+0000 mon.smithi042 (mon.0) 85 : audit [INF] from='mgr.14142 172.21.15.42:0/789696820' entity='mgr.smithi042.kfoihb'
2024-02-15T18:17:51.481 INFO:teuthology.orchestra.run.smithi042.stderr:/usr/bin/ceph:
2024-02-15T18:17:51.480+0000 7fe24e7fc700 1 -- 172.21.15.42:0/182203233 <== mon.0 v2:172.21.15.42:3300/0 7 ==== mgrmap(e 13) v1 ==== 36208+0+0 (secure 0 0 0) 0x7fe25c019d10 con 0x7fe2600fab30
2024-02-15T18:17:51.482 INFO:teuthology.orchestra.run.smithi042.stderr:/usr/bin/ceph:
2024-02-15T18:17:51.481+0000 7fe24e7fc700 1 -- 172.21.15.42:0/182203233 <== mon.0 v2:172.21.15.42:3300/0 8 ==== mon_command_ack([{"prefix": "mgr module enable", "module": "dashboard"}]=0 v13) v1 ==== 88+0+0 (secure 0 0 0) 0x7fe25c019300 con 0x7fe2600fab30
2024-02-15T18:17:51.485 INFO:teuthology.orchestra.run.smithi042.stderr:/usr/bin/ceph:
2024-02-15T18:17:51.484+0000 7fe266b88700 1 -- 172.21.15.42:0/182203233 >> [v2:172.21.15.42:6800/481027993,v1:172.21.15.42:6801/481027993] conn(0x7fe24802ffb0 msgr2=0x7fe248032470 secure :-1 s=STATE_CONNECTION_ESTABLISHED l=1).mark_down
2024-02-15T18:17:51.486 INFO:teuthology.orchestra.run.smithi042.stderr:/usr/bin/ceph:
2024-02-15T18:17:51.484+0000 7fe266b88700 1 --2- 172.21.15.42:0/182203233 >> [v2:172.21.15.42:6800/481027993,v1:172.21.15.42:6801/481027993] conn(0x7fe24802ffb0 0x7fe248032470 secure :-1 s=READY pgs=11 cs=0 l=1 rev1=1 rx=0x7fe2500096a0 tx=0x7fe250006b40).stop
2024-02-15T18:17:51.486 INFO:teuthology.orchestra.run.smithi042.stderr:/usr/bin/ceph:
2024-02-15T18:17:51.485+0000 7fe266b88700 1 -- 172.21.15.42:0/182203233 >> [v2:172.21.15.42:3300/0,v1:172.21.15.42:6789/0] conn(0x7fe2600fab30 msgr2=0x7fe26010cbc0 secure :-1 s=STATE_CONNECTION_ESTABLISHED l=1).mark_down
2024-02-15T18:17:51.486 INFO:teuthology.orchestra.run.smithi042.stderr:/usr/bin/ceph:
2024-02-15T18:17:51.485+0000 7fe266b88700 1 --2- 172.21.15.42:0/182203233 >> [v2:172.21.15.42:3300/0,v1:172.21.15.42:6789/0] conn(0x7fe2600fab30 0x7fe26010cbc0 secure :-1 s=READY pgs=67 cs=0 l=1 rev1=1 rx=0x7fe25c00e040 tx=0x7fe25c006ee0).stop
2024-02-15T18:17:51.486 INFO:teuthology.orchestra.run.smithi042.stderr:/usr/bin/ceph:
2024-02-15T18:17:51.485+0000 7fe266b88700 1 -- 172.21.15.42:0/182203233 shutdown_connections
2024-02-15T18:17:51.486 INFO:teuthology.orchestra.run.smithi042.stderr:/usr/bin/ceph:
2024-02-15T18:17:51.485+0000 7fe266b88700 1 --2- 172.21.15.42:0/182203233 >> [v2:172.21.15.42:6800/481027993,v1:172.21.15.42:6801/481027993] conn(0x7fe24802ffb0 0x7fe248032470 unknown :-1 s=CLOSED pgs=11 cs=0 l=1 rev1=1 rx=0 tx=0).stop
2024-02-15T18:17:51.486 INFO:teuthology.orchestra.run.smithi042.stderr:/usr/bin/ceph:
2024-02-15T18:17:51.485+0000 7fe266b88700 1 --2- 172.21.15.42:0/182203233 >> [v2:172.21.15.42:3300/0,v1:172.21.15.42:6789/0] conn(0x7fe2600fab30 0x7fe26010cbc0 unknown :-1 s=CLOSED pgs=67 cs=0 l=1 rev1=1 rx=0 tx=0).stop
2024-02-15T18:17:51.486 INFO:teuthology.orchestra.run.smithi042.stderr:/usr/bin/ceph:
2024-02-15T18:17:51.485+0000 7fe266b88700 1 -- 172.21.15.42:0/182203233 >> 172.21.15.42:0/182203233 conn(0x7fe2600f6390 msgr2=0x7fe260103cd0 unknown :-1 s=STATE_NONE l=0).mark_down
2024-02-15T18:17:51.486 INFO:teuthology.orchestra.run.smithi042.stderr:/usr/bin/ceph:
2024-02-15T18:17:51.485+0000 7fe266b88700 1 -- 172.21.15.42:0/182203233 shutdown_connections
2024-02-15T18:17:51.487 INFO:teuthology.orchestra.run.smithi042.stderr:/usr/bin/ceph:
2024-02-15T18:17:51.485+0000 7fe266b88700 1 -- 172.21.15.42:0/182203233 wait complete.
2024-02-15T18:17:51.813 INFO:journalctl@ceph.mon.smithi042.smithi042.stdout:Feb 15 18:17:51 smithi042 ceph-51458a44-cc2e-11ee-95ba-87774f69a715-mon.smithi042[38244]: audit
2024-02-15T18:17:50.551446+0000 mon.smithi042 (mon.0) 86 : audit [INF] from='client.? 172.21.15.42:0/182203233' entity='client.admin' cmd=[{"prefix": "mgr module enable", "module": "dashboard"}]: dispatch
2024-02-15T18:17:51.813 INFO:journalctl@ceph.mon.smithi042.smithi042.stdout:Feb 15 18:17:51 smithi042 ceph-51458a44-cc2e-11ee-95ba-87774f69a715-mon.smithi042[38244]: audit
2024-02-15T18:17:51.178454+0000 mon.smithi042 (mon.0) 87 : audit [INF] from='mgr.14142 172.21.15.42:0/789696820' entity='mgr.smithi042.kfoihb'
2024-02-15T18:17:52.562 INFO:journalctl@ceph.mon.smithi042.smithi042.stdout:Feb 15 18:17:52 smithi042 ceph-51458a44-cc2e-11ee-95ba-87774f69a715-mon.smithi042[38244]: audit
2024-02-15T18:17:51.482746+0000 mon.smithi042 (mon.0) 88 : audit [INF] from='client.? 172.21.15.42:0/182203233' entity='client.admin' cmd='[{"prefix": "mgr module enable", "module": "dashboard"}]': finished
2024-02-15T18:17:52.563 INFO:journalctl@ceph.mon.smithi042.smithi042.stdout:Feb 15 18:17:52 smithi042 ceph-51458a44-cc2e-11ee-95ba-87774f69a715-mon.smithi042[38244]: cluster
2024-02-15T18:17:51.482801+0000 mon.smithi042 (mon.0) 89 : cluster [DBG] mgrmap e13: smithi042.kfoihb(active, since 11s)
2024-02-15T18:17:52.589 INFO:teuthology.orchestra.run.smithi042.stderr:Running command: /bin/podman run --rm --ipc=host --no-hosts --net=host --entrypoint /usr/bin/ceph --init -e CONTAINER_IMAGE=docker.io/ceph/ceph:v16.2.4 -e NODE_NAME=smithi042 -e CEPH_USE_RANDOM_NONCE=1 -v /var/log/ceph/51458a44-cc2e-11ee-95ba-87774f69a715:/var/log/ceph:z -v /tmp/ceph-tmpgycmxaec:/etc/ceph/ceph.client.admin.keyring:z -v /tmp/ceph-tmpu6woidlw:/etc/ceph/ceph.conf:z docker.io/ceph/ceph:v16.2.4 mgr stat
2024-02-15T18:17:53.563 INFO:teuthology.orchestra.run.smithi042.stderr:/usr/bin/ceph:
2024-02-15T18:17:53.541+0000 7f1f2f472700 1 Processor -- start
2024-02-15T18:17:53.563 INFO:teuthology.orchestra.run.smithi042.stderr:/usr/bin/ceph:
2024-02-15T18:17:53.541+0000 7f1f2f472700 1 -- start start
2024-02-15T18:17:53.563 INFO:teuthology.orchestra.run.smithi042.stderr:/usr/bin/ceph:
2024-02-15T18:17:53.541+0000 7f1f2f472700 1 --2- >> [v2:172.21.15.42:3300/0,v1:172.21.15.42:6789/0] conn(0x7f1f280703b0 0x7f1f28100ed0 unknown :-1 s=NONE pgs=0 cs=0 l=0 rev1=0 rx=0 tx=0).connect
2024-02-15T18:17:53.563 INFO:teuthology.orchestra.run.smithi042.stderr:/usr/bin/ceph:
2024-02-15T18:17:53.541+0000 7f1f2f472700 1 -- --> [v2:172.21.15.42:3300/0,v1:172.21.15.42:6789/0] -- mon_getmap magic: 0 v1 -- 0x7f1f280fc8c0 con 0x7f1f280703b0
2024-02-15T18:17:53.563 INFO:teuthology.orchestra.run.smithi042.stderr:/usr/bin/ceph:
2024-02-15T18:17:53.542+0000 7f1f2d20e700 1 --2- >> [v2:172.21.15.42:3300/0,v1:172.21.15.42:6789/0] conn(0x7f1f280703b0 0x7f1f28100ed0 unknown :-1 s=BANNER_CONNECTING pgs=0 cs=0 l=0 rev1=0 rx=0 tx=0)._handle_peer_banner_payload supported=1 required=0
2024-02-15T18:17:53.563 INFO:teuthology.orchestra.run.smithi042.stderr:/usr/bin/ceph:
2024-02-15T18:17:53.542+0000 7f1f2d20e700 1 --2- >> [v2:172.21.15.42:3300/0,v1:172.21.15.42:6789/0] conn(0x7f1f280703b0 0x7f1f28100ed0 unknown :-1 s=HELLO_CONNECTING pgs=0 cs=0 l=0 rev1=1 rx=0 tx=0).handle_hello peer v2:172.21.15.42:3300/0 says I am v2:172.21.15.42:56794/0 (socket says 172.21.15.42:56794)
2024-02-15T18:17:53.563 INFO:teuthology.orchestra.run.smithi042.stderr:/usr/bin/ceph:
2024-02-15T18:17:53.542+0000 7f1f2d20e700 1 -- 172.21.15.42:0/2601866998 learned_addr learned my addr 172.21.15.42:0/2601866998 (peer_addr_for_me v2:172.21.15.42:0/0)
2024-02-15T18:17:53.563 INFO:teuthology.orchestra.run.smithi042.stderr:/usr/bin/ceph:
2024-02-15T18:17:53.542+0000 7f1f2d20e700 1 -- 172.21.15.42:0/2601866998 --> [v2:172.21.15.42:3300/0,v1:172.21.15.42:6789/0] -- mon_subscribe({config=0+,monmap=0+}) v3 -- 0x7f1f281013c0 con 0x7f1f280703b0
2024-02-15T18:17:53.564 INFO:teuthology.orchestra.run.smithi042.stderr:/usr/bin/ceph:
2024-02-15T18:17:53.542+0000 7f1f2d20e700 1 --2- 172.21.15.42:0/2601866998 >> [v2:172.21.15.42:3300/0,v1:172.21.15.42:6789/0] conn(0x7f1f280703b0 0x7f1f28100ed0 secure :-1 s=READY pgs=70 cs=0 l=1 rev1=1 rx=0x7f1f2400b5f0 tx=0x7f1f24006ee0).ready entity=mon.0 client_cookie=deb19f4b43df233e server_cookie=0 in_seq=0 out_seq=0
2024-02-15T18:17:53.564 INFO:teuthology.orchestra.run.smithi042.stderr:/usr/bin/ceph:
2024-02-15T18:17:53.542+0000 7f1f17fff700 1 -- 172.21.15.42:0/2601866998 <== mon.0 v2:172.21.15.42:3300/0 1 ==== mon_map magic: 0 v1 ==== 229+0+0 (secure 0 0 0) 0x7f1f2400d600 con 0x7f1f280703b0
2024-02-15T18:17:53.564 INFO:teuthology.orchestra.run.smithi042.stderr:/usr/bin/ceph:
2024-02-15T18:17:53.542+0000 7f1f17fff700 1 -- 172.21.15.42:0/2601866998 <== mon.0 v2:172.21.15.42:3300/0 2 ==== config(26 keys) v1 ==== 1109+0+0 (secure 0 0 0) 0x7f1f2400dc30 con 0x7f1f280703b0
2024-02-15T18:17:53.564 INFO:teuthology.orchestra.run.smithi042.stderr:/usr/bin/ceph:
2024-02-15T18:17:53.542+0000 7f1f17fff700 1 -- 172.21.15.42:0/2601866998 <== mon.0 v2:172.21.15.42:3300/0 3 ==== mon_map magic: 0 v1 ==== 229+0+0 (secure 0 0 0) 0x7f1f24011d30 con 0x7f1f280703b0
2024-02-15T18:17:53.564 INFO:teuthology.orchestra.run.smithi042.stderr:/usr/bin/ceph:
2024-02-15T18:17:53.543+0000 7f1f2f472700 1 -- 172.21.15.42:0/2601866998 >> [v2:172.21.15.42:3300/0,v1:172.21.15.42:6789/0] conn(0x7f1f280703b0 msgr2=0x7f1f28100ed0 secure :-1 s=STATE_CONNECTION_ESTABLISHED l=1).mark_down
2024-02-15T18:17:53.564 INFO:teuthology.orchestra.run.smithi042.stderr:/usr/bin/ceph:
2024-02-15T18:17:53.543+0000 7f1f2f472700 1 --2- 172.21.15.42:0/2601866998 >> [v2:172.21.15.42:3300/0,v1:172.21.15.42:6789/0] conn(0x7f1f280703b0 0x7f1f28100ed0 secure :-1 s=READY pgs=70 cs=0 l=1 rev1=1 rx=0x7f1f2400b5f0 tx=0x7f1f24006ee0).stop
2024-02-15T18:17:53.564 INFO:teuthology.orchestra.run.smithi042.stderr:/usr/bin/ceph:
2024-02-15T18:17:53.543+0000 7f1f2f472700 1 -- 172.21.15.42:0/2601866998 shutdown_connections
2024-02-15T18:17:53.564 INFO:teuthology.orchestra.run.smithi042.stderr:/usr/bin/ceph:
2024-02-15T18:17:53.543+0000 7f1f2f472700 1 --2- 172.21.15.42:0/2601866998 >> [v2:172.21.15.42:3300/0,v1:172.21.15.42:6789/0] conn(0x7f1f280703b0 0x7f1f28100ed0 unknown :-1 s=CLOSED pgs=70 cs=0 l=1 rev1=1 rx=0 tx=0).stop
2024-02-15T18:17:53.564 INFO:teuthology.orchestra.run.smithi042.stderr:/usr/bin/ceph:
2024-02-15T18:17:53.543+0000 7f1f2f472700 1 -- 172.21.15.42:0/2601866998 >> 172.21.15.42:0/2601866998 conn(0x7f1f280f6530 msgr2=0x7f1f280f8950 unknown :-1 s=STATE_NONE l=0).mark_down
2024-02-15T18:17:53.564 INFO:teuthology.orchestra.run.smithi042.stderr:/usr/bin/ceph:
2024-02-15T18:17:53.543+0000 7f1f2f472700 1 -- 172.21.15.42:0/2601866998 shutdown_connections
2024-02-15T18:17:53.564 INFO:teuthology.orchestra.run.smithi042.stderr:/usr/bin/ceph:
2024-02-15T18:17:53.543+0000 7f1f2f472700 1 -- 172.21.15.42:0/2601866998 wait complete.
2024-02-15T18:17:53.564 INFO:teuthology.orchestra.run.smithi042.stderr:/usr/bin/ceph:
2024-02-15T18:17:53.543+0000 7f1f2f472700 1 Processor -- start
2024-02-15T18:17:53.564 INFO:teuthology.orchestra.run.smithi042.stderr:/usr/bin/ceph:
2024-02-15T18:17:53.543+0000 7f1f2f472700 1 -- start start
2024-02-15T18:17:53.565 INFO:teuthology.orchestra.run.smithi042.stderr:/usr/bin/ceph:
2024-02-15T18:17:53.544+0000 7f1f2f472700 1 --2- >> [v2:172.21.15.42:3300/0,v1:172.21.15.42:6789/0] conn(0x7f1f280703b0 0x7f1f2810cda0 unknown :-1 s=NONE pgs=0 cs=0 l=1 rev1=0 rx=0 tx=0).connect
2024-02-15T18:17:53.565 INFO:teuthology.orchestra.run.smithi042.stderr:/usr/bin/ceph:
2024-02-15T18:17:53.544+0000 7f1f2f472700 1 -- --> [v2:172.21.15.42:3300/0,v1:172.21.15.42:6789/0] -- mon_getmap magic: 0 v1 -- 0x7f1f2810d290 con 0x7f1f280703b0
2024-02-15T18:17:53.565 INFO:teuthology.orchestra.run.smithi042.stderr:/usr/bin/ceph:
2024-02-15T18:17:53.544+0000 7f1f2d20e700 1 --2- >> [v2:172.21.15.42:3300/0,v1:172.21.15.42:6789/0] conn(0x7f1f280703b0 0x7f1f2810cda0 unknown :-1 s=BANNER_CONNECTING pgs=0 cs=0 l=1 rev1=0 rx=0 tx=0)._handle_peer_banner_payload supported=1 required=0
2024-02-15T18:17:53.565 INFO:teuthology.orchestra.run.smithi042.stderr:/usr/bin/ceph:
2024-02-15T18:17:53.544+0000 7f1f2d20e700 1 --2- >> [v2:172.21.15.42:3300/0,v1:172.21.15.42:6789/0] conn(0x7f1f280703b0 0x7f1f2810cda0 unknown :-1 s=HELLO_CONNECTING pgs=0 cs=0 l=1 rev1=1 rx=0 tx=0).handle_hello peer v2:172.21.15.42:3300/0 says I am v2:172.21.15.42:56810/0 (socket says 172.21.15.42:56810)
2024-02-15T18:17:53.565 INFO:teuthology.orchestra.run.smithi042.stderr:/usr/bin/ceph:
2024-02-15T18:17:53.544+0000 7f1f2d20e700 1 -- 172.21.15.42:0/1715371165 learned_addr learned my addr 172.21.15.42:0/1715371165 (peer_addr_for_me v2:172.21.15.42:0/0)
2024-02-15T18:17:53.565 INFO:teuthology.orchestra.run.smithi042.stderr:/usr/bin/ceph:
2024-02-15T18:17:53.544+0000 7f1f2d20e700 1 -- 172.21.15.42:0/1715371165 --> [v2:172.21.15.42:3300/0,v1:172.21.15.42:6789/0] -- mon_subscribe({config=0+,monmap=0+}) v3 -- 0x7f1f2400b200 con 0x7f1f280703b0
2024-02-15T18:17:53.565 INFO:teuthology.orchestra.run.smithi042.stderr:/usr/bin/ceph:
2024-02-15T18:17:53.544+0000 7f1f2d20e700 1 --2- 172.21.15.42:0/1715371165 >> [v2:172.21.15.42:3300/0,v1:172.21.15.42:6789/0] conn(0x7f1f280703b0 0x7f1f2810cda0 secure :-1 s=READY pgs=71 cs=0 l=1 rev1=1 rx=0x7f1f2400e040 tx=0x7f1f24006ee0).ready entity=mon.0 client_cookie=0 server_cookie=0 in_seq=0 out_seq=0
2024-02-15T18:17:53.565 INFO:teuthology.orchestra.run.smithi042.stderr:/usr/bin/ceph:
2024-02-15T18:17:53.544+0000 7f1f15ffb700 1 -- 172.21.15.42:0/1715371165 <== mon.0 v2:172.21.15.42:3300/0 1 ==== mon_map magic: 0 v1 ==== 229+0+0 (secure 0 0 0) 0x7f1f2400da60 con 0x7f1f280703b0
2024-02-15T18:17:53.565 INFO:teuthology.orchestra.run.smithi042.stderr:/usr/bin/ceph:
2024-02-15T18:17:53.544+0000 7f1f15ffb700 1 -- 172.21.15.42:0/1715371165 <== mon.0 v2:172.21.15.42:3300/0 2 ==== config(26 keys) v1 ==== 1109+0+0 (secure 0 0 0) 0x7f1f2401b8e0 con 0x7f1f280703b0
2024-02-15T18:17:53.565 INFO:teuthology.orchestra.run.smithi042.stderr:/usr/bin/ceph:
2024-02-15T18:17:53.544+0000 7f1f15ffb700 1 -- 172.21.15.42:0/1715371165 <== mon.0 v2:172.21.15.42:3300/0 3 ==== mon_map magic: 0 v1 ==== 229+0+0 (secure 0 0 0) 0x7f1f2401a900 con 0x7f1f280703b0
2024-02-15T18:17:53.565 INFO:teuthology.orchestra.run.smithi042.stderr:/usr/bin/ceph:
2024-02-15T18:17:53.544+0000 7f1f2f472700 1 -- 172.21.15.42:0/1715371165 --> [v2:172.21.15.42:3300/0,v1:172.21.15.42:6789/0] -- mon_subscribe({mgrmap=0+}) v3 -- 0x7f1f2810d490 con 0x7f1f280703b0
2024-02-15T18:17:53.565 INFO:teuthology.orchestra.run.smithi042.stderr:/usr/bin/ceph:
2024-02-15T18:17:53.545+0000 7f1f2f472700 1 -- 172.21.15.42:0/1715371165 --> [v2:172.21.15.42:3300/0,v1:172.21.15.42:6789/0] -- mon_subscribe({osdmap=0}) v3 -- 0x7f1f2810e0d0 con 0x7f1f280703b0
2024-02-15T18:17:53.565 INFO:teuthology.orchestra.run.smithi042.stderr:/usr/bin/ceph:
2024-02-15T18:17:53.545+0000 7f1f15ffb700 1 -- 172.21.15.42:0/1715371165 <== mon.0 v2:172.21.15.42:3300/0 4 ==== mgrmap(e 13) v1 ==== 36208+0+0 (secure 0 0 0) 0x7f1f2400f070 con 0x7f1f280703b0
2024-02-15T18:17:53.565 INFO:teuthology.orchestra.run.smithi042.stderr:/usr/bin/ceph:
2024-02-15T18:17:53.545+0000 7f1f15ffb700 1 --2- 172.21.15.42:0/1715371165 >> [v2:172.21.15.42:6800/481027993,v1:172.21.15.42:6801/481027993] conn(0x7f1f1002ff70 0x7f1f10032430 unknown :-1 s=NONE pgs=0 cs=0 l=1 rev1=0 rx=0 tx=0).connect
2024-02-15T18:17:53.566 INFO:teuthology.orchestra.run.smithi042.stderr:/usr/bin/ceph:
2024-02-15T18:17:53.545+0000 7f1f15ffb700 1 -- 172.21.15.42:0/1715371165 <== mon.0 v2:172.21.15.42:3300/0 5 ==== osd_map(3..3 src has 1..3) v4 ==== 1098+0+0 (secure 0 0 0) 0x7f1f24041450 con 0x7f1f280703b0
2024-02-15T18:17:53.566 INFO:teuthology.orchestra.run.smithi042.stderr:/usr/bin/ceph:
2024-02-15T18:17:53.545+0000 7f1f2ca0d700 1 -- 172.21.15.42:0/1715371165 >> [v2:172.21.15.42:6800/481027993,v1:172.21.15.42:6801/481027993] conn(0x7f1f1002ff70 msgr2=0x7f1f10032430 unknown :-1 s=STATE_CONNECTING_RE l=1).process reconnect failed to v2:172.21.15.42:6800/481027993
2024-02-15T18:17:53.566 INFO:teuthology.orchestra.run.smithi042.stderr:/usr/bin/ceph:
2024-02-15T18:17:53.545+0000 7f1f2ca0d700 1 --2- 172.21.15.42:0/1715371165 >> [v2:172.21.15.42:6800/481027993,v1:172.21.15.42:6801/481027993] conn(0x7f1f1002ff70 0x7f1f10032430 unknown :-1 s=START_CONNECT pgs=0 cs=0 l=1 rev1=0 rx=0 tx=0)._fault waiting 0.200000
2024-02-15T18:17:53.566 INFO:teuthology.orchestra.run.smithi042.stderr:/usr/bin/ceph:
2024-02-15T18:17:53.546+0000 7f1f2f472700 1 -- 172.21.15.42:0/1715371165 --> [v2:172.21.15.42:3300/0,v1:172.21.15.42:6789/0] -- mon_command({"prefix": "get_command_descriptions"} v 0) v1 -- 0x7f1f2810d920 con 0x7f1f280703b0
2024-02-15T18:17:53.566 INFO:teuthology.orchestra.run.smithi042.stderr:/usr/bin/ceph:
2024-02-15T18:17:53.550+0000 7f1f15ffb700 1 -- 172.21.15.42:0/1715371165 <== mon.0 v2:172.21.15.42:3300/0 6 ==== mon_command_ack([{"prefix": "get_command_descriptions"}]=0 v0) v1 ==== 72+0+152212 (secure 0 0 0) 0x7f1f24016070 con 0x7f1f280703b0
2024-02-15T18:17:53.747 INFO:teuthology.orchestra.run.smithi042.stderr:/usr/bin/ceph:
2024-02-15T18:17:53.746+0000 7f1f2ca0d700 1 -- 172.21.15.42:0/1715371165 >> [v2:172.21.15.42:6800/481027993,v1:172.21.15.42:6801/481027993] conn(0x7f1f1002ff70 msgr2=0x7f1f10032430 unknown :-1 s=STATE_CONNECTING_RE l=1).process reconnect failed to v2:172.21.15.42:6800/481027993
2024-02-15T18:17:53.747 INFO:teuthology.orchestra.run.smithi042.stderr:/usr/bin/ceph:
2024-02-15T18:17:53.746+0000 7f1f2ca0d700 1 --2- 172.21.15.42:0/1715371165 >> [v2:172.21.15.42:6800/481027993,v1:172.21.15.42:6801/481027993] conn(0x7f1f1002ff70 0x7f1f10032430 unknown :-1 s=START_CONNECT pgs=0 cs=0 l=1 rev1=0 rx=0 tx=0)._fault waiting 0.400000
2024-02-15T18:17:53.750 INFO:teuthology.orchestra.run.smithi042.stderr:/usr/bin/ceph:
2024-02-15T18:17:53.749+0000 7f1f2f472700 1 -- 172.21.15.42:0/1715371165 --> [v2:172.21.15.42:3300/0,v1:172.21.15.42:6789/0] -- mon_command({"prefix": "mgr stat"} v 0) v1 -- 0x7f1f28102150 con 0x7f1f280703b0
2024-02-15T18:17:53.751 INFO:teuthology.orchestra.run.smithi042.stderr:/usr/bin/ceph:
2024-02-15T18:17:53.750+0000 7f1f15ffb700 1 -- 172.21.15.42:0/1715371165 <== mon.0 v2:172.21.15.42:3300/0 7 ==== mon_command_ack([{"prefix": "mgr stat"}]=0 v13) v1 ==== 56+0+104 (secure 0 0 0) 0x7f1f240224f0 con 0x7f1f280703b0
2024-02-15T18:17:53.751 INFO:teuthology.orchestra.run.smithi042.stderr:/usr/bin/ceph: {
2024-02-15T18:17:53.752 INFO:teuthology.orchestra.run.smithi042.stderr:/usr/bin/ceph: "epoch": 13,
2024-02-15T18:17:53.752 INFO:teuthology.orchestra.run.smithi042.stderr:/usr/bin/ceph: "available": true,
2024-02-15T18:17:53.752 INFO:teuthology.orchestra.run.smithi042.stderr:/usr/bin/ceph: "active_name": "smithi042.kfoihb",
2024-02-15T18:17:53.752 INFO:teuthology.orchestra.run.smithi042.stderr:/usr/bin/ceph: "num_standby": 0
2024-02-15T18:17:53.752 INFO:teuthology.orchestra.run.smithi042.stderr:/usr/bin/ceph: }
2024-02-15T18:17:53.754 INFO:teuthology.orchestra.run.smithi042.stderr:/usr/bin/ceph:
2024-02-15T18:17:53.752+0000 7f1f2f472700 1 -- 172.21.15.42:0/1715371165 >> [v2:172.21.15.42:6800/481027993,v1:172.21.15.42:6801/481027993] conn(0x7f1f1002ff70 msgr2=0x7f1f10032430 unknown :-1 s=STATE_CONNECTING l=1).mark_down
2024-02-15T18:17:53.754 INFO:teuthology.orchestra.run.smithi042.stderr:/usr/bin/ceph:
2024-02-15T18:17:53.752+0000 7f1f2f472700 1 --2- 172.21.15.42:0/1715371165 >> [v2:172.21.15.42:6800/481027993,v1:172.21.15.42:6801/481027993] conn(0x7f1f1002ff70 0x7f1f10032430 unknown :-1 s=START_CONNECT pgs=0 cs=0 l=1 rev1=0 rx=0 tx=0).stop
2024-02-15T18:17:53.754 INFO:teuthology.orchestra.run.smithi042.stderr:/usr/bin/ceph:
2024-02-15T18:17:53.752+0000 7f1f2f472700 1 -- 172.21.15.42:0/1715371165 >> [v2:172.21.15.42:3300/0,v1:172.21.15.42:6789/0] conn(0x7f1f280703b0 msgr2=0x7f1f2810cda0 secure :-1 s=STATE_CONNECTION_ESTABLISHED l=1).mark_down
2024-02-15T18:17:53.754 INFO:teuthology.orchestra.run.smithi042.stderr:/usr/bin/ceph:
2024-02-15T18:17:53.752+0000 7f1f2f472700 1 --2- 172.21.15.42:0/1715371165 >> [v2:172.21.15.42:3300/0,v1:172.21.15.42:6789/0] conn(0x7f1f280703b0 0x7f1f2810cda0 secure :-1 s=READY pgs=71 cs=0 l=1 rev1=1 rx=0x7f1f2400e040 tx=0x7f1f24006ee0).stop
2024-02-15T18:17:53.755 INFO:teuthology.orchestra.run.smithi042.stderr:/usr/bin/ceph:
2024-02-15T18:17:53.752+0000 7f1f2f472700 1 -- 172.21.15.42:0/1715371165 shutdown_connections
2024-02-15T18:17:53.755 INFO:teuthology.orchestra.run.smithi042.stderr:/usr/bin/ceph:
2024-02-15T18:17:53.752+0000 7f1f2f472700 1 --2- 172.21.15.42:0/1715371165 >> [v2:172.21.15.42:6800/481027993,v1:172.21.15.42:6801/481027993] conn(0x7f1f1002ff70 0x7f1f10032430 unknown :-1 s=CLOSED pgs=0 cs=0 l=1 rev1=0 rx=0 tx=0).stop
2024-02-15T18:17:53.755 INFO:teuthology.orchestra.run.smithi042.stderr:/usr/bin/ceph:
2024-02-15T18:17:53.752+0000 7f1f2f472700 1 --2- 172.21.15.42:0/1715371165 >> [v2:172.21.15.42:3300/0,v1:172.21.15.42:6789/0] conn(0x7f1f280703b0 0x7f1f2810cda0 unknown :-1 s=CLOSED pgs=71 cs=0 l=1 rev1=1 rx=0 tx=0).stop
2024-02-15T18:17:53.755 INFO:teuthology.orchestra.run.smithi042.stderr:/usr/bin/ceph:
2024-02-15T18:17:53.752+0000 7f1f2f472700 1 -- 172.21.15.42:0/1715371165 >> 172.21.15.42:0/1715371165 conn(0x7f1f280f6530 msgr2=0x7f1f280f7f20 unknown :-1 s=STATE_NONE l=0).mark_down
2024-02-15T18:17:53.755 INFO:teuthology.orchestra.run.smithi042.stderr:/usr/bin/ceph:
2024-02-15T18:17:53.752+0000 7f1f2f472700 1 -- 172.21.15.42:0/1715371165 shutdown_connections
2024-02-15T18:17:53.755 INFO:teuthology.orchestra.run.smithi042.stderr:/usr/bin/ceph:
2024-02-15T18:17:53.752+0000 7f1f2f472700 1 -- 172.21.15.42:0/1715371165 wait complete.
2024-02-15T18:17:54.062 INFO:journalctl@ceph.mon.smithi042.smithi042.stdout:Feb 15 18:17:53 smithi042 ceph-51458a44-cc2e-11ee-95ba-87774f69a715-mon.smithi042[38244]: audit
2024-02-15T18:17:53.752037+0000 mon.smithi042 (mon.0) 90 : audit [DBG] from='client.? 172.21.15.42:0/1715371165' entity='client.admin' cmd=[{"prefix": "mgr stat"}]: dispatch
2024-02-15T18:17:54.534 INFO:teuthology.orchestra.run.smithi042.stderr:Waiting for the mgr to restart...
2024-02-15T18:17:54.548 INFO:teuthology.orchestra.run.smithi042.stderr:Waiting for mgr epoch 13...
2024-02-15T18:17:54.548 INFO:teuthology.orchestra.run.smithi042.stderr:Running command: /bin/podman run --rm --ipc=host --no-hosts --net=host --entrypoint /usr/bin/ceph --init -e CONTAINER_IMAGE=docker.io/ceph/ceph:v16.2.4 -e NODE_NAME=smithi042 -e CEPH_USE_RANDOM_NONCE=1 -v /var/log/ceph/51458a44-cc2e-11ee-95ba-87774f69a715:/var/log/ceph:z -v /tmp/ceph-tmpgycmxaec:/etc/ceph/ceph.client.admin.keyring:z -v /tmp/ceph-tmpu6woidlw:/etc/ceph/ceph.conf:z docker.io/ceph/ceph:v16.2.4 tell mgr mgr_status
2024-02-15T18:17:55.171 INFO:teuthology.orchestra.run.smithi042.stderr:/usr/bin/ceph:
2024-02-15T18:17:55.136+0000 7f33441a8700 1 Processor -- start
2024-02-15T18:17:55.171 INFO:teuthology.orchestra.run.smithi042.stderr:/usr/bin/ceph:
2024-02-15T18:17:55.137+0000 7f33441a8700 1 -- start start
2024-02-15T18:17:55.171 INFO:teuthology.orchestra.run.smithi042.stderr:/usr/bin/ceph:
2024-02-15T18:17:55.137+0000 7f33441a8700 1 --2- >> [v2:172.21.15.42:3300/0,v1:172.21.15.42:6789/0] conn(0x7f333c0703d0 0x7f333c100eb0 unknown :-1 s=NONE pgs=0 cs=0 l=0 rev1=0 rx=0 tx=0).connect
2024-02-15T18:17:55.172 INFO:teuthology.orchestra.run.smithi042.stderr:/usr/bin/ceph:
2024-02-15T18:17:55.137+0000 7f33441a8700 1 -- --> [v2:172.21.15.42:3300/0,v1:172.21.15.42:6789/0] -- mon_getmap magic: 0 v1 -- 0x7f333c0fc8a0 con 0x7f333c0703d0
2024-02-15T18:17:55.172 INFO:teuthology.orchestra.run.smithi042.stderr:/usr/bin/ceph:
2024-02-15T18:17:55.137+0000 7f3341f44700 1 --2- >> [v2:172.21.15.42:3300/0,v1:172.21.15.42:6789/0] conn(0x7f333c0703d0 0x7f333c100eb0 unknown :-1 s=BANNER_CONNECTING pgs=0 cs=0 l=0 rev1=0 rx=0 tx=0)._handle_peer_banner_payload supported=1 required=0
2024-02-15T18:17:55.172 INFO:teuthology.orchestra.run.smithi042.stderr:/usr/bin/ceph:
2024-02-15T18:17:55.137+0000 7f3341f44700 1 --2- >> [v2:172.21.15.42:3300/0,v1:172.21.15.42:6789/0] conn(0x7f333c0703d0 0x7f333c100eb0 unknown :-1 s=HELLO_CONNECTING pgs=0 cs=0 l=0 rev1=1 rx=0 tx=0).handle_hello peer v2:172.21.15.42:3300/0 says I am v2:172.21.15.42:56824/0 (socket says 172.21.15.42:56824)
2024-02-15T18:17:55.172 INFO:teuthology.orchestra.run.smithi042.stderr:/usr/bin/ceph:
2024-02-15T18:17:55.137+0000 7f3341f44700 1 -- 172.21.15.42:0/2516356998 learned_addr learned my addr 172.21.15.42:0/2516356998 (peer_addr_for_me v2:172.21.15.42:0/0)
2024-02-15T18:17:55.172 INFO:teuthology.orchestra.run.smithi042.stderr:/usr/bin/ceph:
2024-02-15T18:17:55.137+0000 7f3341f44700 1 -- 172.21.15.42:0/2516356998 --> [v2:172.21.15.42:3300/0,v1:172.21.15.42:6789/0] -- mon_subscribe({config=0+,monmap=0+}) v3 -- 0x7f333c1013a0 con 0x7f333c0703d0
2024-02-15T18:17:55.172 INFO:teuthology.orchestra.run.smithi042.stderr:/usr/bin/ceph:
2024-02-15T18:17:55.137+0000 7f3341f44700 1 --2- 172.21.15.42:0/2516356998 >> [v2:172.21.15.42:3300/0,v1:172.21.15.42:6789/0] conn(0x7f333c0703d0 0x7f333c100eb0 secure :-1 s=READY pgs=72 cs=0 l=1 rev1=1 rx=0x7f333800b5f0 tx=0x7f3338006ee0).ready entity=mon.0 client_cookie=e93e1f0435d7c48a server_cookie=0 in_seq=0 out_seq=0
2024-02-15T18:17:55.172 INFO:teuthology.orchestra.run.smithi042.stderr:/usr/bin/ceph:
2024-02-15T18:17:55.137+0000 7f3340f42700 1 -- 172.21.15.42:0/2516356998 <== mon.0 v2:172.21.15.42:3300/0 1 ==== mon_map magic: 0 v1 ==== 229+0+0 (secure 0 0 0) 0x7f333800d600 con 0x7f333c0703d0
2024-02-15T18:17:55.172 INFO:teuthology.orchestra.run.smithi042.stderr:/usr/bin/ceph:
2024-02-15T18:17:55.137+0000 7f3340f42700 1 -- 172.21.15.42:0/2516356998 <== mon.0 v2:172.21.15.42:3300/0 2 ==== config(26 keys) v1 ==== 1109+0+0 (secure 0 0 0) 0x7f333800dc30 con 0x7f333c0703d0
2024-02-15T18:17:55.172 INFO:teuthology.orchestra.run.smithi042.stderr:/usr/bin/ceph:
2024-02-15T18:17:55.137+0000 7f3340f42700 1 -- 172.21.15.42:0/2516356998 <== mon.0 v2:172.21.15.42:3300/0 3 ==== mon_map magic: 0 v1 ==== 229+0+0 (secure 0 0 0) 0x7f3338011d30 con 0x7f333c0703d0
2024-02-15T18:17:55.172 INFO:teuthology.orchestra.run.smithi042.stderr:/usr/bin/ceph:
2024-02-15T18:17:55.138+0000 7f33441a8700 1 -- 172.21.15.42:0/2516356998 >> [v2:172.21.15.42:3300/0,v1:172.21.15.42:6789/0] conn(0x7f333c0703d0 msgr2=0x7f333c100eb0 secure :-1 s=STATE_CONNECTION_ESTABLISHED l=1).mark_down
2024-02-15T18:17:55.172 INFO:teuthology.orchestra.run.smithi042.stderr:/usr/bin/ceph:
2024-02-15T18:17:55.138+0000 7f33441a8700 1 --2- 172.21.15.42:0/2516356998 >> [v2:172.21.15.42:3300/0,v1:172.21.15.42:6789/0] conn(0x7f333c0703d0 0x7f333c100eb0 secure :-1 s=READY pgs=72 cs=0 l=1 rev1=1 rx=0x7f333800b5f0 tx=0x7f3338006ee0).stop
2024-02-15T18:17:55.172 INFO:teuthology.orchestra.run.smithi042.stderr:/usr/bin/ceph:
2024-02-15T18:17:55.138+0000 7f33441a8700 1 -- 172.21.15.42:0/2516356998 shutdown_connections
2024-02-15T18:17:55.172 INFO:teuthology.orchestra.run.smithi042.stderr:/usr/bin/ceph:
2024-02-15T18:17:55.138+0000 7f33441a8700 1 --2- 172.21.15.42:0/2516356998 >> [v2:172.21.15.42:3300/0,v1:172.21.15.42:6789/0] conn(0x7f333c0703d0 0x7f333c100eb0 unknown :-1 s=CLOSED pgs=72 cs=0 l=1 rev1=1 rx=0 tx=0).stop
2024-02-15T18:17:55.172 INFO:teuthology.orchestra.run.smithi042.stderr:/usr/bin/ceph:
2024-02-15T18:17:55.138+0000 7f33441a8700 1 -- 172.21.15.42:0/2516356998 >> 172.21.15.42:0/2516356998 conn(0x7f333c0f6530 msgr2=0x7f333c0f8950 unknown :-1 s=STATE_NONE l=0).mark_down
2024-02-15T18:17:55.173 INFO:teuthology.orchestra.run.smithi042.stderr:/usr/bin/ceph:
2024-02-15T18:17:55.138+0000 7f33441a8700 1 -- 172.21.15.42:0/2516356998 shutdown_connections
2024-02-15T18:17:55.173 INFO:teuthology.orchestra.run.smithi042.stderr:/usr/bin/ceph:
2024-02-15T18:17:55.138+0000 7f33441a8700 1 -- 172.21.15.42:0/2516356998 wait complete.
2024-02-15T18:17:55.173 INFO:teuthology.orchestra.run.smithi042.stderr:/usr/bin/ceph:
2024-02-15T18:17:55.139+0000 7f33441a8700 1 Processor -- start
2024-02-15T18:17:55.173 INFO:teuthology.orchestra.run.smithi042.stderr:/usr/bin/ceph:
2024-02-15T18:17:55.139+0000 7f33441a8700 1 -- start start
2024-02-15T18:17:55.173 INFO:teuthology.orchestra.run.smithi042.stderr:/usr/bin/ceph:
2024-02-15T18:17:55.139+0000 7f33441a8700 1 --2- >> [v2:172.21.15.42:3300/0,v1:172.21.15.42:6789/0] conn(0x7f333c0703d0 0x7f333c10ce40 unknown :-1 s=NONE pgs=0 cs=0 l=1 rev1=0 rx=0 tx=0).connect
2024-02-15T18:17:55.173 INFO:teuthology.orchestra.run.smithi042.stderr:/usr/bin/ceph:
2024-02-15T18:17:55.139+0000 7f33441a8700 1 -- --> [v2:172.21.15.42:3300/0,v1:172.21.15.42:6789/0] -- mon_getmap magic: 0 v1 -- 0x7f333c10d330 con 0x7f333c0703d0
2024-02-15T18:17:55.173 INFO:teuthology.orchestra.run.smithi042.stderr:/usr/bin/ceph:
2024-02-15T18:17:55.139+0000 7f3341f44700 1 --2- >> [v2:172.21.15.42:3300/0,v1:172.21.15.42:6789/0] conn(0x7f333c0703d0 0x7f333c10ce40 unknown :-1 s=BANNER_CONNECTING pgs=0 cs=0 l=1 rev1=0 rx=0 tx=0)._handle_peer_banner_payload supported=1 required=0
2024-02-15T18:17:55.173 INFO:teuthology.orchestra.run.smithi042.stderr:/usr/bin/ceph:
2024-02-15T18:17:55.139+0000 7f3341f44700 1 --2- >> [v2:172.21.15.42:3300/0,v1:172.21.15.42:6789/0] conn(0x7f333c0703d0 0x7f333c10ce40 unknown :-1 s=HELLO_CONNECTING pgs=0 cs=0 l=1 rev1=1 rx=0 tx=0).handle_hello peer v2:172.21.15.42:3300/0 says I am v2:172.21.15.42:56834/0 (socket says 172.21.15.42:56834)
2024-02-15T18:17:55.173 INFO:teuthology.orchestra.run.smithi042.stderr:/usr/bin/ceph:
2024-02-15T18:17:55.139+0000 7f3341f44700 1 -- 172.21.15.42:0/4122863757 learned_addr learned my addr 172.21.15.42:0/4122863757 (peer_addr_for_me v2:172.21.15.42:0/0)
2024-02-15T18:17:55.173 INFO:teuthology.orchestra.run.smithi042.stderr:/usr/bin/ceph:
2024-02-15T18:17:55.139+0000 7f3341f44700 1 -- 172.21.15.42:0/4122863757 --> [v2:172.21.15.42:3300/0,v1:172.21.15.42:6789/0] -- mon_subscribe({config=0+,monmap=0+}) v3 -- 0x7f333800b200 con 0x7f333c0703d0
2024-02-15T18:17:55.173 INFO:teuthology.orchestra.run.smithi042.stderr:/usr/bin/ceph:
2024-02-15T18:17:55.139+0000 7f3341f44700 1 --2- 172.21.15.42:0/4122863757 >> [v2:172.21.15.42:3300/0,v1:172.21.15.42:6789/0] conn(0x7f333c0703d0 0x7f333c10ce40 secure :-1 s=READY pgs=73 cs=0 l=1 rev1=1 rx=0x7f333800c010 tx=0x7f3338006ee0).ready entity=mon.0 client_cookie=0 server_cookie=0 in_seq=0 out_seq=0
2024-02-15T18:17:55.173 INFO:teuthology.orchestra.run.smithi042.stderr:/usr/bin/ceph:
2024-02-15T18:17:55.140+0000 7f332a7fc700 1 -- 172.21.15.42:0/4122863757 <== mon.0 v2:172.21.15.42:3300/0 1 ==== mon_map magic: 0 v1 ==== 229+0+0 (secure 0 0 0) 0x7f333800da60 con 0x7f333c0703d0
2024-02-15T18:17:55.173 INFO:teuthology.orchestra.run.smithi042.stderr:/usr/bin/ceph:
2024-02-15T18:17:55.140+0000 7f33441a8700 1 -- 172.21.15.42:0/4122863757 --> [v2:172.21.15.42:3300/0,v1:172.21.15.42:6789/0] -- mon_subscribe({mgrmap=0+}) v3 -- 0x7f333c10d530 con 0x7f333c0703d0
2024-02-15T18:17:55.173 INFO:teuthology.orchestra.run.smithi042.stderr:/usr/bin/ceph:
