2024-02-15T18:18:00.184+0000 7fee8949d700 1 --2- >> [v2:172.21.15.84:3300/0,v1:172.21.15.84:6789/0] conn(0x7fee84070430 0x7fee840fe890 unknown :-1 s=BANNER_CONNECTING pgs=0 cs=0 l=0 rev1=0 rx=0 tx=0)._handle_peer_banner_payload supported=1 required=0
2024-02-15T18:18:00.189 INFO:teuthology.orchestra.run.smithi084.stderr:/usr/bin/ceph:
2024-02-15T18:18:00.184+0000 7fee8949d700 1 --2- >> [v2:172.21.15.84:3300/0,v1:172.21.15.84:6789/0] conn(0x7fee84070430 0x7fee840fe890 unknown :-1 s=HELLO_CONNECTING pgs=0 cs=0 l=0 rev1=1 rx=0 tx=0).handle_hello peer v2:172.21.15.84:3300/0 says I am v2:172.21.15.84:53642/0 (socket says 172.21.15.84:53642)
2024-02-15T18:18:00.189 INFO:teuthology.orchestra.run.smithi084.stderr:/usr/bin/ceph:
2024-02-15T18:18:00.184+0000 7fee8949d700 1 -- 172.21.15.84:0/2566908740 learned_addr learned my addr 172.21.15.84:0/2566908740 (peer_addr_for_me v2:172.21.15.84:0/0)
2024-02-15T18:18:00.189 INFO:teuthology.orchestra.run.smithi084.stderr:/usr/bin/ceph:
2024-02-15T18:18:00.185+0000 7fee8949d700 1 -- 172.21.15.84:0/2566908740 --> [v2:172.21.15.84:3300/0,v1:172.21.15.84:6789/0] -- mon_subscribe({config=0+,monmap=0+}) v3 -- 0x7fee840feec0 con 0x7fee84070430
2024-02-15T18:18:00.189 INFO:teuthology.orchestra.run.smithi084.stderr:/usr/bin/ceph:
2024-02-15T18:18:00.185+0000 7fee8949d700 1 --2- 172.21.15.84:0/2566908740 >> [v2:172.21.15.84:3300/0,v1:172.21.15.84:6789/0] conn(0x7fee84070430 0x7fee840fe890 secure :-1 s=READY pgs=35 cs=0 l=1 rev1=1 rx=0x7fee8000b5f0 tx=0x7fee80006ee0).ready entity=mon.0 client_cookie=7eb00a5eb43366a8 server_cookie=0 in_seq=0 out_seq=0
2024-02-15T18:18:00.190 INFO:teuthology.orchestra.run.smithi084.stderr:/usr/bin/ceph:
2024-02-15T18:18:00.185+0000 7fee73fff700 1 -- 172.21.15.84:0/2566908740 <== mon.0 v2:172.21.15.84:3300/0 1 ==== mon_map magic: 0 v1 ==== 229+0+0 (secure 0 0 0) 0x7fee8000d600 con 0x7fee84070430
2024-02-15T18:18:00.190 INFO:teuthology.orchestra.run.smithi084.stderr:/usr/bin/ceph:
2024-02-15T18:18:00.185+0000 7fee73fff700 1 -- 172.21.15.84:0/2566908740 <== mon.0 v2:172.21.15.84:3300/0 2 ==== config(26 keys) v1 ==== 1045+0+0 (secure 0 0 0) 0x7fee8000dbf0 con 0x7fee84070430
2024-02-15T18:18:00.190 INFO:teuthology.orchestra.run.smithi084.stderr:/usr/bin/ceph:
2024-02-15T18:18:00.185+0000 7fee73fff700 1 -- 172.21.15.84:0/2566908740 <== mon.0 v2:172.21.15.84:3300/0 3 ==== mon_map magic: 0 v1 ==== 229+0+0 (secure 0 0 0) 0x7fee80011cb0 con 0x7fee84070430
2024-02-15T18:18:00.190 INFO:teuthology.orchestra.run.smithi084.stderr:/usr/bin/ceph:
2024-02-15T18:18:00.185+0000 7fee8a49f700 1 -- 172.21.15.84:0/2566908740 >> [v2:172.21.15.84:3300/0,v1:172.21.15.84:6789/0] conn(0x7fee84070430 msgr2=0x7fee840fe890 secure :-1 s=STATE_CONNECTION_ESTABLISHED l=1).mark_down
2024-02-15T18:18:00.190 INFO:teuthology.orchestra.run.smithi084.stderr:/usr/bin/ceph:
2024-02-15T18:18:00.185+0000 7fee8a49f700 1 --2- 172.21.15.84:0/2566908740 >> [v2:172.21.15.84:3300/0,v1:172.21.15.84:6789/0] conn(0x7fee84070430 0x7fee840fe890 secure :-1 s=READY pgs=35 cs=0 l=1 rev1=1 rx=0x7fee8000b5f0 tx=0x7fee80006ee0).stop
2024-02-15T18:18:00.190 INFO:teuthology.orchestra.run.smithi084.stderr:/usr/bin/ceph:
2024-02-15T18:18:00.185+0000 7fee8a49f700 1 -- 172.21.15.84:0/2566908740 shutdown_connections
2024-02-15T18:18:00.190 INFO:teuthology.orchestra.run.smithi084.stderr:/usr/bin/ceph:
2024-02-15T18:18:00.185+0000 7fee8a49f700 1 --2- 172.21.15.84:0/2566908740 >> [v2:172.21.15.84:3300/0,v1:172.21.15.84:6789/0] conn(0x7fee84070430 0x7fee840fe890 unknown :-1 s=CLOSED pgs=35 cs=0 l=1 rev1=1 rx=0 tx=0).stop
2024-02-15T18:18:00.190 INFO:teuthology.orchestra.run.smithi084.stderr:/usr/bin/ceph:
2024-02-15T18:18:00.185+0000 7fee8a49f700 1 -- 172.21.15.84:0/2566908740 >> 172.21.15.84:0/2566908740 conn(0x7fee840f6390 msgr2=0x7fee840f87b0 unknown :-1 s=STATE_NONE l=0).mark_down
2024-02-15T18:18:00.190 INFO:teuthology.orchestra.run.smithi084.stderr:/usr/bin/ceph:
2024-02-15T18:18:00.186+0000 7fee8a49f700 1 -- 172.21.15.84:0/2566908740 shutdown_connections
2024-02-15T18:18:00.190 INFO:teuthology.orchestra.run.smithi084.stderr:/usr/bin/ceph:
2024-02-15T18:18:00.186+0000 7fee8a49f700 1 -- 172.21.15.84:0/2566908740 wait complete.
2024-02-15T18:18:00.190 INFO:teuthology.orchestra.run.smithi084.stderr:/usr/bin/ceph:
2024-02-15T18:18:00.186+0000 7fee8a49f700 1 Processor -- start
2024-02-15T18:18:00.190 INFO:teuthology.orchestra.run.smithi084.stderr:/usr/bin/ceph:
2024-02-15T18:18:00.186+0000 7fee8a49f700 1 -- start start
2024-02-15T18:18:00.190 INFO:teuthology.orchestra.run.smithi084.stderr:/usr/bin/ceph:
2024-02-15T18:18:00.187+0000 7fee8a49f700 1 --2- >> [v2:172.21.15.84:3300/0,v1:172.21.15.84:6789/0] conn(0x7fee84070430 0x7fee8410a990 unknown :-1 s=NONE pgs=0 cs=0 l=1 rev1=0 rx=0 tx=0).connect
2024-02-15T18:18:00.190 INFO:teuthology.orchestra.run.smithi084.stderr:/usr/bin/ceph:
2024-02-15T18:18:00.187+0000 7fee8a49f700 1 -- --> [v2:172.21.15.84:3300/0,v1:172.21.15.84:6789/0] -- mon_getmap magic: 0 v1 -- 0x7fee8410ae80 con 0x7fee84070430
2024-02-15T18:18:00.191 INFO:teuthology.orchestra.run.smithi084.stderr:/usr/bin/ceph:
2024-02-15T18:18:00.187+0000 7fee8949d700 1 --2- >> [v2:172.21.15.84:3300/0,v1:172.21.15.84:6789/0] conn(0x7fee84070430 0x7fee8410a990 unknown :-1 s=BANNER_CONNECTING pgs=0 cs=0 l=1 rev1=0 rx=0 tx=0)._handle_peer_banner_payload supported=1 required=0
2024-02-15T18:18:00.191 INFO:teuthology.orchestra.run.smithi084.stderr:/usr/bin/ceph:
2024-02-15T18:18:00.187+0000 7fee8949d700 1 --2- >> [v2:172.21.15.84:3300/0,v1:172.21.15.84:6789/0] conn(0x7fee84070430 0x7fee8410a990 unknown :-1 s=HELLO_CONNECTING pgs=0 cs=0 l=1 rev1=1 rx=0 tx=0).handle_hello peer v2:172.21.15.84:3300/0 says I am v2:172.21.15.84:53644/0 (socket says 172.21.15.84:53644)
2024-02-15T18:18:00.191 INFO:teuthology.orchestra.run.smithi084.stderr:/usr/bin/ceph:
2024-02-15T18:18:00.187+0000 7fee8949d700 1 -- 172.21.15.84:0/2670845871 learned_addr learned my addr 172.21.15.84:0/2670845871 (peer_addr_for_me v2:172.21.15.84:0/0)
2024-02-15T18:18:00.191 INFO:teuthology.orchestra.run.smithi084.stderr:/usr/bin/ceph:
2024-02-15T18:18:00.187+0000 7fee8949d700 1 -- 172.21.15.84:0/2670845871 --> [v2:172.21.15.84:3300/0,v1:172.21.15.84:6789/0] -- mon_subscribe({config=0+,monmap=0+}) v3 -- 0x7fee8000b200 con 0x7fee84070430
2024-02-15T18:18:00.191 INFO:teuthology.orchestra.run.smithi084.stderr:/usr/bin/ceph:
2024-02-15T18:18:00.187+0000 7fee8949d700 1 --2- 172.21.15.84:0/2670845871 >> [v2:172.21.15.84:3300/0,v1:172.21.15.84:6789/0] conn(0x7fee84070430 0x7fee8410a990 secure :-1 s=READY pgs=36 cs=0 l=1 rev1=1 rx=0x7fee80006800 tx=0x7fee80006ee0).ready entity=mon.0 client_cookie=0 server_cookie=0 in_seq=0 out_seq=0
2024-02-15T18:18:00.191 INFO:teuthology.orchestra.run.smithi084.stderr:/usr/bin/ceph:
2024-02-15T18:18:00.187+0000 7fee71ffb700 1 -- 172.21.15.84:0/2670845871 <== mon.0 v2:172.21.15.84:3300/0 1 ==== mon_map magic: 0 v1 ==== 229+0+0 (secure 0 0 0) 0x7fee8001b570 con 0x7fee84070430
2024-02-15T18:18:00.191 INFO:teuthology.orchestra.run.smithi084.stderr:/usr/bin/ceph:
2024-02-15T18:18:00.187+0000 7fee71ffb700 1 -- 172.21.15.84:0/2670845871 <== mon.0 v2:172.21.15.84:3300/0 2 ==== config(26 keys) v1 ==== 1045+0+0 (secure 0 0 0) 0x7fee8001bb60 con 0x7fee84070430
2024-02-15T18:18:00.191 INFO:teuthology.orchestra.run.smithi084.stderr:/usr/bin/ceph:
2024-02-15T18:18:00.187+0000 7fee71ffb700 1 -- 172.21.15.84:0/2670845871 <== mon.0 v2:172.21.15.84:3300/0 3 ==== mon_map magic: 0 v1 ==== 229+0+0 (secure 0 0 0) 0x7fee8001a9f0 con 0x7fee84070430
2024-02-15T18:18:00.191 INFO:teuthology.orchestra.run.smithi084.stderr:/usr/bin/ceph:
2024-02-15T18:18:00.187+0000 7fee8a49f700 1 -- 172.21.15.84:0/2670845871 --> [v2:172.21.15.84:3300/0,v1:172.21.15.84:6789/0] -- mon_subscribe({mgrmap=0+}) v3 -- 0x7fee8410b080 con 0x7fee84070430
2024-02-15T18:18:00.191 INFO:teuthology.orchestra.run.smithi084.stderr:/usr/bin/ceph:
2024-02-15T18:18:00.187+0000 7fee8a49f700 1 -- 172.21.15.84:0/2670845871 --> [v2:172.21.15.84:3300/0,v1:172.21.15.84:6789/0] -- mon_subscribe({osdmap=0}) v3 -- 0x7fee8410b510 con 0x7fee84070430
2024-02-15T18:18:00.191 INFO:teuthology.orchestra.run.smithi084.stderr:/usr/bin/ceph:
2024-02-15T18:18:00.188+0000 7fee71ffb700 1 -- 172.21.15.84:0/2670845871 <== mon.0 v2:172.21.15.84:3300/0 4 ==== mgrmap(e 8) v1 ==== 36120+0+0 (secure 0 0 0) 0x7fee8000f070 con 0x7fee84070430
2024-02-15T18:18:00.191 INFO:teuthology.orchestra.run.smithi084.stderr:/usr/bin/ceph:
2024-02-15T18:18:00.188+0000 7fee71ffb700 1 --2- 172.21.15.84:0/2670845871 >> [v2:172.21.15.84:6800/519542921,v1:172.21.15.84:6801/519542921] conn(0x7fee6c02fe70 0x7fee6c032330 unknown :-1 s=NONE pgs=0 cs=0 l=1 rev1=0 rx=0 tx=0).connect
2024-02-15T18:18:00.191 INFO:teuthology.orchestra.run.smithi084.stderr:/usr/bin/ceph:
2024-02-15T18:18:00.188+0000 7fee8a49f700 1 -- 172.21.15.84:0/2670845871 --> [v2:172.21.15.84:3300/0,v1:172.21.15.84:6789/0] -- mon_command({"prefix": "get_command_descriptions"} v 0) v1 -- 0x7fee84045ad0 con 0x7fee84070430
2024-02-15T18:18:00.191 INFO:teuthology.orchestra.run.smithi084.stderr:/usr/bin/ceph:
2024-02-15T18:18:00.188+0000 7fee71ffb700 1 -- 172.21.15.84:0/2670845871 <== mon.0 v2:172.21.15.84:3300/0 5 ==== osd_map(2..2 src has 1..2) v4 ==== 926+0+0 (secure 0 0 0) 0x7fee80041460 con 0x7fee84070430
2024-02-15T18:18:00.192 INFO:teuthology.orchestra.run.smithi084.stderr:/usr/bin/ceph:
2024-02-15T18:18:00.188+0000 7fee88c9c700 1 --2- 172.21.15.84:0/2670845871 >> [v2:172.21.15.84:6800/519542921,v1:172.21.15.84:6801/519542921] conn(0x7fee6c02fe70 0x7fee6c032330 unknown :-1 s=BANNER_CONNECTING pgs=0 cs=0 l=1 rev1=0 rx=0 tx=0)._handle_peer_banner_payload supported=1 required=0
2024-02-15T18:18:00.192 INFO:teuthology.orchestra.run.smithi084.stderr:/usr/bin/ceph:
2024-02-15T18:18:00.189+0000 7fee88c9c700 1 --2- 172.21.15.84:0/2670845871 >> [v2:172.21.15.84:6800/519542921,v1:172.21.15.84:6801/519542921] conn(0x7fee6c02fe70 0x7fee6c032330 secure :-1 s=READY pgs=9 cs=0 l=1 rev1=1 rx=0x7fee740096a0 tx=0x7fee74006b40).ready entity=mgr.14114 client_cookie=0 server_cookie=0 in_seq=0 out_seq=0
2024-02-15T18:18:00.192 INFO:teuthology.orchestra.run.smithi084.stderr:/usr/bin/ceph:
2024-02-15T18:18:00.193+0000 7fee71ffb700 1 -- 172.21.15.84:0/2670845871 <== mon.0 v2:172.21.15.84:3300/0 6 ==== mon_command_ack([{"prefix": "get_command_descriptions"}]=0 v0) v1 ==== 72+0+152212 (secure 0 0 0) 0x7fee80025460 con 0x7fee84070430
2024-02-15T18:18:00.343 INFO:teuthology.orchestra.run.smithi084.stderr:/usr/bin/ceph:
2024-02-15T18:18:00.342+0000 7fee8a49f700 1 -- 172.21.15.84:0/2670845871 --> [v2:172.21.15.84:6800/519542921,v1:172.21.15.84:6801/519542921] -- mgr_command(tid 0: {"prefix": "cephadm get-pub-key", "target": ["mon-mgr", ""]}) v1 -- 0x7fee8410bd70 con 0x7fee6c02fe70
2024-02-15T18:18:00.343 INFO:teuthology.orchestra.run.smithi084.stderr:/usr/bin/ceph:
2024-02-15T18:18:00.343+0000 7fee71ffb700 1 -- 172.21.15.84:0/2670845871 <== mgr.14114 v2:172.21.15.84:6800/519542921 1 ==== mgr_command_reply(tid 0: 0 ) v1 ==== 8+0+595 (secure 0 0 0) 0x7fee8410bd70 con 0x7fee6c02fe70
2024-02-15T18:18:00.343 INFO:teuthology.orchestra.run.smithi084.stderr:/usr/bin/ceph: ssh-rsa AAAAB3NzaC1yc2EAAAADAQABAAABgQDAJTuQbmETBq1BYsFrhhapoyddS3ue61W/sNnsyEV5WAULLB8s2wYItQkk/OfbXN1ZG7z5HjYcdcNcEs5q0tmgg2qHLBNU3XCQDCOFz92ETm88EKFRSe8uownQBmAb8Ymh6xulSZucGpTXYzTECeyEzYDkouEFEJ8VxqZy2UYGSzcq1UzUROx8smSBYgyNe6FYyBA1Hln0hCTFRSIGzAm9hSYF8AHjkoy3uvXkZsWwY2u5JT6VsObr87Pe361IhqqdjJ3EaNuj+c/EtdlxoShkCHS2+dXnXzEw7ao6f7N2I1DURsfzpQaW3xkWjXVDyVOiSnPfTf14oPYGQ0c9H/Sv4dp7p4mx0ijSfwbLhbcN1ntlkOzS4iK/fOgetCmSESA2ik/wsdotTIybv9JJnCSnV+Xapjqplx7HHIcmRjCJ7llngVkzYFBgCaJZoPMYOFqIJ6hVJpMNj1TkBnsU+gTHm941gyA947yPNHRtqDgvjZun6kJSK1PhxNXU9ah+d/s= ceph-631a4cdc-cc2e-11ee-95ba-87774f69a715
2024-02-15T18:18:00.345 INFO:teuthology.orchestra.run.smithi084.stderr:/usr/bin/ceph:
2024-02-15T18:18:00.345+0000 7fee8a49f700 1 -- 172.21.15.84:0/2670845871 >> [v2:172.21.15.84:6800/519542921,v1:172.21.15.84:6801/519542921] conn(0x7fee6c02fe70 msgr2=0x7fee6c032330 secure :-1 s=STATE_CONNECTION_ESTABLISHED l=1).mark_down
2024-02-15T18:18:00.346 INFO:teuthology.orchestra.run.smithi084.stderr:/usr/bin/ceph:
2024-02-15T18:18:00.345+0000 7fee8a49f700 1 --2- 172.21.15.84:0/2670845871 >> [v2:172.21.15.84:6800/519542921,v1:172.21.15.84:6801/519542921] conn(0x7fee6c02fe70 0x7fee6c032330 secure :-1 s=READY pgs=9 cs=0 l=1 rev1=1 rx=0x7fee740096a0 tx=0x7fee74006b40).stop
2024-02-15T18:18:00.346 INFO:teuthology.orchestra.run.smithi084.stderr:/usr/bin/ceph:
2024-02-15T18:18:00.345+0000 7fee8a49f700 1 -- 172.21.15.84:0/2670845871 >> [v2:172.21.15.84:3300/0,v1:172.21.15.84:6789/0] conn(0x7fee84070430 msgr2=0x7fee8410a990 secure :-1 s=STATE_CONNECTION_ESTABLISHED l=1).mark_down
2024-02-15T18:18:00.346 INFO:teuthology.orchestra.run.smithi084.stderr:/usr/bin/ceph:
2024-02-15T18:18:00.345+0000 7fee8a49f700 1 --2- 172.21.15.84:0/2670845871 >> [v2:172.21.15.84:3300/0,v1:172.21.15.84:6789/0] conn(0x7fee84070430 0x7fee8410a990 secure :-1 s=READY pgs=36 cs=0 l=1 rev1=1 rx=0x7fee80006800 tx=0x7fee80006ee0).stop
2024-02-15T18:18:00.346 INFO:teuthology.orchestra.run.smithi084.stderr:/usr/bin/ceph:
2024-02-15T18:18:00.345+0000 7fee8a49f700 1 -- 172.21.15.84:0/2670845871 shutdown_connections
2024-02-15T18:18:00.346 INFO:teuthology.orchestra.run.smithi084.stderr:/usr/bin/ceph:
2024-02-15T18:18:00.345+0000 7fee8a49f700 1 --2- 172.21.15.84:0/2670845871 >> [v2:172.21.15.84:6800/519542921,v1:172.21.15.84:6801/519542921] conn(0x7fee6c02fe70 0x7fee6c032330 unknown :-1 s=CLOSED pgs=9 cs=0 l=1 rev1=1 rx=0 tx=0).stop
2024-02-15T18:18:00.346 INFO:teuthology.orchestra.run.smithi084.stderr:/usr/bin/ceph:
2024-02-15T18:18:00.345+0000 7fee8a49f700 1 --2- 172.21.15.84:0/2670845871 >> [v2:172.21.15.84:3300/0,v1:172.21.15.84:6789/0] conn(0x7fee84070430 0x7fee8410a990 unknown :-1 s=CLOSED pgs=36 cs=0 l=1 rev1=1 rx=0 tx=0).stop
2024-02-15T18:18:00.346 INFO:teuthology.orchestra.run.smithi084.stderr:/usr/bin/ceph:
2024-02-15T18:18:00.345+0000 7fee8a49f700 1 -- 172.21.15.84:0/2670845871 >> 172.21.15.84:0/2670845871 conn(0x7fee840f6390 msgr2=0x7fee840f7d70 unknown :-1 s=STATE_NONE l=0).mark_down
2024-02-15T18:18:00.346 INFO:teuthology.orchestra.run.smithi084.stderr:/usr/bin/ceph:
2024-02-15T18:18:00.345+0000 7fee8a49f700 1 -- 172.21.15.84:0/2670845871 shutdown_connections
2024-02-15T18:18:00.346 INFO:teuthology.orchestra.run.smithi084.stderr:/usr/bin/ceph:
2024-02-15T18:18:00.345+0000 7fee8a49f700 1 -- 172.21.15.84:0/2670845871 wait complete.
2024-02-15T18:18:00.514 INFO:journalctl@ceph.mon.smithi084.smithi084.stdout:Feb 15 18:18:00 smithi084 ceph-631a4cdc-cc2e-11ee-95ba-87774f69a715-mon.smithi084[38210]: cephadm
2024-02-15T18:17:58.647041+0000 mgr.smithi084.hjmnez (mgr.14114) 6 : cephadm [INF] Generating ssh key...
2024-02-15T18:18:00.514 INFO:journalctl@ceph.mon.smithi084.smithi084.stdout:Feb 15 18:18:00 smithi084 ceph-631a4cdc-cc2e-11ee-95ba-87774f69a715-mon.smithi084[38210]: audit
2024-02-15T18:17:59.145788+0000 mon.smithi084 (mon.0) 52 : audit [INF] from='mgr.14114 172.21.15.84:0/3868276788' entity='mgr.smithi084.hjmnez'
2024-02-15T18:18:00.514 INFO:journalctl@ceph.mon.smithi084.smithi084.stdout:Feb 15 18:18:00 smithi084 ceph-631a4cdc-cc2e-11ee-95ba-87774f69a715-mon.smithi084[38210]: audit
2024-02-15T18:17:59.148456+0000 mon.smithi084 (mon.0) 53 : audit [INF] from='mgr.14114 172.21.15.84:0/3868276788' entity='mgr.smithi084.hjmnez'
2024-02-15T18:18:00.994 INFO:teuthology.orchestra.run.smithi084.stderr:Wrote public SSH key to /home/ubuntu/cephtest/ceph.pub
2024-02-15T18:18:00.994 INFO:teuthology.orchestra.run.smithi084.stderr:Adding key to root@localhost authorized_keys...
2024-02-15T18:18:00.994 INFO:teuthology.orchestra.run.smithi084.stderr:Adding host smithi084...
2024-02-15T18:18:00.994 INFO:teuthology.orchestra.run.smithi084.stderr:Running command: /bin/podman run --rm --ipc=host --no-hosts --net=host --entrypoint /usr/bin/ceph --init -e CONTAINER_IMAGE=docker.io/ceph/ceph:v16.2.4 -e NODE_NAME=smithi084 -e CEPH_USE_RANDOM_NONCE=1 -v /var/log/ceph/631a4cdc-cc2e-11ee-95ba-87774f69a715:/var/log/ceph:z -v /tmp/ceph-tmpzhadl5ft:/etc/ceph/ceph.client.admin.keyring:z -v /tmp/ceph-tmp1x8_3229:/etc/ceph/ceph.conf:z docker.io/ceph/ceph:v16.2.4 orch host add smithi084 172.21.15.84
2024-02-15T18:18:01.263 INFO:journalctl@ceph.mon.smithi084.smithi084.stdout:Feb 15 18:18:01 smithi084 ceph-631a4cdc-cc2e-11ee-95ba-87774f69a715-mon.smithi084[38210]: audit
2024-02-15T18:18:00.343980+0000 mgr.smithi084.hjmnez (mgr.14114) 7 : audit [DBG] from='client.14130 -' entity='client.admin' cmd=[{"prefix": "cephadm get-pub-key", "target": ["mon-mgr", ""]}]: dispatch
2024-02-15T18:18:01.471 INFO:teuthology.orchestra.run.smithi084.stderr:/usr/bin/ceph:
2024-02-15T18:18:01.461+0000 7fde90572700 1 Processor -- start
2024-02-15T18:18:01.471 INFO:teuthology.orchestra.run.smithi084.stderr:/usr/bin/ceph:
2024-02-15T18:18:01.461+0000 7fde90572700 1 -- start start
2024-02-15T18:18:01.471 INFO:teuthology.orchestra.run.smithi084.stderr:/usr/bin/ceph:
2024-02-15T18:18:01.461+0000 7fde90572700 1 --2- >> [v2:172.21.15.84:3300/0,v1:172.21.15.84:6789/0] conn(0x7fde880703f0 0x7fde88100f50 unknown :-1 s=NONE pgs=0 cs=0 l=0 rev1=0 rx=0 tx=0).connect
2024-02-15T18:18:01.471 INFO:teuthology.orchestra.run.smithi084.stderr:/usr/bin/ceph:
2024-02-15T18:18:01.461+0000 7fde90572700 1 -- --> [v2:172.21.15.84:3300/0,v1:172.21.15.84:6789/0] -- mon_getmap magic: 0 v1 -- 0x7fde880fc940 con 0x7fde880703f0
2024-02-15T18:18:01.471 INFO:teuthology.orchestra.run.smithi084.stderr:/usr/bin/ceph:
2024-02-15T18:18:01.461+0000 7fde8e30e700 1 --2- >> [v2:172.21.15.84:3300/0,v1:172.21.15.84:6789/0] conn(0x7fde880703f0 0x7fde88100f50 unknown :-1 s=BANNER_CONNECTING pgs=0 cs=0 l=0 rev1=0 rx=0 tx=0)._handle_peer_banner_payload supported=1 required=0
2024-02-15T18:18:01.471 INFO:teuthology.orchestra.run.smithi084.stderr:/usr/bin/ceph:
2024-02-15T18:18:01.461+0000 7fde8e30e700 1 --2- >> [v2:172.21.15.84:3300/0,v1:172.21.15.84:6789/0] conn(0x7fde880703f0 0x7fde88100f50 unknown :-1 s=HELLO_CONNECTING pgs=0 cs=0 l=0 rev1=1 rx=0 tx=0).handle_hello peer v2:172.21.15.84:3300/0 says I am v2:172.21.15.84:53648/0 (socket says 172.21.15.84:53648)
2024-02-15T18:18:01.472 INFO:teuthology.orchestra.run.smithi084.stderr:/usr/bin/ceph:
2024-02-15T18:18:01.461+0000 7fde8e30e700 1 -- 172.21.15.84:0/1928963630 learned_addr learned my addr 172.21.15.84:0/1928963630 (peer_addr_for_me v2:172.21.15.84:0/0)
2024-02-15T18:18:01.472 INFO:teuthology.orchestra.run.smithi084.stderr:/usr/bin/ceph:
2024-02-15T18:18:01.462+0000 7fde8e30e700 1 -- 172.21.15.84:0/1928963630 --> [v2:172.21.15.84:3300/0,v1:172.21.15.84:6789/0] -- mon_subscribe({config=0+,monmap=0+}) v3 -- 0x7fde88101440 con 0x7fde880703f0
2024-02-15T18:18:01.472 INFO:teuthology.orchestra.run.smithi084.stderr:/usr/bin/ceph:
2024-02-15T18:18:01.462+0000 7fde8e30e700 1 --2- 172.21.15.84:0/1928963630 >> [v2:172.21.15.84:3300/0,v1:172.21.15.84:6789/0] conn(0x7fde880703f0 0x7fde88100f50 secure :-1 s=READY pgs=37 cs=0 l=1 rev1=1 rx=0x7fde7800b5f0 tx=0x7fde78006ee0).ready entity=mon.0 client_cookie=fc7497522326ca71 server_cookie=0 in_seq=0 out_seq=0
2024-02-15T18:18:01.472 INFO:teuthology.orchestra.run.smithi084.stderr:/usr/bin/ceph:
2024-02-15T18:18:01.462+0000 7fde8d30c700 1 -- 172.21.15.84:0/1928963630 <== mon.0 v2:172.21.15.84:3300/0 1 ==== mon_map magic: 0 v1 ==== 229+0+0 (secure 0 0 0) 0x7fde7800d600 con 0x7fde880703f0
2024-02-15T18:18:01.472 INFO:teuthology.orchestra.run.smithi084.stderr:/usr/bin/ceph:
2024-02-15T18:18:01.462+0000 7fde8d30c700 1 -- 172.21.15.84:0/1928963630 <== mon.0 v2:172.21.15.84:3300/0 2 ==== config(26 keys) v1 ==== 1045+0+0 (secure 0 0 0) 0x7fde7800dbf0 con 0x7fde880703f0
2024-02-15T18:18:01.472 INFO:teuthology.orchestra.run.smithi084.stderr:/usr/bin/ceph:
2024-02-15T18:18:01.462+0000 7fde8d30c700 1 -- 172.21.15.84:0/1928963630 <== mon.0 v2:172.21.15.84:3300/0 3 ==== mon_map magic: 0 v1 ==== 229+0+0 (secure 0 0 0) 0x7fde78011ce0 con 0x7fde880703f0
2024-02-15T18:18:01.472 INFO:teuthology.orchestra.run.smithi084.stderr:/usr/bin/ceph:
2024-02-15T18:18:01.462+0000 7fde90572700 1 -- 172.21.15.84:0/1928963630 >> [v2:172.21.15.84:3300/0,v1:172.21.15.84:6789/0] conn(0x7fde880703f0 msgr2=0x7fde88100f50 secure :-1 s=STATE_CONNECTION_ESTABLISHED l=1).mark_down
2024-02-15T18:18:01.472 INFO:teuthology.orchestra.run.smithi084.stderr:/usr/bin/ceph:
2024-02-15T18:18:01.462+0000 7fde90572700 1 --2- 172.21.15.84:0/1928963630 >> [v2:172.21.15.84:3300/0,v1:172.21.15.84:6789/0] conn(0x7fde880703f0 0x7fde88100f50 secure :-1 s=READY pgs=37 cs=0 l=1 rev1=1 rx=0x7fde7800b5f0 tx=0x7fde78006ee0).stop
2024-02-15T18:18:01.472 INFO:teuthology.orchestra.run.smithi084.stderr:/usr/bin/ceph:
2024-02-15T18:18:01.462+0000 7fde90572700 1 -- 172.21.15.84:0/1928963630 shutdown_connections
2024-02-15T18:18:01.472 INFO:teuthology.orchestra.run.smithi084.stderr:/usr/bin/ceph:
2024-02-15T18:18:01.462+0000 7fde90572700 1 --2- 172.21.15.84:0/1928963630 >> [v2:172.21.15.84:3300/0,v1:172.21.15.84:6789/0] conn(0x7fde880703f0 0x7fde88100f50 unknown :-1 s=CLOSED pgs=37 cs=0 l=1 rev1=1 rx=0 tx=0).stop
2024-02-15T18:18:01.472 INFO:teuthology.orchestra.run.smithi084.stderr:/usr/bin/ceph:
2024-02-15T18:18:01.462+0000 7fde90572700 1 -- 172.21.15.84:0/1928963630 >> 172.21.15.84:0/1928963630 conn(0x7fde880f65b0 msgr2=0x7fde880f89d0 unknown :-1 s=STATE_NONE l=0).mark_down
2024-02-15T18:18:01.472 INFO:teuthology.orchestra.run.smithi084.stderr:/usr/bin/ceph:
2024-02-15T18:18:01.463+0000 7fde90572700 1 -- 172.21.15.84:0/1928963630 shutdown_connections
2024-02-15T18:18:01.472 INFO:teuthology.orchestra.run.smithi084.stderr:/usr/bin/ceph:
2024-02-15T18:18:01.463+0000 7fde90572700 1 -- 172.21.15.84:0/1928963630 wait complete.
2024-02-15T18:18:01.473 INFO:teuthology.orchestra.run.smithi084.stderr:/usr/bin/ceph:
2024-02-15T18:18:01.463+0000 7fde90572700 1 Processor -- start
2024-02-15T18:18:01.473 INFO:teuthology.orchestra.run.smithi084.stderr:/usr/bin/ceph:
2024-02-15T18:18:01.463+0000 7fde90572700 1 -- start start
2024-02-15T18:18:01.473 INFO:teuthology.orchestra.run.smithi084.stderr:/usr/bin/ceph:
2024-02-15T18:18:01.463+0000 7fde90572700 1 --2- >> [v2:172.21.15.84:3300/0,v1:172.21.15.84:6789/0] conn(0x7fde880703f0 0x7fde8810ce50 unknown :-1 s=NONE pgs=0 cs=0 l=1 rev1=0 rx=0 tx=0).connect
2024-02-15T18:18:01.473 INFO:teuthology.orchestra.run.smithi084.stderr:/usr/bin/ceph:
2024-02-15T18:18:01.463+0000 7fde90572700 1 -- --> [v2:172.21.15.84:3300/0,v1:172.21.15.84:6789/0] -- mon_getmap magic: 0 v1 -- 0x7fde8810d340 con 0x7fde880703f0
2024-02-15T18:18:01.473 INFO:teuthology.orchestra.run.smithi084.stderr:/usr/bin/ceph:
2024-02-15T18:18:01.463+0000 7fde8e30e700 1 --2- >> [v2:172.21.15.84:3300/0,v1:172.21.15.84:6789/0] conn(0x7fde880703f0 0x7fde8810ce50 unknown :-1 s=BANNER_CONNECTING pgs=0 cs=0 l=1 rev1=0 rx=0 tx=0)._handle_peer_banner_payload supported=1 required=0
2024-02-15T18:18:01.473 INFO:teuthology.orchestra.run.smithi084.stderr:/usr/bin/ceph:
2024-02-15T18:18:01.463+0000 7fde8e30e700 1 --2- >> [v2:172.21.15.84:3300/0,v1:172.21.15.84:6789/0] conn(0x7fde880703f0 0x7fde8810ce50 unknown :-1 s=HELLO_CONNECTING pgs=0 cs=0 l=1 rev1=1 rx=0 tx=0).handle_hello peer v2:172.21.15.84:3300/0 says I am v2:172.21.15.84:53654/0 (socket says 172.21.15.84:53654)
2024-02-15T18:18:01.473 INFO:teuthology.orchestra.run.smithi084.stderr:/usr/bin/ceph:
2024-02-15T18:18:01.463+0000 7fde8e30e700 1 -- 172.21.15.84:0/339549961 learned_addr learned my addr 172.21.15.84:0/339549961 (peer_addr_for_me v2:172.21.15.84:0/0)
2024-02-15T18:18:01.473 INFO:teuthology.orchestra.run.smithi084.stderr:/usr/bin/ceph:
2024-02-15T18:18:01.463+0000 7fde8e30e700 1 -- 172.21.15.84:0/339549961 --> [v2:172.21.15.84:3300/0,v1:172.21.15.84:6789/0] -- mon_subscribe({config=0+,monmap=0+}) v3 -- 0x7fde7800b200 con 0x7fde880703f0
2024-02-15T18:18:01.473 INFO:teuthology.orchestra.run.smithi084.stderr:/usr/bin/ceph:
2024-02-15T18:18:01.464+0000 7fde8e30e700 1 --2- 172.21.15.84:0/339549961 >> [v2:172.21.15.84:3300/0,v1:172.21.15.84:6789/0] conn(0x7fde880703f0 0x7fde8810ce50 secure :-1 s=READY pgs=38 cs=0 l=1 rev1=1 rx=0x7fde7800df90 tx=0x7fde78006ee0).ready entity=mon.0 client_cookie=0 server_cookie=0 in_seq=0 out_seq=0
2024-02-15T18:18:01.473 INFO:teuthology.orchestra.run.smithi084.stderr:/usr/bin/ceph:
2024-02-15T18:18:01.464+0000 7fde76ffd700 1 -- 172.21.15.84:0/339549961 <== mon.0 v2:172.21.15.84:3300/0 1 ==== mon_map magic: 0 v1 ==== 229+0+0 (secure 0 0 0) 0x7fde7801b570 con 0x7fde880703f0
2024-02-15T18:18:01.473 INFO:teuthology.orchestra.run.smithi084.stderr:/usr/bin/ceph:
2024-02-15T18:18:01.464+0000 7fde76ffd700 1 -- 172.21.15.84:0/339549961 <== mon.0 v2:172.21.15.84:3300/0 2 ==== config(26 keys) v1 ==== 1045+0+0 (secure 0 0 0) 0x7fde7801bb60 con 0x7fde880703f0
2024-02-15T18:18:01.473 INFO:teuthology.orchestra.run.smithi084.stderr:/usr/bin/ceph:
2024-02-15T18:18:01.464+0000 7fde90572700 1 -- 172.21.15.84:0/339549961 --> [v2:172.21.15.84:3300/0,v1:172.21.15.84:6789/0] -- mon_subscribe({mgrmap=0+}) v3 -- 0x7fde8810d540 con 0x7fde880703f0
2024-02-15T18:18:01.473 INFO:teuthology.orchestra.run.smithi084.stderr:/usr/bin/ceph:
2024-02-15T18:18:01.464+0000 7fde76ffd700 1 -- 172.21.15.84:0/339549961 <== mon.0 v2:172.21.15.84:3300/0 3 ==== mon_map magic: 0 v1 ==== 229+0+0 (secure 0 0 0) 0x7fde7801ab80 con 0x7fde880703f0
2024-02-15T18:18:01.474 INFO:teuthology.orchestra.run.smithi084.stderr:/usr/bin/ceph:
2024-02-15T18:18:01.464+0000 7fde90572700 1 -- 172.21.15.84:0/339549961 --> [v2:172.21.15.84:3300/0,v1:172.21.15.84:6789/0] -- mon_subscribe({osdmap=0}) v3 -- 0x7fde8810e150 con 0x7fde880703f0
2024-02-15T18:18:01.474 INFO:teuthology.orchestra.run.smithi084.stderr:/usr/bin/ceph:
2024-02-15T18:18:01.464+0000 7fde76ffd700 1 -- 172.21.15.84:0/339549961 <== mon.0 v2:172.21.15.84:3300/0 4 ==== mgrmap(e 8) v1 ==== 36120+0+0 (secure 0 0 0) 0x7fde7800f070 con 0x7fde880703f0
2024-02-15T18:18:01.474 INFO:teuthology.orchestra.run.smithi084.stderr:/usr/bin/ceph:
2024-02-15T18:18:01.465+0000 7fde76ffd700 1 --2- 172.21.15.84:0/339549961 >> [v2:172.21.15.84:6800/519542921,v1:172.21.15.84:6801/519542921] conn(0x7fde7002fe10 0x7fde700322d0 unknown :-1 s=NONE pgs=0 cs=0 l=1 rev1=0 rx=0 tx=0).connect
2024-02-15T18:18:01.474 INFO:teuthology.orchestra.run.smithi084.stderr:/usr/bin/ceph:
2024-02-15T18:18:01.465+0000 7fde76ffd700 1 -- 172.21.15.84:0/339549961 <== mon.0 v2:172.21.15.84:3300/0 5 ==== osd_map(2..2 src has 1..2) v4 ==== 926+0+0 (secure 0 0 0) 0x7fde78041080 con 0x7fde880703f0
2024-02-15T18:18:01.474 INFO:teuthology.orchestra.run.smithi084.stderr:/usr/bin/ceph:
2024-02-15T18:18:01.465+0000 7fde8db0d700 1 --2- 172.21.15.84:0/339549961 >> [v2:172.21.15.84:6800/519542921,v1:172.21.15.84:6801/519542921] conn(0x7fde7002fe10 0x7fde700322d0 unknown :-1 s=BANNER_CONNECTING pgs=0 cs=0 l=1 rev1=0 rx=0 tx=0)._handle_peer_banner_payload supported=1 required=0
2024-02-15T18:18:01.474 INFO:teuthology.orchestra.run.smithi084.stderr:/usr/bin/ceph:
2024-02-15T18:18:01.465+0000 7fde90572700 1 -- 172.21.15.84:0/339549961 --> [v2:172.21.15.84:3300/0,v1:172.21.15.84:6789/0] -- mon_command({"prefix": "get_command_descriptions"} v 0) v1 -- 0x7fde88059100 con 0x7fde880703f0
2024-02-15T18:18:01.474 INFO:teuthology.orchestra.run.smithi084.stderr:/usr/bin/ceph:
2024-02-15T18:18:01.465+0000 7fde8db0d700 1 --2- 172.21.15.84:0/339549961 >> [v2:172.21.15.84:6800/519542921,v1:172.21.15.84:6801/519542921] conn(0x7fde7002fe10 0x7fde700322d0 secure :-1 s=READY pgs=10 cs=0 l=1 rev1=1 rx=0x7fde840096a0 tx=0x7fde84006b40).ready entity=mgr.14114 client_cookie=0 server_cookie=0 in_seq=0 out_seq=0
2024-02-15T18:18:01.474 INFO:teuthology.orchestra.run.smithi084.stderr:/usr/bin/ceph:
2024-02-15T18:18:01.469+0000 7fde76ffd700 1 -- 172.21.15.84:0/339549961 <== mon.0 v2:172.21.15.84:3300/0 6 ==== mon_command_ack([{"prefix": "get_command_descriptions"}]=0 v0) v1 ==== 72+0+152212 (secure 0 0 0) 0x7fde78010be0 con 0x7fde880703f0
2024-02-15T18:18:01.640 INFO:teuthology.orchestra.run.smithi084.stderr:/usr/bin/ceph:
2024-02-15T18:18:01.640+0000 7fde90572700 1 -- 172.21.15.84:0/339549961 --> [v2:172.21.15.84:6800/519542921,v1:172.21.15.84:6801/519542921] -- mgr_command(tid 0: {"prefix": "orch host add", "hostname": "smithi084", "addr": "172.21.15.84", "target": ["mon-mgr", ""]}) v1 -- 0x7fde88102150 con 0x7fde7002fe10
2024-02-15T18:18:02.227 INFO:teuthology.orchestra.run.smithi084.stderr:/usr/bin/ceph: Added host 'smithi084'
2024-02-15T18:18:02.227 INFO:teuthology.orchestra.run.smithi084.stderr:/usr/bin/ceph:
2024-02-15T18:18:02.226+0000 7fde76ffd700 1 -- 172.21.15.84:0/339549961 <== mgr.14114 v2:172.21.15.84:6800/519542921 1 ==== mgr_command_reply(tid 0: 0 ) v1 ==== 8+0+23 (secure 0 0 0) 0x7fde88102150 con 0x7fde7002fe10
2024-02-15T18:18:02.229 INFO:teuthology.orchestra.run.smithi084.stderr:/usr/bin/ceph:
2024-02-15T18:18:02.229+0000 7fde90572700 1 -- 172.21.15.84:0/339549961 >> [v2:172.21.15.84:6800/519542921,v1:172.21.15.84:6801/519542921] conn(0x7fde7002fe10 msgr2=0x7fde700322d0 secure :-1 s=STATE_CONNECTION_ESTABLISHED l=1).mark_down
2024-02-15T18:18:02.229 INFO:teuthology.orchestra.run.smithi084.stderr:/usr/bin/ceph:
2024-02-15T18:18:02.229+0000 7fde90572700 1 --2- 172.21.15.84:0/339549961 >> [v2:172.21.15.84:6800/519542921,v1:172.21.15.84:6801/519542921] conn(0x7fde7002fe10 0x7fde700322d0 secure :-1 s=READY pgs=10 cs=0 l=1 rev1=1 rx=0x7fde840096a0 tx=0x7fde84006b40).stop
2024-02-15T18:18:02.230 INFO:teuthology.orchestra.run.smithi084.stderr:/usr/bin/ceph:
2024-02-15T18:18:02.229+0000 7fde90572700 1 -- 172.21.15.84:0/339549961 >> [v2:172.21.15.84:3300/0,v1:172.21.15.84:6789/0] conn(0x7fde880703f0 msgr2=0x7fde8810ce50 secure :-1 s=STATE_CONNECTION_ESTABLISHED l=1).mark_down
2024-02-15T18:18:02.230 INFO:teuthology.orchestra.run.smithi084.stderr:/usr/bin/ceph:
2024-02-15T18:18:02.229+0000 7fde90572700 1 --2- 172.21.15.84:0/339549961 >> [v2:172.21.15.84:3300/0,v1:172.21.15.84:6789/0] conn(0x7fde880703f0 0x7fde8810ce50 secure :-1 s=READY pgs=38 cs=0 l=1 rev1=1 rx=0x7fde7800df90 tx=0x7fde78006ee0).stop
2024-02-15T18:18:02.230 INFO:teuthology.orchestra.run.smithi084.stderr:/usr/bin/ceph:
2024-02-15T18:18:02.229+0000 7fde90572700 1 -- 172.21.15.84:0/339549961 shutdown_connections
2024-02-15T18:18:02.230 INFO:teuthology.orchestra.run.smithi084.stderr:/usr/bin/ceph:
2024-02-15T18:18:02.229+0000 7fde90572700 1 --2- 172.21.15.84:0/339549961 >> [v2:172.21.15.84:6800/519542921,v1:172.21.15.84:6801/519542921] conn(0x7fde7002fe10 0x7fde700322d0 unknown :-1 s=CLOSED pgs=10 cs=0 l=1 rev1=1 rx=0 tx=0).stop
2024-02-15T18:18:02.230 INFO:teuthology.orchestra.run.smithi084.stderr:/usr/bin/ceph:
2024-02-15T18:18:02.229+0000 7fde90572700 1 --2- 172.21.15.84:0/339549961 >> [v2:172.21.15.84:3300/0,v1:172.21.15.84:6789/0] conn(0x7fde880703f0 0x7fde8810ce50 unknown :-1 s=CLOSED pgs=38 cs=0 l=1 rev1=1 rx=0 tx=0).stop
2024-02-15T18:18:02.230 INFO:teuthology.orchestra.run.smithi084.stderr:/usr/bin/ceph:
2024-02-15T18:18:02.229+0000 7fde90572700 1 -- 172.21.15.84:0/339549961 >> 172.21.15.84:0/339549961 conn(0x7fde880f65b0 msgr2=0x7fde880f7fd0 unknown :-1 s=STATE_NONE l=0).mark_down
2024-02-15T18:18:02.230 INFO:teuthology.orchestra.run.smithi084.stderr:/usr/bin/ceph:
2024-02-15T18:18:02.229+0000 7fde90572700 1 -- 172.21.15.84:0/339549961 shutdown_connections
2024-02-15T18:18:02.230 INFO:teuthology.orchestra.run.smithi084.stderr:/usr/bin/ceph:
2024-02-15T18:18:02.229+0000 7fde90572700 1 -- 172.21.15.84:0/339549961 wait complete.
2024-02-15T18:18:02.775 INFO:teuthology.orchestra.run.smithi084.stderr:Deploying mon service with default placement...
2024-02-15T18:18:02.775 INFO:teuthology.orchestra.run.smithi084.stderr:Running command: /bin/podman run --rm --ipc=host --no-hosts --net=host --entrypoint /usr/bin/ceph --init -e CONTAINER_IMAGE=docker.io/ceph/ceph:v16.2.4 -e NODE_NAME=smithi084 -e CEPH_USE_RANDOM_NONCE=1 -v /var/log/ceph/631a4cdc-cc2e-11ee-95ba-87774f69a715:/var/log/ceph:z -v /tmp/ceph-tmpzhadl5ft:/etc/ceph/ceph.client.admin.keyring:z -v /tmp/ceph-tmp1x8_3229:/etc/ceph/ceph.conf:z docker.io/ceph/ceph:v16.2.4 orch apply mon
2024-02-15T18:18:03.330 INFO:teuthology.orchestra.run.smithi084.stderr:/usr/bin/ceph:
2024-02-15T18:18:03.326+0000 7f139e096700 1 Processor -- start
2024-02-15T18:18:03.330 INFO:teuthology.orchestra.run.smithi084.stderr:/usr/bin/ceph:
2024-02-15T18:18:03.326+0000 7f139e096700 1 -- start start
2024-02-15T18:18:03.330 INFO:teuthology.orchestra.run.smithi084.stderr:/usr/bin/ceph:
2024-02-15T18:18:03.326+0000 7f139e096700 1 --2- >> [v2:172.21.15.84:3300/0,v1:172.21.15.84:6789/0] conn(0x7f1398070430 0x7f1398100c90 unknown :-1 s=NONE pgs=0 cs=0 l=0 rev1=0 rx=0 tx=0).connect
2024-02-15T18:18:03.330 INFO:teuthology.orchestra.run.smithi084.stderr:/usr/bin/ceph:
2024-02-15T18:18:03.326+0000 7f139e096700 1 -- --> [v2:172.21.15.84:3300/0,v1:172.21.15.84:6789/0] -- mon_getmap magic: 0 v1 -- 0x7f13980fc680 con 0x7f1398070430
2024-02-15T18:18:03.330 INFO:teuthology.orchestra.run.smithi084.stderr:/usr/bin/ceph:
2024-02-15T18:18:03.326+0000 7f139d094700 1 --2- >> [v2:172.21.15.84:3300/0,v1:172.21.15.84:6789/0] conn(0x7f1398070430 0x7f1398100c90 unknown :-1 s=BANNER_CONNECTING pgs=0 cs=0 l=0 rev1=0 rx=0 tx=0)._handle_peer_banner_payload supported=1 required=0
2024-02-15T18:18:03.330 INFO:teuthology.orchestra.run.smithi084.stderr:/usr/bin/ceph:
2024-02-15T18:18:03.326+0000 7f139d094700 1 --2- >> [v2:172.21.15.84:3300/0,v1:172.21.15.84:6789/0] conn(0x7f1398070430 0x7f1398100c90 unknown :-1 s=HELLO_CONNECTING pgs=0 cs=0 l=0 rev1=1 rx=0 tx=0).handle_hello peer v2:172.21.15.84:3300/0 says I am v2:172.21.15.84:46096/0 (socket says 172.21.15.84:46096)
2024-02-15T18:18:03.330 INFO:teuthology.orchestra.run.smithi084.stderr:/usr/bin/ceph:
2024-02-15T18:18:03.326+0000 7f139d094700 1 -- 172.21.15.84:0/2910076007 learned_addr learned my addr 172.21.15.84:0/2910076007 (peer_addr_for_me v2:172.21.15.84:0/0)
2024-02-15T18:18:03.330 INFO:teuthology.orchestra.run.smithi084.stderr:/usr/bin/ceph:
2024-02-15T18:18:03.326+0000 7f139d094700 1 -- 172.21.15.84:0/2910076007 --> [v2:172.21.15.84:3300/0,v1:172.21.15.84:6789/0] -- mon_subscribe({config=0+,monmap=0+}) v3 -- 0x7f1398101180 con 0x7f1398070430
2024-02-15T18:18:03.330 INFO:teuthology.orchestra.run.smithi084.stderr:/usr/bin/ceph:
2024-02-15T18:18:03.327+0000 7f139d094700 1 --2- 172.21.15.84:0/2910076007 >> [v2:172.21.15.84:3300/0,v1:172.21.15.84:6789/0] conn(0x7f1398070430 0x7f1398100c90 secure :-1 s=READY pgs=39 cs=0 l=1 rev1=1 rx=0x7f139400b5f0 tx=0x7f1394006ee0).ready entity=mon.0 client_cookie=243a6d89def1aeb4 server_cookie=0 in_seq=0 out_seq=0
2024-02-15T18:18:03.330 INFO:teuthology.orchestra.run.smithi084.stderr:/usr/bin/ceph:
2024-02-15T18:18:03.327+0000 7f1387fff700 1 -- 172.21.15.84:0/2910076007 <== mon.0 v2:172.21.15.84:3300/0 1 ==== mon_map magic: 0 v1 ==== 229+0+0 (secure 0 0 0) 0x7f139400d600 con 0x7f1398070430
2024-02-15T18:18:03.331 INFO:teuthology.orchestra.run.smithi084.stderr:/usr/bin/ceph:
2024-02-15T18:18:03.327+0000 7f1387fff700 1 -- 172.21.15.84:0/2910076007 <== mon.0 v2:172.21.15.84:3300/0 2 ==== config(26 keys) v1 ==== 1045+0+0 (secure 0 0 0) 0x7f139400dbf0 con 0x7f1398070430
2024-02-15T18:18:03.331 INFO:teuthology.orchestra.run.smithi084.stderr:/usr/bin/ceph:
2024-02-15T18:18:03.327+0000 7f1387fff700 1 -- 172.21.15.84:0/2910076007 <== mon.0 v2:172.21.15.84:3300/0 3 ==== mon_map magic: 0 v1 ==== 229+0+0 (secure 0 0 0) 0x7f1394011cb0 con 0x7f1398070430
2024-02-15T18:18:03.331 INFO:teuthology.orchestra.run.smithi084.stderr:/usr/bin/ceph:
2024-02-15T18:18:03.327+0000 7f139e096700 1 -- 172.21.15.84:0/2910076007 >> [v2:172.21.15.84:3300/0,v1:172.21.15.84:6789/0] conn(0x7f1398070430 msgr2=0x7f1398100c90 secure :-1 s=STATE_CONNECTION_ESTABLISHED l=1).mark_down
2024-02-15T18:18:03.331 INFO:teuthology.orchestra.run.smithi084.stderr:/usr/bin/ceph:
2024-02-15T18:18:03.327+0000 7f139e096700 1 --2- 172.21.15.84:0/2910076007 >> [v2:172.21.15.84:3300/0,v1:172.21.15.84:6789/0] conn(0x7f1398070430 0x7f1398100c90 secure :-1 s=READY pgs=39 cs=0 l=1 rev1=1 rx=0x7f139400b5f0 tx=0x7f1394006ee0).stop
2024-02-15T18:18:03.331 INFO:teuthology.orchestra.run.smithi084.stderr:/usr/bin/ceph:
2024-02-15T18:18:03.327+0000 7f139e096700 1 -- 172.21.15.84:0/2910076007 shutdown_connections
2024-02-15T18:18:03.331 INFO:teuthology.orchestra.run.smithi084.stderr:/usr/bin/ceph:
2024-02-15T18:18:03.327+0000 7f139e096700 1 --2- 172.21.15.84:0/2910076007 >> [v2:172.21.15.84:3300/0,v1:172.21.15.84:6789/0] conn(0x7f1398070430 0x7f1398100c90 unknown :-1 s=CLOSED pgs=39 cs=0 l=1 rev1=1 rx=0 tx=0).stop
2024-02-15T18:18:03.331 INFO:teuthology.orchestra.run.smithi084.stderr:/usr/bin/ceph:
2024-02-15T18:18:03.327+0000 7f139e096700 1 -- 172.21.15.84:0/2910076007 >> 172.21.15.84:0/2910076007 conn(0x7f13980f6390 msgr2=0x7f13980f87b0 unknown :-1 s=STATE_NONE l=0).mark_down
2024-02-15T18:18:03.331 INFO:teuthology.orchestra.run.smithi084.stderr:/usr/bin/ceph:
2024-02-15T18:18:03.327+0000 7f139e096700 1 -- 172.21.15.84:0/2910076007 shutdown_connections
2024-02-15T18:18:03.331 INFO:teuthology.orchestra.run.smithi084.stderr:/usr/bin/ceph:
2024-02-15T18:18:03.327+0000 7f139e096700 1 -- 172.21.15.84:0/2910076007 wait complete.
2024-02-15T18:18:03.331 INFO:teuthology.orchestra.run.smithi084.stderr:/usr/bin/ceph:
2024-02-15T18:18:03.328+0000 7f139e096700 1 Processor -- start
2024-02-15T18:18:03.331 INFO:teuthology.orchestra.run.smithi084.stderr:/usr/bin/ceph:
2024-02-15T18:18:03.328+0000 7f139e096700 1 -- start start
2024-02-15T18:18:03.331 INFO:teuthology.orchestra.run.smithi084.stderr:/usr/bin/ceph:
2024-02-15T18:18:03.328+0000 7f139e096700 1 --2- >> [v2:172.21.15.84:3300/0,v1:172.21.15.84:6789/0] conn(0x7f1398070430 0x7f139810cbf0 unknown :-1 s=NONE pgs=0 cs=0 l=1 rev1=0 rx=0 tx=0).connect
2024-02-15T18:18:03.331 INFO:teuthology.orchestra.run.smithi084.stderr:/usr/bin/ceph:
2024-02-15T18:18:03.328+0000 7f139e096700 1 -- --> [v2:172.21.15.84:3300/0,v1:172.21.15.84:6789/0] -- mon_getmap magic: 0 v1 -- 0x7f139810d0e0 con 0x7f1398070430
2024-02-15T18:18:03.331 INFO:teuthology.orchestra.run.smithi084.stderr:/usr/bin/ceph:
2024-02-15T18:18:03.328+0000 7f139d094700 1 --2- >> [v2:172.21.15.84:3300/0,v1:172.21.15.84:6789/0] conn(0x7f1398070430 0x7f139810cbf0 unknown :-1 s=BANNER_CONNECTING pgs=0 cs=0 l=1 rev1=0 rx=0 tx=0)._handle_peer_banner_payload supported=1 required=0
2024-02-15T18:18:03.331 INFO:teuthology.orchestra.run.smithi084.stderr:/usr/bin/ceph:
2024-02-15T18:18:03.328+0000 7f139d094700 1 --2- >> [v2:172.21.15.84:3300/0,v1:172.21.15.84:6789/0] conn(0x7f1398070430 0x7f139810cbf0 unknown :-1 s=HELLO_CONNECTING pgs=0 cs=0 l=1 rev1=1 rx=0 tx=0).handle_hello peer v2:172.21.15.84:3300/0 says I am v2:172.21.15.84:46110/0 (socket says 172.21.15.84:46110)
2024-02-15T18:18:03.332 INFO:teuthology.orchestra.run.smithi084.stderr:/usr/bin/ceph:
2024-02-15T18:18:03.328+0000 7f139d094700 1 -- 172.21.15.84:0/698399375 learned_addr learned my addr 172.21.15.84:0/698399375 (peer_addr_for_me v2:172.21.15.84:0/0)
2024-02-15T18:18:03.332 INFO:teuthology.orchestra.run.smithi084.stderr:/usr/bin/ceph:
2024-02-15T18:18:03.329+0000 7f139d094700 1 -- 172.21.15.84:0/698399375 --> [v2:172.21.15.84:3300/0,v1:172.21.15.84:6789/0] -- mon_subscribe({config=0+,monmap=0+}) v3 -- 0x7f139400b200 con 0x7f1398070430
2024-02-15T18:18:03.332 INFO:teuthology.orchestra.run.smithi084.stderr:/usr/bin/ceph:
2024-02-15T18:18:03.329+0000 7f139d094700 1 --2- 172.21.15.84:0/698399375 >> [v2:172.21.15.84:3300/0,v1:172.21.15.84:6789/0] conn(0x7f1398070430 0x7f139810cbf0 secure :-1 s=READY pgs=40 cs=0 l=1 rev1=1 rx=0x7f139400df90 tx=0x7f1394006ee0).ready entity=mon.0 client_cookie=0 server_cookie=0 in_seq=0 out_seq=0
2024-02-15T18:18:03.333 INFO:teuthology.orchestra.run.smithi084.stderr:/usr/bin/ceph:
2024-02-15T18:18:03.329+0000 7f1385ffb700 1 -- 172.21.15.84:0/698399375 <== mon.0 v2:172.21.15.84:3300/0 1 ==== mon_map magic: 0 v1 ==== 229+0+0 (secure 0 0 0) 0x7f139401b410 con 0x7f1398070430
2024-02-15T18:18:03.333 INFO:teuthology.orchestra.run.smithi084.stderr:/usr/bin/ceph:
2024-02-15T18:18:03.329+0000 7f1385ffb700 1 -- 172.21.15.84:0/698399375 <== mon.0 v2:172.21.15.84:3300/0 2 ==== config(26 keys) v1 ==== 1045+0+0 (secure 0 0 0) 0x7f139401ba00 con 0x7f1398070430
2024-02-15T18:18:03.333 INFO:teuthology.orchestra.run.smithi084.stderr:/usr/bin/ceph:
2024-02-15T18:18:03.329+0000 7f1385ffb700 1 -- 172.21.15.84:0/698399375 <== mon.0 v2:172.21.15.84:3300/0 3 ==== mon_map magic: 0 v1 ==== 229+0+0 (secure 0 0 0) 0x7f139401aa30 con 0x7f1398070430
2024-02-15T18:18:03.333 INFO:teuthology.orchestra.run.smithi084.stderr:/usr/bin/ceph:
2024-02-15T18:18:03.329+0000 7f139e096700 1 -- 172.21.15.84:0/698399375 --> [v2:172.21.15.84:3300/0,v1:172.21.15.84:6789/0] -- mon_subscribe({mgrmap=0+}) v3 -- 0x7f139810d2e0 con 0x7f1398070430
2024-02-15T18:18:03.333 INFO:teuthology.orchestra.run.smithi084.stderr:/usr/bin/ceph:
2024-02-15T18:18:03.329+0000 7f139e096700 1 -- 172.21.15.84:0/698399375 --> [v2:172.21.15.84:3300/0,v1:172.21.15.84:6789/0] -- mon_subscribe({osdmap=0}) v3 -- 0x7f139810d770 con 0x7f1398070430
2024-02-15T18:18:03.333 INFO:teuthology.orchestra.run.smithi084.stderr:/usr/bin/ceph:
2024-02-15T18:18:03.330+0000 7f1385ffb700 1 -- 172.21.15.84:0/698399375 <== mon.0 v2:172.21.15.84:3300/0 4 ==== mgrmap(e 8) v1 ==== 36120+0+0 (secure 0 0 0) 0x7f139400f070 con 0x7f1398070430
2024-02-15T18:18:03.333 INFO:teuthology.orchestra.run.smithi084.stderr:/usr/bin/ceph:
2024-02-15T18:18:03.330+0000 7f1385ffb700 1 --2- 172.21.15.84:0/698399375 >> [v2:172.21.15.84:6800/519542921,v1:172.21.15.84:6801/519542921] conn(0x7f138002fe70 0x7f1380032330 unknown :-1 s=NONE pgs=0 cs=0 l=1 rev1=0 rx=0 tx=0).connect
2024-02-15T18:18:03.333 INFO:teuthology.orchestra.run.smithi084.stderr:/usr/bin/ceph:
2024-02-15T18:18:03.330+0000 7f139e096700 1 -- 172.21.15.84:0/698399375 --> [v2:172.21.15.84:3300/0,v1:172.21.15.84:6789/0] -- mon_command({"prefix": "get_command_descriptions"} v 0) v1 -- 0x7f1398045ad0 con 0x7f1398070430
2024-02-15T18:18:03.333 INFO:teuthology.orchestra.run.smithi084.stderr:/usr/bin/ceph:
2024-02-15T18:18:03.330+0000 7f1385ffb700 1 -- 172.21.15.84:0/698399375 <== mon.0 v2:172.21.15.84:3300/0 5 ==== osd_map(2..2 src has 1..2) v4 ==== 926+0+0 (secure 0 0 0) 0x7f1394041220 con 0x7f1398070430
2024-02-15T18:18:03.333 INFO:teuthology.orchestra.run.smithi084.stderr:/usr/bin/ceph:
2024-02-15T18:18:03.330+0000 7f139c893700 1 --2- 172.21.15.84:0/698399375 >> [v2:172.21.15.84:6800/519542921,v1:172.21.15.84:6801/519542921] conn(0x7f138002fe70 0x7f1380032330 unknown :-1 s=BANNER_CONNECTING pgs=0 cs=0 l=1 rev1=0 rx=0 tx=0)._handle_peer_banner_payload supported=1 required=0
2024-02-15T18:18:03.333 INFO:teuthology.orchestra.run.smithi084.stderr:/usr/bin/ceph:
2024-02-15T18:18:03.330+0000 7f139c893700 1 --2- 172.21.15.84:0/698399375 >> [v2:172.21.15.84:6800/519542921,v1:172.21.15.84:6801/519542921] conn(0x7f138002fe70 0x7f1380032330 secure :-1 s=READY pgs=11 cs=0 l=1 rev1=1 rx=0x7f13880096a0 tx=0x7f1388006b40).ready entity=mgr.14114 client_cookie=0 server_cookie=0 in_seq=0 out_seq=0
2024-02-15T18:18:03.335 INFO:teuthology.orchestra.run.smithi084.stderr:/usr/bin/ceph:
2024-02-15T18:18:03.334+0000 7f1385ffb700 1 -- 172.21.15.84:0/698399375 <== mon.0 v2:172.21.15.84:3300/0 6 ==== mon_command_ack([{"prefix": "get_command_descriptions"}]=0 v0) v1 ==== 72+0+152212 (secure 0 0 0) 0x7f1394022720 con 0x7f1398070430
2024-02-15T18:18:03.512 INFO:teuthology.orchestra.run.smithi084.stderr:/usr/bin/ceph:
2024-02-15T18:18:03.511+0000 7f139e096700 1 -- 172.21.15.84:0/698399375 --> [v2:172.21.15.84:6800/519542921,v1:172.21.15.84:6801/519542921] -- mgr_command(tid 0: {"prefix": "orch apply", "service_type": "mon", "target": ["mon-mgr", ""]}) v1 -- 0x7f139810e090 con 0x7f138002fe70
2024-02-15T18:18:03.513 INFO:journalctl@ceph.mon.smithi084.smithi084.stdout:Feb 15 18:18:03 smithi084 ceph-631a4cdc-cc2e-11ee-95ba-87774f69a715-mon.smithi084[38210]: audit
2024-02-15T18:18:01.641511+0000 mgr.smithi084.hjmnez (mgr.14114) 8 : audit [DBG] from='client.14132 -' entity='client.admin' cmd=[{"prefix": "orch host add", "hostname": "smithi084", "addr": "172.21.15.84", "target": ["mon-mgr", ""]}]: dispatch
2024-02-15T18:18:03.513 INFO:journalctl@ceph.mon.smithi084.smithi084.stdout:Feb 15 18:18:03 smithi084 ceph-631a4cdc-cc2e-11ee-95ba-87774f69a715-mon.smithi084[38210]: audit
2024-02-15T18:18:02.226504+0000 mon.smithi084 (mon.0) 54 : audit [INF] from='mgr.14114 172.21.15.84:0/3868276788' entity='mgr.smithi084.hjmnez'
2024-02-15T18:18:03.514 INFO:journalctl@ceph.mon.smithi084.smithi084.stdout:Feb 15 18:18:03 smithi084 ceph-631a4cdc-cc2e-11ee-95ba-87774f69a715-mon.smithi084[38210]: cephadm
2024-02-15T18:18:02.226812+0000 mgr.smithi084.hjmnez (mgr.14114) 9 : cephadm [INF] Added host smithi084
2024-02-15T18:18:03.514 INFO:journalctl@ceph.mon.smithi084.smithi084.stdout:Feb 15 18:18:03 smithi084 ceph-631a4cdc-cc2e-11ee-95ba-87774f69a715-mon.smithi084[38210]: audit
2024-02-15T18:18:02.227036+0000 mon.smithi084 (mon.0) 55 : audit [DBG] from='mgr.14114 172.21.15.84:0/3868276788' entity='mgr.smithi084.hjmnez' cmd=[{"prefix": "config dump", "format": "json"}]: dispatch
2024-02-15T18:18:03.516 INFO:teuthology.orchestra.run.smithi084.stderr:/usr/bin/ceph:
2024-02-15T18:18:03.515+0000 7f1385ffb700 1 -- 172.21.15.84:0/698399375 <== mgr.14114 v2:172.21.15.84:6800/519542921 1 ==== mgr_command_reply(tid 0: 0 ) v1 ==== 8+0+24 (secure 0 0 0) 0x7f139810e090 con 0x7f138002fe70
2024-02-15T18:18:03.516 INFO:teuthology.orchestra.run.smithi084.stderr:/usr/bin/ceph: Scheduled mon update...
2024-02-15T18:18:03.519 INFO:teuthology.orchestra.run.smithi084.stderr:/usr/bin/ceph:
2024-02-15T18:18:03.517+0000 7f139e096700 1 -- 172.21.15.84:0/698399375 >> [v2:172.21.15.84:6800/519542921,v1:172.21.15.84:6801/519542921] conn(0x7f138002fe70 msgr2=0x7f1380032330 secure :-1 s=STATE_CONNECTION_ESTABLISHED l=1).mark_down
2024-02-15T18:18:03.519 INFO:teuthology.orchestra.run.smithi084.stderr:/usr/bin/ceph:
2024-02-15T18:18:03.517+0000 7f139e096700 1 --2- 172.21.15.84:0/698399375 >> [v2:172.21.15.84:6800/519542921,v1:172.21.15.84:6801/519542921] conn(0x7f138002fe70 0x7f1380032330 secure :-1 s=READY pgs=11 cs=0 l=1 rev1=1 rx=0x7f13880096a0 tx=0x7f1388006b40).stop
2024-02-15T18:18:03.519 INFO:teuthology.orchestra.run.smithi084.stderr:/usr/bin/ceph:
2024-02-15T18:18:03.517+0000 7f139e096700 1 -- 172.21.15.84:0/698399375 >> [v2:172.21.15.84:3300/0,v1:172.21.15.84:6789/0] conn(0x7f1398070430 msgr2=0x7f139810cbf0 secure :-1 s=STATE_CONNECTION_ESTABLISHED l=1).mark_down
2024-02-15T18:18:03.519 INFO:teuthology.orchestra.run.smithi084.stderr:/usr/bin/ceph:
2024-02-15T18:18:03.517+0000 7f139e096700 1 --2- 172.21.15.84:0/698399375 >> [v2:172.21.15.84:3300/0,v1:172.21.15.84:6789/0] conn(0x7f1398070430 0x7f139810cbf0 secure :-1 s=READY pgs=40 cs=0 l=1 rev1=1 rx=0x7f139400df90 tx=0x7f1394006ee0).stop
2024-02-15T18:18:03.519 INFO:teuthology.orchestra.run.smithi084.stderr:/usr/bin/ceph:
2024-02-15T18:18:03.517+0000 7f139e096700 1 -- 172.21.15.84:0/698399375 shutdown_connections
2024-02-15T18:18:03.519 INFO:teuthology.orchestra.run.smithi084.stderr:/usr/bin/ceph:
2024-02-15T18:18:03.517+0000 7f139e096700 1 --2- 172.21.15.84:0/698399375 >> [v2:172.21.15.84:6800/519542921,v1:172.21.15.84:6801/519542921] conn(0x7f138002fe70 0x7f1380032330 unknown :-1 s=CLOSED pgs=11 cs=0 l=1 rev1=1 rx=0 tx=0).stop
2024-02-15T18:18:03.519 INFO:teuthology.orchestra.run.smithi084.stderr:/usr/bin/ceph:
2024-02-15T18:18:03.517+0000 7f139e096700 1 --2- 172.21.15.84:0/698399375 >> [v2:172.21.15.84:3300/0,v1:172.21.15.84:6789/0] conn(0x7f1398070430 0x7f139810cbf0 unknown :-1 s=CLOSED pgs=40 cs=0 l=1 rev1=1 rx=0 tx=0).stop
2024-02-15T18:18:03.520 INFO:teuthology.orchestra.run.smithi084.stderr:/usr/bin/ceph:
2024-02-15T18:18:03.517+0000 7f139e096700 1 -- 172.21.15.84:0/698399375 >> 172.21.15.84:0/698399375 conn(0x7f13980f6390 msgr2=0x7f13980f7e00 unknown :-1 s=STATE_NONE l=0).mark_down
2024-02-15T18:18:03.520 INFO:teuthology.orchestra.run.smithi084.stderr:/usr/bin/ceph:
2024-02-15T18:18:03.517+0000 7f139e096700 1 -- 172.21.15.84:0/698399375 shutdown_connections
2024-02-15T18:18:03.520 INFO:teuthology.orchestra.run.smithi084.stderr:/usr/bin/ceph:
2024-02-15T18:18:03.517+0000 7f139e096700 1 -- 172.21.15.84:0/698399375 wait complete.
2024-02-15T18:18:04.107 INFO:teuthology.orchestra.run.smithi084.stderr:Deploying mgr service with default placement...
2024-02-15T18:18:04.107 INFO:teuthology.orchestra.run.smithi084.stderr:Running command: /bin/podman run --rm --ipc=host --no-hosts --net=host --entrypoint /usr/bin/ceph --init -e CONTAINER_IMAGE=docker.io/ceph/ceph:v16.2.4 -e NODE_NAME=smithi084 -e CEPH_USE_RANDOM_NONCE=1 -v /var/log/ceph/631a4cdc-cc2e-11ee-95ba-87774f69a715:/var/log/ceph:z -v /tmp/ceph-tmpzhadl5ft:/etc/ceph/ceph.client.admin.keyring:z -v /tmp/ceph-tmp1x8_3229:/etc/ceph/ceph.conf:z docker.io/ceph/ceph:v16.2.4 orch apply mgr
2024-02-15T18:18:04.591 INFO:teuthology.orchestra.run.smithi084.stderr:/usr/bin/ceph:
2024-02-15T18:18:04.588+0000 7fd0d5747700 1 Processor -- start
2024-02-15T18:18:04.591 INFO:teuthology.orchestra.run.smithi084.stderr:/usr/bin/ceph:
2024-02-15T18:18:04.588+0000 7fd0d5747700 1 -- start start
2024-02-15T18:18:04.591 INFO:teuthology.orchestra.run.smithi084.stderr:/usr/bin/ceph:
2024-02-15T18:18:04.588+0000 7fd0d5747700 1 --2- >> [v2:172.21.15.84:3300/0,v1:172.21.15.84:6789/0] conn(0x7fd0d00fd4d0 0x7fd0d00fd8f0 unknown :-1 s=NONE pgs=0 cs=0 l=0 rev1=0 rx=0 tx=0).connect
2024-02-15T18:18:04.591 INFO:teuthology.orchestra.run.smithi084.stderr:/usr/bin/ceph:
2024-02-15T18:18:04.588+0000 7fd0d5747700 1 -- --> [v2:172.21.15.84:3300/0,v1:172.21.15.84:6789/0] -- mon_getmap magic: 0 v1 -- 0x7fd0d00fdde0 con 0x7fd0d00fd4d0
2024-02-15T18:18:04.591 INFO:teuthology.orchestra.run.smithi084.stderr:/usr/bin/ceph:
