2024-02-15T18:17:44.013 INFO:teuthology.orchestra.run.smithi084.stderr:/usr/bin/ceph:
2024-02-15T18:17:44.010+0000 7fc4ad8fe700 1 --2- >> [v2:172.21.15.84:3300/0,v1:172.21.15.84:6789/0] conn(0x7fc4a80703c0 0x7fc4a810ab20 unknown :-1 s=NONE pgs=0 cs=0 l=1 rev1=0 rx=0 tx=0).connect
2024-02-15T18:17:44.013 INFO:teuthology.orchestra.run.smithi084.stderr:/usr/bin/ceph:
2024-02-15T18:17:44.010+0000 7fc4ad8fe700 1 -- --> [v2:172.21.15.84:3300/0,v1:172.21.15.84:6789/0] -- mon_getmap magic: 0 v1 -- 0x7fc4a810b010 con 0x7fc4a80703c0
2024-02-15T18:17:44.014 INFO:teuthology.orchestra.run.smithi084.stderr:/usr/bin/ceph:
2024-02-15T18:17:44.010+0000 7fc4a6ffd700 1 --2- >> [v2:172.21.15.84:3300/0,v1:172.21.15.84:6789/0] conn(0x7fc4a80703c0 0x7fc4a810ab20 unknown :-1 s=BANNER_CONNECTING pgs=0 cs=0 l=1 rev1=0 rx=0 tx=0)._handle_peer_banner_payload supported=1 required=0
2024-02-15T18:17:44.014 INFO:teuthology.orchestra.run.smithi084.stderr:/usr/bin/ceph:
2024-02-15T18:17:44.010+0000 7fc4a6ffd700 1 --2- >> [v2:172.21.15.84:3300/0,v1:172.21.15.84:6789/0] conn(0x7fc4a80703c0 0x7fc4a810ab20 unknown :-1 s=HELLO_CONNECTING pgs=0 cs=0 l=1 rev1=1 rx=0 tx=0).handle_hello peer v2:172.21.15.84:3300/0 says I am v2:172.21.15.84:36844/0 (socket says 172.21.15.84:36844)
2024-02-15T18:17:44.014 INFO:teuthology.orchestra.run.smithi084.stderr:/usr/bin/ceph:
2024-02-15T18:17:44.010+0000 7fc4a6ffd700 1 -- 172.21.15.84:0/3082039281 learned_addr learned my addr 172.21.15.84:0/3082039281 (peer_addr_for_me v2:172.21.15.84:0/0)
2024-02-15T18:17:44.014 INFO:teuthology.orchestra.run.smithi084.stderr:/usr/bin/ceph:
2024-02-15T18:17:44.011+0000 7fc4a6ffd700 1 -- 172.21.15.84:0/3082039281 --> [v2:172.21.15.84:3300/0,v1:172.21.15.84:6789/0] -- mon_subscribe({config=0+,monmap=0+}) v3 -- 0x7fc49c00b200 con 0x7fc4a80703c0
2024-02-15T18:17:44.014 INFO:teuthology.orchestra.run.smithi084.stderr:/usr/bin/ceph:
2024-02-15T18:17:44.011+0000 7fc4a6ffd700 1 --2- 172.21.15.84:0/3082039281 >> [v2:172.21.15.84:3300/0,v1:172.21.15.84:6789/0] conn(0x7fc4a80703c0 0x7fc4a810ab20 secure :-1 s=READY pgs=17 cs=0 l=1 rev1=1 rx=0x7fc49c006800 tx=0x7fc49c006ee0).ready entity=mon.0 client_cookie=0 server_cookie=0 in_seq=0 out_seq=0
2024-02-15T18:17:44.014 INFO:teuthology.orchestra.run.smithi084.stderr:/usr/bin/ceph:
2024-02-15T18:17:44.011+0000 7fc48f7fe700 1 -- 172.21.15.84:0/3082039281 <== mon.0 v2:172.21.15.84:3300/0 1 ==== mon_map magic: 0 v1 ==== 229+0+0 (secure 0 0 0) 0x7fc49c01b570 con 0x7fc4a80703c0
2024-02-15T18:17:44.014 INFO:teuthology.orchestra.run.smithi084.stderr:/usr/bin/ceph:
2024-02-15T18:17:44.011+0000 7fc4ad8fe700 1 -- 172.21.15.84:0/3082039281 --> [v2:172.21.15.84:3300/0,v1:172.21.15.84:6789/0] -- mon_subscribe({mgrmap=0+}) v3 -- 0x7fc4a810b210 con 0x7fc4a80703c0
2024-02-15T18:17:44.014 INFO:teuthology.orchestra.run.smithi084.stderr:/usr/bin/ceph:
2024-02-15T18:17:44.011+0000 7fc48f7fe700 1 -- 172.21.15.84:0/3082039281 <== mon.0 v2:172.21.15.84:3300/0 2 ==== config(26 keys) v1 ==== 1045+0+0 (secure 0 0 0) 0x7fc49c01bb60 con 0x7fc4a80703c0
2024-02-15T18:17:44.014 INFO:teuthology.orchestra.run.smithi084.stderr:/usr/bin/ceph:
2024-02-15T18:17:44.011+0000 7fc48f7fe700 1 -- 172.21.15.84:0/3082039281 <== mon.0 v2:172.21.15.84:3300/0 3 ==== mon_map magic: 0 v1 ==== 229+0+0 (secure 0 0 0) 0x7fc49c01a9f0 con 0x7fc4a80703c0
2024-02-15T18:17:44.014 INFO:teuthology.orchestra.run.smithi084.stderr:/usr/bin/ceph:
2024-02-15T18:17:44.011+0000 7fc4ad8fe700 1 -- 172.21.15.84:0/3082039281 --> [v2:172.21.15.84:3300/0,v1:172.21.15.84:6789/0] -- mon_subscribe({osdmap=0}) v3 -- 0x7fc4a810b6a0 con 0x7fc4a80703c0
2024-02-15T18:17:44.014 INFO:teuthology.orchestra.run.smithi084.stderr:/usr/bin/ceph:
2024-02-15T18:17:44.012+0000 7fc4ad8fe700 1 -- 172.21.15.84:0/3082039281 --> [v2:172.21.15.84:3300/0,v1:172.21.15.84:6789/0] -- mon_command({"prefix": "get_command_descriptions"} v 0) v1 -- 0x7fc4a8045ad0 con 0x7fc4a80703c0
2024-02-15T18:17:44.014 INFO:teuthology.orchestra.run.smithi084.stderr:/usr/bin/ceph:
2024-02-15T18:17:44.012+0000 7fc48f7fe700 1 -- 172.21.15.84:0/3082039281 <== mon.0 v2:172.21.15.84:3300/0 4 ==== mgrmap(e 4) v1 ==== 36109+0+0 (secure 0 0 0) 0x7fc49c00f070 con 0x7fc4a80703c0
2024-02-15T18:17:44.014 INFO:teuthology.orchestra.run.smithi084.stderr:/usr/bin/ceph:
2024-02-15T18:17:44.012+0000 7fc48f7fe700 1 --2- 172.21.15.84:0/3082039281 >> [v2:172.21.15.84:6800/2060840097,v1:172.21.15.84:6801/2060840097] conn(0x7fc49402fdc0 0x7fc494032280 unknown :-1 s=NONE pgs=0 cs=0 l=1 rev1=0 rx=0 tx=0).connect
2024-02-15T18:17:44.014 INFO:teuthology.orchestra.run.smithi084.stderr:/usr/bin/ceph:
2024-02-15T18:17:44.012+0000 7fc48f7fe700 1 -- 172.21.15.84:0/3082039281 <== mon.0 v2:172.21.15.84:3300/0 5 ==== osd_map(1..1 src has 1..1) v4 ==== 754+0+0 (secure 0 0 0) 0x7fc49c041400 con 0x7fc4a80703c0
2024-02-15T18:17:44.015 INFO:teuthology.orchestra.run.smithi084.stderr:/usr/bin/ceph:
2024-02-15T18:17:44.012+0000 7fc4a67fc700 1 --2- 172.21.15.84:0/3082039281 >> [v2:172.21.15.84:6800/2060840097,v1:172.21.15.84:6801/2060840097] conn(0x7fc49402fdc0 0x7fc494032280 unknown :-1 s=BANNER_CONNECTING pgs=0 cs=0 l=1 rev1=0 rx=0 tx=0)._handle_peer_banner_payload supported=1 required=0
2024-02-15T18:17:44.015 INFO:teuthology.orchestra.run.smithi084.stderr:/usr/bin/ceph:
2024-02-15T18:17:44.013+0000 7fc4a67fc700 1 --2- 172.21.15.84:0/3082039281 >> [v2:172.21.15.84:6800/2060840097,v1:172.21.15.84:6801/2060840097] conn(0x7fc49402fdc0 0x7fc494032280 secure :-1 s=READY pgs=6 cs=0 l=1 rev1=1 rx=0x7fc4980096a0 tx=0x7fc498006b40).ready entity=mgr.14100 client_cookie=0 server_cookie=0 in_seq=0 out_seq=0
2024-02-15T18:17:44.016 INFO:teuthology.orchestra.run.smithi084.stderr:/usr/bin/ceph:
2024-02-15T18:17:44.017+0000 7fc48f7fe700 1 -- 172.21.15.84:0/3082039281 <== mon.0 v2:172.21.15.84:3300/0 6 ==== mon_command_ack([{"prefix": "get_command_descriptions"}]=0 v0) v1 ==== 72+0+152212 (secure 0 0 0) 0x7fc49c019cd0 con 0x7fc4a80703c0
2024-02-15T18:17:44.199 INFO:teuthology.orchestra.run.smithi084.stderr:/usr/bin/ceph:
2024-02-15T18:17:44.199+0000 7fc4ad8fe700 1 -- 172.21.15.84:0/3082039281 --> [v2:172.21.15.84:3300/0,v1:172.21.15.84:6789/0] -- mon_command({"prefix": "mgr module enable", "module": "cephadm"} v 0) v1 -- 0x7fc4a80ffe70 con 0x7fc4a80703c0
2024-02-15T18:17:44.404 INFO:teuthology.orchestra.run.smithi084.stderr:/usr/bin/ceph:
2024-02-15T18:17:44.404+0000 7fc48f7fe700 1 -- 172.21.15.84:0/3082039281 <== mon.0 v2:172.21.15.84:3300/0 7 ==== mgrmap(e 5) v1 ==== 36120+0+0 (secure 0 0 0) 0x7fc49c01ab50 con 0x7fc4a80703c0
2024-02-15T18:17:44.405 INFO:teuthology.orchestra.run.smithi084.stderr:/usr/bin/ceph:
2024-02-15T18:17:44.405+0000 7fc48f7fe700 1 -- 172.21.15.84:0/3082039281 <== mon.0 v2:172.21.15.84:3300/0 8 ==== mon_command_ack([{"prefix": "mgr module enable", "module": "cephadm"}]=0 v5) v1 ==== 86+0+0 (secure 0 0 0) 0x7fc49c024bb0 con 0x7fc4a80703c0
2024-02-15T18:17:44.408 INFO:teuthology.orchestra.run.smithi084.stderr:/usr/bin/ceph:
2024-02-15T18:17:44.407+0000 7fc4ad8fe700 1 -- 172.21.15.84:0/3082039281 >> [v2:172.21.15.84:6800/2060840097,v1:172.21.15.84:6801/2060840097] conn(0x7fc49402fdc0 msgr2=0x7fc494032280 secure :-1 s=STATE_CONNECTION_ESTABLISHED l=1).mark_down
2024-02-15T18:17:44.408 INFO:teuthology.orchestra.run.smithi084.stderr:/usr/bin/ceph:
2024-02-15T18:17:44.407+0000 7fc4ad8fe700 1 --2- 172.21.15.84:0/3082039281 >> [v2:172.21.15.84:6800/2060840097,v1:172.21.15.84:6801/2060840097] conn(0x7fc49402fdc0 0x7fc494032280 secure :-1 s=READY pgs=6 cs=0 l=1 rev1=1 rx=0x7fc4980096a0 tx=0x7fc498006b40).stop
2024-02-15T18:17:44.408 INFO:teuthology.orchestra.run.smithi084.stderr:/usr/bin/ceph:
2024-02-15T18:17:44.407+0000 7fc4ad8fe700 1 -- 172.21.15.84:0/3082039281 >> [v2:172.21.15.84:3300/0,v1:172.21.15.84:6789/0] conn(0x7fc4a80703c0 msgr2=0x7fc4a810ab20 secure :-1 s=STATE_CONNECTION_ESTABLISHED l=1).mark_down
2024-02-15T18:17:44.408 INFO:teuthology.orchestra.run.smithi084.stderr:/usr/bin/ceph:
2024-02-15T18:17:44.407+0000 7fc4ad8fe700 1 --2- 172.21.15.84:0/3082039281 >> [v2:172.21.15.84:3300/0,v1:172.21.15.84:6789/0] conn(0x7fc4a80703c0 0x7fc4a810ab20 secure :-1 s=READY pgs=17 cs=0 l=1 rev1=1 rx=0x7fc49c006800 tx=0x7fc49c006ee0).stop
2024-02-15T18:17:44.408 INFO:teuthology.orchestra.run.smithi084.stderr:/usr/bin/ceph:
2024-02-15T18:17:44.407+0000 7fc4ad8fe700 1 -- 172.21.15.84:0/3082039281 shutdown_connections
2024-02-15T18:17:44.408 INFO:teuthology.orchestra.run.smithi084.stderr:/usr/bin/ceph:
2024-02-15T18:17:44.407+0000 7fc4ad8fe700 1 --2- 172.21.15.84:0/3082039281 >> [v2:172.21.15.84:6800/2060840097,v1:172.21.15.84:6801/2060840097] conn(0x7fc49402fdc0 0x7fc494032280 unknown :-1 s=CLOSED pgs=6 cs=0 l=1 rev1=1 rx=0 tx=0).stop
2024-02-15T18:17:44.408 INFO:teuthology.orchestra.run.smithi084.stderr:/usr/bin/ceph:
2024-02-15T18:17:44.407+0000 7fc4ad8fe700 1 --2- 172.21.15.84:0/3082039281 >> [v2:172.21.15.84:3300/0,v1:172.21.15.84:6789/0] conn(0x7fc4a80703c0 0x7fc4a810ab20 unknown :-1 s=CLOSED pgs=17 cs=0 l=1 rev1=1 rx=0 tx=0).stop
2024-02-15T18:17:44.408 INFO:teuthology.orchestra.run.smithi084.stderr:/usr/bin/ceph:
2024-02-15T18:17:44.407+0000 7fc4ad8fe700 1 -- 172.21.15.84:0/3082039281 >> 172.21.15.84:0/3082039281 conn(0x7fc4a80f6560 msgr2=0x7fc4a80f7f20 unknown :-1 s=STATE_NONE l=0).mark_down
2024-02-15T18:17:44.408 INFO:teuthology.orchestra.run.smithi084.stderr:/usr/bin/ceph:
2024-02-15T18:17:44.407+0000 7fc4ad8fe700 1 -- 172.21.15.84:0/3082039281 shutdown_connections
2024-02-15T18:17:44.408 INFO:teuthology.orchestra.run.smithi084.stderr:/usr/bin/ceph:
2024-02-15T18:17:44.407+0000 7fc4ad8fe700 1 -- 172.21.15.84:0/3082039281 wait complete.
2024-02-15T18:17:44.763 INFO:journalctl@ceph.mon.smithi084.smithi084.stdout:Feb 15 18:17:44 smithi084 ceph-631a4cdc-cc2e-11ee-95ba-87774f69a715-mon.smithi084[38210]: audit
2024-02-15T18:17:44.200255+0000 mon.smithi084 (mon.0) 25 : audit [INF] from='client.? 172.21.15.84:0/3082039281' entity='client.admin' cmd=[{"prefix": "mgr module enable", "module": "cephadm"}]: dispatch
2024-02-15T18:17:45.032 INFO:teuthology.orchestra.run.smithi084.stderr:Running command: /bin/podman run --rm --ipc=host --no-hosts --net=host --entrypoint /usr/bin/ceph --init -e CONTAINER_IMAGE=docker.io/ceph/ceph:v16.2.4 -e NODE_NAME=smithi084 -e CEPH_USE_RANDOM_NONCE=1 -v /var/log/ceph/631a4cdc-cc2e-11ee-95ba-87774f69a715:/var/log/ceph:z -v /tmp/ceph-tmpzhadl5ft:/etc/ceph/ceph.client.admin.keyring:z -v /tmp/ceph-tmp1x8_3229:/etc/ceph/ceph.conf:z docker.io/ceph/ceph:v16.2.4 mgr stat
2024-02-15T18:17:45.579 INFO:teuthology.orchestra.run.smithi084.stderr:/usr/bin/ceph:
2024-02-15T18:17:45.578+0000 7fd3863ec700 1 Processor -- start
2024-02-15T18:17:45.580 INFO:teuthology.orchestra.run.smithi084.stderr:/usr/bin/ceph:
2024-02-15T18:17:45.578+0000 7fd3863ec700 1 -- start start
2024-02-15T18:17:45.580 INFO:teuthology.orchestra.run.smithi084.stderr:/usr/bin/ceph:
2024-02-15T18:17:45.578+0000 7fd3863ec700 1 --2- >> [v2:172.21.15.84:3300/0,v1:172.21.15.84:6789/0] conn(0x7fd3800fab30 0x7fd3800faf50 unknown :-1 s=NONE pgs=0 cs=0 l=0 rev1=0 rx=0 tx=0).connect
2024-02-15T18:17:45.580 INFO:teuthology.orchestra.run.smithi084.stderr:/usr/bin/ceph:
2024-02-15T18:17:45.578+0000 7fd3863ec700 1 -- --> [v2:172.21.15.84:3300/0,v1:172.21.15.84:6789/0] -- mon_getmap magic: 0 v1 -- 0x7fd3800fb440 con 0x7fd3800fab30
2024-02-15T18:17:45.580 INFO:teuthology.orchestra.run.smithi084.stderr:/usr/bin/ceph:
2024-02-15T18:17:45.578+0000 7fd3853ea700 1 --2- >> [v2:172.21.15.84:3300/0,v1:172.21.15.84:6789/0] conn(0x7fd3800fab30 0x7fd3800faf50 unknown :-1 s=BANNER_CONNECTING pgs=0 cs=0 l=0 rev1=0 rx=0 tx=0)._handle_peer_banner_payload supported=1 required=0
2024-02-15T18:17:45.580 INFO:teuthology.orchestra.run.smithi084.stderr:/usr/bin/ceph:
2024-02-15T18:17:45.578+0000 7fd3853ea700 1 --2- >> [v2:172.21.15.84:3300/0,v1:172.21.15.84:6789/0] conn(0x7fd3800fab30 0x7fd3800faf50 unknown :-1 s=HELLO_CONNECTING pgs=0 cs=0 l=0 rev1=1 rx=0 tx=0).handle_hello peer v2:172.21.15.84:3300/0 says I am v2:172.21.15.84:36868/0 (socket says 172.21.15.84:36868)
2024-02-15T18:17:45.580 INFO:teuthology.orchestra.run.smithi084.stderr:/usr/bin/ceph:
2024-02-15T18:17:45.578+0000 7fd3853ea700 1 -- 172.21.15.84:0/4173373968 learned_addr learned my addr 172.21.15.84:0/4173373968 (peer_addr_for_me v2:172.21.15.84:0/0)
2024-02-15T18:17:45.580 INFO:teuthology.orchestra.run.smithi084.stderr:/usr/bin/ceph:
2024-02-15T18:17:45.579+0000 7fd3853ea700 1 -- 172.21.15.84:0/4173373968 --> [v2:172.21.15.84:3300/0,v1:172.21.15.84:6789/0] -- mon_subscribe({config=0+,monmap=0+}) v3 -- 0x7fd3800fb580 con 0x7fd3800fab30
2024-02-15T18:17:45.580 INFO:teuthology.orchestra.run.smithi084.stderr:/usr/bin/ceph:
2024-02-15T18:17:45.579+0000 7fd3853ea700 1 --2- 172.21.15.84:0/4173373968 >> [v2:172.21.15.84:3300/0,v1:172.21.15.84:6789/0] conn(0x7fd3800fab30 0x7fd3800faf50 secure :-1 s=READY pgs=20 cs=0 l=1 rev1=1 rx=0x7fd37c00b5f0 tx=0x7fd37c006ee0).ready entity=mon.0 client_cookie=30686a4b6c95dce server_cookie=0 in_seq=0 out_seq=0
2024-02-15T18:17:45.580 INFO:teuthology.orchestra.run.smithi084.stderr:/usr/bin/ceph:
2024-02-15T18:17:45.579+0000 7fd36ffff700 1 -- 172.21.15.84:0/4173373968 <== mon.0 v2:172.21.15.84:3300/0 1 ==== mon_map magic: 0 v1 ==== 229+0+0 (secure 0 0 0) 0x7fd37c00d600 con 0x7fd3800fab30
2024-02-15T18:17:45.581 INFO:teuthology.orchestra.run.smithi084.stderr:/usr/bin/ceph:
2024-02-15T18:17:45.579+0000 7fd36ffff700 1 -- 172.21.15.84:0/4173373968 <== mon.0 v2:172.21.15.84:3300/0 2 ==== config(26 keys) v1 ==== 1045+0+0 (secure 0 0 0) 0x7fd37c00dbf0 con 0x7fd3800fab30
2024-02-15T18:17:45.581 INFO:teuthology.orchestra.run.smithi084.stderr:/usr/bin/ceph:
2024-02-15T18:17:45.579+0000 7fd36ffff700 1 -- 172.21.15.84:0/4173373968 <== mon.0 v2:172.21.15.84:3300/0 3 ==== mon_map magic: 0 v1 ==== 229+0+0 (secure 0 0 0) 0x7fd37c011cb0 con 0x7fd3800fab30
2024-02-15T18:17:45.581 INFO:teuthology.orchestra.run.smithi084.stderr:/usr/bin/ceph:
2024-02-15T18:17:45.580+0000 7fd3863ec700 1 -- 172.21.15.84:0/4173373968 >> [v2:172.21.15.84:3300/0,v1:172.21.15.84:6789/0] conn(0x7fd3800fab30 msgr2=0x7fd3800faf50 secure :-1 s=STATE_CONNECTION_ESTABLISHED l=1).mark_down
2024-02-15T18:17:45.581 INFO:teuthology.orchestra.run.smithi084.stderr:/usr/bin/ceph:
2024-02-15T18:17:45.580+0000 7fd3863ec700 1 --2- 172.21.15.84:0/4173373968 >> [v2:172.21.15.84:3300/0,v1:172.21.15.84:6789/0] conn(0x7fd3800fab30 0x7fd3800faf50 secure :-1 s=READY pgs=20 cs=0 l=1 rev1=1 rx=0x7fd37c00b5f0 tx=0x7fd37c006ee0).stop
2024-02-15T18:17:45.584 INFO:teuthology.orchestra.run.smithi084.stderr:/usr/bin/ceph:
2024-02-15T18:17:45.580+0000 7fd3863ec700 1 -- 172.21.15.84:0/4173373968 shutdown_connections
2024-02-15T18:17:45.584 INFO:teuthology.orchestra.run.smithi084.stderr:/usr/bin/ceph:
2024-02-15T18:17:45.580+0000 7fd3863ec700 1 --2- 172.21.15.84:0/4173373968 >> [v2:172.21.15.84:3300/0,v1:172.21.15.84:6789/0] conn(0x7fd3800fab30 0x7fd3800faf50 unknown :-1 s=CLOSED pgs=20 cs=0 l=1 rev1=1 rx=0 tx=0).stop
2024-02-15T18:17:45.584 INFO:teuthology.orchestra.run.smithi084.stderr:/usr/bin/ceph:
2024-02-15T18:17:45.580+0000 7fd3863ec700 1 -- 172.21.15.84:0/4173373968 >> 172.21.15.84:0/4173373968 conn(0x7fd3800f6390 msgr2=0x7fd3800f87b0 unknown :-1 s=STATE_NONE l=0).mark_down
2024-02-15T18:17:45.584 INFO:teuthology.orchestra.run.smithi084.stderr:/usr/bin/ceph:
2024-02-15T18:17:45.580+0000 7fd3863ec700 1 -- 172.21.15.84:0/4173373968 shutdown_connections
2024-02-15T18:17:45.584 INFO:teuthology.orchestra.run.smithi084.stderr:/usr/bin/ceph:
2024-02-15T18:17:45.580+0000 7fd3863ec700 1 -- 172.21.15.84:0/4173373968 wait complete.
2024-02-15T18:17:45.584 INFO:teuthology.orchestra.run.smithi084.stderr:/usr/bin/ceph:
2024-02-15T18:17:45.580+0000 7fd3863ec700 1 Processor -- start
2024-02-15T18:17:45.584 INFO:teuthology.orchestra.run.smithi084.stderr:/usr/bin/ceph:
2024-02-15T18:17:45.580+0000 7fd3863ec700 1 -- start start
2024-02-15T18:17:45.584 INFO:teuthology.orchestra.run.smithi084.stderr:/usr/bin/ceph:
2024-02-15T18:17:45.581+0000 7fd3863ec700 1 --2- >> [v2:172.21.15.84:3300/0,v1:172.21.15.84:6789/0] conn(0x7fd3800fab30 0x7fd38010d690 unknown :-1 s=NONE pgs=0 cs=0 l=1 rev1=0 rx=0 tx=0).connect
2024-02-15T18:17:45.585 INFO:teuthology.orchestra.run.smithi084.stderr:/usr/bin/ceph:
2024-02-15T18:17:45.581+0000 7fd3863ec700 1 -- --> [v2:172.21.15.84:3300/0,v1:172.21.15.84:6789/0] -- mon_getmap magic: 0 v1 -- 0x7fd380070450 con 0x7fd3800fab30
2024-02-15T18:17:45.585 INFO:teuthology.orchestra.run.smithi084.stderr:/usr/bin/ceph:
2024-02-15T18:17:45.581+0000 7fd3853ea700 1 --2- >> [v2:172.21.15.84:3300/0,v1:172.21.15.84:6789/0] conn(0x7fd3800fab30 0x7fd38010d690 unknown :-1 s=BANNER_CONNECTING pgs=0 cs=0 l=1 rev1=0 rx=0 tx=0)._handle_peer_banner_payload supported=1 required=0
2024-02-15T18:17:45.585 INFO:teuthology.orchestra.run.smithi084.stderr:/usr/bin/ceph:
2024-02-15T18:17:45.581+0000 7fd3853ea700 1 --2- >> [v2:172.21.15.84:3300/0,v1:172.21.15.84:6789/0] conn(0x7fd3800fab30 0x7fd38010d690 unknown :-1 s=HELLO_CONNECTING pgs=0 cs=0 l=1 rev1=1 rx=0 tx=0).handle_hello peer v2:172.21.15.84:3300/0 says I am v2:172.21.15.84:36880/0 (socket says 172.21.15.84:36880)
2024-02-15T18:17:45.585 INFO:teuthology.orchestra.run.smithi084.stderr:/usr/bin/ceph:
2024-02-15T18:17:45.581+0000 7fd3853ea700 1 -- 172.21.15.84:0/3572855367 learned_addr learned my addr 172.21.15.84:0/3572855367 (peer_addr_for_me v2:172.21.15.84:0/0)
2024-02-15T18:17:45.585 INFO:teuthology.orchestra.run.smithi084.stderr:/usr/bin/ceph:
2024-02-15T18:17:45.581+0000 7fd3853ea700 1 -- 172.21.15.84:0/3572855367 --> [v2:172.21.15.84:3300/0,v1:172.21.15.84:6789/0] -- mon_subscribe({config=0+,monmap=0+}) v3 -- 0x7fd37c00b200 con 0x7fd3800fab30
2024-02-15T18:17:45.585 INFO:teuthology.orchestra.run.smithi084.stderr:/usr/bin/ceph:
2024-02-15T18:17:45.581+0000 7fd3853ea700 1 --2- 172.21.15.84:0/3572855367 >> [v2:172.21.15.84:3300/0,v1:172.21.15.84:6789/0] conn(0x7fd3800fab30 0x7fd38010d690 secure :-1 s=READY pgs=21 cs=0 l=1 rev1=1 rx=0x7fd37c011ea0 tx=0x7fd37c006ee0).ready entity=mon.0 client_cookie=0 server_cookie=0 in_seq=0 out_seq=0
2024-02-15T18:17:45.585 INFO:teuthology.orchestra.run.smithi084.stderr:/usr/bin/ceph:
2024-02-15T18:17:45.581+0000 7fd36dffb700 1 -- 172.21.15.84:0/3572855367 <== mon.0 v2:172.21.15.84:3300/0 1 ==== mon_map magic: 0 v1 ==== 229+0+0 (secure 0 0 0) 0x7fd37c01b570 con 0x7fd3800fab30
2024-02-15T18:17:45.585 INFO:teuthology.orchestra.run.smithi084.stderr:/usr/bin/ceph:
2024-02-15T18:17:45.581+0000 7fd3863ec700 1 -- 172.21.15.84:0/3572855367 --> [v2:172.21.15.84:3300/0,v1:172.21.15.84:6789/0] -- mon_subscribe({mgrmap=0+}) v3 -- 0x7fd380070650 con 0x7fd3800fab30
2024-02-15T18:17:45.585 INFO:teuthology.orchestra.run.smithi084.stderr:/usr/bin/ceph:
2024-02-15T18:17:45.581+0000 7fd36dffb700 1 -- 172.21.15.84:0/3572855367 <== mon.0 v2:172.21.15.84:3300/0 2 ==== config(26 keys) v1 ==== 1045+0+0 (secure 0 0 0) 0x7fd37c01bb60 con 0x7fd3800fab30
2024-02-15T18:17:45.585 INFO:teuthology.orchestra.run.smithi084.stderr:/usr/bin/ceph:
2024-02-15T18:17:45.581+0000 7fd36dffb700 1 -- 172.21.15.84:0/3572855367 <== mon.0 v2:172.21.15.84:3300/0 3 ==== mon_map magic: 0 v1 ==== 229+0+0 (secure 0 0 0) 0x7fd37c01a8d0 con 0x7fd3800fab30
2024-02-15T18:17:45.585 INFO:teuthology.orchestra.run.smithi084.stderr:/usr/bin/ceph:
2024-02-15T18:17:45.582+0000 7fd3863ec700 1 -- 172.21.15.84:0/3572855367 --> [v2:172.21.15.84:3300/0,v1:172.21.15.84:6789/0] -- mon_subscribe({osdmap=0}) v3 -- 0x7fd38010dd40 con 0x7fd3800fab30
2024-02-15T18:17:45.585 INFO:teuthology.orchestra.run.smithi084.stderr:/usr/bin/ceph:
2024-02-15T18:17:45.582+0000 7fd3863ec700 1 -- 172.21.15.84:0/3572855367 --> [v2:172.21.15.84:3300/0,v1:172.21.15.84:6789/0] -- mon_command({"prefix": "get_command_descriptions"} v 0) v1 -- 0x7fd380045ad0 con 0x7fd3800fab30
2024-02-15T18:17:45.586 INFO:teuthology.orchestra.run.smithi084.stderr:/usr/bin/ceph:
2024-02-15T18:17:45.583+0000 7fd36dffb700 1 -- 172.21.15.84:0/3572855367 <== mon.0 v2:172.21.15.84:3300/0 4 ==== mgrmap(e 5) v1 ==== 36120+0+0 (secure 0 0 0) 0x7fd37c00f070 con 0x7fd3800fab30
2024-02-15T18:17:45.586 INFO:teuthology.orchestra.run.smithi084.stderr:/usr/bin/ceph:
2024-02-15T18:17:45.583+0000 7fd36dffb700 1 --2- 172.21.15.84:0/3572855367 >> [v2:172.21.15.84:6800/2060840097,v1:172.21.15.84:6801/2060840097] conn(0x7fd36802fe10 0x7fd3680322d0 unknown :-1 s=NONE pgs=0 cs=0 l=1 rev1=0 rx=0 tx=0).connect
2024-02-15T18:17:45.586 INFO:teuthology.orchestra.run.smithi084.stderr:/usr/bin/ceph:
2024-02-15T18:17:45.583+0000 7fd36dffb700 1 -- 172.21.15.84:0/3572855367 <== mon.0 v2:172.21.15.84:3300/0 5 ==== osd_map(1..1 src has 1..1) v4 ==== 754+0+0 (secure 0 0 0) 0x7fd37c041460 con 0x7fd3800fab30
2024-02-15T18:17:45.586 INFO:teuthology.orchestra.run.smithi084.stderr:/usr/bin/ceph:
2024-02-15T18:17:45.583+0000 7fd384be9700 1 -- 172.21.15.84:0/3572855367 >> [v2:172.21.15.84:6800/2060840097,v1:172.21.15.84:6801/2060840097] conn(0x7fd36802fe10 msgr2=0x7fd3680322d0 unknown :-1 s=STATE_CONNECTING_RE l=1).process reconnect failed to v2:172.21.15.84:6800/2060840097
2024-02-15T18:17:45.586 INFO:teuthology.orchestra.run.smithi084.stderr:/usr/bin/ceph:
2024-02-15T18:17:45.583+0000 7fd384be9700 1 --2- 172.21.15.84:0/3572855367 >> [v2:172.21.15.84:6800/2060840097,v1:172.21.15.84:6801/2060840097] conn(0x7fd36802fe10 0x7fd3680322d0 unknown :-1 s=START_CONNECT pgs=0 cs=0 l=1 rev1=0 rx=0 tx=0)._fault waiting 0.200000
2024-02-15T18:17:45.587 INFO:teuthology.orchestra.run.smithi084.stderr:/usr/bin/ceph:
2024-02-15T18:17:45.587+0000 7fd36dffb700 1 -- 172.21.15.84:0/3572855367 <== mon.0 v2:172.21.15.84:3300/0 6 ==== mon_command_ack([{"prefix": "get_command_descriptions"}]=0 v0) v1 ==== 72+0+152212 (secure 0 0 0) 0x7fd37c022b70 con 0x7fd3800fab30
2024-02-15T18:17:45.764 INFO:journalctl@ceph.mon.smithi084.smithi084.stdout:Feb 15 18:17:45 smithi084 ceph-631a4cdc-cc2e-11ee-95ba-87774f69a715-mon.smithi084[38210]: audit
2024-02-15T18:17:44.406166+0000 mon.smithi084 (mon.0) 26 : audit [INF] from='client.? 172.21.15.84:0/3082039281' entity='client.admin' cmd='[{"prefix": "mgr module enable", "module": "cephadm"}]': finished
2024-02-15T18:17:45.764 INFO:journalctl@ceph.mon.smithi084.smithi084.stdout:Feb 15 18:17:45 smithi084 ceph-631a4cdc-cc2e-11ee-95ba-87774f69a715-mon.smithi084[38210]: cluster
2024-02-15T18:17:44.406224+0000 mon.smithi084 (mon.0) 27 : cluster [DBG] mgrmap e5: smithi084.hjmnez(active, since 5s)
2024-02-15T18:17:45.784 INFO:teuthology.orchestra.run.smithi084.stderr:/usr/bin/ceph:
2024-02-15T18:17:45.784+0000 7fd384be9700 1 -- 172.21.15.84:0/3572855367 >> [v2:172.21.15.84:6800/2060840097,v1:172.21.15.84:6801/2060840097] conn(0x7fd36802fe10 msgr2=0x7fd3680322d0 unknown :-1 s=STATE_CONNECTING_RE l=1).process reconnect failed to v2:172.21.15.84:6800/2060840097
2024-02-15T18:17:45.784 INFO:teuthology.orchestra.run.smithi084.stderr:/usr/bin/ceph:
2024-02-15T18:17:45.784+0000 7fd384be9700 1 --2- 172.21.15.84:0/3572855367 >> [v2:172.21.15.84:6800/2060840097,v1:172.21.15.84:6801/2060840097] conn(0x7fd36802fe10 0x7fd3680322d0 unknown :-1 s=START_CONNECT pgs=0 cs=0 l=1 rev1=0 rx=0 tx=0)._fault waiting 0.400000
2024-02-15T18:17:45.815 INFO:teuthology.orchestra.run.smithi084.stderr:/usr/bin/ceph:
2024-02-15T18:17:45.815+0000 7fd3863ec700 1 -- 172.21.15.84:0/3572855367 --> [v2:172.21.15.84:3300/0,v1:172.21.15.84:6789/0] -- mon_command({"prefix": "mgr stat"} v 0) v1 -- 0x7fd3800fca10 con 0x7fd3800fab30
2024-02-15T18:17:45.816 INFO:teuthology.orchestra.run.smithi084.stderr:/usr/bin/ceph:
2024-02-15T18:17:45.815+0000 7fd36dffb700 1 -- 172.21.15.84:0/3572855367 <== mon.0 v2:172.21.15.84:3300/0 7 ==== mon_command_ack([{"prefix": "mgr stat"}]=0 v5) v1 ==== 56+0+103 (secure 0 0 0) 0x7fd37c016070 con 0x7fd3800fab30
2024-02-15T18:17:45.816 INFO:teuthology.orchestra.run.smithi084.stderr:/usr/bin/ceph: {
2024-02-15T18:17:45.816 INFO:teuthology.orchestra.run.smithi084.stderr:/usr/bin/ceph: "epoch": 5,
2024-02-15T18:17:45.816 INFO:teuthology.orchestra.run.smithi084.stderr:/usr/bin/ceph: "available": true,
2024-02-15T18:17:45.816 INFO:teuthology.orchestra.run.smithi084.stderr:/usr/bin/ceph: "active_name": "smithi084.hjmnez",
2024-02-15T18:17:45.816 INFO:teuthology.orchestra.run.smithi084.stderr:/usr/bin/ceph: "num_standby": 0
2024-02-15T18:17:45.816 INFO:teuthology.orchestra.run.smithi084.stderr:/usr/bin/ceph: }
2024-02-15T18:17:45.818 INFO:teuthology.orchestra.run.smithi084.stderr:/usr/bin/ceph:
2024-02-15T18:17:45.817+0000 7fd3863ec700 1 -- 172.21.15.84:0/3572855367 >> [v2:172.21.15.84:6800/2060840097,v1:172.21.15.84:6801/2060840097] conn(0x7fd36802fe10 msgr2=0x7fd3680322d0 unknown :-1 s=STATE_CONNECTING l=1).mark_down
2024-02-15T18:17:45.818 INFO:teuthology.orchestra.run.smithi084.stderr:/usr/bin/ceph:
2024-02-15T18:17:45.817+0000 7fd3863ec700 1 --2- 172.21.15.84:0/3572855367 >> [v2:172.21.15.84:6800/2060840097,v1:172.21.15.84:6801/2060840097] conn(0x7fd36802fe10 0x7fd3680322d0 unknown :-1 s=START_CONNECT pgs=0 cs=0 l=1 rev1=0 rx=0 tx=0).stop
2024-02-15T18:17:45.818 INFO:teuthology.orchestra.run.smithi084.stderr:/usr/bin/ceph:
2024-02-15T18:17:45.817+0000 7fd3863ec700 1 -- 172.21.15.84:0/3572855367 >> [v2:172.21.15.84:3300/0,v1:172.21.15.84:6789/0] conn(0x7fd3800fab30 msgr2=0x7fd38010d690 secure :-1 s=STATE_CONNECTION_ESTABLISHED l=1).mark_down
2024-02-15T18:17:45.818 INFO:teuthology.orchestra.run.smithi084.stderr:/usr/bin/ceph:
2024-02-15T18:17:45.817+0000 7fd3863ec700 1 --2- 172.21.15.84:0/3572855367 >> [v2:172.21.15.84:3300/0,v1:172.21.15.84:6789/0] conn(0x7fd3800fab30 0x7fd38010d690 secure :-1 s=READY pgs=21 cs=0 l=1 rev1=1 rx=0x7fd37c011ea0 tx=0x7fd37c006ee0).stop
2024-02-15T18:17:45.818 INFO:teuthology.orchestra.run.smithi084.stderr:/usr/bin/ceph:
2024-02-15T18:17:45.817+0000 7fd3863ec700 1 -- 172.21.15.84:0/3572855367 shutdown_connections
2024-02-15T18:17:45.818 INFO:teuthology.orchestra.run.smithi084.stderr:/usr/bin/ceph:
2024-02-15T18:17:45.817+0000 7fd3863ec700 1 --2- 172.21.15.84:0/3572855367 >> [v2:172.21.15.84:6800/2060840097,v1:172.21.15.84:6801/2060840097] conn(0x7fd36802fe10 0x7fd3680322d0 unknown :-1 s=CLOSED pgs=0 cs=0 l=1 rev1=0 rx=0 tx=0).stop
2024-02-15T18:17:45.818 INFO:teuthology.orchestra.run.smithi084.stderr:/usr/bin/ceph:
2024-02-15T18:17:45.817+0000 7fd3863ec700 1 --2- 172.21.15.84:0/3572855367 >> [v2:172.21.15.84:3300/0,v1:172.21.15.84:6789/0] conn(0x7fd3800fab30 0x7fd38010d690 unknown :-1 s=CLOSED pgs=21 cs=0 l=1 rev1=1 rx=0 tx=0).stop
2024-02-15T18:17:45.819 INFO:teuthology.orchestra.run.smithi084.stderr:/usr/bin/ceph:
2024-02-15T18:17:45.817+0000 7fd3863ec700 1 -- 172.21.15.84:0/3572855367 >> 172.21.15.84:0/3572855367 conn(0x7fd3800f6390 msgr2=0x7fd3800f7d60 unknown :-1 s=STATE_NONE l=0).mark_down
2024-02-15T18:17:45.819 INFO:teuthology.orchestra.run.smithi084.stderr:/usr/bin/ceph:
2024-02-15T18:17:45.817+0000 7fd3863ec700 1 -- 172.21.15.84:0/3572855367 shutdown_connections
2024-02-15T18:17:45.819 INFO:teuthology.orchestra.run.smithi084.stderr:/usr/bin/ceph:
2024-02-15T18:17:45.817+0000 7fd3863ec700 1 -- 172.21.15.84:0/3572855367 wait complete.
2024-02-15T18:17:46.764 INFO:journalctl@ceph.mon.smithi084.smithi084.stdout:Feb 15 18:17:46 smithi084 ceph-631a4cdc-cc2e-11ee-95ba-87774f69a715-mon.smithi084[38210]: audit
2024-02-15T18:17:45.816209+0000 mon.smithi084 (mon.0) 28 : audit [DBG] from='client.? 172.21.15.84:0/3572855367' entity='client.admin' cmd=[{"prefix": "mgr stat"}]: dispatch
2024-02-15T18:17:48.596 INFO:teuthology.orchestra.run.smithi084.stderr:Waiting for the mgr to restart...
2024-02-15T18:17:48.597 INFO:teuthology.orchestra.run.smithi084.stderr:Waiting for mgr epoch 5...
2024-02-15T18:17:48.597 INFO:teuthology.orchestra.run.smithi084.stderr:Running command: /bin/podman run --rm --ipc=host --no-hosts --net=host --entrypoint /usr/bin/ceph --init -e CONTAINER_IMAGE=docker.io/ceph/ceph:v16.2.4 -e NODE_NAME=smithi084 -e CEPH_USE_RANDOM_NONCE=1 -v /var/log/ceph/631a4cdc-cc2e-11ee-95ba-87774f69a715:/var/log/ceph:z -v /tmp/ceph-tmpzhadl5ft:/etc/ceph/ceph.client.admin.keyring:z -v /tmp/ceph-tmp1x8_3229:/etc/ceph/ceph.conf:z docker.io/ceph/ceph:v16.2.4 tell mgr mgr_status
2024-02-15T18:17:50.670 INFO:journalctl@ceph.mon.smithi084.smithi084.stdout:Feb 15 18:17:50 smithi084 ceph-631a4cdc-cc2e-11ee-95ba-87774f69a715-mon.smithi084[38210]: cluster
2024-02-15T18:17:49.286739+0000 mon.smithi084 (mon.0) 29 : cluster [INF] Active manager daemon smithi084.hjmnez restarted
2024-02-15T18:17:50.670 INFO:journalctl@ceph.mon.smithi084.smithi084.stdout:Feb 15 18:17:50 smithi084 ceph-631a4cdc-cc2e-11ee-95ba-87774f69a715-mon.smithi084[38210]: cluster
2024-02-15T18:17:49.332039+0000 mon.smithi084 (mon.0) 30 : cluster [INF] Activating manager daemon smithi084.hjmnez
2024-02-15T18:17:50.670 INFO:journalctl@ceph.mon.smithi084.smithi084.stdout:Feb 15 18:17:50 smithi084 ceph-631a4cdc-cc2e-11ee-95ba-87774f69a715-mon.smithi084[38210]: cluster
2024-02-15T18:17:49.336129+0000 mon.smithi084 (mon.0) 31 : cluster [DBG] osdmap e2: 0 total, 0 up, 0 in
2024-02-15T18:17:50.671 INFO:journalctl@ceph.mon.smithi084.smithi084.stdout:Feb 15 18:17:50 smithi084 ceph-631a4cdc-cc2e-11ee-95ba-87774f69a715-mon.smithi084[38210]: cluster
2024-02-15T18:17:49.385427+0000 mon.smithi084 (mon.0) 32 : cluster [DBG] mgrmap e6: smithi084.hjmnez(active, starting, since 0.0534929s)
2024-02-15T18:17:50.671 INFO:journalctl@ceph.mon.smithi084.smithi084.stdout:Feb 15 18:17:50 smithi084 ceph-631a4cdc-cc2e-11ee-95ba-87774f69a715-mon.smithi084[38210]: audit
2024-02-15T18:17:49.386307+0000 mon.smithi084 (mon.0) 33 : audit [DBG] from='mgr.14114 172.21.15.84:0/3868276788' entity='mgr.smithi084.hjmnez' cmd=[{"prefix": "mon metadata", "id": "smithi084"}]: dispatch
2024-02-15T18:17:50.671 INFO:journalctl@ceph.mon.smithi084.smithi084.stdout:Feb 15 18:17:50 smithi084 ceph-631a4cdc-cc2e-11ee-95ba-87774f69a715-mon.smithi084[38210]: audit
2024-02-15T18:17:49.386914+0000 mon.smithi084 (mon.0) 34 : audit [DBG] from='mgr.14114 172.21.15.84:0/3868276788' entity='mgr.smithi084.hjmnez' cmd=[{"prefix": "mgr metadata", "who": "smithi084.hjmnez", "id": "smithi084.hjmnez"}]: dispatch
2024-02-15T18:17:50.671 INFO:journalctl@ceph.mon.smithi084.smithi084.stdout:Feb 15 18:17:50 smithi084 ceph-631a4cdc-cc2e-11ee-95ba-87774f69a715-mon.smithi084[38210]: audit
2024-02-15T18:17:49.387745+0000 mon.smithi084 (mon.0) 35 : audit [DBG] from='mgr.14114 172.21.15.84:0/3868276788' entity='mgr.smithi084.hjmnez' cmd=[{"prefix": "mds metadata"}]: dispatch
2024-02-15T18:17:50.671 INFO:journalctl@ceph.mon.smithi084.smithi084.stdout:Feb 15 18:17:50 smithi084 ceph-631a4cdc-cc2e-11ee-95ba-87774f69a715-mon.smithi084[38210]: audit
2024-02-15T18:17:49.387948+0000 mon.smithi084 (mon.0) 36 : audit [DBG] from='mgr.14114 172.21.15.84:0/3868276788' entity='mgr.smithi084.hjmnez' cmd=[{"prefix": "osd metadata"}]: dispatch
2024-02-15T18:17:50.671 INFO:journalctl@ceph.mon.smithi084.smithi084.stdout:Feb 15 18:17:50 smithi084 ceph-631a4cdc-cc2e-11ee-95ba-87774f69a715-mon.smithi084[38210]: audit
2024-02-15T18:17:49.388132+0000 mon.smithi084 (mon.0) 37 : audit [DBG] from='mgr.14114 172.21.15.84:0/3868276788' entity='mgr.smithi084.hjmnez' cmd=[{"prefix": "mon metadata"}]: dispatch
2024-02-15T18:17:50.671 INFO:journalctl@ceph.mon.smithi084.smithi084.stdout:Feb 15 18:17:50 smithi084 ceph-631a4cdc-cc2e-11ee-95ba-87774f69a715-mon.smithi084[38210]: cluster
2024-02-15T18:17:49.401179+0000 mon.smithi084 (mon.0) 38 : cluster [INF] Manager daemon smithi084.hjmnez is now available
2024-02-15T18:17:50.671 INFO:journalctl@ceph.mon.smithi084.smithi084.stdout:Feb 15 18:17:50 smithi084 ceph-631a4cdc-cc2e-11ee-95ba-87774f69a715-mon.smithi084[38210]: audit
2024-02-15T18:17:49.414338+0000 mon.smithi084 (mon.0) 39 : audit [INF] from='mgr.14114 172.21.15.84:0/3868276788' entity='mgr.smithi084.hjmnez'
2024-02-15T18:17:50.671 INFO:journalctl@ceph.mon.smithi084.smithi084.stdout:Feb 15 18:17:50 smithi084 ceph-631a4cdc-cc2e-11ee-95ba-87774f69a715-mon.smithi084[38210]: audit
2024-02-15T18:17:49.417009+0000 mon.smithi084 (mon.0) 40 : audit [INF] from='mgr.14114 172.21.15.84:0/3868276788' entity='mgr.smithi084.hjmnez'
2024-02-15T18:17:50.671 INFO:journalctl@ceph.mon.smithi084.smithi084.stdout:Feb 15 18:17:50 smithi084 ceph-631a4cdc-cc2e-11ee-95ba-87774f69a715-mon.smithi084[38210]: audit
2024-02-15T18:17:49.419360+0000 mon.smithi084 (mon.0) 41 : audit [INF] from='mgr.14114 172.21.15.84:0/3868276788' entity='mgr.smithi084.hjmnez'
2024-02-15T18:17:50.671 INFO:journalctl@ceph.mon.smithi084.smithi084.stdout:Feb 15 18:17:50 smithi084 ceph-631a4cdc-cc2e-11ee-95ba-87774f69a715-mon.smithi084[38210]: audit
2024-02-15T18:17:49.506253+0000 mon.smithi084 (mon.0) 42 : audit [INF] from='mgr.14114 172.21.15.84:0/3868276788' entity='mgr.smithi084.hjmnez'
2024-02-15T18:17:50.671 INFO:journalctl@ceph.mon.smithi084.smithi084.stdout:Feb 15 18:17:50 smithi084 ceph-631a4cdc-cc2e-11ee-95ba-87774f69a715-mon.smithi084[38210]: audit
2024-02-15T18:17:49.506937+0000 mon.smithi084 (mon.0) 43 : audit [DBG] from='mgr.14114 172.21.15.84:0/3868276788' entity='mgr.smithi084.hjmnez' cmd=[{"prefix": "config dump", "format": "json"}]: dispatch
2024-02-15T18:17:50.671 INFO:journalctl@ceph.mon.smithi084.smithi084.stdout:Feb 15 18:17:50 smithi084 ceph-631a4cdc-cc2e-11ee-95ba-87774f69a715-mon.smithi084[38210]: audit
2024-02-15T18:17:49.508012+0000 mon.smithi084 (mon.0) 44 : audit [DBG] from='mgr.14114 172.21.15.84:0/3868276788' entity='mgr.smithi084.hjmnez' cmd=[{"prefix": "config dump", "format": "json"}]: dispatch
2024-02-15T18:17:50.672 INFO:journalctl@ceph.mon.smithi084.smithi084.stdout:Feb 15 18:17:50 smithi084 ceph-631a4cdc-cc2e-11ee-95ba-87774f69a715-mon.smithi084[38210]: audit
2024-02-15T18:17:49.509504+0000 mon.smithi084 (mon.0) 45 : audit [DBG] from='mgr.14114 172.21.15.84:0/3868276788' entity='mgr.smithi084.hjmnez' cmd=[{"prefix": "config dump", "format": "json"}]: dispatch
2024-02-15T18:17:50.672 INFO:journalctl@ceph.mon.smithi084.smithi084.stdout:Feb 15 18:17:50 smithi084 ceph-631a4cdc-cc2e-11ee-95ba-87774f69a715-mon.smithi084[38210]: audit
2024-02-15T18:17:49.519908+0000 mon.smithi084 (mon.0) 46 : audit [INF] from='mgr.14114 172.21.15.84:0/3868276788' entity='mgr.smithi084.hjmnez' cmd=[{"prefix":"config rm","who":"mgr","name":"mgr/rbd_support/smithi084.hjmnez/mirror_snapshot_schedule"}]: dispatch
2024-02-15T18:17:50.672 INFO:journalctl@ceph.mon.smithi084.smithi084.stdout:Feb 15 18:17:50 smithi084 ceph-631a4cdc-cc2e-11ee-95ba-87774f69a715-mon.smithi084[38210]: audit
2024-02-15T18:17:49.521073+0000 mon.smithi084 (mon.0) 47 : audit [INF] from='mgr.14114 172.21.15.84:0/3868276788' entity='mgr.smithi084.hjmnez' cmd=[{"prefix":"config rm","who":"mgr","name":"mgr/rbd_support/smithi084.hjmnez/trash_purge_schedule"}]: dispatch
2024-02-15T18:17:51.653 INFO:journalctl@ceph.mon.smithi084.smithi084.stdout:Feb 15 18:17:51 smithi084 ceph-631a4cdc-cc2e-11ee-95ba-87774f69a715-mon.smithi084[38210]: cluster
2024-02-15T18:17:50.387471+0000 mon.smithi084 (mon.0) 48 : cluster [DBG] mgrmap e7: smithi084.hjmnez(active, since 1.05553s)
2024-02-15T18:17:52.273 INFO:teuthology.orchestra.run.smithi084.stderr:/usr/bin/ceph:
2024-02-15T18:17:51.610+0000 7f7b26855700 1 Processor -- start
2024-02-15T18:17:52.273 INFO:teuthology.orchestra.run.smithi084.stderr:/usr/bin/ceph:
2024-02-15T18:17:51.610+0000 7f7b26855700 1 -- start start
2024-02-15T18:17:52.274 INFO:teuthology.orchestra.run.smithi084.stderr:/usr/bin/ceph:
2024-02-15T18:17:51.611+0000 7f7b26855700 1 --2- >> [v2:172.21.15.84:3300/0,v1:172.21.15.84:6789/0] conn(0x7f7b200fad90 0x7f7b200fb1b0 unknown :-1 s=NONE pgs=0 cs=0 l=0 rev1=0 rx=0 tx=0).connect
2024-02-15T18:17:52.274 INFO:teuthology.orchestra.run.smithi084.stderr:/usr/bin/ceph:
2024-02-15T18:17:51.611+0000 7f7b26855700 1 -- --> [v2:172.21.15.84:3300/0,v1:172.21.15.84:6789/0] -- mon_getmap magic: 0 v1 -- 0x7f7b200fb6a0 con 0x7f7b200fad90
2024-02-15T18:17:52.274 INFO:teuthology.orchestra.run.smithi084.stderr:/usr/bin/ceph:
2024-02-15T18:17:51.611+0000 7f7b1ffff700 1 --2- >> [v2:172.21.15.84:3300/0,v1:172.21.15.84:6789/0] conn(0x7f7b200fad90 0x7f7b200fb1b0 unknown :-1 s=BANNER_CONNECTING pgs=0 cs=0 l=0 rev1=0 rx=0 tx=0)._handle_peer_banner_payload supported=1 required=0
2024-02-15T18:17:52.274 INFO:teuthology.orchestra.run.smithi084.stderr:/usr/bin/ceph:
2024-02-15T18:17:51.611+0000 7f7b1ffff700 1 --2- >> [v2:172.21.15.84:3300/0,v1:172.21.15.84:6789/0] conn(0x7f7b200fad90 0x7f7b200fb1b0 unknown :-1 s=HELLO_CONNECTING pgs=0 cs=0 l=0 rev1=1 rx=0 tx=0).handle_hello peer v2:172.21.15.84:3300/0 says I am v2:172.21.15.84:36938/0 (socket says 172.21.15.84:36938)
2024-02-15T18:17:52.274 INFO:teuthology.orchestra.run.smithi084.stderr:/usr/bin/ceph:
2024-02-15T18:17:51.611+0000 7f7b1ffff700 1 -- 172.21.15.84:0/2523634192 learned_addr learned my addr 172.21.15.84:0/2523634192 (peer_addr_for_me v2:172.21.15.84:0/0)
2024-02-15T18:17:52.274 INFO:teuthology.orchestra.run.smithi084.stderr:/usr/bin/ceph:
2024-02-15T18:17:51.611+0000 7f7b1ffff700 1 -- 172.21.15.84:0/2523634192 --> [v2:172.21.15.84:3300/0,v1:172.21.15.84:6789/0] -- mon_subscribe({config=0+,monmap=0+}) v3 -- 0x7f7b200fb7e0 con 0x7f7b200fad90
2024-02-15T18:17:52.274 INFO:teuthology.orchestra.run.smithi084.stderr:/usr/bin/ceph:
2024-02-15T18:17:51.611+0000 7f7b1ffff700 1 --2- 172.21.15.84:0/2523634192 >> [v2:172.21.15.84:3300/0,v1:172.21.15.84:6789/0] conn(0x7f7b200fad90 0x7f7b200fb1b0 secure :-1 s=READY pgs=27 cs=0 l=1 rev1=1 rx=0x7f7b1000b5f0 tx=0x7f7b10006ee0).ready entity=mon.0 client_cookie=13ec58c333be091a server_cookie=0 in_seq=0 out_seq=0
2024-02-15T18:17:52.274 INFO:teuthology.orchestra.run.smithi084.stderr:/usr/bin/ceph:
2024-02-15T18:17:51.611+0000 7f7b1effd700 1 -- 172.21.15.84:0/2523634192 <== mon.0 v2:172.21.15.84:3300/0 1 ==== mon_map magic: 0 v1 ==== 229+0+0 (secure 0 0 0) 0x7f7b1000d600 con 0x7f7b200fad90
2024-02-15T18:17:52.274 INFO:teuthology.orchestra.run.smithi084.stderr:/usr/bin/ceph:
2024-02-15T18:17:51.612+0000 7f7b1effd700 1 -- 172.21.15.84:0/2523634192 <== mon.0 v2:172.21.15.84:3300/0 2 ==== config(26 keys) v1 ==== 1045+0+0 (secure 0 0 0) 0x7f7b1000dbf0 con 0x7f7b200fad90
2024-02-15T18:17:52.274 INFO:teuthology.orchestra.run.smithi084.stderr:/usr/bin/ceph:
2024-02-15T18:17:51.612+0000 7f7b1effd700 1 -- 172.21.15.84:0/2523634192 <== mon.0 v2:172.21.15.84:3300/0 3 ==== mon_map magic: 0 v1 ==== 229+0+0 (secure 0 0 0) 0x7f7b10011cb0 con 0x7f7b200fad90
2024-02-15T18:17:52.274 INFO:teuthology.orchestra.run.smithi084.stderr:/usr/bin/ceph:
2024-02-15T18:17:51.612+0000 7f7b26855700 1 -- 172.21.15.84:0/2523634192 >> [v2:172.21.15.84:3300/0,v1:172.21.15.84:6789/0] conn(0x7f7b200fad90 msgr2=0x7f7b200fb1b0 secure :-1 s=STATE_CONNECTION_ESTABLISHED l=1).mark_down
2024-02-15T18:17:52.274 INFO:teuthology.orchestra.run.smithi084.stderr:/usr/bin/ceph:
2024-02-15T18:17:51.612+0000 7f7b26855700 1 --2- 172.21.15.84:0/2523634192 >> [v2:172.21.15.84:3300/0,v1:172.21.15.84:6789/0] conn(0x7f7b200fad90 0x7f7b200fb1b0 secure :-1 s=READY pgs=27 cs=0 l=1 rev1=1 rx=0x7f7b1000b5f0 tx=0x7f7b10006ee0).stop
2024-02-15T18:17:52.274 INFO:teuthology.orchestra.run.smithi084.stderr:/usr/bin/ceph:
2024-02-15T18:17:51.612+0000 7f7b26855700 1 -- 172.21.15.84:0/2523634192 shutdown_connections
2024-02-15T18:17:52.274 INFO:teuthology.orchestra.run.smithi084.stderr:/usr/bin/ceph:
2024-02-15T18:17:51.612+0000 7f7b26855700 1 --2- 172.21.15.84:0/2523634192 >> [v2:172.21.15.84:3300/0,v1:172.21.15.84:6789/0] conn(0x7f7b200fad90 0x7f7b200fb1b0 unknown :-1 s=CLOSED pgs=27 cs=0 l=1 rev1=1 rx=0 tx=0).stop
2024-02-15T18:17:52.275 INFO:teuthology.orchestra.run.smithi084.stderr:/usr/bin/ceph:
2024-02-15T18:17:51.612+0000 7f7b26855700 1 -- 172.21.15.84:0/2523634192 >> 172.21.15.84:0/2523634192 conn(0x7f7b200f6530 msgr2=0x7f7b200f8950 unknown :-1 s=STATE_NONE l=0).mark_down
2024-02-15T18:17:52.275 INFO:teuthology.orchestra.run.smithi084.stderr:/usr/bin/ceph:
2024-02-15T18:17:51.612+0000 7f7b26855700 1 -- 172.21.15.84:0/2523634192 shutdown_connections
2024-02-15T18:17:52.275 INFO:teuthology.orchestra.run.smithi084.stderr:/usr/bin/ceph:
2024-02-15T18:17:51.612+0000 7f7b26855700 1 -- 172.21.15.84:0/2523634192 wait complete.
2024-02-15T18:17:52.275 INFO:teuthology.orchestra.run.smithi084.stderr:/usr/bin/ceph:
2024-02-15T18:17:51.613+0000 7f7b26855700 1 Processor -- start
2024-02-15T18:17:52.275 INFO:teuthology.orchestra.run.smithi084.stderr:/usr/bin/ceph:
2024-02-15T18:17:51.613+0000 7f7b26855700 1 -- start start
2024-02-15T18:17:52.275 INFO:teuthology.orchestra.run.smithi084.stderr:/usr/bin/ceph:
2024-02-15T18:17:51.613+0000 7f7b26855700 1 --2- >> [v2:172.21.15.84:3300/0,v1:172.21.15.84:6789/0] conn(0x7f7b200fad90 0x7f7b2010d850 unknown :-1 s=NONE pgs=0 cs=0 l=1 rev1=0 rx=0 tx=0).connect
2024-02-15T18:17:52.275 INFO:teuthology.orchestra.run.smithi084.stderr:/usr/bin/ceph:
2024-02-15T18:17:51.613+0000 7f7b26855700 1 -- --> [v2:172.21.15.84:3300/0,v1:172.21.15.84:6789/0] -- mon_getmap magic: 0 v1 -- 0x7f7b20070450 con 0x7f7b200fad90
2024-02-15T18:17:52.275 INFO:teuthology.orchestra.run.smithi084.stderr:/usr/bin/ceph:
2024-02-15T18:17:51.613+0000 7f7b1ffff700 1 --2- >> [v2:172.21.15.84:3300/0,v1:172.21.15.84:6789/0] conn(0x7f7b200fad90 0x7f7b2010d850 unknown :-1 s=BANNER_CONNECTING pgs=0 cs=0 l=1 rev1=0 rx=0 tx=0)._handle_peer_banner_payload supported=1 required=0
2024-02-15T18:17:52.275 INFO:teuthology.orchestra.run.smithi084.stderr:/usr/bin/ceph:
2024-02-15T18:17:51.613+0000 7f7b1ffff700 1 --2- >> [v2:172.21.15.84:3300/0,v1:172.21.15.84:6789/0] conn(0x7f7b200fad90 0x7f7b2010d850 unknown :-1 s=HELLO_CONNECTING pgs=0 cs=0 l=1 rev1=1 rx=0 tx=0).handle_hello peer v2:172.21.15.84:3300/0 says I am v2:172.21.15.84:36942/0 (socket says 172.21.15.84:36942)
2024-02-15T18:17:52.275 INFO:teuthology.orchestra.run.smithi084.stderr:/usr/bin/ceph:
2024-02-15T18:17:51.613+0000 7f7b1ffff700 1 -- 172.21.15.84:0/413410198 learned_addr learned my addr 172.21.15.84:0/413410198 (peer_addr_for_me v2:172.21.15.84:0/0)
2024-02-15T18:17:52.275 INFO:teuthology.orchestra.run.smithi084.stderr:/usr/bin/ceph:
2024-02-15T18:17:51.613+0000 7f7b1ffff700 1 -- 172.21.15.84:0/413410198 --> [v2:172.21.15.84:3300/0,v1:172.21.15.84:6789/0] -- mon_subscribe({config=0+,monmap=0+}) v3 -- 0x7f7b1000b200 con 0x7f7b200fad90
2024-02-15T18:17:52.275 INFO:teuthology.orchestra.run.smithi084.stderr:/usr/bin/ceph:
2024-02-15T18:17:51.613+0000 7f7b1ffff700 1 --2- 172.21.15.84:0/413410198 >> [v2:172.21.15.84:3300/0,v1:172.21.15.84:6789/0] conn(0x7f7b200fad90 0x7f7b2010d850 secure :-1 s=READY pgs=28 cs=0 l=1 rev1=1 rx=0x7f7b10002f40 tx=0x7f7b10006ee0).ready entity=mon.0 client_cookie=0 server_cookie=0 in_seq=0 out_seq=0
2024-02-15T18:17:52.275 INFO:teuthology.orchestra.run.smithi084.stderr:/usr/bin/ceph:
2024-02-15T18:17:51.614+0000 7f7b1cff9700 1 -- 172.21.15.84:0/413410198 <== mon.0 v2:172.21.15.84:3300/0 1 ==== mon_map magic: 0 v1 ==== 229+0+0 (secure 0 0 0) 0x7f7b1001b410 con 0x7f7b200fad90
2024-02-15T18:17:52.275 INFO:teuthology.orchestra.run.smithi084.stderr:/usr/bin/ceph:
2024-02-15T18:17:51.614+0000 7f7b1cff9700 1 -- 172.21.15.84:0/413410198 <== mon.0 v2:172.21.15.84:3300/0 2 ==== config(26 keys) v1 ==== 1045+0+0 (secure 0 0 0) 0x7f7b1001ba00 con 0x7f7b200fad90
2024-02-15T18:17:52.275 INFO:teuthology.orchestra.run.smithi084.stderr:/usr/bin/ceph:
2024-02-15T18:17:51.614+0000 7f7b26855700 1 -- 172.21.15.84:0/413410198 --> [v2:172.21.15.84:3300/0,v1:172.21.15.84:6789/0] -- mon_subscribe({mgrmap=0+}) v3 -- 0x7f7b20070650 con 0x7f7b200fad90
2024-02-15T18:17:52.275 INFO:teuthology.orchestra.run.smithi084.stderr:/usr/bin/ceph:
2024-02-15T18:17:51.614+0000 7f7b1cff9700 1 -- 172.21.15.84:0/413410198 <== mon.0 v2:172.21.15.84:3300/0 3 ==== mon_map magic: 0 v1 ==== 229+0+0 (secure 0 0 0) 0x7f7b1001a900 con 0x7f7b200fad90
2024-02-15T18:17:52.276 INFO:teuthology.orchestra.run.smithi084.stderr:/usr/bin/ceph:
2024-02-15T18:17:51.614+0000 7f7b26855700 1 -- 172.21.15.84:0/413410198 --> [v2:172.21.15.84:3300/0,v1:172.21.15.84:6789/0] -- mon_subscribe({osdmap=0}) v3 -- 0x7f7b2010df00 con 0x7f7b200fad90
2024-02-15T18:17:52.276 INFO:teuthology.orchestra.run.smithi084.stderr:/usr/bin/ceph:
2024-02-15T18:17:51.614+0000 7f7b1cff9700 1 -- 172.21.15.84:0/413410198 <== mon.0 v2:172.21.15.84:3300/0 4 ==== mgrmap(e 8) v1 ==== 36120+0+0 (secure 0 0 0) 0x7f7b1000f070 con 0x7f7b200fad90
2024-02-15T18:17:52.276 INFO:teuthology.orchestra.run.smithi084.stderr:/usr/bin/ceph:
2024-02-15T18:17:51.614+0000 7f7b1cff9700 1 --2- 172.21.15.84:0/413410198 >> [v2:172.21.15.84:6800/519542921,v1:172.21.15.84:6801/519542921] conn(0x7f7b0c02fe70 0x7f7b0c032330 unknown :-1 s=NONE pgs=0 cs=0 l=1 rev1=0 rx=0 tx=0).connect
2024-02-15T18:17:52.276 INFO:teuthology.orchestra.run.smithi084.stderr:/usr/bin/ceph:
2024-02-15T18:17:51.614+0000 7f7b26855700 1 -- 172.21.15.84:0/413410198 --> [v2:172.21.15.84:6800/519542921,v1:172.21.15.84:6801/519542921] -- command(tid 0: {"prefix": "get_command_descriptions"}) v1 -- 0x7f7b20059100 con 0x7f7b0c02fe70
2024-02-15T18:17:52.276 INFO:teuthology.orchestra.run.smithi084.stderr:/usr/bin/ceph:
2024-02-15T18:17:51.615+0000 7f7b1cff9700 1 -- 172.21.15.84:0/413410198 <== mon.0 v2:172.21.15.84:3300/0 5 ==== osd_map(2..2 src has 1..2) v4 ==== 926+0+0 (secure 0 0 0) 0x7f7b10041320 con 0x7f7b200fad90
2024-02-15T18:17:52.276 INFO:teuthology.orchestra.run.smithi084.stderr:/usr/bin/ceph:
2024-02-15T18:17:51.615+0000 7f7b1f7fe700 1 --2- 172.21.15.84:0/413410198 >> [v2:172.21.15.84:6800/519542921,v1:172.21.15.84:6801/519542921] conn(0x7f7b0c02fe70 0x7f7b0c032330 unknown :-1 s=BANNER_CONNECTING pgs=0 cs=0 l=1 rev1=0 rx=0 tx=0)._handle_peer_banner_payload supported=1 required=0
2024-02-15T18:17:52.276 INFO:teuthology.orchestra.run.smithi084.stderr:/usr/bin/ceph:
2024-02-15T18:17:51.615+0000 7f7b1f7fe700 1 --2- 172.21.15.84:0/413410198 >> [v2:172.21.15.84:6800/519542921,v1:172.21.15.84:6801/519542921] conn(0x7f7b0c02fe70 0x7f7b0c032330 secure :-1 s=READY pgs=5 cs=0 l=1 rev1=1 rx=0x7f7b140096a0 tx=0x7f7b14006b40).ready entity=mgr.14114 client_cookie=0 server_cookie=0 in_seq=0 out_seq=0
2024-02-15T18:17:52.276 INFO:teuthology.orchestra.run.smithi084.stderr:/usr/bin/ceph:
2024-02-15T18:17:51.615+0000 7f7b1cff9700 1 -- 172.21.15.84:0/413410198 <== mgr.14114 v2:172.21.15.84:6800/519542921 1 ==== command_reply(tid 0: 0 ) v1 ==== 8+0+6438 (secure 0 0 0) 0x7f7b20059100 con 0x7f7b0c02fe70
2024-02-15T18:17:52.276 INFO:teuthology.orchestra.run.smithi084.stderr:/usr/bin/ceph:
2024-02-15T18:17:51.621+0000 7f7b26855700 1 -- 172.21.15.84:0/413410198 --> [v2:172.21.15.84:6800/519542921,v1:172.21.15.84:6801/519542921] -- command(tid 1: {"prefix": "mgr_status"}) v1 -- 0x7f7b20045ad0 con 0x7f7b0c02fe70
2024-02-15T18:17:52.276 INFO:teuthology.orchestra.run.smithi084.stderr:/usr/bin/ceph:
2024-02-15T18:17:51.621+0000 7f7b1cff9700 1 -- 172.21.15.84:0/413410198 <== mgr.14114 v2:172.21.15.84:6800/519542921 2 ==== command_reply(tid 1: 0 ) v1 ==== 8+0+51 (secure 0 0 0) 0x7f7b20045ad0 con 0x7f7b0c02fe70
2024-02-15T18:17:52.276 INFO:teuthology.orchestra.run.smithi084.stderr:/usr/bin/ceph:
2024-02-15T18:17:51.621+0000 7f7b26855700 1 -- 172.21.15.84:0/413410198 >> [v2:172.21.15.84:6800/519542921,v1:172.21.15.84:6801/519542921] conn(0x7f7b0c02fe70 msgr2=0x7f7b0c032330 secure :-1 s=STATE_CONNECTION_ESTABLISHED l=1).mark_down
2024-02-15T18:17:52.276 INFO:teuthology.orchestra.run.smithi084.stderr:/usr/bin/ceph:
2024-02-15T18:17:51.621+0000 7f7b26855700 1 --2- 172.21.15.84:0/413410198 >> [v2:172.21.15.84:6800/519542921,v1:172.21.15.84:6801/519542921] conn(0x7f7b0c02fe70 0x7f7b0c032330 secure :-1 s=READY pgs=5 cs=0 l=1 rev1=1 rx=0x7f7b140096a0 tx=0x7f7b14006b40).stop
2024-02-15T18:17:52.276 INFO:teuthology.orchestra.run.smithi084.stderr:/usr/bin/ceph:
2024-02-15T18:17:51.621+0000 7f7b26855700 1 -- 172.21.15.84:0/413410198 >> [v2:172.21.15.84:3300/0,v1:172.21.15.84:6789/0] conn(0x7f7b200fad90 msgr2=0x7f7b2010d850 secure :-1 s=STATE_CONNECTION_ESTABLISHED l=1).mark_down
2024-02-15T18:17:52.276 INFO:teuthology.orchestra.run.smithi084.stderr:/usr/bin/ceph:
2024-02-15T18:17:51.621+0000 7f7b26855700 1 --2- 172.21.15.84:0/413410198 >> [v2:172.21.15.84:3300/0,v1:172.21.15.84:6789/0] conn(0x7f7b200fad90 0x7f7b2010d850 secure :-1 s=READY pgs=28 cs=0 l=1 rev1=1 rx=0x7f7b10002f40 tx=0x7f7b10006ee0).stop
2024-02-15T18:17:52.276 INFO:teuthology.orchestra.run.smithi084.stderr:/usr/bin/ceph:
2024-02-15T18:17:51.621+0000 7f7b26855700 1 -- 172.21.15.84:0/413410198 shutdown_connections
2024-02-15T18:17:52.277 INFO:teuthology.orchestra.run.smithi084.stderr:/usr/bin/ceph:
2024-02-15T18:17:51.621+0000 7f7b26855700 1 --2- 172.21.15.84:0/413410198 >> [v2:172.21.15.84:6800/519542921,v1:172.21.15.84:6801/519542921] conn(0x7f7b0c02fe70 0x7f7b0c032330 unknown :-1 s=CLOSED pgs=5 cs=0 l=1 rev1=1 rx=0 tx=0).stop
2024-02-15T18:17:52.277 INFO:teuthology.orchestra.run.smithi084.stderr:/usr/bin/ceph:
2024-02-15T18:17:51.621+0000 7f7b26855700 1 --2- 172.21.15.84:0/413410198 >> [v2:172.21.15.84:3300/0,v1:172.21.15.84:6789/0] conn(0x7f7b200fad90 0x7f7b2010d850 unknown :-1 s=CLOSED pgs=28 cs=0 l=1 rev1=1 rx=0 tx=0).stop
2024-02-15T18:17:52.277 INFO:teuthology.orchestra.run.smithi084.stderr:/usr/bin/ceph:
2024-02-15T18:17:51.621+0000 7f7b26855700 1 -- 172.21.15.84:0/413410198 >> 172.21.15.84:0/413410198 conn(0x7f7b200f6530 msgr2=0x7f7b200f7f70 unknown :-1 s=STATE_NONE l=0).mark_down
2024-02-15T18:17:52.277 INFO:teuthology.orchestra.run.smithi084.stderr:/usr/bin/ceph:
2024-02-15T18:17:51.621+0000 7f7b26855700 1 -- 172.21.15.84:0/413410198 shutdown_connections
2024-02-15T18:17:52.277 INFO:teuthology.orchestra.run.smithi084.stderr:/usr/bin/ceph:
2024-02-15T18:17:51.621+0000 7f7b26855700 1 -- 172.21.15.84:0/413410198 wait complete.
2024-02-15T18:17:52.277 INFO:teuthology.orchestra.run.smithi084.stderr:/usr/bin/ceph: {
2024-02-15T18:17:52.277 INFO:teuthology.orchestra.run.smithi084.stderr:/usr/bin/ceph: "mgrmap_epoch": 8,
2024-02-15T18:17:52.277 INFO:teuthology.orchestra.run.smithi084.stderr:/usr/bin/ceph: "initialized": true
