2024-02-15T18:17:52.277 INFO:teuthology.orchestra.run.smithi084.stderr:/usr/bin/ceph: }
2024-02-15T18:17:52.764 INFO:journalctl@ceph.mon.smithi084.smithi084.stdout:Feb 15 18:17:52 smithi084 ceph-631a4cdc-cc2e-11ee-95ba-87774f69a715-mon.smithi084[38210]: cluster
2024-02-15T18:17:51.390117+0000 mon.smithi084 (mon.0) 49 : cluster [DBG] mgrmap e8: smithi084.hjmnez(active, since 2s)
2024-02-15T18:17:53.764 INFO:journalctl@ceph.mon.smithi084.smithi084.stdout:Feb 15 18:17:53 smithi084 ceph-631a4cdc-cc2e-11ee-95ba-87774f69a715-mon.smithi084[38210]: audit
2024-02-15T18:17:51.616252+0000 mgr.smithi084.hjmnez (mgr.14114) 1 : audit [DBG] from='client.14122 -' entity='client.admin' cmd=[{"prefix": "get_command_descriptions"}]: dispatch
2024-02-15T18:17:53.764 INFO:journalctl@ceph.mon.smithi084.smithi084.stdout:Feb 15 18:17:53 smithi084 ceph-631a4cdc-cc2e-11ee-95ba-87774f69a715-mon.smithi084[38210]: audit
2024-02-15T18:17:51.622042+0000 mgr.smithi084.hjmnez (mgr.14114) 2 : audit [DBG] from='client.14122 -' entity='client.admin' cmd=[{"prefix": "mgr_status"}]: dispatch
2024-02-15T18:17:55.409 INFO:teuthology.orchestra.run.smithi084.stderr:mgr epoch 5 is available
2024-02-15T18:17:55.409 INFO:teuthology.orchestra.run.smithi084.stderr:Setting orchestrator backend to cephadm...
2024-02-15T18:17:55.409 INFO:teuthology.orchestra.run.smithi084.stderr:Running command: /bin/podman run --rm --ipc=host --no-hosts --net=host --entrypoint /usr/bin/ceph --init -e CONTAINER_IMAGE=docker.io/ceph/ceph:v16.2.4 -e NODE_NAME=smithi084 -e CEPH_USE_RANDOM_NONCE=1 -v /var/log/ceph/631a4cdc-cc2e-11ee-95ba-87774f69a715:/var/log/ceph:z -v /tmp/ceph-tmpzhadl5ft:/etc/ceph/ceph.client.admin.keyring:z -v /tmp/ceph-tmp1x8_3229:/etc/ceph/ceph.conf:z docker.io/ceph/ceph:v16.2.4 orch set backend cephadm
2024-02-15T18:17:55.914 INFO:teuthology.orchestra.run.smithi084.stderr:/usr/bin/ceph:
2024-02-15T18:17:55.910+0000 7fcd7458f700 1 Processor -- start
2024-02-15T18:17:55.914 INFO:teuthology.orchestra.run.smithi084.stderr:/usr/bin/ceph:
2024-02-15T18:17:55.910+0000 7fcd7458f700 1 -- start start
2024-02-15T18:17:55.914 INFO:teuthology.orchestra.run.smithi084.stderr:/usr/bin/ceph:
2024-02-15T18:17:55.910+0000 7fcd7458f700 1 --2- >> [v2:172.21.15.84:3300/0,v1:172.21.15.84:6789/0] conn(0x7fcd6c0fad90 0x7fcd6c0fb1b0 unknown :-1 s=NONE pgs=0 cs=0 l=0 rev1=0 rx=0 tx=0).connect
2024-02-15T18:17:55.914 INFO:teuthology.orchestra.run.smithi084.stderr:/usr/bin/ceph:
2024-02-15T18:17:55.910+0000 7fcd7458f700 1 -- --> [v2:172.21.15.84:3300/0,v1:172.21.15.84:6789/0] -- mon_getmap magic: 0 v1 -- 0x7fcd6c0fb6a0 con 0x7fcd6c0fad90
2024-02-15T18:17:55.914 INFO:teuthology.orchestra.run.smithi084.stderr:/usr/bin/ceph:
2024-02-15T18:17:55.910+0000 7fcd7232b700 1 --2- >> [v2:172.21.15.84:3300/0,v1:172.21.15.84:6789/0] conn(0x7fcd6c0fad90 0x7fcd6c0fb1b0 unknown :-1 s=BANNER_CONNECTING pgs=0 cs=0 l=0 rev1=0 rx=0 tx=0)._handle_peer_banner_payload supported=1 required=0
2024-02-15T18:17:55.914 INFO:teuthology.orchestra.run.smithi084.stderr:/usr/bin/ceph:
2024-02-15T18:17:55.910+0000 7fcd7232b700 1 --2- >> [v2:172.21.15.84:3300/0,v1:172.21.15.84:6789/0] conn(0x7fcd6c0fad90 0x7fcd6c0fb1b0 unknown :-1 s=HELLO_CONNECTING pgs=0 cs=0 l=0 rev1=1 rx=0 tx=0).handle_hello peer v2:172.21.15.84:3300/0 says I am v2:172.21.15.84:53586/0 (socket says 172.21.15.84:53586)
2024-02-15T18:17:55.914 INFO:teuthology.orchestra.run.smithi084.stderr:/usr/bin/ceph:
2024-02-15T18:17:55.910+0000 7fcd7232b700 1 -- 172.21.15.84:0/2805124388 learned_addr learned my addr 172.21.15.84:0/2805124388 (peer_addr_for_me v2:172.21.15.84:0/0)
2024-02-15T18:17:55.914 INFO:teuthology.orchestra.run.smithi084.stderr:/usr/bin/ceph:
2024-02-15T18:17:55.911+0000 7fcd7232b700 1 -- 172.21.15.84:0/2805124388 --> [v2:172.21.15.84:3300/0,v1:172.21.15.84:6789/0] -- mon_subscribe({config=0+,monmap=0+}) v3 -- 0x7fcd6c0fb7e0 con 0x7fcd6c0fad90
2024-02-15T18:17:55.914 INFO:teuthology.orchestra.run.smithi084.stderr:/usr/bin/ceph:
2024-02-15T18:17:55.911+0000 7fcd7232b700 1 --2- 172.21.15.84:0/2805124388 >> [v2:172.21.15.84:3300/0,v1:172.21.15.84:6789/0] conn(0x7fcd6c0fad90 0x7fcd6c0fb1b0 secure :-1 s=READY pgs=29 cs=0 l=1 rev1=1 rx=0x7fcd6800b5f0 tx=0x7fcd68006ee0).ready entity=mon.0 client_cookie=6da7e6b81d9a91e9 server_cookie=0 in_seq=0 out_seq=0
2024-02-15T18:17:55.914 INFO:teuthology.orchestra.run.smithi084.stderr:/usr/bin/ceph:
2024-02-15T18:17:55.911+0000 7fcd71329700 1 -- 172.21.15.84:0/2805124388 <== mon.0 v2:172.21.15.84:3300/0 1 ==== mon_map magic: 0 v1 ==== 229+0+0 (secure 0 0 0) 0x7fcd6800d600 con 0x7fcd6c0fad90
2024-02-15T18:17:55.915 INFO:teuthology.orchestra.run.smithi084.stderr:/usr/bin/ceph:
2024-02-15T18:17:55.911+0000 7fcd71329700 1 -- 172.21.15.84:0/2805124388 <== mon.0 v2:172.21.15.84:3300/0 2 ==== config(26 keys) v1 ==== 1045+0+0 (secure 0 0 0) 0x7fcd6800dbf0 con 0x7fcd6c0fad90
2024-02-15T18:17:55.915 INFO:teuthology.orchestra.run.smithi084.stderr:/usr/bin/ceph:
2024-02-15T18:17:55.911+0000 7fcd71329700 1 -- 172.21.15.84:0/2805124388 <== mon.0 v2:172.21.15.84:3300/0 3 ==== mon_map magic: 0 v1 ==== 229+0+0 (secure 0 0 0) 0x7fcd68011cb0 con 0x7fcd6c0fad90
2024-02-15T18:17:55.915 INFO:teuthology.orchestra.run.smithi084.stderr:/usr/bin/ceph:
2024-02-15T18:17:55.912+0000 7fcd7458f700 1 -- 172.21.15.84:0/2805124388 >> [v2:172.21.15.84:3300/0,v1:172.21.15.84:6789/0] conn(0x7fcd6c0fad90 msgr2=0x7fcd6c0fb1b0 secure :-1 s=STATE_CONNECTION_ESTABLISHED l=1).mark_down
2024-02-15T18:17:55.915 INFO:teuthology.orchestra.run.smithi084.stderr:/usr/bin/ceph:
2024-02-15T18:17:55.912+0000 7fcd7458f700 1 --2- 172.21.15.84:0/2805124388 >> [v2:172.21.15.84:3300/0,v1:172.21.15.84:6789/0] conn(0x7fcd6c0fad90 0x7fcd6c0fb1b0 secure :-1 s=READY pgs=29 cs=0 l=1 rev1=1 rx=0x7fcd6800b5f0 tx=0x7fcd68006ee0).stop
2024-02-15T18:17:55.915 INFO:teuthology.orchestra.run.smithi084.stderr:/usr/bin/ceph:
2024-02-15T18:17:55.912+0000 7fcd7458f700 1 -- 172.21.15.84:0/2805124388 shutdown_connections
2024-02-15T18:17:55.915 INFO:teuthology.orchestra.run.smithi084.stderr:/usr/bin/ceph:
2024-02-15T18:17:55.912+0000 7fcd7458f700 1 --2- 172.21.15.84:0/2805124388 >> [v2:172.21.15.84:3300/0,v1:172.21.15.84:6789/0] conn(0x7fcd6c0fad90 0x7fcd6c0fb1b0 unknown :-1 s=CLOSED pgs=29 cs=0 l=1 rev1=1 rx=0 tx=0).stop
2024-02-15T18:17:55.915 INFO:teuthology.orchestra.run.smithi084.stderr:/usr/bin/ceph:
2024-02-15T18:17:55.912+0000 7fcd7458f700 1 -- 172.21.15.84:0/2805124388 >> 172.21.15.84:0/2805124388 conn(0x7fcd6c0f6530 msgr2=0x7fcd6c0f8950 unknown :-1 s=STATE_NONE l=0).mark_down
2024-02-15T18:17:55.915 INFO:teuthology.orchestra.run.smithi084.stderr:/usr/bin/ceph:
2024-02-15T18:17:55.912+0000 7fcd7458f700 1 -- 172.21.15.84:0/2805124388 shutdown_connections
2024-02-15T18:17:55.915 INFO:teuthology.orchestra.run.smithi084.stderr:/usr/bin/ceph:
2024-02-15T18:17:55.912+0000 7fcd7458f700 1 -- 172.21.15.84:0/2805124388 wait complete.
2024-02-15T18:17:55.915 INFO:teuthology.orchestra.run.smithi084.stderr:/usr/bin/ceph:
2024-02-15T18:17:55.912+0000 7fcd7458f700 1 Processor -- start
2024-02-15T18:17:55.915 INFO:teuthology.orchestra.run.smithi084.stderr:/usr/bin/ceph:
2024-02-15T18:17:55.912+0000 7fcd7458f700 1 -- start start
2024-02-15T18:17:55.915 INFO:teuthology.orchestra.run.smithi084.stderr:/usr/bin/ceph:
2024-02-15T18:17:55.913+0000 7fcd7458f700 1 --2- >> [v2:172.21.15.84:3300/0,v1:172.21.15.84:6789/0] conn(0x7fcd6c0fad90 0x7fcd6c10ab10 unknown :-1 s=NONE pgs=0 cs=0 l=1 rev1=0 rx=0 tx=0).connect
2024-02-15T18:17:55.915 INFO:teuthology.orchestra.run.smithi084.stderr:/usr/bin/ceph:
2024-02-15T18:17:55.913+0000 7fcd7458f700 1 -- --> [v2:172.21.15.84:3300/0,v1:172.21.15.84:6789/0] -- mon_getmap magic: 0 v1 -- 0x7fcd6c10b000 con 0x7fcd6c0fad90
2024-02-15T18:17:55.915 INFO:teuthology.orchestra.run.smithi084.stderr:/usr/bin/ceph:
2024-02-15T18:17:55.913+0000 7fcd7232b700 1 --2- >> [v2:172.21.15.84:3300/0,v1:172.21.15.84:6789/0] conn(0x7fcd6c0fad90 0x7fcd6c10ab10 unknown :-1 s=BANNER_CONNECTING pgs=0 cs=0 l=1 rev1=0 rx=0 tx=0)._handle_peer_banner_payload supported=1 required=0
2024-02-15T18:17:55.915 INFO:teuthology.orchestra.run.smithi084.stderr:/usr/bin/ceph:
2024-02-15T18:17:55.913+0000 7fcd7232b700 1 --2- >> [v2:172.21.15.84:3300/0,v1:172.21.15.84:6789/0] conn(0x7fcd6c0fad90 0x7fcd6c10ab10 unknown :-1 s=HELLO_CONNECTING pgs=0 cs=0 l=1 rev1=1 rx=0 tx=0).handle_hello peer v2:172.21.15.84:3300/0 says I am v2:172.21.15.84:53596/0 (socket says 172.21.15.84:53596)
2024-02-15T18:17:55.915 INFO:teuthology.orchestra.run.smithi084.stderr:/usr/bin/ceph:
2024-02-15T18:17:55.913+0000 7fcd7232b700 1 -- 172.21.15.84:0/935942480 learned_addr learned my addr 172.21.15.84:0/935942480 (peer_addr_for_me v2:172.21.15.84:0/0)
2024-02-15T18:17:55.915 INFO:teuthology.orchestra.run.smithi084.stderr:/usr/bin/ceph:
2024-02-15T18:17:55.913+0000 7fcd7232b700 1 -- 172.21.15.84:0/935942480 --> [v2:172.21.15.84:3300/0,v1:172.21.15.84:6789/0] -- mon_subscribe({config=0+,monmap=0+}) v3 -- 0x7fcd6800b200 con 0x7fcd6c0fad90
2024-02-15T18:17:55.916 INFO:teuthology.orchestra.run.smithi084.stderr:/usr/bin/ceph:
2024-02-15T18:17:55.913+0000 7fcd7232b700 1 --2- 172.21.15.84:0/935942480 >> [v2:172.21.15.84:3300/0,v1:172.21.15.84:6789/0] conn(0x7fcd6c0fad90 0x7fcd6c10ab10 secure :-1 s=READY pgs=30 cs=0 l=1 rev1=1 rx=0x7fcd68011ea0 tx=0x7fcd68006ee0).ready entity=mon.0 client_cookie=0 server_cookie=0 in_seq=0 out_seq=0
2024-02-15T18:17:55.916 INFO:teuthology.orchestra.run.smithi084.stderr:/usr/bin/ceph:
2024-02-15T18:17:55.913+0000 7fcd5affd700 1 -- 172.21.15.84:0/935942480 <== mon.0 v2:172.21.15.84:3300/0 1 ==== mon_map magic: 0 v1 ==== 229+0+0 (secure 0 0 0) 0x7fcd6801b570 con 0x7fcd6c0fad90
2024-02-15T18:17:55.916 INFO:teuthology.orchestra.run.smithi084.stderr:/usr/bin/ceph:
2024-02-15T18:17:55.913+0000 7fcd5affd700 1 -- 172.21.15.84:0/935942480 <== mon.0 v2:172.21.15.84:3300/0 2 ==== config(26 keys) v1 ==== 1045+0+0 (secure 0 0 0) 0x7fcd6801bb60 con 0x7fcd6c0fad90
2024-02-15T18:17:55.916 INFO:teuthology.orchestra.run.smithi084.stderr:/usr/bin/ceph:
2024-02-15T18:17:55.913+0000 7fcd7458f700 1 -- 172.21.15.84:0/935942480 --> [v2:172.21.15.84:3300/0,v1:172.21.15.84:6789/0] -- mon_subscribe({mgrmap=0+}) v3 -- 0x7fcd6c10b200 con 0x7fcd6c0fad90
2024-02-15T18:17:55.916 INFO:teuthology.orchestra.run.smithi084.stderr:/usr/bin/ceph:
2024-02-15T18:17:55.913+0000 7fcd5affd700 1 -- 172.21.15.84:0/935942480 <== mon.0 v2:172.21.15.84:3300/0 3 ==== mon_map magic: 0 v1 ==== 229+0+0 (secure 0 0 0) 0x7fcd6801a8d0 con 0x7fcd6c0fad90
2024-02-15T18:17:55.916 INFO:teuthology.orchestra.run.smithi084.stderr:/usr/bin/ceph:
2024-02-15T18:17:55.913+0000 7fcd7458f700 1 -- 172.21.15.84:0/935942480 --> [v2:172.21.15.84:3300/0,v1:172.21.15.84:6789/0] -- mon_subscribe({osdmap=0}) v3 -- 0x7fcd6c10b690 con 0x7fcd6c0fad90
2024-02-15T18:17:55.917 INFO:teuthology.orchestra.run.smithi084.stderr:/usr/bin/ceph:
2024-02-15T18:17:55.914+0000 7fcd5affd700 1 -- 172.21.15.84:0/935942480 <== mon.0 v2:172.21.15.84:3300/0 4 ==== mgrmap(e 8) v1 ==== 36120+0+0 (secure 0 0 0) 0x7fcd6800f070 con 0x7fcd6c0fad90
2024-02-15T18:17:55.917 INFO:teuthology.orchestra.run.smithi084.stderr:/usr/bin/ceph:
2024-02-15T18:17:55.914+0000 7fcd5affd700 1 --2- 172.21.15.84:0/935942480 >> [v2:172.21.15.84:6800/519542921,v1:172.21.15.84:6801/519542921] conn(0x7fcd5402fe10 0x7fcd540322d0 unknown :-1 s=NONE pgs=0 cs=0 l=1 rev1=0 rx=0 tx=0).connect
2024-02-15T18:17:55.917 INFO:teuthology.orchestra.run.smithi084.stderr:/usr/bin/ceph:
2024-02-15T18:17:55.914+0000 7fcd5affd700 1 -- 172.21.15.84:0/935942480 <== mon.0 v2:172.21.15.84:3300/0 5 ==== osd_map(2..2 src has 1..2) v4 ==== 926+0+0 (secure 0 0 0) 0x7fcd68041590 con 0x7fcd6c0fad90
2024-02-15T18:17:55.917 INFO:teuthology.orchestra.run.smithi084.stderr:/usr/bin/ceph:
2024-02-15T18:17:55.914+0000 7fcd71b2a700 1 --2- 172.21.15.84:0/935942480 >> [v2:172.21.15.84:6800/519542921,v1:172.21.15.84:6801/519542921] conn(0x7fcd5402fe10 0x7fcd540322d0 unknown :-1 s=BANNER_CONNECTING pgs=0 cs=0 l=1 rev1=0 rx=0 tx=0)._handle_peer_banner_payload supported=1 required=0
2024-02-15T18:17:55.917 INFO:teuthology.orchestra.run.smithi084.stderr:/usr/bin/ceph:
2024-02-15T18:17:55.915+0000 7fcd71b2a700 1 --2- 172.21.15.84:0/935942480 >> [v2:172.21.15.84:6800/519542921,v1:172.21.15.84:6801/519542921] conn(0x7fcd5402fe10 0x7fcd540322d0 secure :-1 s=READY pgs=6 cs=0 l=1 rev1=1 rx=0x7fcd5c0096a0 tx=0x7fcd5c006b40).ready entity=mgr.14114 client_cookie=0 server_cookie=0 in_seq=0 out_seq=0
2024-02-15T18:17:55.917 INFO:teuthology.orchestra.run.smithi084.stderr:/usr/bin/ceph:
2024-02-15T18:17:55.915+0000 7fcd7458f700 1 -- 172.21.15.84:0/935942480 --> [v2:172.21.15.84:3300/0,v1:172.21.15.84:6789/0] -- mon_command({"prefix": "get_command_descriptions"} v 0) v1 -- 0x7fcd6c045ad0 con 0x7fcd6c0fad90
2024-02-15T18:17:55.919 INFO:teuthology.orchestra.run.smithi084.stderr:/usr/bin/ceph:
2024-02-15T18:17:55.919+0000 7fcd5affd700 1 -- 172.21.15.84:0/935942480 <== mon.0 v2:172.21.15.84:3300/0 6 ==== mon_command_ack([{"prefix": "get_command_descriptions"}]=0 v0) v1 ==== 72+0+152212 (secure 0 0 0) 0x7fcd68016080 con 0x7fcd6c0fad90
2024-02-15T18:17:56.096 INFO:teuthology.orchestra.run.smithi084.stderr:/usr/bin/ceph:
2024-02-15T18:17:56.096+0000 7fcd7458f700 1 -- 172.21.15.84:0/935942480 --> [v2:172.21.15.84:6800/519542921,v1:172.21.15.84:6801/519542921] -- mgr_command(tid 0: {"prefix": "orch set backend", "module_name": "cephadm", "target": ["mon-mgr", ""]}) v1 -- 0x7fcd6c104d00 con 0x7fcd5402fe10
2024-02-15T18:17:56.102 INFO:teuthology.orchestra.run.smithi084.stderr:/usr/bin/ceph:
2024-02-15T18:17:56.102+0000 7fcd5affd700 1 -- 172.21.15.84:0/935942480 <== mgr.14114 v2:172.21.15.84:6800/519542921 1 ==== mgr_command_reply(tid 0: 0 ) v1 ==== 8+0+0 (secure 0 0 0) 0x7fcd6c104d00 con 0x7fcd5402fe10
2024-02-15T18:17:56.105 INFO:teuthology.orchestra.run.smithi084.stderr:/usr/bin/ceph:
2024-02-15T18:17:56.104+0000 7fcd7458f700 1 -- 172.21.15.84:0/935942480 >> [v2:172.21.15.84:6800/519542921,v1:172.21.15.84:6801/519542921] conn(0x7fcd5402fe10 msgr2=0x7fcd540322d0 secure :-1 s=STATE_CONNECTION_ESTABLISHED l=1).mark_down
2024-02-15T18:17:56.105 INFO:teuthology.orchestra.run.smithi084.stderr:/usr/bin/ceph:
2024-02-15T18:17:56.104+0000 7fcd7458f700 1 --2- 172.21.15.84:0/935942480 >> [v2:172.21.15.84:6800/519542921,v1:172.21.15.84:6801/519542921] conn(0x7fcd5402fe10 0x7fcd540322d0 secure :-1 s=READY pgs=6 cs=0 l=1 rev1=1 rx=0x7fcd5c0096a0 tx=0x7fcd5c006b40).stop
2024-02-15T18:17:56.105 INFO:teuthology.orchestra.run.smithi084.stderr:/usr/bin/ceph:
2024-02-15T18:17:56.104+0000 7fcd7458f700 1 -- 172.21.15.84:0/935942480 >> [v2:172.21.15.84:3300/0,v1:172.21.15.84:6789/0] conn(0x7fcd6c0fad90 msgr2=0x7fcd6c10ab10 secure :-1 s=STATE_CONNECTION_ESTABLISHED l=1).mark_down
2024-02-15T18:17:56.105 INFO:teuthology.orchestra.run.smithi084.stderr:/usr/bin/ceph:
2024-02-15T18:17:56.104+0000 7fcd7458f700 1 --2- 172.21.15.84:0/935942480 >> [v2:172.21.15.84:3300/0,v1:172.21.15.84:6789/0] conn(0x7fcd6c0fad90 0x7fcd6c10ab10 secure :-1 s=READY pgs=30 cs=0 l=1 rev1=1 rx=0x7fcd68011ea0 tx=0x7fcd68006ee0).stop
2024-02-15T18:17:56.105 INFO:teuthology.orchestra.run.smithi084.stderr:/usr/bin/ceph:
2024-02-15T18:17:56.104+0000 7fcd7458f700 1 -- 172.21.15.84:0/935942480 shutdown_connections
2024-02-15T18:17:56.105 INFO:teuthology.orchestra.run.smithi084.stderr:/usr/bin/ceph:
2024-02-15T18:17:56.104+0000 7fcd7458f700 1 --2- 172.21.15.84:0/935942480 >> [v2:172.21.15.84:6800/519542921,v1:172.21.15.84:6801/519542921] conn(0x7fcd5402fe10 0x7fcd540322d0 unknown :-1 s=CLOSED pgs=6 cs=0 l=1 rev1=1 rx=0 tx=0).stop
2024-02-15T18:17:56.105 INFO:teuthology.orchestra.run.smithi084.stderr:/usr/bin/ceph:
2024-02-15T18:17:56.104+0000 7fcd7458f700 1 --2- 172.21.15.84:0/935942480 >> [v2:172.21.15.84:3300/0,v1:172.21.15.84:6789/0] conn(0x7fcd6c0fad90 0x7fcd6c10ab10 unknown :-1 s=CLOSED pgs=30 cs=0 l=1 rev1=1 rx=0 tx=0).stop
2024-02-15T18:17:56.105 INFO:teuthology.orchestra.run.smithi084.stderr:/usr/bin/ceph:
2024-02-15T18:17:56.104+0000 7fcd7458f700 1 -- 172.21.15.84:0/935942480 >> 172.21.15.84:0/935942480 conn(0x7fcd6c0f6530 msgr2=0x7fcd6c0f7f30 unknown :-1 s=STATE_NONE l=0).mark_down
2024-02-15T18:17:56.105 INFO:teuthology.orchestra.run.smithi084.stderr:/usr/bin/ceph:
2024-02-15T18:17:56.105+0000 7fcd7458f700 1 -- 172.21.15.84:0/935942480 shutdown_connections
2024-02-15T18:17:56.105 INFO:teuthology.orchestra.run.smithi084.stderr:/usr/bin/ceph:
2024-02-15T18:17:56.105+0000 7fcd7458f700 1 -- 172.21.15.84:0/935942480 wait complete.
2024-02-15T18:17:56.715 INFO:teuthology.orchestra.run.smithi084.stderr:Running command: /bin/podman run --rm --ipc=host --no-hosts --net=host --entrypoint /usr/bin/ceph --init -e CONTAINER_IMAGE=docker.io/ceph/ceph:v16.2.4 -e NODE_NAME=smithi084 -e CEPH_USE_RANDOM_NONCE=1 -v /var/log/ceph/631a4cdc-cc2e-11ee-95ba-87774f69a715:/var/log/ceph:z -v /tmp/ceph-tmpzhadl5ft:/etc/ceph/ceph.client.admin.keyring:z -v /tmp/ceph-tmp1x8_3229:/etc/ceph/ceph.conf:z docker.io/ceph/ceph:v16.2.4 cephadm set-user root
2024-02-15T18:17:57.263 INFO:journalctl@ceph.mon.smithi084.smithi084.stdout:Feb 15 18:17:57 smithi084 ceph-631a4cdc-cc2e-11ee-95ba-87774f69a715-mon.smithi084[38210]: audit
2024-02-15T18:17:56.097804+0000 mgr.smithi084.hjmnez (mgr.14114) 3 : audit [DBG] from='client.14124 -' entity='client.admin' cmd=[{"prefix": "orch set backend", "module_name": "cephadm", "target": ["mon-mgr", ""]}]: dispatch
2024-02-15T18:17:57.264 INFO:journalctl@ceph.mon.smithi084.smithi084.stdout:Feb 15 18:17:57 smithi084 ceph-631a4cdc-cc2e-11ee-95ba-87774f69a715-mon.smithi084[38210]: audit
2024-02-15T18:17:56.101842+0000 mon.smithi084 (mon.0) 50 : audit [INF] from='mgr.14114 172.21.15.84:0/3868276788' entity='mgr.smithi084.hjmnez'
2024-02-15T18:17:57.264 INFO:journalctl@ceph.mon.smithi084.smithi084.stdout:Feb 15 18:17:57 smithi084 ceph-631a4cdc-cc2e-11ee-95ba-87774f69a715-mon.smithi084[38210]: audit
2024-02-15T18:17:56.104804+0000 mon.smithi084 (mon.0) 51 : audit [DBG] from='mgr.14114 172.21.15.84:0/3868276788' entity='mgr.smithi084.hjmnez' cmd=[{"prefix": "config dump", "format": "json"}]: dispatch
2024-02-15T18:17:57.278 INFO:teuthology.orchestra.run.smithi084.stderr:/usr/bin/ceph:
2024-02-15T18:17:57.276+0000 7fe446b75700 1 Processor -- start
2024-02-15T18:17:57.278 INFO:teuthology.orchestra.run.smithi084.stderr:/usr/bin/ceph:
2024-02-15T18:17:57.276+0000 7fe446b75700 1 -- start start
2024-02-15T18:17:57.278 INFO:teuthology.orchestra.run.smithi084.stderr:/usr/bin/ceph:
2024-02-15T18:17:57.277+0000 7fe446b75700 1 --2- >> [v2:172.21.15.84:3300/0,v1:172.21.15.84:6789/0] conn(0x7fe440070430 0x7fe4400fea50 unknown :-1 s=NONE pgs=0 cs=0 l=0 rev1=0 rx=0 tx=0).connect
2024-02-15T18:17:57.278 INFO:teuthology.orchestra.run.smithi084.stderr:/usr/bin/ceph:
2024-02-15T18:17:57.277+0000 7fe446b75700 1 -- --> [v2:172.21.15.84:3300/0,v1:172.21.15.84:6789/0] -- mon_getmap magic: 0 v1 -- 0x7fe4400fef40 con 0x7fe440070430
2024-02-15T18:17:57.279 INFO:teuthology.orchestra.run.smithi084.stderr:/usr/bin/ceph:
2024-02-15T18:17:57.277+0000 7fe444911700 1 --2- >> [v2:172.21.15.84:3300/0,v1:172.21.15.84:6789/0] conn(0x7fe440070430 0x7fe4400fea50 unknown :-1 s=BANNER_CONNECTING pgs=0 cs=0 l=0 rev1=0 rx=0 tx=0)._handle_peer_banner_payload supported=1 required=0
2024-02-15T18:17:57.279 INFO:teuthology.orchestra.run.smithi084.stderr:/usr/bin/ceph:
2024-02-15T18:17:57.277+0000 7fe444911700 1 --2- >> [v2:172.21.15.84:3300/0,v1:172.21.15.84:6789/0] conn(0x7fe440070430 0x7fe4400fea50 unknown :-1 s=HELLO_CONNECTING pgs=0 cs=0 l=0 rev1=1 rx=0 tx=0).handle_hello peer v2:172.21.15.84:3300/0 says I am v2:172.21.15.84:53608/0 (socket says 172.21.15.84:53608)
2024-02-15T18:17:57.279 INFO:teuthology.orchestra.run.smithi084.stderr:/usr/bin/ceph:
2024-02-15T18:17:57.277+0000 7fe444911700 1 -- 172.21.15.84:0/2440296558 learned_addr learned my addr 172.21.15.84:0/2440296558 (peer_addr_for_me v2:172.21.15.84:0/0)
2024-02-15T18:17:57.279 INFO:teuthology.orchestra.run.smithi084.stderr:/usr/bin/ceph:
2024-02-15T18:17:57.277+0000 7fe444911700 1 -- 172.21.15.84:0/2440296558 --> [v2:172.21.15.84:3300/0,v1:172.21.15.84:6789/0] -- mon_subscribe({config=0+,monmap=0+}) v3 -- 0x7fe4400ff080 con 0x7fe440070430
2024-02-15T18:17:57.279 INFO:teuthology.orchestra.run.smithi084.stderr:/usr/bin/ceph:
2024-02-15T18:17:57.277+0000 7fe444911700 1 --2- 172.21.15.84:0/2440296558 >> [v2:172.21.15.84:3300/0,v1:172.21.15.84:6789/0] conn(0x7fe440070430 0x7fe4400fea50 secure :-1 s=READY pgs=31 cs=0 l=1 rev1=1 rx=0x7fe43400b5f0 tx=0x7fe434006ee0).ready entity=mon.0 client_cookie=7e1177f1e16f4b83 server_cookie=0 in_seq=0 out_seq=0
2024-02-15T18:17:57.279 INFO:teuthology.orchestra.run.smithi084.stderr:/usr/bin/ceph:
2024-02-15T18:17:57.277+0000 7fe43f7fe700 1 -- 172.21.15.84:0/2440296558 <== mon.0 v2:172.21.15.84:3300/0 1 ==== mon_map magic: 0 v1 ==== 229+0+0 (secure 0 0 0) 0x7fe43400d600 con 0x7fe440070430
2024-02-15T18:17:57.279 INFO:teuthology.orchestra.run.smithi084.stderr:/usr/bin/ceph:
2024-02-15T18:17:57.277+0000 7fe43f7fe700 1 -- 172.21.15.84:0/2440296558 <== mon.0 v2:172.21.15.84:3300/0 2 ==== config(26 keys) v1 ==== 1045+0+0 (secure 0 0 0) 0x7fe43400dbf0 con 0x7fe440070430
2024-02-15T18:17:57.279 INFO:teuthology.orchestra.run.smithi084.stderr:/usr/bin/ceph:
2024-02-15T18:17:57.277+0000 7fe43f7fe700 1 -- 172.21.15.84:0/2440296558 <== mon.0 v2:172.21.15.84:3300/0 3 ==== mon_map magic: 0 v1 ==== 229+0+0 (secure 0 0 0) 0x7fe434011cb0 con 0x7fe440070430
2024-02-15T18:17:57.279 INFO:teuthology.orchestra.run.smithi084.stderr:/usr/bin/ceph:
2024-02-15T18:17:57.278+0000 7fe446b75700 1 -- 172.21.15.84:0/2440296558 >> [v2:172.21.15.84:3300/0,v1:172.21.15.84:6789/0] conn(0x7fe440070430 msgr2=0x7fe4400fea50 secure :-1 s=STATE_CONNECTION_ESTABLISHED l=1).mark_down
2024-02-15T18:17:57.279 INFO:teuthology.orchestra.run.smithi084.stderr:/usr/bin/ceph:
2024-02-15T18:17:57.278+0000 7fe446b75700 1 --2- 172.21.15.84:0/2440296558 >> [v2:172.21.15.84:3300/0,v1:172.21.15.84:6789/0] conn(0x7fe440070430 0x7fe4400fea50 secure :-1 s=READY pgs=31 cs=0 l=1 rev1=1 rx=0x7fe43400b5f0 tx=0x7fe434006ee0).stop
2024-02-15T18:17:57.279 INFO:teuthology.orchestra.run.smithi084.stderr:/usr/bin/ceph:
2024-02-15T18:17:57.278+0000 7fe446b75700 1 -- 172.21.15.84:0/2440296558 shutdown_connections
2024-02-15T18:17:57.279 INFO:teuthology.orchestra.run.smithi084.stderr:/usr/bin/ceph:
2024-02-15T18:17:57.278+0000 7fe446b75700 1 --2- 172.21.15.84:0/2440296558 >> [v2:172.21.15.84:3300/0,v1:172.21.15.84:6789/0] conn(0x7fe440070430 0x7fe4400fea50 unknown :-1 s=CLOSED pgs=31 cs=0 l=1 rev1=1 rx=0 tx=0).stop
2024-02-15T18:17:57.279 INFO:teuthology.orchestra.run.smithi084.stderr:/usr/bin/ceph:
2024-02-15T18:17:57.278+0000 7fe446b75700 1 -- 172.21.15.84:0/2440296558 >> 172.21.15.84:0/2440296558 conn(0x7fe4400f6530 msgr2=0x7fe4400f8950 unknown :-1 s=STATE_NONE l=0).mark_down
2024-02-15T18:17:57.281 INFO:teuthology.orchestra.run.smithi084.stderr:/usr/bin/ceph:
2024-02-15T18:17:57.278+0000 7fe446b75700 1 -- 172.21.15.84:0/2440296558 shutdown_connections
2024-02-15T18:17:57.281 INFO:teuthology.orchestra.run.smithi084.stderr:/usr/bin/ceph:
2024-02-15T18:17:57.278+0000 7fe446b75700 1 -- 172.21.15.84:0/2440296558 wait complete.
2024-02-15T18:17:57.281 INFO:teuthology.orchestra.run.smithi084.stderr:/usr/bin/ceph:
2024-02-15T18:17:57.279+0000 7fe446b75700 1 Processor -- start
2024-02-15T18:17:57.281 INFO:teuthology.orchestra.run.smithi084.stderr:/usr/bin/ceph:
2024-02-15T18:17:57.279+0000 7fe446b75700 1 -- start start
2024-02-15T18:17:57.281 INFO:teuthology.orchestra.run.smithi084.stderr:/usr/bin/ceph:
2024-02-15T18:17:57.279+0000 7fe446b75700 1 --2- >> [v2:172.21.15.84:3300/0,v1:172.21.15.84:6789/0] conn(0x7fe440070430 0x7fe44010ab40 unknown :-1 s=NONE pgs=0 cs=0 l=1 rev1=0 rx=0 tx=0).connect
2024-02-15T18:17:57.281 INFO:teuthology.orchestra.run.smithi084.stderr:/usr/bin/ceph:
2024-02-15T18:17:57.279+0000 7fe446b75700 1 -- --> [v2:172.21.15.84:3300/0,v1:172.21.15.84:6789/0] -- mon_getmap magic: 0 v1 -- 0x7fe44010b030 con 0x7fe440070430
2024-02-15T18:17:57.282 INFO:teuthology.orchestra.run.smithi084.stderr:/usr/bin/ceph:
2024-02-15T18:17:57.279+0000 7fe444911700 1 --2- >> [v2:172.21.15.84:3300/0,v1:172.21.15.84:6789/0] conn(0x7fe440070430 0x7fe44010ab40 unknown :-1 s=BANNER_CONNECTING pgs=0 cs=0 l=1 rev1=0 rx=0 tx=0)._handle_peer_banner_payload supported=1 required=0
2024-02-15T18:17:57.282 INFO:teuthology.orchestra.run.smithi084.stderr:/usr/bin/ceph:
2024-02-15T18:17:57.279+0000 7fe444911700 1 --2- >> [v2:172.21.15.84:3300/0,v1:172.21.15.84:6789/0] conn(0x7fe440070430 0x7fe44010ab40 unknown :-1 s=HELLO_CONNECTING pgs=0 cs=0 l=1 rev1=1 rx=0 tx=0).handle_hello peer v2:172.21.15.84:3300/0 says I am v2:172.21.15.84:53614/0 (socket says 172.21.15.84:53614)
2024-02-15T18:17:57.282 INFO:teuthology.orchestra.run.smithi084.stderr:/usr/bin/ceph:
2024-02-15T18:17:57.279+0000 7fe444911700 1 -- 172.21.15.84:0/961664540 learned_addr learned my addr 172.21.15.84:0/961664540 (peer_addr_for_me v2:172.21.15.84:0/0)
2024-02-15T18:17:57.282 INFO:teuthology.orchestra.run.smithi084.stderr:/usr/bin/ceph:
2024-02-15T18:17:57.279+0000 7fe444911700 1 -- 172.21.15.84:0/961664540 --> [v2:172.21.15.84:3300/0,v1:172.21.15.84:6789/0] -- mon_subscribe({config=0+,monmap=0+}) v3 -- 0x7fe43400b200 con 0x7fe440070430
2024-02-15T18:17:57.282 INFO:teuthology.orchestra.run.smithi084.stderr:/usr/bin/ceph:
2024-02-15T18:17:57.279+0000 7fe444911700 1 --2- 172.21.15.84:0/961664540 >> [v2:172.21.15.84:3300/0,v1:172.21.15.84:6789/0] conn(0x7fe440070430 0x7fe44010ab40 secure :-1 s=READY pgs=32 cs=0 l=1 rev1=1 rx=0x7fe434006800 tx=0x7fe434006ee0).ready entity=mon.0 client_cookie=0 server_cookie=0 in_seq=0 out_seq=0
2024-02-15T18:17:57.282 INFO:teuthology.orchestra.run.smithi084.stderr:/usr/bin/ceph:
2024-02-15T18:17:57.280+0000 7fe43d7fa700 1 -- 172.21.15.84:0/961664540 <== mon.0 v2:172.21.15.84:3300/0 1 ==== mon_map magic: 0 v1 ==== 229+0+0 (secure 0 0 0) 0x7fe43401b570 con 0x7fe440070430
2024-02-15T18:17:57.282 INFO:teuthology.orchestra.run.smithi084.stderr:/usr/bin/ceph:
2024-02-15T18:17:57.280+0000 7fe446b75700 1 -- 172.21.15.84:0/961664540 --> [v2:172.21.15.84:3300/0,v1:172.21.15.84:6789/0] -- mon_subscribe({mgrmap=0+}) v3 -- 0x7fe44010b230 con 0x7fe440070430
2024-02-15T18:17:57.282 INFO:teuthology.orchestra.run.smithi084.stderr:/usr/bin/ceph:
2024-02-15T18:17:57.280+0000 7fe43d7fa700 1 -- 172.21.15.84:0/961664540 <== mon.0 v2:172.21.15.84:3300/0 2 ==== config(26 keys) v1 ==== 1045+0+0 (secure 0 0 0) 0x7fe43401bb60 con 0x7fe440070430
2024-02-15T18:17:57.282 INFO:teuthology.orchestra.run.smithi084.stderr:/usr/bin/ceph:
2024-02-15T18:17:57.280+0000 7fe43d7fa700 1 -- 172.21.15.84:0/961664540 <== mon.0 v2:172.21.15.84:3300/0 3 ==== mon_map magic: 0 v1 ==== 229+0+0 (secure 0 0 0) 0x7fe43401a9f0 con 0x7fe440070430
2024-02-15T18:17:57.282 INFO:teuthology.orchestra.run.smithi084.stderr:/usr/bin/ceph:
2024-02-15T18:17:57.280+0000 7fe446b75700 1 -- 172.21.15.84:0/961664540 --> [v2:172.21.15.84:3300/0,v1:172.21.15.84:6789/0] -- mon_subscribe({osdmap=0}) v3 -- 0x7fe44010b6c0 con 0x7fe440070430
2024-02-15T18:17:57.282 INFO:teuthology.orchestra.run.smithi084.stderr:/usr/bin/ceph:
2024-02-15T18:17:57.280+0000 7fe43d7fa700 1 -- 172.21.15.84:0/961664540 <== mon.0 v2:172.21.15.84:3300/0 4 ==== mgrmap(e 8) v1 ==== 36120+0+0 (secure 0 0 0) 0x7fe43400f070 con 0x7fe440070430
2024-02-15T18:17:57.282 INFO:teuthology.orchestra.run.smithi084.stderr:/usr/bin/ceph:
2024-02-15T18:17:57.281+0000 7fe43d7fa700 1 --2- 172.21.15.84:0/961664540 >> [v2:172.21.15.84:6800/519542921,v1:172.21.15.84:6801/519542921] conn(0x7fe42402fe70 0x7fe424032330 unknown :-1 s=NONE pgs=0 cs=0 l=1 rev1=0 rx=0 tx=0).connect
2024-02-15T18:17:57.282 INFO:teuthology.orchestra.run.smithi084.stderr:/usr/bin/ceph:
2024-02-15T18:17:57.281+0000 7fe43d7fa700 1 -- 172.21.15.84:0/961664540 <== mon.0 v2:172.21.15.84:3300/0 5 ==== osd_map(2..2 src has 1..2) v4 ==== 926+0+0 (secure 0 0 0) 0x7fe434042210 con 0x7fe440070430
2024-02-15T18:17:57.282 INFO:teuthology.orchestra.run.smithi084.stderr:/usr/bin/ceph:
2024-02-15T18:17:57.281+0000 7fe446b75700 1 -- 172.21.15.84:0/961664540 --> [v2:172.21.15.84:3300/0,v1:172.21.15.84:6789/0] -- mon_command({"prefix": "get_command_descriptions"} v 0) v1 -- 0x7fe440045ad0 con 0x7fe440070430
2024-02-15T18:17:57.282 INFO:teuthology.orchestra.run.smithi084.stderr:/usr/bin/ceph:
2024-02-15T18:17:57.281+0000 7fe43ffff700 1 --2- 172.21.15.84:0/961664540 >> [v2:172.21.15.84:6800/519542921,v1:172.21.15.84:6801/519542921] conn(0x7fe42402fe70 0x7fe424032330 unknown :-1 s=BANNER_CONNECTING pgs=0 cs=0 l=1 rev1=0 rx=0 tx=0)._handle_peer_banner_payload supported=1 required=0
2024-02-15T18:17:57.283 INFO:teuthology.orchestra.run.smithi084.stderr:/usr/bin/ceph:
2024-02-15T18:17:57.281+0000 7fe43ffff700 1 --2- 172.21.15.84:0/961664540 >> [v2:172.21.15.84:6800/519542921,v1:172.21.15.84:6801/519542921] conn(0x7fe42402fe70 0x7fe424032330 secure :-1 s=READY pgs=7 cs=0 l=1 rev1=1 rx=0x7fe42c0096a0 tx=0x7fe42c006b40).ready entity=mgr.14114 client_cookie=0 server_cookie=0 in_seq=0 out_seq=0
2024-02-15T18:17:57.285 INFO:teuthology.orchestra.run.smithi084.stderr:/usr/bin/ceph:
2024-02-15T18:17:57.285+0000 7fe43d7fa700 1 -- 172.21.15.84:0/961664540 <== mon.0 v2:172.21.15.84:3300/0 6 ==== mon_command_ack([{"prefix": "get_command_descriptions"}]=0 v0) v1 ==== 72+0+152212 (secure 0 0 0) 0x7fe434016070 con 0x7fe440070430
2024-02-15T18:17:57.437 INFO:teuthology.orchestra.run.smithi084.stderr:/usr/bin/ceph:
2024-02-15T18:17:57.437+0000 7fe446b75700 1 -- 172.21.15.84:0/961664540 --> [v2:172.21.15.84:6800/519542921,v1:172.21.15.84:6801/519542921] -- mgr_command(tid 0: {"prefix": "cephadm set-user", "user": "root", "target": ["mon-mgr", ""]}) v1 -- 0x7fe44010bf20 con 0x7fe42402fe70
2024-02-15T18:17:57.437 INFO:teuthology.orchestra.run.smithi084.stderr:/usr/bin/ceph:
2024-02-15T18:17:57.437+0000 7fe43d7fa700 1 -- 172.21.15.84:0/961664540 <== mgr.14114 v2:172.21.15.84:6800/519542921 1 ==== mgr_command_reply(tid 0: 0 ) v1 ==== 8+0+16 (secure 0 0 0) 0x7fe44010bf20 con 0x7fe42402fe70
2024-02-15T18:17:57.437 INFO:teuthology.orchestra.run.smithi084.stderr:/usr/bin/ceph: value unchanged
2024-02-15T18:17:57.440 INFO:teuthology.orchestra.run.smithi084.stderr:/usr/bin/ceph:
2024-02-15T18:17:57.439+0000 7fe446b75700 1 -- 172.21.15.84:0/961664540 >> [v2:172.21.15.84:6800/519542921,v1:172.21.15.84:6801/519542921] conn(0x7fe42402fe70 msgr2=0x7fe424032330 secure :-1 s=STATE_CONNECTION_ESTABLISHED l=1).mark_down
2024-02-15T18:17:57.440 INFO:teuthology.orchestra.run.smithi084.stderr:/usr/bin/ceph:
2024-02-15T18:17:57.439+0000 7fe446b75700 1 --2- 172.21.15.84:0/961664540 >> [v2:172.21.15.84:6800/519542921,v1:172.21.15.84:6801/519542921] conn(0x7fe42402fe70 0x7fe424032330 secure :-1 s=READY pgs=7 cs=0 l=1 rev1=1 rx=0x7fe42c0096a0 tx=0x7fe42c006b40).stop
2024-02-15T18:17:57.440 INFO:teuthology.orchestra.run.smithi084.stderr:/usr/bin/ceph:
2024-02-15T18:17:57.439+0000 7fe446b75700 1 -- 172.21.15.84:0/961664540 >> [v2:172.21.15.84:3300/0,v1:172.21.15.84:6789/0] conn(0x7fe440070430 msgr2=0x7fe44010ab40 secure :-1 s=STATE_CONNECTION_ESTABLISHED l=1).mark_down
2024-02-15T18:17:57.440 INFO:teuthology.orchestra.run.smithi084.stderr:/usr/bin/ceph:
2024-02-15T18:17:57.439+0000 7fe446b75700 1 --2- 172.21.15.84:0/961664540 >> [v2:172.21.15.84:3300/0,v1:172.21.15.84:6789/0] conn(0x7fe440070430 0x7fe44010ab40 secure :-1 s=READY pgs=32 cs=0 l=1 rev1=1 rx=0x7fe434006800 tx=0x7fe434006ee0).stop
2024-02-15T18:17:57.440 INFO:teuthology.orchestra.run.smithi084.stderr:/usr/bin/ceph:
2024-02-15T18:17:57.439+0000 7fe446b75700 1 -- 172.21.15.84:0/961664540 shutdown_connections
2024-02-15T18:17:57.440 INFO:teuthology.orchestra.run.smithi084.stderr:/usr/bin/ceph:
2024-02-15T18:17:57.439+0000 7fe446b75700 1 --2- 172.21.15.84:0/961664540 >> [v2:172.21.15.84:6800/519542921,v1:172.21.15.84:6801/519542921] conn(0x7fe42402fe70 0x7fe424032330 unknown :-1 s=CLOSED pgs=7 cs=0 l=1 rev1=1 rx=0 tx=0).stop
2024-02-15T18:17:57.440 INFO:teuthology.orchestra.run.smithi084.stderr:/usr/bin/ceph:
2024-02-15T18:17:57.439+0000 7fe446b75700 1 --2- 172.21.15.84:0/961664540 >> [v2:172.21.15.84:3300/0,v1:172.21.15.84:6789/0] conn(0x7fe440070430 0x7fe44010ab40 unknown :-1 s=CLOSED pgs=32 cs=0 l=1 rev1=1 rx=0 tx=0).stop
2024-02-15T18:17:57.440 INFO:teuthology.orchestra.run.smithi084.stderr:/usr/bin/ceph:
2024-02-15T18:17:57.439+0000 7fe446b75700 1 -- 172.21.15.84:0/961664540 >> 172.21.15.84:0/961664540 conn(0x7fe4400f6530 msgr2=0x7fe4400f7f30 unknown :-1 s=STATE_NONE l=0).mark_down
2024-02-15T18:17:57.440 INFO:teuthology.orchestra.run.smithi084.stderr:/usr/bin/ceph:
2024-02-15T18:17:57.439+0000 7fe446b75700 1 -- 172.21.15.84:0/961664540 shutdown_connections
2024-02-15T18:17:57.440 INFO:teuthology.orchestra.run.smithi084.stderr:/usr/bin/ceph:
2024-02-15T18:17:57.439+0000 7fe446b75700 1 -- 172.21.15.84:0/961664540 wait complete.
2024-02-15T18:17:57.955 INFO:teuthology.orchestra.run.smithi084.stderr:Generating ssh key...
2024-02-15T18:17:57.955 INFO:teuthology.orchestra.run.smithi084.stderr:Running command: /bin/podman run --rm --ipc=host --no-hosts --net=host --entrypoint /usr/bin/ceph --init -e CONTAINER_IMAGE=docker.io/ceph/ceph:v16.2.4 -e NODE_NAME=smithi084 -e CEPH_USE_RANDOM_NONCE=1 -v /var/log/ceph/631a4cdc-cc2e-11ee-95ba-87774f69a715:/var/log/ceph:z -v /tmp/ceph-tmpzhadl5ft:/etc/ceph/ceph.client.admin.keyring:z -v /tmp/ceph-tmp1x8_3229:/etc/ceph/ceph.conf:z docker.io/ceph/ceph:v16.2.4 cephadm generate-key
2024-02-15T18:17:58.491 INFO:teuthology.orchestra.run.smithi084.stderr:/usr/bin/ceph:
2024-02-15T18:17:58.485+0000 7faab9505700 1 Processor -- start
2024-02-15T18:17:58.491 INFO:teuthology.orchestra.run.smithi084.stderr:/usr/bin/ceph:
2024-02-15T18:17:58.486+0000 7faab9505700 1 -- start start
2024-02-15T18:17:58.491 INFO:teuthology.orchestra.run.smithi084.stderr:/usr/bin/ceph:
2024-02-15T18:17:58.486+0000 7faab9505700 1 --2- >> [v2:172.21.15.84:3300/0,v1:172.21.15.84:6789/0] conn(0x7faab40fd570 0x7faab40fd990 unknown :-1 s=NONE pgs=0 cs=0 l=0 rev1=0 rx=0 tx=0).connect
2024-02-15T18:17:58.491 INFO:teuthology.orchestra.run.smithi084.stderr:/usr/bin/ceph:
2024-02-15T18:17:58.486+0000 7faab9505700 1 -- --> [v2:172.21.15.84:3300/0,v1:172.21.15.84:6789/0] -- mon_getmap magic: 0 v1 -- 0x7faab40fde80 con 0x7faab40fd570
2024-02-15T18:17:58.491 INFO:teuthology.orchestra.run.smithi084.stderr:/usr/bin/ceph:
2024-02-15T18:17:58.486+0000 7faab2ffd700 1 --2- >> [v2:172.21.15.84:3300/0,v1:172.21.15.84:6789/0] conn(0x7faab40fd570 0x7faab40fd990 unknown :-1 s=BANNER_CONNECTING pgs=0 cs=0 l=0 rev1=0 rx=0 tx=0)._handle_peer_banner_payload supported=1 required=0
2024-02-15T18:17:58.491 INFO:teuthology.orchestra.run.smithi084.stderr:/usr/bin/ceph:
2024-02-15T18:17:58.486+0000 7faab2ffd700 1 --2- >> [v2:172.21.15.84:3300/0,v1:172.21.15.84:6789/0] conn(0x7faab40fd570 0x7faab40fd990 unknown :-1 s=HELLO_CONNECTING pgs=0 cs=0 l=0 rev1=1 rx=0 tx=0).handle_hello peer v2:172.21.15.84:3300/0 says I am v2:172.21.15.84:53630/0 (socket says 172.21.15.84:53630)
2024-02-15T18:17:58.491 INFO:teuthology.orchestra.run.smithi084.stderr:/usr/bin/ceph:
2024-02-15T18:17:58.486+0000 7faab2ffd700 1 -- 172.21.15.84:0/757976097 learned_addr learned my addr 172.21.15.84:0/757976097 (peer_addr_for_me v2:172.21.15.84:0/0)
2024-02-15T18:17:58.491 INFO:teuthology.orchestra.run.smithi084.stderr:/usr/bin/ceph:
2024-02-15T18:17:58.486+0000 7faab2ffd700 1 -- 172.21.15.84:0/757976097 --> [v2:172.21.15.84:3300/0,v1:172.21.15.84:6789/0] -- mon_subscribe({config=0+,monmap=0+}) v3 -- 0x7faab40fdfc0 con 0x7faab40fd570
2024-02-15T18:17:58.491 INFO:teuthology.orchestra.run.smithi084.stderr:/usr/bin/ceph:
2024-02-15T18:17:58.486+0000 7faab2ffd700 1 --2- 172.21.15.84:0/757976097 >> [v2:172.21.15.84:3300/0,v1:172.21.15.84:6789/0] conn(0x7faab40fd570 0x7faab40fd990 secure :-1 s=READY pgs=33 cs=0 l=1 rev1=1 rx=0x7faaa400b5f0 tx=0x7faaa4006ee0).ready entity=mon.0 client_cookie=4e057ec8dd78d7bb server_cookie=0 in_seq=0 out_seq=0
2024-02-15T18:17:58.491 INFO:teuthology.orchestra.run.smithi084.stderr:/usr/bin/ceph:
2024-02-15T18:17:58.486+0000 7faab1ffb700 1 -- 172.21.15.84:0/757976097 <== mon.0 v2:172.21.15.84:3300/0 1 ==== mon_map magic: 0 v1 ==== 229+0+0 (secure 0 0 0) 0x7faaa400d600 con 0x7faab40fd570
2024-02-15T18:17:58.492 INFO:teuthology.orchestra.run.smithi084.stderr:/usr/bin/ceph:
2024-02-15T18:17:58.486+0000 7faab1ffb700 1 -- 172.21.15.84:0/757976097 <== mon.0 v2:172.21.15.84:3300/0 2 ==== config(26 keys) v1 ==== 1045+0+0 (secure 0 0 0) 0x7faaa400dbf0 con 0x7faab40fd570
2024-02-15T18:17:58.492 INFO:teuthology.orchestra.run.smithi084.stderr:/usr/bin/ceph:
2024-02-15T18:17:58.486+0000 7faab1ffb700 1 -- 172.21.15.84:0/757976097 <== mon.0 v2:172.21.15.84:3300/0 3 ==== mon_map magic: 0 v1 ==== 229+0+0 (secure 0 0 0) 0x7faaa4011cb0 con 0x7faab40fd570
2024-02-15T18:17:58.492 INFO:teuthology.orchestra.run.smithi084.stderr:/usr/bin/ceph:
2024-02-15T18:17:58.487+0000 7faab9505700 1 -- 172.21.15.84:0/757976097 >> [v2:172.21.15.84:3300/0,v1:172.21.15.84:6789/0] conn(0x7faab40fd570 msgr2=0x7faab40fd990 secure :-1 s=STATE_CONNECTION_ESTABLISHED l=1).mark_down
2024-02-15T18:17:58.492 INFO:teuthology.orchestra.run.smithi084.stderr:/usr/bin/ceph:
2024-02-15T18:17:58.487+0000 7faab9505700 1 --2- 172.21.15.84:0/757976097 >> [v2:172.21.15.84:3300/0,v1:172.21.15.84:6789/0] conn(0x7faab40fd570 0x7faab40fd990 secure :-1 s=READY pgs=33 cs=0 l=1 rev1=1 rx=0x7faaa400b5f0 tx=0x7faaa4006ee0).stop
2024-02-15T18:17:58.492 INFO:teuthology.orchestra.run.smithi084.stderr:/usr/bin/ceph:
2024-02-15T18:17:58.487+0000 7faab9505700 1 -- 172.21.15.84:0/757976097 shutdown_connections
2024-02-15T18:17:58.492 INFO:teuthology.orchestra.run.smithi084.stderr:/usr/bin/ceph:
2024-02-15T18:17:58.487+0000 7faab9505700 1 --2- 172.21.15.84:0/757976097 >> [v2:172.21.15.84:3300/0,v1:172.21.15.84:6789/0] conn(0x7faab40fd570 0x7faab40fd990 unknown :-1 s=CLOSED pgs=33 cs=0 l=1 rev1=1 rx=0 tx=0).stop
2024-02-15T18:17:58.492 INFO:teuthology.orchestra.run.smithi084.stderr:/usr/bin/ceph:
2024-02-15T18:17:58.487+0000 7faab9505700 1 -- 172.21.15.84:0/757976097 >> 172.21.15.84:0/757976097 conn(0x7faab40f5d30 msgr2=0x7faab40f8150 unknown :-1 s=STATE_NONE l=0).mark_down
2024-02-15T18:17:58.492 INFO:teuthology.orchestra.run.smithi084.stderr:/usr/bin/ceph:
2024-02-15T18:17:58.487+0000 7faab9505700 1 -- 172.21.15.84:0/757976097 shutdown_connections
2024-02-15T18:17:58.492 INFO:teuthology.orchestra.run.smithi084.stderr:/usr/bin/ceph:
2024-02-15T18:17:58.487+0000 7faab9505700 1 -- 172.21.15.84:0/757976097 wait complete.
2024-02-15T18:17:58.492 INFO:teuthology.orchestra.run.smithi084.stderr:/usr/bin/ceph:
2024-02-15T18:17:58.488+0000 7faab9505700 1 Processor -- start
2024-02-15T18:17:58.492 INFO:teuthology.orchestra.run.smithi084.stderr:/usr/bin/ceph:
2024-02-15T18:17:58.488+0000 7faab9505700 1 -- start start
2024-02-15T18:17:58.492 INFO:teuthology.orchestra.run.smithi084.stderr:/usr/bin/ceph:
2024-02-15T18:17:58.488+0000 7faab9505700 1 --2- >> [v2:172.21.15.84:3300/0,v1:172.21.15.84:6789/0] conn(0x7faab40fd570 0x7faab410abf0 unknown :-1 s=NONE pgs=0 cs=0 l=1 rev1=0 rx=0 tx=0).connect
2024-02-15T18:17:58.492 INFO:teuthology.orchestra.run.smithi084.stderr:/usr/bin/ceph:
2024-02-15T18:17:58.488+0000 7faab9505700 1 -- --> [v2:172.21.15.84:3300/0,v1:172.21.15.84:6789/0] -- mon_getmap magic: 0 v1 -- 0x7faab410b0e0 con 0x7faab40fd570
2024-02-15T18:17:58.492 INFO:teuthology.orchestra.run.smithi084.stderr:/usr/bin/ceph:
2024-02-15T18:17:58.488+0000 7faab2ffd700 1 --2- >> [v2:172.21.15.84:3300/0,v1:172.21.15.84:6789/0] conn(0x7faab40fd570 0x7faab410abf0 unknown :-1 s=BANNER_CONNECTING pgs=0 cs=0 l=1 rev1=0 rx=0 tx=0)._handle_peer_banner_payload supported=1 required=0
2024-02-15T18:17:58.493 INFO:teuthology.orchestra.run.smithi084.stderr:/usr/bin/ceph:
2024-02-15T18:17:58.489+0000 7faab2ffd700 1 --2- >> [v2:172.21.15.84:3300/0,v1:172.21.15.84:6789/0] conn(0x7faab40fd570 0x7faab410abf0 unknown :-1 s=HELLO_CONNECTING pgs=0 cs=0 l=1 rev1=1 rx=0 tx=0).handle_hello peer v2:172.21.15.84:3300/0 says I am v2:172.21.15.84:53632/0 (socket says 172.21.15.84:53632)
2024-02-15T18:17:58.493 INFO:teuthology.orchestra.run.smithi084.stderr:/usr/bin/ceph:
2024-02-15T18:17:58.489+0000 7faab2ffd700 1 -- 172.21.15.84:0/3789035364 learned_addr learned my addr 172.21.15.84:0/3789035364 (peer_addr_for_me v2:172.21.15.84:0/0)
2024-02-15T18:17:58.493 INFO:teuthology.orchestra.run.smithi084.stderr:/usr/bin/ceph:
2024-02-15T18:17:58.489+0000 7faab2ffd700 1 -- 172.21.15.84:0/3789035364 --> [v2:172.21.15.84:3300/0,v1:172.21.15.84:6789/0] -- mon_subscribe({config=0+,monmap=0+}) v3 -- 0x7faaa400b200 con 0x7faab40fd570
2024-02-15T18:17:58.493 INFO:teuthology.orchestra.run.smithi084.stderr:/usr/bin/ceph:
2024-02-15T18:17:58.489+0000 7faab2ffd700 1 --2- 172.21.15.84:0/3789035364 >> [v2:172.21.15.84:3300/0,v1:172.21.15.84:6789/0] conn(0x7faab40fd570 0x7faab410abf0 secure :-1 s=READY pgs=34 cs=0 l=1 rev1=1 rx=0x7faaa4002f40 tx=0x7faaa4006ee0).ready entity=mon.0 client_cookie=0 server_cookie=0 in_seq=0 out_seq=0
2024-02-15T18:17:58.493 INFO:teuthology.orchestra.run.smithi084.stderr:/usr/bin/ceph:
2024-02-15T18:17:58.489+0000 7faaab7fe700 1 -- 172.21.15.84:0/3789035364 <== mon.0 v2:172.21.15.84:3300/0 1 ==== mon_map magic: 0 v1 ==== 229+0+0 (secure 0 0 0) 0x7faaa401b410 con 0x7faab40fd570
2024-02-15T18:17:58.493 INFO:teuthology.orchestra.run.smithi084.stderr:/usr/bin/ceph:
2024-02-15T18:17:58.489+0000 7faaab7fe700 1 -- 172.21.15.84:0/3789035364 <== mon.0 v2:172.21.15.84:3300/0 2 ==== config(26 keys) v1 ==== 1045+0+0 (secure 0 0 0) 0x7faaa401ba00 con 0x7faab40fd570
2024-02-15T18:17:58.493 INFO:teuthology.orchestra.run.smithi084.stderr:/usr/bin/ceph:
2024-02-15T18:17:58.489+0000 7faab9505700 1 -- 172.21.15.84:0/3789035364 --> [v2:172.21.15.84:3300/0,v1:172.21.15.84:6789/0] -- mon_subscribe({mgrmap=0+}) v3 -- 0x7faab410b2e0 con 0x7faab40fd570
2024-02-15T18:17:58.493 INFO:teuthology.orchestra.run.smithi084.stderr:/usr/bin/ceph:
2024-02-15T18:17:58.489+0000 7faaab7fe700 1 -- 172.21.15.84:0/3789035364 <== mon.0 v2:172.21.15.84:3300/0 3 ==== mon_map magic: 0 v1 ==== 229+0+0 (secure 0 0 0) 0x7faaa401a900 con 0x7faab40fd570
2024-02-15T18:17:58.493 INFO:teuthology.orchestra.run.smithi084.stderr:/usr/bin/ceph:
2024-02-15T18:17:58.489+0000 7faab9505700 1 -- 172.21.15.84:0/3789035364 --> [v2:172.21.15.84:3300/0,v1:172.21.15.84:6789/0] -- mon_subscribe({osdmap=0}) v3 -- 0x7faab410b770 con 0x7faab40fd570
2024-02-15T18:17:58.493 INFO:teuthology.orchestra.run.smithi084.stderr:/usr/bin/ceph:
2024-02-15T18:17:58.490+0000 7faab9505700 1 -- 172.21.15.84:0/3789035364 --> [v2:172.21.15.84:3300/0,v1:172.21.15.84:6789/0] -- mon_command({"prefix": "get_command_descriptions"} v 0) v1 -- 0x7faab4045ad0 con 0x7faab40fd570
2024-02-15T18:17:58.493 INFO:teuthology.orchestra.run.smithi084.stderr:/usr/bin/ceph:
2024-02-15T18:17:58.490+0000 7faaab7fe700 1 -- 172.21.15.84:0/3789035364 <== mon.0 v2:172.21.15.84:3300/0 4 ==== mgrmap(e 8) v1 ==== 36120+0+0 (secure 0 0 0) 0x7faaa400f070 con 0x7faab40fd570
2024-02-15T18:17:58.493 INFO:teuthology.orchestra.run.smithi084.stderr:/usr/bin/ceph:
2024-02-15T18:17:58.490+0000 7faaab7fe700 1 --2- 172.21.15.84:0/3789035364 >> [v2:172.21.15.84:6800/519542921,v1:172.21.15.84:6801/519542921] conn(0x7faa9402fe10 0x7faa940322d0 unknown :-1 s=NONE pgs=0 cs=0 l=1 rev1=0 rx=0 tx=0).connect
2024-02-15T18:17:58.493 INFO:teuthology.orchestra.run.smithi084.stderr:/usr/bin/ceph:
2024-02-15T18:17:58.491+0000 7faaab7fe700 1 -- 172.21.15.84:0/3789035364 <== mon.0 v2:172.21.15.84:3300/0 5 ==== osd_map(2..2 src has 1..2) v4 ==== 926+0+0 (secure 0 0 0) 0x7faaa40413d0 con 0x7faab40fd570
2024-02-15T18:17:58.493 INFO:teuthology.orchestra.run.smithi084.stderr:/usr/bin/ceph:
2024-02-15T18:17:58.491+0000 7faab27fc700 1 --2- 172.21.15.84:0/3789035364 >> [v2:172.21.15.84:6800/519542921,v1:172.21.15.84:6801/519542921] conn(0x7faa9402fe10 0x7faa940322d0 unknown :-1 s=BANNER_CONNECTING pgs=0 cs=0 l=1 rev1=0 rx=0 tx=0)._handle_peer_banner_payload supported=1 required=0
2024-02-15T18:17:58.494 INFO:teuthology.orchestra.run.smithi084.stderr:/usr/bin/ceph:
2024-02-15T18:17:58.491+0000 7faab27fc700 1 --2- 172.21.15.84:0/3789035364 >> [v2:172.21.15.84:6800/519542921,v1:172.21.15.84:6801/519542921] conn(0x7faa9402fe10 0x7faa940322d0 secure :-1 s=READY pgs=8 cs=0 l=1 rev1=1 rx=0x7faa9c0096a0 tx=0x7faa9c006b40).ready entity=mgr.14114 client_cookie=0 server_cookie=0 in_seq=0 out_seq=0
2024-02-15T18:17:58.494 INFO:teuthology.orchestra.run.smithi084.stderr:/usr/bin/ceph:
2024-02-15T18:17:58.495+0000 7faaab7fe700 1 -- 172.21.15.84:0/3789035364 <== mon.0 v2:172.21.15.84:3300/0 6 ==== mon_command_ack([{"prefix": "get_command_descriptions"}]=0 v0) v1 ==== 72+0+152212 (secure 0 0 0) 0x7faaa4022310 con 0x7faab40fd570
2024-02-15T18:17:58.513 INFO:journalctl@ceph.mon.smithi084.smithi084.stdout:Feb 15 18:17:58 smithi084 ceph-631a4cdc-cc2e-11ee-95ba-87774f69a715-mon.smithi084[38210]: audit
2024-02-15T18:17:57.438223+0000 mgr.smithi084.hjmnez (mgr.14114) 4 : audit [DBG] from='client.14126 -' entity='client.admin' cmd=[{"prefix": "cephadm set-user", "user": "root", "target": ["mon-mgr", ""]}]: dispatch
2024-02-15T18:17:58.645 INFO:teuthology.orchestra.run.smithi084.stderr:/usr/bin/ceph:
2024-02-15T18:17:58.645+0000 7faab9505700 1 -- 172.21.15.84:0/3789035364 --> [v2:172.21.15.84:6800/519542921,v1:172.21.15.84:6801/519542921] -- mgr_command(tid 0: {"prefix": "cephadm generate-key", "target": ["mon-mgr", ""]}) v1 -- 0x7faab410bfd0 con 0x7faa9402fe10
2024-02-15T18:17:59.148 INFO:teuthology.orchestra.run.smithi084.stderr:/usr/bin/ceph:
2024-02-15T18:17:59.148+0000 7faaab7fe700 1 -- 172.21.15.84:0/3789035364 <== mgr.14114 v2:172.21.15.84:6800/519542921 1 ==== mgr_command_reply(tid 0: 0 ) v1 ==== 8+0+0 (secure 0 0 0) 0x7faab410bfd0 con 0x7faa9402fe10
2024-02-15T18:17:59.150 INFO:teuthology.orchestra.run.smithi084.stderr:/usr/bin/ceph:
2024-02-15T18:17:59.150+0000 7faab9505700 1 -- 172.21.15.84:0/3789035364 >> [v2:172.21.15.84:6800/519542921,v1:172.21.15.84:6801/519542921] conn(0x7faa9402fe10 msgr2=0x7faa940322d0 secure :-1 s=STATE_CONNECTION_ESTABLISHED l=1).mark_down
2024-02-15T18:17:59.151 INFO:teuthology.orchestra.run.smithi084.stderr:/usr/bin/ceph:
2024-02-15T18:17:59.150+0000 7faab9505700 1 --2- 172.21.15.84:0/3789035364 >> [v2:172.21.15.84:6800/519542921,v1:172.21.15.84:6801/519542921] conn(0x7faa9402fe10 0x7faa940322d0 secure :-1 s=READY pgs=8 cs=0 l=1 rev1=1 rx=0x7faa9c0096a0 tx=0x7faa9c006b40).stop
2024-02-15T18:17:59.151 INFO:teuthology.orchestra.run.smithi084.stderr:/usr/bin/ceph:
2024-02-15T18:17:59.150+0000 7faab9505700 1 -- 172.21.15.84:0/3789035364 >> [v2:172.21.15.84:3300/0,v1:172.21.15.84:6789/0] conn(0x7faab40fd570 msgr2=0x7faab410abf0 secure :-1 s=STATE_CONNECTION_ESTABLISHED l=1).mark_down
2024-02-15T18:17:59.151 INFO:teuthology.orchestra.run.smithi084.stderr:/usr/bin/ceph:
2024-02-15T18:17:59.150+0000 7faab9505700 1 --2- 172.21.15.84:0/3789035364 >> [v2:172.21.15.84:3300/0,v1:172.21.15.84:6789/0] conn(0x7faab40fd570 0x7faab410abf0 secure :-1 s=READY pgs=34 cs=0 l=1 rev1=1 rx=0x7faaa4002f40 tx=0x7faaa4006ee0).stop
2024-02-15T18:17:59.151 INFO:teuthology.orchestra.run.smithi084.stderr:/usr/bin/ceph:
2024-02-15T18:17:59.150+0000 7faab9505700 1 -- 172.21.15.84:0/3789035364 shutdown_connections
2024-02-15T18:17:59.151 INFO:teuthology.orchestra.run.smithi084.stderr:/usr/bin/ceph:
2024-02-15T18:17:59.150+0000 7faab9505700 1 --2- 172.21.15.84:0/3789035364 >> [v2:172.21.15.84:6800/519542921,v1:172.21.15.84:6801/519542921] conn(0x7faa9402fe10 0x7faa940322d0 unknown :-1 s=CLOSED pgs=8 cs=0 l=1 rev1=1 rx=0 tx=0).stop
2024-02-15T18:17:59.151 INFO:teuthology.orchestra.run.smithi084.stderr:/usr/bin/ceph:
2024-02-15T18:17:59.150+0000 7faab9505700 1 --2- 172.21.15.84:0/3789035364 >> [v2:172.21.15.84:3300/0,v1:172.21.15.84:6789/0] conn(0x7faab40fd570 0x7faab410abf0 unknown :-1 s=CLOSED pgs=34 cs=0 l=1 rev1=1 rx=0 tx=0).stop
2024-02-15T18:17:59.151 INFO:teuthology.orchestra.run.smithi084.stderr:/usr/bin/ceph:
2024-02-15T18:17:59.150+0000 7faab9505700 1 -- 172.21.15.84:0/3789035364 >> 172.21.15.84:0/3789035364 conn(0x7faab40f5d30 msgr2=0x7faab40ff470 unknown :-1 s=STATE_NONE l=0).mark_down
2024-02-15T18:17:59.151 INFO:teuthology.orchestra.run.smithi084.stderr:/usr/bin/ceph:
2024-02-15T18:17:59.150+0000 7faab9505700 1 -- 172.21.15.84:0/3789035364 shutdown_connections
2024-02-15T18:17:59.151 INFO:teuthology.orchestra.run.smithi084.stderr:/usr/bin/ceph:
2024-02-15T18:17:59.150+0000 7faab9505700 1 -- 172.21.15.84:0/3789035364 wait complete.
2024-02-15T18:17:59.678 INFO:teuthology.orchestra.run.smithi084.stderr:Running command: /bin/podman run --rm --ipc=host --no-hosts --net=host --entrypoint /usr/bin/ceph --init -e CONTAINER_IMAGE=docker.io/ceph/ceph:v16.2.4 -e NODE_NAME=smithi084 -e CEPH_USE_RANDOM_NONCE=1 -v /var/log/ceph/631a4cdc-cc2e-11ee-95ba-87774f69a715:/var/log/ceph:z -v /tmp/ceph-tmpzhadl5ft:/etc/ceph/ceph.client.admin.keyring:z -v /tmp/ceph-tmp1x8_3229:/etc/ceph/ceph.conf:z docker.io/ceph/ceph:v16.2.4 cephadm get-pub-key
2024-02-15T18:18:00.189 INFO:teuthology.orchestra.run.smithi084.stderr:/usr/bin/ceph:
2024-02-15T18:18:00.184+0000 7fee8a49f700 1 Processor -- start
2024-02-15T18:18:00.189 INFO:teuthology.orchestra.run.smithi084.stderr:/usr/bin/ceph:
2024-02-15T18:18:00.184+0000 7fee8a49f700 1 -- start start
2024-02-15T18:18:00.189 INFO:teuthology.orchestra.run.smithi084.stderr:/usr/bin/ceph:
2024-02-15T18:18:00.184+0000 7fee8a49f700 1 --2- >> [v2:172.21.15.84:3300/0,v1:172.21.15.84:6789/0] conn(0x7fee84070430 0x7fee840fe890 unknown :-1 s=NONE pgs=0 cs=0 l=0 rev1=0 rx=0 tx=0).connect
2024-02-15T18:18:00.189 INFO:teuthology.orchestra.run.smithi084.stderr:/usr/bin/ceph:
2024-02-15T18:18:00.184+0000 7fee8a49f700 1 -- --> [v2:172.21.15.84:3300/0,v1:172.21.15.84:6789/0] -- mon_getmap magic: 0 v1 -- 0x7fee840fed80 con 0x7fee84070430
2024-02-15T18:18:00.189 INFO:teuthology.orchestra.run.smithi084.stderr:/usr/bin/ceph:
