2024-02-15T18:22:23.730+0000 7f17a259c700 1 --2- >> [v2:172.21.15.33:3300/0,v1:172.21.15.33:6789/0] conn(0x7f17a40fbea0 0x7f17a40725e0 unknown :-1 s=BANNER_CONNECTING pgs=0 cs=0 l=1 rev1=0 rx=0 tx=0)._handle_peer_banner_payload supported=1 required=0
2024-02-15T18:22:23.734 INFO:teuthology.orchestra.run.smithi033.stderr:/usr/bin/ceph:
2024-02-15T18:22:23.730+0000 7f17a259c700 1 --2- >> [v2:172.21.15.33:3300/0,v1:172.21.15.33:6789/0] conn(0x7f17a40fbea0 0x7f17a40725e0 unknown :-1 s=HELLO_CONNECTING pgs=0 cs=0 l=1 rev1=1 rx=0 tx=0).handle_hello peer v2:172.21.15.33:3300/0 says I am v2:172.21.15.33:55578/0 (socket says 172.21.15.33:55578)
2024-02-15T18:22:23.734 INFO:teuthology.orchestra.run.smithi033.stderr:/usr/bin/ceph:
2024-02-15T18:22:23.730+0000 7f17a259c700 1 -- 172.21.15.33:0/1127014528 learned_addr learned my addr 172.21.15.33:0/1127014528 (peer_addr_for_me v2:172.21.15.33:0/0)
2024-02-15T18:22:23.734 INFO:teuthology.orchestra.run.smithi033.stderr:/usr/bin/ceph:
2024-02-15T18:22:23.730+0000 7f17a259c700 1 -- 172.21.15.33:0/1127014528 --> [v2:172.21.15.33:3300/0,v1:172.21.15.33:6789/0] -- mon_subscribe({config=0+,monmap=0+}) v3 -- 0x7f179800b200 con 0x7f17a40fbea0
2024-02-15T18:22:23.734 INFO:teuthology.orchestra.run.smithi033.stderr:/usr/bin/ceph:
2024-02-15T18:22:23.730+0000 7f17a259c700 1 --2- 172.21.15.33:0/1127014528 >> [v2:172.21.15.33:3300/0,v1:172.21.15.33:6789/0] conn(0x7f17a40fbea0 0x7f17a40725e0 secure :-1 s=READY pgs=36 cs=0 l=1 rev1=1 rx=0x7f1798002f40 tx=0x7f1798006ee0).ready entity=mon.0 client_cookie=0 server_cookie=0 in_seq=0 out_seq=0
2024-02-15T18:22:23.734 INFO:teuthology.orchestra.run.smithi033.stderr:/usr/bin/ceph:
2024-02-15T18:22:23.730+0000 7f1792ffd700 1 -- 172.21.15.33:0/1127014528 <== mon.0 v2:172.21.15.33:3300/0 1 ==== mon_map magic: 0 v1 ==== 229+0+0 (secure 0 0 0) 0x7f179801b410 con 0x7f17a40fbea0
2024-02-15T18:22:23.734 INFO:teuthology.orchestra.run.smithi033.stderr:/usr/bin/ceph:
2024-02-15T18:22:23.730+0000 7f1792ffd700 1 -- 172.21.15.33:0/1127014528 <== mon.0 v2:172.21.15.33:3300/0 2 ==== config(26 keys) v1 ==== 1045+0+0 (secure 0 0 0) 0x7f179801ba00 con 0x7f17a40fbea0
2024-02-15T18:22:23.734 INFO:teuthology.orchestra.run.smithi033.stderr:/usr/bin/ceph:
2024-02-15T18:22:23.730+0000 7f1792ffd700 1 -- 172.21.15.33:0/1127014528 <== mon.0 v2:172.21.15.33:3300/0 3 ==== mon_map magic: 0 v1 ==== 229+0+0 (secure 0 0 0) 0x7f179801a980 con 0x7f17a40fbea0
2024-02-15T18:22:23.734 INFO:teuthology.orchestra.run.smithi033.stderr:/usr/bin/ceph:
2024-02-15T18:22:23.730+0000 7f17a8907700 1 -- 172.21.15.33:0/1127014528 --> [v2:172.21.15.33:3300/0,v1:172.21.15.33:6789/0] -- mon_subscribe({mgrmap=0+}) v3 -- 0x7f17a4070c00 con 0x7f17a40fbea0
2024-02-15T18:22:23.735 INFO:teuthology.orchestra.run.smithi033.stderr:/usr/bin/ceph:
2024-02-15T18:22:23.730+0000 7f17a8907700 1 -- 172.21.15.33:0/1127014528 --> [v2:172.21.15.33:3300/0,v1:172.21.15.33:6789/0] -- mon_subscribe({osdmap=0}) v3 -- 0x7f17a4071090 con 0x7f17a40fbea0
2024-02-15T18:22:23.735 INFO:teuthology.orchestra.run.smithi033.stderr:/usr/bin/ceph:
2024-02-15T18:22:23.731+0000 7f1792ffd700 1 -- 172.21.15.33:0/1127014528 <== mon.0 v2:172.21.15.33:3300/0 4 ==== mgrmap(e 8) v1 ==== 36120+0+0 (secure 0 0 0) 0x7f179800f070 con 0x7f17a40fbea0
2024-02-15T18:22:23.735 INFO:teuthology.orchestra.run.smithi033.stderr:/usr/bin/ceph:
2024-02-15T18:22:23.731+0000 7f1792ffd700 1 --2- 172.21.15.33:0/1127014528 >> [v2:172.21.15.33:6800/3962763243,v1:172.21.15.33:6801/3962763243] conn(0x7f178802fe70 0x7f1788032330 unknown :-1 s=NONE pgs=0 cs=0 l=1 rev1=0 rx=0 tx=0).connect
2024-02-15T18:22:23.735 INFO:teuthology.orchestra.run.smithi033.stderr:/usr/bin/ceph:
2024-02-15T18:22:23.731+0000 7f1792ffd700 1 -- 172.21.15.33:0/1127014528 <== mon.0 v2:172.21.15.33:3300/0 5 ==== osd_map(2..2 src has 1..2) v4 ==== 926+0+0 (secure 0 0 0) 0x7f1798041490 con 0x7f17a40fbea0
2024-02-15T18:22:23.735 INFO:teuthology.orchestra.run.smithi033.stderr:/usr/bin/ceph:
2024-02-15T18:22:23.732+0000 7f17a8907700 1 -- 172.21.15.33:0/1127014528 --> [v2:172.21.15.33:3300/0,v1:172.21.15.33:6789/0] -- mon_command({"prefix": "get_command_descriptions"} v 0) v1 -- 0x7f17a4045ad0 con 0x7f17a40fbea0
2024-02-15T18:22:23.735 INFO:teuthology.orchestra.run.smithi033.stderr:/usr/bin/ceph:
2024-02-15T18:22:23.732+0000 7f17a1d9b700 1 --2- 172.21.15.33:0/1127014528 >> [v2:172.21.15.33:6800/3962763243,v1:172.21.15.33:6801/3962763243] conn(0x7f178802fe70 0x7f1788032330 unknown :-1 s=BANNER_CONNECTING pgs=0 cs=0 l=1 rev1=0 rx=0 tx=0)._handle_peer_banner_payload supported=1 required=0
2024-02-15T18:22:23.735 INFO:teuthology.orchestra.run.smithi033.stderr:/usr/bin/ceph:
2024-02-15T18:22:23.732+0000 7f17a1d9b700 1 --2- 172.21.15.33:0/1127014528 >> [v2:172.21.15.33:6800/3962763243,v1:172.21.15.33:6801/3962763243] conn(0x7f178802fe70 0x7f1788032330 secure :-1 s=READY pgs=9 cs=0 l=1 rev1=1 rx=0x7f17940096a0 tx=0x7f1794006b40).ready entity=mgr.14114 client_cookie=0 server_cookie=0 in_seq=0 out_seq=0
2024-02-15T18:22:23.737 INFO:teuthology.orchestra.run.smithi033.stderr:/usr/bin/ceph:
2024-02-15T18:22:23.736+0000 7f1792ffd700 1 -- 172.21.15.33:0/1127014528 <== mon.0 v2:172.21.15.33:3300/0 6 ==== mon_command_ack([{"prefix": "get_command_descriptions"}]=0 v0) v1 ==== 72+0+152212 (secure 0 0 0) 0x7f1798016080 con 0x7f17a40fbea0
2024-02-15T18:22:23.805 INFO:journalctl@ceph.mon.smithi033.smithi033.stdout:Feb 15 18:22:23 smithi033 ceph-fd0b1c90-cc2e-11ee-95ba-87774f69a715-mon.smithi033[38126]: cephadm
2024-02-15T18:22:22.223536+0000 mgr.smithi033.apxevf (mgr.14114) 6 : cephadm [INF] Generating ssh key...
2024-02-15T18:22:23.805 INFO:journalctl@ceph.mon.smithi033.smithi033.stdout:Feb 15 18:22:23 smithi033 ceph-fd0b1c90-cc2e-11ee-95ba-87774f69a715-mon.smithi033[38126]: audit
2024-02-15T18:22:22.528072+0000 mon.smithi033 (mon.0) 52 : audit [INF] from='mgr.14114 172.21.15.33:0/1946375051' entity='mgr.smithi033.apxevf'
2024-02-15T18:22:23.805 INFO:journalctl@ceph.mon.smithi033.smithi033.stdout:Feb 15 18:22:23 smithi033 ceph-fd0b1c90-cc2e-11ee-95ba-87774f69a715-mon.smithi033[38126]: audit
2024-02-15T18:22:22.532625+0000 mon.smithi033 (mon.0) 53 : audit [INF] from='mgr.14114 172.21.15.33:0/1946375051' entity='mgr.smithi033.apxevf'
2024-02-15T18:22:23.896 INFO:teuthology.orchestra.run.smithi033.stderr:/usr/bin/ceph:
2024-02-15T18:22:23.895+0000 7f17a8907700 1 -- 172.21.15.33:0/1127014528 --> [v2:172.21.15.33:6800/3962763243,v1:172.21.15.33:6801/3962763243] -- mgr_command(tid 0: {"prefix": "cephadm get-pub-key", "target": ["mon-mgr", ""]}) v1 -- 0x7f17a4104bf0 con 0x7f178802fe70
2024-02-15T18:22:23.897 INFO:teuthology.orchestra.run.smithi033.stderr:/usr/bin/ceph:
2024-02-15T18:22:23.896+0000 7f1792ffd700 1 -- 172.21.15.33:0/1127014528 <== mgr.14114 v2:172.21.15.33:6800/3962763243 1 ==== mgr_command_reply(tid 0: 0 ) v1 ==== 8+0+595 (secure 0 0 0) 0x7f17a4104bf0 con 0x7f178802fe70
2024-02-15T18:22:23.897 INFO:teuthology.orchestra.run.smithi033.stderr:/usr/bin/ceph: ssh-rsa AAAAB3NzaC1yc2EAAAADAQABAAABgQC0fTsCbfwBO/PrDrTzOA4pTLMxfbIgD2eJQY0b+k4lO8L/cl7VYJSnbn6mq7Sc/wD364evjexvGO2ZHUuFRWZITkgPnb456qFHVAswz/lkljppfFJr/GHNKmIX1nDpMBEwkfoGOAOToSRzvprlPbv+hLidgGZcRyInG61X8ss9p3ezwAXIcq8bsDCnsB0BIc2bFrdmD6PF73PDhqSdOv6s7cdbiSV6bULpjhif+ViQ28NY8UoevvdjBV3wlGE5e8mrKRht4OVQ+GfWOkBQdxDvvfZz3DfJig3hADmAf+L82byIPv0ingbvYECZEExTyhmZqQx1y/S4qeidjpKc7f7DYLY6rxtjTwC+d9/Idw8kq3H2wCQnFn3IKvNnW3PvP8fd/9Atd62Y1qV8vthThiuJ7EvhQWVa6jqH1F8UazIS0rmYrefuNO828opbey4dwir8QzDO1Vx8lUS2y9RijxvMjMUuPtzKIi1LY+sAm77hn42KON3Gl5W1UyukNuP1lwc= ceph-fd0b1c90-cc2e-11ee-95ba-87774f69a715
2024-02-15T18:22:23.899 INFO:teuthology.orchestra.run.smithi033.stderr:/usr/bin/ceph:
2024-02-15T18:22:23.897+0000 7f17a8907700 1 -- 172.21.15.33:0/1127014528 >> [v2:172.21.15.33:6800/3962763243,v1:172.21.15.33:6801/3962763243] conn(0x7f178802fe70 msgr2=0x7f1788032330 secure :-1 s=STATE_CONNECTION_ESTABLISHED l=1).mark_down
2024-02-15T18:22:23.899 INFO:teuthology.orchestra.run.smithi033.stderr:/usr/bin/ceph:
2024-02-15T18:22:23.897+0000 7f17a8907700 1 --2- 172.21.15.33:0/1127014528 >> [v2:172.21.15.33:6800/3962763243,v1:172.21.15.33:6801/3962763243] conn(0x7f178802fe70 0x7f1788032330 secure :-1 s=READY pgs=9 cs=0 l=1 rev1=1 rx=0x7f17940096a0 tx=0x7f1794006b40).stop
2024-02-15T18:22:23.899 INFO:teuthology.orchestra.run.smithi033.stderr:/usr/bin/ceph:
2024-02-15T18:22:23.897+0000 7f17a8907700 1 -- 172.21.15.33:0/1127014528 >> [v2:172.21.15.33:3300/0,v1:172.21.15.33:6789/0] conn(0x7f17a40fbea0 msgr2=0x7f17a40725e0 secure :-1 s=STATE_CONNECTION_ESTABLISHED l=1).mark_down
2024-02-15T18:22:23.899 INFO:teuthology.orchestra.run.smithi033.stderr:/usr/bin/ceph:
2024-02-15T18:22:23.897+0000 7f17a8907700 1 --2- 172.21.15.33:0/1127014528 >> [v2:172.21.15.33:3300/0,v1:172.21.15.33:6789/0] conn(0x7f17a40fbea0 0x7f17a40725e0 secure :-1 s=READY pgs=36 cs=0 l=1 rev1=1 rx=0x7f1798002f40 tx=0x7f1798006ee0).stop
2024-02-15T18:22:23.899 INFO:teuthology.orchestra.run.smithi033.stderr:/usr/bin/ceph:
2024-02-15T18:22:23.897+0000 7f17a8907700 1 -- 172.21.15.33:0/1127014528 shutdown_connections
2024-02-15T18:22:23.899 INFO:teuthology.orchestra.run.smithi033.stderr:/usr/bin/ceph:
2024-02-15T18:22:23.897+0000 7f17a8907700 1 --2- 172.21.15.33:0/1127014528 >> [v2:172.21.15.33:6800/3962763243,v1:172.21.15.33:6801/3962763243] conn(0x7f178802fe70 0x7f1788032330 unknown :-1 s=CLOSED pgs=9 cs=0 l=1 rev1=1 rx=0 tx=0).stop
2024-02-15T18:22:23.900 INFO:teuthology.orchestra.run.smithi033.stderr:/usr/bin/ceph:
2024-02-15T18:22:23.897+0000 7f17a8907700 1 --2- 172.21.15.33:0/1127014528 >> [v2:172.21.15.33:3300/0,v1:172.21.15.33:6789/0] conn(0x7f17a40fbea0 0x7f17a40725e0 unknown :-1 s=CLOSED pgs=36 cs=0 l=1 rev1=1 rx=0 tx=0).stop
2024-02-15T18:22:23.900 INFO:teuthology.orchestra.run.smithi033.stderr:/usr/bin/ceph:
2024-02-15T18:22:23.897+0000 7f17a8907700 1 -- 172.21.15.33:0/1127014528 >> 172.21.15.33:0/1127014528 conn(0x7f17a40f76a0 msgr2=0x7f17a40f9020 unknown :-1 s=STATE_NONE l=0).mark_down
2024-02-15T18:22:23.900 INFO:teuthology.orchestra.run.smithi033.stderr:/usr/bin/ceph:
2024-02-15T18:22:23.897+0000 7f17a8907700 1 -- 172.21.15.33:0/1127014528 shutdown_connections
2024-02-15T18:22:23.900 INFO:teuthology.orchestra.run.smithi033.stderr:/usr/bin/ceph:
2024-02-15T18:22:23.898+0000 7f17a8907700 1 -- 172.21.15.33:0/1127014528 wait complete.
2024-02-15T18:22:24.656 INFO:teuthology.orchestra.run.smithi033.stderr:Wrote public SSH key to /home/ubuntu/cephtest/ceph.pub
2024-02-15T18:22:24.656 INFO:teuthology.orchestra.run.smithi033.stderr:Adding key to root@localhost authorized_keys...
2024-02-15T18:22:24.657 INFO:teuthology.orchestra.run.smithi033.stderr:Adding host smithi033...
2024-02-15T18:22:24.657 INFO:teuthology.orchestra.run.smithi033.stderr:Running command: /bin/podman run --rm --ipc=host --no-hosts --net=host --entrypoint /usr/bin/ceph --init -e CONTAINER_IMAGE=docker.io/ceph/ceph:v16.2.4 -e NODE_NAME=smithi033 -e CEPH_USE_RANDOM_NONCE=1 -v /var/log/ceph/fd0b1c90-cc2e-11ee-95ba-87774f69a715:/var/log/ceph:z -v /tmp/ceph-tmpy4qjmxys:/etc/ceph/ceph.client.admin.keyring:z -v /tmp/ceph-tmp5lf3t_03:/etc/ceph/ceph.conf:z docker.io/ceph/ceph:v16.2.4 orch host add smithi033 172.21.15.33
2024-02-15T18:22:24.658 INFO:journalctl@ceph.mon.smithi033.smithi033.stdout:Feb 15 18:22:24 smithi033 ceph-fd0b1c90-cc2e-11ee-95ba-87774f69a715-mon.smithi033[38126]: audit
2024-02-15T18:22:23.897726+0000 mgr.smithi033.apxevf (mgr.14114) 7 : audit [DBG] from='client.14130 -' entity='client.admin' cmd=[{"prefix": "cephadm get-pub-key", "target": ["mon-mgr", ""]}]: dispatch
2024-02-15T18:22:25.540 INFO:teuthology.orchestra.run.smithi033.stderr:/usr/bin/ceph:
2024-02-15T18:22:25.537+0000 7f02664ca700 1 Processor -- start
2024-02-15T18:22:25.541 INFO:teuthology.orchestra.run.smithi033.stderr:/usr/bin/ceph:
2024-02-15T18:22:25.537+0000 7f02664ca700 1 -- start start
2024-02-15T18:22:25.541 INFO:teuthology.orchestra.run.smithi033.stderr:/usr/bin/ceph:
2024-02-15T18:22:25.537+0000 7f02664ca700 1 --2- >> [v2:172.21.15.33:3300/0,v1:172.21.15.33:6789/0] conn(0x7f0260070430 0x7f02600fea50 unknown :-1 s=NONE pgs=0 cs=0 l=0 rev1=0 rx=0 tx=0).connect
2024-02-15T18:22:25.541 INFO:teuthology.orchestra.run.smithi033.stderr:/usr/bin/ceph:
2024-02-15T18:22:25.537+0000 7f02664ca700 1 -- --> [v2:172.21.15.33:3300/0,v1:172.21.15.33:6789/0] -- mon_getmap magic: 0 v1 -- 0x7f02600fef40 con 0x7f0260070430
2024-02-15T18:22:25.541 INFO:teuthology.orchestra.run.smithi033.stderr:/usr/bin/ceph:
2024-02-15T18:22:25.537+0000 7f025ffff700 1 --2- >> [v2:172.21.15.33:3300/0,v1:172.21.15.33:6789/0] conn(0x7f0260070430 0x7f02600fea50 unknown :-1 s=BANNER_CONNECTING pgs=0 cs=0 l=0 rev1=0 rx=0 tx=0)._handle_peer_banner_payload supported=1 required=0
2024-02-15T18:22:25.541 INFO:teuthology.orchestra.run.smithi033.stderr:/usr/bin/ceph:
2024-02-15T18:22:25.537+0000 7f025ffff700 1 --2- >> [v2:172.21.15.33:3300/0,v1:172.21.15.33:6789/0] conn(0x7f0260070430 0x7f02600fea50 unknown :-1 s=HELLO_CONNECTING pgs=0 cs=0 l=0 rev1=1 rx=0 tx=0).handle_hello peer v2:172.21.15.33:3300/0 says I am v2:172.21.15.33:48832/0 (socket says 172.21.15.33:48832)
2024-02-15T18:22:25.541 INFO:teuthology.orchestra.run.smithi033.stderr:/usr/bin/ceph:
2024-02-15T18:22:25.537+0000 7f025ffff700 1 -- 172.21.15.33:0/261001598 learned_addr learned my addr 172.21.15.33:0/261001598 (peer_addr_for_me v2:172.21.15.33:0/0)
2024-02-15T18:22:25.541 INFO:teuthology.orchestra.run.smithi033.stderr:/usr/bin/ceph:
2024-02-15T18:22:25.537+0000 7f025ffff700 1 -- 172.21.15.33:0/261001598 --> [v2:172.21.15.33:3300/0,v1:172.21.15.33:6789/0] -- mon_subscribe({config=0+,monmap=0+}) v3 -- 0x7f02600ff080 con 0x7f0260070430
2024-02-15T18:22:25.541 INFO:teuthology.orchestra.run.smithi033.stderr:/usr/bin/ceph:
2024-02-15T18:22:25.537+0000 7f025ffff700 1 --2- 172.21.15.33:0/261001598 >> [v2:172.21.15.33:3300/0,v1:172.21.15.33:6789/0] conn(0x7f0260070430 0x7f02600fea50 secure :-1 s=READY pgs=37 cs=0 l=1 rev1=1 rx=0x7f025000b5f0 tx=0x7f0250006ee0).ready entity=mon.0 client_cookie=3e8087fcd6be898b server_cookie=0 in_seq=0 out_seq=0
2024-02-15T18:22:25.541 INFO:teuthology.orchestra.run.smithi033.stderr:/usr/bin/ceph:
2024-02-15T18:22:25.538+0000 7f025effd700 1 -- 172.21.15.33:0/261001598 <== mon.0 v2:172.21.15.33:3300/0 1 ==== mon_map magic: 0 v1 ==== 229+0+0 (secure 0 0 0) 0x7f025000d600 con 0x7f0260070430
2024-02-15T18:22:25.541 INFO:teuthology.orchestra.run.smithi033.stderr:/usr/bin/ceph:
2024-02-15T18:22:25.538+0000 7f025effd700 1 -- 172.21.15.33:0/261001598 <== mon.0 v2:172.21.15.33:3300/0 2 ==== config(26 keys) v1 ==== 1045+0+0 (secure 0 0 0) 0x7f025000dbf0 con 0x7f0260070430
2024-02-15T18:22:25.541 INFO:teuthology.orchestra.run.smithi033.stderr:/usr/bin/ceph:
2024-02-15T18:22:25.538+0000 7f025effd700 1 -- 172.21.15.33:0/261001598 <== mon.0 v2:172.21.15.33:3300/0 3 ==== mon_map magic: 0 v1 ==== 229+0+0 (secure 0 0 0) 0x7f0250011cb0 con 0x7f0260070430
2024-02-15T18:22:25.541 INFO:teuthology.orchestra.run.smithi033.stderr:/usr/bin/ceph:
2024-02-15T18:22:25.538+0000 7f02664ca700 1 -- 172.21.15.33:0/261001598 >> [v2:172.21.15.33:3300/0,v1:172.21.15.33:6789/0] conn(0x7f0260070430 msgr2=0x7f02600fea50 secure :-1 s=STATE_CONNECTION_ESTABLISHED l=1).mark_down
2024-02-15T18:22:25.542 INFO:teuthology.orchestra.run.smithi033.stderr:/usr/bin/ceph:
2024-02-15T18:22:25.538+0000 7f02664ca700 1 --2- 172.21.15.33:0/261001598 >> [v2:172.21.15.33:3300/0,v1:172.21.15.33:6789/0] conn(0x7f0260070430 0x7f02600fea50 secure :-1 s=READY pgs=37 cs=0 l=1 rev1=1 rx=0x7f025000b5f0 tx=0x7f0250006ee0).stop
2024-02-15T18:22:25.542 INFO:teuthology.orchestra.run.smithi033.stderr:/usr/bin/ceph:
2024-02-15T18:22:25.538+0000 7f02664ca700 1 -- 172.21.15.33:0/261001598 shutdown_connections
2024-02-15T18:22:25.542 INFO:teuthology.orchestra.run.smithi033.stderr:/usr/bin/ceph:
2024-02-15T18:22:25.538+0000 7f02664ca700 1 --2- 172.21.15.33:0/261001598 >> [v2:172.21.15.33:3300/0,v1:172.21.15.33:6789/0] conn(0x7f0260070430 0x7f02600fea50 unknown :-1 s=CLOSED pgs=37 cs=0 l=1 rev1=1 rx=0 tx=0).stop
2024-02-15T18:22:25.542 INFO:teuthology.orchestra.run.smithi033.stderr:/usr/bin/ceph:
2024-02-15T18:22:25.538+0000 7f02664ca700 1 -- 172.21.15.33:0/261001598 >> 172.21.15.33:0/261001598 conn(0x7f02600f6530 msgr2=0x7f02600f8950 unknown :-1 s=STATE_NONE l=0).mark_down
2024-02-15T18:22:25.542 INFO:teuthology.orchestra.run.smithi033.stderr:/usr/bin/ceph:
2024-02-15T18:22:25.538+0000 7f02664ca700 1 -- 172.21.15.33:0/261001598 shutdown_connections
2024-02-15T18:22:25.542 INFO:teuthology.orchestra.run.smithi033.stderr:/usr/bin/ceph:
2024-02-15T18:22:25.538+0000 7f02664ca700 1 -- 172.21.15.33:0/261001598 wait complete.
2024-02-15T18:22:25.542 INFO:teuthology.orchestra.run.smithi033.stderr:/usr/bin/ceph:
2024-02-15T18:22:25.539+0000 7f02664ca700 1 Processor -- start
2024-02-15T18:22:25.542 INFO:teuthology.orchestra.run.smithi033.stderr:/usr/bin/ceph:
2024-02-15T18:22:25.539+0000 7f02664ca700 1 -- start start
2024-02-15T18:22:25.542 INFO:teuthology.orchestra.run.smithi033.stderr:/usr/bin/ceph:
2024-02-15T18:22:25.539+0000 7f02664ca700 1 --2- >> [v2:172.21.15.33:3300/0,v1:172.21.15.33:6789/0] conn(0x7f0260070430 0x7f02600fc4d0 unknown :-1 s=NONE pgs=0 cs=0 l=1 rev1=0 rx=0 tx=0).connect
2024-02-15T18:22:25.542 INFO:teuthology.orchestra.run.smithi033.stderr:/usr/bin/ceph:
2024-02-15T18:22:25.539+0000 7f02664ca700 1 -- --> [v2:172.21.15.33:3300/0,v1:172.21.15.33:6789/0] -- mon_getmap magic: 0 v1 -- 0x7f02600fa950 con 0x7f0260070430
2024-02-15T18:22:25.542 INFO:teuthology.orchestra.run.smithi033.stderr:/usr/bin/ceph:
2024-02-15T18:22:25.540+0000 7f025ffff700 1 --2- >> [v2:172.21.15.33:3300/0,v1:172.21.15.33:6789/0] conn(0x7f0260070430 0x7f02600fc4d0 unknown :-1 s=BANNER_CONNECTING pgs=0 cs=0 l=1 rev1=0 rx=0 tx=0)._handle_peer_banner_payload supported=1 required=0
2024-02-15T18:22:25.542 INFO:teuthology.orchestra.run.smithi033.stderr:/usr/bin/ceph:
2024-02-15T18:22:25.540+0000 7f025ffff700 1 --2- >> [v2:172.21.15.33:3300/0,v1:172.21.15.33:6789/0] conn(0x7f0260070430 0x7f02600fc4d0 unknown :-1 s=HELLO_CONNECTING pgs=0 cs=0 l=1 rev1=1 rx=0 tx=0).handle_hello peer v2:172.21.15.33:3300/0 says I am v2:172.21.15.33:48848/0 (socket says 172.21.15.33:48848)
2024-02-15T18:22:25.542 INFO:teuthology.orchestra.run.smithi033.stderr:/usr/bin/ceph:
2024-02-15T18:22:25.540+0000 7f025ffff700 1 -- 172.21.15.33:0/1157131686 learned_addr learned my addr 172.21.15.33:0/1157131686 (peer_addr_for_me v2:172.21.15.33:0/0)
2024-02-15T18:22:25.544 INFO:teuthology.orchestra.run.smithi033.stderr:/usr/bin/ceph:
2024-02-15T18:22:25.540+0000 7f025ffff700 1 -- 172.21.15.33:0/1157131686 --> [v2:172.21.15.33:3300/0,v1:172.21.15.33:6789/0] -- mon_subscribe({config=0+,monmap=0+}) v3 -- 0x7f025000b200 con 0x7f0260070430
2024-02-15T18:22:25.544 INFO:teuthology.orchestra.run.smithi033.stderr:/usr/bin/ceph:
2024-02-15T18:22:25.540+0000 7f025ffff700 1 --2- 172.21.15.33:0/1157131686 >> [v2:172.21.15.33:3300/0,v1:172.21.15.33:6789/0] conn(0x7f0260070430 0x7f02600fc4d0 secure :-1 s=READY pgs=38 cs=0 l=1 rev1=1 rx=0x7f025000df90 tx=0x7f0250006ee0).ready entity=mon.0 client_cookie=0 server_cookie=0 in_seq=0 out_seq=0
2024-02-15T18:22:25.544 INFO:teuthology.orchestra.run.smithi033.stderr:/usr/bin/ceph:
2024-02-15T18:22:25.540+0000 7f025cff9700 1 -- 172.21.15.33:0/1157131686 <== mon.0 v2:172.21.15.33:3300/0 1 ==== mon_map magic: 0 v1 ==== 229+0+0 (secure 0 0 0) 0x7f025001b410 con 0x7f0260070430
2024-02-15T18:22:25.544 INFO:teuthology.orchestra.run.smithi033.stderr:/usr/bin/ceph:
2024-02-15T18:22:25.540+0000 7f025cff9700 1 -- 172.21.15.33:0/1157131686 <== mon.0 v2:172.21.15.33:3300/0 2 ==== config(26 keys) v1 ==== 1045+0+0 (secure 0 0 0) 0x7f025001ba00 con 0x7f0260070430
2024-02-15T18:22:25.544 INFO:teuthology.orchestra.run.smithi033.stderr:/usr/bin/ceph:
2024-02-15T18:22:25.540+0000 7f02664ca700 1 -- 172.21.15.33:0/1157131686 --> [v2:172.21.15.33:3300/0,v1:172.21.15.33:6789/0] -- mon_subscribe({mgrmap=0+}) v3 -- 0x7f02600faaf0 con 0x7f0260070430
2024-02-15T18:22:25.544 INFO:teuthology.orchestra.run.smithi033.stderr:/usr/bin/ceph:
2024-02-15T18:22:25.540+0000 7f025cff9700 1 -- 172.21.15.33:0/1157131686 <== mon.0 v2:172.21.15.33:3300/0 3 ==== mon_map magic: 0 v1 ==== 229+0+0 (secure 0 0 0) 0x7f025001aa30 con 0x7f0260070430
2024-02-15T18:22:25.544 INFO:teuthology.orchestra.run.smithi033.stderr:/usr/bin/ceph:
2024-02-15T18:22:25.540+0000 7f02664ca700 1 -- 172.21.15.33:0/1157131686 --> [v2:172.21.15.33:3300/0,v1:172.21.15.33:6789/0] -- mon_subscribe({osdmap=0}) v3 -- 0x7f02600faf80 con 0x7f0260070430
2024-02-15T18:22:25.544 INFO:teuthology.orchestra.run.smithi033.stderr:/usr/bin/ceph:
2024-02-15T18:22:25.541+0000 7f025cff9700 1 -- 172.21.15.33:0/1157131686 <== mon.0 v2:172.21.15.33:3300/0 4 ==== mgrmap(e 8) v1 ==== 36120+0+0 (secure 0 0 0) 0x7f025000f070 con 0x7f0260070430
2024-02-15T18:22:25.544 INFO:teuthology.orchestra.run.smithi033.stderr:/usr/bin/ceph:
2024-02-15T18:22:25.541+0000 7f025cff9700 1 --2- 172.21.15.33:0/1157131686 >> [v2:172.21.15.33:6800/3962763243,v1:172.21.15.33:6801/3962763243] conn(0x7f024c02fe70 0x7f024c032330 unknown :-1 s=NONE pgs=0 cs=0 l=1 rev1=0 rx=0 tx=0).connect
2024-02-15T18:22:25.544 INFO:teuthology.orchestra.run.smithi033.stderr:/usr/bin/ceph:
2024-02-15T18:22:25.541+0000 7f025cff9700 1 -- 172.21.15.33:0/1157131686 <== mon.0 v2:172.21.15.33:3300/0 5 ==== osd_map(2..2 src has 1..2) v4 ==== 926+0+0 (secure 0 0 0) 0x7f0250041190 con 0x7f0260070430
2024-02-15T18:22:25.544 INFO:teuthology.orchestra.run.smithi033.stderr:/usr/bin/ceph:
2024-02-15T18:22:25.541+0000 7f025f7fe700 1 --2- 172.21.15.33:0/1157131686 >> [v2:172.21.15.33:6800/3962763243,v1:172.21.15.33:6801/3962763243] conn(0x7f024c02fe70 0x7f024c032330 unknown :-1 s=BANNER_CONNECTING pgs=0 cs=0 l=1 rev1=0 rx=0 tx=0)._handle_peer_banner_payload supported=1 required=0
2024-02-15T18:22:25.545 INFO:teuthology.orchestra.run.smithi033.stderr:/usr/bin/ceph:
2024-02-15T18:22:25.541+0000 7f02664ca700 1 -- 172.21.15.33:0/1157131686 --> [v2:172.21.15.33:3300/0,v1:172.21.15.33:6789/0] -- mon_command({"prefix": "get_command_descriptions"} v 0) v1 -- 0x7f0260059100 con 0x7f0260070430
2024-02-15T18:22:25.545 INFO:teuthology.orchestra.run.smithi033.stderr:/usr/bin/ceph:
2024-02-15T18:22:25.542+0000 7f025f7fe700 1 --2- 172.21.15.33:0/1157131686 >> [v2:172.21.15.33:6800/3962763243,v1:172.21.15.33:6801/3962763243] conn(0x7f024c02fe70 0x7f024c032330 secure :-1 s=READY pgs=10 cs=0 l=1 rev1=1 rx=0x7f02540096a0 tx=0x7f0254006b40).ready entity=mgr.14114 client_cookie=0 server_cookie=0 in_seq=0 out_seq=0
2024-02-15T18:22:25.547 INFO:teuthology.orchestra.run.smithi033.stderr:/usr/bin/ceph:
2024-02-15T18:22:25.546+0000 7f025cff9700 1 -- 172.21.15.33:0/1157131686 <== mon.0 v2:172.21.15.33:3300/0 6 ==== mon_command_ack([{"prefix": "get_command_descriptions"}]=0 v0) v1 ==== 72+0+152212 (secure 0 0 0) 0x7f0250016070 con 0x7f0260070430
2024-02-15T18:22:25.729 INFO:teuthology.orchestra.run.smithi033.stderr:/usr/bin/ceph:
2024-02-15T18:22:25.728+0000 7f02664ca700 1 -- 172.21.15.33:0/1157131686 --> [v2:172.21.15.33:6800/3962763243,v1:172.21.15.33:6801/3962763243] -- mgr_command(tid 0: {"prefix": "orch host add", "hostname": "smithi033", "addr": "172.21.15.33", "target": ["mon-mgr", ""]}) v1 -- 0x7f02600ffe30 con 0x7f024c02fe70
2024-02-15T18:22:26.305 INFO:journalctl@ceph.mon.smithi033.smithi033.stdout:Feb 15 18:22:26 smithi033 ceph-fd0b1c90-cc2e-11ee-95ba-87774f69a715-mon.smithi033[38126]: audit
2024-02-15T18:22:25.730841+0000 mgr.smithi033.apxevf (mgr.14114) 8 : audit [DBG] from='client.14132 -' entity='client.admin' cmd=[{"prefix": "orch host add", "hostname": "smithi033", "addr": "172.21.15.33", "target": ["mon-mgr", ""]}]: dispatch
2024-02-15T18:22:26.342 INFO:teuthology.orchestra.run.smithi033.stderr:/usr/bin/ceph: Added host 'smithi033'
2024-02-15T18:22:26.342 INFO:teuthology.orchestra.run.smithi033.stderr:/usr/bin/ceph:
2024-02-15T18:22:26.340+0000 7f025cff9700 1 -- 172.21.15.33:0/1157131686 <== mgr.14114 v2:172.21.15.33:6800/3962763243 1 ==== mgr_command_reply(tid 0: 0 ) v1 ==== 8+0+23 (secure 0 0 0) 0x7f02600ffe30 con 0x7f024c02fe70
2024-02-15T18:22:26.344 INFO:teuthology.orchestra.run.smithi033.stderr:/usr/bin/ceph:
2024-02-15T18:22:26.343+0000 7f02664ca700 1 -- 172.21.15.33:0/1157131686 >> [v2:172.21.15.33:6800/3962763243,v1:172.21.15.33:6801/3962763243] conn(0x7f024c02fe70 msgr2=0x7f024c032330 secure :-1 s=STATE_CONNECTION_ESTABLISHED l=1).mark_down
2024-02-15T18:22:26.345 INFO:teuthology.orchestra.run.smithi033.stderr:/usr/bin/ceph:
2024-02-15T18:22:26.343+0000 7f02664ca700 1 --2- 172.21.15.33:0/1157131686 >> [v2:172.21.15.33:6800/3962763243,v1:172.21.15.33:6801/3962763243] conn(0x7f024c02fe70 0x7f024c032330 secure :-1 s=READY pgs=10 cs=0 l=1 rev1=1 rx=0x7f02540096a0 tx=0x7f0254006b40).stop
2024-02-15T18:22:26.345 INFO:teuthology.orchestra.run.smithi033.stderr:/usr/bin/ceph:
2024-02-15T18:22:26.343+0000 7f02664ca700 1 -- 172.21.15.33:0/1157131686 >> [v2:172.21.15.33:3300/0,v1:172.21.15.33:6789/0] conn(0x7f0260070430 msgr2=0x7f02600fc4d0 secure :-1 s=STATE_CONNECTION_ESTABLISHED l=1).mark_down
2024-02-15T18:22:26.345 INFO:teuthology.orchestra.run.smithi033.stderr:/usr/bin/ceph:
2024-02-15T18:22:26.343+0000 7f02664ca700 1 --2- 172.21.15.33:0/1157131686 >> [v2:172.21.15.33:3300/0,v1:172.21.15.33:6789/0] conn(0x7f0260070430 0x7f02600fc4d0 secure :-1 s=READY pgs=38 cs=0 l=1 rev1=1 rx=0x7f025000df90 tx=0x7f0250006ee0).stop
2024-02-15T18:22:26.345 INFO:teuthology.orchestra.run.smithi033.stderr:/usr/bin/ceph:
2024-02-15T18:22:26.343+0000 7f02664ca700 1 -- 172.21.15.33:0/1157131686 shutdown_connections
2024-02-15T18:22:26.345 INFO:teuthology.orchestra.run.smithi033.stderr:/usr/bin/ceph:
2024-02-15T18:22:26.343+0000 7f02664ca700 1 --2- 172.21.15.33:0/1157131686 >> [v2:172.21.15.33:6800/3962763243,v1:172.21.15.33:6801/3962763243] conn(0x7f024c02fe70 0x7f024c032330 unknown :-1 s=CLOSED pgs=10 cs=0 l=1 rev1=1 rx=0 tx=0).stop
2024-02-15T18:22:26.345 INFO:teuthology.orchestra.run.smithi033.stderr:/usr/bin/ceph:
2024-02-15T18:22:26.343+0000 7f02664ca700 1 --2- 172.21.15.33:0/1157131686 >> [v2:172.21.15.33:3300/0,v1:172.21.15.33:6789/0] conn(0x7f0260070430 0x7f02600fc4d0 unknown :-1 s=CLOSED pgs=38 cs=0 l=1 rev1=1 rx=0 tx=0).stop
2024-02-15T18:22:26.345 INFO:teuthology.orchestra.run.smithi033.stderr:/usr/bin/ceph:
2024-02-15T18:22:26.343+0000 7f02664ca700 1 -- 172.21.15.33:0/1157131686 >> 172.21.15.33:0/1157131686 conn(0x7f02600f6530 msgr2=0x7f02600f7f50 unknown :-1 s=STATE_NONE l=0).mark_down
2024-02-15T18:22:26.345 INFO:teuthology.orchestra.run.smithi033.stderr:/usr/bin/ceph:
2024-02-15T18:22:26.343+0000 7f02664ca700 1 -- 172.21.15.33:0/1157131686 shutdown_connections
2024-02-15T18:22:26.345 INFO:teuthology.orchestra.run.smithi033.stderr:/usr/bin/ceph:
2024-02-15T18:22:26.343+0000 7f02664ca700 1 -- 172.21.15.33:0/1157131686 wait complete.
2024-02-15T18:22:26.980 INFO:teuthology.orchestra.run.smithi033.stderr:Deploying mon service with default placement...
2024-02-15T18:22:26.980 INFO:teuthology.orchestra.run.smithi033.stderr:Running command: /bin/podman run --rm --ipc=host --no-hosts --net=host --entrypoint /usr/bin/ceph --init -e CONTAINER_IMAGE=docker.io/ceph/ceph:v16.2.4 -e NODE_NAME=smithi033 -e CEPH_USE_RANDOM_NONCE=1 -v /var/log/ceph/fd0b1c90-cc2e-11ee-95ba-87774f69a715:/var/log/ceph:z -v /tmp/ceph-tmpy4qjmxys:/etc/ceph/ceph.client.admin.keyring:z -v /tmp/ceph-tmp5lf3t_03:/etc/ceph/ceph.conf:z docker.io/ceph/ceph:v16.2.4 orch apply mon
2024-02-15T18:22:27.529 INFO:teuthology.orchestra.run.smithi033.stderr:/usr/bin/ceph:
2024-02-15T18:22:27.525+0000 7f8ee63d7700 1 Processor -- start
2024-02-15T18:22:27.529 INFO:teuthology.orchestra.run.smithi033.stderr:/usr/bin/ceph:
2024-02-15T18:22:27.526+0000 7f8ee63d7700 1 -- start start
2024-02-15T18:22:27.530 INFO:teuthology.orchestra.run.smithi033.stderr:/usr/bin/ceph:
2024-02-15T18:22:27.526+0000 7f8ee63d7700 1 --2- >> [v2:172.21.15.33:3300/0,v1:172.21.15.33:6789/0] conn(0x7f8ee00703f0 0x7f8ee00fea90 unknown :-1 s=NONE pgs=0 cs=0 l=0 rev1=0 rx=0 tx=0).connect
2024-02-15T18:22:27.530 INFO:teuthology.orchestra.run.smithi033.stderr:/usr/bin/ceph:
2024-02-15T18:22:27.526+0000 7f8ee63d7700 1 -- --> [v2:172.21.15.33:3300/0,v1:172.21.15.33:6789/0] -- mon_getmap magic: 0 v1 -- 0x7f8ee00fef80 con 0x7f8ee00703f0
2024-02-15T18:22:27.530 INFO:teuthology.orchestra.run.smithi033.stderr:/usr/bin/ceph:
2024-02-15T18:22:27.526+0000 7f8edffff700 1 --2- >> [v2:172.21.15.33:3300/0,v1:172.21.15.33:6789/0] conn(0x7f8ee00703f0 0x7f8ee00fea90 unknown :-1 s=BANNER_CONNECTING pgs=0 cs=0 l=0 rev1=0 rx=0 tx=0)._handle_peer_banner_payload supported=1 required=0
2024-02-15T18:22:27.530 INFO:teuthology.orchestra.run.smithi033.stderr:/usr/bin/ceph:
2024-02-15T18:22:27.526+0000 7f8edffff700 1 --2- >> [v2:172.21.15.33:3300/0,v1:172.21.15.33:6789/0] conn(0x7f8ee00703f0 0x7f8ee00fea90 unknown :-1 s=HELLO_CONNECTING pgs=0 cs=0 l=0 rev1=1 rx=0 tx=0).handle_hello peer v2:172.21.15.33:3300/0 says I am v2:172.21.15.33:48854/0 (socket says 172.21.15.33:48854)
2024-02-15T18:22:27.530 INFO:teuthology.orchestra.run.smithi033.stderr:/usr/bin/ceph:
2024-02-15T18:22:27.526+0000 7f8edffff700 1 -- 172.21.15.33:0/1976734842 learned_addr learned my addr 172.21.15.33:0/1976734842 (peer_addr_for_me v2:172.21.15.33:0/0)
2024-02-15T18:22:27.530 INFO:teuthology.orchestra.run.smithi033.stderr:/usr/bin/ceph:
2024-02-15T18:22:27.526+0000 7f8edffff700 1 -- 172.21.15.33:0/1976734842 --> [v2:172.21.15.33:3300/0,v1:172.21.15.33:6789/0] -- mon_subscribe({config=0+,monmap=0+}) v3 -- 0x7f8ee00ff0c0 con 0x7f8ee00703f0
2024-02-15T18:22:27.530 INFO:teuthology.orchestra.run.smithi033.stderr:/usr/bin/ceph:
2024-02-15T18:22:27.526+0000 7f8edffff700 1 --2- 172.21.15.33:0/1976734842 >> [v2:172.21.15.33:3300/0,v1:172.21.15.33:6789/0] conn(0x7f8ee00703f0 0x7f8ee00fea90 secure :-1 s=READY pgs=39 cs=0 l=1 rev1=1 rx=0x7f8ed000b5f0 tx=0x7f8ed0006ee0).ready entity=mon.0 client_cookie=40ba0f77ebb3e808 server_cookie=0 in_seq=0 out_seq=0
2024-02-15T18:22:27.530 INFO:teuthology.orchestra.run.smithi033.stderr:/usr/bin/ceph:
2024-02-15T18:22:27.527+0000 7f8edeffd700 1 -- 172.21.15.33:0/1976734842 <== mon.0 v2:172.21.15.33:3300/0 1 ==== mon_map magic: 0 v1 ==== 229+0+0 (secure 0 0 0) 0x7f8ed000d600 con 0x7f8ee00703f0
2024-02-15T18:22:27.530 INFO:teuthology.orchestra.run.smithi033.stderr:/usr/bin/ceph:
2024-02-15T18:22:27.527+0000 7f8edeffd700 1 -- 172.21.15.33:0/1976734842 <== mon.0 v2:172.21.15.33:3300/0 2 ==== config(26 keys) v1 ==== 1045+0+0 (secure 0 0 0) 0x7f8ed000dbf0 con 0x7f8ee00703f0
2024-02-15T18:22:27.530 INFO:teuthology.orchestra.run.smithi033.stderr:/usr/bin/ceph:
2024-02-15T18:22:27.527+0000 7f8edeffd700 1 -- 172.21.15.33:0/1976734842 <== mon.0 v2:172.21.15.33:3300/0 3 ==== mon_map magic: 0 v1 ==== 229+0+0 (secure 0 0 0) 0x7f8ed0011ce0 con 0x7f8ee00703f0
2024-02-15T18:22:27.530 INFO:teuthology.orchestra.run.smithi033.stderr:/usr/bin/ceph:
2024-02-15T18:22:27.527+0000 7f8ee63d7700 1 -- 172.21.15.33:0/1976734842 >> [v2:172.21.15.33:3300/0,v1:172.21.15.33:6789/0] conn(0x7f8ee00703f0 msgr2=0x7f8ee00fea90 secure :-1 s=STATE_CONNECTION_ESTABLISHED l=1).mark_down
2024-02-15T18:22:27.530 INFO:teuthology.orchestra.run.smithi033.stderr:/usr/bin/ceph:
2024-02-15T18:22:27.527+0000 7f8ee63d7700 1 --2- 172.21.15.33:0/1976734842 >> [v2:172.21.15.33:3300/0,v1:172.21.15.33:6789/0] conn(0x7f8ee00703f0 0x7f8ee00fea90 secure :-1 s=READY pgs=39 cs=0 l=1 rev1=1 rx=0x7f8ed000b5f0 tx=0x7f8ed0006ee0).stop
2024-02-15T18:22:27.530 INFO:teuthology.orchestra.run.smithi033.stderr:/usr/bin/ceph:
2024-02-15T18:22:27.527+0000 7f8ee63d7700 1 -- 172.21.15.33:0/1976734842 shutdown_connections
2024-02-15T18:22:27.530 INFO:teuthology.orchestra.run.smithi033.stderr:/usr/bin/ceph:
2024-02-15T18:22:27.527+0000 7f8ee63d7700 1 --2- 172.21.15.33:0/1976734842 >> [v2:172.21.15.33:3300/0,v1:172.21.15.33:6789/0] conn(0x7f8ee00703f0 0x7f8ee00fea90 unknown :-1 s=CLOSED pgs=39 cs=0 l=1 rev1=1 rx=0 tx=0).stop
2024-02-15T18:22:27.530 INFO:teuthology.orchestra.run.smithi033.stderr:/usr/bin/ceph:
2024-02-15T18:22:27.527+0000 7f8ee63d7700 1 -- 172.21.15.33:0/1976734842 >> 172.21.15.33:0/1976734842 conn(0x7f8ee00f6530 msgr2=0x7f8ee00f8950 unknown :-1 s=STATE_NONE l=0).mark_down
2024-02-15T18:22:27.530 INFO:teuthology.orchestra.run.smithi033.stderr:/usr/bin/ceph:
2024-02-15T18:22:27.527+0000 7f8ee63d7700 1 -- 172.21.15.33:0/1976734842 shutdown_connections
2024-02-15T18:22:27.531 INFO:teuthology.orchestra.run.smithi033.stderr:/usr/bin/ceph:
2024-02-15T18:22:27.527+0000 7f8ee63d7700 1 -- 172.21.15.33:0/1976734842 wait complete.
2024-02-15T18:22:27.531 INFO:teuthology.orchestra.run.smithi033.stderr:/usr/bin/ceph:
2024-02-15T18:22:27.528+0000 7f8ee63d7700 1 Processor -- start
2024-02-15T18:22:27.531 INFO:teuthology.orchestra.run.smithi033.stderr:/usr/bin/ceph:
2024-02-15T18:22:27.528+0000 7f8ee63d7700 1 -- start start
2024-02-15T18:22:27.531 INFO:teuthology.orchestra.run.smithi033.stderr:/usr/bin/ceph:
2024-02-15T18:22:27.528+0000 7f8ee63d7700 1 --2- >> [v2:172.21.15.33:3300/0,v1:172.21.15.33:6789/0] conn(0x7f8ee00703f0 0x7f8ee00fc510 unknown :-1 s=NONE pgs=0 cs=0 l=1 rev1=0 rx=0 tx=0).connect
2024-02-15T18:22:27.531 INFO:teuthology.orchestra.run.smithi033.stderr:/usr/bin/ceph:
2024-02-15T18:22:27.528+0000 7f8ee63d7700 1 -- --> [v2:172.21.15.33:3300/0,v1:172.21.15.33:6789/0] -- mon_getmap magic: 0 v1 -- 0x7f8ee00fa990 con 0x7f8ee00703f0
2024-02-15T18:22:27.531 INFO:teuthology.orchestra.run.smithi033.stderr:/usr/bin/ceph:
2024-02-15T18:22:27.528+0000 7f8edffff700 1 --2- >> [v2:172.21.15.33:3300/0,v1:172.21.15.33:6789/0] conn(0x7f8ee00703f0 0x7f8ee00fc510 unknown :-1 s=BANNER_CONNECTING pgs=0 cs=0 l=1 rev1=0 rx=0 tx=0)._handle_peer_banner_payload supported=1 required=0
2024-02-15T18:22:27.531 INFO:teuthology.orchestra.run.smithi033.stderr:/usr/bin/ceph:
2024-02-15T18:22:27.528+0000 7f8edffff700 1 --2- >> [v2:172.21.15.33:3300/0,v1:172.21.15.33:6789/0] conn(0x7f8ee00703f0 0x7f8ee00fc510 unknown :-1 s=HELLO_CONNECTING pgs=0 cs=0 l=1 rev1=1 rx=0 tx=0).handle_hello peer v2:172.21.15.33:3300/0 says I am v2:172.21.15.33:48866/0 (socket says 172.21.15.33:48866)
2024-02-15T18:22:27.531 INFO:teuthology.orchestra.run.smithi033.stderr:/usr/bin/ceph:
2024-02-15T18:22:27.528+0000 7f8edffff700 1 -- 172.21.15.33:0/2728204258 learned_addr learned my addr 172.21.15.33:0/2728204258 (peer_addr_for_me v2:172.21.15.33:0/0)
2024-02-15T18:22:27.532 INFO:teuthology.orchestra.run.smithi033.stderr:/usr/bin/ceph:
2024-02-15T18:22:27.529+0000 7f8edffff700 1 -- 172.21.15.33:0/2728204258 --> [v2:172.21.15.33:3300/0,v1:172.21.15.33:6789/0] -- mon_subscribe({config=0+,monmap=0+}) v3 -- 0x7f8ed000b200 con 0x7f8ee00703f0
2024-02-15T18:22:27.532 INFO:teuthology.orchestra.run.smithi033.stderr:/usr/bin/ceph:
2024-02-15T18:22:27.529+0000 7f8edffff700 1 --2- 172.21.15.33:0/2728204258 >> [v2:172.21.15.33:3300/0,v1:172.21.15.33:6789/0] conn(0x7f8ee00703f0 0x7f8ee00fc510 secure :-1 s=READY pgs=40 cs=0 l=1 rev1=1 rx=0x7f8ed0011ed0 tx=0x7f8ed0006ee0).ready entity=mon.0 client_cookie=0 server_cookie=0 in_seq=0 out_seq=0
2024-02-15T18:22:27.532 INFO:teuthology.orchestra.run.smithi033.stderr:/usr/bin/ceph:
2024-02-15T18:22:27.529+0000 7f8edcff9700 1 -- 172.21.15.33:0/2728204258 <== mon.0 v2:172.21.15.33:3300/0 1 ==== mon_map magic: 0 v1 ==== 229+0+0 (secure 0 0 0) 0x7f8ed001b570 con 0x7f8ee00703f0
2024-02-15T18:22:27.532 INFO:teuthology.orchestra.run.smithi033.stderr:/usr/bin/ceph:
2024-02-15T18:22:27.529+0000 7f8ee63d7700 1 -- 172.21.15.33:0/2728204258 --> [v2:172.21.15.33:3300/0,v1:172.21.15.33:6789/0] -- mon_subscribe({mgrmap=0+}) v3 -- 0x7f8ee00fab30 con 0x7f8ee00703f0
2024-02-15T18:22:27.533 INFO:teuthology.orchestra.run.smithi033.stderr:/usr/bin/ceph:
2024-02-15T18:22:27.529+0000 7f8edcff9700 1 -- 172.21.15.33:0/2728204258 <== mon.0 v2:172.21.15.33:3300/0 2 ==== config(26 keys) v1 ==== 1045+0+0 (secure 0 0 0) 0x7f8ed001bb60 con 0x7f8ee00703f0
2024-02-15T18:22:27.533 INFO:teuthology.orchestra.run.smithi033.stderr:/usr/bin/ceph:
2024-02-15T18:22:27.529+0000 7f8edcff9700 1 -- 172.21.15.33:0/2728204258 <== mon.0 v2:172.21.15.33:3300/0 3 ==== mon_map magic: 0 v1 ==== 229+0+0 (secure 0 0 0) 0x7f8ed001aad0 con 0x7f8ee00703f0
2024-02-15T18:22:27.533 INFO:teuthology.orchestra.run.smithi033.stderr:/usr/bin/ceph:
2024-02-15T18:22:27.529+0000 7f8ee63d7700 1 -- 172.21.15.33:0/2728204258 --> [v2:172.21.15.33:3300/0,v1:172.21.15.33:6789/0] -- mon_subscribe({osdmap=0}) v3 -- 0x7f8ee00fafc0 con 0x7f8ee00703f0
2024-02-15T18:22:27.533 INFO:teuthology.orchestra.run.smithi033.stderr:/usr/bin/ceph:
2024-02-15T18:22:27.530+0000 7f8edcff9700 1 -- 172.21.15.33:0/2728204258 <== mon.0 v2:172.21.15.33:3300/0 4 ==== mgrmap(e 8) v1 ==== 36120+0+0 (secure 0 0 0) 0x7f8ed000f070 con 0x7f8ee00703f0
2024-02-15T18:22:27.533 INFO:teuthology.orchestra.run.smithi033.stderr:/usr/bin/ceph:
2024-02-15T18:22:27.530+0000 7f8edcff9700 1 --2- 172.21.15.33:0/2728204258 >> [v2:172.21.15.33:6800/3962763243,v1:172.21.15.33:6801/3962763243] conn(0x7f8ecc02fe10 0x7f8ecc0322d0 unknown :-1 s=NONE pgs=0 cs=0 l=1 rev1=0 rx=0 tx=0).connect
2024-02-15T18:22:27.533 INFO:teuthology.orchestra.run.smithi033.stderr:/usr/bin/ceph:
2024-02-15T18:22:27.530+0000 7f8edcff9700 1 -- 172.21.15.33:0/2728204258 <== mon.0 v2:172.21.15.33:3300/0 5 ==== osd_map(2..2 src has 1..2) v4 ==== 926+0+0 (secure 0 0 0) 0x7f8ed00422e0 con 0x7f8ee00703f0
2024-02-15T18:22:27.533 INFO:teuthology.orchestra.run.smithi033.stderr:/usr/bin/ceph:
2024-02-15T18:22:27.530+0000 7f8ee63d7700 1 -- 172.21.15.33:0/2728204258 --> [v2:172.21.15.33:3300/0,v1:172.21.15.33:6789/0] -- mon_command({"prefix": "get_command_descriptions"} v 0) v1 -- 0x7f8ee0045ad0 con 0x7f8ee00703f0
2024-02-15T18:22:27.533 INFO:teuthology.orchestra.run.smithi033.stderr:/usr/bin/ceph:
2024-02-15T18:22:27.530+0000 7f8edf7fe700 1 --2- 172.21.15.33:0/2728204258 >> [v2:172.21.15.33:6800/3962763243,v1:172.21.15.33:6801/3962763243] conn(0x7f8ecc02fe10 0x7f8ecc0322d0 unknown :-1 s=BANNER_CONNECTING pgs=0 cs=0 l=1 rev1=0 rx=0 tx=0)._handle_peer_banner_payload supported=1 required=0
2024-02-15T18:22:27.533 INFO:teuthology.orchestra.run.smithi033.stderr:/usr/bin/ceph:
2024-02-15T18:22:27.531+0000 7f8edf7fe700 1 --2- 172.21.15.33:0/2728204258 >> [v2:172.21.15.33:6800/3962763243,v1:172.21.15.33:6801/3962763243] conn(0x7f8ecc02fe10 0x7f8ecc0322d0 secure :-1 s=READY pgs=11 cs=0 l=1 rev1=1 rx=0x7f8ed40096a0 tx=0x7f8ed4006b40).ready entity=mgr.14114 client_cookie=0 server_cookie=0 in_seq=0 out_seq=0
2024-02-15T18:22:27.535 INFO:teuthology.orchestra.run.smithi033.stderr:/usr/bin/ceph:
2024-02-15T18:22:27.535+0000 7f8edcff9700 1 -- 172.21.15.33:0/2728204258 <== mon.0 v2:172.21.15.33:3300/0 6 ==== mon_command_ack([{"prefix": "get_command_descriptions"}]=0 v0) v1 ==== 72+0+152212 (secure 0 0 0) 0x7f8ed0016070 con 0x7f8ee00703f0
2024-02-15T18:22:27.721 INFO:teuthology.orchestra.run.smithi033.stderr:/usr/bin/ceph:
2024-02-15T18:22:27.720+0000 7f8ee63d7700 1 -- 172.21.15.33:0/2728204258 --> [v2:172.21.15.33:6800/3962763243,v1:172.21.15.33:6801/3962763243] -- mgr_command(tid 0: {"prefix": "orch apply", "service_type": "mon", "target": ["mon-mgr", ""]}) v1 -- 0x7f8ee0104b70 con 0x7f8ecc02fe10
2024-02-15T18:22:27.725 INFO:teuthology.orchestra.run.smithi033.stderr:/usr/bin/ceph:
2024-02-15T18:22:27.724+0000 7f8edcff9700 1 -- 172.21.15.33:0/2728204258 <== mgr.14114 v2:172.21.15.33:6800/3962763243 1 ==== mgr_command_reply(tid 0: 0 ) v1 ==== 8+0+24 (secure 0 0 0) 0x7f8ee0104b70 con 0x7f8ecc02fe10
2024-02-15T18:22:27.725 INFO:teuthology.orchestra.run.smithi033.stderr:/usr/bin/ceph: Scheduled mon update...
2024-02-15T18:22:27.728 INFO:teuthology.orchestra.run.smithi033.stderr:/usr/bin/ceph:
2024-02-15T18:22:27.726+0000 7f8ee63d7700 1 -- 172.21.15.33:0/2728204258 >> [v2:172.21.15.33:6800/3962763243,v1:172.21.15.33:6801/3962763243] conn(0x7f8ecc02fe10 msgr2=0x7f8ecc0322d0 secure :-1 s=STATE_CONNECTION_ESTABLISHED l=1).mark_down
2024-02-15T18:22:27.728 INFO:teuthology.orchestra.run.smithi033.stderr:/usr/bin/ceph:
2024-02-15T18:22:27.726+0000 7f8ee63d7700 1 --2- 172.21.15.33:0/2728204258 >> [v2:172.21.15.33:6800/3962763243,v1:172.21.15.33:6801/3962763243] conn(0x7f8ecc02fe10 0x7f8ecc0322d0 secure :-1 s=READY pgs=11 cs=0 l=1 rev1=1 rx=0x7f8ed40096a0 tx=0x7f8ed4006b40).stop
2024-02-15T18:22:27.728 INFO:teuthology.orchestra.run.smithi033.stderr:/usr/bin/ceph:
2024-02-15T18:22:27.726+0000 7f8ee63d7700 1 -- 172.21.15.33:0/2728204258 >> [v2:172.21.15.33:3300/0,v1:172.21.15.33:6789/0] conn(0x7f8ee00703f0 msgr2=0x7f8ee00fc510 secure :-1 s=STATE_CONNECTION_ESTABLISHED l=1).mark_down
2024-02-15T18:22:27.728 INFO:teuthology.orchestra.run.smithi033.stderr:/usr/bin/ceph:
2024-02-15T18:22:27.726+0000 7f8ee63d7700 1 --2- 172.21.15.33:0/2728204258 >> [v2:172.21.15.33:3300/0,v1:172.21.15.33:6789/0] conn(0x7f8ee00703f0 0x7f8ee00fc510 secure :-1 s=READY pgs=40 cs=0 l=1 rev1=1 rx=0x7f8ed0011ed0 tx=0x7f8ed0006ee0).stop
2024-02-15T18:22:27.728 INFO:teuthology.orchestra.run.smithi033.stderr:/usr/bin/ceph:
2024-02-15T18:22:27.726+0000 7f8ee63d7700 1 -- 172.21.15.33:0/2728204258 shutdown_connections
2024-02-15T18:22:27.728 INFO:teuthology.orchestra.run.smithi033.stderr:/usr/bin/ceph:
2024-02-15T18:22:27.726+0000 7f8ee63d7700 1 --2- 172.21.15.33:0/2728204258 >> [v2:172.21.15.33:6800/3962763243,v1:172.21.15.33:6801/3962763243] conn(0x7f8ecc02fe10 0x7f8ecc0322d0 unknown :-1 s=CLOSED pgs=11 cs=0 l=1 rev1=1 rx=0 tx=0).stop
2024-02-15T18:22:27.728 INFO:teuthology.orchestra.run.smithi033.stderr:/usr/bin/ceph:
2024-02-15T18:22:27.726+0000 7f8ee63d7700 1 --2- 172.21.15.33:0/2728204258 >> [v2:172.21.15.33:3300/0,v1:172.21.15.33:6789/0] conn(0x7f8ee00703f0 0x7f8ee00fc510 unknown :-1 s=CLOSED pgs=40 cs=0 l=1 rev1=1 rx=0 tx=0).stop
2024-02-15T18:22:27.728 INFO:teuthology.orchestra.run.smithi033.stderr:/usr/bin/ceph:
2024-02-15T18:22:27.726+0000 7f8ee63d7700 1 -- 172.21.15.33:0/2728204258 >> 172.21.15.33:0/2728204258 conn(0x7f8ee00f6530 msgr2=0x7f8ee00f7ef0 unknown :-1 s=STATE_NONE l=0).mark_down
2024-02-15T18:22:27.728 INFO:teuthology.orchestra.run.smithi033.stderr:/usr/bin/ceph:
2024-02-15T18:22:27.727+0000 7f8ee63d7700 1 -- 172.21.15.33:0/2728204258 shutdown_connections
2024-02-15T18:22:27.728 INFO:teuthology.orchestra.run.smithi033.stderr:/usr/bin/ceph:
2024-02-15T18:22:27.727+0000 7f8ee63d7700 1 -- 172.21.15.33:0/2728204258 wait complete.
2024-02-15T18:22:27.747 INFO:journalctl@ceph.mon.smithi033.smithi033.stdout:Feb 15 18:22:27 smithi033 ceph-fd0b1c90-cc2e-11ee-95ba-87774f69a715-mon.smithi033[38126]: audit
2024-02-15T18:22:26.341494+0000 mon.smithi033 (mon.0) 54 : audit [INF] from='mgr.14114 172.21.15.33:0/1946375051' entity='mgr.smithi033.apxevf'
2024-02-15T18:22:27.747 INFO:journalctl@ceph.mon.smithi033.smithi033.stdout:Feb 15 18:22:27 smithi033 ceph-fd0b1c90-cc2e-11ee-95ba-87774f69a715-mon.smithi033[38126]: cephadm
2024-02-15T18:22:26.341813+0000 mgr.smithi033.apxevf (mgr.14114) 9 : cephadm [INF] Added host smithi033
2024-02-15T18:22:27.747 INFO:journalctl@ceph.mon.smithi033.smithi033.stdout:Feb 15 18:22:27 smithi033 ceph-fd0b1c90-cc2e-11ee-95ba-87774f69a715-mon.smithi033[38126]: audit
2024-02-15T18:22:26.342063+0000 mon.smithi033 (mon.0) 55 : audit [DBG] from='mgr.14114 172.21.15.33:0/1946375051' entity='mgr.smithi033.apxevf' cmd=[{"prefix": "config dump", "format": "json"}]: dispatch
2024-02-15T18:22:28.312 INFO:teuthology.orchestra.run.smithi033.stderr:Deploying mgr service with default placement...
2024-02-15T18:22:28.312 INFO:teuthology.orchestra.run.smithi033.stderr:Running command: /bin/podman run --rm --ipc=host --no-hosts --net=host --entrypoint /usr/bin/ceph --init -e CONTAINER_IMAGE=docker.io/ceph/ceph:v16.2.4 -e NODE_NAME=smithi033 -e CEPH_USE_RANDOM_NONCE=1 -v /var/log/ceph/fd0b1c90-cc2e-11ee-95ba-87774f69a715:/var/log/ceph:z -v /tmp/ceph-tmpy4qjmxys:/etc/ceph/ceph.client.admin.keyring:z -v /tmp/ceph-tmp5lf3t_03:/etc/ceph/ceph.conf:z docker.io/ceph/ceph:v16.2.4 orch apply mgr
2024-02-15T18:22:28.824 INFO:teuthology.orchestra.run.smithi033.stderr:/usr/bin/ceph:
2024-02-15T18:22:28.816+0000 7f05ccb52700 1 Processor -- start
2024-02-15T18:22:28.824 INFO:teuthology.orchestra.run.smithi033.stderr:/usr/bin/ceph:
2024-02-15T18:22:28.816+0000 7f05ccb52700 1 -- start start
2024-02-15T18:22:28.824 INFO:teuthology.orchestra.run.smithi033.stderr:/usr/bin/ceph:
2024-02-15T18:22:28.817+0000 7f05ccb52700 1 --2- >> [v2:172.21.15.33:3300/0,v1:172.21.15.33:6789/0] conn(0x7f05c8070430 0x7f05c80fea50 unknown :-1 s=NONE pgs=0 cs=0 l=0 rev1=0 rx=0 tx=0).connect
2024-02-15T18:22:28.825 INFO:teuthology.orchestra.run.smithi033.stderr:/usr/bin/ceph:
2024-02-15T18:22:28.817+0000 7f05ccb52700 1 -- --> [v2:172.21.15.33:3300/0,v1:172.21.15.33:6789/0] -- mon_getmap magic: 0 v1 -- 0x7f05c80fef40 con 0x7f05c8070430
2024-02-15T18:22:28.825 INFO:teuthology.orchestra.run.smithi033.stderr:/usr/bin/ceph:
2024-02-15T18:22:28.817+0000 7f05c659c700 1 --2- >> [v2:172.21.15.33:3300/0,v1:172.21.15.33:6789/0] conn(0x7f05c8070430 0x7f05c80fea50 unknown :-1 s=BANNER_CONNECTING pgs=0 cs=0 l=0 rev1=0 rx=0 tx=0)._handle_peer_banner_payload supported=1 required=0
2024-02-15T18:22:28.825 INFO:teuthology.orchestra.run.smithi033.stderr:/usr/bin/ceph:
2024-02-15T18:22:28.817+0000 7f05c659c700 1 --2- >> [v2:172.21.15.33:3300/0,v1:172.21.15.33:6789/0] conn(0x7f05c8070430 0x7f05c80fea50 unknown :-1 s=HELLO_CONNECTING pgs=0 cs=0 l=0 rev1=1 rx=0 tx=0).handle_hello peer v2:172.21.15.33:3300/0 says I am v2:172.21.15.33:48880/0 (socket says 172.21.15.33:48880)
2024-02-15T18:22:28.825 INFO:teuthology.orchestra.run.smithi033.stderr:/usr/bin/ceph:
2024-02-15T18:22:28.817+0000 7f05c659c700 1 -- 172.21.15.33:0/2504892707 learned_addr learned my addr 172.21.15.33:0/2504892707 (peer_addr_for_me v2:172.21.15.33:0/0)
2024-02-15T18:22:28.825 INFO:teuthology.orchestra.run.smithi033.stderr:/usr/bin/ceph:
2024-02-15T18:22:28.817+0000 7f05c659c700 1 -- 172.21.15.33:0/2504892707 --> [v2:172.21.15.33:3300/0,v1:172.21.15.33:6789/0] -- mon_subscribe({config=0+,monmap=0+}) v3 -- 0x7f05c80ff080 con 0x7f05c8070430
2024-02-15T18:22:28.825 INFO:teuthology.orchestra.run.smithi033.stderr:/usr/bin/ceph:
2024-02-15T18:22:28.817+0000 7f05c659c700 1 --2- 172.21.15.33:0/2504892707 >> [v2:172.21.15.33:3300/0,v1:172.21.15.33:6789/0] conn(0x7f05c8070430 0x7f05c80fea50 secure :-1 s=READY pgs=41 cs=0 l=1 rev1=1 rx=0x7f05b800b5f0 tx=0x7f05b8006ee0).ready entity=mon.0 client_cookie=86102d8f07ffad65 server_cookie=0 in_seq=0 out_seq=0
2024-02-15T18:22:28.825 INFO:teuthology.orchestra.run.smithi033.stderr:/usr/bin/ceph:
2024-02-15T18:22:28.817+0000 7f05c559a700 1 -- 172.21.15.33:0/2504892707 <== mon.0 v2:172.21.15.33:3300/0 1 ==== mon_map magic: 0 v1 ==== 229+0+0 (secure 0 0 0) 0x7f05b800d600 con 0x7f05c8070430
2024-02-15T18:22:28.825 INFO:teuthology.orchestra.run.smithi033.stderr:/usr/bin/ceph:
2024-02-15T18:22:28.817+0000 7f05c559a700 1 -- 172.21.15.33:0/2504892707 <== mon.0 v2:172.21.15.33:3300/0 2 ==== config(26 keys) v1 ==== 1045+0+0 (secure 0 0 0) 0x7f05b800dbf0 con 0x7f05c8070430
2024-02-15T18:22:28.825 INFO:teuthology.orchestra.run.smithi033.stderr:/usr/bin/ceph:
2024-02-15T18:22:28.817+0000 7f05c559a700 1 -- 172.21.15.33:0/2504892707 <== mon.0 v2:172.21.15.33:3300/0 3 ==== mon_map magic: 0 v1 ==== 229+0+0 (secure 0 0 0) 0x7f05b8011cb0 con 0x7f05c8070430
2024-02-15T18:22:28.825 INFO:teuthology.orchestra.run.smithi033.stderr:/usr/bin/ceph:
2024-02-15T18:22:28.818+0000 7f05ccb52700 1 -- 172.21.15.33:0/2504892707 >> [v2:172.21.15.33:3300/0,v1:172.21.15.33:6789/0] conn(0x7f05c8070430 msgr2=0x7f05c80fea50 secure :-1 s=STATE_CONNECTION_ESTABLISHED l=1).mark_down
2024-02-15T18:22:28.825 INFO:teuthology.orchestra.run.smithi033.stderr:/usr/bin/ceph:
2024-02-15T18:22:28.818+0000 7f05ccb52700 1 --2- 172.21.15.33:0/2504892707 >> [v2:172.21.15.33:3300/0,v1:172.21.15.33:6789/0] conn(0x7f05c8070430 0x7f05c80fea50 secure :-1 s=READY pgs=41 cs=0 l=1 rev1=1 rx=0x7f05b800b5f0 tx=0x7f05b8006ee0).stop
2024-02-15T18:22:28.825 INFO:teuthology.orchestra.run.smithi033.stderr:/usr/bin/ceph:
2024-02-15T18:22:28.818+0000 7f05ccb52700 1 -- 172.21.15.33:0/2504892707 shutdown_connections
2024-02-15T18:22:28.825 INFO:teuthology.orchestra.run.smithi033.stderr:/usr/bin/ceph:
2024-02-15T18:22:28.818+0000 7f05ccb52700 1 --2- 172.21.15.33:0/2504892707 >> [v2:172.21.15.33:3300/0,v1:172.21.15.33:6789/0] conn(0x7f05c8070430 0x7f05c80fea50 unknown :-1 s=CLOSED pgs=41 cs=0 l=1 rev1=1 rx=0 tx=0).stop
2024-02-15T18:22:28.825 INFO:teuthology.orchestra.run.smithi033.stderr:/usr/bin/ceph:
2024-02-15T18:22:28.818+0000 7f05ccb52700 1 -- 172.21.15.33:0/2504892707 >> 172.21.15.33:0/2504892707 conn(0x7f05c80f6530 msgr2=0x7f05c80f8950 unknown :-1 s=STATE_NONE l=0).mark_down
2024-02-15T18:22:28.826 INFO:teuthology.orchestra.run.smithi033.stderr:/usr/bin/ceph:
2024-02-15T18:22:28.818+0000 7f05ccb52700 1 -- 172.21.15.33:0/2504892707 shutdown_connections
2024-02-15T18:22:28.826 INFO:teuthology.orchestra.run.smithi033.stderr:/usr/bin/ceph:
2024-02-15T18:22:28.818+0000 7f05ccb52700 1 -- 172.21.15.33:0/2504892707 wait complete.
2024-02-15T18:22:28.826 INFO:teuthology.orchestra.run.smithi033.stderr:/usr/bin/ceph:
2024-02-15T18:22:28.818+0000 7f05ccb52700 1 Processor -- start
2024-02-15T18:22:28.826 INFO:teuthology.orchestra.run.smithi033.stderr:/usr/bin/ceph:
2024-02-15T18:22:28.818+0000 7f05ccb52700 1 -- start start
2024-02-15T18:22:28.826 INFO:teuthology.orchestra.run.smithi033.stderr:/usr/bin/ceph:
2024-02-15T18:22:28.819+0000 7f05ccb52700 1 --2- >> [v2:172.21.15.33:3300/0,v1:172.21.15.33:6789/0] conn(0x7f05c8070430 0x7f05c810ab40 unknown :-1 s=NONE pgs=0 cs=0 l=1 rev1=0 rx=0 tx=0).connect
2024-02-15T18:22:28.826 INFO:teuthology.orchestra.run.smithi033.stderr:/usr/bin/ceph:
2024-02-15T18:22:28.819+0000 7f05ccb52700 1 -- --> [v2:172.21.15.33:3300/0,v1:172.21.15.33:6789/0] -- mon_getmap magic: 0 v1 -- 0x7f05c810b030 con 0x7f05c8070430
2024-02-15T18:22:28.826 INFO:teuthology.orchestra.run.smithi033.stderr:/usr/bin/ceph:
