2024-02-15T18:26:26.828+0000 7fe8077fe700 1 --2- >> [v2:172.21.15.38:3300/0,v1:172.21.15.38:6789/0] conn(0x7fe8080703b0 0x7fe80810cd80 unknown :-1 s=BANNER_CONNECTING pgs=0 cs=0 l=1 rev1=0 rx=0 tx=0)._handle_peer_banner_payload supported=1 required=0
2024-02-15T18:26:26.858 INFO:teuthology.orchestra.run.smithi038.stderr:/usr/bin/ceph:
2024-02-15T18:26:26.828+0000 7fe8077fe700 1 --2- >> [v2:172.21.15.38:3300/0,v1:172.21.15.38:6789/0] conn(0x7fe8080703b0 0x7fe80810cd80 unknown :-1 s=HELLO_CONNECTING pgs=0 cs=0 l=1 rev1=1 rx=0 tx=0).handle_hello peer v2:172.21.15.38:3300/0 says I am v2:172.21.15.38:58404/0 (socket says 172.21.15.38:58404)
2024-02-15T18:26:26.858 INFO:teuthology.orchestra.run.smithi038.stderr:/usr/bin/ceph:
2024-02-15T18:26:26.828+0000 7fe8077fe700 1 -- 172.21.15.38:0/329002098 learned_addr learned my addr 172.21.15.38:0/329002098 (peer_addr_for_me v2:172.21.15.38:0/0)
2024-02-15T18:26:26.858 INFO:teuthology.orchestra.run.smithi038.stderr:/usr/bin/ceph:
2024-02-15T18:26:26.829+0000 7fe8077fe700 1 -- 172.21.15.38:0/329002098 --> [v2:172.21.15.38:3300/0,v1:172.21.15.38:6789/0] -- mon_subscribe({config=0+,monmap=0+}) v3 -- 0x7fe800009570 con 0x7fe8080703b0
2024-02-15T18:26:26.858 INFO:teuthology.orchestra.run.smithi038.stderr:/usr/bin/ceph:
2024-02-15T18:26:26.829+0000 7fe8077fe700 1 --2- 172.21.15.38:0/329002098 >> [v2:172.21.15.38:3300/0,v1:172.21.15.38:6789/0] conn(0x7fe8080703b0 0x7fe80810cd80 secure :-1 s=READY pgs=59 cs=0 l=1 rev1=1 rx=0x7fe80000bd90 tx=0x7fe800011f90).ready entity=mon.0 client_cookie=0 server_cookie=0 in_seq=0 out_seq=0
2024-02-15T18:26:26.859 INFO:teuthology.orchestra.run.smithi038.stderr:/usr/bin/ceph:
2024-02-15T18:26:26.829+0000 7fe7fffff700 1 -- 172.21.15.38:0/329002098 <== mon.0 v2:172.21.15.38:3300/0 1 ==== mon_map magic: 0 v1 ==== 229+0+0 (secure 0 0 0) 0x7fe8000108d0 con 0x7fe8080703b0
2024-02-15T18:26:26.859 INFO:teuthology.orchestra.run.smithi038.stderr:/usr/bin/ceph:
2024-02-15T18:26:26.829+0000 7fe7fffff700 1 -- 172.21.15.38:0/329002098 <== mon.0 v2:172.21.15.38:3300/0 2 ==== config(26 keys) v1 ==== 1045+0+0 (secure 0 0 0) 0x7fe800010ec0 con 0x7fe8080703b0
2024-02-15T18:26:26.859 INFO:teuthology.orchestra.run.smithi038.stderr:/usr/bin/ceph:
2024-02-15T18:26:26.829+0000 7fe80dc75700 1 -- 172.21.15.38:0/329002098 --> [v2:172.21.15.38:3300/0,v1:172.21.15.38:6789/0] -- mon_subscribe({mgrmap=0+}) v3 -- 0x7fe80810d470 con 0x7fe8080703b0
2024-02-15T18:26:26.859 INFO:teuthology.orchestra.run.smithi038.stderr:/usr/bin/ceph:
2024-02-15T18:26:26.829+0000 7fe7fffff700 1 -- 172.21.15.38:0/329002098 <== mon.0 v2:172.21.15.38:3300/0 3 ==== mon_map magic: 0 v1 ==== 229+0+0 (secure 0 0 0) 0x7fe80001ada0 con 0x7fe8080703b0
2024-02-15T18:26:26.859 INFO:teuthology.orchestra.run.smithi038.stderr:/usr/bin/ceph:
2024-02-15T18:26:26.829+0000 7fe80dc75700 1 -- 172.21.15.38:0/329002098 --> [v2:172.21.15.38:3300/0,v1:172.21.15.38:6789/0] -- mon_subscribe({osdmap=0}) v3 -- 0x7fe80810e080 con 0x7fe8080703b0
2024-02-15T18:26:26.859 INFO:teuthology.orchestra.run.smithi038.stderr:/usr/bin/ceph:
2024-02-15T18:26:26.830+0000 7fe7fffff700 1 -- 172.21.15.38:0/329002098 <== mon.0 v2:172.21.15.38:3300/0 4 ==== mgrmap(e 12) v1 ==== 36195+0+0 (secure 0 0 0) 0x7fe80000f070 con 0x7fe8080703b0
2024-02-15T18:26:26.859 INFO:teuthology.orchestra.run.smithi038.stderr:/usr/bin/ceph:
2024-02-15T18:26:26.830+0000 7fe7fffff700 1 --2- 172.21.15.38:0/329002098 >> [v2:172.21.15.38:6800/2095530547,v1:172.21.15.38:6801/2095530547] conn(0x7fe7e802ff20 0x7fe7e80323e0 unknown :-1 s=NONE pgs=0 cs=0 l=1 rev1=0 rx=0 tx=0).connect
2024-02-15T18:26:26.859 INFO:teuthology.orchestra.run.smithi038.stderr:/usr/bin/ceph:
2024-02-15T18:26:26.830+0000 7fe80dc75700 1 -- 172.21.15.38:0/329002098 --> [v2:172.21.15.38:3300/0,v1:172.21.15.38:6789/0] -- mon_command({"prefix": "get_command_descriptions"} v 0) v1 -- 0x7fe808059100 con 0x7fe8080703b0
2024-02-15T18:26:26.859 INFO:teuthology.orchestra.run.smithi038.stderr:/usr/bin/ceph:
2024-02-15T18:26:26.830+0000 7fe7fffff700 1 -- 172.21.15.38:0/329002098 <== mon.0 v2:172.21.15.38:3300/0 5 ==== osd_map(3..3 src has 1..3) v4 ==== 1098+0+0 (secure 0 0 0) 0x7fe800041c60 con 0x7fe8080703b0
2024-02-15T18:26:26.859 INFO:teuthology.orchestra.run.smithi038.stderr:/usr/bin/ceph:
2024-02-15T18:26:26.830+0000 7fe806ffd700 1 --2- 172.21.15.38:0/329002098 >> [v2:172.21.15.38:6800/2095530547,v1:172.21.15.38:6801/2095530547] conn(0x7fe7e802ff20 0x7fe7e80323e0 unknown :-1 s=BANNER_CONNECTING pgs=0 cs=0 l=1 rev1=0 rx=0 tx=0)._handle_peer_banner_payload supported=1 required=0
2024-02-15T18:26:26.859 INFO:teuthology.orchestra.run.smithi038.stderr:/usr/bin/ceph:
2024-02-15T18:26:26.830+0000 7fe806ffd700 1 --2- 172.21.15.38:0/329002098 >> [v2:172.21.15.38:6800/2095530547,v1:172.21.15.38:6801/2095530547] conn(0x7fe7e802ff20 0x7fe7e80323e0 secure :-1 s=READY pgs=7 cs=0 l=1 rev1=1 rx=0x7fe7f00096a0 tx=0x7fe7f0006b40).ready entity=mgr.14142 client_cookie=0 server_cookie=0 in_seq=0 out_seq=0
2024-02-15T18:26:26.859 INFO:teuthology.orchestra.run.smithi038.stderr:/usr/bin/ceph:
2024-02-15T18:26:26.834+0000 7fe7fffff700 1 -- 172.21.15.38:0/329002098 <== mon.0 v2:172.21.15.38:3300/0 6 ==== mon_command_ack([{"prefix": "get_command_descriptions"}]=0 v0) v1 ==== 72+0+152212 (secure 0 0 0) 0x7fe800021320 con 0x7fe8080703b0
2024-02-15T18:26:27.017 INFO:teuthology.orchestra.run.smithi038.stderr:/usr/bin/ceph:
2024-02-15T18:26:27.020+0000 7fe80dc75700 1 -- 172.21.15.38:0/329002098 --> [v2:172.21.15.38:6800/2095530547,v1:172.21.15.38:6801/2095530547] -- mgr_command(tid 0: {"prefix": "orch apply", "service_type": "node-exporter", "target": ["mon-mgr", ""]}) v1 -- 0x7fe80810e2c0 con 0x7fe7e802ff20
2024-02-15T18:26:27.023 INFO:teuthology.orchestra.run.smithi038.stderr:/usr/bin/ceph:
2024-02-15T18:26:27.026+0000 7fe7fffff700 1 -- 172.21.15.38:0/329002098 <== mgr.14142 v2:172.21.15.38:6800/2095530547 1 ==== mgr_command_reply(tid 0: 0 ) v1 ==== 8+0+34 (secure 0 0 0) 0x7fe80810e2c0 con 0x7fe7e802ff20
2024-02-15T18:26:27.023 INFO:teuthology.orchestra.run.smithi038.stderr:/usr/bin/ceph: Scheduled node-exporter update...
2024-02-15T18:26:27.025 INFO:teuthology.orchestra.run.smithi038.stderr:/usr/bin/ceph:
2024-02-15T18:26:27.028+0000 7fe80dc75700 1 -- 172.21.15.38:0/329002098 >> [v2:172.21.15.38:6800/2095530547,v1:172.21.15.38:6801/2095530547] conn(0x7fe7e802ff20 msgr2=0x7fe7e80323e0 secure :-1 s=STATE_CONNECTION_ESTABLISHED l=1).mark_down
2024-02-15T18:26:27.026 INFO:teuthology.orchestra.run.smithi038.stderr:/usr/bin/ceph:
2024-02-15T18:26:27.028+0000 7fe80dc75700 1 --2- 172.21.15.38:0/329002098 >> [v2:172.21.15.38:6800/2095530547,v1:172.21.15.38:6801/2095530547] conn(0x7fe7e802ff20 0x7fe7e80323e0 secure :-1 s=READY pgs=7 cs=0 l=1 rev1=1 rx=0x7fe7f00096a0 tx=0x7fe7f0006b40).stop
2024-02-15T18:26:27.026 INFO:teuthology.orchestra.run.smithi038.stderr:/usr/bin/ceph:
2024-02-15T18:26:27.028+0000 7fe80dc75700 1 -- 172.21.15.38:0/329002098 >> [v2:172.21.15.38:3300/0,v1:172.21.15.38:6789/0] conn(0x7fe8080703b0 msgr2=0x7fe80810cd80 secure :-1 s=STATE_CONNECTION_ESTABLISHED l=1).mark_down
2024-02-15T18:26:27.026 INFO:teuthology.orchestra.run.smithi038.stderr:/usr/bin/ceph:
2024-02-15T18:26:27.028+0000 7fe80dc75700 1 --2- 172.21.15.38:0/329002098 >> [v2:172.21.15.38:3300/0,v1:172.21.15.38:6789/0] conn(0x7fe8080703b0 0x7fe80810cd80 secure :-1 s=READY pgs=59 cs=0 l=1 rev1=1 rx=0x7fe80000bd90 tx=0x7fe800011f90).stop
2024-02-15T18:26:27.026 INFO:teuthology.orchestra.run.smithi038.stderr:/usr/bin/ceph:
2024-02-15T18:26:27.028+0000 7fe80dc75700 1 -- 172.21.15.38:0/329002098 shutdown_connections
2024-02-15T18:26:27.026 INFO:teuthology.orchestra.run.smithi038.stderr:/usr/bin/ceph:
2024-02-15T18:26:27.028+0000 7fe80dc75700 1 --2- 172.21.15.38:0/329002098 >> [v2:172.21.15.38:6800/2095530547,v1:172.21.15.38:6801/2095530547] conn(0x7fe7e802ff20 0x7fe7e80323e0 unknown :-1 s=CLOSED pgs=7 cs=0 l=1 rev1=1 rx=0 tx=0).stop
2024-02-15T18:26:27.026 INFO:teuthology.orchestra.run.smithi038.stderr:/usr/bin/ceph:
2024-02-15T18:26:27.028+0000 7fe80dc75700 1 --2- 172.21.15.38:0/329002098 >> [v2:172.21.15.38:3300/0,v1:172.21.15.38:6789/0] conn(0x7fe8080703b0 0x7fe80810cd80 unknown :-1 s=CLOSED pgs=59 cs=0 l=1 rev1=1 rx=0 tx=0).stop
2024-02-15T18:26:27.026 INFO:teuthology.orchestra.run.smithi038.stderr:/usr/bin/ceph:
2024-02-15T18:26:27.028+0000 7fe80dc75700 1 -- 172.21.15.38:0/329002098 >> 172.21.15.38:0/329002098 conn(0x7fe8080f6530 msgr2=0x7fe8080f7f20 unknown :-1 s=STATE_NONE l=0).mark_down
2024-02-15T18:26:27.026 INFO:teuthology.orchestra.run.smithi038.stderr:/usr/bin/ceph:
2024-02-15T18:26:27.028+0000 7fe80dc75700 1 -- 172.21.15.38:0/329002098 shutdown_connections
2024-02-15T18:26:27.026 INFO:teuthology.orchestra.run.smithi038.stderr:/usr/bin/ceph:
2024-02-15T18:26:27.028+0000 7fe80dc75700 1 -- 172.21.15.38:0/329002098 wait complete.
2024-02-15T18:26:27.709 INFO:teuthology.orchestra.run.smithi038.stderr:Deploying alertmanager service with default placement...
2024-02-15T18:26:27.709 INFO:teuthology.orchestra.run.smithi038.stderr:Running command: /bin/podman run --rm --ipc=host --no-hosts --net=host --entrypoint /usr/bin/ceph --init -e CONTAINER_IMAGE=docker.io/ceph/ceph:v16.2.4 -e NODE_NAME=smithi038 -e CEPH_USE_RANDOM_NONCE=1 -v /var/log/ceph/7e05753e-cc2f-11ee-95ba-87774f69a715:/var/log/ceph:z -v /tmp/ceph-tmpn76yqex2:/etc/ceph/ceph.client.admin.keyring:z -v /tmp/ceph-tmp824yk_k1:/etc/ceph/ceph.conf:z docker.io/ceph/ceph:v16.2.4 orch apply alertmanager
2024-02-15T18:26:28.279 INFO:journalctl@ceph.mon.smithi038.smithi038.stdout:Feb 15 18:26:28 smithi038 ceph-7e05753e-cc2f-11ee-95ba-87774f69a715-mon.smithi038[38138]: audit
2024-02-15T18:26:27.022074+0000 mgr.smithi038.khesbl (mgr.14142) 5 : audit [DBG] from='client.14152 -' entity='client.admin' cmd=[{"prefix": "orch apply", "service_type": "node-exporter", "target": ["mon-mgr", ""]}]: dispatch
2024-02-15T18:26:28.279 INFO:journalctl@ceph.mon.smithi038.smithi038.stdout:Feb 15 18:26:28 smithi038 ceph-7e05753e-cc2f-11ee-95ba-87774f69a715-mon.smithi038[38138]: cephadm
2024-02-15T18:26:27.022792+0000 mgr.smithi038.khesbl (mgr.14142) 6 : cephadm [INF] Saving service node-exporter spec with placement *
2024-02-15T18:26:28.279 INFO:journalctl@ceph.mon.smithi038.smithi038.stdout:Feb 15 18:26:28 smithi038 ceph-7e05753e-cc2f-11ee-95ba-87774f69a715-mon.smithi038[38138]: audit
2024-02-15T18:26:27.027054+0000 mon.smithi038 (mon.0) 80 : audit [INF] from='mgr.14142 172.21.15.38:0/1079131341' entity='mgr.smithi038.khesbl'
2024-02-15T18:26:28.357 INFO:teuthology.orchestra.run.smithi038.stderr:/usr/bin/ceph:
2024-02-15T18:26:28.358+0000 7f16caa60700 1 Processor -- start
2024-02-15T18:26:28.358 INFO:teuthology.orchestra.run.smithi038.stderr:/usr/bin/ceph:
2024-02-15T18:26:28.358+0000 7f16caa60700 1 -- start start
2024-02-15T18:26:28.358 INFO:teuthology.orchestra.run.smithi038.stderr:/usr/bin/ceph:
2024-02-15T18:26:28.358+0000 7f16caa60700 1 --2- >> [v2:172.21.15.38:3300/0,v1:172.21.15.38:6789/0] conn(0x7f16c406fc10 0x7f16c40feb10 unknown :-1 s=NONE pgs=0 cs=0 l=0 rev1=0 rx=0 tx=0).connect
2024-02-15T18:26:28.358 INFO:teuthology.orchestra.run.smithi038.stderr:/usr/bin/ceph:
2024-02-15T18:26:28.358+0000 7f16caa60700 1 -- --> [v2:172.21.15.38:3300/0,v1:172.21.15.38:6789/0] -- mon_getmap magic: 0 v1 -- 0x7f16c40ff000 con 0x7f16c406fc10
2024-02-15T18:26:28.358 INFO:teuthology.orchestra.run.smithi038.stderr:/usr/bin/ceph:
2024-02-15T18:26:28.358+0000 7f16c3fff700 1 --2- >> [v2:172.21.15.38:3300/0,v1:172.21.15.38:6789/0] conn(0x7f16c406fc10 0x7f16c40feb10 unknown :-1 s=BANNER_CONNECTING pgs=0 cs=0 l=0 rev1=0 rx=0 tx=0)._handle_peer_banner_payload supported=1 required=0
2024-02-15T18:26:28.358 INFO:teuthology.orchestra.run.smithi038.stderr:/usr/bin/ceph:
2024-02-15T18:26:28.358+0000 7f16c3fff700 1 --2- >> [v2:172.21.15.38:3300/0,v1:172.21.15.38:6789/0] conn(0x7f16c406fc10 0x7f16c40feb10 unknown :-1 s=HELLO_CONNECTING pgs=0 cs=0 l=0 rev1=1 rx=0 tx=0).handle_hello peer v2:172.21.15.38:3300/0 says I am v2:172.21.15.38:58418/0 (socket says 172.21.15.38:58418)
2024-02-15T18:26:28.358 INFO:teuthology.orchestra.run.smithi038.stderr:/usr/bin/ceph:
2024-02-15T18:26:28.358+0000 7f16c3fff700 1 -- 172.21.15.38:0/329790131 learned_addr learned my addr 172.21.15.38:0/329790131 (peer_addr_for_me v2:172.21.15.38:0/0)
2024-02-15T18:26:28.358 INFO:teuthology.orchestra.run.smithi038.stderr:/usr/bin/ceph:
2024-02-15T18:26:28.359+0000 7f16c3fff700 1 -- 172.21.15.38:0/329790131 --> [v2:172.21.15.38:3300/0,v1:172.21.15.38:6789/0] -- mon_subscribe({config=0+,monmap=0+}) v3 -- 0x7f16c40ff140 con 0x7f16c406fc10
2024-02-15T18:26:28.358 INFO:teuthology.orchestra.run.smithi038.stderr:/usr/bin/ceph:
2024-02-15T18:26:28.359+0000 7f16c3fff700 1 --2- 172.21.15.38:0/329790131 >> [v2:172.21.15.38:3300/0,v1:172.21.15.38:6789/0] conn(0x7f16c406fc10 0x7f16c40feb10 secure :-1 s=READY pgs=60 cs=0 l=1 rev1=1 rx=0x7f16b400b5f0 tx=0x7f16b4006ee0).ready entity=mon.0 client_cookie=637e2e14540f3c14 server_cookie=0 in_seq=0 out_seq=0
2024-02-15T18:26:28.358 INFO:teuthology.orchestra.run.smithi038.stderr:/usr/bin/ceph:
2024-02-15T18:26:28.359+0000 7f16c2ffd700 1 -- 172.21.15.38:0/329790131 <== mon.0 v2:172.21.15.38:3300/0 1 ==== mon_map magic: 0 v1 ==== 229+0+0 (secure 0 0 0) 0x7f16b400d600 con 0x7f16c406fc10
2024-02-15T18:26:28.358 INFO:teuthology.orchestra.run.smithi038.stderr:/usr/bin/ceph:
2024-02-15T18:26:28.359+0000 7f16c2ffd700 1 -- 172.21.15.38:0/329790131 <== mon.0 v2:172.21.15.38:3300/0 2 ==== config(26 keys) v1 ==== 1045+0+0 (secure 0 0 0) 0x7f16b400dbf0 con 0x7f16c406fc10
2024-02-15T18:26:28.358 INFO:teuthology.orchestra.run.smithi038.stderr:/usr/bin/ceph:
2024-02-15T18:26:28.359+0000 7f16c2ffd700 1 -- 172.21.15.38:0/329790131 <== mon.0 v2:172.21.15.38:3300/0 3 ==== mon_map magic: 0 v1 ==== 229+0+0 (secure 0 0 0) 0x7f16b4011cb0 con 0x7f16c406fc10
2024-02-15T18:26:28.358 INFO:teuthology.orchestra.run.smithi038.stderr:/usr/bin/ceph:
2024-02-15T18:26:28.359+0000 7f16caa60700 1 -- 172.21.15.38:0/329790131 >> [v2:172.21.15.38:3300/0,v1:172.21.15.38:6789/0] conn(0x7f16c406fc10 msgr2=0x7f16c40feb10 secure :-1 s=STATE_CONNECTION_ESTABLISHED l=1).mark_down
2024-02-15T18:26:28.359 INFO:teuthology.orchestra.run.smithi038.stderr:/usr/bin/ceph:
2024-02-15T18:26:28.359+0000 7f16caa60700 1 --2- 172.21.15.38:0/329790131 >> [v2:172.21.15.38:3300/0,v1:172.21.15.38:6789/0] conn(0x7f16c406fc10 0x7f16c40feb10 secure :-1 s=READY pgs=60 cs=0 l=1 rev1=1 rx=0x7f16b400b5f0 tx=0x7f16b4006ee0).stop
2024-02-15T18:26:28.359 INFO:teuthology.orchestra.run.smithi038.stderr:/usr/bin/ceph:
2024-02-15T18:26:28.360+0000 7f16caa60700 1 -- 172.21.15.38:0/329790131 shutdown_connections
2024-02-15T18:26:28.359 INFO:teuthology.orchestra.run.smithi038.stderr:/usr/bin/ceph:
2024-02-15T18:26:28.360+0000 7f16caa60700 1 --2- 172.21.15.38:0/329790131 >> [v2:172.21.15.38:3300/0,v1:172.21.15.38:6789/0] conn(0x7f16c406fc10 0x7f16c40feb10 unknown :-1 s=CLOSED pgs=60 cs=0 l=1 rev1=1 rx=0 tx=0).stop
2024-02-15T18:26:28.359 INFO:teuthology.orchestra.run.smithi038.stderr:/usr/bin/ceph:
2024-02-15T18:26:28.360+0000 7f16caa60700 1 -- 172.21.15.38:0/329790131 >> 172.21.15.38:0/329790131 conn(0x7f16c40f65b0 msgr2=0x7f16c40f89d0 unknown :-1 s=STATE_NONE l=0).mark_down
2024-02-15T18:26:28.359 INFO:teuthology.orchestra.run.smithi038.stderr:/usr/bin/ceph:
2024-02-15T18:26:28.360+0000 7f16caa60700 1 -- 172.21.15.38:0/329790131 shutdown_connections
2024-02-15T18:26:28.359 INFO:teuthology.orchestra.run.smithi038.stderr:/usr/bin/ceph:
2024-02-15T18:26:28.360+0000 7f16caa60700 1 -- 172.21.15.38:0/329790131 wait complete.
2024-02-15T18:26:28.359 INFO:teuthology.orchestra.run.smithi038.stderr:/usr/bin/ceph:
2024-02-15T18:26:28.360+0000 7f16caa60700 1 Processor -- start
2024-02-15T18:26:28.359 INFO:teuthology.orchestra.run.smithi038.stderr:/usr/bin/ceph:
2024-02-15T18:26:28.360+0000 7f16caa60700 1 -- start start
2024-02-15T18:26:28.359 INFO:teuthology.orchestra.run.smithi038.stderr:/usr/bin/ceph:
2024-02-15T18:26:28.361+0000 7f16caa60700 1 --2- >> [v2:172.21.15.38:3300/0,v1:172.21.15.38:6789/0] conn(0x7f16c406fc10 0x7f16c40fc590 unknown :-1 s=NONE pgs=0 cs=0 l=1 rev1=0 rx=0 tx=0).connect
2024-02-15T18:26:28.359 INFO:teuthology.orchestra.run.smithi038.stderr:/usr/bin/ceph:
2024-02-15T18:26:28.361+0000 7f16caa60700 1 -- --> [v2:172.21.15.38:3300/0,v1:172.21.15.38:6789/0] -- mon_getmap magic: 0 v1 -- 0x7f16c40faa10 con 0x7f16c406fc10
2024-02-15T18:26:28.359 INFO:teuthology.orchestra.run.smithi038.stderr:/usr/bin/ceph:
2024-02-15T18:26:28.361+0000 7f16c3fff700 1 --2- >> [v2:172.21.15.38:3300/0,v1:172.21.15.38:6789/0] conn(0x7f16c406fc10 0x7f16c40fc590 unknown :-1 s=BANNER_CONNECTING pgs=0 cs=0 l=1 rev1=0 rx=0 tx=0)._handle_peer_banner_payload supported=1 required=0
2024-02-15T18:26:28.359 INFO:teuthology.orchestra.run.smithi038.stderr:/usr/bin/ceph:
2024-02-15T18:26:28.361+0000 7f16c3fff700 1 --2- >> [v2:172.21.15.38:3300/0,v1:172.21.15.38:6789/0] conn(0x7f16c406fc10 0x7f16c40fc590 unknown :-1 s=HELLO_CONNECTING pgs=0 cs=0 l=1 rev1=1 rx=0 tx=0).handle_hello peer v2:172.21.15.38:3300/0 says I am v2:172.21.15.38:58422/0 (socket says 172.21.15.38:58422)
2024-02-15T18:26:28.359 INFO:teuthology.orchestra.run.smithi038.stderr:/usr/bin/ceph:
2024-02-15T18:26:28.361+0000 7f16c3fff700 1 -- 172.21.15.38:0/1143835891 learned_addr learned my addr 172.21.15.38:0/1143835891 (peer_addr_for_me v2:172.21.15.38:0/0)
2024-02-15T18:26:28.359 INFO:teuthology.orchestra.run.smithi038.stderr:/usr/bin/ceph:
2024-02-15T18:26:28.361+0000 7f16c3fff700 1 -- 172.21.15.38:0/1143835891 --> [v2:172.21.15.38:3300/0,v1:172.21.15.38:6789/0] -- mon_subscribe({config=0+,monmap=0+}) v3 -- 0x7f16b400b200 con 0x7f16c406fc10
2024-02-15T18:26:28.360 INFO:teuthology.orchestra.run.smithi038.stderr:/usr/bin/ceph:
2024-02-15T18:26:28.361+0000 7f16c3fff700 1 --2- 172.21.15.38:0/1143835891 >> [v2:172.21.15.38:3300/0,v1:172.21.15.38:6789/0] conn(0x7f16c406fc10 0x7f16c40fc590 secure :-1 s=READY pgs=61 cs=0 l=1 rev1=1 rx=0x7f16b4006800 tx=0x7f16b4006ee0).ready entity=mon.0 client_cookie=0 server_cookie=0 in_seq=0 out_seq=0
2024-02-15T18:26:28.361 INFO:teuthology.orchestra.run.smithi038.stderr:/usr/bin/ceph:
2024-02-15T18:26:28.361+0000 7f16c0ff9700 1 -- 172.21.15.38:0/1143835891 <== mon.0 v2:172.21.15.38:3300/0 1 ==== mon_map magic: 0 v1 ==== 229+0+0 (secure 0 0 0) 0x7f16b401b570 con 0x7f16c406fc10
2024-02-15T18:26:28.361 INFO:teuthology.orchestra.run.smithi038.stderr:/usr/bin/ceph:
2024-02-15T18:26:28.361+0000 7f16c0ff9700 1 -- 172.21.15.38:0/1143835891 <== mon.0 v2:172.21.15.38:3300/0 2 ==== config(26 keys) v1 ==== 1045+0+0 (secure 0 0 0) 0x7f16b401bb60 con 0x7f16c406fc10
2024-02-15T18:26:28.361 INFO:teuthology.orchestra.run.smithi038.stderr:/usr/bin/ceph:
2024-02-15T18:26:28.361+0000 7f16caa60700 1 -- 172.21.15.38:0/1143835891 --> [v2:172.21.15.38:3300/0,v1:172.21.15.38:6789/0] -- mon_subscribe({mgrmap=0+}) v3 -- 0x7f16c40fabb0 con 0x7f16c406fc10
2024-02-15T18:26:28.361 INFO:teuthology.orchestra.run.smithi038.stderr:/usr/bin/ceph:
2024-02-15T18:26:28.361+0000 7f16c0ff9700 1 -- 172.21.15.38:0/1143835891 <== mon.0 v2:172.21.15.38:3300/0 3 ==== mon_map magic: 0 v1 ==== 229+0+0 (secure 0 0 0) 0x7f16b401a9f0 con 0x7f16c406fc10
2024-02-15T18:26:28.361 INFO:teuthology.orchestra.run.smithi038.stderr:/usr/bin/ceph:
2024-02-15T18:26:28.361+0000 7f16caa60700 1 -- 172.21.15.38:0/1143835891 --> [v2:172.21.15.38:3300/0,v1:172.21.15.38:6789/0] -- mon_subscribe({osdmap=0}) v3 -- 0x7f16c40fb040 con 0x7f16c406fc10
2024-02-15T18:26:28.361 INFO:teuthology.orchestra.run.smithi038.stderr:/usr/bin/ceph:
2024-02-15T18:26:28.362+0000 7f16c0ff9700 1 -- 172.21.15.38:0/1143835891 <== mon.0 v2:172.21.15.38:3300/0 4 ==== mgrmap(e 12) v1 ==== 36195+0+0 (secure 0 0 0) 0x7f16b400f070 con 0x7f16c406fc10
2024-02-15T18:26:28.361 INFO:teuthology.orchestra.run.smithi038.stderr:/usr/bin/ceph:
2024-02-15T18:26:28.362+0000 7f16c0ff9700 1 --2- 172.21.15.38:0/1143835891 >> [v2:172.21.15.38:6800/2095530547,v1:172.21.15.38:6801/2095530547] conn(0x7f16b002ff20 0x7f16b00323e0 unknown :-1 s=NONE pgs=0 cs=0 l=1 rev1=0 rx=0 tx=0).connect
2024-02-15T18:26:28.361 INFO:teuthology.orchestra.run.smithi038.stderr:/usr/bin/ceph:
2024-02-15T18:26:28.362+0000 7f16caa60700 1 -- 172.21.15.38:0/1143835891 --> [v2:172.21.15.38:3300/0,v1:172.21.15.38:6789/0] -- mon_command({"prefix": "get_command_descriptions"} v 0) v1 -- 0x7f16c4045ad0 con 0x7f16c406fc10
2024-02-15T18:26:28.361 INFO:teuthology.orchestra.run.smithi038.stderr:/usr/bin/ceph:
2024-02-15T18:26:28.362+0000 7f16c0ff9700 1 -- 172.21.15.38:0/1143835891 <== mon.0 v2:172.21.15.38:3300/0 5 ==== osd_map(3..3 src has 1..3) v4 ==== 1098+0+0 (secure 0 0 0) 0x7f16b4041630 con 0x7f16c406fc10
2024-02-15T18:26:28.361 INFO:teuthology.orchestra.run.smithi038.stderr:/usr/bin/ceph:
2024-02-15T18:26:28.363+0000 7f16c37fe700 1 --2- 172.21.15.38:0/1143835891 >> [v2:172.21.15.38:6800/2095530547,v1:172.21.15.38:6801/2095530547] conn(0x7f16b002ff20 0x7f16b00323e0 unknown :-1 s=BANNER_CONNECTING pgs=0 cs=0 l=1 rev1=0 rx=0 tx=0)._handle_peer_banner_payload supported=1 required=0
2024-02-15T18:26:28.361 INFO:teuthology.orchestra.run.smithi038.stderr:/usr/bin/ceph:
2024-02-15T18:26:28.363+0000 7f16c37fe700 1 --2- 172.21.15.38:0/1143835891 >> [v2:172.21.15.38:6800/2095530547,v1:172.21.15.38:6801/2095530547] conn(0x7f16b002ff20 0x7f16b00323e0 secure :-1 s=READY pgs=8 cs=0 l=1 rev1=1 rx=0x7f16b80096a0 tx=0x7f16b8006b40).ready entity=mgr.14142 client_cookie=0 server_cookie=0 in_seq=0 out_seq=0
2024-02-15T18:26:28.363 INFO:teuthology.orchestra.run.smithi038.stderr:/usr/bin/ceph:
2024-02-15T18:26:28.367+0000 7f16c0ff9700 1 -- 172.21.15.38:0/1143835891 <== mon.0 v2:172.21.15.38:3300/0 6 ==== mon_command_ack([{"prefix": "get_command_descriptions"}]=0 v0) v1 ==== 72+0+152212 (secure 0 0 0) 0x7f16b4022b00 con 0x7f16c406fc10
2024-02-15T18:26:28.548 INFO:teuthology.orchestra.run.smithi038.stderr:/usr/bin/ceph:
2024-02-15T18:26:28.551+0000 7f16caa60700 1 -- 172.21.15.38:0/1143835891 --> [v2:172.21.15.38:6800/2095530547,v1:172.21.15.38:6801/2095530547] -- mgr_command(tid 0: {"prefix": "orch apply", "service_type": "alertmanager", "target": ["mon-mgr", ""]}) v1 -- 0x7f16c40fff90 con 0x7f16b002ff20
2024-02-15T18:26:28.554 INFO:teuthology.orchestra.run.smithi038.stderr:/usr/bin/ceph:
2024-02-15T18:26:28.557+0000 7f16c0ff9700 1 -- 172.21.15.38:0/1143835891 <== mgr.14142 v2:172.21.15.38:6800/2095530547 1 ==== mgr_command_reply(tid 0: 0 ) v1 ==== 8+0+33 (secure 0 0 0) 0x7f16c40fff90 con 0x7f16b002ff20
2024-02-15T18:26:28.554 INFO:teuthology.orchestra.run.smithi038.stderr:/usr/bin/ceph: Scheduled alertmanager update...
2024-02-15T18:26:28.556 INFO:teuthology.orchestra.run.smithi038.stderr:/usr/bin/ceph:
2024-02-15T18:26:28.559+0000 7f16caa60700 1 -- 172.21.15.38:0/1143835891 >> [v2:172.21.15.38:6800/2095530547,v1:172.21.15.38:6801/2095530547] conn(0x7f16b002ff20 msgr2=0x7f16b00323e0 secure :-1 s=STATE_CONNECTION_ESTABLISHED l=1).mark_down
2024-02-15T18:26:28.556 INFO:teuthology.orchestra.run.smithi038.stderr:/usr/bin/ceph:
2024-02-15T18:26:28.559+0000 7f16caa60700 1 --2- 172.21.15.38:0/1143835891 >> [v2:172.21.15.38:6800/2095530547,v1:172.21.15.38:6801/2095530547] conn(0x7f16b002ff20 0x7f16b00323e0 secure :-1 s=READY pgs=8 cs=0 l=1 rev1=1 rx=0x7f16b80096a0 tx=0x7f16b8006b40).stop
2024-02-15T18:26:28.557 INFO:teuthology.orchestra.run.smithi038.stderr:/usr/bin/ceph:
2024-02-15T18:26:28.559+0000 7f16caa60700 1 -- 172.21.15.38:0/1143835891 >> [v2:172.21.15.38:3300/0,v1:172.21.15.38:6789/0] conn(0x7f16c406fc10 msgr2=0x7f16c40fc590 secure :-1 s=STATE_CONNECTION_ESTABLISHED l=1).mark_down
2024-02-15T18:26:28.557 INFO:teuthology.orchestra.run.smithi038.stderr:/usr/bin/ceph:
2024-02-15T18:26:28.559+0000 7f16caa60700 1 --2- 172.21.15.38:0/1143835891 >> [v2:172.21.15.38:3300/0,v1:172.21.15.38:6789/0] conn(0x7f16c406fc10 0x7f16c40fc590 secure :-1 s=READY pgs=61 cs=0 l=1 rev1=1 rx=0x7f16b4006800 tx=0x7f16b4006ee0).stop
2024-02-15T18:26:28.557 INFO:teuthology.orchestra.run.smithi038.stderr:/usr/bin/ceph:
2024-02-15T18:26:28.559+0000 7f16caa60700 1 -- 172.21.15.38:0/1143835891 shutdown_connections
2024-02-15T18:26:28.557 INFO:teuthology.orchestra.run.smithi038.stderr:/usr/bin/ceph:
2024-02-15T18:26:28.559+0000 7f16caa60700 1 --2- 172.21.15.38:0/1143835891 >> [v2:172.21.15.38:6800/2095530547,v1:172.21.15.38:6801/2095530547] conn(0x7f16b002ff20 0x7f16b00323e0 unknown :-1 s=CLOSED pgs=8 cs=0 l=1 rev1=1 rx=0 tx=0).stop
2024-02-15T18:26:28.557 INFO:teuthology.orchestra.run.smithi038.stderr:/usr/bin/ceph:
2024-02-15T18:26:28.559+0000 7f16caa60700 1 --2- 172.21.15.38:0/1143835891 >> [v2:172.21.15.38:3300/0,v1:172.21.15.38:6789/0] conn(0x7f16c406fc10 0x7f16c40fc590 unknown :-1 s=CLOSED pgs=61 cs=0 l=1 rev1=1 rx=0 tx=0).stop
2024-02-15T18:26:28.557 INFO:teuthology.orchestra.run.smithi038.stderr:/usr/bin/ceph:
2024-02-15T18:26:28.559+0000 7f16caa60700 1 -- 172.21.15.38:0/1143835891 >> 172.21.15.38:0/1143835891 conn(0x7f16c40f65b0 msgr2=0x7f16c40f7f70 unknown :-1 s=STATE_NONE l=0).mark_down
2024-02-15T18:26:28.557 INFO:teuthology.orchestra.run.smithi038.stderr:/usr/bin/ceph:
2024-02-15T18:26:28.559+0000 7f16caa60700 1 -- 172.21.15.38:0/1143835891 shutdown_connections
2024-02-15T18:26:28.557 INFO:teuthology.orchestra.run.smithi038.stderr:/usr/bin/ceph:
2024-02-15T18:26:28.559+0000 7f16caa60700 1 -- 172.21.15.38:0/1143835891 wait complete.
2024-02-15T18:26:29.175 INFO:teuthology.orchestra.run.smithi038.stderr:Running command: /bin/podman run --rm --ipc=host --no-hosts --net=host --entrypoint /usr/bin/ceph --init -e CONTAINER_IMAGE=docker.io/ceph/ceph:v16.2.4 -e NODE_NAME=smithi038 -e CEPH_USE_RANDOM_NONCE=1 -v /var/log/ceph/7e05753e-cc2f-11ee-95ba-87774f69a715:/var/log/ceph:z -v /tmp/ceph-tmpn76yqex2:/etc/ceph/ceph.client.admin.keyring:z -v /tmp/ceph-tmp824yk_k1:/etc/ceph/ceph.conf:z docker.io/ceph/ceph:v16.2.4 config set mgr mgr/cephadm/container_init True --force
2024-02-15T18:26:29.756 INFO:teuthology.orchestra.run.smithi038.stderr:/usr/bin/ceph:
2024-02-15T18:26:29.759+0000 7f99eeece700 1 Processor -- start
2024-02-15T18:26:29.756 INFO:teuthology.orchestra.run.smithi038.stderr:/usr/bin/ceph:
2024-02-15T18:26:29.759+0000 7f99eeece700 1 -- start start
2024-02-15T18:26:29.757 INFO:teuthology.orchestra.run.smithi038.stderr:/usr/bin/ceph:
2024-02-15T18:26:29.759+0000 7f99eeece700 1 --2- >> [v2:172.21.15.38:3300/0,v1:172.21.15.38:6789/0] conn(0x7f99e80703f0 0x7f99e80fea90 unknown :-1 s=NONE pgs=0 cs=0 l=0 rev1=0 rx=0 tx=0).connect
2024-02-15T18:26:29.757 INFO:teuthology.orchestra.run.smithi038.stderr:/usr/bin/ceph:
2024-02-15T18:26:29.759+0000 7f99eeece700 1 -- --> [v2:172.21.15.38:3300/0,v1:172.21.15.38:6789/0] -- mon_getmap magic: 0 v1 -- 0x7f99e80fef80 con 0x7f99e80703f0
2024-02-15T18:26:29.757 INFO:teuthology.orchestra.run.smithi038.stderr:/usr/bin/ceph:
2024-02-15T18:26:29.759+0000 7f99ecc6a700 1 --2- >> [v2:172.21.15.38:3300/0,v1:172.21.15.38:6789/0] conn(0x7f99e80703f0 0x7f99e80fea90 unknown :-1 s=BANNER_CONNECTING pgs=0 cs=0 l=0 rev1=0 rx=0 tx=0)._handle_peer_banner_payload supported=1 required=0
2024-02-15T18:26:29.757 INFO:teuthology.orchestra.run.smithi038.stderr:/usr/bin/ceph:
2024-02-15T18:26:29.759+0000 7f99ecc6a700 1 --2- >> [v2:172.21.15.38:3300/0,v1:172.21.15.38:6789/0] conn(0x7f99e80703f0 0x7f99e80fea90 unknown :-1 s=HELLO_CONNECTING pgs=0 cs=0 l=0 rev1=1 rx=0 tx=0).handle_hello peer v2:172.21.15.38:3300/0 says I am v2:172.21.15.38:58436/0 (socket says 172.21.15.38:58436)
2024-02-15T18:26:29.757 INFO:teuthology.orchestra.run.smithi038.stderr:/usr/bin/ceph:
2024-02-15T18:26:29.759+0000 7f99ecc6a700 1 -- 172.21.15.38:0/1483709371 learned_addr learned my addr 172.21.15.38:0/1483709371 (peer_addr_for_me v2:172.21.15.38:0/0)
2024-02-15T18:26:29.757 INFO:teuthology.orchestra.run.smithi038.stderr:/usr/bin/ceph:
2024-02-15T18:26:29.759+0000 7f99ecc6a700 1 -- 172.21.15.38:0/1483709371 --> [v2:172.21.15.38:3300/0,v1:172.21.15.38:6789/0] -- mon_subscribe({config=0+,monmap=0+}) v3 -- 0x7f99e80ff0c0 con 0x7f99e80703f0
2024-02-15T18:26:29.759 INFO:teuthology.orchestra.run.smithi038.stderr:/usr/bin/ceph:
2024-02-15T18:26:29.759+0000 7f99ecc6a700 1 --2- 172.21.15.38:0/1483709371 >> [v2:172.21.15.38:3300/0,v1:172.21.15.38:6789/0] conn(0x7f99e80703f0 0x7f99e80fea90 secure :-1 s=READY pgs=62 cs=0 l=1 rev1=1 rx=0x7f99dc013e00 tx=0x7f99dc006ee0).ready entity=mon.0 client_cookie=a0091874ea276085 server_cookie=0 in_seq=0 out_seq=0
2024-02-15T18:26:29.759 INFO:teuthology.orchestra.run.smithi038.stderr:/usr/bin/ceph:
2024-02-15T18:26:29.760+0000 7f99e77fe700 1 -- 172.21.15.38:0/1483709371 <== mon.0 v2:172.21.15.38:3300/0 1 ==== mon_map magic: 0 v1 ==== 229+0+0 (secure 0 0 0) 0x7f99dc009e90 con 0x7f99e80703f0
2024-02-15T18:26:29.759 INFO:teuthology.orchestra.run.smithi038.stderr:/usr/bin/ceph:
2024-02-15T18:26:29.760+0000 7f99e77fe700 1 -- 172.21.15.38:0/1483709371 <== mon.0 v2:172.21.15.38:3300/0 2 ==== config(26 keys) v1 ==== 1045+0+0 (secure 0 0 0) 0x7f99dc012d70 con 0x7f99e80703f0
2024-02-15T18:26:29.759 INFO:teuthology.orchestra.run.smithi038.stderr:/usr/bin/ceph:
2024-02-15T18:26:29.760+0000 7f99e77fe700 1 -- 172.21.15.38:0/1483709371 <== mon.0 v2:172.21.15.38:3300/0 3 ==== mon_map magic: 0 v1 ==== 229+0+0 (secure 0 0 0) 0x7f99dc01c620 con 0x7f99e80703f0
2024-02-15T18:26:29.759 INFO:teuthology.orchestra.run.smithi038.stderr:/usr/bin/ceph:
2024-02-15T18:26:29.760+0000 7f99eeece700 1 -- 172.21.15.38:0/1483709371 >> [v2:172.21.15.38:3300/0,v1:172.21.15.38:6789/0] conn(0x7f99e80703f0 msgr2=0x7f99e80fea90 secure :-1 s=STATE_CONNECTION_ESTABLISHED l=1).mark_down
2024-02-15T18:26:29.759 INFO:teuthology.orchestra.run.smithi038.stderr:/usr/bin/ceph:
2024-02-15T18:26:29.760+0000 7f99eeece700 1 --2- 172.21.15.38:0/1483709371 >> [v2:172.21.15.38:3300/0,v1:172.21.15.38:6789/0] conn(0x7f99e80703f0 0x7f99e80fea90 secure :-1 s=READY pgs=62 cs=0 l=1 rev1=1 rx=0x7f99dc013e00 tx=0x7f99dc006ee0).stop
2024-02-15T18:26:29.760 INFO:teuthology.orchestra.run.smithi038.stderr:/usr/bin/ceph:
2024-02-15T18:26:29.760+0000 7f99eeece700 1 -- 172.21.15.38:0/1483709371 shutdown_connections
2024-02-15T18:26:29.760 INFO:teuthology.orchestra.run.smithi038.stderr:/usr/bin/ceph:
2024-02-15T18:26:29.760+0000 7f99eeece700 1 --2- 172.21.15.38:0/1483709371 >> [v2:172.21.15.38:3300/0,v1:172.21.15.38:6789/0] conn(0x7f99e80703f0 0x7f99e80fea90 unknown :-1 s=CLOSED pgs=62 cs=0 l=1 rev1=1 rx=0 tx=0).stop
2024-02-15T18:26:29.760 INFO:teuthology.orchestra.run.smithi038.stderr:/usr/bin/ceph:
2024-02-15T18:26:29.760+0000 7f99eeece700 1 -- 172.21.15.38:0/1483709371 >> 172.21.15.38:0/1483709371 conn(0x7f99e80f6530 msgr2=0x7f99e80f8950 unknown :-1 s=STATE_NONE l=0).mark_down
2024-02-15T18:26:29.760 INFO:teuthology.orchestra.run.smithi038.stderr:/usr/bin/ceph:
2024-02-15T18:26:29.761+0000 7f99eeece700 1 -- 172.21.15.38:0/1483709371 shutdown_connections
2024-02-15T18:26:29.760 INFO:teuthology.orchestra.run.smithi038.stderr:/usr/bin/ceph:
2024-02-15T18:26:29.761+0000 7f99eeece700 1 -- 172.21.15.38:0/1483709371 wait complete.
2024-02-15T18:26:29.760 INFO:teuthology.orchestra.run.smithi038.stderr:/usr/bin/ceph:
2024-02-15T18:26:29.762+0000 7f99eeece700 1 Processor -- start
2024-02-15T18:26:29.760 INFO:teuthology.orchestra.run.smithi038.stderr:/usr/bin/ceph:
2024-02-15T18:26:29.762+0000 7f99eeece700 1 -- start start
2024-02-15T18:26:29.760 INFO:teuthology.orchestra.run.smithi038.stderr:/usr/bin/ceph:
2024-02-15T18:26:29.762+0000 7f99eeece700 1 --2- >> [v2:172.21.15.38:3300/0,v1:172.21.15.38:6789/0] conn(0x7f99e80703f0 0x7f99e8108920 unknown :-1 s=NONE pgs=0 cs=0 l=1 rev1=0 rx=0 tx=0).connect
2024-02-15T18:26:29.760 INFO:teuthology.orchestra.run.smithi038.stderr:/usr/bin/ceph:
2024-02-15T18:26:29.762+0000 7f99eeece700 1 -- --> [v2:172.21.15.38:3300/0,v1:172.21.15.38:6789/0] -- mon_getmap magic: 0 v1 -- 0x7f99e8108e10 con 0x7f99e80703f0
2024-02-15T18:26:29.760 INFO:teuthology.orchestra.run.smithi038.stderr:/usr/bin/ceph:
2024-02-15T18:26:29.762+0000 7f99ecc6a700 1 --2- >> [v2:172.21.15.38:3300/0,v1:172.21.15.38:6789/0] conn(0x7f99e80703f0 0x7f99e8108920 unknown :-1 s=BANNER_CONNECTING pgs=0 cs=0 l=1 rev1=0 rx=0 tx=0)._handle_peer_banner_payload supported=1 required=0
2024-02-15T18:26:29.760 INFO:teuthology.orchestra.run.smithi038.stderr:/usr/bin/ceph:
2024-02-15T18:26:29.762+0000 7f99ecc6a700 1 --2- >> [v2:172.21.15.38:3300/0,v1:172.21.15.38:6789/0] conn(0x7f99e80703f0 0x7f99e8108920 unknown :-1 s=HELLO_CONNECTING pgs=0 cs=0 l=1 rev1=1 rx=0 tx=0).handle_hello peer v2:172.21.15.38:3300/0 says I am v2:172.21.15.38:58448/0 (socket says 172.21.15.38:58448)
2024-02-15T18:26:29.760 INFO:teuthology.orchestra.run.smithi038.stderr:/usr/bin/ceph:
2024-02-15T18:26:29.762+0000 7f99ecc6a700 1 -- 172.21.15.38:0/2209777497 learned_addr learned my addr 172.21.15.38:0/2209777497 (peer_addr_for_me v2:172.21.15.38:0/0)
2024-02-15T18:26:29.761 INFO:teuthology.orchestra.run.smithi038.stderr:/usr/bin/ceph:
2024-02-15T18:26:29.763+0000 7f99ecc6a700 1 -- 172.21.15.38:0/2209777497 --> [v2:172.21.15.38:3300/0,v1:172.21.15.38:6789/0] -- mon_subscribe({config=0+,monmap=0+}) v3 -- 0x7f99dc013a10 con 0x7f99e80703f0
2024-02-15T18:26:29.762 INFO:teuthology.orchestra.run.smithi038.stderr:/usr/bin/ceph:
2024-02-15T18:26:29.763+0000 7f99ecc6a700 1 --2- 172.21.15.38:0/2209777497 >> [v2:172.21.15.38:3300/0,v1:172.21.15.38:6789/0] conn(0x7f99e80703f0 0x7f99e8108920 secure :-1 s=READY pgs=63 cs=0 l=1 rev1=1 rx=0x7f99dc0135d0 tx=0x7f99dc006ee0).ready entity=mon.0 client_cookie=0 server_cookie=0 in_seq=0 out_seq=0
2024-02-15T18:26:29.762 INFO:teuthology.orchestra.run.smithi038.stderr:/usr/bin/ceph:
2024-02-15T18:26:29.763+0000 7f99e57fa700 1 -- 172.21.15.38:0/2209777497 <== mon.0 v2:172.21.15.38:3300/0 1 ==== mon_map magic: 0 v1 ==== 229+0+0 (secure 0 0 0) 0x7f99dc01c7f0 con 0x7f99e80703f0
2024-02-15T18:26:29.762 INFO:teuthology.orchestra.run.smithi038.stderr:/usr/bin/ceph:
2024-02-15T18:26:29.763+0000 7f99eeece700 1 -- 172.21.15.38:0/2209777497 --> [v2:172.21.15.38:3300/0,v1:172.21.15.38:6789/0] -- mon_subscribe({mgrmap=0+}) v3 -- 0x7f99e8109010 con 0x7f99e80703f0
2024-02-15T18:26:29.762 INFO:teuthology.orchestra.run.smithi038.stderr:/usr/bin/ceph:
2024-02-15T18:26:29.763+0000 7f99e57fa700 1 -- 172.21.15.38:0/2209777497 <== mon.0 v2:172.21.15.38:3300/0 2 ==== config(26 keys) v1 ==== 1045+0+0 (secure 0 0 0) 0x7f99dc01cde0 con 0x7f99e80703f0
2024-02-15T18:26:29.762 INFO:teuthology.orchestra.run.smithi038.stderr:/usr/bin/ceph:
2024-02-15T18:26:29.763+0000 7f99e57fa700 1 -- 172.21.15.38:0/2209777497 <== mon.0 v2:172.21.15.38:3300/0 3 ==== mon_map magic: 0 v1 ==== 229+0+0 (secure 0 0 0) 0x7f99dc025de0 con 0x7f99e80703f0
2024-02-15T18:26:29.762 INFO:teuthology.orchestra.run.smithi038.stderr:/usr/bin/ceph:
2024-02-15T18:26:29.763+0000 7f99eeece700 1 -- 172.21.15.38:0/2209777497 --> [v2:172.21.15.38:3300/0,v1:172.21.15.38:6789/0] -- mon_subscribe({osdmap=0}) v3 -- 0x7f99e81094a0 con 0x7f99e80703f0
2024-02-15T18:26:29.762 INFO:teuthology.orchestra.run.smithi038.stderr:/usr/bin/ceph:
2024-02-15T18:26:29.764+0000 7f99eeece700 1 -- 172.21.15.38:0/2209777497 --> [v2:172.21.15.38:3300/0,v1:172.21.15.38:6789/0] -- mon_command({"prefix": "get_command_descriptions"} v 0) v1 -- 0x7f99e8045ad0 con 0x7f99e80703f0
2024-02-15T18:26:29.762 INFO:teuthology.orchestra.run.smithi038.stderr:/usr/bin/ceph:
2024-02-15T18:26:29.764+0000 7f99e57fa700 1 -- 172.21.15.38:0/2209777497 <== mon.0 v2:172.21.15.38:3300/0 4 ==== mgrmap(e 12) v1 ==== 36195+0+0 (secure 0 0 0) 0x7f99dc01c950 con 0x7f99e80703f0
2024-02-15T18:26:29.762 INFO:teuthology.orchestra.run.smithi038.stderr:/usr/bin/ceph:
2024-02-15T18:26:29.764+0000 7f99e57fa700 1 --2- 172.21.15.38:0/2209777497 >> [v2:172.21.15.38:6800/2095530547,v1:172.21.15.38:6801/2095530547] conn(0x7f99cc02ff20 0x7f99cc0323e0 unknown :-1 s=NONE pgs=0 cs=0 l=1 rev1=0 rx=0 tx=0).connect
2024-02-15T18:26:29.762 INFO:teuthology.orchestra.run.smithi038.stderr:/usr/bin/ceph:
2024-02-15T18:26:29.764+0000 7f99e57fa700 1 -- 172.21.15.38:0/2209777497 <== mon.0 v2:172.21.15.38:3300/0 5 ==== osd_map(3..3 src has 1..3) v4 ==== 1098+0+0 (secure 0 0 0) 0x7f99dc049500 con 0x7f99e80703f0
2024-02-15T18:26:29.762 INFO:teuthology.orchestra.run.smithi038.stderr:/usr/bin/ceph:
2024-02-15T18:26:29.764+0000 7f99e7fff700 1 --2- 172.21.15.38:0/2209777497 >> [v2:172.21.15.38:6800/2095530547,v1:172.21.15.38:6801/2095530547] conn(0x7f99cc02ff20 0x7f99cc0323e0 unknown :-1 s=BANNER_CONNECTING pgs=0 cs=0 l=1 rev1=0 rx=0 tx=0)._handle_peer_banner_payload supported=1 required=0
2024-02-15T18:26:29.762 INFO:teuthology.orchestra.run.smithi038.stderr:/usr/bin/ceph:
2024-02-15T18:26:29.765+0000 7f99e7fff700 1 --2- 172.21.15.38:0/2209777497 >> [v2:172.21.15.38:6800/2095530547,v1:172.21.15.38:6801/2095530547] conn(0x7f99cc02ff20 0x7f99cc0323e0 secure :-1 s=READY pgs=9 cs=0 l=1 rev1=1 rx=0x7f99d40096a0 tx=0x7f99d4006b40).ready entity=mgr.14142 client_cookie=0 server_cookie=0 in_seq=0 out_seq=0
2024-02-15T18:26:29.765 INFO:teuthology.orchestra.run.smithi038.stderr:/usr/bin/ceph:
2024-02-15T18:26:29.769+0000 7f99e57fa700 1 -- 172.21.15.38:0/2209777497 <== mon.0 v2:172.21.15.38:3300/0 6 ==== mon_command_ack([{"prefix": "get_command_descriptions"}]=0 v0) v1 ==== 72+0+152212 (secure 0 0 0) 0x7f99dc01cbe0 con 0x7f99e80703f0
2024-02-15T18:26:29.778 INFO:journalctl@ceph.mon.smithi038.smithi038.stdout:Feb 15 18:26:29 smithi038 ceph-7e05753e-cc2f-11ee-95ba-87774f69a715-mon.smithi038[38138]: audit
2024-02-15T18:26:28.553204+0000 mgr.smithi038.khesbl (mgr.14142) 7 : audit [DBG] from='client.14154 -' entity='client.admin' cmd=[{"prefix": "orch apply", "service_type": "alertmanager", "target": ["mon-mgr", ""]}]: dispatch
2024-02-15T18:26:29.779 INFO:journalctl@ceph.mon.smithi038.smithi038.stdout:Feb 15 18:26:29 smithi038 ceph-7e05753e-cc2f-11ee-95ba-87774f69a715-mon.smithi038[38138]: cephadm
2024-02-15T18:26:28.553743+0000 mgr.smithi038.khesbl (mgr.14142) 8 : cephadm [INF] Saving service alertmanager spec with placement count:1
2024-02-15T18:26:29.779 INFO:journalctl@ceph.mon.smithi038.smithi038.stdout:Feb 15 18:26:29 smithi038 ceph-7e05753e-cc2f-11ee-95ba-87774f69a715-mon.smithi038[38138]: audit
2024-02-15T18:26:28.557994+0000 mon.smithi038 (mon.0) 81 : audit [INF] from='mgr.14142 172.21.15.38:0/1079131341' entity='mgr.smithi038.khesbl'
2024-02-15T18:26:29.924 INFO:teuthology.orchestra.run.smithi038.stderr:/usr/bin/ceph:
2024-02-15T18:26:29.927+0000 7f99eeece700 1 -- 172.21.15.38:0/2209777497 --> [v2:172.21.15.38:3300/0,v1:172.21.15.38:6789/0] -- mon_command([{prefix=config set, name=mgr/cephadm/container_init}] v 0) v1 -- 0x7f99e8102a00 con 0x7f99e80703f0
2024-02-15T18:26:29.927 INFO:teuthology.orchestra.run.smithi038.stderr:/usr/bin/ceph:
2024-02-15T18:26:29.930+0000 7f99e57fa700 1 -- 172.21.15.38:0/2209777497 <== mon.0 v2:172.21.15.38:3300/0 7 ==== mon_command_ack([{prefix=config set, name=mgr/cephadm/container_init}]=0 v8)=0 v8) v1 ==== 142+0+0 (secure 0 0 0) 0x7f99dc0237b0 con 0x7f99e80703f0
2024-02-15T18:26:29.930 INFO:teuthology.orchestra.run.smithi038.stderr:/usr/bin/ceph:
2024-02-15T18:26:29.932+0000 7f99eeece700 1 -- 172.21.15.38:0/2209777497 >> [v2:172.21.15.38:6800/2095530547,v1:172.21.15.38:6801/2095530547] conn(0x7f99cc02ff20 msgr2=0x7f99cc0323e0 secure :-1 s=STATE_CONNECTION_ESTABLISHED l=1).mark_down
2024-02-15T18:26:29.930 INFO:teuthology.orchestra.run.smithi038.stderr:/usr/bin/ceph:
2024-02-15T18:26:29.932+0000 7f99eeece700 1 --2- 172.21.15.38:0/2209777497 >> [v2:172.21.15.38:6800/2095530547,v1:172.21.15.38:6801/2095530547] conn(0x7f99cc02ff20 0x7f99cc0323e0 secure :-1 s=READY pgs=9 cs=0 l=1 rev1=1 rx=0x7f99d40096a0 tx=0x7f99d4006b40).stop
2024-02-15T18:26:29.930 INFO:teuthology.orchestra.run.smithi038.stderr:/usr/bin/ceph:
2024-02-15T18:26:29.932+0000 7f99eeece700 1 -- 172.21.15.38:0/2209777497 >> [v2:172.21.15.38:3300/0,v1:172.21.15.38:6789/0] conn(0x7f99e80703f0 msgr2=0x7f99e8108920 secure :-1 s=STATE_CONNECTION_ESTABLISHED l=1).mark_down
2024-02-15T18:26:29.930 INFO:teuthology.orchestra.run.smithi038.stderr:/usr/bin/ceph:
2024-02-15T18:26:29.932+0000 7f99eeece700 1 --2- 172.21.15.38:0/2209777497 >> [v2:172.21.15.38:3300/0,v1:172.21.15.38:6789/0] conn(0x7f99e80703f0 0x7f99e8108920 secure :-1 s=READY pgs=63 cs=0 l=1 rev1=1 rx=0x7f99dc0135d0 tx=0x7f99dc006ee0).stop
2024-02-15T18:26:29.930 INFO:teuthology.orchestra.run.smithi038.stderr:/usr/bin/ceph:
2024-02-15T18:26:29.932+0000 7f99eeece700 1 -- 172.21.15.38:0/2209777497 shutdown_connections
2024-02-15T18:26:29.930 INFO:teuthology.orchestra.run.smithi038.stderr:/usr/bin/ceph:
2024-02-15T18:26:29.932+0000 7f99eeece700 1 --2- 172.21.15.38:0/2209777497 >> [v2:172.21.15.38:6800/2095530547,v1:172.21.15.38:6801/2095530547] conn(0x7f99cc02ff20 0x7f99cc0323e0 unknown :-1 s=CLOSED pgs=9 cs=0 l=1 rev1=1 rx=0 tx=0).stop
2024-02-15T18:26:29.930 INFO:teuthology.orchestra.run.smithi038.stderr:/usr/bin/ceph:
2024-02-15T18:26:29.932+0000 7f99eeece700 1 --2- 172.21.15.38:0/2209777497 >> [v2:172.21.15.38:3300/0,v1:172.21.15.38:6789/0] conn(0x7f99e80703f0 0x7f99e8108920 unknown :-1 s=CLOSED pgs=63 cs=0 l=1 rev1=1 rx=0 tx=0).stop
2024-02-15T18:26:29.930 INFO:teuthology.orchestra.run.smithi038.stderr:/usr/bin/ceph:
2024-02-15T18:26:29.932+0000 7f99eeece700 1 -- 172.21.15.38:0/2209777497 >> 172.21.15.38:0/2209777497 conn(0x7f99e80f6530 msgr2=0x7f99e80fcee0 unknown :-1 s=STATE_NONE l=0).mark_down
2024-02-15T18:26:29.930 INFO:teuthology.orchestra.run.smithi038.stderr:/usr/bin/ceph:
2024-02-15T18:26:29.933+0000 7f99eeece700 1 -- 172.21.15.38:0/2209777497 shutdown_connections
2024-02-15T18:26:29.930 INFO:teuthology.orchestra.run.smithi038.stderr:/usr/bin/ceph:
2024-02-15T18:26:29.933+0000 7f99eeece700 1 -- 172.21.15.38:0/2209777497 wait complete.
2024-02-15T18:26:30.816 INFO:teuthology.orchestra.run.smithi038.stderr:Running command: /bin/podman run --rm --ipc=host --no-hosts --net=host --entrypoint /usr/bin/ceph --init -e CONTAINER_IMAGE=docker.io/ceph/ceph:v16.2.4 -e NODE_NAME=smithi038 -e CEPH_USE_RANDOM_NONCE=1 -v /var/log/ceph/7e05753e-cc2f-11ee-95ba-87774f69a715:/var/log/ceph:z -v /tmp/ceph-tmpn76yqex2:/etc/ceph/ceph.client.admin.keyring:z -v /tmp/ceph-tmp824yk_k1:/etc/ceph/ceph.conf:z docker.io/ceph/ceph:v16.2.4 config set mgr mgr/dashboard/ssl_server_port 8443
2024-02-15T18:26:31.160 INFO:journalctl@ceph.mon.smithi038.smithi038.stdout:Feb 15 18:26:30 smithi038 ceph-7e05753e-cc2f-11ee-95ba-87774f69a715-mon.smithi038[38138]: audit
2024-02-15T18:26:29.931177+0000 mon.smithi038 (mon.0) 82 : audit [INF] from='client.? 172.21.15.38:0/2209777497' entity='client.admin'
2024-02-15T18:26:31.631 INFO:teuthology.orchestra.run.smithi038.stderr:/usr/bin/ceph:
2024-02-15T18:26:31.522+0000 7f846ca1a700 1 Processor -- start
2024-02-15T18:26:31.631 INFO:teuthology.orchestra.run.smithi038.stderr:/usr/bin/ceph:
2024-02-15T18:26:31.522+0000 7f846ca1a700 1 -- start start
2024-02-15T18:26:31.631 INFO:teuthology.orchestra.run.smithi038.stderr:/usr/bin/ceph:
2024-02-15T18:26:31.523+0000 7f846ca1a700 1 --2- >> [v2:172.21.15.38:3300/0,v1:172.21.15.38:6789/0] conn(0x7f84680fc4e0 0x7f84680fc900 unknown :-1 s=NONE pgs=0 cs=0 l=0 rev1=0 rx=0 tx=0).connect
2024-02-15T18:26:31.631 INFO:teuthology.orchestra.run.smithi038.stderr:/usr/bin/ceph:
2024-02-15T18:26:31.523+0000 7f846ca1a700 1 -- --> [v2:172.21.15.38:3300/0,v1:172.21.15.38:6789/0] -- mon_getmap magic: 0 v1 -- 0x7f84680fcdf0 con 0x7f84680fc4e0
2024-02-15T18:26:31.631 INFO:teuthology.orchestra.run.smithi038.stderr:/usr/bin/ceph:
2024-02-15T18:26:31.523+0000 7f846659c700 1 --2- >> [v2:172.21.15.38:3300/0,v1:172.21.15.38:6789/0] conn(0x7f84680fc4e0 0x7f84680fc900 unknown :-1 s=BANNER_CONNECTING pgs=0 cs=0 l=0 rev1=0 rx=0 tx=0)._handle_peer_banner_payload supported=1 required=0
2024-02-15T18:26:31.631 INFO:teuthology.orchestra.run.smithi038.stderr:/usr/bin/ceph:
2024-02-15T18:26:31.523+0000 7f846659c700 1 --2- >> [v2:172.21.15.38:3300/0,v1:172.21.15.38:6789/0] conn(0x7f84680fc4e0 0x7f84680fc900 unknown :-1 s=HELLO_CONNECTING pgs=0 cs=0 l=0 rev1=1 rx=0 tx=0).handle_hello peer v2:172.21.15.38:3300/0 says I am v2:172.21.15.38:58450/0 (socket says 172.21.15.38:58450)
2024-02-15T18:26:31.631 INFO:teuthology.orchestra.run.smithi038.stderr:/usr/bin/ceph:
2024-02-15T18:26:31.523+0000 7f846659c700 1 -- 172.21.15.38:0/4029929571 learned_addr learned my addr 172.21.15.38:0/4029929571 (peer_addr_for_me v2:172.21.15.38:0/0)
2024-02-15T18:26:31.631 INFO:teuthology.orchestra.run.smithi038.stderr:/usr/bin/ceph:
2024-02-15T18:26:31.523+0000 7f846659c700 1 -- 172.21.15.38:0/4029929571 --> [v2:172.21.15.38:3300/0,v1:172.21.15.38:6789/0] -- mon_subscribe({config=0+,monmap=0+}) v3 -- 0x7f84680fcf30 con 0x7f84680fc4e0
2024-02-15T18:26:31.631 INFO:teuthology.orchestra.run.smithi038.stderr:/usr/bin/ceph:
2024-02-15T18:26:31.523+0000 7f846659c700 1 --2- 172.21.15.38:0/4029929571 >> [v2:172.21.15.38:3300/0,v1:172.21.15.38:6789/0] conn(0x7f84680fc4e0 0x7f84680fc900 secure :-1 s=READY pgs=64 cs=0 l=1 rev1=1 rx=0x7f8460009960 tx=0x7f84600092d0).ready entity=mon.0 client_cookie=b6ad394ef268c668 server_cookie=0 in_seq=0 out_seq=0
2024-02-15T18:26:31.631 INFO:teuthology.orchestra.run.smithi038.stderr:/usr/bin/ceph:
2024-02-15T18:26:31.523+0000 7f846559a700 1 -- 172.21.15.38:0/4029929571 <== mon.0 v2:172.21.15.38:3300/0 1 ==== mon_map magic: 0 v1 ==== 229+0+0 (secure 0 0 0) 0x7f846000b9c0 con 0x7f84680fc4e0
2024-02-15T18:26:31.631 INFO:teuthology.orchestra.run.smithi038.stderr:/usr/bin/ceph:
2024-02-15T18:26:31.523+0000 7f846559a700 1 -- 172.21.15.38:0/4029929571 <== mon.0 v2:172.21.15.38:3300/0 2 ==== config(26 keys) v1 ==== 1045+0+0 (secure 0 0 0) 0x7f8460011400 con 0x7f84680fc4e0
2024-02-15T18:26:31.635 INFO:teuthology.orchestra.run.smithi038.stderr:/usr/bin/ceph:
2024-02-15T18:26:31.523+0000 7f846559a700 1 -- 172.21.15.38:0/4029929571 <== mon.0 v2:172.21.15.38:3300/0 3 ==== mon_map magic: 0 v1 ==== 229+0+0 (secure 0 0 0) 0x7f8460010580 con 0x7f84680fc4e0
2024-02-15T18:26:31.635 INFO:teuthology.orchestra.run.smithi038.stderr:/usr/bin/ceph:
2024-02-15T18:26:31.524+0000 7f846ca1a700 1 -- 172.21.15.38:0/4029929571 >> [v2:172.21.15.38:3300/0,v1:172.21.15.38:6789/0] conn(0x7f84680fc4e0 msgr2=0x7f84680fc900 secure :-1 s=STATE_CONNECTION_ESTABLISHED l=1).mark_down
2024-02-15T18:26:31.635 INFO:teuthology.orchestra.run.smithi038.stderr:/usr/bin/ceph:
2024-02-15T18:26:31.524+0000 7f846ca1a700 1 --2- 172.21.15.38:0/4029929571 >> [v2:172.21.15.38:3300/0,v1:172.21.15.38:6789/0] conn(0x7f84680fc4e0 0x7f84680fc900 secure :-1 s=READY pgs=64 cs=0 l=1 rev1=1 rx=0x7f8460009960 tx=0x7f84600092d0).stop
2024-02-15T18:26:31.635 INFO:teuthology.orchestra.run.smithi038.stderr:/usr/bin/ceph:
2024-02-15T18:26:31.524+0000 7f846ca1a700 1 -- 172.21.15.38:0/4029929571 shutdown_connections
2024-02-15T18:26:31.635 INFO:teuthology.orchestra.run.smithi038.stderr:/usr/bin/ceph:
2024-02-15T18:26:31.524+0000 7f846ca1a700 1 --2- 172.21.15.38:0/4029929571 >> [v2:172.21.15.38:3300/0,v1:172.21.15.38:6789/0] conn(0x7f84680fc4e0 0x7f84680fc900 unknown :-1 s=CLOSED pgs=64 cs=0 l=1 rev1=1 rx=0 tx=0).stop
2024-02-15T18:26:31.635 INFO:teuthology.orchestra.run.smithi038.stderr:/usr/bin/ceph:
2024-02-15T18:26:31.524+0000 7f846ca1a700 1 -- 172.21.15.38:0/4029929571 >> 172.21.15.38:0/4029929571 conn(0x7f84680f5d30 msgr2=0x7f84680f8150 unknown :-1 s=STATE_NONE l=0).mark_down
2024-02-15T18:26:31.635 INFO:teuthology.orchestra.run.smithi038.stderr:/usr/bin/ceph:
2024-02-15T18:26:31.524+0000 7f846ca1a700 1 -- 172.21.15.38:0/4029929571 shutdown_connections
2024-02-15T18:26:31.635 INFO:teuthology.orchestra.run.smithi038.stderr:/usr/bin/ceph:
2024-02-15T18:26:31.524+0000 7f846ca1a700 1 -- 172.21.15.38:0/4029929571 wait complete.
2024-02-15T18:26:31.635 INFO:teuthology.orchestra.run.smithi038.stderr:/usr/bin/ceph:
2024-02-15T18:26:31.525+0000 7f846ca1a700 1 Processor -- start
2024-02-15T18:26:31.635 INFO:teuthology.orchestra.run.smithi038.stderr:/usr/bin/ceph:
2024-02-15T18:26:31.525+0000 7f846ca1a700 1 -- start start
2024-02-15T18:26:31.635 INFO:teuthology.orchestra.run.smithi038.stderr:/usr/bin/ceph:
2024-02-15T18:26:31.525+0000 7f846ca1a700 1 --2- >> [v2:172.21.15.38:3300/0,v1:172.21.15.38:6789/0] conn(0x7f84680fc4e0 0x7f846810cda0 unknown :-1 s=NONE pgs=0 cs=0 l=1 rev1=0 rx=0 tx=0).connect
2024-02-15T18:26:31.636 INFO:teuthology.orchestra.run.smithi038.stderr:/usr/bin/ceph:
2024-02-15T18:26:31.525+0000 7f846ca1a700 1 -- --> [v2:172.21.15.38:3300/0,v1:172.21.15.38:6789/0] -- mon_getmap magic: 0 v1 -- 0x7f846810d290 con 0x7f84680fc4e0
2024-02-15T18:26:31.636 INFO:teuthology.orchestra.run.smithi038.stderr:/usr/bin/ceph:
2024-02-15T18:26:31.525+0000 7f846659c700 1 --2- >> [v2:172.21.15.38:3300/0,v1:172.21.15.38:6789/0] conn(0x7f84680fc4e0 0x7f846810cda0 unknown :-1 s=BANNER_CONNECTING pgs=0 cs=0 l=1 rev1=0 rx=0 tx=0)._handle_peer_banner_payload supported=1 required=0
2024-02-15T18:26:31.636 INFO:teuthology.orchestra.run.smithi038.stderr:/usr/bin/ceph:
2024-02-15T18:26:31.525+0000 7f846659c700 1 --2- >> [v2:172.21.15.38:3300/0,v1:172.21.15.38:6789/0] conn(0x7f84680fc4e0 0x7f846810cda0 unknown :-1 s=HELLO_CONNECTING pgs=0 cs=0 l=1 rev1=1 rx=0 tx=0).handle_hello peer v2:172.21.15.38:3300/0 says I am v2:172.21.15.38:58462/0 (socket says 172.21.15.38:58462)
2024-02-15T18:26:31.636 INFO:teuthology.orchestra.run.smithi038.stderr:/usr/bin/ceph:
2024-02-15T18:26:31.525+0000 7f846659c700 1 -- 172.21.15.38:0/2673918563 learned_addr learned my addr 172.21.15.38:0/2673918563 (peer_addr_for_me v2:172.21.15.38:0/0)
2024-02-15T18:26:31.636 INFO:teuthology.orchestra.run.smithi038.stderr:/usr/bin/ceph:
2024-02-15T18:26:31.525+0000 7f846659c700 1 -- 172.21.15.38:0/2673918563 --> [v2:172.21.15.38:3300/0,v1:172.21.15.38:6789/0] -- mon_subscribe({config=0+,monmap=0+}) v3 -- 0x7f8460009570 con 0x7f84680fc4e0
2024-02-15T18:26:31.636 INFO:teuthology.orchestra.run.smithi038.stderr:/usr/bin/ceph:
