2024-02-15T18:26:14.236+0000 7f7b8e59c700 1 --2- >> [v2:172.21.15.38:3300/0,v1:172.21.15.38:6789/0] conn(0x7f7b900703f0 0x7f7b90100e90 unknown :-1 s=BANNER_CONNECTING pgs=0 cs=0 l=0 rev1=0 rx=0 tx=0)._handle_peer_banner_payload supported=1 required=0
2024-02-15T18:26:14.236 INFO:teuthology.orchestra.run.smithi038.stderr:/usr/bin/ceph:
2024-02-15T18:26:14.236+0000 7f7b8e59c700 1 --2- >> [v2:172.21.15.38:3300/0,v1:172.21.15.38:6789/0] conn(0x7f7b900703f0 0x7f7b90100e90 unknown :-1 s=HELLO_CONNECTING pgs=0 cs=0 l=0 rev1=1 rx=0 tx=0).handle_hello peer v2:172.21.15.38:3300/0 says I am v2:172.21.15.38:33152/0 (socket says 172.21.15.38:33152)
2024-02-15T18:26:14.236 INFO:teuthology.orchestra.run.smithi038.stderr:/usr/bin/ceph:
2024-02-15T18:26:14.236+0000 7f7b8e59c700 1 -- 172.21.15.38:0/1731017259 learned_addr learned my addr 172.21.15.38:0/1731017259 (peer_addr_for_me v2:172.21.15.38:0/0)
2024-02-15T18:26:14.236 INFO:teuthology.orchestra.run.smithi038.stderr:/usr/bin/ceph:
2024-02-15T18:26:14.236+0000 7f7b8e59c700 1 -- 172.21.15.38:0/1731017259 --> [v2:172.21.15.38:3300/0,v1:172.21.15.38:6789/0] -- mon_subscribe({config=0+,monmap=0+}) v3 -- 0x7f7b90101380 con 0x7f7b900703f0
2024-02-15T18:26:14.236 INFO:teuthology.orchestra.run.smithi038.stderr:/usr/bin/ceph:
2024-02-15T18:26:14.236+0000 7f7b8e59c700 1 --2- 172.21.15.38:0/1731017259 >> [v2:172.21.15.38:3300/0,v1:172.21.15.38:6789/0] conn(0x7f7b900703f0 0x7f7b90100e90 secure :-1 s=READY pgs=41 cs=0 l=1 rev1=1 rx=0x7f7b8400b5f0 tx=0x7f7b84006ee0).ready entity=mon.0 client_cookie=ab58c9a0f6da687d server_cookie=0 in_seq=0 out_seq=0
2024-02-15T18:26:14.236 INFO:teuthology.orchestra.run.smithi038.stderr:/usr/bin/ceph:
2024-02-15T18:26:14.236+0000 7f7b8d59a700 1 -- 172.21.15.38:0/1731017259 <== mon.0 v2:172.21.15.38:3300/0 1 ==== mon_map magic: 0 v1 ==== 229+0+0 (secure 0 0 0) 0x7f7b8400d600 con 0x7f7b900703f0
2024-02-15T18:26:14.236 INFO:teuthology.orchestra.run.smithi038.stderr:/usr/bin/ceph:
2024-02-15T18:26:14.236+0000 7f7b8d59a700 1 -- 172.21.15.38:0/1731017259 <== mon.0 v2:172.21.15.38:3300/0 2 ==== config(26 keys) v1 ==== 1045+0+0 (secure 0 0 0) 0x7f7b8400dbf0 con 0x7f7b900703f0
2024-02-15T18:26:14.236 INFO:teuthology.orchestra.run.smithi038.stderr:/usr/bin/ceph:
2024-02-15T18:26:14.236+0000 7f7b8d59a700 1 -- 172.21.15.38:0/1731017259 <== mon.0 v2:172.21.15.38:3300/0 3 ==== mon_map magic: 0 v1 ==== 229+0+0 (secure 0 0 0) 0x7f7b84011ce0 con 0x7f7b900703f0
2024-02-15T18:26:14.236 INFO:teuthology.orchestra.run.smithi038.stderr:/usr/bin/ceph:
2024-02-15T18:26:14.237+0000 7f7b949cc700 1 -- 172.21.15.38:0/1731017259 >> [v2:172.21.15.38:3300/0,v1:172.21.15.38:6789/0] conn(0x7f7b900703f0 msgr2=0x7f7b90100e90 secure :-1 s=STATE_CONNECTION_ESTABLISHED l=1).mark_down
2024-02-15T18:26:14.236 INFO:teuthology.orchestra.run.smithi038.stderr:/usr/bin/ceph:
2024-02-15T18:26:14.237+0000 7f7b949cc700 1 --2- 172.21.15.38:0/1731017259 >> [v2:172.21.15.38:3300/0,v1:172.21.15.38:6789/0] conn(0x7f7b900703f0 0x7f7b90100e90 secure :-1 s=READY pgs=41 cs=0 l=1 rev1=1 rx=0x7f7b8400b5f0 tx=0x7f7b84006ee0).stop
2024-02-15T18:26:14.237 INFO:teuthology.orchestra.run.smithi038.stderr:/usr/bin/ceph:
2024-02-15T18:26:14.237+0000 7f7b949cc700 1 -- 172.21.15.38:0/1731017259 shutdown_connections
2024-02-15T18:26:14.237 INFO:teuthology.orchestra.run.smithi038.stderr:/usr/bin/ceph:
2024-02-15T18:26:14.237+0000 7f7b949cc700 1 --2- 172.21.15.38:0/1731017259 >> [v2:172.21.15.38:3300/0,v1:172.21.15.38:6789/0] conn(0x7f7b900703f0 0x7f7b90100e90 unknown :-1 s=CLOSED pgs=41 cs=0 l=1 rev1=1 rx=0 tx=0).stop
2024-02-15T18:26:14.237 INFO:teuthology.orchestra.run.smithi038.stderr:/usr/bin/ceph:
2024-02-15T18:26:14.237+0000 7f7b949cc700 1 -- 172.21.15.38:0/1731017259 >> 172.21.15.38:0/1731017259 conn(0x7f7b900f6530 msgr2=0x7f7b900f8950 unknown :-1 s=STATE_NONE l=0).mark_down
2024-02-15T18:26:14.237 INFO:teuthology.orchestra.run.smithi038.stderr:/usr/bin/ceph:
2024-02-15T18:26:14.237+0000 7f7b949cc700 1 -- 172.21.15.38:0/1731017259 shutdown_connections
2024-02-15T18:26:14.237 INFO:teuthology.orchestra.run.smithi038.stderr:/usr/bin/ceph:
2024-02-15T18:26:14.237+0000 7f7b949cc700 1 -- 172.21.15.38:0/1731017259 wait complete.
2024-02-15T18:26:14.237 INFO:teuthology.orchestra.run.smithi038.stderr:/usr/bin/ceph:
2024-02-15T18:26:14.238+0000 7f7b949cc700 1 Processor -- start
2024-02-15T18:26:14.237 INFO:teuthology.orchestra.run.smithi038.stderr:/usr/bin/ceph:
2024-02-15T18:26:14.238+0000 7f7b949cc700 1 -- start start
2024-02-15T18:26:14.240 INFO:teuthology.orchestra.run.smithi038.stderr:/usr/bin/ceph:
2024-02-15T18:26:14.238+0000 7f7b949cc700 1 --2- >> [v2:172.21.15.38:3300/0,v1:172.21.15.38:6789/0] conn(0x7f7b900703f0 0x7f7b9010cda0 unknown :-1 s=NONE pgs=0 cs=0 l=1 rev1=0 rx=0 tx=0).connect
2024-02-15T18:26:14.240 INFO:teuthology.orchestra.run.smithi038.stderr:/usr/bin/ceph:
2024-02-15T18:26:14.238+0000 7f7b949cc700 1 -- --> [v2:172.21.15.38:3300/0,v1:172.21.15.38:6789/0] -- mon_getmap magic: 0 v1 -- 0x7f7b9010d290 con 0x7f7b900703f0
2024-02-15T18:26:14.240 INFO:teuthology.orchestra.run.smithi038.stderr:/usr/bin/ceph:
2024-02-15T18:26:14.238+0000 7f7b8e59c700 1 --2- >> [v2:172.21.15.38:3300/0,v1:172.21.15.38:6789/0] conn(0x7f7b900703f0 0x7f7b9010cda0 unknown :-1 s=BANNER_CONNECTING pgs=0 cs=0 l=1 rev1=0 rx=0 tx=0)._handle_peer_banner_payload supported=1 required=0
2024-02-15T18:26:14.240 INFO:teuthology.orchestra.run.smithi038.stderr:/usr/bin/ceph:
2024-02-15T18:26:14.238+0000 7f7b8e59c700 1 --2- >> [v2:172.21.15.38:3300/0,v1:172.21.15.38:6789/0] conn(0x7f7b900703f0 0x7f7b9010cda0 unknown :-1 s=HELLO_CONNECTING pgs=0 cs=0 l=1 rev1=1 rx=0 tx=0).handle_hello peer v2:172.21.15.38:3300/0 says I am v2:172.21.15.38:33162/0 (socket says 172.21.15.38:33162)
2024-02-15T18:26:14.240 INFO:teuthology.orchestra.run.smithi038.stderr:/usr/bin/ceph:
2024-02-15T18:26:14.238+0000 7f7b8e59c700 1 -- 172.21.15.38:0/2053537600 learned_addr learned my addr 172.21.15.38:0/2053537600 (peer_addr_for_me v2:172.21.15.38:0/0)
2024-02-15T18:26:14.240 INFO:teuthology.orchestra.run.smithi038.stderr:/usr/bin/ceph:
2024-02-15T18:26:14.238+0000 7f7b8e59c700 1 -- 172.21.15.38:0/2053537600 --> [v2:172.21.15.38:3300/0,v1:172.21.15.38:6789/0] -- mon_subscribe({config=0+,monmap=0+}) v3 -- 0x7f7b8400b200 con 0x7f7b900703f0
2024-02-15T18:26:14.240 INFO:teuthology.orchestra.run.smithi038.stderr:/usr/bin/ceph:
2024-02-15T18:26:14.238+0000 7f7b8e59c700 1 --2- 172.21.15.38:0/2053537600 >> [v2:172.21.15.38:3300/0,v1:172.21.15.38:6789/0] conn(0x7f7b900703f0 0x7f7b9010cda0 secure :-1 s=READY pgs=42 cs=0 l=1 rev1=1 rx=0x7f7b84011ed0 tx=0x7f7b84006ee0).ready entity=mon.0 client_cookie=0 server_cookie=0 in_seq=0 out_seq=0
2024-02-15T18:26:14.241 INFO:teuthology.orchestra.run.smithi038.stderr:/usr/bin/ceph:
2024-02-15T18:26:14.239+0000 7f7b7effd700 1 -- 172.21.15.38:0/2053537600 <== mon.0 v2:172.21.15.38:3300/0 1 ==== mon_map magic: 0 v1 ==== 229+0+0 (secure 0 0 0) 0x7f7b8401b570 con 0x7f7b900703f0
2024-02-15T18:26:14.241 INFO:teuthology.orchestra.run.smithi038.stderr:/usr/bin/ceph:
2024-02-15T18:26:14.239+0000 7f7b7effd700 1 -- 172.21.15.38:0/2053537600 <== mon.0 v2:172.21.15.38:3300/0 2 ==== config(26 keys) v1 ==== 1045+0+0 (secure 0 0 0) 0x7f7b8401bb60 con 0x7f7b900703f0
2024-02-15T18:26:14.241 INFO:teuthology.orchestra.run.smithi038.stderr:/usr/bin/ceph:
2024-02-15T18:26:14.239+0000 7f7b949cc700 1 -- 172.21.15.38:0/2053537600 --> [v2:172.21.15.38:3300/0,v1:172.21.15.38:6789/0] -- mon_subscribe({mgrmap=0+}) v3 -- 0x7f7b9010d490 con 0x7f7b900703f0
2024-02-15T18:26:14.241 INFO:teuthology.orchestra.run.smithi038.stderr:/usr/bin/ceph:
2024-02-15T18:26:14.239+0000 7f7b7effd700 1 -- 172.21.15.38:0/2053537600 <== mon.0 v2:172.21.15.38:3300/0 3 ==== mon_map magic: 0 v1 ==== 229+0+0 (secure 0 0 0) 0x7f7b8401aad0 con 0x7f7b900703f0
2024-02-15T18:26:14.241 INFO:teuthology.orchestra.run.smithi038.stderr:/usr/bin/ceph:
2024-02-15T18:26:14.239+0000 7f7b949cc700 1 -- 172.21.15.38:0/2053537600 --> [v2:172.21.15.38:3300/0,v1:172.21.15.38:6789/0] -- mon_subscribe({osdmap=0}) v3 -- 0x7f7b9010e0d0 con 0x7f7b900703f0
2024-02-15T18:26:14.241 INFO:teuthology.orchestra.run.smithi038.stderr:/usr/bin/ceph:
2024-02-15T18:26:14.240+0000 7f7b7effd700 1 -- 172.21.15.38:0/2053537600 <== mon.0 v2:172.21.15.38:3300/0 4 ==== mgrmap(e 8) v1 ==== 36120+0+0 (secure 0 0 0) 0x7f7b8400f070 con 0x7f7b900703f0
2024-02-15T18:26:14.241 INFO:teuthology.orchestra.run.smithi038.stderr:/usr/bin/ceph:
2024-02-15T18:26:14.240+0000 7f7b7effd700 1 --2- 172.21.15.38:0/2053537600 >> [v2:172.21.15.38:6800/3009942445,v1:172.21.15.38:6801/3009942445] conn(0x7f7b7402fe70 0x7f7b74032330 unknown :-1 s=NONE pgs=0 cs=0 l=1 rev1=0 rx=0 tx=0).connect
2024-02-15T18:26:14.241 INFO:teuthology.orchestra.run.smithi038.stderr:/usr/bin/ceph:
2024-02-15T18:26:14.240+0000 7f7b7effd700 1 -- 172.21.15.38:0/2053537600 <== mon.0 v2:172.21.15.38:3300/0 5 ==== osd_map(2..2 src has 1..2) v4 ==== 926+0+0 (secure 0 0 0) 0x7f7b84041430 con 0x7f7b900703f0
2024-02-15T18:26:14.241 INFO:teuthology.orchestra.run.smithi038.stderr:/usr/bin/ceph:
2024-02-15T18:26:14.240+0000 7f7b949cc700 1 -- 172.21.15.38:0/2053537600 --> [v2:172.21.15.38:3300/0,v1:172.21.15.38:6789/0] -- mon_command({"prefix": "get_command_descriptions"} v 0) v1 -- 0x7f7b9010d920 con 0x7f7b900703f0
2024-02-15T18:26:14.241 INFO:teuthology.orchestra.run.smithi038.stderr:/usr/bin/ceph:
2024-02-15T18:26:14.240+0000 7f7b8dd9b700 1 --2- 172.21.15.38:0/2053537600 >> [v2:172.21.15.38:6800/3009942445,v1:172.21.15.38:6801/3009942445] conn(0x7f7b7402fe70 0x7f7b74032330 unknown :-1 s=BANNER_CONNECTING pgs=0 cs=0 l=1 rev1=0 rx=0 tx=0)._handle_peer_banner_payload supported=1 required=0
2024-02-15T18:26:14.241 INFO:teuthology.orchestra.run.smithi038.stderr:/usr/bin/ceph:
2024-02-15T18:26:14.240+0000 7f7b8dd9b700 1 --2- 172.21.15.38:0/2053537600 >> [v2:172.21.15.38:6800/3009942445,v1:172.21.15.38:6801/3009942445] conn(0x7f7b7402fe70 0x7f7b74032330 secure :-1 s=READY pgs=12 cs=0 l=1 rev1=1 rx=0x7f7b800096a0 tx=0x7f7b80006b40).ready entity=mgr.14114 client_cookie=0 server_cookie=0 in_seq=0 out_seq=0
2024-02-15T18:26:14.242 INFO:teuthology.orchestra.run.smithi038.stderr:/usr/bin/ceph:
2024-02-15T18:26:14.245+0000 7f7b7effd700 1 -- 172.21.15.38:0/2053537600 <== mon.0 v2:172.21.15.38:3300/0 6 ==== mon_command_ack([{"prefix": "get_command_descriptions"}]=0 v0) v1 ==== 72+0+152212 (secure 0 0 0) 0x7f7b84016070 con 0x7f7b900703f0
2024-02-15T18:26:14.428 INFO:teuthology.orchestra.run.smithi038.stderr:/usr/bin/ceph:
2024-02-15T18:26:14.432+0000 7f7b949cc700 1 -- 172.21.15.38:0/2053537600 --> [v2:172.21.15.38:6800/3009942445,v1:172.21.15.38:6801/3009942445] -- mgr_command(tid 0: {"prefix": "orch apply", "service_type": "mgr", "target": ["mon-mgr", ""]}) v1 -- 0x7f7b90102180 con 0x7f7b7402fe70
2024-02-15T18:26:14.437 INFO:teuthology.orchestra.run.smithi038.stderr:/usr/bin/ceph:
2024-02-15T18:26:14.440+0000 7f7b7effd700 1 -- 172.21.15.38:0/2053537600 <== mgr.14114 v2:172.21.15.38:6800/3009942445 1 ==== mgr_command_reply(tid 0: 0 ) v1 ==== 8+0+24 (secure 0 0 0) 0x7f7b90102180 con 0x7f7b7402fe70
2024-02-15T18:26:14.437 INFO:teuthology.orchestra.run.smithi038.stderr:/usr/bin/ceph: Scheduled mgr update...
2024-02-15T18:26:14.439 INFO:teuthology.orchestra.run.smithi038.stderr:/usr/bin/ceph:
2024-02-15T18:26:14.442+0000 7f7b949cc700 1 -- 172.21.15.38:0/2053537600 >> [v2:172.21.15.38:6800/3009942445,v1:172.21.15.38:6801/3009942445] conn(0x7f7b7402fe70 msgr2=0x7f7b74032330 secure :-1 s=STATE_CONNECTION_ESTABLISHED l=1).mark_down
2024-02-15T18:26:14.439 INFO:teuthology.orchestra.run.smithi038.stderr:/usr/bin/ceph:
2024-02-15T18:26:14.442+0000 7f7b949cc700 1 --2- 172.21.15.38:0/2053537600 >> [v2:172.21.15.38:6800/3009942445,v1:172.21.15.38:6801/3009942445] conn(0x7f7b7402fe70 0x7f7b74032330 secure :-1 s=READY pgs=12 cs=0 l=1 rev1=1 rx=0x7f7b800096a0 tx=0x7f7b80006b40).stop
2024-02-15T18:26:14.440 INFO:teuthology.orchestra.run.smithi038.stderr:/usr/bin/ceph:
2024-02-15T18:26:14.442+0000 7f7b949cc700 1 -- 172.21.15.38:0/2053537600 >> [v2:172.21.15.38:3300/0,v1:172.21.15.38:6789/0] conn(0x7f7b900703f0 msgr2=0x7f7b9010cda0 secure :-1 s=STATE_CONNECTION_ESTABLISHED l=1).mark_down
2024-02-15T18:26:14.440 INFO:teuthology.orchestra.run.smithi038.stderr:/usr/bin/ceph:
2024-02-15T18:26:14.442+0000 7f7b949cc700 1 --2- 172.21.15.38:0/2053537600 >> [v2:172.21.15.38:3300/0,v1:172.21.15.38:6789/0] conn(0x7f7b900703f0 0x7f7b9010cda0 secure :-1 s=READY pgs=42 cs=0 l=1 rev1=1 rx=0x7f7b84011ed0 tx=0x7f7b84006ee0).stop
2024-02-15T18:26:14.440 INFO:teuthology.orchestra.run.smithi038.stderr:/usr/bin/ceph:
2024-02-15T18:26:14.442+0000 7f7b949cc700 1 -- 172.21.15.38:0/2053537600 shutdown_connections
2024-02-15T18:26:14.440 INFO:teuthology.orchestra.run.smithi038.stderr:/usr/bin/ceph:
2024-02-15T18:26:14.442+0000 7f7b949cc700 1 --2- 172.21.15.38:0/2053537600 >> [v2:172.21.15.38:6800/3009942445,v1:172.21.15.38:6801/3009942445] conn(0x7f7b7402fe70 0x7f7b74032330 unknown :-1 s=CLOSED pgs=12 cs=0 l=1 rev1=1 rx=0 tx=0).stop
2024-02-15T18:26:14.440 INFO:teuthology.orchestra.run.smithi038.stderr:/usr/bin/ceph:
2024-02-15T18:26:14.442+0000 7f7b949cc700 1 --2- 172.21.15.38:0/2053537600 >> [v2:172.21.15.38:3300/0,v1:172.21.15.38:6789/0] conn(0x7f7b900703f0 0x7f7b9010cda0 unknown :-1 s=CLOSED pgs=42 cs=0 l=1 rev1=1 rx=0 tx=0).stop
2024-02-15T18:26:14.440 INFO:teuthology.orchestra.run.smithi038.stderr:/usr/bin/ceph:
2024-02-15T18:26:14.442+0000 7f7b949cc700 1 -- 172.21.15.38:0/2053537600 >> 172.21.15.38:0/2053537600 conn(0x7f7b900f6530 msgr2=0x7f7b900f7ef0 unknown :-1 s=STATE_NONE l=0).mark_down
2024-02-15T18:26:14.440 INFO:teuthology.orchestra.run.smithi038.stderr:/usr/bin/ceph:
2024-02-15T18:26:14.442+0000 7f7b949cc700 1 -- 172.21.15.38:0/2053537600 shutdown_connections
2024-02-15T18:26:14.440 INFO:teuthology.orchestra.run.smithi038.stderr:/usr/bin/ceph:
2024-02-15T18:26:14.442+0000 7f7b949cc700 1 -- 172.21.15.38:0/2053537600 wait complete.
2024-02-15T18:26:14.459 INFO:journalctl@ceph.mon.smithi038.smithi038.stdout:Feb 15 18:26:14 smithi038 ceph-7e05753e-cc2f-11ee-95ba-87774f69a715-mon.smithi038[38138]: audit
2024-02-15T18:26:13.030436+0000 mgr.smithi038.khesbl (mgr.14114) 10 : audit [DBG] from='client.14134 -' entity='client.admin' cmd=[{"prefix": "orch apply", "service_type": "mon", "target": ["mon-mgr", ""]}]: dispatch
2024-02-15T18:26:14.459 INFO:journalctl@ceph.mon.smithi038.smithi038.stdout:Feb 15 18:26:14 smithi038 ceph-7e05753e-cc2f-11ee-95ba-87774f69a715-mon.smithi038[38138]: cephadm
2024-02-15T18:26:13.031148+0000 mgr.smithi038.khesbl (mgr.14114) 11 : cephadm [INF] Saving service mon spec with placement count:5
2024-02-15T18:26:14.459 INFO:journalctl@ceph.mon.smithi038.smithi038.stdout:Feb 15 18:26:14 smithi038 ceph-7e05753e-cc2f-11ee-95ba-87774f69a715-mon.smithi038[38138]: audit
2024-02-15T18:26:13.033409+0000 mon.smithi038 (mon.0) 56 : audit [INF] from='mgr.14114 172.21.15.38:0/1128835090' entity='mgr.smithi038.khesbl'
2024-02-15T18:26:15.127 INFO:teuthology.orchestra.run.smithi038.stderr:Deploying crash service with default placement...
2024-02-15T18:26:15.127 INFO:teuthology.orchestra.run.smithi038.stderr:Running command: /bin/podman run --rm --ipc=host --no-hosts --net=host --entrypoint /usr/bin/ceph --init -e CONTAINER_IMAGE=docker.io/ceph/ceph:v16.2.4 -e NODE_NAME=smithi038 -e CEPH_USE_RANDOM_NONCE=1 -v /var/log/ceph/7e05753e-cc2f-11ee-95ba-87774f69a715:/var/log/ceph:z -v /tmp/ceph-tmpn76yqex2:/etc/ceph/ceph.client.admin.keyring:z -v /tmp/ceph-tmp824yk_k1:/etc/ceph/ceph.conf:z docker.io/ceph/ceph:v16.2.4 orch apply crash
2024-02-15T18:26:15.681 INFO:teuthology.orchestra.run.smithi038.stderr:/usr/bin/ceph:
2024-02-15T18:26:15.669+0000 7fdad91f7700 1 Processor -- start
2024-02-15T18:26:15.681 INFO:teuthology.orchestra.run.smithi038.stderr:/usr/bin/ceph:
2024-02-15T18:26:15.669+0000 7fdad91f7700 1 -- start start
2024-02-15T18:26:15.681 INFO:teuthology.orchestra.run.smithi038.stderr:/usr/bin/ceph:
2024-02-15T18:26:15.670+0000 7fdad91f7700 1 --2- >> [v2:172.21.15.38:3300/0,v1:172.21.15.38:6789/0] conn(0x7fdad4070430 0x7fdad40fea50 unknown :-1 s=NONE pgs=0 cs=0 l=0 rev1=0 rx=0 tx=0).connect
2024-02-15T18:26:15.682 INFO:teuthology.orchestra.run.smithi038.stderr:/usr/bin/ceph:
2024-02-15T18:26:15.670+0000 7fdad91f7700 1 -- --> [v2:172.21.15.38:3300/0,v1:172.21.15.38:6789/0] -- mon_getmap magic: 0 v1 -- 0x7fdad40fef40 con 0x7fdad4070430
2024-02-15T18:26:15.682 INFO:teuthology.orchestra.run.smithi038.stderr:/usr/bin/ceph:
2024-02-15T18:26:15.670+0000 7fdad2d9d700 1 --2- >> [v2:172.21.15.38:3300/0,v1:172.21.15.38:6789/0] conn(0x7fdad4070430 0x7fdad40fea50 unknown :-1 s=BANNER_CONNECTING pgs=0 cs=0 l=0 rev1=0 rx=0 tx=0)._handle_peer_banner_payload supported=1 required=0
2024-02-15T18:26:15.682 INFO:teuthology.orchestra.run.smithi038.stderr:/usr/bin/ceph:
2024-02-15T18:26:15.670+0000 7fdad2d9d700 1 --2- >> [v2:172.21.15.38:3300/0,v1:172.21.15.38:6789/0] conn(0x7fdad4070430 0x7fdad40fea50 unknown :-1 s=HELLO_CONNECTING pgs=0 cs=0 l=0 rev1=1 rx=0 tx=0).handle_hello peer v2:172.21.15.38:3300/0 says I am v2:172.21.15.38:33170/0 (socket says 172.21.15.38:33170)
2024-02-15T18:26:15.682 INFO:teuthology.orchestra.run.smithi038.stderr:/usr/bin/ceph:
2024-02-15T18:26:15.670+0000 7fdad2d9d700 1 -- 172.21.15.38:0/2174312153 learned_addr learned my addr 172.21.15.38:0/2174312153 (peer_addr_for_me v2:172.21.15.38:0/0)
2024-02-15T18:26:15.682 INFO:teuthology.orchestra.run.smithi038.stderr:/usr/bin/ceph:
2024-02-15T18:26:15.670+0000 7fdad2d9d700 1 -- 172.21.15.38:0/2174312153 --> [v2:172.21.15.38:3300/0,v1:172.21.15.38:6789/0] -- mon_subscribe({config=0+,monmap=0+}) v3 -- 0x7fdad40ff080 con 0x7fdad4070430
2024-02-15T18:26:15.682 INFO:teuthology.orchestra.run.smithi038.stderr:/usr/bin/ceph:
2024-02-15T18:26:15.670+0000 7fdad2d9d700 1 --2- 172.21.15.38:0/2174312153 >> [v2:172.21.15.38:3300/0,v1:172.21.15.38:6789/0] conn(0x7fdad4070430 0x7fdad40fea50 secure :-1 s=READY pgs=43 cs=0 l=1 rev1=1 rx=0x7fdac800b5f0 tx=0x7fdac8006ee0).ready entity=mon.0 client_cookie=214110bf6861399e server_cookie=0 in_seq=0 out_seq=0
2024-02-15T18:26:15.682 INFO:teuthology.orchestra.run.smithi038.stderr:/usr/bin/ceph:
2024-02-15T18:26:15.670+0000 7fdad1d9b700 1 -- 172.21.15.38:0/2174312153 <== mon.0 v2:172.21.15.38:3300/0 1 ==== mon_map magic: 0 v1 ==== 229+0+0 (secure 0 0 0) 0x7fdac800d600 con 0x7fdad4070430
2024-02-15T18:26:15.682 INFO:teuthology.orchestra.run.smithi038.stderr:/usr/bin/ceph:
2024-02-15T18:26:15.670+0000 7fdad1d9b700 1 -- 172.21.15.38:0/2174312153 <== mon.0 v2:172.21.15.38:3300/0 2 ==== config(26 keys) v1 ==== 1045+0+0 (secure 0 0 0) 0x7fdac800dbf0 con 0x7fdad4070430
2024-02-15T18:26:15.682 INFO:teuthology.orchestra.run.smithi038.stderr:/usr/bin/ceph:
2024-02-15T18:26:15.670+0000 7fdad1d9b700 1 -- 172.21.15.38:0/2174312153 <== mon.0 v2:172.21.15.38:3300/0 3 ==== mon_map magic: 0 v1 ==== 229+0+0 (secure 0 0 0) 0x7fdac8011cb0 con 0x7fdad4070430
2024-02-15T18:26:15.682 INFO:teuthology.orchestra.run.smithi038.stderr:/usr/bin/ceph:
2024-02-15T18:26:15.671+0000 7fdad91f7700 1 -- 172.21.15.38:0/2174312153 >> [v2:172.21.15.38:3300/0,v1:172.21.15.38:6789/0] conn(0x7fdad4070430 msgr2=0x7fdad40fea50 secure :-1 s=STATE_CONNECTION_ESTABLISHED l=1).mark_down
2024-02-15T18:26:15.682 INFO:teuthology.orchestra.run.smithi038.stderr:/usr/bin/ceph:
2024-02-15T18:26:15.671+0000 7fdad91f7700 1 --2- 172.21.15.38:0/2174312153 >> [v2:172.21.15.38:3300/0,v1:172.21.15.38:6789/0] conn(0x7fdad4070430 0x7fdad40fea50 secure :-1 s=READY pgs=43 cs=0 l=1 rev1=1 rx=0x7fdac800b5f0 tx=0x7fdac8006ee0).stop
2024-02-15T18:26:15.682 INFO:teuthology.orchestra.run.smithi038.stderr:/usr/bin/ceph:
2024-02-15T18:26:15.671+0000 7fdad91f7700 1 -- 172.21.15.38:0/2174312153 shutdown_connections
2024-02-15T18:26:15.682 INFO:teuthology.orchestra.run.smithi038.stderr:/usr/bin/ceph:
2024-02-15T18:26:15.671+0000 7fdad91f7700 1 --2- 172.21.15.38:0/2174312153 >> [v2:172.21.15.38:3300/0,v1:172.21.15.38:6789/0] conn(0x7fdad4070430 0x7fdad40fea50 unknown :-1 s=CLOSED pgs=43 cs=0 l=1 rev1=1 rx=0 tx=0).stop
2024-02-15T18:26:15.682 INFO:teuthology.orchestra.run.smithi038.stderr:/usr/bin/ceph:
2024-02-15T18:26:15.671+0000 7fdad91f7700 1 -- 172.21.15.38:0/2174312153 >> 172.21.15.38:0/2174312153 conn(0x7fdad40f6530 msgr2=0x7fdad40f8950 unknown :-1 s=STATE_NONE l=0).mark_down
2024-02-15T18:26:15.682 INFO:teuthology.orchestra.run.smithi038.stderr:/usr/bin/ceph:
2024-02-15T18:26:15.671+0000 7fdad91f7700 1 -- 172.21.15.38:0/2174312153 shutdown_connections
2024-02-15T18:26:15.682 INFO:teuthology.orchestra.run.smithi038.stderr:/usr/bin/ceph:
2024-02-15T18:26:15.671+0000 7fdad91f7700 1 -- 172.21.15.38:0/2174312153 wait complete.
2024-02-15T18:26:15.683 INFO:teuthology.orchestra.run.smithi038.stderr:/usr/bin/ceph:
2024-02-15T18:26:15.672+0000 7fdad91f7700 1 Processor -- start
2024-02-15T18:26:15.683 INFO:teuthology.orchestra.run.smithi038.stderr:/usr/bin/ceph:
2024-02-15T18:26:15.672+0000 7fdad91f7700 1 -- start start
2024-02-15T18:26:15.683 INFO:teuthology.orchestra.run.smithi038.stderr:/usr/bin/ceph:
2024-02-15T18:26:15.672+0000 7fdad91f7700 1 --2- >> [v2:172.21.15.38:3300/0,v1:172.21.15.38:6789/0] conn(0x7fdad410ad40 0x7fdad410b160 unknown :-1 s=NONE pgs=0 cs=0 l=1 rev1=0 rx=0 tx=0).connect
2024-02-15T18:26:15.683 INFO:teuthology.orchestra.run.smithi038.stderr:/usr/bin/ceph:
2024-02-15T18:26:15.672+0000 7fdad91f7700 1 -- --> [v2:172.21.15.38:3300/0,v1:172.21.15.38:6789/0] -- mon_getmap magic: 0 v1 -- 0x7fdad410b650 con 0x7fdad410ad40
2024-02-15T18:26:15.683 INFO:teuthology.orchestra.run.smithi038.stderr:/usr/bin/ceph:
2024-02-15T18:26:15.672+0000 7fdad2d9d700 1 --2- >> [v2:172.21.15.38:3300/0,v1:172.21.15.38:6789/0] conn(0x7fdad410ad40 0x7fdad410b160 unknown :-1 s=BANNER_CONNECTING pgs=0 cs=0 l=1 rev1=0 rx=0 tx=0)._handle_peer_banner_payload supported=1 required=0
2024-02-15T18:26:15.683 INFO:teuthology.orchestra.run.smithi038.stderr:/usr/bin/ceph:
2024-02-15T18:26:15.672+0000 7fdad2d9d700 1 --2- >> [v2:172.21.15.38:3300/0,v1:172.21.15.38:6789/0] conn(0x7fdad410ad40 0x7fdad410b160 unknown :-1 s=HELLO_CONNECTING pgs=0 cs=0 l=1 rev1=1 rx=0 tx=0).handle_hello peer v2:172.21.15.38:3300/0 says I am v2:172.21.15.38:33184/0 (socket says 172.21.15.38:33184)
2024-02-15T18:26:15.683 INFO:teuthology.orchestra.run.smithi038.stderr:/usr/bin/ceph:
2024-02-15T18:26:15.672+0000 7fdad2d9d700 1 -- 172.21.15.38:0/2881207681 learned_addr learned my addr 172.21.15.38:0/2881207681 (peer_addr_for_me v2:172.21.15.38:0/0)
2024-02-15T18:26:15.683 INFO:teuthology.orchestra.run.smithi038.stderr:/usr/bin/ceph:
2024-02-15T18:26:15.672+0000 7fdad2d9d700 1 -- 172.21.15.38:0/2881207681 --> [v2:172.21.15.38:3300/0,v1:172.21.15.38:6789/0] -- mon_subscribe({config=0+,monmap=0+}) v3 -- 0x7fdac800b200 con 0x7fdad410ad40
2024-02-15T18:26:15.683 INFO:teuthology.orchestra.run.smithi038.stderr:/usr/bin/ceph:
2024-02-15T18:26:15.672+0000 7fdad2d9d700 1 --2- 172.21.15.38:0/2881207681 >> [v2:172.21.15.38:3300/0,v1:172.21.15.38:6789/0] conn(0x7fdad410ad40 0x7fdad410b160 secure :-1 s=READY pgs=44 cs=0 l=1 rev1=1 rx=0x7fdac800b5c0 tx=0x7fdac8006ee0).ready entity=mon.0 client_cookie=0 server_cookie=0 in_seq=0 out_seq=0
2024-02-15T18:26:15.683 INFO:teuthology.orchestra.run.smithi038.stderr:/usr/bin/ceph:
2024-02-15T18:26:15.672+0000 7fdabb7fe700 1 -- 172.21.15.38:0/2881207681 <== mon.0 v2:172.21.15.38:3300/0 1 ==== mon_map magic: 0 v1 ==== 229+0+0 (secure 0 0 0) 0x7fdac8011400 con 0x7fdad410ad40
2024-02-15T18:26:15.683 INFO:teuthology.orchestra.run.smithi038.stderr:/usr/bin/ceph:
2024-02-15T18:26:15.672+0000 7fdad91f7700 1 -- 172.21.15.38:0/2881207681 --> [v2:172.21.15.38:3300/0,v1:172.21.15.38:6789/0] -- mon_subscribe({mgrmap=0+}) v3 -- 0x7fdad410b850 con 0x7fdad410ad40
2024-02-15T18:26:15.683 INFO:teuthology.orchestra.run.smithi038.stderr:/usr/bin/ceph:
2024-02-15T18:26:15.672+0000 7fdabb7fe700 1 -- 172.21.15.38:0/2881207681 <== mon.0 v2:172.21.15.38:3300/0 2 ==== config(26 keys) v1 ==== 1045+0+0 (secure 0 0 0) 0x7fdac801b8a0 con 0x7fdad410ad40
2024-02-15T18:26:15.683 INFO:teuthology.orchestra.run.smithi038.stderr:/usr/bin/ceph:
2024-02-15T18:26:15.672+0000 7fdabb7fe700 1 -- 172.21.15.38:0/2881207681 <== mon.0 v2:172.21.15.38:3300/0 3 ==== mon_map magic: 0 v1 ==== 229+0+0 (secure 0 0 0) 0x7fdac801a7c0 con 0x7fdad410ad40
2024-02-15T18:26:15.683 INFO:teuthology.orchestra.run.smithi038.stderr:/usr/bin/ceph:
2024-02-15T18:26:15.672+0000 7fdad91f7700 1 -- 172.21.15.38:0/2881207681 --> [v2:172.21.15.38:3300/0,v1:172.21.15.38:6789/0] -- mon_subscribe({osdmap=0}) v3 -- 0x7fdad410c2f0 con 0x7fdad410ad40
2024-02-15T18:26:15.683 INFO:teuthology.orchestra.run.smithi038.stderr:/usr/bin/ceph:
2024-02-15T18:26:15.673+0000 7fdabb7fe700 1 -- 172.21.15.38:0/2881207681 <== mon.0 v2:172.21.15.38:3300/0 4 ==== mgrmap(e 8) v1 ==== 36120+0+0 (secure 0 0 0) 0x7fdac800f070 con 0x7fdad410ad40
2024-02-15T18:26:15.683 INFO:teuthology.orchestra.run.smithi038.stderr:/usr/bin/ceph:
2024-02-15T18:26:15.673+0000 7fdabb7fe700 1 --2- 172.21.15.38:0/2881207681 >> [v2:172.21.15.38:6800/3009942445,v1:172.21.15.38:6801/3009942445] conn(0x7fdac002fe10 0x7fdac00322d0 unknown :-1 s=NONE pgs=0 cs=0 l=1 rev1=0 rx=0 tx=0).connect
2024-02-15T18:26:15.684 INFO:teuthology.orchestra.run.smithi038.stderr:/usr/bin/ceph:
2024-02-15T18:26:15.673+0000 7fdad91f7700 1 -- 172.21.15.38:0/2881207681 --> [v2:172.21.15.38:3300/0,v1:172.21.15.38:6789/0] -- mon_command({"prefix": "get_command_descriptions"} v 0) v1 -- 0x7fdad4059100 con 0x7fdad410ad40
2024-02-15T18:26:15.684 INFO:teuthology.orchestra.run.smithi038.stderr:/usr/bin/ceph:
2024-02-15T18:26:15.673+0000 7fdabb7fe700 1 -- 172.21.15.38:0/2881207681 <== mon.0 v2:172.21.15.38:3300/0 5 ==== osd_map(2..2 src has 1..2) v4 ==== 926+0+0 (secure 0 0 0) 0x7fdac8041200 con 0x7fdad410ad40
2024-02-15T18:26:15.684 INFO:teuthology.orchestra.run.smithi038.stderr:/usr/bin/ceph:
2024-02-15T18:26:15.673+0000 7fdad259c700 1 --2- 172.21.15.38:0/2881207681 >> [v2:172.21.15.38:6800/3009942445,v1:172.21.15.38:6801/3009942445] conn(0x7fdac002fe10 0x7fdac00322d0 unknown :-1 s=BANNER_CONNECTING pgs=0 cs=0 l=1 rev1=0 rx=0 tx=0)._handle_peer_banner_payload supported=1 required=0
2024-02-15T18:26:15.684 INFO:teuthology.orchestra.run.smithi038.stderr:/usr/bin/ceph:
2024-02-15T18:26:15.674+0000 7fdad259c700 1 --2- 172.21.15.38:0/2881207681 >> [v2:172.21.15.38:6800/3009942445,v1:172.21.15.38:6801/3009942445] conn(0x7fdac002fe10 0x7fdac00322d0 secure :-1 s=READY pgs=13 cs=0 l=1 rev1=1 rx=0x7fdac40096a0 tx=0x7fdac4006b40).ready entity=mgr.14114 client_cookie=0 server_cookie=0 in_seq=0 out_seq=0
2024-02-15T18:26:15.684 INFO:teuthology.orchestra.run.smithi038.stderr:/usr/bin/ceph:
2024-02-15T18:26:15.678+0000 7fdabb7fe700 1 -- 172.21.15.38:0/2881207681 <== mon.0 v2:172.21.15.38:3300/0 6 ==== mon_command_ack([{"prefix": "get_command_descriptions"}]=0 v0) v1 ==== 72+0+152212 (secure 0 0 0) 0x7fdac8022310 con 0x7fdad410ad40
2024-02-15T18:26:15.779 INFO:journalctl@ceph.mon.smithi038.smithi038.stdout:Feb 15 18:26:15 smithi038 ceph-7e05753e-cc2f-11ee-95ba-87774f69a715-mon.smithi038[38138]: audit
2024-02-15T18:26:14.433211+0000 mgr.smithi038.khesbl (mgr.14114) 12 : audit [DBG] from='client.14136 -' entity='client.admin' cmd=[{"prefix": "orch apply", "service_type": "mgr", "target": ["mon-mgr", ""]}]: dispatch
2024-02-15T18:26:15.779 INFO:journalctl@ceph.mon.smithi038.smithi038.stdout:Feb 15 18:26:15 smithi038 ceph-7e05753e-cc2f-11ee-95ba-87774f69a715-mon.smithi038[38138]: cephadm
2024-02-15T18:26:14.433711+0000 mgr.smithi038.khesbl (mgr.14114) 13 : cephadm [INF] Saving service mgr spec with placement count:2
2024-02-15T18:26:15.779 INFO:journalctl@ceph.mon.smithi038.smithi038.stdout:Feb 15 18:26:15 smithi038 ceph-7e05753e-cc2f-11ee-95ba-87774f69a715-mon.smithi038[38138]: audit
2024-02-15T18:26:14.440893+0000 mon.smithi038 (mon.0) 57 : audit [INF] from='mgr.14114 172.21.15.38:0/1128835090' entity='mgr.smithi038.khesbl'
2024-02-15T18:26:15.858 INFO:teuthology.orchestra.run.smithi038.stderr:/usr/bin/ceph:
2024-02-15T18:26:15.861+0000 7fdad91f7700 1 -- 172.21.15.38:0/2881207681 --> [v2:172.21.15.38:6800/3009942445,v1:172.21.15.38:6801/3009942445] -- mgr_command(tid 0: {"prefix": "orch apply", "service_type": "crash", "target": ["mon-mgr", ""]}) v1 -- 0x7fdad4104d00 con 0x7fdac002fe10
2024-02-15T18:26:15.867 INFO:teuthology.orchestra.run.smithi038.stderr:/usr/bin/ceph:
2024-02-15T18:26:15.870+0000 7fdabb7fe700 1 -- 172.21.15.38:0/2881207681 <== mgr.14114 v2:172.21.15.38:6800/3009942445 1 ==== mgr_command_reply(tid 0: 0 ) v1 ==== 8+0+26 (secure 0 0 0) 0x7fdac40092a0 con 0x7fdac002fe10
2024-02-15T18:26:15.867 INFO:teuthology.orchestra.run.smithi038.stderr:/usr/bin/ceph: Scheduled crash update...
2024-02-15T18:26:15.870 INFO:teuthology.orchestra.run.smithi038.stderr:/usr/bin/ceph:
2024-02-15T18:26:15.872+0000 7fdad91f7700 1 -- 172.21.15.38:0/2881207681 >> [v2:172.21.15.38:6800/3009942445,v1:172.21.15.38:6801/3009942445] conn(0x7fdac002fe10 msgr2=0x7fdac00322d0 secure :-1 s=STATE_CONNECTION_ESTABLISHED l=1).mark_down
2024-02-15T18:26:15.870 INFO:teuthology.orchestra.run.smithi038.stderr:/usr/bin/ceph:
2024-02-15T18:26:15.872+0000 7fdad91f7700 1 --2- 172.21.15.38:0/2881207681 >> [v2:172.21.15.38:6800/3009942445,v1:172.21.15.38:6801/3009942445] conn(0x7fdac002fe10 0x7fdac00322d0 secure :-1 s=READY pgs=13 cs=0 l=1 rev1=1 rx=0x7fdac40096a0 tx=0x7fdac4006b40).stop
2024-02-15T18:26:15.870 INFO:teuthology.orchestra.run.smithi038.stderr:/usr/bin/ceph:
2024-02-15T18:26:15.872+0000 7fdad91f7700 1 -- 172.21.15.38:0/2881207681 >> [v2:172.21.15.38:3300/0,v1:172.21.15.38:6789/0] conn(0x7fdad410ad40 msgr2=0x7fdad410b160 secure :-1 s=STATE_CONNECTION_ESTABLISHED l=1).mark_down
2024-02-15T18:26:15.870 INFO:teuthology.orchestra.run.smithi038.stderr:/usr/bin/ceph:
2024-02-15T18:26:15.872+0000 7fdad91f7700 1 --2- 172.21.15.38:0/2881207681 >> [v2:172.21.15.38:3300/0,v1:172.21.15.38:6789/0] conn(0x7fdad410ad40 0x7fdad410b160 secure :-1 s=READY pgs=44 cs=0 l=1 rev1=1 rx=0x7fdac800b5c0 tx=0x7fdac8006ee0).stop
2024-02-15T18:26:15.870 INFO:teuthology.orchestra.run.smithi038.stderr:/usr/bin/ceph:
2024-02-15T18:26:15.872+0000 7fdad91f7700 1 -- 172.21.15.38:0/2881207681 shutdown_connections
2024-02-15T18:26:15.870 INFO:teuthology.orchestra.run.smithi038.stderr:/usr/bin/ceph:
2024-02-15T18:26:15.872+0000 7fdad91f7700 1 --2- 172.21.15.38:0/2881207681 >> [v2:172.21.15.38:6800/3009942445,v1:172.21.15.38:6801/3009942445] conn(0x7fdac002fe10 0x7fdac00322d0 unknown :-1 s=CLOSED pgs=13 cs=0 l=1 rev1=1 rx=0 tx=0).stop
2024-02-15T18:26:15.870 INFO:teuthology.orchestra.run.smithi038.stderr:/usr/bin/ceph:
2024-02-15T18:26:15.872+0000 7fdad91f7700 1 --2- 172.21.15.38:0/2881207681 >> [v2:172.21.15.38:3300/0,v1:172.21.15.38:6789/0] conn(0x7fdad410ad40 0x7fdad410b160 unknown :-1 s=CLOSED pgs=44 cs=0 l=1 rev1=1 rx=0 tx=0).stop
2024-02-15T18:26:15.870 INFO:teuthology.orchestra.run.smithi038.stderr:/usr/bin/ceph:
2024-02-15T18:26:15.872+0000 7fdad91f7700 1 -- 172.21.15.38:0/2881207681 >> 172.21.15.38:0/2881207681 conn(0x7fdad40f6530 msgr2=0x7fdad40f7f70 unknown :-1 s=STATE_NONE l=0).mark_down
2024-02-15T18:26:15.870 INFO:teuthology.orchestra.run.smithi038.stderr:/usr/bin/ceph:
2024-02-15T18:26:15.872+0000 7fdad91f7700 1 -- 172.21.15.38:0/2881207681 shutdown_connections
2024-02-15T18:26:15.870 INFO:teuthology.orchestra.run.smithi038.stderr:/usr/bin/ceph:
2024-02-15T18:26:15.872+0000 7fdad91f7700 1 -- 172.21.15.38:0/2881207681 wait complete.
2024-02-15T18:26:16.518 INFO:teuthology.orchestra.run.smithi038.stderr:Enabling mgr prometheus module...
2024-02-15T18:26:16.518 INFO:teuthology.orchestra.run.smithi038.stderr:Running command: /bin/podman run --rm --ipc=host --no-hosts --net=host --entrypoint /usr/bin/ceph --init -e CONTAINER_IMAGE=docker.io/ceph/ceph:v16.2.4 -e NODE_NAME=smithi038 -e CEPH_USE_RANDOM_NONCE=1 -v /var/log/ceph/7e05753e-cc2f-11ee-95ba-87774f69a715:/var/log/ceph:z -v /tmp/ceph-tmpn76yqex2:/etc/ceph/ceph.client.admin.keyring:z -v /tmp/ceph-tmp824yk_k1:/etc/ceph/ceph.conf:z docker.io/ceph/ceph:v16.2.4 mgr module enable prometheus
2024-02-15T18:26:17.191 INFO:teuthology.orchestra.run.smithi038.stderr:/usr/bin/ceph:
2024-02-15T18:26:17.194+0000 7efdc4468700 1 Processor -- start
2024-02-15T18:26:17.192 INFO:teuthology.orchestra.run.smithi038.stderr:/usr/bin/ceph:
2024-02-15T18:26:17.194+0000 7efdc4468700 1 -- start start
2024-02-15T18:26:17.192 INFO:teuthology.orchestra.run.smithi038.stderr:/usr/bin/ceph:
2024-02-15T18:26:17.194+0000 7efdc4468700 1 --2- >> [v2:172.21.15.38:3300/0,v1:172.21.15.38:6789/0] conn(0x7efdbc0fbea0 0x7efdbc0fc2c0 unknown :-1 s=NONE pgs=0 cs=0 l=0 rev1=0 rx=0 tx=0).connect
2024-02-15T18:26:17.192 INFO:teuthology.orchestra.run.smithi038.stderr:/usr/bin/ceph:
2024-02-15T18:26:17.194+0000 7efdc4468700 1 -- --> [v2:172.21.15.38:3300/0,v1:172.21.15.38:6789/0] -- mon_getmap magic: 0 v1 -- 0x7efdbc0fc7b0 con 0x7efdbc0fbea0
2024-02-15T18:26:17.193 INFO:teuthology.orchestra.run.smithi038.stderr:/usr/bin/ceph:
2024-02-15T18:26:17.195+0000 7efdc2204700 1 --2- >> [v2:172.21.15.38:3300/0,v1:172.21.15.38:6789/0] conn(0x7efdbc0fbea0 0x7efdbc0fc2c0 unknown :-1 s=BANNER_CONNECTING pgs=0 cs=0 l=0 rev1=0 rx=0 tx=0)._handle_peer_banner_payload supported=1 required=0
2024-02-15T18:26:17.193 INFO:teuthology.orchestra.run.smithi038.stderr:/usr/bin/ceph:
2024-02-15T18:26:17.195+0000 7efdc2204700 1 --2- >> [v2:172.21.15.38:3300/0,v1:172.21.15.38:6789/0] conn(0x7efdbc0fbea0 0x7efdbc0fc2c0 unknown :-1 s=HELLO_CONNECTING pgs=0 cs=0 l=0 rev1=1 rx=0 tx=0).handle_hello peer v2:172.21.15.38:3300/0 says I am v2:172.21.15.38:33192/0 (socket says 172.21.15.38:33192)
2024-02-15T18:26:17.193 INFO:teuthology.orchestra.run.smithi038.stderr:/usr/bin/ceph:
2024-02-15T18:26:17.195+0000 7efdc2204700 1 -- 172.21.15.38:0/735364431 learned_addr learned my addr 172.21.15.38:0/735364431 (peer_addr_for_me v2:172.21.15.38:0/0)
2024-02-15T18:26:17.193 INFO:teuthology.orchestra.run.smithi038.stderr:/usr/bin/ceph:
2024-02-15T18:26:17.195+0000 7efdc2204700 1 -- 172.21.15.38:0/735364431 --> [v2:172.21.15.38:3300/0,v1:172.21.15.38:6789/0] -- mon_subscribe({config=0+,monmap=0+}) v3 -- 0x7efdbc0fc8f0 con 0x7efdbc0fbea0
2024-02-15T18:26:17.193 INFO:teuthology.orchestra.run.smithi038.stderr:/usr/bin/ceph:
2024-02-15T18:26:17.195+0000 7efdc2204700 1 --2- 172.21.15.38:0/735364431 >> [v2:172.21.15.38:3300/0,v1:172.21.15.38:6789/0] conn(0x7efdbc0fbea0 0x7efdbc0fc2c0 secure :-1 s=READY pgs=45 cs=0 l=1 rev1=1 rx=0x7efdac00b5f0 tx=0x7efdac006ee0).ready entity=mon.0 client_cookie=f89e7ebc78aee925 server_cookie=0 in_seq=0 out_seq=0
2024-02-15T18:26:17.194 INFO:teuthology.orchestra.run.smithi038.stderr:/usr/bin/ceph:
2024-02-15T18:26:17.196+0000 7efdc1202700 1 -- 172.21.15.38:0/735364431 <== mon.0 v2:172.21.15.38:3300/0 1 ==== mon_map magic: 0 v1 ==== 229+0+0 (secure 0 0 0) 0x7efdac00d600 con 0x7efdbc0fbea0
2024-02-15T18:26:17.194 INFO:teuthology.orchestra.run.smithi038.stderr:/usr/bin/ceph:
2024-02-15T18:26:17.196+0000 7efdc1202700 1 -- 172.21.15.38:0/735364431 <== mon.0 v2:172.21.15.38:3300/0 2 ==== config(26 keys) v1 ==== 1045+0+0 (secure 0 0 0) 0x7efdac00dbf0 con 0x7efdbc0fbea0
2024-02-15T18:26:17.194 INFO:teuthology.orchestra.run.smithi038.stderr:/usr/bin/ceph:
2024-02-15T18:26:17.196+0000 7efdc1202700 1 -- 172.21.15.38:0/735364431 <== mon.0 v2:172.21.15.38:3300/0 3 ==== mon_map magic: 0 v1 ==== 229+0+0 (secure 0 0 0) 0x7efdac011cb0 con 0x7efdbc0fbea0
2024-02-15T18:26:17.194 INFO:teuthology.orchestra.run.smithi038.stderr:/usr/bin/ceph:
2024-02-15T18:26:17.197+0000 7efdc4468700 1 -- 172.21.15.38:0/735364431 >> [v2:172.21.15.38:3300/0,v1:172.21.15.38:6789/0] conn(0x7efdbc0fbea0 msgr2=0x7efdbc0fc2c0 secure :-1 s=STATE_CONNECTION_ESTABLISHED l=1).mark_down
2024-02-15T18:26:17.194 INFO:teuthology.orchestra.run.smithi038.stderr:/usr/bin/ceph:
2024-02-15T18:26:17.197+0000 7efdc4468700 1 --2- 172.21.15.38:0/735364431 >> [v2:172.21.15.38:3300/0,v1:172.21.15.38:6789/0] conn(0x7efdbc0fbea0 0x7efdbc0fc2c0 secure :-1 s=READY pgs=45 cs=0 l=1 rev1=1 rx=0x7efdac00b5f0 tx=0x7efdac006ee0).stop
2024-02-15T18:26:17.196 INFO:teuthology.orchestra.run.smithi038.stderr:/usr/bin/ceph:
2024-02-15T18:26:17.197+0000 7efdc4468700 1 -- 172.21.15.38:0/735364431 shutdown_connections
2024-02-15T18:26:17.196 INFO:teuthology.orchestra.run.smithi038.stderr:/usr/bin/ceph:
2024-02-15T18:26:17.197+0000 7efdc4468700 1 --2- 172.21.15.38:0/735364431 >> [v2:172.21.15.38:3300/0,v1:172.21.15.38:6789/0] conn(0x7efdbc0fbea0 0x7efdbc0fc2c0 unknown :-1 s=CLOSED pgs=45 cs=0 l=1 rev1=1 rx=0 tx=0).stop
2024-02-15T18:26:17.196 INFO:teuthology.orchestra.run.smithi038.stderr:/usr/bin/ceph:
2024-02-15T18:26:17.197+0000 7efdc4468700 1 -- 172.21.15.38:0/735364431 >> 172.21.15.38:0/735364431 conn(0x7efdbc0f76a0 msgr2=0x7efdbc0f9ac0 unknown :-1 s=STATE_NONE l=0).mark_down
2024-02-15T18:26:17.197 INFO:teuthology.orchestra.run.smithi038.stderr:/usr/bin/ceph:
2024-02-15T18:26:17.197+0000 7efdc4468700 1 -- 172.21.15.38:0/735364431 shutdown_connections
2024-02-15T18:26:17.197 INFO:teuthology.orchestra.run.smithi038.stderr:/usr/bin/ceph:
2024-02-15T18:26:17.197+0000 7efdc4468700 1 -- 172.21.15.38:0/735364431 wait complete.
2024-02-15T18:26:17.197 INFO:teuthology.orchestra.run.smithi038.stderr:/usr/bin/ceph:
2024-02-15T18:26:17.198+0000 7efdc4468700 1 Processor -- start
2024-02-15T18:26:17.197 INFO:teuthology.orchestra.run.smithi038.stderr:/usr/bin/ceph:
2024-02-15T18:26:17.198+0000 7efdc4468700 1 -- start start
2024-02-15T18:26:17.197 INFO:teuthology.orchestra.run.smithi038.stderr:/usr/bin/ceph:
2024-02-15T18:26:17.198+0000 7efdc4468700 1 --2- >> [v2:172.21.15.38:3300/0,v1:172.21.15.38:6789/0] conn(0x7efdbc0fbea0 0x7efdbc10ab90 unknown :-1 s=NONE pgs=0 cs=0 l=1 rev1=0 rx=0 tx=0).connect
2024-02-15T18:26:17.197 INFO:teuthology.orchestra.run.smithi038.stderr:/usr/bin/ceph:
2024-02-15T18:26:17.198+0000 7efdc4468700 1 -- --> [v2:172.21.15.38:3300/0,v1:172.21.15.38:6789/0] -- mon_getmap magic: 0 v1 -- 0x7efdbc10b080 con 0x7efdbc0fbea0
2024-02-15T18:26:17.197 INFO:teuthology.orchestra.run.smithi038.stderr:/usr/bin/ceph:
2024-02-15T18:26:17.198+0000 7efdc2204700 1 --2- >> [v2:172.21.15.38:3300/0,v1:172.21.15.38:6789/0] conn(0x7efdbc0fbea0 0x7efdbc10ab90 unknown :-1 s=BANNER_CONNECTING pgs=0 cs=0 l=1 rev1=0 rx=0 tx=0)._handle_peer_banner_payload supported=1 required=0
2024-02-15T18:26:17.197 INFO:teuthology.orchestra.run.smithi038.stderr:/usr/bin/ceph:
2024-02-15T18:26:17.198+0000 7efdc2204700 1 --2- >> [v2:172.21.15.38:3300/0,v1:172.21.15.38:6789/0] conn(0x7efdbc0fbea0 0x7efdbc10ab90 unknown :-1 s=HELLO_CONNECTING pgs=0 cs=0 l=1 rev1=1 rx=0 tx=0).handle_hello peer v2:172.21.15.38:3300/0 says I am v2:172.21.15.38:33194/0 (socket says 172.21.15.38:33194)
2024-02-15T18:26:17.197 INFO:teuthology.orchestra.run.smithi038.stderr:/usr/bin/ceph:
2024-02-15T18:26:17.198+0000 7efdc2204700 1 -- 172.21.15.38:0/1851720389 learned_addr learned my addr 172.21.15.38:0/1851720389 (peer_addr_for_me v2:172.21.15.38:0/0)
2024-02-15T18:26:17.197 INFO:teuthology.orchestra.run.smithi038.stderr:/usr/bin/ceph:
2024-02-15T18:26:17.198+0000 7efdc2204700 1 -- 172.21.15.38:0/1851720389 --> [v2:172.21.15.38:3300/0,v1:172.21.15.38:6789/0] -- mon_subscribe({config=0+,monmap=0+}) v3 -- 0x7efdac00b200 con 0x7efdbc0fbea0
2024-02-15T18:26:17.197 INFO:teuthology.orchestra.run.smithi038.stderr:/usr/bin/ceph:
2024-02-15T18:26:17.198+0000 7efdc2204700 1 --2- 172.21.15.38:0/1851720389 >> [v2:172.21.15.38:3300/0,v1:172.21.15.38:6789/0] conn(0x7efdbc0fbea0 0x7efdbc10ab90 secure :-1 s=READY pgs=46 cs=0 l=1 rev1=1 rx=0x7efdac00bf40 tx=0x7efdac006ee0).ready entity=mon.0 client_cookie=0 server_cookie=0 in_seq=0 out_seq=0
2024-02-15T18:26:17.197 INFO:teuthology.orchestra.run.smithi038.stderr:/usr/bin/ceph:
2024-02-15T18:26:17.199+0000 7efdaaffd700 1 -- 172.21.15.38:0/1851720389 <== mon.0 v2:172.21.15.38:3300/0 1 ==== mon_map magic: 0 v1 ==== 229+0+0 (secure 0 0 0) 0x7efdac01b570 con 0x7efdbc0fbea0
2024-02-15T18:26:17.197 INFO:teuthology.orchestra.run.smithi038.stderr:/usr/bin/ceph:
2024-02-15T18:26:17.199+0000 7efdc4468700 1 -- 172.21.15.38:0/1851720389 --> [v2:172.21.15.38:3300/0,v1:172.21.15.38:6789/0] -- mon_subscribe({mgrmap=0+}) v3 -- 0x7efdbc10b280 con 0x7efdbc0fbea0
2024-02-15T18:26:17.197 INFO:teuthology.orchestra.run.smithi038.stderr:/usr/bin/ceph:
2024-02-15T18:26:17.199+0000 7efdaaffd700 1 -- 172.21.15.38:0/1851720389 <== mon.0 v2:172.21.15.38:3300/0 2 ==== config(26 keys) v1 ==== 1045+0+0 (secure 0 0 0) 0x7efdac01bb60 con 0x7efdbc0fbea0
2024-02-15T18:26:17.197 INFO:teuthology.orchestra.run.smithi038.stderr:/usr/bin/ceph:
2024-02-15T18:26:17.199+0000 7efdaaffd700 1 -- 172.21.15.38:0/1851720389 <== mon.0 v2:172.21.15.38:3300/0 3 ==== mon_map magic: 0 v1 ==== 229+0+0 (secure 0 0 0) 0x7efdac01aa20 con 0x7efdbc0fbea0
2024-02-15T18:26:17.198 INFO:teuthology.orchestra.run.smithi038.stderr:/usr/bin/ceph:
2024-02-15T18:26:17.199+0000 7efdc4468700 1 -- 172.21.15.38:0/1851720389 --> [v2:172.21.15.38:3300/0,v1:172.21.15.38:6789/0] -- mon_subscribe({osdmap=0}) v3 -- 0x7efdbc10b710 con 0x7efdbc0fbea0
2024-02-15T18:26:17.198 INFO:teuthology.orchestra.run.smithi038.stderr:/usr/bin/ceph:
2024-02-15T18:26:17.199+0000 7efdaaffd700 1 -- 172.21.15.38:0/1851720389 <== mon.0 v2:172.21.15.38:3300/0 4 ==== mgrmap(e 8) v1 ==== 36120+0+0 (secure 0 0 0) 0x7efdac00f070 con 0x7efdbc0fbea0
2024-02-15T18:26:17.198 INFO:teuthology.orchestra.run.smithi038.stderr:/usr/bin/ceph:
2024-02-15T18:26:17.200+0000 7efdaaffd700 1 --2- 172.21.15.38:0/1851720389 >> [v2:172.21.15.38:6800/3009942445,v1:172.21.15.38:6801/3009942445] conn(0x7efda402fe10 0x7efda40322d0 unknown :-1 s=NONE pgs=0 cs=0 l=1 rev1=0 rx=0 tx=0).connect
2024-02-15T18:26:17.198 INFO:teuthology.orchestra.run.smithi038.stderr:/usr/bin/ceph:
2024-02-15T18:26:17.200+0000 7efdaaffd700 1 -- 172.21.15.38:0/1851720389 <== mon.0 v2:172.21.15.38:3300/0 5 ==== osd_map(2..2 src has 1..2) v4 ==== 926+0+0 (secure 0 0 0) 0x7efdac042320 con 0x7efdbc0fbea0
2024-02-15T18:26:17.198 INFO:teuthology.orchestra.run.smithi038.stderr:/usr/bin/ceph:
2024-02-15T18:26:17.200+0000 7efdc1a03700 1 --2- 172.21.15.38:0/1851720389 >> [v2:172.21.15.38:6800/3009942445,v1:172.21.15.38:6801/3009942445] conn(0x7efda402fe10 0x7efda40322d0 unknown :-1 s=BANNER_CONNECTING pgs=0 cs=0 l=1 rev1=0 rx=0 tx=0)._handle_peer_banner_payload supported=1 required=0
2024-02-15T18:26:17.198 INFO:teuthology.orchestra.run.smithi038.stderr:/usr/bin/ceph:
2024-02-15T18:26:17.200+0000 7efdc4468700 1 -- 172.21.15.38:0/1851720389 --> [v2:172.21.15.38:3300/0,v1:172.21.15.38:6789/0] -- mon_command({"prefix": "get_command_descriptions"} v 0) v1 -- 0x7efdbc045ad0 con 0x7efdbc0fbea0
2024-02-15T18:26:17.198 INFO:teuthology.orchestra.run.smithi038.stderr:/usr/bin/ceph:
2024-02-15T18:26:17.200+0000 7efdc1a03700 1 --2- 172.21.15.38:0/1851720389 >> [v2:172.21.15.38:6800/3009942445,v1:172.21.15.38:6801/3009942445] conn(0x7efda402fe10 0x7efda40322d0 secure :-1 s=READY pgs=14 cs=0 l=1 rev1=1 rx=0x7efdb80096a0 tx=0x7efdb8006b40).ready entity=mgr.14114 client_cookie=0 server_cookie=0 in_seq=0 out_seq=0
2024-02-15T18:26:17.201 INFO:teuthology.orchestra.run.smithi038.stderr:/usr/bin/ceph:
2024-02-15T18:26:17.205+0000 7efdaaffd700 1 -- 172.21.15.38:0/1851720389 <== mon.0 v2:172.21.15.38:3300/0 6 ==== mon_command_ack([{"prefix": "get_command_descriptions"}]=0 v0) v1 ==== 72+0+152212 (secure 0 0 0) 0x7efdac016070 con 0x7efdbc0fbea0
2024-02-15T18:26:17.279 INFO:journalctl@ceph.mon.smithi038.smithi038.stdout:Feb 15 18:26:16 smithi038 ceph-7e05753e-cc2f-11ee-95ba-87774f69a715-mon.smithi038[38138]: audit
2024-02-15T18:26:15.862982+0000 mgr.smithi038.khesbl (mgr.14114) 14 : audit [DBG] from='client.14138 -' entity='client.admin' cmd=[{"prefix": "orch apply", "service_type": "crash", "target": ["mon-mgr", ""]}]: dispatch
2024-02-15T18:26:17.279 INFO:journalctl@ceph.mon.smithi038.smithi038.stdout:Feb 15 18:26:16 smithi038 ceph-7e05753e-cc2f-11ee-95ba-87774f69a715-mon.smithi038[38138]: cephadm
2024-02-15T18:26:15.863641+0000 mgr.smithi038.khesbl (mgr.14114) 15 : cephadm [INF] Saving service crash spec with placement *
2024-02-15T18:26:17.279 INFO:journalctl@ceph.mon.smithi038.smithi038.stdout:Feb 15 18:26:16 smithi038 ceph-7e05753e-cc2f-11ee-95ba-87774f69a715-mon.smithi038[38138]: audit
2024-02-15T18:26:15.870959+0000 mon.smithi038 (mon.0) 58 : audit [INF] from='mgr.14114 172.21.15.38:0/1128835090' entity='mgr.smithi038.khesbl'
2024-02-15T18:26:17.398 INFO:teuthology.orchestra.run.smithi038.stderr:/usr/bin/ceph:
2024-02-15T18:26:17.401+0000 7efdc4468700 1 -- 172.21.15.38:0/1851720389 --> [v2:172.21.15.38:3300/0,v1:172.21.15.38:6789/0] -- mon_command({"prefix": "mgr module enable", "module": "prometheus"} v 0) v1 -- 0x7efdbc104bb0 con 0x7efdbc0fbea0
2024-02-15T18:26:17.876 INFO:teuthology.orchestra.run.smithi038.stderr:/usr/bin/ceph:
2024-02-15T18:26:17.878+0000 7efdaaffd700 1 -- 172.21.15.38:0/1851720389 <== mon.0 v2:172.21.15.38:3300/0 7 ==== mgrmap(e 9) v1 ==== 36134+0+0 (secure 0 0 0) 0x7efdac01bcd0 con 0x7efdbc0fbea0
2024-02-15T18:26:17.876 INFO:teuthology.orchestra.run.smithi038.stderr:/usr/bin/ceph:
2024-02-15T18:26:17.879+0000 7efdaaffd700 1 -- 172.21.15.38:0/1851720389 <== mon.0 v2:172.21.15.38:3300/0 8 ==== mon_command_ack([{"prefix": "mgr module enable", "module": "prometheus"}]=0 v9) v1 ==== 89+0+0 (secure 0 0 0) 0x7efdac022ac0 con 0x7efdbc0fbea0
2024-02-15T18:26:17.879 INFO:teuthology.orchestra.run.smithi038.stderr:/usr/bin/ceph:
2024-02-15T18:26:17.881+0000 7efdc4468700 1 -- 172.21.15.38:0/1851720389 >> [v2:172.21.15.38:6800/3009942445,v1:172.21.15.38:6801/3009942445] conn(0x7efda402fe10 msgr2=0x7efda40322d0 secure :-1 s=STATE_CONNECTION_ESTABLISHED l=1).mark_down
2024-02-15T18:26:17.879 INFO:teuthology.orchestra.run.smithi038.stderr:/usr/bin/ceph:
2024-02-15T18:26:17.881+0000 7efdc4468700 1 --2- 172.21.15.38:0/1851720389 >> [v2:172.21.15.38:6800/3009942445,v1:172.21.15.38:6801/3009942445] conn(0x7efda402fe10 0x7efda40322d0 secure :-1 s=READY pgs=14 cs=0 l=1 rev1=1 rx=0x7efdb80096a0 tx=0x7efdb8006b40).stop
2024-02-15T18:26:17.879 INFO:teuthology.orchestra.run.smithi038.stderr:/usr/bin/ceph:
2024-02-15T18:26:17.881+0000 7efdc4468700 1 -- 172.21.15.38:0/1851720389 >> [v2:172.21.15.38:3300/0,v1:172.21.15.38:6789/0] conn(0x7efdbc0fbea0 msgr2=0x7efdbc10ab90 secure :-1 s=STATE_CONNECTION_ESTABLISHED l=1).mark_down
2024-02-15T18:26:17.879 INFO:teuthology.orchestra.run.smithi038.stderr:/usr/bin/ceph:
2024-02-15T18:26:17.881+0000 7efdc4468700 1 --2- 172.21.15.38:0/1851720389 >> [v2:172.21.15.38:3300/0,v1:172.21.15.38:6789/0] conn(0x7efdbc0fbea0 0x7efdbc10ab90 secure :-1 s=READY pgs=46 cs=0 l=1 rev1=1 rx=0x7efdac00bf40 tx=0x7efdac006ee0).stop
2024-02-15T18:26:17.879 INFO:teuthology.orchestra.run.smithi038.stderr:/usr/bin/ceph:
2024-02-15T18:26:17.882+0000 7efdc4468700 1 -- 172.21.15.38:0/1851720389 shutdown_connections
2024-02-15T18:26:17.880 INFO:teuthology.orchestra.run.smithi038.stderr:/usr/bin/ceph:
2024-02-15T18:26:17.882+0000 7efdc4468700 1 --2- 172.21.15.38:0/1851720389 >> [v2:172.21.15.38:6800/3009942445,v1:172.21.15.38:6801/3009942445] conn(0x7efda402fe10 0x7efda40322d0 unknown :-1 s=CLOSED pgs=14 cs=0 l=1 rev1=1 rx=0 tx=0).stop
2024-02-15T18:26:17.880 INFO:teuthology.orchestra.run.smithi038.stderr:/usr/bin/ceph:
2024-02-15T18:26:17.882+0000 7efdc4468700 1 --2- 172.21.15.38:0/1851720389 >> [v2:172.21.15.38:3300/0,v1:172.21.15.38:6789/0] conn(0x7efdbc0fbea0 0x7efdbc10ab90 unknown :-1 s=CLOSED pgs=46 cs=0 l=1 rev1=1 rx=0 tx=0).stop
2024-02-15T18:26:17.880 INFO:teuthology.orchestra.run.smithi038.stderr:/usr/bin/ceph:
2024-02-15T18:26:17.882+0000 7efdc4468700 1 -- 172.21.15.38:0/1851720389 >> 172.21.15.38:0/1851720389 conn(0x7efdbc0f76a0 msgr2=0x7efdbc0f8fe0 unknown :-1 s=STATE_NONE l=0).mark_down
2024-02-15T18:26:17.880 INFO:teuthology.orchestra.run.smithi038.stderr:/usr/bin/ceph:
2024-02-15T18:26:17.882+0000 7efdc4468700 1 -- 172.21.15.38:0/1851720389 shutdown_connections
2024-02-15T18:26:17.880 INFO:teuthology.orchestra.run.smithi038.stderr:/usr/bin/ceph:
2024-02-15T18:26:17.882+0000 7efdc4468700 1 -- 172.21.15.38:0/1851720389 wait complete.
2024-02-15T18:26:18.279 INFO:journalctl@ceph.mon.smithi038.smithi038.stdout:Feb 15 18:26:17 smithi038 ceph-7e05753e-cc2f-11ee-95ba-87774f69a715-mon.smithi038[38138]: audit
2024-02-15T18:26:17.402243+0000 mon.smithi038 (mon.0) 59 : audit [INF] from='client.? 172.21.15.38:0/1851720389' entity='client.admin' cmd=[{"prefix": "mgr module enable", "module": "prometheus"}]: dispatch
2024-02-15T18:26:18.615 INFO:teuthology.orchestra.run.smithi038.stderr:Deploying prometheus service with default placement...
2024-02-15T18:26:18.615 INFO:teuthology.orchestra.run.smithi038.stderr:Running command: /bin/podman run --rm --ipc=host --no-hosts --net=host --entrypoint /usr/bin/ceph --init -e CONTAINER_IMAGE=docker.io/ceph/ceph:v16.2.4 -e NODE_NAME=smithi038 -e CEPH_USE_RANDOM_NONCE=1 -v /var/log/ceph/7e05753e-cc2f-11ee-95ba-87774f69a715:/var/log/ceph:z -v /tmp/ceph-tmpn76yqex2:/etc/ceph/ceph.client.admin.keyring:z -v /tmp/ceph-tmp824yk_k1:/etc/ceph/ceph.conf:z docker.io/ceph/ceph:v16.2.4 orch apply prometheus
2024-02-15T18:26:19.279 INFO:journalctl@ceph.mon.smithi038.smithi038.stdout:Feb 15 18:26:18 smithi038 ceph-7e05753e-cc2f-11ee-95ba-87774f69a715-mon.smithi038[38138]: audit
2024-02-15T18:26:17.880213+0000 mon.smithi038 (mon.0) 60 : audit [INF] from='client.? 172.21.15.38:0/1851720389' entity='client.admin' cmd='[{"prefix": "mgr module enable", "module": "prometheus"}]': finished
2024-02-15T18:26:19.279 INFO:journalctl@ceph.mon.smithi038.smithi038.stdout:Feb 15 18:26:18 smithi038 ceph-7e05753e-cc2f-11ee-95ba-87774f69a715-mon.smithi038[38138]: cluster
2024-02-15T18:26:17.880301+0000 mon.smithi038 (mon.0) 61 : cluster [DBG] mgrmap e9: smithi038.khesbl(active, since 15s)
2024-02-15T18:26:19.716 INFO:teuthology.orchestra.run.smithi038.stderr:/usr/bin/ceph:
2024-02-15T18:26:19.244+0000 7fed37bec700 1 Processor -- start
