2024-03-26T17:29:04.247+0000 7f472bfff700 1 -- 172.21.15.105:0/2149660960 --> [v2:172.21.15.105:3300/0,v1:172.21.15.105:6789/0] -- mon_subscribe({config=0+,monmap=0+}) -- 0x7f472c108f70 con 0x7f472c107e10
2024-03-26T17:29:05.155 INFO:teuthology.orchestra.run.smithi105.stdout:/usr/bin/ceph: stderr
2024-03-26T17:29:04.247+0000 7f472bfff700 1 --2- 172.21.15.105:0/2149660960 >> [v2:172.21.15.105:3300/0,v1:172.21.15.105:6789/0] conn(0x7f472c107e10 0x7f472c108230 secure :-1 s=READY pgs=41 cs=0 l=1 rev1=1 crypto rx=0x7f47200098a0 tx=0x7f4720009bb0 comp rx=0 tx=0).ready entity=mon.0 client_cookie=7c6137c7b3a73fa4 server_cookie=0 in_seq=0 out_seq=0
2024-03-26T17:29:05.155 INFO:teuthology.orchestra.run.smithi105.stdout:/usr/bin/ceph: stderr
2024-03-26T17:29:04.247+0000 7f472affd700 1 -- 172.21.15.105:0/2149660960 <== mon.0 v2:172.21.15.105:3300/0 1 ==== mon_map magic: 0 ==== 205+0+0 (secure 0 0 0) 0x7f4720004160 con 0x7f472c107e10
2024-03-26T17:29:05.155 INFO:teuthology.orchestra.run.smithi105.stdout:/usr/bin/ceph: stderr
2024-03-26T17:29:04.247+0000 7f472affd700 1 -- 172.21.15.105:0/2149660960 <== mon.0 v2:172.21.15.105:3300/0 2 ==== config(26 keys) ==== 1071+0+0 (secure 0 0 0) 0x7f4720004300 con 0x7f472c107e10
2024-03-26T17:29:05.155 INFO:teuthology.orchestra.run.smithi105.stdout:/usr/bin/ceph: stderr
2024-03-26T17:29:04.247+0000 7f472affd700 1 -- 172.21.15.105:0/2149660960 <== mon.0 v2:172.21.15.105:3300/0 3 ==== mon_map magic: 0 ==== 205+0+0 (secure 0 0 0) 0x7f4720011a80 con 0x7f472c107e10
2024-03-26T17:29:05.155 INFO:teuthology.orchestra.run.smithi105.stdout:/usr/bin/ceph: stderr
2024-03-26T17:29:04.248+0000 7f473248d700 1 -- 172.21.15.105:0/2149660960 >> [v2:172.21.15.105:3300/0,v1:172.21.15.105:6789/0] conn(0x7f472c107e10 msgr2=0x7f472c108230 secure :-1 s=STATE_CONNECTION_ESTABLISHED l=1).mark_down
2024-03-26T17:29:05.155 INFO:teuthology.orchestra.run.smithi105.stdout:/usr/bin/ceph: stderr
2024-03-26T17:29:04.248+0000 7f473248d700 1 --2- 172.21.15.105:0/2149660960 >> [v2:172.21.15.105:3300/0,v1:172.21.15.105:6789/0] conn(0x7f472c107e10 0x7f472c108230 secure :-1 s=READY pgs=41 cs=0 l=1 rev1=1 crypto rx=0x7f47200098a0 tx=0x7f4720009bb0 comp rx=0 tx=0).stop
2024-03-26T17:29:05.155 INFO:teuthology.orchestra.run.smithi105.stdout:/usr/bin/ceph: stderr
2024-03-26T17:29:04.248+0000 7f473248d700 1 -- 172.21.15.105:0/2149660960 shutdown_connections
2024-03-26T17:29:05.155 INFO:teuthology.orchestra.run.smithi105.stdout:/usr/bin/ceph: stderr
2024-03-26T17:29:04.248+0000 7f473248d700 1 --2- 172.21.15.105:0/2149660960 >> [v2:172.21.15.105:3300/0,v1:172.21.15.105:6789/0] conn(0x7f472c107e10 0x7f472c108230 unknown :-1 s=CLOSED pgs=41 cs=0 l=1 rev1=1 crypto rx=0 tx=0 comp rx=0 tx=0).stop
2024-03-26T17:29:05.155 INFO:teuthology.orchestra.run.smithi105.stdout:/usr/bin/ceph: stderr
2024-03-26T17:29:04.248+0000 7f473248d700 1 -- 172.21.15.105:0/2149660960 >> 172.21.15.105:0/2149660960 conn(0x7f472c1033b0 msgr2=0x7f472c1057f0 unknown :-1 s=STATE_NONE l=0).mark_down
2024-03-26T17:29:05.155 INFO:teuthology.orchestra.run.smithi105.stdout:/usr/bin/ceph: stderr
2024-03-26T17:29:04.248+0000 7f473248d700 1 -- 172.21.15.105:0/2149660960 shutdown_connections
2024-03-26T17:29:05.155 INFO:teuthology.orchestra.run.smithi105.stdout:/usr/bin/ceph: stderr
2024-03-26T17:29:04.248+0000 7f473248d700 1 -- 172.21.15.105:0/2149660960 wait complete.
2024-03-26T17:29:05.155 INFO:teuthology.orchestra.run.smithi105.stdout:/usr/bin/ceph: stderr
2024-03-26T17:29:04.249+0000 7f473248d700 1 Processor -- start
2024-03-26T17:29:05.156 INFO:teuthology.orchestra.run.smithi105.stdout:/usr/bin/ceph: stderr
2024-03-26T17:29:04.249+0000 7f473248d700 1 -- start start
2024-03-26T17:29:05.156 INFO:teuthology.orchestra.run.smithi105.stdout:/usr/bin/ceph: stderr
2024-03-26T17:29:04.249+0000 7f473248d700 1 --2- >> [v2:172.21.15.105:3300/0,v1:172.21.15.105:6789/0] conn(0x7f472c107e10 0x7f472c19bda0 unknown :-1 s=NONE pgs=0 cs=0 l=1 rev1=0 crypto rx=0 tx=0 comp rx=0 tx=0).connect
2024-03-26T17:29:05.156 INFO:teuthology.orchestra.run.smithi105.stdout:/usr/bin/ceph: stderr
2024-03-26T17:29:04.249+0000 7f473248d700 1 -- --> [v2:172.21.15.105:3300/0,v1:172.21.15.105:6789/0] -- mon_getmap magic: 0 -- 0x7f472c10c3b0 con 0x7f472c107e10
2024-03-26T17:29:05.156 INFO:teuthology.orchestra.run.smithi105.stdout:/usr/bin/ceph: stderr
2024-03-26T17:29:04.249+0000 7f472bfff700 1 --2- >> [v2:172.21.15.105:3300/0,v1:172.21.15.105:6789/0] conn(0x7f472c107e10 0x7f472c19bda0 unknown :-1 s=BANNER_CONNECTING pgs=0 cs=0 l=1 rev1=0 crypto rx=0 tx=0 comp rx=0 tx=0)._handle_peer_banner_payload supported=3 required=0
2024-03-26T17:29:05.156 INFO:teuthology.orchestra.run.smithi105.stdout:/usr/bin/ceph: stderr
2024-03-26T17:29:04.249+0000 7f472bfff700 1 --2- >> [v2:172.21.15.105:3300/0,v1:172.21.15.105:6789/0] conn(0x7f472c107e10 0x7f472c19bda0 unknown :-1 s=HELLO_CONNECTING pgs=0 cs=0 l=1 rev1=1 crypto rx=0 tx=0 comp rx=0 tx=0).handle_hello peer v2:172.21.15.105:3300/0 says I am v2:172.21.15.105:41316/0 (socket says 172.21.15.105:41316)
2024-03-26T17:29:05.156 INFO:teuthology.orchestra.run.smithi105.stdout:/usr/bin/ceph: stderr
2024-03-26T17:29:04.249+0000 7f472bfff700 1 -- 172.21.15.105:0/4202205889 learned_addr learned my addr 172.21.15.105:0/4202205889 (peer_addr_for_me v2:172.21.15.105:0/0)
2024-03-26T17:29:05.156 INFO:teuthology.orchestra.run.smithi105.stdout:/usr/bin/ceph: stderr
2024-03-26T17:29:04.249+0000 7f472bfff700 1 -- 172.21.15.105:0/4202205889 --> [v2:172.21.15.105:3300/0,v1:172.21.15.105:6789/0] -- mon_subscribe({config=0+,monmap=0+}) -- 0x7f472c19c2e0 con 0x7f472c107e10
2024-03-26T17:29:05.156 INFO:teuthology.orchestra.run.smithi105.stdout:/usr/bin/ceph: stderr
2024-03-26T17:29:04.249+0000 7f472bfff700 1 --2- 172.21.15.105:0/4202205889 >> [v2:172.21.15.105:3300/0,v1:172.21.15.105:6789/0] conn(0x7f472c107e10 0x7f472c19bda0 secure :-1 s=READY pgs=42 cs=0 l=1 rev1=1 crypto rx=0x7f4720006af0 tx=0x7f4720011b70 comp rx=0 tx=0).ready entity=mon.0 client_cookie=0 server_cookie=0 in_seq=0 out_seq=0
2024-03-26T17:29:05.156 INFO:teuthology.orchestra.run.smithi105.stdout:/usr/bin/ceph: stderr
2024-03-26T17:29:04.250+0000 7f47297fa700 1 -- 172.21.15.105:0/4202205889 <== mon.0 v2:172.21.15.105:3300/0 1 ==== mon_map magic: 0 ==== 205+0+0 (secure 0 0 0) 0x7f4720003930 con 0x7f472c107e10
2024-03-26T17:29:05.156 INFO:teuthology.orchestra.run.smithi105.stdout:/usr/bin/ceph: stderr
2024-03-26T17:29:04.250+0000 7f47297fa700 1 -- 172.21.15.105:0/4202205889 <== mon.0 v2:172.21.15.105:3300/0 2 ==== config(26 keys) ==== 1071+0+0 (secure 0 0 0) 0x7f4720003ad0 con 0x7f472c107e10
2024-03-26T17:29:05.156 INFO:teuthology.orchestra.run.smithi105.stdout:/usr/bin/ceph: stderr
2024-03-26T17:29:04.250+0000 7f473248d700 1 -- 172.21.15.105:0/4202205889 --> [v2:172.21.15.105:3300/0,v1:172.21.15.105:6789/0] -- mon_subscribe({mgrmap=0+}) -- 0x7f472c19c570 con 0x7f472c107e10
2024-03-26T17:29:05.156 INFO:teuthology.orchestra.run.smithi105.stdout:/usr/bin/ceph: stderr
2024-03-26T17:29:04.250+0000 7f47297fa700 1 -- 172.21.15.105:0/4202205889 <== mon.0 v2:172.21.15.105:3300/0 3 ==== mon_map magic: 0 ==== 205+0+0 (secure 0 0 0) 0x7f47200195e0 con 0x7f472c107e10
2024-03-26T17:29:05.156 INFO:teuthology.orchestra.run.smithi105.stdout:/usr/bin/ceph: stderr
2024-03-26T17:29:04.250+0000 7f473248d700 1 -- 172.21.15.105:0/4202205889 --> [v2:172.21.15.105:3300/0,v1:172.21.15.105:6789/0] -- mon_subscribe({osdmap=0}) -- 0x7f472c19f220 con 0x7f472c107e10
2024-03-26T17:29:05.156 INFO:teuthology.orchestra.run.smithi105.stdout:/usr/bin/ceph: stderr
2024-03-26T17:29:04.250+0000 7f47297fa700 1 -- 172.21.15.105:0/4202205889 <== mon.0 v2:172.21.15.105:3300/0 4 ==== mgrmap(e 8) ==== 46294+0+0 (secure 0 0 0) 0x7f47200198e0 con 0x7f472c107e10
2024-03-26T17:29:05.157 INFO:teuthology.orchestra.run.smithi105.stdout:/usr/bin/ceph: stderr
2024-03-26T17:29:04.251+0000 7f473248d700 1 -- 172.21.15.105:0/4202205889 --> [v2:172.21.15.105:3300/0,v1:172.21.15.105:6789/0] -- mon_command({"prefix": "get_command_descriptions"} v 0) -- 0x7f472c0639e0 con 0x7f472c107e10
2024-03-26T17:29:05.157 INFO:teuthology.orchestra.run.smithi105.stdout:/usr/bin/ceph: stderr
2024-03-26T17:29:04.251+0000 7f47297fa700 1 --2- 172.21.15.105:0/4202205889 >> [v2:172.21.15.105:6800/1556474900,v1:172.21.15.105:6801/1556474900] conn(0x7f4714039130 0x7f471403b5f0 unknown :-1 s=NONE pgs=0 cs=0 l=1 rev1=0 crypto rx=0 tx=0 comp rx=0 tx=0).connect
2024-03-26T17:29:05.157 INFO:teuthology.orchestra.run.smithi105.stdout:/usr/bin/ceph: stderr
2024-03-26T17:29:04.251+0000 7f47297fa700 1 -- 172.21.15.105:0/4202205889 <== mon.0 v2:172.21.15.105:3300/0 5 ==== osd_map(2..2 src has 1..2) ==== 940+0+0 (secure 0 0 0) 0x7f472004d840 con 0x7f472c107e10
2024-03-26T17:29:05.157 INFO:teuthology.orchestra.run.smithi105.stdout:/usr/bin/ceph: stderr
2024-03-26T17:29:04.251+0000 7f472b7fe700 1 --2- 172.21.15.105:0/4202205889 >> [v2:172.21.15.105:6800/1556474900,v1:172.21.15.105:6801/1556474900] conn(0x7f4714039130 0x7f471403b5f0 unknown :-1 s=BANNER_CONNECTING pgs=0 cs=0 l=1 rev1=0 crypto rx=0 tx=0 comp rx=0 tx=0)._handle_peer_banner_payload supported=3 required=0
2024-03-26T17:29:05.157 INFO:teuthology.orchestra.run.smithi105.stdout:/usr/bin/ceph: stderr
2024-03-26T17:29:04.251+0000 7f472b7fe700 1 --2- 172.21.15.105:0/4202205889 >> [v2:172.21.15.105:6800/1556474900,v1:172.21.15.105:6801/1556474900] conn(0x7f4714039130 0x7f471403b5f0 secure :-1 s=READY pgs=9 cs=0 l=1 rev1=1 crypto rx=0x7f471c006fd0 tx=0x7f471c006e40 comp rx=0 tx=0).ready entity=mgr.14120 client_cookie=0 server_cookie=0 in_seq=0 out_seq=0
2024-03-26T17:29:05.157 INFO:teuthology.orchestra.run.smithi105.stdout:/usr/bin/ceph: stderr
2024-03-26T17:29:04.256+0000 7f47297fa700 1 -- 172.21.15.105:0/4202205889 <== mon.0 v2:172.21.15.105:3300/0 6 ==== mon_command_ack([{"prefix": "get_command_descriptions"}]=0 v0) ==== 72+0+186149 (secure 0 0 0) 0x7f472002d440 con 0x7f472c107e10
2024-03-26T17:29:05.157 INFO:teuthology.orchestra.run.smithi105.stdout:/usr/bin/ceph: stderr
2024-03-26T17:29:04.476+0000 7f473248d700 1 -- 172.21.15.105:0/4202205889 --> [v2:172.21.15.105:6800/1556474900,v1:172.21.15.105:6801/1556474900] -- mgr_command(tid 0: {"prefix": "cephadm generate-key", "target": ["mon-mgr", ""]}) -- 0x7f472c104580 con 0x7f4714039130
2024-03-26T17:29:05.157 INFO:teuthology.orchestra.run.smithi105.stdout:/usr/bin/ceph: stderr
2024-03-26T17:29:04.577+0000 7f47297fa700 1 -- 172.21.15.105:0/4202205889 <== mgr.14120 v2:172.21.15.105:6800/1556474900 1 ==== mgr_command_reply(tid 0: 0 ) ==== 8+0+0 (secure 0 0 0) 0x7f472c104580 con 0x7f4714039130
2024-03-26T17:29:05.157 INFO:teuthology.orchestra.run.smithi105.stdout:/usr/bin/ceph: stderr
2024-03-26T17:29:04.579+0000 7f473248d700 1 -- 172.21.15.105:0/4202205889 >> [v2:172.21.15.105:6800/1556474900,v1:172.21.15.105:6801/1556474900] conn(0x7f4714039130 msgr2=0x7f471403b5f0 secure :-1 s=STATE_CONNECTION_ESTABLISHED l=1).mark_down
2024-03-26T17:29:05.157 INFO:teuthology.orchestra.run.smithi105.stdout:/usr/bin/ceph: stderr
2024-03-26T17:29:04.579+0000 7f473248d700 1 --2- 172.21.15.105:0/4202205889 >> [v2:172.21.15.105:6800/1556474900,v1:172.21.15.105:6801/1556474900] conn(0x7f4714039130 0x7f471403b5f0 secure :-1 s=READY pgs=9 cs=0 l=1 rev1=1 crypto rx=0x7f471c006fd0 tx=0x7f471c006e40 comp rx=0 tx=0).stop
2024-03-26T17:29:05.157 INFO:teuthology.orchestra.run.smithi105.stdout:/usr/bin/ceph: stderr
2024-03-26T17:29:04.579+0000 7f473248d700 1 -- 172.21.15.105:0/4202205889 >> [v2:172.21.15.105:3300/0,v1:172.21.15.105:6789/0] conn(0x7f472c107e10 msgr2=0x7f472c19bda0 secure :-1 s=STATE_CONNECTION_ESTABLISHED l=1).mark_down
2024-03-26T17:29:05.157 INFO:teuthology.orchestra.run.smithi105.stdout:/usr/bin/ceph: stderr
2024-03-26T17:29:04.579+0000 7f473248d700 1 --2- 172.21.15.105:0/4202205889 >> [v2:172.21.15.105:3300/0,v1:172.21.15.105:6789/0] conn(0x7f472c107e10 0x7f472c19bda0 secure :-1 s=READY pgs=42 cs=0 l=1 rev1=1 crypto rx=0x7f4720006af0 tx=0x7f4720011b70 comp rx=0 tx=0).stop
2024-03-26T17:29:05.157 INFO:teuthology.orchestra.run.smithi105.stdout:/usr/bin/ceph: stderr
2024-03-26T17:29:04.579+0000 7f473248d700 1 -- 172.21.15.105:0/4202205889 shutdown_connections
2024-03-26T17:29:05.157 INFO:teuthology.orchestra.run.smithi105.stdout:/usr/bin/ceph: stderr
2024-03-26T17:29:04.579+0000 7f473248d700 1 --2- 172.21.15.105:0/4202205889 >> [v2:172.21.15.105:6800/1556474900,v1:172.21.15.105:6801/1556474900] conn(0x7f4714039130 0x7f471403b5f0 unknown :-1 s=CLOSED pgs=9 cs=0 l=1 rev1=1 crypto rx=0 tx=0 comp rx=0 tx=0).stop
2024-03-26T17:29:05.158 INFO:teuthology.orchestra.run.smithi105.stdout:/usr/bin/ceph: stderr
2024-03-26T17:29:04.579+0000 7f473248d700 1 --2- 172.21.15.105:0/4202205889 >> [v2:172.21.15.105:3300/0,v1:172.21.15.105:6789/0] conn(0x7f472c107e10 0x7f472c19bda0 unknown :-1 s=CLOSED pgs=42 cs=0 l=1 rev1=1 crypto rx=0 tx=0 comp rx=0 tx=0).stop
2024-03-26T17:29:05.158 INFO:teuthology.orchestra.run.smithi105.stdout:/usr/bin/ceph: stderr
2024-03-26T17:29:04.579+0000 7f473248d700 1 -- 172.21.15.105:0/4202205889 >> 172.21.15.105:0/4202205889 conn(0x7f472c1033b0 msgr2=0x7f472c103e70 unknown :-1 s=STATE_NONE l=0).mark_down
2024-03-26T17:29:05.158 INFO:teuthology.orchestra.run.smithi105.stdout:/usr/bin/ceph: stderr
2024-03-26T17:29:04.579+0000 7f473248d700 1 -- 172.21.15.105:0/4202205889 shutdown_connections
2024-03-26T17:29:05.158 INFO:teuthology.orchestra.run.smithi105.stdout:/usr/bin/ceph: stderr
2024-03-26T17:29:04.579+0000 7f473248d700 1 -- 172.21.15.105:0/4202205889 wait complete.
2024-03-26T17:29:06.144 INFO:journalctl@ceph.mon.a.smithi105.stdout:Mar 26 17:29:05 smithi105 ceph-mon[32280]: from='client.14136 -' entity='client.admin' cmd=[{"prefix": "cephadm generate-key", "target": ["mon-mgr", ""]}]: dispatch
2024-03-26T17:29:06.144 INFO:journalctl@ceph.mon.a.smithi105.stdout:Mar 26 17:29:05 smithi105 ceph-mon[32280]: Generating ssh key...
2024-03-26T17:29:06.277 INFO:teuthology.orchestra.run.smithi105.stdout:/usr/bin/ceph: stdout ssh-rsa AAAAB3NzaC1yc2EAAAADAQABAAABgQCySkDhUiJMPvu2HWbpTbp7bjb1AFhF9lp1gjmX/7L4N2MUguyUOyr5EAm6i12VsM0WOjuTegG9D0muPbAF72dkjlyNBmGDJMD9+Rq4mYogl5JcuPQzBHtJNHufB2w0afmjNAogLGbt2Q4CvPaVpzG4aeSteQLBjRTtnWQOdS5Y1ePQRVIdBUpJaG+HZO0yoKtIHYp4aH/C9cFDAValjimJxoaE32jK0FyWDFigUoRgUbXuT/9+O/sAx+pJELZySijlzACBpNaewu1moYsbg/nylM0+FYv4xCvnzCqQoHnwZOhWZh7qQ6yvOtVrSOyBj/SGwO6zAAbo4LDKr3ryX2qrmTIo52C8Uxt2x/q1dvQ4ala3re8Q4aSn8+5fnpPVbGLZVCxKNc6v26m7udE+B6sgqkS8YeNMCwtVdHFmMoZfu0Aobw6pc19p5MZKujEnC7PwVO2Oz7Sx2BQ2dn3ioPwqtobldV9Z857bLISPHSE6kwhQ5kC35JMN1cBryvUgR88= ceph-15cee578-eb96-11ee-95d0-87774f69a715
2024-03-26T17:29:06.277 INFO:teuthology.orchestra.run.smithi105.stdout:/usr/bin/ceph: stderr
2024-03-26T17:29:05.533+0000 7f7e5984e700 1 Processor -- start
2024-03-26T17:29:06.278 INFO:teuthology.orchestra.run.smithi105.stdout:/usr/bin/ceph: stderr
2024-03-26T17:29:05.533+0000 7f7e5984e700 1 -- start start
2024-03-26T17:29:06.278 INFO:teuthology.orchestra.run.smithi105.stdout:/usr/bin/ceph: stderr
2024-03-26T17:29:05.533+0000 7f7e5984e700 1 --2- >> [v2:172.21.15.105:3300/0,v1:172.21.15.105:6789/0] conn(0x7f7e541088e0 0x7f7e5410acd0 unknown :-1 s=NONE pgs=0 cs=0 l=0 rev1=0 crypto rx=0 tx=0 comp rx=0 tx=0).connect
2024-03-26T17:29:06.278 INFO:teuthology.orchestra.run.smithi105.stdout:/usr/bin/ceph: stderr
2024-03-26T17:29:05.533+0000 7f7e5984e700 1 -- --> [v2:172.21.15.105:3300/0,v1:172.21.15.105:6789/0] -- mon_getmap magic: 0 -- 0x7f7e5407be20 con 0x7f7e541088e0
2024-03-26T17:29:06.278 INFO:teuthology.orchestra.run.smithi105.stdout:/usr/bin/ceph: stderr
2024-03-26T17:29:05.533+0000 7f7e52ffd700 1 --2- >> [v2:172.21.15.105:3300/0,v1:172.21.15.105:6789/0] conn(0x7f7e541088e0 0x7f7e5410acd0 unknown :-1 s=BANNER_CONNECTING pgs=0 cs=0 l=0 rev1=0 crypto rx=0 tx=0 comp rx=0 tx=0)._handle_peer_banner_payload supported=3 required=0
2024-03-26T17:29:06.278 INFO:teuthology.orchestra.run.smithi105.stdout:/usr/bin/ceph: stderr
2024-03-26T17:29:05.533+0000 7f7e52ffd700 1 --2- >> [v2:172.21.15.105:3300/0,v1:172.21.15.105:6789/0] conn(0x7f7e541088e0 0x7f7e5410acd0 unknown :-1 s=HELLO_CONNECTING pgs=0 cs=0 l=0 rev1=1 crypto rx=0 tx=0 comp rx=0 tx=0).handle_hello peer v2:172.21.15.105:3300/0 says I am v2:172.21.15.105:52912/0 (socket says 172.21.15.105:52912)
2024-03-26T17:29:06.278 INFO:teuthology.orchestra.run.smithi105.stdout:/usr/bin/ceph: stderr
2024-03-26T17:29:05.533+0000 7f7e52ffd700 1 -- 172.21.15.105:0/4135033194 learned_addr learned my addr 172.21.15.105:0/4135033194 (peer_addr_for_me v2:172.21.15.105:0/0)
2024-03-26T17:29:06.278 INFO:teuthology.orchestra.run.smithi105.stdout:/usr/bin/ceph: stderr
2024-03-26T17:29:05.534+0000 7f7e52ffd700 1 -- 172.21.15.105:0/4135033194 --> [v2:172.21.15.105:3300/0,v1:172.21.15.105:6789/0] -- mon_subscribe({config=0+,monmap=0+}) -- 0x7f7e5410b210 con 0x7f7e541088e0
2024-03-26T17:29:06.278 INFO:teuthology.orchestra.run.smithi105.stdout:/usr/bin/ceph: stderr
2024-03-26T17:29:05.534+0000 7f7e52ffd700 1 --2- 172.21.15.105:0/4135033194 >> [v2:172.21.15.105:3300/0,v1:172.21.15.105:6789/0] conn(0x7f7e541088e0 0x7f7e5410acd0 secure :-1 s=READY pgs=43 cs=0 l=1 rev1=1 crypto rx=0x7f7e440098a0 tx=0x7f7e44009bb0 comp rx=0 tx=0).ready entity=mon.0 client_cookie=42a8717f76c65854 server_cookie=0 in_seq=0 out_seq=0
2024-03-26T17:29:06.278 INFO:teuthology.orchestra.run.smithi105.stdout:/usr/bin/ceph: stderr
2024-03-26T17:29:05.534+0000 7f7e51ffb700 1 -- 172.21.15.105:0/4135033194 <== mon.0 v2:172.21.15.105:3300/0 1 ==== mon_map magic: 0 ==== 205+0+0 (secure 0 0 0) 0x7f7e44004160 con 0x7f7e541088e0
2024-03-26T17:29:06.278 INFO:teuthology.orchestra.run.smithi105.stdout:/usr/bin/ceph: stderr
2024-03-26T17:29:05.534+0000 7f7e51ffb700 1 -- 172.21.15.105:0/4135033194 <== mon.0 v2:172.21.15.105:3300/0 2 ==== config(26 keys) ==== 1071+0+0 (secure 0 0 0) 0x7f7e44004300 con 0x7f7e541088e0
2024-03-26T17:29:06.278 INFO:teuthology.orchestra.run.smithi105.stdout:/usr/bin/ceph: stderr
2024-03-26T17:29:05.534+0000 7f7e51ffb700 1 -- 172.21.15.105:0/4135033194 <== mon.0 v2:172.21.15.105:3300/0 3 ==== mon_map magic: 0 ==== 205+0+0 (secure 0 0 0) 0x7f7e44011a80 con 0x7f7e541088e0
2024-03-26T17:29:06.278 INFO:teuthology.orchestra.run.smithi105.stdout:/usr/bin/ceph: stderr
2024-03-26T17:29:05.535+0000 7f7e5984e700 1 -- 172.21.15.105:0/4135033194 >> [v2:172.21.15.105:3300/0,v1:172.21.15.105:6789/0] conn(0x7f7e541088e0 msgr2=0x7f7e5410acd0 secure :-1 s=STATE_CONNECTION_ESTABLISHED l=1).mark_down
2024-03-26T17:29:06.279 INFO:teuthology.orchestra.run.smithi105.stdout:/usr/bin/ceph: stderr
2024-03-26T17:29:05.535+0000 7f7e5984e700 1 --2- 172.21.15.105:0/4135033194 >> [v2:172.21.15.105:3300/0,v1:172.21.15.105:6789/0] conn(0x7f7e541088e0 0x7f7e5410acd0 secure :-1 s=READY pgs=43 cs=0 l=1 rev1=1 crypto rx=0x7f7e440098a0 tx=0x7f7e44009bb0 comp rx=0 tx=0).stop
2024-03-26T17:29:06.279 INFO:teuthology.orchestra.run.smithi105.stdout:/usr/bin/ceph: stderr
2024-03-26T17:29:05.535+0000 7f7e5984e700 1 -- 172.21.15.105:0/4135033194 shutdown_connections
2024-03-26T17:29:06.279 INFO:teuthology.orchestra.run.smithi105.stdout:/usr/bin/ceph: stderr
2024-03-26T17:29:05.535+0000 7f7e5984e700 1 --2- 172.21.15.105:0/4135033194 >> [v2:172.21.15.105:3300/0,v1:172.21.15.105:6789/0] conn(0x7f7e541088e0 0x7f7e5410acd0 unknown :-1 s=CLOSED pgs=43 cs=0 l=1 rev1=1 crypto rx=0 tx=0 comp rx=0 tx=0).stop
2024-03-26T17:29:06.279 INFO:teuthology.orchestra.run.smithi105.stdout:/usr/bin/ceph: stderr
2024-03-26T17:29:05.535+0000 7f7e5984e700 1 -- 172.21.15.105:0/4135033194 >> 172.21.15.105:0/4135033194 conn(0x7f7e541022d0 msgr2=0x7f7e541046f0 unknown :-1 s=STATE_NONE l=0).mark_down
2024-03-26T17:29:06.279 INFO:teuthology.orchestra.run.smithi105.stdout:/usr/bin/ceph: stderr
2024-03-26T17:29:05.535+0000 7f7e5984e700 1 -- 172.21.15.105:0/4135033194 shutdown_connections
2024-03-26T17:29:06.279 INFO:teuthology.orchestra.run.smithi105.stdout:/usr/bin/ceph: stderr
2024-03-26T17:29:05.535+0000 7f7e5984e700 1 -- 172.21.15.105:0/4135033194 wait complete.
2024-03-26T17:29:06.279 INFO:teuthology.orchestra.run.smithi105.stdout:/usr/bin/ceph: stderr
2024-03-26T17:29:05.535+0000 7f7e5984e700 1 Processor -- start
2024-03-26T17:29:06.279 INFO:teuthology.orchestra.run.smithi105.stdout:/usr/bin/ceph: stderr
2024-03-26T17:29:05.535+0000 7f7e5984e700 1 -- start start
2024-03-26T17:29:06.279 INFO:teuthology.orchestra.run.smithi105.stdout:/usr/bin/ceph: stderr
2024-03-26T17:29:05.535+0000 7f7e5984e700 1 --2- >> [v2:172.21.15.105:3300/0,v1:172.21.15.105:6789/0] conn(0x7f7e541088e0 0x7f7e54108160 unknown :-1 s=NONE pgs=0 cs=0 l=1 rev1=0 crypto rx=0 tx=0 comp rx=0 tx=0).connect
2024-03-26T17:29:06.279 INFO:teuthology.orchestra.run.smithi105.stdout:/usr/bin/ceph: stderr
2024-03-26T17:29:05.535+0000 7f7e5984e700 1 -- --> [v2:172.21.15.105:3300/0,v1:172.21.15.105:6789/0] -- mon_getmap magic: 0 -- 0x7f7e5410c180 con 0x7f7e541088e0
2024-03-26T17:29:06.279 INFO:teuthology.orchestra.run.smithi105.stdout:/usr/bin/ceph: stderr
2024-03-26T17:29:05.536+0000 7f7e52ffd700 1 --2- >> [v2:172.21.15.105:3300/0,v1:172.21.15.105:6789/0] conn(0x7f7e541088e0 0x7f7e54108160 unknown :-1 s=BANNER_CONNECTING pgs=0 cs=0 l=1 rev1=0 crypto rx=0 tx=0 comp rx=0 tx=0)._handle_peer_banner_payload supported=3 required=0
2024-03-26T17:29:06.279 INFO:teuthology.orchestra.run.smithi105.stdout:/usr/bin/ceph: stderr
2024-03-26T17:29:05.536+0000 7f7e52ffd700 1 --2- >> [v2:172.21.15.105:3300/0,v1:172.21.15.105:6789/0] conn(0x7f7e541088e0 0x7f7e54108160 unknown :-1 s=HELLO_CONNECTING pgs=0 cs=0 l=1 rev1=1 crypto rx=0 tx=0 comp rx=0 tx=0).handle_hello peer v2:172.21.15.105:3300/0 says I am v2:172.21.15.105:52924/0 (socket says 172.21.15.105:52924)
2024-03-26T17:29:06.279 INFO:teuthology.orchestra.run.smithi105.stdout:/usr/bin/ceph: stderr
2024-03-26T17:29:05.536+0000 7f7e52ffd700 1 -- 172.21.15.105:0/1610273824 learned_addr learned my addr 172.21.15.105:0/1610273824 (peer_addr_for_me v2:172.21.15.105:0/0)
2024-03-26T17:29:06.279 INFO:teuthology.orchestra.run.smithi105.stdout:/usr/bin/ceph: stderr
2024-03-26T17:29:05.536+0000 7f7e52ffd700 1 -- 172.21.15.105:0/1610273824 --> [v2:172.21.15.105:3300/0,v1:172.21.15.105:6789/0] -- mon_subscribe({config=0+,monmap=0+}) -- 0x7f7e541086a0 con 0x7f7e541088e0
2024-03-26T17:29:06.280 INFO:teuthology.orchestra.run.smithi105.stdout:/usr/bin/ceph: stderr
2024-03-26T17:29:05.536+0000 7f7e52ffd700 1 --2- 172.21.15.105:0/1610273824 >> [v2:172.21.15.105:3300/0,v1:172.21.15.105:6789/0] conn(0x7f7e541088e0 0x7f7e54108160 secure :-1 s=READY pgs=44 cs=0 l=1 rev1=1 crypto rx=0x7f7e44011a50 tx=0x7f7e44004290 comp rx=0 tx=0).ready entity=mon.0 client_cookie=0 server_cookie=0 in_seq=0 out_seq=0
2024-03-26T17:29:06.280 INFO:teuthology.orchestra.run.smithi105.stdout:/usr/bin/ceph: stderr
2024-03-26T17:29:05.536+0000 7f7e5884c700 1 -- 172.21.15.105:0/1610273824 <== mon.0 v2:172.21.15.105:3300/0 1 ==== mon_map magic: 0 ==== 205+0+0 (secure 0 0 0) 0x7f7e440039f0 con 0x7f7e541088e0
2024-03-26T17:29:06.280 INFO:teuthology.orchestra.run.smithi105.stdout:/usr/bin/ceph: stderr
2024-03-26T17:29:05.536+0000 7f7e5884c700 1 -- 172.21.15.105:0/1610273824 <== mon.0 v2:172.21.15.105:3300/0 2 ==== config(26 keys) ==== 1071+0+0 (secure 0 0 0) 0x7f7e44003b90 con 0x7f7e541088e0
2024-03-26T17:29:06.280 INFO:teuthology.orchestra.run.smithi105.stdout:/usr/bin/ceph: stderr
2024-03-26T17:29:05.536+0000 7f7e5884c700 1 -- 172.21.15.105:0/1610273824 <== mon.0 v2:172.21.15.105:3300/0 3 ==== mon_map magic: 0 ==== 205+0+0 (secure 0 0 0) 0x7f7e4401a600 con 0x7f7e541088e0
2024-03-26T17:29:06.280 INFO:teuthology.orchestra.run.smithi105.stdout:/usr/bin/ceph: stderr
2024-03-26T17:29:05.536+0000 7f7e5984e700 1 -- 172.21.15.105:0/1610273824 --> [v2:172.21.15.105:3300/0,v1:172.21.15.105:6789/0] -- mon_subscribe({mgrmap=0+}) -- 0x7f7e54106890 con 0x7f7e541088e0
2024-03-26T17:29:06.280 INFO:teuthology.orchestra.run.smithi105.stdout:/usr/bin/ceph: stderr
2024-03-26T17:29:05.536+0000 7f7e5984e700 1 -- 172.21.15.105:0/1610273824 --> [v2:172.21.15.105:3300/0,v1:172.21.15.105:6789/0] -- mon_subscribe({osdmap=0}) -- 0x7f7e54106dd0 con 0x7f7e541088e0
2024-03-26T17:29:06.280 INFO:teuthology.orchestra.run.smithi105.stdout:/usr/bin/ceph: stderr
2024-03-26T17:29:05.537+0000 7f7e5884c700 1 -- 172.21.15.105:0/1610273824 <== mon.0 v2:172.21.15.105:3300/0 4 ==== mgrmap(e 8) ==== 46294+0+0 (secure 0 0 0) 0x7f7e4401a8b0 con 0x7f7e541088e0
2024-03-26T17:29:06.280 INFO:teuthology.orchestra.run.smithi105.stdout:/usr/bin/ceph: stderr
2024-03-26T17:29:05.537+0000 7f7e5884c700 1 --2- 172.21.15.105:0/1610273824 >> [v2:172.21.15.105:6800/1556474900,v1:172.21.15.105:6801/1556474900] conn(0x7f7e3c0391d0 0x7f7e3c03b690 unknown :-1 s=NONE pgs=0 cs=0 l=1 rev1=0 crypto rx=0 tx=0 comp rx=0 tx=0).connect
2024-03-26T17:29:06.280 INFO:teuthology.orchestra.run.smithi105.stdout:/usr/bin/ceph: stderr
2024-03-26T17:29:05.537+0000 7f7e5884c700 1 -- 172.21.15.105:0/1610273824 <== mon.0 v2:172.21.15.105:3300/0 5 ==== osd_map(2..2 src has 1..2) ==== 940+0+0 (secure 0 0 0) 0x7f7e4404d570 con 0x7f7e541088e0
2024-03-26T17:29:06.280 INFO:teuthology.orchestra.run.smithi105.stdout:/usr/bin/ceph: stderr
2024-03-26T17:29:05.537+0000 7f7e527fc700 1 --2- 172.21.15.105:0/1610273824 >> [v2:172.21.15.105:6800/1556474900,v1:172.21.15.105:6801/1556474900] conn(0x7f7e3c0391d0 0x7f7e3c03b690 unknown :-1 s=BANNER_CONNECTING pgs=0 cs=0 l=1 rev1=0 crypto rx=0 tx=0 comp rx=0 tx=0)._handle_peer_banner_payload supported=3 required=0
2024-03-26T17:29:06.280 INFO:teuthology.orchestra.run.smithi105.stdout:/usr/bin/ceph: stderr
2024-03-26T17:29:05.537+0000 7f7e5984e700 1 -- 172.21.15.105:0/1610273824 --> [v2:172.21.15.105:3300/0,v1:172.21.15.105:6789/0] -- mon_command({"prefix": "get_command_descriptions"} v 0) -- 0x7f7e540639e0 con 0x7f7e541088e0
2024-03-26T17:29:06.280 INFO:teuthology.orchestra.run.smithi105.stdout:/usr/bin/ceph: stderr
2024-03-26T17:29:05.538+0000 7f7e527fc700 1 --2- 172.21.15.105:0/1610273824 >> [v2:172.21.15.105:6800/1556474900,v1:172.21.15.105:6801/1556474900] conn(0x7f7e3c0391d0 0x7f7e3c03b690 secure :-1 s=READY pgs=10 cs=0 l=1 rev1=1 crypto rx=0x7f7e48006fd0 tx=0x7f7e48006e40 comp rx=0 tx=0).ready entity=mgr.14120 client_cookie=0 server_cookie=0 in_seq=0 out_seq=0
2024-03-26T17:29:06.280 INFO:teuthology.orchestra.run.smithi105.stdout:/usr/bin/ceph: stderr
2024-03-26T17:29:05.542+0000 7f7e5884c700 1 -- 172.21.15.105:0/1610273824 <== mon.0 v2:172.21.15.105:3300/0 6 ==== mon_command_ack([{"prefix": "get_command_descriptions"}]=0 v0) ==== 72+0+186149 (secure 0 0 0) 0x7f7e4402a2a0 con 0x7f7e541088e0
2024-03-26T17:29:06.281 INFO:teuthology.orchestra.run.smithi105.stdout:/usr/bin/ceph: stderr
2024-03-26T17:29:05.736+0000 7f7e5984e700 1 -- 172.21.15.105:0/1610273824 --> [v2:172.21.15.105:6800/1556474900,v1:172.21.15.105:6801/1556474900] -- mgr_command(tid 0: {"prefix": "cephadm get-pub-key", "target": ["mon-mgr", ""]}) -- 0x7f7e54107700 con 0x7f7e3c0391d0
2024-03-26T17:29:06.281 INFO:teuthology.orchestra.run.smithi105.stdout:/usr/bin/ceph: stderr
2024-03-26T17:29:05.737+0000 7f7e5884c700 1 -- 172.21.15.105:0/1610273824 <== mgr.14120 v2:172.21.15.105:6800/1556474900 1 ==== mgr_command_reply(tid 0: 0 ) ==== 8+0+595 (secure 0 0 0) 0x7f7e54107700 con 0x7f7e3c0391d0
2024-03-26T17:29:06.281 INFO:teuthology.orchestra.run.smithi105.stdout:/usr/bin/ceph: stderr
2024-03-26T17:29:05.739+0000 7f7e5984e700 1 -- 172.21.15.105:0/1610273824 >> [v2:172.21.15.105:6800/1556474900,v1:172.21.15.105:6801/1556474900] conn(0x7f7e3c0391d0 msgr2=0x7f7e3c03b690 secure :-1 s=STATE_CONNECTION_ESTABLISHED l=1).mark_down
2024-03-26T17:29:06.281 INFO:teuthology.orchestra.run.smithi105.stdout:/usr/bin/ceph: stderr
2024-03-26T17:29:05.739+0000 7f7e5984e700 1 --2- 172.21.15.105:0/1610273824 >> [v2:172.21.15.105:6800/1556474900,v1:172.21.15.105:6801/1556474900] conn(0x7f7e3c0391d0 0x7f7e3c03b690 secure :-1 s=READY pgs=10 cs=0 l=1 rev1=1 crypto rx=0x7f7e48006fd0 tx=0x7f7e48006e40 comp rx=0 tx=0).stop
2024-03-26T17:29:06.281 INFO:teuthology.orchestra.run.smithi105.stdout:/usr/bin/ceph: stderr
2024-03-26T17:29:05.739+0000 7f7e5984e700 1 -- 172.21.15.105:0/1610273824 >> [v2:172.21.15.105:3300/0,v1:172.21.15.105:6789/0] conn(0x7f7e541088e0 msgr2=0x7f7e54108160 secure :-1 s=STATE_CONNECTION_ESTABLISHED l=1).mark_down
2024-03-26T17:29:06.281 INFO:teuthology.orchestra.run.smithi105.stdout:/usr/bin/ceph: stderr
2024-03-26T17:29:05.739+0000 7f7e5984e700 1 --2- 172.21.15.105:0/1610273824 >> [v2:172.21.15.105:3300/0,v1:172.21.15.105:6789/0] conn(0x7f7e541088e0 0x7f7e54108160 secure :-1 s=READY pgs=44 cs=0 l=1 rev1=1 crypto rx=0x7f7e44011a50 tx=0x7f7e44004290 comp rx=0 tx=0).stop
2024-03-26T17:29:06.281 INFO:teuthology.orchestra.run.smithi105.stdout:/usr/bin/ceph: stderr
2024-03-26T17:29:05.739+0000 7f7e5984e700 1 -- 172.21.15.105:0/1610273824 shutdown_connections
2024-03-26T17:29:06.281 INFO:teuthology.orchestra.run.smithi105.stdout:/usr/bin/ceph: stderr
2024-03-26T17:29:05.739+0000 7f7e5984e700 1 --2- 172.21.15.105:0/1610273824 >> [v2:172.21.15.105:6800/1556474900,v1:172.21.15.105:6801/1556474900] conn(0x7f7e3c0391d0 0x7f7e3c03b690 unknown :-1 s=CLOSED pgs=10 cs=0 l=1 rev1=1 crypto rx=0 tx=0 comp rx=0 tx=0).stop
2024-03-26T17:29:06.281 INFO:teuthology.orchestra.run.smithi105.stdout:/usr/bin/ceph: stderr
2024-03-26T17:29:05.739+0000 7f7e5984e700 1 --2- 172.21.15.105:0/1610273824 >> [v2:172.21.15.105:3300/0,v1:172.21.15.105:6789/0] conn(0x7f7e541088e0 0x7f7e54108160 unknown :-1 s=CLOSED pgs=44 cs=0 l=1 rev1=1 crypto rx=0 tx=0 comp rx=0 tx=0).stop
2024-03-26T17:29:06.281 INFO:teuthology.orchestra.run.smithi105.stdout:/usr/bin/ceph: stderr
2024-03-26T17:29:05.739+0000 7f7e5984e700 1 -- 172.21.15.105:0/1610273824 >> 172.21.15.105:0/1610273824 conn(0x7f7e541022d0 msgr2=0x7f7e54102e80 unknown :-1 s=STATE_NONE l=0).mark_down
2024-03-26T17:29:06.281 INFO:teuthology.orchestra.run.smithi105.stdout:/usr/bin/ceph: stderr
2024-03-26T17:29:05.739+0000 7f7e5984e700 1 -- 172.21.15.105:0/1610273824 shutdown_connections
2024-03-26T17:29:06.281 INFO:teuthology.orchestra.run.smithi105.stdout:/usr/bin/ceph: stderr
2024-03-26T17:29:05.739+0000 7f7e5984e700 1 -- 172.21.15.105:0/1610273824 wait complete.
2024-03-26T17:29:06.281 INFO:teuthology.orchestra.run.smithi105.stdout:Wrote public SSH key to /home/ubuntu/cephtest/ceph.pub
2024-03-26T17:29:06.281 INFO:teuthology.orchestra.run.smithi105.stdout:Adding key to root@localhost authorized_keys...
2024-03-26T17:29:06.281 INFO:teuthology.orchestra.run.smithi105.stdout:Adding host smithi105...
2024-03-26T17:29:07.128 INFO:journalctl@ceph.mon.a.smithi105.stdout:Mar 26 17:29:06 smithi105 ceph-mon[32280]: from='client.14138 -' entity='client.admin' cmd=[{"prefix": "cephadm get-pub-key", "target": ["mon-mgr", ""]}]: dispatch
2024-03-26T17:29:08.049 INFO:journalctl@ceph.mon.a.smithi105.stdout:Mar 26 17:29:07 smithi105 ceph-mon[32280]: from='client.14140 -' entity='client.admin' cmd=[{"prefix": "orch host add", "hostname": "smithi105", "addr": "172.21.15.105", "target": ["mon-mgr", ""]}]: dispatch
2024-03-26T17:29:09.144 INFO:journalctl@ceph.mon.a.smithi105.stdout:Mar 26 17:29:08 smithi105 ceph-mon[32280]: Deploying cephadm binary to smithi105
2024-03-26T17:29:11.685 INFO:teuthology.orchestra.run.smithi105.stdout:/usr/bin/ceph: stdout Added host 'smithi105' with addr '172.21.15.105'
2024-03-26T17:29:11.685 INFO:teuthology.orchestra.run.smithi105.stdout:/usr/bin/ceph: stderr
2024-03-26T17:29:06.676+0000 7f5998767700 1 Processor -- start
2024-03-26T17:29:11.685 INFO:teuthology.orchestra.run.smithi105.stdout:/usr/bin/ceph: stderr
2024-03-26T17:29:06.676+0000 7f5998767700 1 -- start start
2024-03-26T17:29:11.685 INFO:teuthology.orchestra.run.smithi105.stdout:/usr/bin/ceph: stderr
2024-03-26T17:29:06.676+0000 7f5998767700 1 --2- >> [v2:172.21.15.105:3300/0,v1:172.21.15.105:6789/0] conn(0x7f59901060f0 0x7f5990106510 unknown :-1 s=NONE pgs=0 cs=0 l=0 rev1=0 crypto rx=0 tx=0 comp rx=0 tx=0).connect
2024-03-26T17:29:11.685 INFO:teuthology.orchestra.run.smithi105.stdout:/usr/bin/ceph: stderr
2024-03-26T17:29:06.676+0000 7f5998767700 1 -- --> [v2:172.21.15.105:3300/0,v1:172.21.15.105:6789/0] -- mon_getmap magic: 0 -- 0x7f5990106ae0 con 0x7f59901060f0
2024-03-26T17:29:11.686 INFO:teuthology.orchestra.run.smithi105.stdout:/usr/bin/ceph: stderr
2024-03-26T17:29:06.676+0000 7f5996503700 1 --2- >> [v2:172.21.15.105:3300/0,v1:172.21.15.105:6789/0] conn(0x7f59901060f0 0x7f5990106510 unknown :-1 s=BANNER_CONNECTING pgs=0 cs=0 l=0 rev1=0 crypto rx=0 tx=0 comp rx=0 tx=0)._handle_peer_banner_payload supported=3 required=0
2024-03-26T17:29:11.686 INFO:teuthology.orchestra.run.smithi105.stdout:/usr/bin/ceph: stderr
2024-03-26T17:29:06.676+0000 7f5996503700 1 --2- >> [v2:172.21.15.105:3300/0,v1:172.21.15.105:6789/0] conn(0x7f59901060f0 0x7f5990106510 unknown :-1 s=HELLO_CONNECTING pgs=0 cs=0 l=0 rev1=1 crypto rx=0 tx=0 comp rx=0 tx=0).handle_hello peer v2:172.21.15.105:3300/0 says I am v2:172.21.15.105:52932/0 (socket says 172.21.15.105:52932)
2024-03-26T17:29:11.686 INFO:teuthology.orchestra.run.smithi105.stdout:/usr/bin/ceph: stderr
2024-03-26T17:29:06.676+0000 7f5996503700 1 -- 172.21.15.105:0/847629336 learned_addr learned my addr 172.21.15.105:0/847629336 (peer_addr_for_me v2:172.21.15.105:0/0)
2024-03-26T17:29:11.686 INFO:teuthology.orchestra.run.smithi105.stdout:/usr/bin/ceph: stderr
2024-03-26T17:29:06.677+0000 7f5996503700 1 -- 172.21.15.105:0/847629336 --> [v2:172.21.15.105:3300/0,v1:172.21.15.105:6789/0] -- mon_subscribe({config=0+,monmap=0+}) -- 0x7f5990109080 con 0x7f59901060f0
2024-03-26T17:29:11.686 INFO:teuthology.orchestra.run.smithi105.stdout:/usr/bin/ceph: stderr
2024-03-26T17:29:06.677+0000 7f5996503700 1 --2- 172.21.15.105:0/847629336 >> [v2:172.21.15.105:3300/0,v1:172.21.15.105:6789/0] conn(0x7f59901060f0 0x7f5990106510 secure :-1 s=READY pgs=45 cs=0 l=1 rev1=1 crypto rx=0x7f598c0098a0 tx=0x7f598c009bb0 comp rx=0 tx=0).ready entity=mon.0 client_cookie=9a844e9ade7a73d8 server_cookie=0 in_seq=0 out_seq=0
2024-03-26T17:29:11.686 INFO:teuthology.orchestra.run.smithi105.stdout:/usr/bin/ceph: stderr
2024-03-26T17:29:06.677+0000 7f5995501700 1 -- 172.21.15.105:0/847629336 <== mon.0 v2:172.21.15.105:3300/0 1 ==== mon_map magic: 0 ==== 205+0+0 (secure 0 0 0) 0x7f598c004160 con 0x7f59901060f0
2024-03-26T17:29:11.686 INFO:teuthology.orchestra.run.smithi105.stdout:/usr/bin/ceph: stderr
2024-03-26T17:29:06.677+0000 7f5995501700 1 -- 172.21.15.105:0/847629336 <== mon.0 v2:172.21.15.105:3300/0 2 ==== config(26 keys) ==== 1071+0+0 (secure 0 0 0) 0x7f598c004300 con 0x7f59901060f0
2024-03-26T17:29:11.686 INFO:teuthology.orchestra.run.smithi105.stdout:/usr/bin/ceph: stderr
2024-03-26T17:29:06.677+0000 7f5995501700 1 -- 172.21.15.105:0/847629336 <== mon.0 v2:172.21.15.105:3300/0 3 ==== mon_map magic: 0 ==== 205+0+0 (secure 0 0 0) 0x7f598c011a80 con 0x7f59901060f0
2024-03-26T17:29:11.686 INFO:teuthology.orchestra.run.smithi105.stdout:/usr/bin/ceph: stderr
2024-03-26T17:29:06.677+0000 7f5998767700 1 -- 172.21.15.105:0/847629336 >> [v2:172.21.15.105:3300/0,v1:172.21.15.105:6789/0] conn(0x7f59901060f0 msgr2=0x7f5990106510 secure :-1 s=STATE_CONNECTION_ESTABLISHED l=1).mark_down
2024-03-26T17:29:11.686 INFO:teuthology.orchestra.run.smithi105.stdout:/usr/bin/ceph: stderr
2024-03-26T17:29:06.677+0000 7f5998767700 1 --2- 172.21.15.105:0/847629336 >> [v2:172.21.15.105:3300/0,v1:172.21.15.105:6789/0] conn(0x7f59901060f0 0x7f5990106510 secure :-1 s=READY pgs=45 cs=0 l=1 rev1=1 crypto rx=0x7f598c0098a0 tx=0x7f598c009bb0 comp rx=0 tx=0).stop
2024-03-26T17:29:11.686 INFO:teuthology.orchestra.run.smithi105.stdout:/usr/bin/ceph: stderr
2024-03-26T17:29:06.678+0000 7f5998767700 1 -- 172.21.15.105:0/847629336 shutdown_connections
2024-03-26T17:29:11.686 INFO:teuthology.orchestra.run.smithi105.stdout:/usr/bin/ceph: stderr
2024-03-26T17:29:06.678+0000 7f5998767700 1 --2- 172.21.15.105:0/847629336 >> [v2:172.21.15.105:3300/0,v1:172.21.15.105:6789/0] conn(0x7f59901060f0 0x7f5990106510 unknown :-1 s=CLOSED pgs=45 cs=0 l=1 rev1=1 crypto rx=0 tx=0 comp rx=0 tx=0).stop
2024-03-26T17:29:11.687 INFO:teuthology.orchestra.run.smithi105.stdout:/usr/bin/ceph: stderr
2024-03-26T17:29:06.678+0000 7f5998767700 1 -- 172.21.15.105:0/847629336 >> 172.21.15.105:0/847629336 conn(0x7f5990101a40 msgr2=0x7f5990103e60 unknown :-1 s=STATE_NONE l=0).mark_down
2024-03-26T17:29:11.687 INFO:teuthology.orchestra.run.smithi105.stdout:/usr/bin/ceph: stderr
2024-03-26T17:29:06.678+0000 7f5998767700 1 -- 172.21.15.105:0/847629336 shutdown_connections
2024-03-26T17:29:11.687 INFO:teuthology.orchestra.run.smithi105.stdout:/usr/bin/ceph: stderr
2024-03-26T17:29:06.678+0000 7f5998767700 1 -- 172.21.15.105:0/847629336 wait complete.
2024-03-26T17:29:11.687 INFO:teuthology.orchestra.run.smithi105.stdout:/usr/bin/ceph: stderr
2024-03-26T17:29:06.678+0000 7f5998767700 1 Processor -- start
2024-03-26T17:29:11.687 INFO:teuthology.orchestra.run.smithi105.stdout:/usr/bin/ceph: stderr
2024-03-26T17:29:06.678+0000 7f5998767700 1 -- start start
2024-03-26T17:29:11.687 INFO:teuthology.orchestra.run.smithi105.stdout:/usr/bin/ceph: stderr
2024-03-26T17:29:06.678+0000 7f5998767700 1 --2- >> [v2:172.21.15.105:3300/0,v1:172.21.15.105:6789/0] conn(0x7f59901060f0 0x7f599019bda0 unknown :-1 s=NONE pgs=0 cs=0 l=1 rev1=0 crypto rx=0 tx=0 comp rx=0 tx=0).connect
2024-03-26T17:29:11.687 INFO:teuthology.orchestra.run.smithi105.stdout:/usr/bin/ceph: stderr
2024-03-26T17:29:06.678+0000 7f5998767700 1 -- --> [v2:172.21.15.105:3300/0,v1:172.21.15.105:6789/0] -- mon_getmap magic: 0 -- 0x7f599010c430 con 0x7f59901060f0
2024-03-26T17:29:11.687 INFO:teuthology.orchestra.run.smithi105.stdout:/usr/bin/ceph: stderr
2024-03-26T17:29:06.678+0000 7f5996503700 1 --2- >> [v2:172.21.15.105:3300/0,v1:172.21.15.105:6789/0] conn(0x7f59901060f0 0x7f599019bda0 unknown :-1 s=BANNER_CONNECTING pgs=0 cs=0 l=1 rev1=0 crypto rx=0 tx=0 comp rx=0 tx=0)._handle_peer_banner_payload supported=3 required=0
2024-03-26T17:29:11.687 INFO:teuthology.orchestra.run.smithi105.stdout:/usr/bin/ceph: stderr
2024-03-26T17:29:06.679+0000 7f5996503700 1 --2- >> [v2:172.21.15.105:3300/0,v1:172.21.15.105:6789/0] conn(0x7f59901060f0 0x7f599019bda0 unknown :-1 s=HELLO_CONNECTING pgs=0 cs=0 l=1 rev1=1 crypto rx=0 tx=0 comp rx=0 tx=0).handle_hello peer v2:172.21.15.105:3300/0 says I am v2:172.21.15.105:52946/0 (socket says 172.21.15.105:52946)
2024-03-26T17:29:11.687 INFO:teuthology.orchestra.run.smithi105.stdout:/usr/bin/ceph: stderr
2024-03-26T17:29:06.679+0000 7f5996503700 1 -- 172.21.15.105:0/517553919 learned_addr learned my addr 172.21.15.105:0/517553919 (peer_addr_for_me v2:172.21.15.105:0/0)
2024-03-26T17:29:11.687 INFO:teuthology.orchestra.run.smithi105.stdout:/usr/bin/ceph: stderr
2024-03-26T17:29:06.679+0000 7f5996503700 1 -- 172.21.15.105:0/517553919 --> [v2:172.21.15.105:3300/0,v1:172.21.15.105:6789/0] -- mon_subscribe({config=0+,monmap=0+}) -- 0x7f599019c2e0 con 0x7f59901060f0
2024-03-26T17:29:11.687 INFO:teuthology.orchestra.run.smithi105.stdout:/usr/bin/ceph: stderr
2024-03-26T17:29:06.679+0000 7f5996503700 1 --2- 172.21.15.105:0/517553919 >> [v2:172.21.15.105:3300/0,v1:172.21.15.105:6789/0] conn(0x7f59901060f0 0x7f599019bda0 secure :-1 s=READY pgs=46 cs=0 l=1 rev1=1 crypto rx=0x7f598c000c00 tx=0x7f598c004290 comp rx=0 tx=0).ready entity=mon.0 client_cookie=0 server_cookie=0 in_seq=0 out_seq=0
2024-03-26T17:29:11.687 INFO:teuthology.orchestra.run.smithi105.stdout:/usr/bin/ceph: stderr
2024-03-26T17:29:06.679+0000 7f59877fe700 1 -- 172.21.15.105:0/517553919 <== mon.0 v2:172.21.15.105:3300/0 1 ==== mon_map magic: 0 ==== 205+0+0 (secure 0 0 0) 0x7f598c0039c0 con 0x7f59901060f0
2024-03-26T17:29:11.687 INFO:teuthology.orchestra.run.smithi105.stdout:/usr/bin/ceph: stderr
2024-03-26T17:29:06.679+0000 7f59877fe700 1 -- 172.21.15.105:0/517553919 <== mon.0 v2:172.21.15.105:3300/0 2 ==== config(26 keys) ==== 1071+0+0 (secure 0 0 0) 0x7f598c003b60 con 0x7f59901060f0
2024-03-26T17:29:11.688 INFO:teuthology.orchestra.run.smithi105.stdout:/usr/bin/ceph: stderr
2024-03-26T17:29:06.679+0000 7f59877fe700 1 -- 172.21.15.105:0/517553919 <== mon.0 v2:172.21.15.105:3300/0 3 ==== mon_map magic: 0 ==== 205+0+0 (secure 0 0 0) 0x7f598c01a6f0 con 0x7f59901060f0
2024-03-26T17:29:11.688 INFO:teuthology.orchestra.run.smithi105.stdout:/usr/bin/ceph: stderr
2024-03-26T17:29:06.679+0000 7f5998767700 1 -- 172.21.15.105:0/517553919 --> [v2:172.21.15.105:3300/0,v1:172.21.15.105:6789/0] -- mon_subscribe({mgrmap=0+}) -- 0x7f599019c570 con 0x7f59901060f0
2024-03-26T17:29:11.688 INFO:teuthology.orchestra.run.smithi105.stdout:/usr/bin/ceph: stderr
2024-03-26T17:29:06.679+0000 7f5998767700 1 -- 172.21.15.105:0/517553919 --> [v2:172.21.15.105:3300/0,v1:172.21.15.105:6789/0] -- mon_subscribe({osdmap=0}) -- 0x7f599019f220 con 0x7f59901060f0
2024-03-26T17:29:11.688 INFO:teuthology.orchestra.run.smithi105.stdout:/usr/bin/ceph: stderr
2024-03-26T17:29:06.680+0000 7f59877fe700 1 -- 172.21.15.105:0/517553919 <== mon.0 v2:172.21.15.105:3300/0 4 ==== mgrmap(e 8) ==== 46294+0+0 (secure 0 0 0) 0x7f598c01a890 con 0x7f59901060f0
2024-03-26T17:29:11.688 INFO:teuthology.orchestra.run.smithi105.stdout:/usr/bin/ceph: stderr
2024-03-26T17:29:06.680+0000 7f5998767700 1 -- 172.21.15.105:0/517553919 --> [v2:172.21.15.105:3300/0,v1:172.21.15.105:6789/0] -- mon_command({"prefix": "get_command_descriptions"} v 0) -- 0x7f59900639e0 con 0x7f59901060f0
2024-03-26T17:29:11.688 INFO:teuthology.orchestra.run.smithi105.stdout:/usr/bin/ceph: stderr
2024-03-26T17:29:06.680+0000 7f59877fe700 1 --2- 172.21.15.105:0/517553919 >> [v2:172.21.15.105:6800/1556474900,v1:172.21.15.105:6801/1556474900] conn(0x7f597c0391d0 0x7f597c03b690 unknown :-1 s=NONE pgs=0 cs=0 l=1 rev1=0 crypto rx=0 tx=0 comp rx=0 tx=0).connect
2024-03-26T17:29:11.688 INFO:teuthology.orchestra.run.smithi105.stdout:/usr/bin/ceph: stderr
2024-03-26T17:29:06.680+0000 7f59877fe700 1 -- 172.21.15.105:0/517553919 <== mon.0 v2:172.21.15.105:3300/0 5 ==== osd_map(2..2 src has 1..2) ==== 940+0+0 (secure 0 0 0) 0x7f598c04d590 con 0x7f59901060f0
2024-03-26T17:29:11.688 INFO:teuthology.orchestra.run.smithi105.stdout:/usr/bin/ceph: stderr
2024-03-26T17:29:06.680+0000 7f5995d02700 1 --2- 172.21.15.105:0/517553919 >> [v2:172.21.15.105:6800/1556474900,v1:172.21.15.105:6801/1556474900] conn(0x7f597c0391d0 0x7f597c03b690 unknown :-1 s=BANNER_CONNECTING pgs=0 cs=0 l=1 rev1=0 crypto rx=0 tx=0 comp rx=0 tx=0)._handle_peer_banner_payload supported=3 required=0
2024-03-26T17:29:11.688 INFO:teuthology.orchestra.run.smithi105.stdout:/usr/bin/ceph: stderr
2024-03-26T17:29:06.680+0000 7f5995d02700 1 --2- 172.21.15.105:0/517553919 >> [v2:172.21.15.105:6800/1556474900,v1:172.21.15.105:6801/1556474900] conn(0x7f597c0391d0 0x7f597c03b690 secure :-1 s=READY pgs=11 cs=0 l=1 rev1=1 crypto rx=0x7f5980006fd0 tx=0x7f5980006e40 comp rx=0 tx=0).ready entity=mgr.14120 client_cookie=0 server_cookie=0 in_seq=0 out_seq=0
2024-03-26T17:29:11.688 INFO:teuthology.orchestra.run.smithi105.stdout:/usr/bin/ceph: stderr
2024-03-26T17:29:06.685+0000 7f59877fe700 1 -- 172.21.15.105:0/517553919 <== mon.0 v2:172.21.15.105:3300/0 6 ==== mon_command_ack([{"prefix": "get_command_descriptions"}]=0 v0) ==== 72+0+186149 (secure 0 0 0) 0x7f598c02d910 con 0x7f59901060f0
2024-03-26T17:29:11.688 INFO:teuthology.orchestra.run.smithi105.stdout:/usr/bin/ceph: stderr
2024-03-26T17:29:06.881+0000 7f5998767700 1 -- 172.21.15.105:0/517553919 --> [v2:172.21.15.105:6800/1556474900,v1:172.21.15.105:6801/1556474900] -- mgr_command(tid 0: {"prefix": "orch host add", "hostname": "smithi105", "addr": "172.21.15.105", "target": ["mon-mgr", ""]}) -- 0x7f5990102c70 con 0x7f597c0391d0
2024-03-26T17:29:11.688 INFO:teuthology.orchestra.run.smithi105.stdout:/usr/bin/ceph: stderr
2024-03-26T17:29:11.131+0000 7f59877fe700 1 -- 172.21.15.105:0/517553919 <== mgr.14120 v2:172.21.15.105:6800/1556474900 1 ==== mgr_command_reply(tid 0: 0 ) ==== 8+0+49 (secure 0 0 0) 0x7f5990102c70 con 0x7f597c0391d0
2024-03-26T17:29:11.688 INFO:teuthology.orchestra.run.smithi105.stdout:/usr/bin/ceph: stderr
2024-03-26T17:29:11.134+0000 7f5998767700 1 -- 172.21.15.105:0/517553919 >> [v2:172.21.15.105:6800/1556474900,v1:172.21.15.105:6801/1556474900] conn(0x7f597c0391d0 msgr2=0x7f597c03b690 secure :-1 s=STATE_CONNECTION_ESTABLISHED l=1).mark_down
2024-03-26T17:29:11.688 INFO:teuthology.orchestra.run.smithi105.stdout:/usr/bin/ceph: stderr
2024-03-26T17:29:11.134+0000 7f5998767700 1 --2- 172.21.15.105:0/517553919 >> [v2:172.21.15.105:6800/1556474900,v1:172.21.15.105:6801/1556474900] conn(0x7f597c0391d0 0x7f597c03b690 secure :-1 s=READY pgs=11 cs=0 l=1 rev1=1 crypto rx=0x7f5980006fd0 tx=0x7f5980006e40 comp rx=0 tx=0).stop
2024-03-26T17:29:11.689 INFO:teuthology.orchestra.run.smithi105.stdout:/usr/bin/ceph: stderr
2024-03-26T17:29:11.134+0000 7f5998767700 1 -- 172.21.15.105:0/517553919 >> [v2:172.21.15.105:3300/0,v1:172.21.15.105:6789/0] conn(0x7f59901060f0 msgr2=0x7f599019bda0 secure :-1 s=STATE_CONNECTION_ESTABLISHED l=1).mark_down
2024-03-26T17:29:11.689 INFO:teuthology.orchestra.run.smithi105.stdout:/usr/bin/ceph: stderr
2024-03-26T17:29:11.134+0000 7f5998767700 1 --2- 172.21.15.105:0/517553919 >> [v2:172.21.15.105:3300/0,v1:172.21.15.105:6789/0] conn(0x7f59901060f0 0x7f599019bda0 secure :-1 s=READY pgs=46 cs=0 l=1 rev1=1 crypto rx=0x7f598c000c00 tx=0x7f598c004290 comp rx=0 tx=0).stop
2024-03-26T17:29:11.689 INFO:teuthology.orchestra.run.smithi105.stdout:/usr/bin/ceph: stderr
2024-03-26T17:29:11.134+0000 7f5998767700 1 -- 172.21.15.105:0/517553919 shutdown_connections
2024-03-26T17:29:11.689 INFO:teuthology.orchestra.run.smithi105.stdout:/usr/bin/ceph: stderr
2024-03-26T17:29:11.134+0000 7f5998767700 1 --2- 172.21.15.105:0/517553919 >> [v2:172.21.15.105:6800/1556474900,v1:172.21.15.105:6801/1556474900] conn(0x7f597c0391d0 0x7f597c03b690 unknown :-1 s=CLOSED pgs=11 cs=0 l=1 rev1=1 crypto rx=0 tx=0 comp rx=0 tx=0).stop
2024-03-26T17:29:11.689 INFO:teuthology.orchestra.run.smithi105.stdout:/usr/bin/ceph: stderr
2024-03-26T17:29:11.134+0000 7f5998767700 1 --2- 172.21.15.105:0/517553919 >> [v2:172.21.15.105:3300/0,v1:172.21.15.105:6789/0] conn(0x7f59901060f0 0x7f599019bda0 unknown :-1 s=CLOSED pgs=46 cs=0 l=1 rev1=1 crypto rx=0 tx=0 comp rx=0 tx=0).stop
2024-03-26T17:29:11.689 INFO:teuthology.orchestra.run.smithi105.stdout:/usr/bin/ceph: stderr
2024-03-26T17:29:11.134+0000 7f5998767700 1 -- 172.21.15.105:0/517553919 >> 172.21.15.105:0/517553919 conn(0x7f5990101a40 msgr2=0x7f5990102560 unknown :-1 s=STATE_NONE l=0).mark_down
2024-03-26T17:29:11.689 INFO:teuthology.orchestra.run.smithi105.stdout:/usr/bin/ceph: stderr
2024-03-26T17:29:11.134+0000 7f5998767700 1 -- 172.21.15.105:0/517553919 shutdown_connections
2024-03-26T17:29:11.689 INFO:teuthology.orchestra.run.smithi105.stdout:/usr/bin/ceph: stderr
2024-03-26T17:29:11.134+0000 7f5998767700 1 -- 172.21.15.105:0/517553919 wait complete.
2024-03-26T17:29:11.689 INFO:teuthology.orchestra.run.smithi105.stdout:Deploying unmanaged mon service...
2024-03-26T17:29:12.232 INFO:journalctl@ceph.mon.a.smithi105.stdout:Mar 26 17:29:12 smithi105 ceph-mon[32280]: from='mgr.14120 172.21.15.105:0/3491571833' entity='mgr.x'
2024-03-26T17:29:12.233 INFO:journalctl@ceph.mon.a.smithi105.stdout:Mar 26 17:29:12 smithi105 ceph-mon[32280]: Added host smithi105
2024-03-26T17:29:12.233 INFO:journalctl@ceph.mon.a.smithi105.stdout:Mar 26 17:29:12 smithi105 ceph-mon[32280]: from='mgr.14120 172.21.15.105:0/3491571833' entity='mgr.x' cmd=[{"prefix": "config dump", "format": "json"}]: dispatch
2024-03-26T17:29:12.971 INFO:teuthology.orchestra.run.smithi105.stdout:/usr/bin/ceph: stdout Scheduled mon update...
2024-03-26T17:29:12.971 INFO:teuthology.orchestra.run.smithi105.stdout:/usr/bin/ceph: stderr
2024-03-26T17:29:12.196+0000 7fa12168b700 1 Processor -- start
2024-03-26T17:29:12.971 INFO:teuthology.orchestra.run.smithi105.stdout:/usr/bin/ceph: stderr
2024-03-26T17:29:12.196+0000 7fa12168b700 1 -- start start
2024-03-26T17:29:12.971 INFO:teuthology.orchestra.run.smithi105.stdout:/usr/bin/ceph: stderr
2024-03-26T17:29:12.196+0000 7fa12168b700 1 --2- >> [v2:172.21.15.105:3300/0,v1:172.21.15.105:6789/0] conn(0x7fa11c107e10 0x7fa11c108230 unknown :-1 s=NONE pgs=0 cs=0 l=0 rev1=0 crypto rx=0 tx=0 comp rx=0 tx=0).connect
2024-03-26T17:29:12.971 INFO:teuthology.orchestra.run.smithi105.stdout:/usr/bin/ceph: stderr
2024-03-26T17:29:12.196+0000 7fa12168b700 1 -- --> [v2:172.21.15.105:3300/0,v1:172.21.15.105:6789/0] -- mon_getmap magic: 0 -- 0x7fa11c108770 con 0x7fa11c107e10
2024-03-26T17:29:12.971 INFO:teuthology.orchestra.run.smithi105.stdout:/usr/bin/ceph: stderr
2024-03-26T17:29:12.196+0000 7fa11affd700 1 --2- >> [v2:172.21.15.105:3300/0,v1:172.21.15.105:6789/0] conn(0x7fa11c107e10 0x7fa11c108230 unknown :-1 s=BANNER_CONNECTING pgs=0 cs=0 l=0 rev1=0 crypto rx=0 tx=0 comp rx=0 tx=0)._handle_peer_banner_payload supported=3 required=0
2024-03-26T17:29:12.971 INFO:teuthology.orchestra.run.smithi105.stdout:/usr/bin/ceph: stderr
2024-03-26T17:29:12.196+0000 7fa11affd700 1 --2- >> [v2:172.21.15.105:3300/0,v1:172.21.15.105:6789/0] conn(0x7fa11c107e10 0x7fa11c108230 unknown :-1 s=HELLO_CONNECTING pgs=0 cs=0 l=0 rev1=1 crypto rx=0 tx=0 comp rx=0 tx=0).handle_hello peer v2:172.21.15.105:3300/0 says I am v2:172.21.15.105:52956/0 (socket says 172.21.15.105:52956)
2024-03-26T17:29:12.972 INFO:teuthology.orchestra.run.smithi105.stdout:/usr/bin/ceph: stderr
2024-03-26T17:29:12.196+0000 7fa11affd700 1 -- 172.21.15.105:0/1162765306 learned_addr learned my addr 172.21.15.105:0/1162765306 (peer_addr_for_me v2:172.21.15.105:0/0)
2024-03-26T17:29:12.972 INFO:teuthology.orchestra.run.smithi105.stdout:/usr/bin/ceph: stderr
2024-03-26T17:29:12.196+0000 7fa11affd700 1 -- 172.21.15.105:0/1162765306 --> [v2:172.21.15.105:3300/0,v1:172.21.15.105:6789/0] -- mon_subscribe({config=0+,monmap=0+}) -- 0x7fa11c108f70 con 0x7fa11c107e10
2024-03-26T17:29:12.972 INFO:teuthology.orchestra.run.smithi105.stdout:/usr/bin/ceph: stderr
