2024-03-26T17:28:55.444+0000 7f699ffff700 1 --2- 172.21.15.105:0/1585400896 >> [v2:172.21.15.105:6800/3642413152,v1:172.21.15.105:6801/3642413152] conn(0x7f6990039180 0x7f699003b640 unknown :-1 s=START_CONNECT pgs=0 cs=0 l=1 rev1=0 crypto rx=0 tx=0 comp rx=0 tx=0)._fault waiting 0.200000
2024-03-26T17:29:01.411 INFO:teuthology.orchestra.run.smithi105.stdout:/usr/bin/ceph: stderr
2024-03-26T17:28:55.645+0000 7f699ffff700 1 -- 172.21.15.105:0/1585400896 >> [v2:172.21.15.105:6800/3642413152,v1:172.21.15.105:6801/3642413152] conn(0x7f6990039180 msgr2=0x7f699003b640 unknown :-1 s=STATE_CONNECTING_RE l=1).process reconnect failed to v2:172.21.15.105:6800/3642413152
2024-03-26T17:29:01.412 INFO:teuthology.orchestra.run.smithi105.stdout:/usr/bin/ceph: stderr
2024-03-26T17:28:55.645+0000 7f699ffff700 1 --2- 172.21.15.105:0/1585400896 >> [v2:172.21.15.105:6800/3642413152,v1:172.21.15.105:6801/3642413152] conn(0x7f6990039180 0x7f699003b640 unknown :-1 s=START_CONNECT pgs=0 cs=0 l=1 rev1=0 crypto rx=0 tx=0 comp rx=0 tx=0)._fault waiting 0.400000
2024-03-26T17:29:01.412 INFO:teuthology.orchestra.run.smithi105.stdout:/usr/bin/ceph: stderr
2024-03-26T17:28:56.046+0000 7f699ffff700 1 -- 172.21.15.105:0/1585400896 >> [v2:172.21.15.105:6800/3642413152,v1:172.21.15.105:6801/3642413152] conn(0x7f6990039180 msgr2=0x7f699003b640 unknown :-1 s=STATE_CONNECTING_RE l=1).process reconnect failed to v2:172.21.15.105:6800/3642413152
2024-03-26T17:29:01.412 INFO:teuthology.orchestra.run.smithi105.stdout:/usr/bin/ceph: stderr
2024-03-26T17:28:56.046+0000 7f699ffff700 1 --2- 172.21.15.105:0/1585400896 >> [v2:172.21.15.105:6800/3642413152,v1:172.21.15.105:6801/3642413152] conn(0x7f6990039180 0x7f699003b640 unknown :-1 s=START_CONNECT pgs=0 cs=0 l=1 rev1=0 crypto rx=0 tx=0 comp rx=0 tx=0)._fault waiting 0.800000
2024-03-26T17:29:01.412 INFO:teuthology.orchestra.run.smithi105.stdout:/usr/bin/ceph: stderr
2024-03-26T17:28:56.847+0000 7f699ffff700 1 -- 172.21.15.105:0/1585400896 >> [v2:172.21.15.105:6800/3642413152,v1:172.21.15.105:6801/3642413152] conn(0x7f6990039180 msgr2=0x7f699003b640 unknown :-1 s=STATE_CONNECTING_RE l=1).process reconnect failed to v2:172.21.15.105:6800/3642413152
2024-03-26T17:29:01.412 INFO:teuthology.orchestra.run.smithi105.stdout:/usr/bin/ceph: stderr
2024-03-26T17:28:56.847+0000 7f699ffff700 1 --2- 172.21.15.105:0/1585400896 >> [v2:172.21.15.105:6800/3642413152,v1:172.21.15.105:6801/3642413152] conn(0x7f6990039180 0x7f699003b640 unknown :-1 s=START_CONNECT pgs=0 cs=0 l=1 rev1=0 crypto rx=0 tx=0 comp rx=0 tx=0)._fault waiting 1.600000
2024-03-26T17:29:01.412 INFO:teuthology.orchestra.run.smithi105.stdout:/usr/bin/ceph: stderr
2024-03-26T17:28:58.448+0000 7f699ffff700 1 -- 172.21.15.105:0/1585400896 >> [v2:172.21.15.105:6800/3642413152,v1:172.21.15.105:6801/3642413152] conn(0x7f6990039180 msgr2=0x7f699003b640 unknown :-1 s=STATE_CONNECTING_RE l=1).process reconnect failed to v2:172.21.15.105:6800/3642413152
2024-03-26T17:29:01.412 INFO:teuthology.orchestra.run.smithi105.stdout:/usr/bin/ceph: stderr
2024-03-26T17:28:58.448+0000 7f699ffff700 1 --2- 172.21.15.105:0/1585400896 >> [v2:172.21.15.105:6800/3642413152,v1:172.21.15.105:6801/3642413152] conn(0x7f6990039180 0x7f699003b640 unknown :-1 s=START_CONNECT pgs=0 cs=0 l=1 rev1=0 crypto rx=0 tx=0 comp rx=0 tx=0)._fault waiting 3.200000
2024-03-26T17:29:01.412 INFO:teuthology.orchestra.run.smithi105.stdout:/usr/bin/ceph: stderr
2024-03-26T17:28:59.819+0000 7f699dffb700 1 -- 172.21.15.105:0/1585400896 <== mon.0 v2:172.21.15.105:3300/0 6 ==== mgrmap(e 6) ==== 46061+0+0 (secure 0 0 0) 0x7f699402da50 con 0x7f69a01060e0
2024-03-26T17:29:01.412 INFO:teuthology.orchestra.run.smithi105.stdout:/usr/bin/ceph: stderr
2024-03-26T17:28:59.819+0000 7f699dffb700 1 -- 172.21.15.105:0/1585400896 >> [v2:172.21.15.105:6800/3642413152,v1:172.21.15.105:6801/3642413152] conn(0x7f6990039180 msgr2=0x7f699003b640 unknown :-1 s=STATE_CONNECTING l=1).mark_down
2024-03-26T17:29:01.412 INFO:teuthology.orchestra.run.smithi105.stdout:/usr/bin/ceph: stderr
2024-03-26T17:28:59.819+0000 7f699dffb700 1 --2- 172.21.15.105:0/1585400896 >> [v2:172.21.15.105:6800/3642413152,v1:172.21.15.105:6801/3642413152] conn(0x7f6990039180 0x7f699003b640 unknown :-1 s=START_CONNECT pgs=0 cs=0 l=1 rev1=0 crypto rx=0 tx=0 comp rx=0 tx=0).stop
2024-03-26T17:29:01.413 INFO:teuthology.orchestra.run.smithi105.stdout:/usr/bin/ceph: stderr
2024-03-26T17:29:00.822+0000 7f699dffb700 1 -- 172.21.15.105:0/1585400896 <== mon.0 v2:172.21.15.105:3300/0 7 ==== mgrmap(e 7) ==== 46188+0+0 (secure 0 0 0) 0x7f699404f220 con 0x7f69a01060e0
2024-03-26T17:29:01.413 INFO:teuthology.orchestra.run.smithi105.stdout:/usr/bin/ceph: stderr
2024-03-26T17:29:00.823+0000 7f699dffb700 1 --2- 172.21.15.105:0/1585400896 >> [v2:172.21.15.105:6800/1556474900,v1:172.21.15.105:6801/1556474900] conn(0x7f699003c880 0x7f699003ec70 unknown :-1 s=NONE pgs=0 cs=0 l=1 rev1=0 crypto rx=0 tx=0 comp rx=0 tx=0).connect
2024-03-26T17:29:01.413 INFO:teuthology.orchestra.run.smithi105.stdout:/usr/bin/ceph: stderr
2024-03-26T17:29:00.823+0000 7f699dffb700 1 -- 172.21.15.105:0/1585400896 --> [v2:172.21.15.105:6800/1556474900,v1:172.21.15.105:6801/1556474900] -- command(tid 0: {"prefix": "get_command_descriptions"}) -- 0x7f69a00639e0 con 0x7f699003c880
2024-03-26T17:29:01.413 INFO:teuthology.orchestra.run.smithi105.stdout:/usr/bin/ceph: stderr
2024-03-26T17:29:00.823+0000 7f699ffff700 1 --2- 172.21.15.105:0/1585400896 >> [v2:172.21.15.105:6800/1556474900,v1:172.21.15.105:6801/1556474900] conn(0x7f699003c880 0x7f699003ec70 unknown :-1 s=BANNER_CONNECTING pgs=0 cs=0 l=1 rev1=0 crypto rx=0 tx=0 comp rx=0 tx=0)._handle_peer_banner_payload supported=3 required=0
2024-03-26T17:29:01.413 INFO:teuthology.orchestra.run.smithi105.stdout:/usr/bin/ceph: stderr
2024-03-26T17:29:00.824+0000 7f699ffff700 1 --2- 172.21.15.105:0/1585400896 >> [v2:172.21.15.105:6800/1556474900,v1:172.21.15.105:6801/1556474900] conn(0x7f699003c880 0x7f699003ec70 secure :-1 s=READY pgs=2 cs=0 l=1 rev1=1 crypto rx=0x7f698c003a10 tx=0x7f698c0092b0 comp rx=0 tx=0).ready entity=mgr.14120 client_cookie=0 server_cookie=0 in_seq=0 out_seq=0
2024-03-26T17:29:01.413 INFO:teuthology.orchestra.run.smithi105.stdout:/usr/bin/ceph: stderr
2024-03-26T17:29:00.824+0000 7f699dffb700 1 -- 172.21.15.105:0/1585400896 <== mgr.14120 v2:172.21.15.105:6800/1556474900 1 ==== command_reply(tid 0: 0 ) ==== 8+0+7774 (secure 0 0 0) 0x7f69a00639e0 con 0x7f699003c880
2024-03-26T17:29:01.413 INFO:teuthology.orchestra.run.smithi105.stdout:/usr/bin/ceph: stderr
2024-03-26T17:29:00.831+0000 7f69a71b4700 1 -- 172.21.15.105:0/1585400896 --> [v2:172.21.15.105:6800/1556474900,v1:172.21.15.105:6801/1556474900] -- command(tid 1: {"prefix": "mgr_status"}) -- 0x7f69a0102cf0 con 0x7f699003c880
2024-03-26T17:29:01.413 INFO:teuthology.orchestra.run.smithi105.stdout:/usr/bin/ceph: stderr
2024-03-26T17:29:00.831+0000 7f699dffb700 1 -- 172.21.15.105:0/1585400896 <== mgr.14120 v2:172.21.15.105:6800/1556474900 2 ==== command_reply(tid 1: 0 ) ==== 8+0+51 (secure 0 0 0) 0x7f69a0102cf0 con 0x7f699003c880
2024-03-26T17:29:01.413 INFO:teuthology.orchestra.run.smithi105.stdout:/usr/bin/ceph: stderr
2024-03-26T17:29:00.831+0000 7f69a71b4700 1 -- 172.21.15.105:0/1585400896 >> [v2:172.21.15.105:6800/1556474900,v1:172.21.15.105:6801/1556474900] conn(0x7f699003c880 msgr2=0x7f699003ec70 secure :-1 s=STATE_CONNECTION_ESTABLISHED l=1).mark_down
2024-03-26T17:29:01.413 INFO:teuthology.orchestra.run.smithi105.stdout:/usr/bin/ceph: stderr
2024-03-26T17:29:00.831+0000 7f69a71b4700 1 --2- 172.21.15.105:0/1585400896 >> [v2:172.21.15.105:6800/1556474900,v1:172.21.15.105:6801/1556474900] conn(0x7f699003c880 0x7f699003ec70 secure :-1 s=READY pgs=2 cs=0 l=1 rev1=1 crypto rx=0x7f698c003a10 tx=0x7f698c0092b0 comp rx=0 tx=0).stop
2024-03-26T17:29:01.413 INFO:teuthology.orchestra.run.smithi105.stdout:/usr/bin/ceph: stderr
2024-03-26T17:29:00.831+0000 7f69a71b4700 1 -- 172.21.15.105:0/1585400896 >> [v2:172.21.15.105:3300/0,v1:172.21.15.105:6789/0] conn(0x7f69a01060e0 msgr2=0x7f69a019bdb0 secure :-1 s=STATE_CONNECTION_ESTABLISHED l=1).mark_down
2024-03-26T17:29:01.413 INFO:teuthology.orchestra.run.smithi105.stdout:/usr/bin/ceph: stderr
2024-03-26T17:29:00.831+0000 7f69a71b4700 1 --2- 172.21.15.105:0/1585400896 >> [v2:172.21.15.105:3300/0,v1:172.21.15.105:6789/0] conn(0x7f69a01060e0 0x7f69a019bdb0 secure :-1 s=READY pgs=29 cs=0 l=1 rev1=1 crypto rx=0x7f6994006af0 tx=0x7f6994011b70 comp rx=0 tx=0).stop
2024-03-26T17:29:01.413 INFO:teuthology.orchestra.run.smithi105.stdout:/usr/bin/ceph: stderr
2024-03-26T17:29:00.831+0000 7f69a71b4700 1 -- 172.21.15.105:0/1585400896 shutdown_connections
2024-03-26T17:29:01.414 INFO:teuthology.orchestra.run.smithi105.stdout:/usr/bin/ceph: stderr
2024-03-26T17:29:00.831+0000 7f69a71b4700 1 --2- 172.21.15.105:0/1585400896 >> [v2:172.21.15.105:6800/1556474900,v1:172.21.15.105:6801/1556474900] conn(0x7f699003c880 0x7f699003ec70 unknown :-1 s=CLOSED pgs=2 cs=0 l=1 rev1=1 crypto rx=0 tx=0 comp rx=0 tx=0).stop
2024-03-26T17:29:01.414 INFO:teuthology.orchestra.run.smithi105.stdout:/usr/bin/ceph: stderr
2024-03-26T17:29:00.831+0000 7f69a71b4700 1 --2- 172.21.15.105:0/1585400896 >> [v2:172.21.15.105:3300/0,v1:172.21.15.105:6789/0] conn(0x7f69a01060e0 0x7f69a019bdb0 unknown :-1 s=CLOSED pgs=29 cs=0 l=1 rev1=1 crypto rx=0 tx=0 comp rx=0 tx=0).stop
2024-03-26T17:29:01.414 INFO:teuthology.orchestra.run.smithi105.stdout:/usr/bin/ceph: stderr
2024-03-26T17:29:00.831+0000 7f69a71b4700 1 --2- 172.21.15.105:0/1585400896 >> [v2:172.21.15.105:6800/3642413152,v1:172.21.15.105:6801/3642413152] conn(0x7f6990039180 0x7f699003b640 unknown :-1 s=CLOSED pgs=0 cs=0 l=1 rev1=0 crypto rx=0 tx=0 comp rx=0 tx=0).stop
2024-03-26T17:29:01.414 INFO:teuthology.orchestra.run.smithi105.stdout:/usr/bin/ceph: stderr
2024-03-26T17:29:00.831+0000 7f69a71b4700 1 -- 172.21.15.105:0/1585400896 >> 172.21.15.105:0/1585400896 conn(0x7f69a0101a50 msgr2=0x7f69a01025e0 unknown :-1 s=STATE_NONE l=0).mark_down
2024-03-26T17:29:01.414 INFO:teuthology.orchestra.run.smithi105.stdout:/usr/bin/ceph: stderr
2024-03-26T17:29:00.831+0000 7f69a71b4700 1 -- 172.21.15.105:0/1585400896 shutdown_connections
2024-03-26T17:29:01.414 INFO:teuthology.orchestra.run.smithi105.stdout:/usr/bin/ceph: stderr
2024-03-26T17:29:00.831+0000 7f69a71b4700 1 -- 172.21.15.105:0/1585400896 wait complete.
2024-03-26T17:29:01.414 INFO:teuthology.orchestra.run.smithi105.stdout:mgr epoch 5 is available
2024-03-26T17:29:01.414 INFO:teuthology.orchestra.run.smithi105.stdout:Setting orchestrator backend to cephadm...
2024-03-26T17:29:02.089 INFO:journalctl@ceph.mon.a.smithi105.stdout:Mar 26 17:29:01 smithi105 ceph-mon[32280]: from='client.14124 -' entity='client.admin' cmd=[{"prefix": "get_command_descriptions"}]: dispatch
2024-03-26T17:29:02.089 INFO:journalctl@ceph.mon.a.smithi105.stdout:Mar 26 17:29:01 smithi105 ceph-mon[32280]: from='client.14124 -' entity='client.admin' cmd=[{"prefix": "mgr_status"}]: dispatch
2024-03-26T17:29:02.089 INFO:journalctl@ceph.mon.a.smithi105.stdout:Mar 26 17:29:01 smithi105 ceph-mon[32280]: from='mgr.14120 172.21.15.105:0/3491571833' entity='mgr.x' cmd=[{"prefix": "config dump", "format": "json"}]: dispatch
2024-03-26T17:29:02.549 INFO:teuthology.orchestra.run.smithi105.stdout:/usr/bin/ceph: stderr
2024-03-26T17:29:01.867+0000 7f24ce9e9700 1 Processor -- start
2024-03-26T17:29:02.550 INFO:teuthology.orchestra.run.smithi105.stdout:/usr/bin/ceph: stderr
2024-03-26T17:29:01.867+0000 7f24ce9e9700 1 -- start start
2024-03-26T17:29:02.550 INFO:teuthology.orchestra.run.smithi105.stdout:/usr/bin/ceph: stderr
2024-03-26T17:29:01.867+0000 7f24ce9e9700 1 --2- >> [v2:172.21.15.105:3300/0,v1:172.21.15.105:6789/0] conn(0x7f24c8107e10 0x7f24c8108230 unknown :-1 s=NONE pgs=0 cs=0 l=0 rev1=0 crypto rx=0 tx=0 comp rx=0 tx=0).connect
2024-03-26T17:29:02.550 INFO:teuthology.orchestra.run.smithi105.stdout:/usr/bin/ceph: stderr
2024-03-26T17:29:01.867+0000 7f24ce9e9700 1 -- --> [v2:172.21.15.105:3300/0,v1:172.21.15.105:6789/0] -- mon_getmap magic: 0 -- 0x7f24c8108770 con 0x7f24c8107e10
2024-03-26T17:29:02.550 INFO:teuthology.orchestra.run.smithi105.stdout:/usr/bin/ceph: stderr
2024-03-26T17:29:01.867+0000 7f24c7fff700 1 --2- >> [v2:172.21.15.105:3300/0,v1:172.21.15.105:6789/0] conn(0x7f24c8107e10 0x7f24c8108230 unknown :-1 s=BANNER_CONNECTING pgs=0 cs=0 l=0 rev1=0 crypto rx=0 tx=0 comp rx=0 tx=0)._handle_peer_banner_payload supported=3 required=0
2024-03-26T17:29:02.550 INFO:teuthology.orchestra.run.smithi105.stdout:/usr/bin/ceph: stderr
2024-03-26T17:29:01.867+0000 7f24c7fff700 1 --2- >> [v2:172.21.15.105:3300/0,v1:172.21.15.105:6789/0] conn(0x7f24c8107e10 0x7f24c8108230 unknown :-1 s=HELLO_CONNECTING pgs=0 cs=0 l=0 rev1=1 crypto rx=0 tx=0 comp rx=0 tx=0).handle_hello peer v2:172.21.15.105:3300/0 says I am v2:172.21.15.105:41280/0 (socket says 172.21.15.105:41280)
2024-03-26T17:29:02.550 INFO:teuthology.orchestra.run.smithi105.stdout:/usr/bin/ceph: stderr
2024-03-26T17:29:01.867+0000 7f24c7fff700 1 -- 172.21.15.105:0/2569078437 learned_addr learned my addr 172.21.15.105:0/2569078437 (peer_addr_for_me v2:172.21.15.105:0/0)
2024-03-26T17:29:02.550 INFO:teuthology.orchestra.run.smithi105.stdout:/usr/bin/ceph: stderr
2024-03-26T17:29:01.868+0000 7f24c7fff700 1 -- 172.21.15.105:0/2569078437 --> [v2:172.21.15.105:3300/0,v1:172.21.15.105:6789/0] -- mon_subscribe({config=0+,monmap=0+}) -- 0x7f24c8108f70 con 0x7f24c8107e10
2024-03-26T17:29:02.550 INFO:teuthology.orchestra.run.smithi105.stdout:/usr/bin/ceph: stderr
2024-03-26T17:29:01.868+0000 7f24c7fff700 1 --2- 172.21.15.105:0/2569078437 >> [v2:172.21.15.105:3300/0,v1:172.21.15.105:6789/0] conn(0x7f24c8107e10 0x7f24c8108230 secure :-1 s=READY pgs=37 cs=0 l=1 rev1=1 crypto rx=0x7f24b80098a0 tx=0x7f24b8009bb0 comp rx=0 tx=0).ready entity=mon.0 client_cookie=5a23636b2a1c22a2 server_cookie=0 in_seq=0 out_seq=0
2024-03-26T17:29:02.550 INFO:teuthology.orchestra.run.smithi105.stdout:/usr/bin/ceph: stderr
2024-03-26T17:29:01.868+0000 7f24c6ffd700 1 -- 172.21.15.105:0/2569078437 <== mon.0 v2:172.21.15.105:3300/0 1 ==== mon_map magic: 0 ==== 205+0+0 (secure 0 0 0) 0x7f24b8004160 con 0x7f24c8107e10
2024-03-26T17:29:02.550 INFO:teuthology.orchestra.run.smithi105.stdout:/usr/bin/ceph: stderr
2024-03-26T17:29:01.868+0000 7f24c6ffd700 1 -- 172.21.15.105:0/2569078437 <== mon.0 v2:172.21.15.105:3300/0 2 ==== config(26 keys) ==== 1071+0+0 (secure 0 0 0) 0x7f24b8004300 con 0x7f24c8107e10
2024-03-26T17:29:02.550 INFO:teuthology.orchestra.run.smithi105.stdout:/usr/bin/ceph: stderr
2024-03-26T17:29:01.868+0000 7f24c6ffd700 1 -- 172.21.15.105:0/2569078437 <== mon.0 v2:172.21.15.105:3300/0 3 ==== mon_map magic: 0 ==== 205+0+0 (secure 0 0 0) 0x7f24b8011a80 con 0x7f24c8107e10
2024-03-26T17:29:02.550 INFO:teuthology.orchestra.run.smithi105.stdout:/usr/bin/ceph: stderr
2024-03-26T17:29:01.868+0000 7f24ce9e9700 1 -- 172.21.15.105:0/2569078437 >> [v2:172.21.15.105:3300/0,v1:172.21.15.105:6789/0] conn(0x7f24c8107e10 msgr2=0x7f24c8108230 secure :-1 s=STATE_CONNECTION_ESTABLISHED l=1).mark_down
2024-03-26T17:29:02.550 INFO:teuthology.orchestra.run.smithi105.stdout:/usr/bin/ceph: stderr
2024-03-26T17:29:01.868+0000 7f24ce9e9700 1 --2- 172.21.15.105:0/2569078437 >> [v2:172.21.15.105:3300/0,v1:172.21.15.105:6789/0] conn(0x7f24c8107e10 0x7f24c8108230 secure :-1 s=READY pgs=37 cs=0 l=1 rev1=1 crypto rx=0x7f24b80098a0 tx=0x7f24b8009bb0 comp rx=0 tx=0).stop
2024-03-26T17:29:02.551 INFO:teuthology.orchestra.run.smithi105.stdout:/usr/bin/ceph: stderr
2024-03-26T17:29:01.868+0000 7f24ce9e9700 1 -- 172.21.15.105:0/2569078437 shutdown_connections
2024-03-26T17:29:02.551 INFO:teuthology.orchestra.run.smithi105.stdout:/usr/bin/ceph: stderr
2024-03-26T17:29:01.868+0000 7f24ce9e9700 1 --2- 172.21.15.105:0/2569078437 >> [v2:172.21.15.105:3300/0,v1:172.21.15.105:6789/0] conn(0x7f24c8107e10 0x7f24c8108230 unknown :-1 s=CLOSED pgs=37 cs=0 l=1 rev1=1 crypto rx=0 tx=0 comp rx=0 tx=0).stop
2024-03-26T17:29:02.551 INFO:teuthology.orchestra.run.smithi105.stdout:/usr/bin/ceph: stderr
2024-03-26T17:29:01.868+0000 7f24ce9e9700 1 -- 172.21.15.105:0/2569078437 >> 172.21.15.105:0/2569078437 conn(0x7f24c81033b0 msgr2=0x7f24c81057f0 unknown :-1 s=STATE_NONE l=0).mark_down
2024-03-26T17:29:02.551 INFO:teuthology.orchestra.run.smithi105.stdout:/usr/bin/ceph: stderr
2024-03-26T17:29:01.868+0000 7f24ce9e9700 1 -- 172.21.15.105:0/2569078437 shutdown_connections
2024-03-26T17:29:02.551 INFO:teuthology.orchestra.run.smithi105.stdout:/usr/bin/ceph: stderr
2024-03-26T17:29:01.868+0000 7f24ce9e9700 1 -- 172.21.15.105:0/2569078437 wait complete.
2024-03-26T17:29:02.551 INFO:teuthology.orchestra.run.smithi105.stdout:/usr/bin/ceph: stderr
2024-03-26T17:29:01.869+0000 7f24ce9e9700 1 Processor -- start
2024-03-26T17:29:02.551 INFO:teuthology.orchestra.run.smithi105.stdout:/usr/bin/ceph: stderr
2024-03-26T17:29:01.869+0000 7f24ce9e9700 1 -- start start
2024-03-26T17:29:02.551 INFO:teuthology.orchestra.run.smithi105.stdout:/usr/bin/ceph: stderr
2024-03-26T17:29:01.869+0000 7f24ce9e9700 1 --2- >> [v2:172.21.15.105:3300/0,v1:172.21.15.105:6789/0] conn(0x7f24c8107e10 0x7f24c819bda0 unknown :-1 s=NONE pgs=0 cs=0 l=1 rev1=0 crypto rx=0 tx=0 comp rx=0 tx=0).connect
2024-03-26T17:29:02.551 INFO:teuthology.orchestra.run.smithi105.stdout:/usr/bin/ceph: stderr
2024-03-26T17:29:01.869+0000 7f24ce9e9700 1 -- --> [v2:172.21.15.105:3300/0,v1:172.21.15.105:6789/0] -- mon_getmap magic: 0 -- 0x7f24c810c3b0 con 0x7f24c8107e10
2024-03-26T17:29:02.551 INFO:teuthology.orchestra.run.smithi105.stdout:/usr/bin/ceph: stderr
2024-03-26T17:29:01.869+0000 7f24c7fff700 1 --2- >> [v2:172.21.15.105:3300/0,v1:172.21.15.105:6789/0] conn(0x7f24c8107e10 0x7f24c819bda0 unknown :-1 s=BANNER_CONNECTING pgs=0 cs=0 l=1 rev1=0 crypto rx=0 tx=0 comp rx=0 tx=0)._handle_peer_banner_payload supported=3 required=0
2024-03-26T17:29:02.551 INFO:teuthology.orchestra.run.smithi105.stdout:/usr/bin/ceph: stderr
2024-03-26T17:29:01.869+0000 7f24c7fff700 1 --2- >> [v2:172.21.15.105:3300/0,v1:172.21.15.105:6789/0] conn(0x7f24c8107e10 0x7f24c819bda0 unknown :-1 s=HELLO_CONNECTING pgs=0 cs=0 l=1 rev1=1 crypto rx=0 tx=0 comp rx=0 tx=0).handle_hello peer v2:172.21.15.105:3300/0 says I am v2:172.21.15.105:41296/0 (socket says 172.21.15.105:41296)
2024-03-26T17:29:02.551 INFO:teuthology.orchestra.run.smithi105.stdout:/usr/bin/ceph: stderr
2024-03-26T17:29:01.869+0000 7f24c7fff700 1 -- 172.21.15.105:0/1336780078 learned_addr learned my addr 172.21.15.105:0/1336780078 (peer_addr_for_me v2:172.21.15.105:0/0)
2024-03-26T17:29:02.551 INFO:teuthology.orchestra.run.smithi105.stdout:/usr/bin/ceph: stderr
2024-03-26T17:29:01.870+0000 7f24c7fff700 1 -- 172.21.15.105:0/1336780078 --> [v2:172.21.15.105:3300/0,v1:172.21.15.105:6789/0] -- mon_subscribe({config=0+,monmap=0+}) -- 0x7f24c819c2e0 con 0x7f24c8107e10
2024-03-26T17:29:02.551 INFO:teuthology.orchestra.run.smithi105.stdout:/usr/bin/ceph: stderr
2024-03-26T17:29:01.870+0000 7f24c7fff700 1 --2- 172.21.15.105:0/1336780078 >> [v2:172.21.15.105:3300/0,v1:172.21.15.105:6789/0] conn(0x7f24c8107e10 0x7f24c819bda0 secure :-1 s=READY pgs=38 cs=0 l=1 rev1=1 crypto rx=0x7f24b8006af0 tx=0x7f24b8011b70 comp rx=0 tx=0).ready entity=mon.0 client_cookie=0 server_cookie=0 in_seq=0 out_seq=0
2024-03-26T17:29:02.552 INFO:teuthology.orchestra.run.smithi105.stdout:/usr/bin/ceph: stderr
2024-03-26T17:29:01.870+0000 7f24c57fa700 1 -- 172.21.15.105:0/1336780078 <== mon.0 v2:172.21.15.105:3300/0 1 ==== mon_map magic: 0 ==== 205+0+0 (secure 0 0 0) 0x7f24b8003930 con 0x7f24c8107e10
2024-03-26T17:29:02.552 INFO:teuthology.orchestra.run.smithi105.stdout:/usr/bin/ceph: stderr
2024-03-26T17:29:01.870+0000 7f24c57fa700 1 -- 172.21.15.105:0/1336780078 <== mon.0 v2:172.21.15.105:3300/0 2 ==== config(26 keys) ==== 1071+0+0 (secure 0 0 0) 0x7f24b8003ad0 con 0x7f24c8107e10
2024-03-26T17:29:02.552 INFO:teuthology.orchestra.run.smithi105.stdout:/usr/bin/ceph: stderr
2024-03-26T17:29:01.870+0000 7f24ce9e9700 1 -- 172.21.15.105:0/1336780078 --> [v2:172.21.15.105:3300/0,v1:172.21.15.105:6789/0] -- mon_subscribe({mgrmap=0+}) -- 0x7f24c819c570 con 0x7f24c8107e10
2024-03-26T17:29:02.552 INFO:teuthology.orchestra.run.smithi105.stdout:/usr/bin/ceph: stderr
2024-03-26T17:29:01.870+0000 7f24c57fa700 1 -- 172.21.15.105:0/1336780078 <== mon.0 v2:172.21.15.105:3300/0 3 ==== mon_map magic: 0 ==== 205+0+0 (secure 0 0 0) 0x7f24b80195e0 con 0x7f24c8107e10
2024-03-26T17:29:02.552 INFO:teuthology.orchestra.run.smithi105.stdout:/usr/bin/ceph: stderr
2024-03-26T17:29:01.870+0000 7f24ce9e9700 1 -- 172.21.15.105:0/1336780078 --> [v2:172.21.15.105:3300/0,v1:172.21.15.105:6789/0] -- mon_subscribe({osdmap=0}) -- 0x7f24c819f220 con 0x7f24c8107e10
2024-03-26T17:29:02.552 INFO:teuthology.orchestra.run.smithi105.stdout:/usr/bin/ceph: stderr
2024-03-26T17:29:01.871+0000 7f24c57fa700 1 -- 172.21.15.105:0/1336780078 <== mon.0 v2:172.21.15.105:3300/0 4 ==== mgrmap(e 7) ==== 46188+0+0 (secure 0 0 0) 0x7f24b8019890 con 0x7f24c8107e10
2024-03-26T17:29:02.552 INFO:teuthology.orchestra.run.smithi105.stdout:/usr/bin/ceph: stderr
2024-03-26T17:29:01.871+0000 7f24ce9e9700 1 -- 172.21.15.105:0/1336780078 --> [v2:172.21.15.105:3300/0,v1:172.21.15.105:6789/0] -- mon_command({"prefix": "get_command_descriptions"} v 0) -- 0x7f24c80639e0 con 0x7f24c8107e10
2024-03-26T17:29:02.552 INFO:teuthology.orchestra.run.smithi105.stdout:/usr/bin/ceph: stderr
2024-03-26T17:29:01.871+0000 7f24c57fa700 1 --2- 172.21.15.105:0/1336780078 >> [v2:172.21.15.105:6800/1556474900,v1:172.21.15.105:6801/1556474900] conn(0x7f24b0039050 0x7f24b003b510 unknown :-1 s=NONE pgs=0 cs=0 l=1 rev1=0 crypto rx=0 tx=0 comp rx=0 tx=0).connect
2024-03-26T17:29:02.552 INFO:teuthology.orchestra.run.smithi105.stdout:/usr/bin/ceph: stderr
2024-03-26T17:29:01.871+0000 7f24c57fa700 1 -- 172.21.15.105:0/1336780078 <== mon.0 v2:172.21.15.105:3300/0 5 ==== osd_map(2..2 src has 1..2) ==== 940+0+0 (secure 0 0 0) 0x7f24b804d4a0 con 0x7f24c8107e10
2024-03-26T17:29:02.552 INFO:teuthology.orchestra.run.smithi105.stdout:/usr/bin/ceph: stderr
2024-03-26T17:29:01.871+0000 7f24c77fe700 1 --2- 172.21.15.105:0/1336780078 >> [v2:172.21.15.105:6800/1556474900,v1:172.21.15.105:6801/1556474900] conn(0x7f24b0039050 0x7f24b003b510 unknown :-1 s=BANNER_CONNECTING pgs=0 cs=0 l=1 rev1=0 crypto rx=0 tx=0 comp rx=0 tx=0)._handle_peer_banner_payload supported=3 required=0
2024-03-26T17:29:02.552 INFO:teuthology.orchestra.run.smithi105.stdout:/usr/bin/ceph: stderr
2024-03-26T17:29:01.871+0000 7f24c77fe700 1 --2- 172.21.15.105:0/1336780078 >> [v2:172.21.15.105:6800/1556474900,v1:172.21.15.105:6801/1556474900] conn(0x7f24b0039050 0x7f24b003b510 secure :-1 s=READY pgs=7 cs=0 l=1 rev1=1 crypto rx=0x7f24bc006fd0 tx=0x7f24bc006e40 comp rx=0 tx=0).ready entity=mgr.14120 client_cookie=0 server_cookie=0 in_seq=0 out_seq=0
2024-03-26T17:29:02.552 INFO:teuthology.orchestra.run.smithi105.stdout:/usr/bin/ceph: stderr
2024-03-26T17:29:01.877+0000 7f24c57fa700 1 -- 172.21.15.105:0/1336780078 <== mon.0 v2:172.21.15.105:3300/0 6 ==== mon_command_ack([{"prefix": "get_command_descriptions"}]=0 v0) ==== 72+0+186149 (secure 0 0 0) 0x7f24b8020240 con 0x7f24c8107e10
2024-03-26T17:29:02.552 INFO:teuthology.orchestra.run.smithi105.stdout:/usr/bin/ceph: stderr
2024-03-26T17:29:01.878+0000 7f24c57fa700 1 -- 172.21.15.105:0/1336780078 <== mon.0 v2:172.21.15.105:3300/0 7 ==== mgrmap(e 8) ==== 46294+0+0 (secure 0 0 0) 0x7f24b802d960 con 0x7f24c8107e10
2024-03-26T17:29:02.552 INFO:teuthology.orchestra.run.smithi105.stdout:/usr/bin/ceph: stderr
2024-03-26T17:29:02.086+0000 7f24ce9e9700 1 -- 172.21.15.105:0/1336780078 --> [v2:172.21.15.105:6800/1556474900,v1:172.21.15.105:6801/1556474900] -- mgr_command(tid 0: {"prefix": "orch set backend", "module_name": "cephadm", "target": ["mon-mgr", ""]}) -- 0x7f24c8104580 con 0x7f24b0039050
2024-03-26T17:29:02.553 INFO:teuthology.orchestra.run.smithi105.stdout:/usr/bin/ceph: stderr
2024-03-26T17:29:02.094+0000 7f24c57fa700 1 -- 172.21.15.105:0/1336780078 <== mgr.14120 v2:172.21.15.105:6800/1556474900 1 ==== mgr_command_reply(tid 0: 0 ) ==== 8+0+0 (secure 0 0 0) 0x7f24c8104580 con 0x7f24b0039050
2024-03-26T17:29:02.553 INFO:teuthology.orchestra.run.smithi105.stdout:/usr/bin/ceph: stderr
2024-03-26T17:29:02.096+0000 7f24ce9e9700 1 -- 172.21.15.105:0/1336780078 >> [v2:172.21.15.105:6800/1556474900,v1:172.21.15.105:6801/1556474900] conn(0x7f24b0039050 msgr2=0x7f24b003b510 secure :-1 s=STATE_CONNECTION_ESTABLISHED l=1).mark_down
2024-03-26T17:29:02.553 INFO:teuthology.orchestra.run.smithi105.stdout:/usr/bin/ceph: stderr
2024-03-26T17:29:02.096+0000 7f24ce9e9700 1 --2- 172.21.15.105:0/1336780078 >> [v2:172.21.15.105:6800/1556474900,v1:172.21.15.105:6801/1556474900] conn(0x7f24b0039050 0x7f24b003b510 secure :-1 s=READY pgs=7 cs=0 l=1 rev1=1 crypto rx=0x7f24bc006fd0 tx=0x7f24bc006e40 comp rx=0 tx=0).stop
2024-03-26T17:29:02.553 INFO:teuthology.orchestra.run.smithi105.stdout:/usr/bin/ceph: stderr
2024-03-26T17:29:02.096+0000 7f24ce9e9700 1 -- 172.21.15.105:0/1336780078 >> [v2:172.21.15.105:3300/0,v1:172.21.15.105:6789/0] conn(0x7f24c8107e10 msgr2=0x7f24c819bda0 secure :-1 s=STATE_CONNECTION_ESTABLISHED l=1).mark_down
2024-03-26T17:29:02.553 INFO:teuthology.orchestra.run.smithi105.stdout:/usr/bin/ceph: stderr
2024-03-26T17:29:02.096+0000 7f24ce9e9700 1 --2- 172.21.15.105:0/1336780078 >> [v2:172.21.15.105:3300/0,v1:172.21.15.105:6789/0] conn(0x7f24c8107e10 0x7f24c819bda0 secure :-1 s=READY pgs=38 cs=0 l=1 rev1=1 crypto rx=0x7f24b8006af0 tx=0x7f24b8011b70 comp rx=0 tx=0).stop
2024-03-26T17:29:02.553 INFO:teuthology.orchestra.run.smithi105.stdout:/usr/bin/ceph: stderr
2024-03-26T17:29:02.096+0000 7f24ce9e9700 1 -- 172.21.15.105:0/1336780078 shutdown_connections
2024-03-26T17:29:02.553 INFO:teuthology.orchestra.run.smithi105.stdout:/usr/bin/ceph: stderr
2024-03-26T17:29:02.096+0000 7f24ce9e9700 1 --2- 172.21.15.105:0/1336780078 >> [v2:172.21.15.105:6800/1556474900,v1:172.21.15.105:6801/1556474900] conn(0x7f24b0039050 0x7f24b003b510 unknown :-1 s=CLOSED pgs=7 cs=0 l=1 rev1=1 crypto rx=0 tx=0 comp rx=0 tx=0).stop
2024-03-26T17:29:02.553 INFO:teuthology.orchestra.run.smithi105.stdout:/usr/bin/ceph: stderr
2024-03-26T17:29:02.096+0000 7f24ce9e9700 1 --2- 172.21.15.105:0/1336780078 >> [v2:172.21.15.105:3300/0,v1:172.21.15.105:6789/0] conn(0x7f24c8107e10 0x7f24c819bda0 unknown :-1 s=CLOSED pgs=38 cs=0 l=1 rev1=1 crypto rx=0 tx=0 comp rx=0 tx=0).stop
2024-03-26T17:29:02.553 INFO:teuthology.orchestra.run.smithi105.stdout:/usr/bin/ceph: stderr
2024-03-26T17:29:02.096+0000 7f24ce9e9700 1 -- 172.21.15.105:0/1336780078 >> 172.21.15.105:0/1336780078 conn(0x7f24c81033b0 msgr2=0x7f24c8103e70 unknown :-1 s=STATE_NONE l=0).mark_down
2024-03-26T17:29:02.553 INFO:teuthology.orchestra.run.smithi105.stdout:/usr/bin/ceph: stderr
2024-03-26T17:29:02.096+0000 7f24ce9e9700 1 -- 172.21.15.105:0/1336780078 shutdown_connections
2024-03-26T17:29:02.553 INFO:teuthology.orchestra.run.smithi105.stdout:/usr/bin/ceph: stderr
2024-03-26T17:29:02.096+0000 7f24ce9e9700 1 -- 172.21.15.105:0/1336780078 wait complete.
2024-03-26T17:29:02.951 INFO:journalctl@ceph.mon.a.smithi105.stdout:Mar 26 17:29:02 smithi105 ceph-mon[32280]: [26/Mar/2024:17:29:01] ENGINE Bus STARTING
2024-03-26T17:29:02.952 INFO:journalctl@ceph.mon.a.smithi105.stdout:Mar 26 17:29:02 smithi105 ceph-mon[32280]: [26/Mar/2024:17:29:01] ENGINE Serving on http://172.21.15.105:8765
2024-03-26T17:29:02.952 INFO:journalctl@ceph.mon.a.smithi105.stdout:Mar 26 17:29:02 smithi105 ceph-mon[32280]: [26/Mar/2024:17:29:01] ENGINE Serving on https://172.21.15.105:7150
2024-03-26T17:29:02.952 INFO:journalctl@ceph.mon.a.smithi105.stdout:Mar 26 17:29:02 smithi105 ceph-mon[32280]: [26/Mar/2024:17:29:01] ENGINE Bus STARTED
2024-03-26T17:29:02.952 INFO:journalctl@ceph.mon.a.smithi105.stdout:Mar 26 17:29:02 smithi105 ceph-mon[32280]: mgrmap e8: x(active, since 2s)
2024-03-26T17:29:02.952 INFO:journalctl@ceph.mon.a.smithi105.stdout:Mar 26 17:29:02 smithi105 ceph-mon[32280]: from='mgr.14120 172.21.15.105:0/3491571833' entity='mgr.x'
2024-03-26T17:29:02.952 INFO:journalctl@ceph.mon.a.smithi105.stdout:Mar 26 17:29:02 smithi105 ceph-mon[32280]: from='mgr.14120 172.21.15.105:0/3491571833' entity='mgr.x' cmd=[{"prefix": "config dump", "format": "json"}]: dispatch
2024-03-26T17:29:03.782 INFO:teuthology.orchestra.run.smithi105.stdout:/usr/bin/ceph: stdout value unchanged
2024-03-26T17:29:03.782 INFO:teuthology.orchestra.run.smithi105.stdout:/usr/bin/ceph: stderr
2024-03-26T17:29:02.964+0000 7fd0433cb700 1 Processor -- start
2024-03-26T17:29:03.782 INFO:teuthology.orchestra.run.smithi105.stdout:/usr/bin/ceph: stderr
2024-03-26T17:29:02.965+0000 7fd0433cb700 1 -- start start
2024-03-26T17:29:03.782 INFO:teuthology.orchestra.run.smithi105.stdout:/usr/bin/ceph: stderr
2024-03-26T17:29:02.965+0000 7fd0433cb700 1 --2- >> [v2:172.21.15.105:3300/0,v1:172.21.15.105:6789/0] conn(0x7fd03c108960 0x7fd03c10ad50 unknown :-1 s=NONE pgs=0 cs=0 l=0 rev1=0 crypto rx=0 tx=0 comp rx=0 tx=0).connect
2024-03-26T17:29:03.783 INFO:teuthology.orchestra.run.smithi105.stdout:/usr/bin/ceph: stderr
2024-03-26T17:29:02.965+0000 7fd0433cb700 1 -- --> [v2:172.21.15.105:3300/0,v1:172.21.15.105:6789/0] -- mon_getmap magic: 0 -- 0x7fd03c07bda0 con 0x7fd03c108960
2024-03-26T17:29:03.783 INFO:teuthology.orchestra.run.smithi105.stdout:/usr/bin/ceph: stderr
2024-03-26T17:29:02.965+0000 7fd041167700 1 --2- >> [v2:172.21.15.105:3300/0,v1:172.21.15.105:6789/0] conn(0x7fd03c108960 0x7fd03c10ad50 unknown :-1 s=BANNER_CONNECTING pgs=0 cs=0 l=0 rev1=0 crypto rx=0 tx=0 comp rx=0 tx=0)._handle_peer_banner_payload supported=3 required=0
2024-03-26T17:29:03.783 INFO:teuthology.orchestra.run.smithi105.stdout:/usr/bin/ceph: stderr
2024-03-26T17:29:02.965+0000 7fd041167700 1 --2- >> [v2:172.21.15.105:3300/0,v1:172.21.15.105:6789/0] conn(0x7fd03c108960 0x7fd03c10ad50 unknown :-1 s=HELLO_CONNECTING pgs=0 cs=0 l=0 rev1=1 crypto rx=0 tx=0 comp rx=0 tx=0).handle_hello peer v2:172.21.15.105:3300/0 says I am v2:172.21.15.105:41300/0 (socket says 172.21.15.105:41300)
2024-03-26T17:29:03.783 INFO:teuthology.orchestra.run.smithi105.stdout:/usr/bin/ceph: stderr
2024-03-26T17:29:02.965+0000 7fd041167700 1 -- 172.21.15.105:0/3101775725 learned_addr learned my addr 172.21.15.105:0/3101775725 (peer_addr_for_me v2:172.21.15.105:0/0)
2024-03-26T17:29:03.783 INFO:teuthology.orchestra.run.smithi105.stdout:/usr/bin/ceph: stderr
2024-03-26T17:29:02.965+0000 7fd041167700 1 -- 172.21.15.105:0/3101775725 --> [v2:172.21.15.105:3300/0,v1:172.21.15.105:6789/0] -- mon_subscribe({config=0+,monmap=0+}) -- 0x7fd03c10b290 con 0x7fd03c108960
2024-03-26T17:29:03.783 INFO:teuthology.orchestra.run.smithi105.stdout:/usr/bin/ceph: stderr
2024-03-26T17:29:02.965+0000 7fd041167700 1 --2- 172.21.15.105:0/3101775725 >> [v2:172.21.15.105:3300/0,v1:172.21.15.105:6789/0] conn(0x7fd03c108960 0x7fd03c10ad50 secure :-1 s=READY pgs=39 cs=0 l=1 rev1=1 crypto rx=0x7fd0380098a0 tx=0x7fd038009bb0 comp rx=0 tx=0).ready entity=mon.0 client_cookie=dafb14ddc8451348 server_cookie=0 in_seq=0 out_seq=0
2024-03-26T17:29:03.783 INFO:teuthology.orchestra.run.smithi105.stdout:/usr/bin/ceph: stderr
2024-03-26T17:29:02.965+0000 7fd033fff700 1 -- 172.21.15.105:0/3101775725 <== mon.0 v2:172.21.15.105:3300/0 1 ==== mon_map magic: 0 ==== 205+0+0 (secure 0 0 0) 0x7fd038004160 con 0x7fd03c108960
2024-03-26T17:29:03.783 INFO:teuthology.orchestra.run.smithi105.stdout:/usr/bin/ceph: stderr
2024-03-26T17:29:02.965+0000 7fd033fff700 1 -- 172.21.15.105:0/3101775725 <== mon.0 v2:172.21.15.105:3300/0 2 ==== config(26 keys) ==== 1071+0+0 (secure 0 0 0) 0x7fd038004300 con 0x7fd03c108960
2024-03-26T17:29:03.783 INFO:teuthology.orchestra.run.smithi105.stdout:/usr/bin/ceph: stderr
2024-03-26T17:29:02.965+0000 7fd033fff700 1 -- 172.21.15.105:0/3101775725 <== mon.0 v2:172.21.15.105:3300/0 3 ==== mon_map magic: 0 ==== 205+0+0 (secure 0 0 0) 0x7fd038011a80 con 0x7fd03c108960
2024-03-26T17:29:03.784 INFO:teuthology.orchestra.run.smithi105.stdout:/usr/bin/ceph: stderr
2024-03-26T17:29:02.966+0000 7fd0433cb700 1 -- 172.21.15.105:0/3101775725 >> [v2:172.21.15.105:3300/0,v1:172.21.15.105:6789/0] conn(0x7fd03c108960 msgr2=0x7fd03c10ad50 secure :-1 s=STATE_CONNECTION_ESTABLISHED l=1).mark_down
2024-03-26T17:29:03.784 INFO:teuthology.orchestra.run.smithi105.stdout:/usr/bin/ceph: stderr
2024-03-26T17:29:02.966+0000 7fd0433cb700 1 --2- 172.21.15.105:0/3101775725 >> [v2:172.21.15.105:3300/0,v1:172.21.15.105:6789/0] conn(0x7fd03c108960 0x7fd03c10ad50 secure :-1 s=READY pgs=39 cs=0 l=1 rev1=1 crypto rx=0x7fd0380098a0 tx=0x7fd038009bb0 comp rx=0 tx=0).stop
2024-03-26T17:29:03.784 INFO:teuthology.orchestra.run.smithi105.stdout:/usr/bin/ceph: stderr
2024-03-26T17:29:02.966+0000 7fd0433cb700 1 -- 172.21.15.105:0/3101775725 shutdown_connections
2024-03-26T17:29:03.784 INFO:teuthology.orchestra.run.smithi105.stdout:/usr/bin/ceph: stderr
2024-03-26T17:29:02.966+0000 7fd0433cb700 1 --2- 172.21.15.105:0/3101775725 >> [v2:172.21.15.105:3300/0,v1:172.21.15.105:6789/0] conn(0x7fd03c108960 0x7fd03c10ad50 unknown :-1 s=CLOSED pgs=39 cs=0 l=1 rev1=1 crypto rx=0 tx=0 comp rx=0 tx=0).stop
2024-03-26T17:29:03.784 INFO:teuthology.orchestra.run.smithi105.stdout:/usr/bin/ceph: stderr
2024-03-26T17:29:02.966+0000 7fd0433cb700 1 -- 172.21.15.105:0/3101775725 >> 172.21.15.105:0/3101775725 conn(0x7fd03c1022d0 msgr2=0x7fd03c1046f0 unknown :-1 s=STATE_NONE l=0).mark_down
2024-03-26T17:29:03.784 INFO:teuthology.orchestra.run.smithi105.stdout:/usr/bin/ceph: stderr
2024-03-26T17:29:02.966+0000 7fd0433cb700 1 -- 172.21.15.105:0/3101775725 shutdown_connections
2024-03-26T17:29:03.784 INFO:teuthology.orchestra.run.smithi105.stdout:/usr/bin/ceph: stderr
2024-03-26T17:29:02.966+0000 7fd0433cb700 1 -- 172.21.15.105:0/3101775725 wait complete.
2024-03-26T17:29:03.785 INFO:teuthology.orchestra.run.smithi105.stdout:/usr/bin/ceph: stderr
2024-03-26T17:29:02.967+0000 7fd0433cb700 1 Processor -- start
2024-03-26T17:29:03.785 INFO:teuthology.orchestra.run.smithi105.stdout:/usr/bin/ceph: stderr
2024-03-26T17:29:02.967+0000 7fd0433cb700 1 -- start start
2024-03-26T17:29:03.785 INFO:teuthology.orchestra.run.smithi105.stdout:/usr/bin/ceph: stderr
2024-03-26T17:29:02.967+0000 7fd0433cb700 1 --2- >> [v2:172.21.15.105:3300/0,v1:172.21.15.105:6789/0] conn(0x7fd03c108960 0x7fd03c19bdc0 unknown :-1 s=NONE pgs=0 cs=0 l=1 rev1=0 crypto rx=0 tx=0 comp rx=0 tx=0).connect
2024-03-26T17:29:03.785 INFO:teuthology.orchestra.run.smithi105.stdout:/usr/bin/ceph: stderr
2024-03-26T17:29:02.967+0000 7fd0433cb700 1 -- --> [v2:172.21.15.105:3300/0,v1:172.21.15.105:6789/0] -- mon_getmap magic: 0 -- 0x7fd03c10c190 con 0x7fd03c108960
2024-03-26T17:29:03.785 INFO:teuthology.orchestra.run.smithi105.stdout:/usr/bin/ceph: stderr
2024-03-26T17:29:02.967+0000 7fd041167700 1 --2- >> [v2:172.21.15.105:3300/0,v1:172.21.15.105:6789/0] conn(0x7fd03c108960 0x7fd03c19bdc0 unknown :-1 s=BANNER_CONNECTING pgs=0 cs=0 l=1 rev1=0 crypto rx=0 tx=0 comp rx=0 tx=0)._handle_peer_banner_payload supported=3 required=0
2024-03-26T17:29:03.785 INFO:teuthology.orchestra.run.smithi105.stdout:/usr/bin/ceph: stderr
2024-03-26T17:29:02.967+0000 7fd041167700 1 --2- >> [v2:172.21.15.105:3300/0,v1:172.21.15.105:6789/0] conn(0x7fd03c108960 0x7fd03c19bdc0 unknown :-1 s=HELLO_CONNECTING pgs=0 cs=0 l=1 rev1=1 crypto rx=0 tx=0 comp rx=0 tx=0).handle_hello peer v2:172.21.15.105:3300/0 says I am v2:172.21.15.105:41306/0 (socket says 172.21.15.105:41306)
2024-03-26T17:29:03.785 INFO:teuthology.orchestra.run.smithi105.stdout:/usr/bin/ceph: stderr
2024-03-26T17:29:02.967+0000 7fd041167700 1 -- 172.21.15.105:0/3717891087 learned_addr learned my addr 172.21.15.105:0/3717891087 (peer_addr_for_me v2:172.21.15.105:0/0)
2024-03-26T17:29:03.785 INFO:teuthology.orchestra.run.smithi105.stdout:/usr/bin/ceph: stderr
2024-03-26T17:29:02.967+0000 7fd041167700 1 -- 172.21.15.105:0/3717891087 --> [v2:172.21.15.105:3300/0,v1:172.21.15.105:6789/0] -- mon_subscribe({config=0+,monmap=0+}) -- 0x7fd03c19c300 con 0x7fd03c108960
2024-03-26T17:29:03.785 INFO:teuthology.orchestra.run.smithi105.stdout:/usr/bin/ceph: stderr
2024-03-26T17:29:02.967+0000 7fd041167700 1 --2- 172.21.15.105:0/3717891087 >> [v2:172.21.15.105:3300/0,v1:172.21.15.105:6789/0] conn(0x7fd03c108960 0x7fd03c19bdc0 secure :-1 s=READY pgs=40 cs=0 l=1 rev1=1 crypto rx=0x7fd038011a50 tx=0x7fd038004290 comp rx=0 tx=0).ready entity=mon.0 client_cookie=0 server_cookie=0 in_seq=0 out_seq=0
2024-03-26T17:29:03.785 INFO:teuthology.orchestra.run.smithi105.stdout:/usr/bin/ceph: stderr
2024-03-26T17:29:02.968+0000 7fd0327fc700 1 -- 172.21.15.105:0/3717891087 <== mon.0 v2:172.21.15.105:3300/0 1 ==== mon_map magic: 0 ==== 205+0+0 (secure 0 0 0) 0x7fd0380039f0 con 0x7fd03c108960
2024-03-26T17:29:03.786 INFO:teuthology.orchestra.run.smithi105.stdout:/usr/bin/ceph: stderr
2024-03-26T17:29:02.968+0000 7fd0327fc700 1 -- 172.21.15.105:0/3717891087 <== mon.0 v2:172.21.15.105:3300/0 2 ==== config(26 keys) ==== 1071+0+0 (secure 0 0 0) 0x7fd038003b90 con 0x7fd03c108960
2024-03-26T17:29:03.786 INFO:teuthology.orchestra.run.smithi105.stdout:/usr/bin/ceph: stderr
2024-03-26T17:29:02.968+0000 7fd0433cb700 1 -- 172.21.15.105:0/3717891087 --> [v2:172.21.15.105:3300/0,v1:172.21.15.105:6789/0] -- mon_subscribe({mgrmap=0+}) -- 0x7fd03c19c590 con 0x7fd03c108960
2024-03-26T17:29:03.786 INFO:teuthology.orchestra.run.smithi105.stdout:/usr/bin/ceph: stderr
2024-03-26T17:29:02.968+0000 7fd0327fc700 1 -- 172.21.15.105:0/3717891087 <== mon.0 v2:172.21.15.105:3300/0 3 ==== mon_map magic: 0 ==== 205+0+0 (secure 0 0 0) 0x7fd03801a600 con 0x7fd03c108960
2024-03-26T17:29:03.786 INFO:teuthology.orchestra.run.smithi105.stdout:/usr/bin/ceph: stderr
2024-03-26T17:29:02.968+0000 7fd0433cb700 1 -- 172.21.15.105:0/3717891087 --> [v2:172.21.15.105:3300/0,v1:172.21.15.105:6789/0] -- mon_subscribe({osdmap=0}) -- 0x7fd03c19f280 con 0x7fd03c108960
2024-03-26T17:29:03.786 INFO:teuthology.orchestra.run.smithi105.stdout:/usr/bin/ceph: stderr
2024-03-26T17:29:02.968+0000 7fd0327fc700 1 -- 172.21.15.105:0/3717891087 <== mon.0 v2:172.21.15.105:3300/0 4 ==== mgrmap(e 8) ==== 46294+0+0 (secure 0 0 0) 0x7fd03801a8b0 con 0x7fd03c108960
2024-03-26T17:29:03.786 INFO:teuthology.orchestra.run.smithi105.stdout:/usr/bin/ceph: stderr
2024-03-26T17:29:02.969+0000 7fd0327fc700 1 --2- 172.21.15.105:0/3717891087 >> [v2:172.21.15.105:6800/1556474900,v1:172.21.15.105:6801/1556474900] conn(0x7fd0280391d0 0x7fd02803b690 unknown :-1 s=NONE pgs=0 cs=0 l=1 rev1=0 crypto rx=0 tx=0 comp rx=0 tx=0).connect
2024-03-26T17:29:03.786 INFO:teuthology.orchestra.run.smithi105.stdout:/usr/bin/ceph: stderr
2024-03-26T17:29:02.969+0000 7fd0433cb700 1 -- 172.21.15.105:0/3717891087 --> [v2:172.21.15.105:3300/0,v1:172.21.15.105:6789/0] -- mon_command({"prefix": "get_command_descriptions"} v 0) -- 0x7fd03c0639e0 con 0x7fd03c108960
2024-03-26T17:29:03.786 INFO:teuthology.orchestra.run.smithi105.stdout:/usr/bin/ceph: stderr
2024-03-26T17:29:02.969+0000 7fd0327fc700 1 -- 172.21.15.105:0/3717891087 <== mon.0 v2:172.21.15.105:3300/0 5 ==== osd_map(2..2 src has 1..2) ==== 940+0+0 (secure 0 0 0) 0x7fd03804d700 con 0x7fd03c108960
2024-03-26T17:29:03.786 INFO:teuthology.orchestra.run.smithi105.stdout:/usr/bin/ceph: stderr
2024-03-26T17:29:02.969+0000 7fd040966700 1 --2- 172.21.15.105:0/3717891087 >> [v2:172.21.15.105:6800/1556474900,v1:172.21.15.105:6801/1556474900] conn(0x7fd0280391d0 0x7fd02803b690 unknown :-1 s=BANNER_CONNECTING pgs=0 cs=0 l=1 rev1=0 crypto rx=0 tx=0 comp rx=0 tx=0)._handle_peer_banner_payload supported=3 required=0
2024-03-26T17:29:03.787 INFO:teuthology.orchestra.run.smithi105.stdout:/usr/bin/ceph: stderr
2024-03-26T17:29:02.969+0000 7fd040966700 1 --2- 172.21.15.105:0/3717891087 >> [v2:172.21.15.105:6800/1556474900,v1:172.21.15.105:6801/1556474900] conn(0x7fd0280391d0 0x7fd02803b690 secure :-1 s=READY pgs=8 cs=0 l=1 rev1=1 crypto rx=0x7fd02c006fd0 tx=0x7fd02c006e40 comp rx=0 tx=0).ready entity=mgr.14120 client_cookie=0 server_cookie=0 in_seq=0 out_seq=0
2024-03-26T17:29:03.787 INFO:teuthology.orchestra.run.smithi105.stdout:/usr/bin/ceph: stderr
2024-03-26T17:29:02.974+0000 7fd0327fc700 1 -- 172.21.15.105:0/3717891087 <== mon.0 v2:172.21.15.105:3300/0 6 ==== mon_command_ack([{"prefix": "get_command_descriptions"}]=0 v0) ==== 72+0+186149 (secure 0 0 0) 0x7fd03800fe60 con 0x7fd03c108960
2024-03-26T17:29:03.787 INFO:teuthology.orchestra.run.smithi105.stdout:/usr/bin/ceph: stderr
2024-03-26T17:29:03.172+0000 7fd0433cb700 1 -- 172.21.15.105:0/3717891087 --> [v2:172.21.15.105:6800/1556474900,v1:172.21.15.105:6801/1556474900] -- mgr_command(tid 0: {"prefix": "cephadm set-user", "user": "root", "target": ["mon-mgr", ""]}) -- 0x7fd03c103570 con 0x7fd0280391d0
2024-03-26T17:29:03.787 INFO:teuthology.orchestra.run.smithi105.stdout:/usr/bin/ceph: stderr
2024-03-26T17:29:03.172+0000 7fd0327fc700 1 -- 172.21.15.105:0/3717891087 <== mgr.14120 v2:172.21.15.105:6800/1556474900 1 ==== mgr_command_reply(tid 0: 0 ) ==== 8+0+16 (secure 0 0 0) 0x7fd03c103570 con 0x7fd0280391d0
2024-03-26T17:29:03.787 INFO:teuthology.orchestra.run.smithi105.stdout:/usr/bin/ceph: stderr
2024-03-26T17:29:03.174+0000 7fd0433cb700 1 -- 172.21.15.105:0/3717891087 >> [v2:172.21.15.105:6800/1556474900,v1:172.21.15.105:6801/1556474900] conn(0x7fd0280391d0 msgr2=0x7fd02803b690 secure :-1 s=STATE_CONNECTION_ESTABLISHED l=1).mark_down
2024-03-26T17:29:03.787 INFO:teuthology.orchestra.run.smithi105.stdout:/usr/bin/ceph: stderr
2024-03-26T17:29:03.174+0000 7fd0433cb700 1 --2- 172.21.15.105:0/3717891087 >> [v2:172.21.15.105:6800/1556474900,v1:172.21.15.105:6801/1556474900] conn(0x7fd0280391d0 0x7fd02803b690 secure :-1 s=READY pgs=8 cs=0 l=1 rev1=1 crypto rx=0x7fd02c006fd0 tx=0x7fd02c006e40 comp rx=0 tx=0).stop
2024-03-26T17:29:03.787 INFO:teuthology.orchestra.run.smithi105.stdout:/usr/bin/ceph: stderr
2024-03-26T17:29:03.174+0000 7fd0433cb700 1 -- 172.21.15.105:0/3717891087 >> [v2:172.21.15.105:3300/0,v1:172.21.15.105:6789/0] conn(0x7fd03c108960 msgr2=0x7fd03c19bdc0 secure :-1 s=STATE_CONNECTION_ESTABLISHED l=1).mark_down
2024-03-26T17:29:03.787 INFO:teuthology.orchestra.run.smithi105.stdout:/usr/bin/ceph: stderr
2024-03-26T17:29:03.174+0000 7fd0433cb700 1 --2- 172.21.15.105:0/3717891087 >> [v2:172.21.15.105:3300/0,v1:172.21.15.105:6789/0] conn(0x7fd03c108960 0x7fd03c19bdc0 secure :-1 s=READY pgs=40 cs=0 l=1 rev1=1 crypto rx=0x7fd038011a50 tx=0x7fd038004290 comp rx=0 tx=0).stop
2024-03-26T17:29:03.787 INFO:teuthology.orchestra.run.smithi105.stdout:/usr/bin/ceph: stderr
2024-03-26T17:29:03.174+0000 7fd0433cb700 1 -- 172.21.15.105:0/3717891087 shutdown_connections
2024-03-26T17:29:03.787 INFO:teuthology.orchestra.run.smithi105.stdout:/usr/bin/ceph: stderr
2024-03-26T17:29:03.174+0000 7fd0433cb700 1 --2- 172.21.15.105:0/3717891087 >> [v2:172.21.15.105:6800/1556474900,v1:172.21.15.105:6801/1556474900] conn(0x7fd0280391d0 0x7fd02803b690 unknown :-1 s=CLOSED pgs=8 cs=0 l=1 rev1=1 crypto rx=0 tx=0 comp rx=0 tx=0).stop
2024-03-26T17:29:03.788 INFO:teuthology.orchestra.run.smithi105.stdout:/usr/bin/ceph: stderr
2024-03-26T17:29:03.174+0000 7fd0433cb700 1 --2- 172.21.15.105:0/3717891087 >> [v2:172.21.15.105:3300/0,v1:172.21.15.105:6789/0] conn(0x7fd03c108960 0x7fd03c19bdc0 unknown :-1 s=CLOSED pgs=40 cs=0 l=1 rev1=1 crypto rx=0 tx=0 comp rx=0 tx=0).stop
2024-03-26T17:29:03.788 INFO:teuthology.orchestra.run.smithi105.stdout:/usr/bin/ceph: stderr
2024-03-26T17:29:03.174+0000 7fd0433cb700 1 -- 172.21.15.105:0/3717891087 >> 172.21.15.105:0/3717891087 conn(0x7fd03c1022d0 msgr2=0x7fd03c102e60 unknown :-1 s=STATE_NONE l=0).mark_down
2024-03-26T17:29:03.788 INFO:teuthology.orchestra.run.smithi105.stdout:/usr/bin/ceph: stderr
2024-03-26T17:29:03.175+0000 7fd0433cb700 1 -- 172.21.15.105:0/3717891087 shutdown_connections
2024-03-26T17:29:03.788 INFO:teuthology.orchestra.run.smithi105.stdout:/usr/bin/ceph: stderr
2024-03-26T17:29:03.175+0000 7fd0433cb700 1 -- 172.21.15.105:0/3717891087 wait complete.
2024-03-26T17:29:03.788 INFO:teuthology.orchestra.run.smithi105.stdout:Generating ssh key...
2024-03-26T17:29:04.054 INFO:journalctl@ceph.mon.a.smithi105.stdout:Mar 26 17:29:03 smithi105 ceph-mon[32280]: from='client.14132 -' entity='client.admin' cmd=[{"prefix": "orch set backend", "module_name": "cephadm", "target": ["mon-mgr", ""]}]: dispatch
2024-03-26T17:29:04.645 INFO:journalctl@ceph.mgr.x.smithi105.stdout:Mar 26 17:29:04 smithi105 ceph-15cee578-eb96-11ee-95d0-87774f69a715-mgr-x[32509]: Generating public/private rsa key pair.
2024-03-26T17:29:04.645 INFO:journalctl@ceph.mgr.x.smithi105.stdout:Mar 26 17:29:04 smithi105 ceph-15cee578-eb96-11ee-95d0-87774f69a715-mgr-x[32509]: Your identification has been saved in /tmp/tmpajfsb5xc/key.
2024-03-26T17:29:04.645 INFO:journalctl@ceph.mgr.x.smithi105.stdout:Mar 26 17:29:04 smithi105 ceph-15cee578-eb96-11ee-95d0-87774f69a715-mgr-x[32509]: Your public key has been saved in /tmp/tmpajfsb5xc/key.pub.
2024-03-26T17:29:04.645 INFO:journalctl@ceph.mgr.x.smithi105.stdout:Mar 26 17:29:04 smithi105 ceph-15cee578-eb96-11ee-95d0-87774f69a715-mgr-x[32509]: The key fingerprint is:
2024-03-26T17:29:04.645 INFO:journalctl@ceph.mgr.x.smithi105.stdout:Mar 26 17:29:04 smithi105 ceph-15cee578-eb96-11ee-95d0-87774f69a715-mgr-x[32509]: SHA256:K1ceaLyxdf3LxU7+pHkD/tI+KRKU5apkrr3rmmpbjIo ceph-15cee578-eb96-11ee-95d0-87774f69a715
2024-03-26T17:29:04.645 INFO:journalctl@ceph.mgr.x.smithi105.stdout:Mar 26 17:29:04 smithi105 ceph-15cee578-eb96-11ee-95d0-87774f69a715-mgr-x[32509]: The key's randomart image is:
2024-03-26T17:29:04.645 INFO:journalctl@ceph.mgr.x.smithi105.stdout:Mar 26 17:29:04 smithi105 ceph-15cee578-eb96-11ee-95d0-87774f69a715-mgr-x[32509]: +---[RSA 3072]----+
2024-03-26T17:29:04.645 INFO:journalctl@ceph.mgr.x.smithi105.stdout:Mar 26 17:29:04 smithi105 ceph-15cee578-eb96-11ee-95d0-87774f69a715-mgr-x[32509]: | |
2024-03-26T17:29:04.646 INFO:journalctl@ceph.mgr.x.smithi105.stdout:Mar 26 17:29:04 smithi105 ceph-15cee578-eb96-11ee-95d0-87774f69a715-mgr-x[32509]: | . |
2024-03-26T17:29:04.646 INFO:journalctl@ceph.mgr.x.smithi105.stdout:Mar 26 17:29:04 smithi105 ceph-15cee578-eb96-11ee-95d0-87774f69a715-mgr-x[32509]: | + |
2024-03-26T17:29:04.646 INFO:journalctl@ceph.mgr.x.smithi105.stdout:Mar 26 17:29:04 smithi105 ceph-15cee578-eb96-11ee-95d0-87774f69a715-mgr-x[32509]: | . . o o |
2024-03-26T17:29:04.646 INFO:journalctl@ceph.mgr.x.smithi105.stdout:Mar 26 17:29:04 smithi105 ceph-15cee578-eb96-11ee-95d0-87774f69a715-mgr-x[32509]: | S = o . |
2024-03-26T17:29:04.646 INFO:journalctl@ceph.mgr.x.smithi105.stdout:Mar 26 17:29:04 smithi105 ceph-15cee578-eb96-11ee-95d0-87774f69a715-mgr-x[32509]: | o. @ = . o |
2024-03-26T17:29:04.646 INFO:journalctl@ceph.mgr.x.smithi105.stdout:Mar 26 17:29:04 smithi105 ceph-15cee578-eb96-11ee-95d0-87774f69a715-mgr-x[32509]: | ..oO o o o B|
2024-03-26T17:29:04.646 INFO:journalctl@ceph.mgr.x.smithi105.stdout:Mar 26 17:29:04 smithi105 ceph-15cee578-eb96-11ee-95d0-87774f69a715-mgr-x[32509]: | . ...ooo . +.%+|
2024-03-26T17:29:04.646 INFO:journalctl@ceph.mgr.x.smithi105.stdout:Mar 26 17:29:04 smithi105 ceph-15cee578-eb96-11ee-95d0-87774f69a715-mgr-x[32509]: | E ..oo++=o . B*B|
2024-03-26T17:29:04.646 INFO:journalctl@ceph.mgr.x.smithi105.stdout:Mar 26 17:29:04 smithi105 ceph-15cee578-eb96-11ee-95d0-87774f69a715-mgr-x[32509]: +----[SHA256]-----+
2024-03-26T17:29:05.144 INFO:journalctl@ceph.mon.a.smithi105.stdout:Mar 26 17:29:04 smithi105 ceph-mon[32280]: from='client.14134 -' entity='client.admin' cmd=[{"prefix": "cephadm set-user", "user": "root", "target": ["mon-mgr", ""]}]: dispatch
2024-03-26T17:29:05.144 INFO:journalctl@ceph.mon.a.smithi105.stdout:Mar 26 17:29:04 smithi105 ceph-mon[32280]: from='mgr.14120 172.21.15.105:0/3491571833' entity='mgr.x'
2024-03-26T17:29:05.145 INFO:journalctl@ceph.mon.a.smithi105.stdout:Mar 26 17:29:04 smithi105 ceph-mon[32280]: from='mgr.14120 172.21.15.105:0/3491571833' entity='mgr.x'
2024-03-26T17:29:05.154 INFO:teuthology.orchestra.run.smithi105.stdout:/usr/bin/ceph: stderr
2024-03-26T17:29:04.247+0000 7f473248d700 1 Processor -- start
2024-03-26T17:29:05.154 INFO:teuthology.orchestra.run.smithi105.stdout:/usr/bin/ceph: stderr
2024-03-26T17:29:04.247+0000 7f473248d700 1 -- start start
2024-03-26T17:29:05.154 INFO:teuthology.orchestra.run.smithi105.stdout:/usr/bin/ceph: stderr
2024-03-26T17:29:04.247+0000 7f473248d700 1 --2- >> [v2:172.21.15.105:3300/0,v1:172.21.15.105:6789/0] conn(0x7f472c107e10 0x7f472c108230 unknown :-1 s=NONE pgs=0 cs=0 l=0 rev1=0 crypto rx=0 tx=0 comp rx=0 tx=0).connect
2024-03-26T17:29:05.154 INFO:teuthology.orchestra.run.smithi105.stdout:/usr/bin/ceph: stderr
2024-03-26T17:29:04.247+0000 7f473248d700 1 -- --> [v2:172.21.15.105:3300/0,v1:172.21.15.105:6789/0] -- mon_getmap magic: 0 -- 0x7f472c108770 con 0x7f472c107e10
2024-03-26T17:29:05.154 INFO:teuthology.orchestra.run.smithi105.stdout:/usr/bin/ceph: stderr
2024-03-26T17:29:04.247+0000 7f472bfff700 1 --2- >> [v2:172.21.15.105:3300/0,v1:172.21.15.105:6789/0] conn(0x7f472c107e10 0x7f472c108230 unknown :-1 s=BANNER_CONNECTING pgs=0 cs=0 l=0 rev1=0 crypto rx=0 tx=0 comp rx=0 tx=0)._handle_peer_banner_payload supported=3 required=0
2024-03-26T17:29:05.154 INFO:teuthology.orchestra.run.smithi105.stdout:/usr/bin/ceph: stderr
2024-03-26T17:29:04.247+0000 7f472bfff700 1 --2- >> [v2:172.21.15.105:3300/0,v1:172.21.15.105:6789/0] conn(0x7f472c107e10 0x7f472c108230 unknown :-1 s=HELLO_CONNECTING pgs=0 cs=0 l=0 rev1=1 crypto rx=0 tx=0 comp rx=0 tx=0).handle_hello peer v2:172.21.15.105:3300/0 says I am v2:172.21.15.105:41308/0 (socket says 172.21.15.105:41308)
2024-03-26T17:29:05.155 INFO:teuthology.orchestra.run.smithi105.stdout:/usr/bin/ceph: stderr
2024-03-26T17:29:04.247+0000 7f472bfff700 1 -- 172.21.15.105:0/2149660960 learned_addr learned my addr 172.21.15.105:0/2149660960 (peer_addr_for_me v2:172.21.15.105:0/0)
2024-03-26T17:29:05.155 INFO:teuthology.orchestra.run.smithi105.stdout:/usr/bin/ceph: stderr
