2024-03-26T17:52:05.856+0000 7f4db36f3700 1 -- 172.21.15.49:0/3891294778 >> [v2:172.21.15.49:6800/48778628,v1:172.21.15.49:6801/48778628] conn(0x7f4d94039130 msgr2=0x7f4d9403b5f0 secure :-1 s=STATE_CONNECTION_ESTABLISHED l=1).mark_down
2024-03-26T17:52:06.434 INFO:teuthology.orchestra.run.smithi049.stdout:/usr/bin/ceph: stderr
2024-03-26T17:52:05.856+0000 7f4db36f3700 1 --2- 172.21.15.49:0/3891294778 >> [v2:172.21.15.49:6800/48778628,v1:172.21.15.49:6801/48778628] conn(0x7f4d94039130 0x7f4d9403b5f0 secure :-1 s=READY pgs=6 cs=0 l=1 rev1=1 crypto rx=0x7f4da0006fd0 tx=0x7f4da0006e40 comp rx=0 tx=0).stop
2024-03-26T17:52:06.434 INFO:teuthology.orchestra.run.smithi049.stdout:/usr/bin/ceph: stderr
2024-03-26T17:52:05.856+0000 7f4db36f3700 1 -- 172.21.15.49:0/3891294778 >> [v2:172.21.15.49:3300/0,v1:172.21.15.49:6789/0] conn(0x7f4dac107f70 msgr2=0x7f4dac07e330 secure :-1 s=STATE_CONNECTION_ESTABLISHED l=1).mark_down
2024-03-26T17:52:06.434 INFO:teuthology.orchestra.run.smithi049.stdout:/usr/bin/ceph: stderr
2024-03-26T17:52:05.856+0000 7f4db36f3700 1 --2- 172.21.15.49:0/3891294778 >> [v2:172.21.15.49:3300/0,v1:172.21.15.49:6789/0] conn(0x7f4dac107f70 0x7f4dac07e330 secure :-1 s=READY pgs=19 cs=0 l=1 rev1=1 crypto rx=0x7f4da40072a0 tx=0x7f4da400bd50 comp rx=0 tx=0).stop
2024-03-26T17:52:06.434 INFO:teuthology.orchestra.run.smithi049.stdout:/usr/bin/ceph: stderr
2024-03-26T17:52:05.856+0000 7f4db36f3700 1 -- 172.21.15.49:0/3891294778 shutdown_connections
2024-03-26T17:52:06.434 INFO:teuthology.orchestra.run.smithi049.stdout:/usr/bin/ceph: stderr
2024-03-26T17:52:05.856+0000 7f4db36f3700 1 --2- 172.21.15.49:0/3891294778 >> [v2:172.21.15.49:6800/48778628,v1:172.21.15.49:6801/48778628] conn(0x7f4d94039130 0x7f4d9403b5f0 unknown :-1 s=CLOSED pgs=6 cs=0 l=1 rev1=1 crypto rx=0 tx=0 comp rx=0 tx=0).stop
2024-03-26T17:52:06.435 INFO:teuthology.orchestra.run.smithi049.stdout:/usr/bin/ceph: stderr
2024-03-26T17:52:05.856+0000 7f4db36f3700 1 --2- 172.21.15.49:0/3891294778 >> [v2:172.21.15.49:3300/0,v1:172.21.15.49:6789/0] conn(0x7f4dac107f70 0x7f4dac07e330 unknown :-1 s=CLOSED pgs=19 cs=0 l=1 rev1=1 crypto rx=0 tx=0 comp rx=0 tx=0).stop
2024-03-26T17:52:06.435 INFO:teuthology.orchestra.run.smithi049.stdout:/usr/bin/ceph: stderr
2024-03-26T17:52:05.856+0000 7f4db36f3700 1 -- 172.21.15.49:0/3891294778 >> 172.21.15.49:0/3891294778 conn(0x7f4dac103510 msgr2=0x7f4dac103fb0 unknown :-1 s=STATE_NONE l=0).mark_down
2024-03-26T17:52:06.435 INFO:teuthology.orchestra.run.smithi049.stdout:/usr/bin/ceph: stderr
2024-03-26T17:52:05.856+0000 7f4db36f3700 1 -- 172.21.15.49:0/3891294778 shutdown_connections
2024-03-26T17:52:06.435 INFO:teuthology.orchestra.run.smithi049.stdout:/usr/bin/ceph: stderr
2024-03-26T17:52:05.856+0000 7f4db36f3700 1 -- 172.21.15.49:0/3891294778 wait complete.
2024-03-26T17:52:06.435 INFO:teuthology.orchestra.run.smithi049.stdout:mgr is available
2024-03-26T17:52:07.378 INFO:journalctl@ceph.mon.a.smithi049.stdout:Mar 26 17:52:07 smithi049 ceph-mon[32331]: from='client.? 172.21.15.49:0/3877939832' entity='client.admin' cmd=[{"prefix": "config assimilate-conf"}]: dispatch
2024-03-26T17:52:07.586 INFO:teuthology.orchestra.run.smithi049.stdout:/usr/bin/ceph: stdout
2024-03-26T17:52:07.586 INFO:teuthology.orchestra.run.smithi049.stdout:/usr/bin/ceph: stdout [global]
2024-03-26T17:52:07.586 INFO:teuthology.orchestra.run.smithi049.stdout:/usr/bin/ceph: stdout fsid = 5a3632a4-eb99-11ee-95d0-87774f69a715
2024-03-26T17:52:07.586 INFO:teuthology.orchestra.run.smithi049.stdout:/usr/bin/ceph: stdout mon_osd_allow_pg_remap = true
2024-03-26T17:52:07.586 INFO:teuthology.orchestra.run.smithi049.stdout:/usr/bin/ceph: stdout mon_osd_allow_primary_affinity = true
2024-03-26T17:52:07.586 INFO:teuthology.orchestra.run.smithi049.stdout:/usr/bin/ceph: stdout mon_warn_on_no_sortbitwise = false
2024-03-26T17:52:07.586 INFO:teuthology.orchestra.run.smithi049.stdout:/usr/bin/ceph: stdout osd_crush_chooseleaf_type = 0
2024-03-26T17:52:07.586 INFO:teuthology.orchestra.run.smithi049.stdout:/usr/bin/ceph: stdout
2024-03-26T17:52:07.586 INFO:teuthology.orchestra.run.smithi049.stdout:/usr/bin/ceph: stdout [mgr]
2024-03-26T17:52:07.587 INFO:teuthology.orchestra.run.smithi049.stdout:/usr/bin/ceph: stdout mgr/telemetry/nag = false
2024-03-26T17:52:07.587 INFO:teuthology.orchestra.run.smithi049.stdout:/usr/bin/ceph: stdout
2024-03-26T17:52:07.587 INFO:teuthology.orchestra.run.smithi049.stdout:/usr/bin/ceph: stdout [osd]
2024-03-26T17:52:07.587 INFO:teuthology.orchestra.run.smithi049.stdout:/usr/bin/ceph: stdout mon_osd_backfillfull_ratio = 0.85
2024-03-26T17:52:07.587 INFO:teuthology.orchestra.run.smithi049.stdout:/usr/bin/ceph: stdout mon_osd_full_ratio = 0.9
2024-03-26T17:52:07.587 INFO:teuthology.orchestra.run.smithi049.stdout:/usr/bin/ceph: stdout mon_osd_nearfull_ratio = 0.8
2024-03-26T17:52:07.587 INFO:teuthology.orchestra.run.smithi049.stdout:/usr/bin/ceph: stdout osd_map_max_advance = 10
2024-03-26T17:52:07.587 INFO:teuthology.orchestra.run.smithi049.stdout:/usr/bin/ceph: stdout osd_sloppy_crc = true
2024-03-26T17:52:07.587 INFO:teuthology.orchestra.run.smithi049.stdout:/usr/bin/ceph: stderr
2024-03-26T17:52:06.885+0000 7f44d3c51700 1 Processor -- start
2024-03-26T17:52:07.587 INFO:teuthology.orchestra.run.smithi049.stdout:/usr/bin/ceph: stderr
2024-03-26T17:52:06.885+0000 7f44d3c51700 1 -- start start
2024-03-26T17:52:07.587 INFO:teuthology.orchestra.run.smithi049.stdout:/usr/bin/ceph: stderr
2024-03-26T17:52:06.885+0000 7f44d3c51700 1 --2- >> [v2:172.21.15.49:3300/0,v1:172.21.15.49:6789/0] conn(0x7f44cc107ef0 0x7f44cc108310 unknown :-1 s=NONE pgs=0 cs=0 l=0 rev1=0 crypto rx=0 tx=0 comp rx=0 tx=0).connect
2024-03-26T17:52:07.587 INFO:teuthology.orchestra.run.smithi049.stdout:/usr/bin/ceph: stderr
2024-03-26T17:52:06.885+0000 7f44d3c51700 1 -- --> [v2:172.21.15.49:3300/0,v1:172.21.15.49:6789/0] -- mon_getmap magic: 0 -- 0x7f44cc108850 con 0x7f44cc107ef0
2024-03-26T17:52:07.587 INFO:teuthology.orchestra.run.smithi049.stdout:/usr/bin/ceph: stderr
2024-03-26T17:52:06.886+0000 7f44d19ed700 1 --2- >> [v2:172.21.15.49:3300/0,v1:172.21.15.49:6789/0] conn(0x7f44cc107ef0 0x7f44cc108310 unknown :-1 s=BANNER_CONNECTING pgs=0 cs=0 l=0 rev1=0 crypto rx=0 tx=0 comp rx=0 tx=0)._handle_peer_banner_payload supported=3 required=0
2024-03-26T17:52:07.587 INFO:teuthology.orchestra.run.smithi049.stdout:/usr/bin/ceph: stderr
2024-03-26T17:52:06.886+0000 7f44d19ed700 1 --2- >> [v2:172.21.15.49:3300/0,v1:172.21.15.49:6789/0] conn(0x7f44cc107ef0 0x7f44cc108310 unknown :-1 s=HELLO_CONNECTING pgs=0 cs=0 l=0 rev1=1 crypto rx=0 tx=0 comp rx=0 tx=0).handle_hello peer v2:172.21.15.49:3300/0 says I am v2:172.21.15.49:48390/0 (socket says 172.21.15.49:48390)
2024-03-26T17:52:07.588 INFO:teuthology.orchestra.run.smithi049.stdout:/usr/bin/ceph: stderr
2024-03-26T17:52:06.886+0000 7f44d19ed700 1 -- 172.21.15.49:0/341568968 learned_addr learned my addr 172.21.15.49:0/341568968 (peer_addr_for_me v2:172.21.15.49:0/0)
2024-03-26T17:52:07.588 INFO:teuthology.orchestra.run.smithi049.stdout:/usr/bin/ceph: stderr
2024-03-26T17:52:06.886+0000 7f44d19ed700 1 -- 172.21.15.49:0/341568968 --> [v2:172.21.15.49:3300/0,v1:172.21.15.49:6789/0] -- mon_subscribe({config=0+,monmap=0+}) -- 0x7f44cc109090 con 0x7f44cc107ef0
2024-03-26T17:52:07.588 INFO:teuthology.orchestra.run.smithi049.stdout:/usr/bin/ceph: stderr
2024-03-26T17:52:06.886+0000 7f44d19ed700 1 --2- 172.21.15.49:0/341568968 >> [v2:172.21.15.49:3300/0,v1:172.21.15.49:6789/0] conn(0x7f44cc107ef0 0x7f44cc108310 secure :-1 s=READY pgs=20 cs=0 l=1 rev1=1 crypto rx=0x7f44c80098a0 tx=0x7f44c8009bb0 comp rx=0 tx=0).ready entity=mon.0 client_cookie=cf09429395c21dfe server_cookie=0 in_seq=0 out_seq=0
2024-03-26T17:52:07.588 INFO:teuthology.orchestra.run.smithi049.stdout:/usr/bin/ceph: stderr
2024-03-26T17:52:06.886+0000 7f44d09eb700 1 -- 172.21.15.49:0/341568968 <== mon.0 v2:172.21.15.49:3300/0 1 ==== mon_map magic: 0 ==== 205+0+0 (secure 0 0 0) 0x7f44c8004160 con 0x7f44cc107ef0
2024-03-26T17:52:07.588 INFO:teuthology.orchestra.run.smithi049.stdout:/usr/bin/ceph: stderr
2024-03-26T17:52:06.886+0000 7f44d09eb700 1 -- 172.21.15.49:0/341568968 <== mon.0 v2:172.21.15.49:3300/0 2 ==== config(27 keys) ==== 1109+0+0 (secure 0 0 0) 0x7f44c8004300 con 0x7f44cc107ef0
2024-03-26T17:52:07.588 INFO:teuthology.orchestra.run.smithi049.stdout:/usr/bin/ceph: stderr
2024-03-26T17:52:06.886+0000 7f44d09eb700 1 -- 172.21.15.49:0/341568968 <== mon.0 v2:172.21.15.49:3300/0 3 ==== mon_map magic: 0 ==== 205+0+0 (secure 0 0 0) 0x7f44c8011b50 con 0x7f44cc107ef0
2024-03-26T17:52:07.588 INFO:teuthology.orchestra.run.smithi049.stdout:/usr/bin/ceph: stderr
2024-03-26T17:52:06.887+0000 7f44d3c51700 1 -- 172.21.15.49:0/341568968 >> [v2:172.21.15.49:3300/0,v1:172.21.15.49:6789/0] conn(0x7f44cc107ef0 msgr2=0x7f44cc108310 secure :-1 s=STATE_CONNECTION_ESTABLISHED l=1).mark_down
2024-03-26T17:52:07.588 INFO:teuthology.orchestra.run.smithi049.stdout:/usr/bin/ceph: stderr
2024-03-26T17:52:06.887+0000 7f44d3c51700 1 --2- 172.21.15.49:0/341568968 >> [v2:172.21.15.49:3300/0,v1:172.21.15.49:6789/0] conn(0x7f44cc107ef0 0x7f44cc108310 secure :-1 s=READY pgs=20 cs=0 l=1 rev1=1 crypto rx=0x7f44c80098a0 tx=0x7f44c8009bb0 comp rx=0 tx=0).stop
2024-03-26T17:52:07.588 INFO:teuthology.orchestra.run.smithi049.stdout:/usr/bin/ceph: stderr
2024-03-26T17:52:06.887+0000 7f44d3c51700 1 -- 172.21.15.49:0/341568968 shutdown_connections
2024-03-26T17:52:07.588 INFO:teuthology.orchestra.run.smithi049.stdout:/usr/bin/ceph: stderr
2024-03-26T17:52:06.887+0000 7f44d3c51700 1 --2- 172.21.15.49:0/341568968 >> [v2:172.21.15.49:3300/0,v1:172.21.15.49:6789/0] conn(0x7f44cc107ef0 0x7f44cc108310 unknown :-1 s=CLOSED pgs=20 cs=0 l=1 rev1=1 crypto rx=0 tx=0 comp rx=0 tx=0).stop
2024-03-26T17:52:07.588 INFO:teuthology.orchestra.run.smithi049.stdout:/usr/bin/ceph: stderr
2024-03-26T17:52:06.887+0000 7f44d3c51700 1 -- 172.21.15.49:0/341568968 >> 172.21.15.49:0/341568968 conn(0x7f44cc103500 msgr2=0x7f44cc105920 unknown :-1 s=STATE_NONE l=0).mark_down
2024-03-26T17:52:07.588 INFO:teuthology.orchestra.run.smithi049.stdout:/usr/bin/ceph: stderr
2024-03-26T17:52:06.887+0000 7f44d3c51700 1 -- 172.21.15.49:0/341568968 shutdown_connections
2024-03-26T17:52:07.588 INFO:teuthology.orchestra.run.smithi049.stdout:/usr/bin/ceph: stderr
2024-03-26T17:52:06.887+0000 7f44d3c51700 1 -- 172.21.15.49:0/341568968 wait complete.
2024-03-26T17:52:07.589 INFO:teuthology.orchestra.run.smithi049.stdout:/usr/bin/ceph: stderr
2024-03-26T17:52:06.888+0000 7f44d3c51700 1 Processor -- start
2024-03-26T17:52:07.589 INFO:teuthology.orchestra.run.smithi049.stdout:/usr/bin/ceph: stderr
2024-03-26T17:52:06.888+0000 7f44d3c51700 1 -- start start
2024-03-26T17:52:07.589 INFO:teuthology.orchestra.run.smithi049.stdout:/usr/bin/ceph: stderr
2024-03-26T17:52:06.888+0000 7f44d3c51700 1 --2- >> [v2:172.21.15.49:3300/0,v1:172.21.15.49:6789/0] conn(0x7f44cc107ef0 0x7f44cc07e330 unknown :-1 s=NONE pgs=0 cs=0 l=1 rev1=0 crypto rx=0 tx=0 comp rx=0 tx=0).connect
2024-03-26T17:52:07.589 INFO:teuthology.orchestra.run.smithi049.stdout:/usr/bin/ceph: stderr
2024-03-26T17:52:06.888+0000 7f44d3c51700 1 -- --> [v2:172.21.15.49:3300/0,v1:172.21.15.49:6789/0] -- mon_getmap magic: 0 -- 0x7f44cc10c350 con 0x7f44cc107ef0
2024-03-26T17:52:07.589 INFO:teuthology.orchestra.run.smithi049.stdout:/usr/bin/ceph: stderr
2024-03-26T17:52:06.888+0000 7f44d19ed700 1 --2- >> [v2:172.21.15.49:3300/0,v1:172.21.15.49:6789/0] conn(0x7f44cc107ef0 0x7f44cc07e330 unknown :-1 s=BANNER_CONNECTING pgs=0 cs=0 l=1 rev1=0 crypto rx=0 tx=0 comp rx=0 tx=0)._handle_peer_banner_payload supported=3 required=0
2024-03-26T17:52:07.589 INFO:teuthology.orchestra.run.smithi049.stdout:/usr/bin/ceph: stderr
2024-03-26T17:52:06.888+0000 7f44d19ed700 1 --2- >> [v2:172.21.15.49:3300/0,v1:172.21.15.49:6789/0] conn(0x7f44cc107ef0 0x7f44cc07e330 unknown :-1 s=HELLO_CONNECTING pgs=0 cs=0 l=1 rev1=1 crypto rx=0 tx=0 comp rx=0 tx=0).handle_hello peer v2:172.21.15.49:3300/0 says I am v2:172.21.15.49:48392/0 (socket says 172.21.15.49:48392)
2024-03-26T17:52:07.589 INFO:teuthology.orchestra.run.smithi049.stdout:/usr/bin/ceph: stderr
2024-03-26T17:52:06.888+0000 7f44d19ed700 1 -- 172.21.15.49:0/3877939832 learned_addr learned my addr 172.21.15.49:0/3877939832 (peer_addr_for_me v2:172.21.15.49:0/0)
2024-03-26T17:52:07.589 INFO:teuthology.orchestra.run.smithi049.stdout:/usr/bin/ceph: stderr
2024-03-26T17:52:06.888+0000 7f44d19ed700 1 -- 172.21.15.49:0/3877939832 --> [v2:172.21.15.49:3300/0,v1:172.21.15.49:6789/0] -- mon_subscribe({config=0+,monmap=0+}) -- 0x7f44cc07e870 con 0x7f44cc107ef0
2024-03-26T17:52:07.589 INFO:teuthology.orchestra.run.smithi049.stdout:/usr/bin/ceph: stderr
2024-03-26T17:52:06.888+0000 7f44d19ed700 1 --2- 172.21.15.49:0/3877939832 >> [v2:172.21.15.49:3300/0,v1:172.21.15.49:6789/0] conn(0x7f44cc107ef0 0x7f44cc07e330 secure :-1 s=READY pgs=21 cs=0 l=1 rev1=1 crypto rx=0x7f44c8009fb0 tx=0x7f44c8011bf0 comp rx=0 tx=0).ready entity=mon.0 client_cookie=0 server_cookie=0 in_seq=0 out_seq=0
2024-03-26T17:52:07.589 INFO:teuthology.orchestra.run.smithi049.stdout:/usr/bin/ceph: stderr
2024-03-26T17:52:06.889+0000 7f44c2ffd700 1 -- 172.21.15.49:0/3877939832 <== mon.0 v2:172.21.15.49:3300/0 1 ==== mon_map magic: 0 ==== 205+0+0 (secure 0 0 0) 0x7f44c80038b0 con 0x7f44cc107ef0
2024-03-26T17:52:07.589 INFO:teuthology.orchestra.run.smithi049.stdout:/usr/bin/ceph: stderr
2024-03-26T17:52:06.889+0000 7f44c2ffd700 1 -- 172.21.15.49:0/3877939832 <== mon.0 v2:172.21.15.49:3300/0 2 ==== config(27 keys) ==== 1109+0+0 (secure 0 0 0) 0x7f44c8011e50 con 0x7f44cc107ef0
2024-03-26T17:52:07.589 INFO:teuthology.orchestra.run.smithi049.stdout:/usr/bin/ceph: stderr
2024-03-26T17:52:06.889+0000 7f44d3c51700 1 -- 172.21.15.49:0/3877939832 --> [v2:172.21.15.49:3300/0,v1:172.21.15.49:6789/0] -- mon_subscribe({mgrmap=0+}) -- 0x7f44cc07ca60 con 0x7f44cc107ef0
2024-03-26T17:52:07.589 INFO:teuthology.orchestra.run.smithi049.stdout:/usr/bin/ceph: stderr
2024-03-26T17:52:06.889+0000 7f44c2ffd700 1 -- 172.21.15.49:0/3877939832 <== mon.0 v2:172.21.15.49:3300/0 3 ==== mon_map magic: 0 ==== 205+0+0 (secure 0 0 0) 0x7f44c8019550 con 0x7f44cc107ef0
2024-03-26T17:52:07.589 INFO:teuthology.orchestra.run.smithi049.stdout:/usr/bin/ceph: stderr
2024-03-26T17:52:06.889+0000 7f44d3c51700 1 -- 172.21.15.49:0/3877939832 --> [v2:172.21.15.49:3300/0,v1:172.21.15.49:6789/0] -- mon_subscribe({osdmap=0}) -- 0x7f44cc07cfa0 con 0x7f44cc107ef0
2024-03-26T17:52:07.589 INFO:teuthology.orchestra.run.smithi049.stdout:/usr/bin/ceph: stderr
2024-03-26T17:52:06.889+0000 7f44c2ffd700 1 -- 172.21.15.49:0/3877939832 <== mon.0 v2:172.21.15.49:3300/0 4 ==== mgrmap(e 4) ==== 46283+0+0 (secure 0 0 0) 0x7f44c8019850 con 0x7f44cc107ef0
2024-03-26T17:52:07.590 INFO:teuthology.orchestra.run.smithi049.stdout:/usr/bin/ceph: stderr
2024-03-26T17:52:06.890+0000 7f44c2ffd700 1 --2- 172.21.15.49:0/3877939832 >> [v2:172.21.15.49:6800/48778628,v1:172.21.15.49:6801/48778628] conn(0x7f44b80390e0 0x7f44b803b5a0 unknown :-1 s=NONE pgs=0 cs=0 l=1 rev1=0 crypto rx=0 tx=0 comp rx=0 tx=0).connect
2024-03-26T17:52:07.590 INFO:teuthology.orchestra.run.smithi049.stdout:/usr/bin/ceph: stderr
2024-03-26T17:52:06.890+0000 7f44c2ffd700 1 -- 172.21.15.49:0/3877939832 <== mon.0 v2:172.21.15.49:3300/0 5 ==== osd_map(1..1 src has 1..1) ==== 725+0+0 (secure 0 0 0) 0x7f44c804d3d0 con 0x7f44cc107ef0
2024-03-26T17:52:07.590 INFO:teuthology.orchestra.run.smithi049.stdout:/usr/bin/ceph: stderr
2024-03-26T17:52:06.890+0000 7f44d11ec700 1 --2- 172.21.15.49:0/3877939832 >> [v2:172.21.15.49:6800/48778628,v1:172.21.15.49:6801/48778628] conn(0x7f44b80390e0 0x7f44b803b5a0 unknown :-1 s=BANNER_CONNECTING pgs=0 cs=0 l=1 rev1=0 crypto rx=0 tx=0 comp rx=0 tx=0)._handle_peer_banner_payload supported=3 required=0
2024-03-26T17:52:07.590 INFO:teuthology.orchestra.run.smithi049.stdout:/usr/bin/ceph: stderr
2024-03-26T17:52:06.890+0000 7f44d3c51700 1 -- 172.21.15.49:0/3877939832 --> [v2:172.21.15.49:3300/0,v1:172.21.15.49:6789/0] -- mon_command({"prefix": "get_command_descriptions"} v 0) -- 0x7f44cc0694b0 con 0x7f44cc107ef0
2024-03-26T17:52:07.590 INFO:teuthology.orchestra.run.smithi049.stdout:/usr/bin/ceph: stderr
2024-03-26T17:52:06.890+0000 7f44d11ec700 1 --2- 172.21.15.49:0/3877939832 >> [v2:172.21.15.49:6800/48778628,v1:172.21.15.49:6801/48778628] conn(0x7f44b80390e0 0x7f44b803b5a0 secure :-1 s=READY pgs=7 cs=0 l=1 rev1=1 crypto rx=0x7f44bc006fd0 tx=0x7f44bc006e40 comp rx=0 tx=0).ready entity=mgr.14100 client_cookie=0 server_cookie=0 in_seq=0 out_seq=0
2024-03-26T17:52:07.590 INFO:teuthology.orchestra.run.smithi049.stdout:/usr/bin/ceph: stderr
2024-03-26T17:52:06.895+0000 7f44c2ffd700 1 -- 172.21.15.49:0/3877939832 <== mon.0 v2:172.21.15.49:3300/0 6 ==== mon_command_ack([{"prefix": "get_command_descriptions"}]=0 v0) ==== 72+0+186149 (secure 0 0 0) 0x7f44c804cdf0 con 0x7f44cc107ef0
2024-03-26T17:52:07.590 INFO:teuthology.orchestra.run.smithi049.stdout:/usr/bin/ceph: stderr
2024-03-26T17:52:07.097+0000 7f44d3c51700 1 -- 172.21.15.49:0/3877939832 --> [v2:172.21.15.49:3300/0,v1:172.21.15.49:6789/0] -- mon_command({"prefix": "config assimilate-conf"} v 0) -- 0x7f44cc07d8d0 con 0x7f44cc107ef0
2024-03-26T17:52:07.590 INFO:teuthology.orchestra.run.smithi049.stdout:/usr/bin/ceph: stderr
2024-03-26T17:52:07.098+0000 7f44c2ffd700 1 -- 172.21.15.49:0/3877939832 <== mon.0 v2:172.21.15.49:3300/0 7 ==== mon_command_ack([{"prefix": "config assimilate-conf"}]=0 v3) ==== 70+0+373 (secure 0 0 0) 0x7f44c8016dc0 con 0x7f44cc107ef0
2024-03-26T17:52:07.590 INFO:teuthology.orchestra.run.smithi049.stdout:/usr/bin/ceph: stderr
2024-03-26T17:52:07.100+0000 7f44d3c51700 1 -- 172.21.15.49:0/3877939832 >> [v2:172.21.15.49:6800/48778628,v1:172.21.15.49:6801/48778628] conn(0x7f44b80390e0 msgr2=0x7f44b803b5a0 secure :-1 s=STATE_CONNECTION_ESTABLISHED l=1).mark_down
2024-03-26T17:52:07.590 INFO:teuthology.orchestra.run.smithi049.stdout:/usr/bin/ceph: stderr
2024-03-26T17:52:07.100+0000 7f44d3c51700 1 --2- 172.21.15.49:0/3877939832 >> [v2:172.21.15.49:6800/48778628,v1:172.21.15.49:6801/48778628] conn(0x7f44b80390e0 0x7f44b803b5a0 secure :-1 s=READY pgs=7 cs=0 l=1 rev1=1 crypto rx=0x7f44bc006fd0 tx=0x7f44bc006e40 comp rx=0 tx=0).stop
2024-03-26T17:52:07.590 INFO:teuthology.orchestra.run.smithi049.stdout:/usr/bin/ceph: stderr
2024-03-26T17:52:07.100+0000 7f44d3c51700 1 -- 172.21.15.49:0/3877939832 >> [v2:172.21.15.49:3300/0,v1:172.21.15.49:6789/0] conn(0x7f44cc107ef0 msgr2=0x7f44cc07e330 secure :-1 s=STATE_CONNECTION_ESTABLISHED l=1).mark_down
2024-03-26T17:52:07.590 INFO:teuthology.orchestra.run.smithi049.stdout:/usr/bin/ceph: stderr
2024-03-26T17:52:07.100+0000 7f44d3c51700 1 --2- 172.21.15.49:0/3877939832 >> [v2:172.21.15.49:3300/0,v1:172.21.15.49:6789/0] conn(0x7f44cc107ef0 0x7f44cc07e330 secure :-1 s=READY pgs=21 cs=0 l=1 rev1=1 crypto rx=0x7f44c8009fb0 tx=0x7f44c8011bf0 comp rx=0 tx=0).stop
2024-03-26T17:52:07.590 INFO:teuthology.orchestra.run.smithi049.stdout:/usr/bin/ceph: stderr
2024-03-26T17:52:07.100+0000 7f44d3c51700 1 -- 172.21.15.49:0/3877939832 shutdown_connections
2024-03-26T17:52:07.591 INFO:teuthology.orchestra.run.smithi049.stdout:/usr/bin/ceph: stderr
2024-03-26T17:52:07.100+0000 7f44d3c51700 1 --2- 172.21.15.49:0/3877939832 >> [v2:172.21.15.49:6800/48778628,v1:172.21.15.49:6801/48778628] conn(0x7f44b80390e0 0x7f44b803b5a0 unknown :-1 s=CLOSED pgs=7 cs=0 l=1 rev1=1 crypto rx=0 tx=0 comp rx=0 tx=0).stop
2024-03-26T17:52:07.591 INFO:teuthology.orchestra.run.smithi049.stdout:/usr/bin/ceph: stderr
2024-03-26T17:52:07.100+0000 7f44d3c51700 1 --2- 172.21.15.49:0/3877939832 >> [v2:172.21.15.49:3300/0,v1:172.21.15.49:6789/0] conn(0x7f44cc107ef0 0x7f44cc07e330 unknown :-1 s=CLOSED pgs=21 cs=0 l=1 rev1=1 crypto rx=0 tx=0 comp rx=0 tx=0).stop
2024-03-26T17:52:07.591 INFO:teuthology.orchestra.run.smithi049.stdout:/usr/bin/ceph: stderr
2024-03-26T17:52:07.100+0000 7f44d3c51700 1 -- 172.21.15.49:0/3877939832 >> 172.21.15.49:0/3877939832 conn(0x7f44cc103500 msgr2=0x7f44cc104040 unknown :-1 s=STATE_NONE l=0).mark_down
2024-03-26T17:52:07.591 INFO:teuthology.orchestra.run.smithi049.stdout:/usr/bin/ceph: stderr
2024-03-26T17:52:07.100+0000 7f44d3c51700 1 -- 172.21.15.49:0/3877939832 shutdown_connections
2024-03-26T17:52:07.591 INFO:teuthology.orchestra.run.smithi049.stdout:/usr/bin/ceph: stderr
2024-03-26T17:52:07.100+0000 7f44d3c51700 1 -- 172.21.15.49:0/3877939832 wait complete.
2024-03-26T17:52:07.591 INFO:teuthology.orchestra.run.smithi049.stdout:Enabling cephadm module...
2024-03-26T17:52:08.649 INFO:journalctl@ceph.mon.a.smithi049.stdout:Mar 26 17:52:08 smithi049 ceph-mon[32331]: from='client.? 172.21.15.49:0/2488410281' entity='client.admin' cmd=[{"prefix": "mgr module enable", "module": "cephadm"}]: dispatch
2024-03-26T17:52:08.649 INFO:journalctl@ceph.mgr.x.smithi049.stdout:Mar 26 17:52:08 smithi049 ceph-5a3632a4-eb99-11ee-95d0-87774f69a715-mgr-x[32562]: ignoring --setuser ceph since I am not root
2024-03-26T17:52:08.649 INFO:journalctl@ceph.mgr.x.smithi049.stdout:Mar 26 17:52:08 smithi049 ceph-5a3632a4-eb99-11ee-95d0-87774f69a715-mgr-x[32562]: ignoring --setgroup ceph since I am not root
2024-03-26T17:52:08.899 INFO:teuthology.orchestra.run.smithi049.stdout:/usr/bin/ceph: stderr
2024-03-26T17:52:08.003+0000 7f15eaba1700 1 Processor -- start
2024-03-26T17:52:08.899 INFO:teuthology.orchestra.run.smithi049.stdout:/usr/bin/ceph: stderr
2024-03-26T17:52:08.003+0000 7f15eaba1700 1 -- start start
2024-03-26T17:52:08.899 INFO:teuthology.orchestra.run.smithi049.stdout:/usr/bin/ceph: stderr
2024-03-26T17:52:08.003+0000 7f15eaba1700 1 --2- >> [v2:172.21.15.49:3300/0,v1:172.21.15.49:6789/0] conn(0x7f15e407e5f0 0x7f15e407caa0 unknown :-1 s=NONE pgs=0 cs=0 l=0 rev1=0 crypto rx=0 tx=0 comp rx=0 tx=0).connect
2024-03-26T17:52:08.899 INFO:teuthology.orchestra.run.smithi049.stdout:/usr/bin/ceph: stderr
2024-03-26T17:52:08.003+0000 7f15eaba1700 1 -- --> [v2:172.21.15.49:3300/0,v1:172.21.15.49:6789/0] -- mon_getmap magic: 0 -- 0x7f15e407cfe0 con 0x7f15e407e5f0
2024-03-26T17:52:08.899 INFO:teuthology.orchestra.run.smithi049.stdout:/usr/bin/ceph: stderr
2024-03-26T17:52:08.004+0000 7f15e9b9f700 1 --2- >> [v2:172.21.15.49:3300/0,v1:172.21.15.49:6789/0] conn(0x7f15e407e5f0 0x7f15e407caa0 unknown :-1 s=BANNER_CONNECTING pgs=0 cs=0 l=0 rev1=0 crypto rx=0 tx=0 comp rx=0 tx=0)._handle_peer_banner_payload supported=3 required=0
2024-03-26T17:52:08.899 INFO:teuthology.orchestra.run.smithi049.stdout:/usr/bin/ceph: stderr
2024-03-26T17:52:08.004+0000 7f15e9b9f700 1 --2- >> [v2:172.21.15.49:3300/0,v1:172.21.15.49:6789/0] conn(0x7f15e407e5f0 0x7f15e407caa0 unknown :-1 s=HELLO_CONNECTING pgs=0 cs=0 l=0 rev1=1 crypto rx=0 tx=0 comp rx=0 tx=0).handle_hello peer v2:172.21.15.49:3300/0 says I am v2:172.21.15.49:48396/0 (socket says 172.21.15.49:48396)
2024-03-26T17:52:08.899 INFO:teuthology.orchestra.run.smithi049.stdout:/usr/bin/ceph: stderr
2024-03-26T17:52:08.004+0000 7f15e9b9f700 1 -- 172.21.15.49:0/1118367281 learned_addr learned my addr 172.21.15.49:0/1118367281 (peer_addr_for_me v2:172.21.15.49:0/0)
2024-03-26T17:52:08.899 INFO:teuthology.orchestra.run.smithi049.stdout:/usr/bin/ceph: stderr
2024-03-26T17:52:08.004+0000 7f15e9b9f700 1 -- 172.21.15.49:0/1118367281 --> [v2:172.21.15.49:3300/0,v1:172.21.15.49:6789/0] -- mon_subscribe({config=0+,monmap=0+}) -- 0x7f15e407d160 con 0x7f15e407e5f0
2024-03-26T17:52:08.899 INFO:teuthology.orchestra.run.smithi049.stdout:/usr/bin/ceph: stderr
2024-03-26T17:52:08.004+0000 7f15e9b9f700 1 --2- 172.21.15.49:0/1118367281 >> [v2:172.21.15.49:3300/0,v1:172.21.15.49:6789/0] conn(0x7f15e407e5f0 0x7f15e407caa0 secure :-1 s=READY pgs=22 cs=0 l=1 rev1=1 crypto rx=0x7f15e00098a0 tx=0x7f15e0009bb0 comp rx=0 tx=0).ready entity=mon.0 client_cookie=a5b428a716e3ec6f server_cookie=0 in_seq=0 out_seq=0
2024-03-26T17:52:08.899 INFO:teuthology.orchestra.run.smithi049.stdout:/usr/bin/ceph: stderr
2024-03-26T17:52:08.004+0000 7f15e8b9d700 1 -- 172.21.15.49:0/1118367281 <== mon.0 v2:172.21.15.49:3300/0 1 ==== mon_map magic: 0 ==== 205+0+0 (secure 0 0 0) 0x7f15e0004160 con 0x7f15e407e5f0
2024-03-26T17:52:08.899 INFO:teuthology.orchestra.run.smithi049.stdout:/usr/bin/ceph: stderr
2024-03-26T17:52:08.004+0000 7f15e8b9d700 1 -- 172.21.15.49:0/1118367281 <== mon.0 v2:172.21.15.49:3300/0 2 ==== config(27 keys) ==== 1109+0+0 (secure 0 0 0) 0x7f15e0004300 con 0x7f15e407e5f0
2024-03-26T17:52:08.900 INFO:teuthology.orchestra.run.smithi049.stdout:/usr/bin/ceph: stderr
2024-03-26T17:52:08.004+0000 7f15e8b9d700 1 -- 172.21.15.49:0/1118367281 <== mon.0 v2:172.21.15.49:3300/0 3 ==== mon_map magic: 0 ==== 205+0+0 (secure 0 0 0) 0x7f15e0011b50 con 0x7f15e407e5f0
2024-03-26T17:52:08.900 INFO:teuthology.orchestra.run.smithi049.stdout:/usr/bin/ceph: stderr
2024-03-26T17:52:08.005+0000 7f15eaba1700 1 -- 172.21.15.49:0/1118367281 >> [v2:172.21.15.49:3300/0,v1:172.21.15.49:6789/0] conn(0x7f15e407e5f0 msgr2=0x7f15e407caa0 secure :-1 s=STATE_CONNECTION_ESTABLISHED l=1).mark_down
2024-03-26T17:52:08.900 INFO:teuthology.orchestra.run.smithi049.stdout:/usr/bin/ceph: stderr
2024-03-26T17:52:08.005+0000 7f15eaba1700 1 --2- 172.21.15.49:0/1118367281 >> [v2:172.21.15.49:3300/0,v1:172.21.15.49:6789/0] conn(0x7f15e407e5f0 0x7f15e407caa0 secure :-1 s=READY pgs=22 cs=0 l=1 rev1=1 crypto rx=0x7f15e00098a0 tx=0x7f15e0009bb0 comp rx=0 tx=0).stop
2024-03-26T17:52:08.900 INFO:teuthology.orchestra.run.smithi049.stdout:/usr/bin/ceph: stderr
2024-03-26T17:52:08.005+0000 7f15eaba1700 1 -- 172.21.15.49:0/1118367281 shutdown_connections
2024-03-26T17:52:08.900 INFO:teuthology.orchestra.run.smithi049.stdout:/usr/bin/ceph: stderr
2024-03-26T17:52:08.005+0000 7f15eaba1700 1 --2- 172.21.15.49:0/1118367281 >> [v2:172.21.15.49:3300/0,v1:172.21.15.49:6789/0] conn(0x7f15e407e5f0 0x7f15e407caa0 unknown :-1 s=CLOSED pgs=22 cs=0 l=1 rev1=1 crypto rx=0 tx=0 comp rx=0 tx=0).stop
2024-03-26T17:52:08.900 INFO:teuthology.orchestra.run.smithi049.stdout:/usr/bin/ceph: stderr
2024-03-26T17:52:08.005+0000 7f15eaba1700 1 -- 172.21.15.49:0/1118367281 >> 172.21.15.49:0/1118367281 conn(0x7f15e4103390 msgr2=0x7f15e41057b0 unknown :-1 s=STATE_NONE l=0).mark_down
2024-03-26T17:52:08.900 INFO:teuthology.orchestra.run.smithi049.stdout:/usr/bin/ceph: stderr
2024-03-26T17:52:08.005+0000 7f15eaba1700 1 -- 172.21.15.49:0/1118367281 shutdown_connections
2024-03-26T17:52:08.900 INFO:teuthology.orchestra.run.smithi049.stdout:/usr/bin/ceph: stderr
2024-03-26T17:52:08.005+0000 7f15eaba1700 1 -- 172.21.15.49:0/1118367281 wait complete.
2024-03-26T17:52:08.900 INFO:teuthology.orchestra.run.smithi049.stdout:/usr/bin/ceph: stderr
2024-03-26T17:52:08.006+0000 7f15eaba1700 1 Processor -- start
2024-03-26T17:52:08.900 INFO:teuthology.orchestra.run.smithi049.stdout:/usr/bin/ceph: stderr
2024-03-26T17:52:08.006+0000 7f15eaba1700 1 -- start start
2024-03-26T17:52:08.900 INFO:teuthology.orchestra.run.smithi049.stdout:/usr/bin/ceph: stderr
2024-03-26T17:52:08.006+0000 7f15eaba1700 1 --2- >> [v2:172.21.15.49:3300/0,v1:172.21.15.49:6789/0] conn(0x7f15e407e5f0 0x7f15e419df40 unknown :-1 s=NONE pgs=0 cs=0 l=1 rev1=0 crypto rx=0 tx=0 comp rx=0 tx=0).connect
2024-03-26T17:52:08.900 INFO:teuthology.orchestra.run.smithi049.stdout:/usr/bin/ceph: stderr
2024-03-26T17:52:08.006+0000 7f15eaba1700 1 -- --> [v2:172.21.15.49:3300/0,v1:172.21.15.49:6789/0] -- mon_getmap magic: 0 -- 0x7f15e410e360 con 0x7f15e407e5f0
2024-03-26T17:52:08.901 INFO:teuthology.orchestra.run.smithi049.stdout:/usr/bin/ceph: stderr
2024-03-26T17:52:08.006+0000 7f15e9b9f700 1 --2- >> [v2:172.21.15.49:3300/0,v1:172.21.15.49:6789/0] conn(0x7f15e407e5f0 0x7f15e419df40 unknown :-1 s=BANNER_CONNECTING pgs=0 cs=0 l=1 rev1=0 crypto rx=0 tx=0 comp rx=0 tx=0)._handle_peer_banner_payload supported=3 required=0
2024-03-26T17:52:08.901 INFO:teuthology.orchestra.run.smithi049.stdout:/usr/bin/ceph: stderr
2024-03-26T17:52:08.006+0000 7f15e9b9f700 1 --2- >> [v2:172.21.15.49:3300/0,v1:172.21.15.49:6789/0] conn(0x7f15e407e5f0 0x7f15e419df40 unknown :-1 s=HELLO_CONNECTING pgs=0 cs=0 l=1 rev1=1 crypto rx=0 tx=0 comp rx=0 tx=0).handle_hello peer v2:172.21.15.49:3300/0 says I am v2:172.21.15.49:48412/0 (socket says 172.21.15.49:48412)
2024-03-26T17:52:08.901 INFO:teuthology.orchestra.run.smithi049.stdout:/usr/bin/ceph: stderr
2024-03-26T17:52:08.006+0000 7f15e9b9f700 1 -- 172.21.15.49:0/2488410281 learned_addr learned my addr 172.21.15.49:0/2488410281 (peer_addr_for_me v2:172.21.15.49:0/0)
2024-03-26T17:52:08.901 INFO:teuthology.orchestra.run.smithi049.stdout:/usr/bin/ceph: stderr
2024-03-26T17:52:08.006+0000 7f15e9b9f700 1 -- 172.21.15.49:0/2488410281 --> [v2:172.21.15.49:3300/0,v1:172.21.15.49:6789/0] -- mon_subscribe({config=0+,monmap=0+}) -- 0x7f15e419e480 con 0x7f15e407e5f0
2024-03-26T17:52:08.901 INFO:teuthology.orchestra.run.smithi049.stdout:/usr/bin/ceph: stderr
2024-03-26T17:52:08.006+0000 7f15e9b9f700 1 --2- 172.21.15.49:0/2488410281 >> [v2:172.21.15.49:3300/0,v1:172.21.15.49:6789/0] conn(0x7f15e407e5f0 0x7f15e419df40 secure :-1 s=READY pgs=23 cs=0 l=1 rev1=1 crypto rx=0x7f15e0011b60 tx=0x7f15e0011c40 comp rx=0 tx=0).ready entity=mon.0 client_cookie=0 server_cookie=0 in_seq=0 out_seq=0
2024-03-26T17:52:08.901 INFO:teuthology.orchestra.run.smithi049.stdout:/usr/bin/ceph: stderr
2024-03-26T17:52:08.006+0000 7f15daffd700 1 -- 172.21.15.49:0/2488410281 <== mon.0 v2:172.21.15.49:3300/0 1 ==== mon_map magic: 0 ==== 205+0+0 (secure 0 0 0) 0x7f15e0003970 con 0x7f15e407e5f0
2024-03-26T17:52:08.901 INFO:teuthology.orchestra.run.smithi049.stdout:/usr/bin/ceph: stderr
2024-03-26T17:52:08.006+0000 7f15daffd700 1 -- 172.21.15.49:0/2488410281 <== mon.0 v2:172.21.15.49:3300/0 2 ==== config(27 keys) ==== 1109+0+0 (secure 0 0 0) 0x7f15e0003b10 con 0x7f15e407e5f0
2024-03-26T17:52:08.901 INFO:teuthology.orchestra.run.smithi049.stdout:/usr/bin/ceph: stderr
2024-03-26T17:52:08.006+0000 7f15eaba1700 1 -- 172.21.15.49:0/2488410281 --> [v2:172.21.15.49:3300/0,v1:172.21.15.49:6789/0] -- mon_subscribe({mgrmap=0+}) -- 0x7f15e419e710 con 0x7f15e407e5f0
2024-03-26T17:52:08.901 INFO:teuthology.orchestra.run.smithi049.stdout:/usr/bin/ceph: stderr
2024-03-26T17:52:08.006+0000 7f15daffd700 1 -- 172.21.15.49:0/2488410281 <== mon.0 v2:172.21.15.49:3300/0 3 ==== mon_map magic: 0 ==== 205+0+0 (secure 0 0 0) 0x7f15e0024610 con 0x7f15e407e5f0
2024-03-26T17:52:08.901 INFO:teuthology.orchestra.run.smithi049.stdout:/usr/bin/ceph: stderr
2024-03-26T17:52:08.007+0000 7f15eaba1700 1 -- 172.21.15.49:0/2488410281 --> [v2:172.21.15.49:3300/0,v1:172.21.15.49:6789/0] -- mon_subscribe({osdmap=0}) -- 0x7f15e41a1400 con 0x7f15e407e5f0
2024-03-26T17:52:08.901 INFO:teuthology.orchestra.run.smithi049.stdout:/usr/bin/ceph: stderr
2024-03-26T17:52:08.008+0000 7f15daffd700 1 -- 172.21.15.49:0/2488410281 <== mon.0 v2:172.21.15.49:3300/0 4 ==== mgrmap(e 4) ==== 46283+0+0 (secure 0 0 0) 0x7f15e001a430 con 0x7f15e407e5f0
2024-03-26T17:52:08.901 INFO:teuthology.orchestra.run.smithi049.stdout:/usr/bin/ceph: stderr
2024-03-26T17:52:08.008+0000 7f15eaba1700 1 -- 172.21.15.49:0/2488410281 --> [v2:172.21.15.49:3300/0,v1:172.21.15.49:6789/0] -- mon_command({"prefix": "get_command_descriptions"} v 0) -- 0x7f15e40694b0 con 0x7f15e407e5f0
2024-03-26T17:52:08.901 INFO:teuthology.orchestra.run.smithi049.stdout:/usr/bin/ceph: stderr
2024-03-26T17:52:08.008+0000 7f15daffd700 1 --2- 172.21.15.49:0/2488410281 >> [v2:172.21.15.49:6800/48778628,v1:172.21.15.49:6801/48778628] conn(0x7f15d0039180 0x7f15d003b640 unknown :-1 s=NONE pgs=0 cs=0 l=1 rev1=0 crypto rx=0 tx=0 comp rx=0 tx=0).connect
2024-03-26T17:52:08.901 INFO:teuthology.orchestra.run.smithi049.stdout:/usr/bin/ceph: stderr
2024-03-26T17:52:08.008+0000 7f15daffd700 1 -- 172.21.15.49:0/2488410281 <== mon.0 v2:172.21.15.49:3300/0 5 ==== osd_map(1..1 src has 1..1) ==== 725+0+0 (secure 0 0 0) 0x7f15e0011e00 con 0x7f15e407e5f0
2024-03-26T17:52:08.902 INFO:teuthology.orchestra.run.smithi049.stdout:/usr/bin/ceph: stderr
2024-03-26T17:52:08.008+0000 7f15e939e700 1 --2- 172.21.15.49:0/2488410281 >> [v2:172.21.15.49:6800/48778628,v1:172.21.15.49:6801/48778628] conn(0x7f15d0039180 0x7f15d003b640 unknown :-1 s=BANNER_CONNECTING pgs=0 cs=0 l=1 rev1=0 crypto rx=0 tx=0 comp rx=0 tx=0)._handle_peer_banner_payload supported=3 required=0
2024-03-26T17:52:08.902 INFO:teuthology.orchestra.run.smithi049.stdout:/usr/bin/ceph: stderr
2024-03-26T17:52:08.008+0000 7f15e939e700 1 --2- 172.21.15.49:0/2488410281 >> [v2:172.21.15.49:6800/48778628,v1:172.21.15.49:6801/48778628] conn(0x7f15d0039180 0x7f15d003b640 secure :-1 s=READY pgs=8 cs=0 l=1 rev1=1 crypto rx=0x7f15d4006fd0 tx=0x7f15d4006e40 comp rx=0 tx=0).ready entity=mgr.14100 client_cookie=0 server_cookie=0 in_seq=0 out_seq=0
2024-03-26T17:52:08.902 INFO:teuthology.orchestra.run.smithi049.stdout:/usr/bin/ceph: stderr
2024-03-26T17:52:08.013+0000 7f15daffd700 1 -- 172.21.15.49:0/2488410281 <== mon.0 v2:172.21.15.49:3300/0 6 ==== mon_command_ack([{"prefix": "get_command_descriptions"}]=0 v0) ==== 72+0+186149 (secure 0 0 0) 0x7f15e0022db0 con 0x7f15e407e5f0
2024-03-26T17:52:08.902 INFO:teuthology.orchestra.run.smithi049.stdout:/usr/bin/ceph: stderr
2024-03-26T17:52:08.274+0000 7f15eaba1700 1 -- 172.21.15.49:0/2488410281 --> [v2:172.21.15.49:3300/0,v1:172.21.15.49:6789/0] -- mon_command({"prefix": "mgr module enable", "module": "cephadm"} v 0) -- 0x7f15e41a15d0 con 0x7f15e407e5f0
2024-03-26T17:52:08.902 INFO:teuthology.orchestra.run.smithi049.stdout:/usr/bin/ceph: stderr
2024-03-26T17:52:08.325+0000 7f15daffd700 1 -- 172.21.15.49:0/2488410281 <== mon.0 v2:172.21.15.49:3300/0 7 ==== mon_command_ack([{"prefix": "mgr module enable", "module": "cephadm"}]=0 v5) ==== 86+0+0 (secure 0 0 0) 0x7f15e001a9f0 con 0x7f15e407e5f0
2024-03-26T17:52:08.902 INFO:teuthology.orchestra.run.smithi049.stdout:/usr/bin/ceph: stderr
2024-03-26T17:52:08.327+0000 7f15daffd700 1 -- 172.21.15.49:0/2488410281 <== mon.0 v2:172.21.15.49:3300/0 8 ==== mgrmap(e 5) ==== 46294+0+0 (secure 0 0 0) 0x7f15e0016ca0 con 0x7f15e407e5f0
2024-03-26T17:52:08.902 INFO:teuthology.orchestra.run.smithi049.stdout:/usr/bin/ceph: stderr
2024-03-26T17:52:08.328+0000 7f15eaba1700 1 -- 172.21.15.49:0/2488410281 >> [v2:172.21.15.49:6800/48778628,v1:172.21.15.49:6801/48778628] conn(0x7f15d0039180 msgr2=0x7f15d003b640 secure :-1 s=STATE_CONNECTION_ESTABLISHED l=1).mark_down
2024-03-26T17:52:08.902 INFO:teuthology.orchestra.run.smithi049.stdout:/usr/bin/ceph: stderr
2024-03-26T17:52:08.328+0000 7f15eaba1700 1 --2- 172.21.15.49:0/2488410281 >> [v2:172.21.15.49:6800/48778628,v1:172.21.15.49:6801/48778628] conn(0x7f15d0039180 0x7f15d003b640 secure :-1 s=READY pgs=8 cs=0 l=1 rev1=1 crypto rx=0x7f15d4006fd0 tx=0x7f15d4006e40 comp rx=0 tx=0).stop
2024-03-26T17:52:08.902 INFO:teuthology.orchestra.run.smithi049.stdout:/usr/bin/ceph: stderr
2024-03-26T17:52:08.328+0000 7f15eaba1700 1 -- 172.21.15.49:0/2488410281 >> [v2:172.21.15.49:3300/0,v1:172.21.15.49:6789/0] conn(0x7f15e407e5f0 msgr2=0x7f15e419df40 secure :-1 s=STATE_CONNECTION_ESTABLISHED l=1).mark_down
2024-03-26T17:52:08.902 INFO:teuthology.orchestra.run.smithi049.stdout:/usr/bin/ceph: stderr
2024-03-26T17:52:08.328+0000 7f15eaba1700 1 --2- 172.21.15.49:0/2488410281 >> [v2:172.21.15.49:3300/0,v1:172.21.15.49:6789/0] conn(0x7f15e407e5f0 0x7f15e419df40 secure :-1 s=READY pgs=23 cs=0 l=1 rev1=1 crypto rx=0x7f15e0011b60 tx=0x7f15e0011c40 comp rx=0 tx=0).stop
2024-03-26T17:52:08.902 INFO:teuthology.orchestra.run.smithi049.stdout:/usr/bin/ceph: stderr
2024-03-26T17:52:08.328+0000 7f15eaba1700 1 -- 172.21.15.49:0/2488410281 shutdown_connections
2024-03-26T17:52:08.902 INFO:teuthology.orchestra.run.smithi049.stdout:/usr/bin/ceph: stderr
2024-03-26T17:52:08.328+0000 7f15eaba1700 1 --2- 172.21.15.49:0/2488410281 >> [v2:172.21.15.49:6800/48778628,v1:172.21.15.49:6801/48778628] conn(0x7f15d0039180 0x7f15d003b640 unknown :-1 s=CLOSED pgs=8 cs=0 l=1 rev1=1 crypto rx=0 tx=0 comp rx=0 tx=0).stop
2024-03-26T17:52:08.903 INFO:teuthology.orchestra.run.smithi049.stdout:/usr/bin/ceph: stderr
2024-03-26T17:52:08.328+0000 7f15eaba1700 1 --2- 172.21.15.49:0/2488410281 >> [v2:172.21.15.49:3300/0,v1:172.21.15.49:6789/0] conn(0x7f15e407e5f0 0x7f15e419df40 unknown :-1 s=CLOSED pgs=23 cs=0 l=1 rev1=1 crypto rx=0 tx=0 comp rx=0 tx=0).stop
2024-03-26T17:52:08.903 INFO:teuthology.orchestra.run.smithi049.stdout:/usr/bin/ceph: stderr
2024-03-26T17:52:08.328+0000 7f15eaba1700 1 -- 172.21.15.49:0/2488410281 >> 172.21.15.49:0/2488410281 conn(0x7f15e4103390 msgr2=0x7f15e4103f30 unknown :-1 s=STATE_NONE l=0).mark_down
2024-03-26T17:52:08.903 INFO:teuthology.orchestra.run.smithi049.stdout:/usr/bin/ceph: stderr
2024-03-26T17:52:08.328+0000 7f15eaba1700 1 -- 172.21.15.49:0/2488410281 shutdown_connections
2024-03-26T17:52:08.903 INFO:teuthology.orchestra.run.smithi049.stdout:/usr/bin/ceph: stderr
2024-03-26T17:52:08.328+0000 7f15eaba1700 1 -- 172.21.15.49:0/2488410281 wait complete.
2024-03-26T17:52:08.994 INFO:journalctl@ceph.mgr.x.smithi049.stdout:Mar 26 17:52:08 smithi049 ceph-5a3632a4-eb99-11ee-95d0-87774f69a715-mgr-x[32562]:
2024-03-26T17:52:08.902+0000 7f06a8368200 -1 mgr[py] Module osd_perf_query has missing NOTIFY_TYPES member
2024-03-26T17:52:08.994 INFO:journalctl@ceph.mgr.x.smithi049.stdout:Mar 26 17:52:09 smithi049 ceph-5a3632a4-eb99-11ee-95d0-87774f69a715-mgr-x[32562]:
2024-03-26T17:52:09.003+0000 7f06a8368200 -1 mgr[py] Module snap_schedule has missing NOTIFY_TYPES member
2024-03-26T17:52:09.511 INFO:journalctl@ceph.mon.a.smithi049.stdout:Mar 26 17:52:09 smithi049 ceph-mon[32331]: from='client.? 172.21.15.49:0/2488410281' entity='client.admin' cmd='[{"prefix": "mgr module enable", "module": "cephadm"}]': finished
2024-03-26T17:52:09.511 INFO:journalctl@ceph.mon.a.smithi049.stdout:Mar 26 17:52:09 smithi049 ceph-mon[32331]: mgrmap e5: x(active, since 11s)
2024-03-26T17:52:09.929 INFO:journalctl@ceph.mgr.x.smithi049.stdout:Mar 26 17:52:09 smithi049 ceph-5a3632a4-eb99-11ee-95d0-87774f69a715-mgr-x[32562]:
2024-03-26T17:52:09.691+0000 7f06a8368200 -1 mgr[py] Module zabbix has missing NOTIFY_TYPES member
2024-03-26T17:52:09.929 INFO:journalctl@ceph.mgr.x.smithi049.stdout:Mar 26 17:52:09 smithi049 ceph-5a3632a4-eb99-11ee-95d0-87774f69a715-mgr-x[32562]:
2024-03-26T17:52:09.789+0000 7f06a8368200 -1 mgr[py] Module balancer has missing NOTIFY_TYPES member
2024-03-26T17:52:09.929 INFO:journalctl@ceph.mgr.x.smithi049.stdout:Mar 26 17:52:09 smithi049 ceph-5a3632a4-eb99-11ee-95d0-87774f69a715-mgr-x[32562]:
2024-03-26T17:52:09.936+0000 7f06a8368200 -1 mgr[py] Module influx has missing NOTIFY_TYPES member
2024-03-26T17:52:10.214 INFO:journalctl@ceph.mgr.x.smithi049.stdout:Mar 26 17:52:10 smithi049 ceph-5a3632a4-eb99-11ee-95d0-87774f69a715-mgr-x[32562]:
2024-03-26T17:52:10.036+0000 7f06a8368200 -1 mgr[py] Module alerts has missing NOTIFY_TYPES member
2024-03-26T17:52:10.214 INFO:journalctl@ceph.mgr.x.smithi049.stdout:Mar 26 17:52:10 smithi049 ceph-5a3632a4-eb99-11ee-95d0-87774f69a715-mgr-x[32562]:
2024-03-26T17:52:10.122+0000 7f06a8368200 -1 mgr[py] Module iostat has missing NOTIFY_TYPES member
2024-03-26T17:52:10.222 INFO:teuthology.orchestra.run.smithi049.stdout:/usr/bin/ceph: stdout {
2024-03-26T17:52:10.222 INFO:teuthology.orchestra.run.smithi049.stdout:/usr/bin/ceph: stdout "epoch": 5,
2024-03-26T17:52:10.223 INFO:teuthology.orchestra.run.smithi049.stdout:/usr/bin/ceph: stdout "available": true,
2024-03-26T17:52:10.223 INFO:teuthology.orchestra.run.smithi049.stdout:/usr/bin/ceph: stdout "active_name": "x",
2024-03-26T17:52:10.223 INFO:teuthology.orchestra.run.smithi049.stdout:/usr/bin/ceph: stdout "num_standby": 0
2024-03-26T17:52:10.223 INFO:teuthology.orchestra.run.smithi049.stdout:/usr/bin/ceph: stdout }
2024-03-26T17:52:10.223 INFO:teuthology.orchestra.run.smithi049.stdout:/usr/bin/ceph: stderr
2024-03-26T17:52:09.371+0000 7f93c919d700 1 Processor -- start
2024-03-26T17:52:10.223 INFO:teuthology.orchestra.run.smithi049.stdout:/usr/bin/ceph: stderr
2024-03-26T17:52:09.371+0000 7f93c919d700 1 -- start start
2024-03-26T17:52:10.223 INFO:teuthology.orchestra.run.smithi049.stdout:/usr/bin/ceph: stderr
2024-03-26T17:52:09.372+0000 7f93c919d700 1 --2- >> [v2:172.21.15.49:3300/0,v1:172.21.15.49:6789/0] conn(0x7f93c41087b0 0x7f93c410aba0 unknown :-1 s=NONE pgs=0 cs=0 l=0 rev1=0 crypto rx=0 tx=0 comp rx=0 tx=0).connect
2024-03-26T17:52:10.223 INFO:teuthology.orchestra.run.smithi049.stdout:/usr/bin/ceph: stderr
2024-03-26T17:52:09.372+0000 7f93c919d700 1 -- --> [v2:172.21.15.49:3300/0,v1:172.21.15.49:6789/0] -- mon_getmap magic: 0 -- 0x7f93c407c620 con 0x7f93c41087b0
2024-03-26T17:52:10.223 INFO:teuthology.orchestra.run.smithi049.stdout:/usr/bin/ceph: stderr
2024-03-26T17:52:09.372+0000 7f93c3fff700 1 --2- >> [v2:172.21.15.49:3300/0,v1:172.21.15.49:6789/0] conn(0x7f93c41087b0 0x7f93c410aba0 unknown :-1 s=BANNER_CONNECTING pgs=0 cs=0 l=0 rev1=0 crypto rx=0 tx=0 comp rx=0 tx=0)._handle_peer_banner_payload supported=3 required=0
2024-03-26T17:52:10.223 INFO:teuthology.orchestra.run.smithi049.stdout:/usr/bin/ceph: stderr
2024-03-26T17:52:09.372+0000 7f93c3fff700 1 --2- >> [v2:172.21.15.49:3300/0,v1:172.21.15.49:6789/0] conn(0x7f93c41087b0 0x7f93c410aba0 unknown :-1 s=HELLO_CONNECTING pgs=0 cs=0 l=0 rev1=1 crypto rx=0 tx=0 comp rx=0 tx=0).handle_hello peer v2:172.21.15.49:3300/0 says I am v2:172.21.15.49:58826/0 (socket says 172.21.15.49:58826)
2024-03-26T17:52:10.223 INFO:teuthology.orchestra.run.smithi049.stdout:/usr/bin/ceph: stderr
2024-03-26T17:52:09.372+0000 7f93c3fff700 1 -- 172.21.15.49:0/2395045637 learned_addr learned my addr 172.21.15.49:0/2395045637 (peer_addr_for_me v2:172.21.15.49:0/0)
2024-03-26T17:52:10.223 INFO:teuthology.orchestra.run.smithi049.stdout:/usr/bin/ceph: stderr
2024-03-26T17:52:09.372+0000 7f93c3fff700 1 -- 172.21.15.49:0/2395045637 --> [v2:172.21.15.49:3300/0,v1:172.21.15.49:6789/0] -- mon_subscribe({config=0+,monmap=0+}) -- 0x7f93c410b0e0 con 0x7f93c41087b0
2024-03-26T17:52:10.223 INFO:teuthology.orchestra.run.smithi049.stdout:/usr/bin/ceph: stderr
2024-03-26T17:52:09.372+0000 7f93c3fff700 1 --2- 172.21.15.49:0/2395045637 >> [v2:172.21.15.49:3300/0,v1:172.21.15.49:6789/0] conn(0x7f93c41087b0 0x7f93c410aba0 secure :-1 s=READY pgs=26 cs=0 l=1 rev1=1 crypto rx=0x7f93b40098a0 tx=0x7f93b4009bb0 comp rx=0 tx=0).ready entity=mon.0 client_cookie=5c8ad916cd3aeb2c server_cookie=0 in_seq=0 out_seq=0
2024-03-26T17:52:10.223 INFO:teuthology.orchestra.run.smithi049.stdout:/usr/bin/ceph: stderr
2024-03-26T17:52:09.372+0000 7f93c2ffd700 1 -- 172.21.15.49:0/2395045637 <== mon.0 v2:172.21.15.49:3300/0 1 ==== mon_map magic: 0 ==== 205+0+0 (secure 0 0 0) 0x7f93b4004160 con 0x7f93c41087b0
2024-03-26T17:52:10.223 INFO:teuthology.orchestra.run.smithi049.stdout:/usr/bin/ceph: stderr
2024-03-26T17:52:09.372+0000 7f93c2ffd700 1 -- 172.21.15.49:0/2395045637 <== mon.0 v2:172.21.15.49:3300/0 2 ==== config(27 keys) ==== 1109+0+0 (secure 0 0 0) 0x7f93b4004300 con 0x7f93c41087b0
2024-03-26T17:52:10.224 INFO:teuthology.orchestra.run.smithi049.stdout:/usr/bin/ceph: stderr
2024-03-26T17:52:09.372+0000 7f93c2ffd700 1 -- 172.21.15.49:0/2395045637 <== mon.0 v2:172.21.15.49:3300/0 3 ==== mon_map magic: 0 ==== 205+0+0 (secure 0 0 0) 0x7f93b4011b50 con 0x7f93c41087b0
2024-03-26T17:52:10.224 INFO:teuthology.orchestra.run.smithi049.stdout:/usr/bin/ceph: stderr
2024-03-26T17:52:09.373+0000 7f93c919d700 1 -- 172.21.15.49:0/2395045637 >> [v2:172.21.15.49:3300/0,v1:172.21.15.49:6789/0] conn(0x7f93c41087b0 msgr2=0x7f93c410aba0 secure :-1 s=STATE_CONNECTION_ESTABLISHED l=1).mark_down
2024-03-26T17:52:10.224 INFO:teuthology.orchestra.run.smithi049.stdout:/usr/bin/ceph: stderr
2024-03-26T17:52:09.373+0000 7f93c919d700 1 --2- 172.21.15.49:0/2395045637 >> [v2:172.21.15.49:3300/0,v1:172.21.15.49:6789/0] conn(0x7f93c41087b0 0x7f93c410aba0 secure :-1 s=READY pgs=26 cs=0 l=1 rev1=1 crypto rx=0x7f93b40098a0 tx=0x7f93b4009bb0 comp rx=0 tx=0).stop
2024-03-26T17:52:10.224 INFO:teuthology.orchestra.run.smithi049.stdout:/usr/bin/ceph: stderr
2024-03-26T17:52:09.373+0000 7f93c919d700 1 -- 172.21.15.49:0/2395045637 shutdown_connections
2024-03-26T17:52:10.224 INFO:teuthology.orchestra.run.smithi049.stdout:/usr/bin/ceph: stderr
2024-03-26T17:52:09.373+0000 7f93c919d700 1 --2- 172.21.15.49:0/2395045637 >> [v2:172.21.15.49:3300/0,v1:172.21.15.49:6789/0] conn(0x7f93c41087b0 0x7f93c410aba0 unknown :-1 s=CLOSED pgs=26 cs=0 l=1 rev1=1 crypto rx=0 tx=0 comp rx=0 tx=0).stop
2024-03-26T17:52:10.224 INFO:teuthology.orchestra.run.smithi049.stdout:/usr/bin/ceph: stderr
2024-03-26T17:52:09.373+0000 7f93c919d700 1 -- 172.21.15.49:0/2395045637 >> 172.21.15.49:0/2395045637 conn(0x7f93c4102240 msgr2=0x7f93c4104660 unknown :-1 s=STATE_NONE l=0).mark_down
2024-03-26T17:52:10.224 INFO:teuthology.orchestra.run.smithi049.stdout:/usr/bin/ceph: stderr
2024-03-26T17:52:09.373+0000 7f93c919d700 1 -- 172.21.15.49:0/2395045637 shutdown_connections
2024-03-26T17:52:10.224 INFO:teuthology.orchestra.run.smithi049.stdout:/usr/bin/ceph: stderr
2024-03-26T17:52:09.373+0000 7f93c919d700 1 -- 172.21.15.49:0/2395045637 wait complete.
2024-03-26T17:52:10.224 INFO:teuthology.orchestra.run.smithi049.stdout:/usr/bin/ceph: stderr
2024-03-26T17:52:09.374+0000 7f93c919d700 1 Processor -- start
2024-03-26T17:52:10.224 INFO:teuthology.orchestra.run.smithi049.stdout:/usr/bin/ceph: stderr
2024-03-26T17:52:09.374+0000 7f93c919d700 1 -- start start
2024-03-26T17:52:10.224 INFO:teuthology.orchestra.run.smithi049.stdout:/usr/bin/ceph: stderr
2024-03-26T17:52:09.375+0000 7f93c919d700 1 --2- >> [v2:172.21.15.49:3300/0,v1:172.21.15.49:6789/0] conn(0x7f93c41087b0 0x7f93c419bcf0 unknown :-1 s=NONE pgs=0 cs=0 l=1 rev1=0 crypto rx=0 tx=0 comp rx=0 tx=0).connect
2024-03-26T17:52:10.224 INFO:teuthology.orchestra.run.smithi049.stdout:/usr/bin/ceph: stderr
2024-03-26T17:52:09.375+0000 7f93c919d700 1 -- --> [v2:172.21.15.49:3300/0,v1:172.21.15.49:6789/0] -- mon_getmap magic: 0 -- 0x7f93c410c100 con 0x7f93c41087b0
2024-03-26T17:52:10.224 INFO:teuthology.orchestra.run.smithi049.stdout:/usr/bin/ceph: stderr
2024-03-26T17:52:09.375+0000 7f93c3fff700 1 --2- >> [v2:172.21.15.49:3300/0,v1:172.21.15.49:6789/0] conn(0x7f93c41087b0 0x7f93c419bcf0 unknown :-1 s=BANNER_CONNECTING pgs=0 cs=0 l=1 rev1=0 crypto rx=0 tx=0 comp rx=0 tx=0)._handle_peer_banner_payload supported=3 required=0
2024-03-26T17:52:10.224 INFO:teuthology.orchestra.run.smithi049.stdout:/usr/bin/ceph: stderr
2024-03-26T17:52:09.375+0000 7f93c3fff700 1 --2- >> [v2:172.21.15.49:3300/0,v1:172.21.15.49:6789/0] conn(0x7f93c41087b0 0x7f93c419bcf0 unknown :-1 s=HELLO_CONNECTING pgs=0 cs=0 l=1 rev1=1 crypto rx=0 tx=0 comp rx=0 tx=0).handle_hello peer v2:172.21.15.49:3300/0 says I am v2:172.21.15.49:58832/0 (socket says 172.21.15.49:58832)
2024-03-26T17:52:10.225 INFO:teuthology.orchestra.run.smithi049.stdout:/usr/bin/ceph: stderr
2024-03-26T17:52:09.375+0000 7f93c3fff700 1 -- 172.21.15.49:0/4092105369 learned_addr learned my addr 172.21.15.49:0/4092105369 (peer_addr_for_me v2:172.21.15.49:0/0)
2024-03-26T17:52:10.225 INFO:teuthology.orchestra.run.smithi049.stdout:/usr/bin/ceph: stderr
2024-03-26T17:52:09.375+0000 7f93c3fff700 1 -- 172.21.15.49:0/4092105369 --> [v2:172.21.15.49:3300/0,v1:172.21.15.49:6789/0] -- mon_subscribe({config=0+,monmap=0+}) -- 0x7f93c419c230 con 0x7f93c41087b0
2024-03-26T17:52:10.225 INFO:teuthology.orchestra.run.smithi049.stdout:/usr/bin/ceph: stderr
2024-03-26T17:52:09.375+0000 7f93c3fff700 1 --2- 172.21.15.49:0/4092105369 >> [v2:172.21.15.49:3300/0,v1:172.21.15.49:6789/0] conn(0x7f93c41087b0 0x7f93c419bcf0 secure :-1 s=READY pgs=27 cs=0 l=1 rev1=1 crypto rx=0x7f93b4009fb0 tx=0x7f93b4011bf0 comp rx=0 tx=0).ready entity=mon.0 client_cookie=0 server_cookie=0 in_seq=0 out_seq=0
2024-03-26T17:52:10.225 INFO:teuthology.orchestra.run.smithi049.stdout:/usr/bin/ceph: stderr
2024-03-26T17:52:09.375+0000 7f93c17fa700 1 -- 172.21.15.49:0/4092105369 <== mon.0 v2:172.21.15.49:3300/0 1 ==== mon_map magic: 0 ==== 205+0+0 (secure 0 0 0) 0x7f93b40038b0 con 0x7f93c41087b0
2024-03-26T17:52:10.225 INFO:teuthology.orchestra.run.smithi049.stdout:/usr/bin/ceph: stderr
2024-03-26T17:52:09.375+0000 7f93c919d700 1 -- 172.21.15.49:0/4092105369 --> [v2:172.21.15.49:3300/0,v1:172.21.15.49:6789/0] -- mon_subscribe({mgrmap=0+}) -- 0x7f93c419c4c0 con 0x7f93c41087b0
2024-03-26T17:52:10.225 INFO:teuthology.orchestra.run.smithi049.stdout:/usr/bin/ceph: stderr
2024-03-26T17:52:09.375+0000 7f93c17fa700 1 -- 172.21.15.49:0/4092105369 <== mon.0 v2:172.21.15.49:3300/0 2 ==== config(27 keys) ==== 1109+0+0 (secure 0 0 0) 0x7f93b4011e50 con 0x7f93c41087b0
2024-03-26T17:52:10.225 INFO:teuthology.orchestra.run.smithi049.stdout:/usr/bin/ceph: stderr
2024-03-26T17:52:09.375+0000 7f93c17fa700 1 -- 172.21.15.49:0/4092105369 <== mon.0 v2:172.21.15.49:3300/0 3 ==== mon_map magic: 0 ==== 205+0+0 (secure 0 0 0) 0x7f93b4019420 con 0x7f93c41087b0
2024-03-26T17:52:10.225 INFO:teuthology.orchestra.run.smithi049.stdout:/usr/bin/ceph: stderr
2024-03-26T17:52:09.376+0000 7f93c919d700 1 -- 172.21.15.49:0/4092105369 --> [v2:172.21.15.49:3300/0,v1:172.21.15.49:6789/0] -- mon_subscribe({osdmap=0}) -- 0x7f93c419f1a0 con 0x7f93c41087b0
2024-03-26T17:52:10.225 INFO:teuthology.orchestra.run.smithi049.stdout:/usr/bin/ceph: stderr
2024-03-26T17:52:09.376+0000 7f93c17fa700 1 -- 172.21.15.49:0/4092105369 <== mon.0 v2:172.21.15.49:3300/0 4 ==== mgrmap(e 5) ==== 46294+0+0 (secure 0 0 0) 0x7f93b4019720 con 0x7f93c41087b0
2024-03-26T17:52:10.225 INFO:teuthology.orchestra.run.smithi049.stdout:/usr/bin/ceph: stderr
2024-03-26T17:52:09.377+0000 7f93c17fa700 1 --2- 172.21.15.49:0/4092105369 >> [v2:172.21.15.49:6800/48778628,v1:172.21.15.49:6801/48778628] conn(0x7f93ac039130 0x7f93ac03b5f0 unknown :-1 s=NONE pgs=0 cs=0 l=1 rev1=0 crypto rx=0 tx=0 comp rx=0 tx=0).connect
2024-03-26T17:52:10.225 INFO:teuthology.orchestra.run.smithi049.stdout:/usr/bin/ceph: stderr
2024-03-26T17:52:09.377+0000 7f93c919d700 1 -- 172.21.15.49:0/4092105369 --> [v2:172.21.15.49:3300/0,v1:172.21.15.49:6789/0] -- mon_command({"prefix": "get_command_descriptions"} v 0) -- 0x7f93c40694b0 con 0x7f93c41087b0
