2024-03-26T17:58:34.348 INFO:journalctl@ceph.mon.a.smithi138.stdout:Mar 26 17:58:33 smithi138 ceph-mon[32292]: from='mgr.14118 172.21.15.138:0/2444266781' entity='mgr.x'
2024-03-26T17:58:34.381 INFO:teuthology.orchestra.run.smithi138.stdout:/usr/bin/ceph: stdout Scheduled mon update...
2024-03-26T17:58:34.381 INFO:teuthology.orchestra.run.smithi138.stdout:/usr/bin/ceph: stderr
2024-03-26T17:58:32.719+0000 7f71438d1700 1 Processor -- start
2024-03-26T17:58:34.381 INFO:teuthology.orchestra.run.smithi138.stdout:/usr/bin/ceph: stderr
2024-03-26T17:58:32.720+0000 7f71438d1700 1 -- start start
2024-03-26T17:58:34.381 INFO:teuthology.orchestra.run.smithi138.stdout:/usr/bin/ceph: stderr
2024-03-26T17:58:32.720+0000 7f71438d1700 1 --2- >> [v2:172.21.15.138:3300/0,v1:172.21.15.138:6789/0] conn(0x7f713c108800 0x7f713c10abf0 unknown :-1 s=NONE pgs=0 cs=0 l=0 rev1=0 crypto rx=0 tx=0 comp rx=0 tx=0).connect
2024-03-26T17:58:34.381 INFO:teuthology.orchestra.run.smithi138.stdout:/usr/bin/ceph: stderr
2024-03-26T17:58:32.720+0000 7f71438d1700 1 -- --> [v2:172.21.15.138:3300/0,v1:172.21.15.138:6789/0] -- mon_getmap magic: 0 -- 0x7f713c07be70 con 0x7f713c108800
2024-03-26T17:58:34.381 INFO:teuthology.orchestra.run.smithi138.stdout:/usr/bin/ceph: stderr
2024-03-26T17:58:32.720+0000 7f714166d700 1 --2- >> [v2:172.21.15.138:3300/0,v1:172.21.15.138:6789/0] conn(0x7f713c108800 0x7f713c10abf0 unknown :-1 s=BANNER_CONNECTING pgs=0 cs=0 l=0 rev1=0 crypto rx=0 tx=0 comp rx=0 tx=0)._handle_peer_banner_payload supported=3 required=0
2024-03-26T17:58:34.381 INFO:teuthology.orchestra.run.smithi138.stdout:/usr/bin/ceph: stderr
2024-03-26T17:58:32.720+0000 7f714166d700 1 --2- >> [v2:172.21.15.138:3300/0,v1:172.21.15.138:6789/0] conn(0x7f713c108800 0x7f713c10abf0 unknown :-1 s=HELLO_CONNECTING pgs=0 cs=0 l=0 rev1=1 crypto rx=0 tx=0 comp rx=0 tx=0).handle_hello peer v2:172.21.15.138:3300/0 says I am v2:172.21.15.138:37606/0 (socket says 172.21.15.138:37606)
2024-03-26T17:58:34.382 INFO:teuthology.orchestra.run.smithi138.stdout:/usr/bin/ceph: stderr
2024-03-26T17:58:32.720+0000 7f714166d700 1 -- 172.21.15.138:0/4283042589 learned_addr learned my addr 172.21.15.138:0/4283042589 (peer_addr_for_me v2:172.21.15.138:0/0)
2024-03-26T17:58:34.382 INFO:teuthology.orchestra.run.smithi138.stdout:/usr/bin/ceph: stderr
2024-03-26T17:58:32.720+0000 7f714166d700 1 -- 172.21.15.138:0/4283042589 --> [v2:172.21.15.138:3300/0,v1:172.21.15.138:6789/0] -- mon_subscribe({config=0+,monmap=0+}) -- 0x7f713c10b130 con 0x7f713c108800
2024-03-26T17:58:34.382 INFO:teuthology.orchestra.run.smithi138.stdout:/usr/bin/ceph: stderr
2024-03-26T17:58:32.720+0000 7f714166d700 1 --2- 172.21.15.138:0/4283042589 >> [v2:172.21.15.138:3300/0,v1:172.21.15.138:6789/0] conn(0x7f713c108800 0x7f713c10abf0 secure :-1 s=READY pgs=45 cs=0 l=1 rev1=1 crypto rx=0x7f713400b180 tx=0x7f713400b490 comp rx=0 tx=0).ready entity=mon.0 client_cookie=ec6d4a9844c71c96 server_cookie=0 in_seq=0 out_seq=0
2024-03-26T17:58:34.382 INFO:teuthology.orchestra.run.smithi138.stdout:/usr/bin/ceph: stderr
2024-03-26T17:58:32.720+0000 7f7133fff700 1 -- 172.21.15.138:0/4283042589 <== mon.0 v2:172.21.15.138:3300/0 1 ==== mon_map magic: 0 ==== 205+0+0 (secure 0 0 0) 0x7f7134017070 con 0x7f713c108800
2024-03-26T17:58:34.382 INFO:teuthology.orchestra.run.smithi138.stdout:/usr/bin/ceph: stderr
2024-03-26T17:58:32.721+0000 7f7133fff700 1 -- 172.21.15.138:0/4283042589 <== mon.0 v2:172.21.15.138:3300/0 2 ==== config(27 keys) ==== 1109+0+0 (secure 0 0 0) 0x7f7134003a20 con 0x7f713c108800
2024-03-26T17:58:34.382 INFO:teuthology.orchestra.run.smithi138.stdout:/usr/bin/ceph: stderr
2024-03-26T17:58:32.721+0000 7f7133fff700 1 -- 172.21.15.138:0/4283042589 <== mon.0 v2:172.21.15.138:3300/0 3 ==== mon_map magic: 0 ==== 205+0+0 (secure 0 0 0) 0x7f7134004820 con 0x7f713c108800
2024-03-26T17:58:34.382 INFO:teuthology.orchestra.run.smithi138.stdout:/usr/bin/ceph: stderr
2024-03-26T17:58:32.721+0000 7f71438d1700 1 -- 172.21.15.138:0/4283042589 >> [v2:172.21.15.138:3300/0,v1:172.21.15.138:6789/0] conn(0x7f713c108800 msgr2=0x7f713c10abf0 secure :-1 s=STATE_CONNECTION_ESTABLISHED l=1).mark_down
2024-03-26T17:58:34.382 INFO:teuthology.orchestra.run.smithi138.stdout:/usr/bin/ceph: stderr
2024-03-26T17:58:32.721+0000 7f71438d1700 1 --2- 172.21.15.138:0/4283042589 >> [v2:172.21.15.138:3300/0,v1:172.21.15.138:6789/0] conn(0x7f713c108800 0x7f713c10abf0 secure :-1 s=READY pgs=45 cs=0 l=1 rev1=1 crypto rx=0x7f713400b180 tx=0x7f713400b490 comp rx=0 tx=0).stop
2024-03-26T17:58:34.382 INFO:teuthology.orchestra.run.smithi138.stdout:/usr/bin/ceph: stderr
2024-03-26T17:58:32.721+0000 7f71438d1700 1 -- 172.21.15.138:0/4283042589 shutdown_connections
2024-03-26T17:58:34.382 INFO:teuthology.orchestra.run.smithi138.stdout:/usr/bin/ceph: stderr
2024-03-26T17:58:32.721+0000 7f71438d1700 1 --2- 172.21.15.138:0/4283042589 >> [v2:172.21.15.138:3300/0,v1:172.21.15.138:6789/0] conn(0x7f713c108800 0x7f713c10abf0 unknown :-1 s=CLOSED pgs=45 cs=0 l=1 rev1=1 crypto rx=0 tx=0 comp rx=0 tx=0).stop
2024-03-26T17:58:34.382 INFO:teuthology.orchestra.run.smithi138.stdout:/usr/bin/ceph: stderr
2024-03-26T17:58:32.721+0000 7f71438d1700 1 -- 172.21.15.138:0/4283042589 >> 172.21.15.138:0/4283042589 conn(0x7f713c1021d0 msgr2=0x7f713c104610 unknown :-1 s=STATE_NONE l=0).mark_down
2024-03-26T17:58:34.382 INFO:teuthology.orchestra.run.smithi138.stdout:/usr/bin/ceph: stderr
2024-03-26T17:58:32.721+0000 7f71438d1700 1 -- 172.21.15.138:0/4283042589 shutdown_connections
2024-03-26T17:58:34.382 INFO:teuthology.orchestra.run.smithi138.stdout:/usr/bin/ceph: stderr
2024-03-26T17:58:32.721+0000 7f71438d1700 1 -- 172.21.15.138:0/4283042589 wait complete.
2024-03-26T17:58:34.383 INFO:teuthology.orchestra.run.smithi138.stdout:/usr/bin/ceph: stderr
2024-03-26T17:58:32.722+0000 7f71438d1700 1 Processor -- start
2024-03-26T17:58:34.383 INFO:teuthology.orchestra.run.smithi138.stdout:/usr/bin/ceph: stderr
2024-03-26T17:58:32.722+0000 7f71438d1700 1 -- start start
2024-03-26T17:58:34.383 INFO:teuthology.orchestra.run.smithi138.stdout:/usr/bin/ceph: stderr
2024-03-26T17:58:32.722+0000 7f71438d1700 1 --2- >> [v2:172.21.15.138:3300/0,v1:172.21.15.138:6789/0] conn(0x7f713c108800 0x7f713c19bd00 unknown :-1 s=NONE pgs=0 cs=0 l=1 rev1=0 crypto rx=0 tx=0 comp rx=0 tx=0).connect
2024-03-26T17:58:34.383 INFO:teuthology.orchestra.run.smithi138.stdout:/usr/bin/ceph: stderr
2024-03-26T17:58:32.722+0000 7f71438d1700 1 -- --> [v2:172.21.15.138:3300/0,v1:172.21.15.138:6789/0] -- mon_getmap magic: 0 -- 0x7f713c10c100 con 0x7f713c108800
2024-03-26T17:58:34.383 INFO:teuthology.orchestra.run.smithi138.stdout:/usr/bin/ceph: stderr
2024-03-26T17:58:32.722+0000 7f714166d700 1 --2- >> [v2:172.21.15.138:3300/0,v1:172.21.15.138:6789/0] conn(0x7f713c108800 0x7f713c19bd00 unknown :-1 s=BANNER_CONNECTING pgs=0 cs=0 l=1 rev1=0 crypto rx=0 tx=0 comp rx=0 tx=0)._handle_peer_banner_payload supported=3 required=0
2024-03-26T17:58:34.383 INFO:teuthology.orchestra.run.smithi138.stdout:/usr/bin/ceph: stderr
2024-03-26T17:58:32.722+0000 7f714166d700 1 --2- >> [v2:172.21.15.138:3300/0,v1:172.21.15.138:6789/0] conn(0x7f713c108800 0x7f713c19bd00 unknown :-1 s=HELLO_CONNECTING pgs=0 cs=0 l=1 rev1=1 crypto rx=0 tx=0 comp rx=0 tx=0).handle_hello peer v2:172.21.15.138:3300/0 says I am v2:172.21.15.138:37616/0 (socket says 172.21.15.138:37616)
2024-03-26T17:58:34.383 INFO:teuthology.orchestra.run.smithi138.stdout:/usr/bin/ceph: stderr
2024-03-26T17:58:32.722+0000 7f714166d700 1 -- 172.21.15.138:0/2868864471 learned_addr learned my addr 172.21.15.138:0/2868864471 (peer_addr_for_me v2:172.21.15.138:0/0)
2024-03-26T17:58:34.383 INFO:teuthology.orchestra.run.smithi138.stdout:/usr/bin/ceph: stderr
2024-03-26T17:58:32.722+0000 7f714166d700 1 -- 172.21.15.138:0/2868864471 --> [v2:172.21.15.138:3300/0,v1:172.21.15.138:6789/0] -- mon_subscribe({config=0+,monmap=0+}) -- 0x7f713c19c240 con 0x7f713c108800
2024-03-26T17:58:34.383 INFO:teuthology.orchestra.run.smithi138.stdout:/usr/bin/ceph: stderr
2024-03-26T17:58:32.722+0000 7f714166d700 1 --2- 172.21.15.138:0/2868864471 >> [v2:172.21.15.138:3300/0,v1:172.21.15.138:6789/0] conn(0x7f713c108800 0x7f713c19bd00 secure :-1 s=READY pgs=46 cs=0 l=1 rev1=1 crypto rx=0x7f71340045b0 tx=0x7f7134003eb0 comp rx=0 tx=0).ready entity=mon.0 client_cookie=0 server_cookie=0 in_seq=0 out_seq=0
2024-03-26T17:58:34.383 INFO:teuthology.orchestra.run.smithi138.stdout:/usr/bin/ceph: stderr
2024-03-26T17:58:32.722+0000 7f71327fc700 1 -- 172.21.15.138:0/2868864471 <== mon.0 v2:172.21.15.138:3300/0 1 ==== mon_map magic: 0 ==== 205+0+0 (secure 0 0 0) 0x7f7134020020 con 0x7f713c108800
2024-03-26T17:58:34.383 INFO:teuthology.orchestra.run.smithi138.stdout:/usr/bin/ceph: stderr
2024-03-26T17:58:32.723+0000 7f71327fc700 1 -- 172.21.15.138:0/2868864471 <== mon.0 v2:172.21.15.138:3300/0 2 ==== config(27 keys) ==== 1109+0+0 (secure 0 0 0) 0x7f713400be50 con 0x7f713c108800
2024-03-26T17:58:34.383 INFO:teuthology.orchestra.run.smithi138.stdout:/usr/bin/ceph: stderr
2024-03-26T17:58:32.723+0000 7f71438d1700 1 -- 172.21.15.138:0/2868864471 --> [v2:172.21.15.138:3300/0,v1:172.21.15.138:6789/0] -- mon_subscribe({mgrmap=0+}) -- 0x7f713c19c4d0 con 0x7f713c108800
2024-03-26T17:58:34.383 INFO:teuthology.orchestra.run.smithi138.stdout:/usr/bin/ceph: stderr
2024-03-26T17:58:32.723+0000 7f71327fc700 1 -- 172.21.15.138:0/2868864471 <== mon.0 v2:172.21.15.138:3300/0 3 ==== mon_map magic: 0 ==== 205+0+0 (secure 0 0 0) 0x7f7134017040 con 0x7f713c108800
2024-03-26T17:58:34.383 INFO:teuthology.orchestra.run.smithi138.stdout:/usr/bin/ceph: stderr
2024-03-26T17:58:32.723+0000 7f71438d1700 1 -- 172.21.15.138:0/2868864471 --> [v2:172.21.15.138:3300/0,v1:172.21.15.138:6789/0] -- mon_subscribe({osdmap=0}) -- 0x7f713c19cff0 con 0x7f713c108800
2024-03-26T17:58:34.383 INFO:teuthology.orchestra.run.smithi138.stdout:/usr/bin/ceph: stderr
2024-03-26T17:58:32.724+0000 7f71327fc700 1 -- 172.21.15.138:0/2868864471 <== mon.0 v2:172.21.15.138:3300/0 4 ==== mgrmap(e 8) ==== 46294+0+0 (secure 0 0 0) 0x7f7134023020 con 0x7f713c108800
2024-03-26T17:58:34.384 INFO:teuthology.orchestra.run.smithi138.stdout:/usr/bin/ceph: stderr
2024-03-26T17:58:32.724+0000 7f71438d1700 1 -- 172.21.15.138:0/2868864471 --> [v2:172.21.15.138:3300/0,v1:172.21.15.138:6789/0] -- mon_command({"prefix": "get_command_descriptions"} v 0) -- 0x7f713c0639e0 con 0x7f713c108800
2024-03-26T17:58:34.384 INFO:teuthology.orchestra.run.smithi138.stdout:/usr/bin/ceph: stderr
2024-03-26T17:58:32.724+0000 7f71327fc700 1 --2- 172.21.15.138:0/2868864471 >> [v2:172.21.15.138:6800/306617559,v1:172.21.15.138:6801/306617559] conn(0x7f7128039180 0x7f712803b640 unknown :-1 s=NONE pgs=0 cs=0 l=1 rev1=0 crypto rx=0 tx=0 comp rx=0 tx=0).connect
2024-03-26T17:58:34.384 INFO:teuthology.orchestra.run.smithi138.stdout:/usr/bin/ceph: stderr
2024-03-26T17:58:32.724+0000 7f71327fc700 1 -- 172.21.15.138:0/2868864471 <== mon.0 v2:172.21.15.138:3300/0 5 ==== osd_map(2..2 src has 1..2) ==== 940+0+0 (secure 0 0 0) 0x7f713400f050 con 0x7f713c108800
2024-03-26T17:58:34.384 INFO:teuthology.orchestra.run.smithi138.stdout:/usr/bin/ceph: stderr
2024-03-26T17:58:32.724+0000 7f7140e6c700 1 --2- 172.21.15.138:0/2868864471 >> [v2:172.21.15.138:6800/306617559,v1:172.21.15.138:6801/306617559] conn(0x7f7128039180 0x7f712803b640 unknown :-1 s=BANNER_CONNECTING pgs=0 cs=0 l=1 rev1=0 crypto rx=0 tx=0 comp rx=0 tx=0)._handle_peer_banner_payload supported=3 required=0
2024-03-26T17:58:34.384 INFO:teuthology.orchestra.run.smithi138.stdout:/usr/bin/ceph: stderr
2024-03-26T17:58:32.724+0000 7f7140e6c700 1 --2- 172.21.15.138:0/2868864471 >> [v2:172.21.15.138:6800/306617559,v1:172.21.15.138:6801/306617559] conn(0x7f7128039180 0x7f712803b640 secure :-1 s=READY pgs=12 cs=0 l=1 rev1=1 crypto rx=0x7f712c006fd0 tx=0x7f712c006e40 comp rx=0 tx=0).ready entity=mgr.14118 client_cookie=0 server_cookie=0 in_seq=0 out_seq=0
2024-03-26T17:58:34.384 INFO:teuthology.orchestra.run.smithi138.stdout:/usr/bin/ceph: stderr
2024-03-26T17:58:32.729+0000 7f71327fc700 1 -- 172.21.15.138:0/2868864471 <== mon.0 v2:172.21.15.138:3300/0 6 ==== mon_command_ack([{"prefix": "get_command_descriptions"}]=0 v0) ==== 72+0+186149 (secure 0 0 0) 0x7f713402a020 con 0x7f713c108800
2024-03-26T17:58:34.384 INFO:teuthology.orchestra.run.smithi138.stdout:/usr/bin/ceph: stderr
2024-03-26T17:58:32.946+0000 7f71438d1700 1 -- 172.21.15.138:0/2868864471 --> [v2:172.21.15.138:6800/306617559,v1:172.21.15.138:6801/306617559] -- mgr_command(tid 0: {"prefix": "orch apply", "service_type": "mon", "unmanaged": true, "target": ["mon-mgr", ""]}) -- 0x7f713c1033a0 con 0x7f7128039180
2024-03-26T17:58:34.384 INFO:teuthology.orchestra.run.smithi138.stdout:/usr/bin/ceph: stderr
2024-03-26T17:58:32.953+0000 7f71327fc700 1 -- 172.21.15.138:0/2868864471 <== mgr.14118 v2:172.21.15.138:6800/306617559 1 ==== mgr_command_reply(tid 0: 0 ) ==== 8+0+24 (secure 0 0 0) 0x7f713c1033a0 con 0x7f7128039180
2024-03-26T17:58:34.384 INFO:teuthology.orchestra.run.smithi138.stdout:/usr/bin/ceph: stderr
2024-03-26T17:58:32.956+0000 7f71438d1700 1 -- 172.21.15.138:0/2868864471 >> [v2:172.21.15.138:6800/306617559,v1:172.21.15.138:6801/306617559] conn(0x7f7128039180 msgr2=0x7f712803b640 secure :-1 s=STATE_CONNECTION_ESTABLISHED l=1).mark_down
2024-03-26T17:58:34.384 INFO:teuthology.orchestra.run.smithi138.stdout:/usr/bin/ceph: stderr
2024-03-26T17:58:32.956+0000 7f71438d1700 1 --2- 172.21.15.138:0/2868864471 >> [v2:172.21.15.138:6800/306617559,v1:172.21.15.138:6801/306617559] conn(0x7f7128039180 0x7f712803b640 secure :-1 s=READY pgs=12 cs=0 l=1 rev1=1 crypto rx=0x7f712c006fd0 tx=0x7f712c006e40 comp rx=0 tx=0).stop
2024-03-26T17:58:34.384 INFO:teuthology.orchestra.run.smithi138.stdout:/usr/bin/ceph: stderr
2024-03-26T17:58:32.956+0000 7f71438d1700 1 -- 172.21.15.138:0/2868864471 >> [v2:172.21.15.138:3300/0,v1:172.21.15.138:6789/0] conn(0x7f713c108800 msgr2=0x7f713c19bd00 secure :-1 s=STATE_CONNECTION_ESTABLISHED l=1).mark_down
2024-03-26T17:58:34.384 INFO:teuthology.orchestra.run.smithi138.stdout:/usr/bin/ceph: stderr
2024-03-26T17:58:32.956+0000 7f71438d1700 1 --2- 172.21.15.138:0/2868864471 >> [v2:172.21.15.138:3300/0,v1:172.21.15.138:6789/0] conn(0x7f713c108800 0x7f713c19bd00 secure :-1 s=READY pgs=46 cs=0 l=1 rev1=1 crypto rx=0x7f71340045b0 tx=0x7f7134003eb0 comp rx=0 tx=0).stop
2024-03-26T17:58:34.384 INFO:teuthology.orchestra.run.smithi138.stdout:/usr/bin/ceph: stderr
2024-03-26T17:58:32.956+0000 7f71438d1700 1 -- 172.21.15.138:0/2868864471 shutdown_connections
2024-03-26T17:58:34.384 INFO:teuthology.orchestra.run.smithi138.stdout:/usr/bin/ceph: stderr
2024-03-26T17:58:32.956+0000 7f71438d1700 1 --2- 172.21.15.138:0/2868864471 >> [v2:172.21.15.138:6800/306617559,v1:172.21.15.138:6801/306617559] conn(0x7f7128039180 0x7f712803b640 unknown :-1 s=CLOSED pgs=12 cs=0 l=1 rev1=1 crypto rx=0 tx=0 comp rx=0 tx=0).stop
2024-03-26T17:58:34.384 INFO:teuthology.orchestra.run.smithi138.stdout:/usr/bin/ceph: stderr
2024-03-26T17:58:32.956+0000 7f71438d1700 1 --2- 172.21.15.138:0/2868864471 >> [v2:172.21.15.138:3300/0,v1:172.21.15.138:6789/0] conn(0x7f713c108800 0x7f713c19bd00 unknown :-1 s=CLOSED pgs=46 cs=0 l=1 rev1=1 crypto rx=0 tx=0 comp rx=0 tx=0).stop
2024-03-26T17:58:34.385 INFO:teuthology.orchestra.run.smithi138.stdout:/usr/bin/ceph: stderr
2024-03-26T17:58:32.956+0000 7f71438d1700 1 -- 172.21.15.138:0/2868864471 >> 172.21.15.138:0/2868864471 conn(0x7f713c1021d0 msgr2=0x7f713c102c90 unknown :-1 s=STATE_NONE l=0).mark_down
2024-03-26T17:58:34.385 INFO:teuthology.orchestra.run.smithi138.stdout:/usr/bin/ceph: stderr
2024-03-26T17:58:32.956+0000 7f71438d1700 1 -- 172.21.15.138:0/2868864471 shutdown_connections
2024-03-26T17:58:34.385 INFO:teuthology.orchestra.run.smithi138.stdout:/usr/bin/ceph: stderr
2024-03-26T17:58:32.956+0000 7f71438d1700 1 -- 172.21.15.138:0/2868864471 wait complete.
2024-03-26T17:58:34.385 INFO:teuthology.orchestra.run.smithi138.stdout:Deploying unmanaged mgr service...
2024-03-26T17:58:35.348 INFO:journalctl@ceph.mon.a.smithi138.stdout:Mar 26 17:58:35 smithi138 ceph-mon[32292]: from='mgr.14118 172.21.15.138:0/2444266781' entity='mgr.x'
2024-03-26T17:58:35.348 INFO:journalctl@ceph.mon.a.smithi138.stdout:Mar 26 17:58:35 smithi138 ceph-mon[32292]: from='mgr.14118 172.21.15.138:0/2444266781' entity='mgr.x'
2024-03-26T17:58:35.629 INFO:teuthology.orchestra.run.smithi138.stdout:/usr/bin/ceph: stdout Scheduled mgr update...
2024-03-26T17:58:35.630 INFO:teuthology.orchestra.run.smithi138.stdout:/usr/bin/ceph: stderr
2024-03-26T17:58:34.843+0000 7ff067eba700 1 Processor -- start
2024-03-26T17:58:35.630 INFO:teuthology.orchestra.run.smithi138.stdout:/usr/bin/ceph: stderr
2024-03-26T17:58:34.844+0000 7ff067eba700 1 -- start start
2024-03-26T17:58:35.630 INFO:teuthology.orchestra.run.smithi138.stdout:/usr/bin/ceph: stderr
2024-03-26T17:58:34.844+0000 7ff067eba700 1 --2- >> [v2:172.21.15.138:3300/0,v1:172.21.15.138:6789/0] conn(0x7ff060108810 0x7ff06010ac00 unknown :-1 s=NONE pgs=0 cs=0 l=0 rev1=0 crypto rx=0 tx=0 comp rx=0 tx=0).connect
2024-03-26T17:58:35.630 INFO:teuthology.orchestra.run.smithi138.stdout:/usr/bin/ceph: stderr
2024-03-26T17:58:34.844+0000 7ff067eba700 1 -- --> [v2:172.21.15.138:3300/0,v1:172.21.15.138:6789/0] -- mon_getmap magic: 0 -- 0x7ff06007be50 con 0x7ff060108810
2024-03-26T17:58:35.630 INFO:teuthology.orchestra.run.smithi138.stdout:/usr/bin/ceph: stderr
2024-03-26T17:58:34.844+0000 7ff065c56700 1 --2- >> [v2:172.21.15.138:3300/0,v1:172.21.15.138:6789/0] conn(0x7ff060108810 0x7ff06010ac00 unknown :-1 s=BANNER_CONNECTING pgs=0 cs=0 l=0 rev1=0 crypto rx=0 tx=0 comp rx=0 tx=0)._handle_peer_banner_payload supported=3 required=0
2024-03-26T17:58:35.630 INFO:teuthology.orchestra.run.smithi138.stdout:/usr/bin/ceph: stderr
2024-03-26T17:58:34.844+0000 7ff065c56700 1 --2- >> [v2:172.21.15.138:3300/0,v1:172.21.15.138:6789/0] conn(0x7ff060108810 0x7ff06010ac00 unknown :-1 s=HELLO_CONNECTING pgs=0 cs=0 l=0 rev1=1 crypto rx=0 tx=0 comp rx=0 tx=0).handle_hello peer v2:172.21.15.138:3300/0 says I am v2:172.21.15.138:37628/0 (socket says 172.21.15.138:37628)
2024-03-26T17:58:35.630 INFO:teuthology.orchestra.run.smithi138.stdout:/usr/bin/ceph: stderr
2024-03-26T17:58:34.844+0000 7ff065c56700 1 -- 172.21.15.138:0/3359367516 learned_addr learned my addr 172.21.15.138:0/3359367516 (peer_addr_for_me v2:172.21.15.138:0/0)
2024-03-26T17:58:35.630 INFO:teuthology.orchestra.run.smithi138.stdout:/usr/bin/ceph: stderr
2024-03-26T17:58:34.844+0000 7ff065c56700 1 -- 172.21.15.138:0/3359367516 --> [v2:172.21.15.138:3300/0,v1:172.21.15.138:6789/0] -- mon_subscribe({config=0+,monmap=0+}) -- 0x7ff06010b140 con 0x7ff060108810
2024-03-26T17:58:35.630 INFO:teuthology.orchestra.run.smithi138.stdout:/usr/bin/ceph: stderr
2024-03-26T17:58:34.844+0000 7ff065c56700 1 --2- 172.21.15.138:0/3359367516 >> [v2:172.21.15.138:3300/0,v1:172.21.15.138:6789/0] conn(0x7ff060108810 0x7ff06010ac00 secure :-1 s=READY pgs=47 cs=0 l=1 rev1=1 crypto rx=0x7ff05c0098a0 tx=0x7ff05c009bb0 comp rx=0 tx=0).ready entity=mon.0 client_cookie=c69f2d365e290fd5 server_cookie=0 in_seq=0 out_seq=0
2024-03-26T17:58:35.630 INFO:teuthology.orchestra.run.smithi138.stdout:/usr/bin/ceph: stderr
2024-03-26T17:58:34.845+0000 7ff064c54700 1 -- 172.21.15.138:0/3359367516 <== mon.0 v2:172.21.15.138:3300/0 1 ==== mon_map magic: 0 ==== 205+0+0 (secure 0 0 0) 0x7ff05c004160 con 0x7ff060108810
2024-03-26T17:58:35.630 INFO:teuthology.orchestra.run.smithi138.stdout:/usr/bin/ceph: stderr
2024-03-26T17:58:34.845+0000 7ff064c54700 1 -- 172.21.15.138:0/3359367516 <== mon.0 v2:172.21.15.138:3300/0 2 ==== config(27 keys) ==== 1140+0+0 (secure 0 0 0) 0x7ff05c004300 con 0x7ff060108810
2024-03-26T17:58:35.630 INFO:teuthology.orchestra.run.smithi138.stdout:/usr/bin/ceph: stderr
2024-03-26T17:58:34.845+0000 7ff064c54700 1 -- 172.21.15.138:0/3359367516 <== mon.0 v2:172.21.15.138:3300/0 3 ==== mon_map magic: 0 ==== 205+0+0 (secure 0 0 0) 0x7ff05c011b20 con 0x7ff060108810
2024-03-26T17:58:35.630 INFO:teuthology.orchestra.run.smithi138.stdout:/usr/bin/ceph: stderr
2024-03-26T17:58:34.845+0000 7ff067eba700 1 -- 172.21.15.138:0/3359367516 >> [v2:172.21.15.138:3300/0,v1:172.21.15.138:6789/0] conn(0x7ff060108810 msgr2=0x7ff06010ac00 secure :-1 s=STATE_CONNECTION_ESTABLISHED l=1).mark_down
2024-03-26T17:58:35.630 INFO:teuthology.orchestra.run.smithi138.stdout:/usr/bin/ceph: stderr
2024-03-26T17:58:34.845+0000 7ff067eba700 1 --2- 172.21.15.138:0/3359367516 >> [v2:172.21.15.138:3300/0,v1:172.21.15.138:6789/0] conn(0x7ff060108810 0x7ff06010ac00 secure :-1 s=READY pgs=47 cs=0 l=1 rev1=1 crypto rx=0x7ff05c0098a0 tx=0x7ff05c009bb0 comp rx=0 tx=0).stop
2024-03-26T17:58:35.631 INFO:teuthology.orchestra.run.smithi138.stdout:/usr/bin/ceph: stderr
2024-03-26T17:58:34.845+0000 7ff067eba700 1 -- 172.21.15.138:0/3359367516 shutdown_connections
2024-03-26T17:58:35.631 INFO:teuthology.orchestra.run.smithi138.stdout:/usr/bin/ceph: stderr
2024-03-26T17:58:34.845+0000 7ff067eba700 1 --2- 172.21.15.138:0/3359367516 >> [v2:172.21.15.138:3300/0,v1:172.21.15.138:6789/0] conn(0x7ff060108810 0x7ff06010ac00 unknown :-1 s=CLOSED pgs=47 cs=0 l=1 rev1=1 crypto rx=0 tx=0 comp rx=0 tx=0).stop
2024-03-26T17:58:35.631 INFO:teuthology.orchestra.run.smithi138.stdout:/usr/bin/ceph: stderr
2024-03-26T17:58:34.845+0000 7ff067eba700 1 -- 172.21.15.138:0/3359367516 >> 172.21.15.138:0/3359367516 conn(0x7ff0601021c0 msgr2=0x7ff060104600 unknown :-1 s=STATE_NONE l=0).mark_down
2024-03-26T17:58:35.631 INFO:teuthology.orchestra.run.smithi138.stdout:/usr/bin/ceph: stderr
2024-03-26T17:58:34.845+0000 7ff067eba700 1 -- 172.21.15.138:0/3359367516 shutdown_connections
2024-03-26T17:58:35.631 INFO:teuthology.orchestra.run.smithi138.stdout:/usr/bin/ceph: stderr
2024-03-26T17:58:34.845+0000 7ff067eba700 1 -- 172.21.15.138:0/3359367516 wait complete.
2024-03-26T17:58:35.631 INFO:teuthology.orchestra.run.smithi138.stdout:/usr/bin/ceph: stderr
2024-03-26T17:58:34.846+0000 7ff067eba700 1 Processor -- start
2024-03-26T17:58:35.631 INFO:teuthology.orchestra.run.smithi138.stdout:/usr/bin/ceph: stderr
2024-03-26T17:58:34.846+0000 7ff067eba700 1 -- start start
2024-03-26T17:58:35.631 INFO:teuthology.orchestra.run.smithi138.stdout:/usr/bin/ceph: stderr
2024-03-26T17:58:34.846+0000 7ff067eba700 1 --2- >> [v2:172.21.15.138:3300/0,v1:172.21.15.138:6789/0] conn(0x7ff060108810 0x7ff060108270 unknown :-1 s=NONE pgs=0 cs=0 l=1 rev1=0 crypto rx=0 tx=0 comp rx=0 tx=0).connect
2024-03-26T17:58:35.631 INFO:teuthology.orchestra.run.smithi138.stdout:/usr/bin/ceph: stderr
2024-03-26T17:58:34.846+0000 7ff067eba700 1 -- --> [v2:172.21.15.138:3300/0,v1:172.21.15.138:6789/0] -- mon_getmap magic: 0 -- 0x7ff06010c140 con 0x7ff060108810
2024-03-26T17:58:35.631 INFO:teuthology.orchestra.run.smithi138.stdout:/usr/bin/ceph: stderr
2024-03-26T17:58:34.846+0000 7ff065c56700 1 --2- >> [v2:172.21.15.138:3300/0,v1:172.21.15.138:6789/0] conn(0x7ff060108810 0x7ff060108270 unknown :-1 s=BANNER_CONNECTING pgs=0 cs=0 l=1 rev1=0 crypto rx=0 tx=0 comp rx=0 tx=0)._handle_peer_banner_payload supported=3 required=0
2024-03-26T17:58:35.631 INFO:teuthology.orchestra.run.smithi138.stdout:/usr/bin/ceph: stderr
2024-03-26T17:58:34.846+0000 7ff065c56700 1 --2- >> [v2:172.21.15.138:3300/0,v1:172.21.15.138:6789/0] conn(0x7ff060108810 0x7ff060108270 unknown :-1 s=HELLO_CONNECTING pgs=0 cs=0 l=1 rev1=1 crypto rx=0 tx=0 comp rx=0 tx=0).handle_hello peer v2:172.21.15.138:3300/0 says I am v2:172.21.15.138:37642/0 (socket says 172.21.15.138:37642)
2024-03-26T17:58:35.631 INFO:teuthology.orchestra.run.smithi138.stdout:/usr/bin/ceph: stderr
2024-03-26T17:58:34.846+0000 7ff065c56700 1 -- 172.21.15.138:0/20339216 learned_addr learned my addr 172.21.15.138:0/20339216 (peer_addr_for_me v2:172.21.15.138:0/0)
2024-03-26T17:58:35.631 INFO:teuthology.orchestra.run.smithi138.stdout:/usr/bin/ceph: stderr
2024-03-26T17:58:34.846+0000 7ff065c56700 1 -- 172.21.15.138:0/20339216 --> [v2:172.21.15.138:3300/0,v1:172.21.15.138:6789/0] -- mon_subscribe({config=0+,monmap=0+}) -- 0x7ff0601067c0 con 0x7ff060108810
2024-03-26T17:58:35.631 INFO:teuthology.orchestra.run.smithi138.stdout:/usr/bin/ceph: stderr
2024-03-26T17:58:34.847+0000 7ff065c56700 1 --2- 172.21.15.138:0/20339216 >> [v2:172.21.15.138:3300/0,v1:172.21.15.138:6789/0] conn(0x7ff060108810 0x7ff060108270 secure :-1 s=READY pgs=48 cs=0 l=1 rev1=1 crypto rx=0x7ff05c0117e0 tx=0x7ff05c011ba0 comp rx=0 tx=0).ready entity=mon.0 client_cookie=0 server_cookie=0 in_seq=0 out_seq=0
2024-03-26T17:58:35.632 INFO:teuthology.orchestra.run.smithi138.stdout:/usr/bin/ceph: stderr
2024-03-26T17:58:34.847+0000 7ff056ffd700 1 -- 172.21.15.138:0/20339216 <== mon.0 v2:172.21.15.138:3300/0 1 ==== mon_map magic: 0 ==== 205+0+0 (secure 0 0 0) 0x7ff05c003ba0 con 0x7ff060108810
2024-03-26T17:58:35.632 INFO:teuthology.orchestra.run.smithi138.stdout:/usr/bin/ceph: stderr
2024-03-26T17:58:34.847+0000 7ff056ffd700 1 -- 172.21.15.138:0/20339216 <== mon.0 v2:172.21.15.138:3300/0 2 ==== config(27 keys) ==== 1140+0+0 (secure 0 0 0) 0x7ff05c01a910 con 0x7ff060108810
2024-03-26T17:58:35.632 INFO:teuthology.orchestra.run.smithi138.stdout:/usr/bin/ceph: stderr
2024-03-26T17:58:34.847+0000 7ff067eba700 1 -- 172.21.15.138:0/20339216 --> [v2:172.21.15.138:3300/0,v1:172.21.15.138:6789/0] -- mon_subscribe({mgrmap=0+}) -- 0x7ff060106a50 con 0x7ff060108810
2024-03-26T17:58:35.632 INFO:teuthology.orchestra.run.smithi138.stdout:/usr/bin/ceph: stderr
2024-03-26T17:58:34.847+0000 7ff056ffd700 1 -- 172.21.15.138:0/20339216 <== mon.0 v2:172.21.15.138:3300/0 3 ==== mon_map magic: 0 ==== 205+0+0 (secure 0 0 0) 0x7ff05c0248f0 con 0x7ff060108810
2024-03-26T17:58:35.632 INFO:teuthology.orchestra.run.smithi138.stdout:/usr/bin/ceph: stderr
2024-03-26T17:58:34.847+0000 7ff067eba700 1 -- 172.21.15.138:0/20339216 --> [v2:172.21.15.138:3300/0,v1:172.21.15.138:6789/0] -- mon_subscribe({osdmap=0}) -- 0x7ff060106eb0 con 0x7ff060108810
2024-03-26T17:58:35.632 INFO:teuthology.orchestra.run.smithi138.stdout:/usr/bin/ceph: stderr
2024-03-26T17:58:34.848+0000 7ff056ffd700 1 -- 172.21.15.138:0/20339216 <== mon.0 v2:172.21.15.138:3300/0 4 ==== mgrmap(e 8) ==== 46294+0+0 (secure 0 0 0) 0x7ff05c022020 con 0x7ff060108810
2024-03-26T17:58:35.632 INFO:teuthology.orchestra.run.smithi138.stdout:/usr/bin/ceph: stderr
2024-03-26T17:58:34.848+0000 7ff067eba700 1 -- 172.21.15.138:0/20339216 --> [v2:172.21.15.138:3300/0,v1:172.21.15.138:6789/0] -- mon_command({"prefix": "get_command_descriptions"} v 0) -- 0x7ff0600639e0 con 0x7ff060108810
2024-03-26T17:58:35.632 INFO:teuthology.orchestra.run.smithi138.stdout:/usr/bin/ceph: stderr
2024-03-26T17:58:34.848+0000 7ff056ffd700 1 --2- 172.21.15.138:0/20339216 >> [v2:172.21.15.138:6800/306617559,v1:172.21.15.138:6801/306617559] conn(0x7ff04c039180 0x7ff04c03b640 unknown :-1 s=NONE pgs=0 cs=0 l=1 rev1=0 crypto rx=0 tx=0 comp rx=0 tx=0).connect
2024-03-26T17:58:35.632 INFO:teuthology.orchestra.run.smithi138.stdout:/usr/bin/ceph: stderr
2024-03-26T17:58:34.848+0000 7ff056ffd700 1 -- 172.21.15.138:0/20339216 <== mon.0 v2:172.21.15.138:3300/0 5 ==== osd_map(2..2 src has 1..2) ==== 940+0+0 (secure 0 0 0) 0x7ff05c04dbe0 con 0x7ff060108810
2024-03-26T17:58:35.632 INFO:teuthology.orchestra.run.smithi138.stdout:/usr/bin/ceph: stderr
2024-03-26T17:58:34.848+0000 7ff065455700 1 --2- 172.21.15.138:0/20339216 >> [v2:172.21.15.138:6800/306617559,v1:172.21.15.138:6801/306617559] conn(0x7ff04c039180 0x7ff04c03b640 unknown :-1 s=BANNER_CONNECTING pgs=0 cs=0 l=1 rev1=0 crypto rx=0 tx=0 comp rx=0 tx=0)._handle_peer_banner_payload supported=3 required=0
2024-03-26T17:58:35.632 INFO:teuthology.orchestra.run.smithi138.stdout:/usr/bin/ceph: stderr
2024-03-26T17:58:34.848+0000 7ff065455700 1 --2- 172.21.15.138:0/20339216 >> [v2:172.21.15.138:6800/306617559,v1:172.21.15.138:6801/306617559] conn(0x7ff04c039180 0x7ff04c03b640 secure :-1 s=READY pgs=13 cs=0 l=1 rev1=1 crypto rx=0x7ff050006fd0 tx=0x7ff050006e40 comp rx=0 tx=0).ready entity=mgr.14118 client_cookie=0 server_cookie=0 in_seq=0 out_seq=0
2024-03-26T17:58:35.632 INFO:teuthology.orchestra.run.smithi138.stdout:/usr/bin/ceph: stderr
2024-03-26T17:58:34.853+0000 7ff056ffd700 1 -- 172.21.15.138:0/20339216 <== mon.0 v2:172.21.15.138:3300/0 6 ==== mon_command_ack([{"prefix": "get_command_descriptions"}]=0 v0) ==== 72+0+186149 (secure 0 0 0) 0x7ff05c04d570 con 0x7ff060108810
2024-03-26T17:58:35.632 INFO:teuthology.orchestra.run.smithi138.stdout:/usr/bin/ceph: stderr
2024-03-26T17:58:35.069+0000 7ff067eba700 1 -- 172.21.15.138:0/20339216 --> [v2:172.21.15.138:6800/306617559,v1:172.21.15.138:6801/306617559] -- mgr_command(tid 0: {"prefix": "orch apply", "service_type": "mgr", "unmanaged": true, "target": ["mon-mgr", ""]}) -- 0x7ff060107420 con 0x7ff04c039180
2024-03-26T17:58:35.632 INFO:teuthology.orchestra.run.smithi138.stdout:/usr/bin/ceph: stderr
2024-03-26T17:58:35.076+0000 7ff056ffd700 1 -- 172.21.15.138:0/20339216 <== mgr.14118 v2:172.21.15.138:6800/306617559 1 ==== mgr_command_reply(tid 0: 0 ) ==== 8+0+24 (secure 0 0 0) 0x7ff060107420 con 0x7ff04c039180
2024-03-26T17:58:35.632 INFO:teuthology.orchestra.run.smithi138.stdout:/usr/bin/ceph: stderr
2024-03-26T17:58:35.079+0000 7ff067eba700 1 -- 172.21.15.138:0/20339216 >> [v2:172.21.15.138:6800/306617559,v1:172.21.15.138:6801/306617559] conn(0x7ff04c039180 msgr2=0x7ff04c03b640 secure :-1 s=STATE_CONNECTION_ESTABLISHED l=1).mark_down
2024-03-26T17:58:35.633 INFO:teuthology.orchestra.run.smithi138.stdout:/usr/bin/ceph: stderr
2024-03-26T17:58:35.079+0000 7ff067eba700 1 --2- 172.21.15.138:0/20339216 >> [v2:172.21.15.138:6800/306617559,v1:172.21.15.138:6801/306617559] conn(0x7ff04c039180 0x7ff04c03b640 secure :-1 s=READY pgs=13 cs=0 l=1 rev1=1 crypto rx=0x7ff050006fd0 tx=0x7ff050006e40 comp rx=0 tx=0).stop
2024-03-26T17:58:35.633 INFO:teuthology.orchestra.run.smithi138.stdout:/usr/bin/ceph: stderr
2024-03-26T17:58:35.079+0000 7ff067eba700 1 -- 172.21.15.138:0/20339216 >> [v2:172.21.15.138:3300/0,v1:172.21.15.138:6789/0] conn(0x7ff060108810 msgr2=0x7ff060108270 secure :-1 s=STATE_CONNECTION_ESTABLISHED l=1).mark_down
2024-03-26T17:58:35.633 INFO:teuthology.orchestra.run.smithi138.stdout:/usr/bin/ceph: stderr
2024-03-26T17:58:35.079+0000 7ff067eba700 1 --2- 172.21.15.138:0/20339216 >> [v2:172.21.15.138:3300/0,v1:172.21.15.138:6789/0] conn(0x7ff060108810 0x7ff060108270 secure :-1 s=READY pgs=48 cs=0 l=1 rev1=1 crypto rx=0x7ff05c0117e0 tx=0x7ff05c011ba0 comp rx=0 tx=0).stop
2024-03-26T17:58:35.633 INFO:teuthology.orchestra.run.smithi138.stdout:/usr/bin/ceph: stderr
2024-03-26T17:58:35.079+0000 7ff067eba700 1 -- 172.21.15.138:0/20339216 shutdown_connections
2024-03-26T17:58:35.633 INFO:teuthology.orchestra.run.smithi138.stdout:/usr/bin/ceph: stderr
2024-03-26T17:58:35.079+0000 7ff067eba700 1 --2- 172.21.15.138:0/20339216 >> [v2:172.21.15.138:6800/306617559,v1:172.21.15.138:6801/306617559] conn(0x7ff04c039180 0x7ff04c03b640 unknown :-1 s=CLOSED pgs=13 cs=0 l=1 rev1=1 crypto rx=0 tx=0 comp rx=0 tx=0).stop
2024-03-26T17:58:35.633 INFO:teuthology.orchestra.run.smithi138.stdout:/usr/bin/ceph: stderr
2024-03-26T17:58:35.079+0000 7ff067eba700 1 --2- 172.21.15.138:0/20339216 >> [v2:172.21.15.138:3300/0,v1:172.21.15.138:6789/0] conn(0x7ff060108810 0x7ff060108270 unknown :-1 s=CLOSED pgs=48 cs=0 l=1 rev1=1 crypto rx=0 tx=0 comp rx=0 tx=0).stop
2024-03-26T17:58:35.633 INFO:teuthology.orchestra.run.smithi138.stdout:/usr/bin/ceph: stderr
2024-03-26T17:58:35.079+0000 7ff067eba700 1 -- 172.21.15.138:0/20339216 >> 172.21.15.138:0/20339216 conn(0x7ff0601021c0 msgr2=0x7ff060102c20 unknown :-1 s=STATE_NONE l=0).mark_down
2024-03-26T17:58:35.633 INFO:teuthology.orchestra.run.smithi138.stdout:/usr/bin/ceph: stderr
2024-03-26T17:58:35.079+0000 7ff067eba700 1 -- 172.21.15.138:0/20339216 shutdown_connections
2024-03-26T17:58:35.633 INFO:teuthology.orchestra.run.smithi138.stdout:/usr/bin/ceph: stderr
2024-03-26T17:58:35.079+0000 7ff067eba700 1 -- 172.21.15.138:0/20339216 wait complete.
2024-03-26T17:58:36.270 INFO:journalctl@ceph.mon.a.smithi138.stdout:Mar 26 17:58:36 smithi138 ceph-mon[32292]: from='client.14142 -' entity='client.admin' cmd=[{"prefix": "orch apply", "service_type": "mgr", "unmanaged": true, "target": ["mon-mgr", ""]}]: dispatch
2024-03-26T17:58:36.270 INFO:journalctl@ceph.mon.a.smithi138.stdout:Mar 26 17:58:36 smithi138 ceph-mon[32292]: Saving service mgr spec with placement count:2
2024-03-26T17:58:36.270 INFO:journalctl@ceph.mon.a.smithi138.stdout:Mar 26 17:58:36 smithi138 ceph-mon[32292]: from='mgr.14118 172.21.15.138:0/2444266781' entity='mgr.x'
2024-03-26T17:58:36.887 INFO:teuthology.orchestra.run.smithi138.stdout:/usr/bin/ceph: stderr
2024-03-26T17:58:36.062+0000 7f399405d700 1 Processor -- start
2024-03-26T17:58:36.887 INFO:teuthology.orchestra.run.smithi138.stdout:/usr/bin/ceph: stderr
2024-03-26T17:58:36.062+0000 7f399405d700 1 -- start start
2024-03-26T17:58:36.888 INFO:teuthology.orchestra.run.smithi138.stdout:/usr/bin/ceph: stderr
2024-03-26T17:58:36.062+0000 7f399405d700 1 --2- >> [v2:172.21.15.138:3300/0,v1:172.21.15.138:6789/0] conn(0x7f398c1087f0 0x7f398c10abe0 unknown :-1 s=NONE pgs=0 cs=0 l=0 rev1=0 crypto rx=0 tx=0 comp rx=0 tx=0).connect
2024-03-26T17:58:36.888 INFO:teuthology.orchestra.run.smithi138.stdout:/usr/bin/ceph: stderr
2024-03-26T17:58:36.062+0000 7f399405d700 1 -- --> [v2:172.21.15.138:3300/0,v1:172.21.15.138:6789/0] -- mon_getmap magic: 0 -- 0x7f398c07be70 con 0x7f398c1087f0
2024-03-26T17:58:36.888 INFO:teuthology.orchestra.run.smithi138.stdout:/usr/bin/ceph: stderr
2024-03-26T17:58:36.062+0000 7f3991df9700 1 --2- >> [v2:172.21.15.138:3300/0,v1:172.21.15.138:6789/0] conn(0x7f398c1087f0 0x7f398c10abe0 unknown :-1 s=BANNER_CONNECTING pgs=0 cs=0 l=0 rev1=0 crypto rx=0 tx=0 comp rx=0 tx=0)._handle_peer_banner_payload supported=3 required=0
2024-03-26T17:58:36.888 INFO:teuthology.orchestra.run.smithi138.stdout:/usr/bin/ceph: stderr
2024-03-26T17:58:36.062+0000 7f3991df9700 1 --2- >> [v2:172.21.15.138:3300/0,v1:172.21.15.138:6789/0] conn(0x7f398c1087f0 0x7f398c10abe0 unknown :-1 s=HELLO_CONNECTING pgs=0 cs=0 l=0 rev1=1 crypto rx=0 tx=0 comp rx=0 tx=0).handle_hello peer v2:172.21.15.138:3300/0 says I am v2:172.21.15.138:37648/0 (socket says 172.21.15.138:37648)
2024-03-26T17:58:36.888 INFO:teuthology.orchestra.run.smithi138.stdout:/usr/bin/ceph: stderr
2024-03-26T17:58:36.062+0000 7f3991df9700 1 -- 172.21.15.138:0/3396279578 learned_addr learned my addr 172.21.15.138:0/3396279578 (peer_addr_for_me v2:172.21.15.138:0/0)
2024-03-26T17:58:36.888 INFO:teuthology.orchestra.run.smithi138.stdout:/usr/bin/ceph: stderr
2024-03-26T17:58:36.062+0000 7f3991df9700 1 -- 172.21.15.138:0/3396279578 --> [v2:172.21.15.138:3300/0,v1:172.21.15.138:6789/0] -- mon_subscribe({config=0+,monmap=0+}) -- 0x7f398c10b120 con 0x7f398c1087f0
2024-03-26T17:58:36.888 INFO:teuthology.orchestra.run.smithi138.stdout:/usr/bin/ceph: stderr
2024-03-26T17:58:36.063+0000 7f3991df9700 1 --2- 172.21.15.138:0/3396279578 >> [v2:172.21.15.138:3300/0,v1:172.21.15.138:6789/0] conn(0x7f398c1087f0 0x7f398c10abe0 secure :-1 s=READY pgs=49 cs=0 l=1 rev1=1 crypto rx=0x7f39880098a0 tx=0x7f3988009bb0 comp rx=0 tx=0).ready entity=mon.0 client_cookie=b4e55bd1284b4428 server_cookie=0 in_seq=0 out_seq=0
2024-03-26T17:58:36.888 INFO:teuthology.orchestra.run.smithi138.stdout:/usr/bin/ceph: stderr
2024-03-26T17:58:36.063+0000 7f3990df7700 1 -- 172.21.15.138:0/3396279578 <== mon.0 v2:172.21.15.138:3300/0 1 ==== mon_map magic: 0 ==== 205+0+0 (secure 0 0 0) 0x7f3988004160 con 0x7f398c1087f0
2024-03-26T17:58:36.888 INFO:teuthology.orchestra.run.smithi138.stdout:/usr/bin/ceph: stderr
2024-03-26T17:58:36.063+0000 7f3990df7700 1 -- 172.21.15.138:0/3396279578 <== mon.0 v2:172.21.15.138:3300/0 2 ==== config(27 keys) ==== 1140+0+0 (secure 0 0 0) 0x7f3988004300 con 0x7f398c1087f0
2024-03-26T17:58:36.888 INFO:teuthology.orchestra.run.smithi138.stdout:/usr/bin/ceph: stderr
2024-03-26T17:58:36.063+0000 7f3990df7700 1 -- 172.21.15.138:0/3396279578 <== mon.0 v2:172.21.15.138:3300/0 3 ==== mon_map magic: 0 ==== 205+0+0 (secure 0 0 0) 0x7f3988011b20 con 0x7f398c1087f0
2024-03-26T17:58:36.888 INFO:teuthology.orchestra.run.smithi138.stdout:/usr/bin/ceph: stderr
2024-03-26T17:58:36.064+0000 7f399405d700 1 -- 172.21.15.138:0/3396279578 >> [v2:172.21.15.138:3300/0,v1:172.21.15.138:6789/0] conn(0x7f398c1087f0 msgr2=0x7f398c10abe0 secure :-1 s=STATE_CONNECTION_ESTABLISHED l=1).mark_down
2024-03-26T17:58:36.888 INFO:teuthology.orchestra.run.smithi138.stdout:/usr/bin/ceph: stderr
2024-03-26T17:58:36.064+0000 7f399405d700 1 --2- 172.21.15.138:0/3396279578 >> [v2:172.21.15.138:3300/0,v1:172.21.15.138:6789/0] conn(0x7f398c1087f0 0x7f398c10abe0 secure :-1 s=READY pgs=49 cs=0 l=1 rev1=1 crypto rx=0x7f39880098a0 tx=0x7f3988009bb0 comp rx=0 tx=0).stop
2024-03-26T17:58:36.888 INFO:teuthology.orchestra.run.smithi138.stdout:/usr/bin/ceph: stderr
2024-03-26T17:58:36.064+0000 7f399405d700 1 -- 172.21.15.138:0/3396279578 shutdown_connections
2024-03-26T17:58:36.888 INFO:teuthology.orchestra.run.smithi138.stdout:/usr/bin/ceph: stderr
2024-03-26T17:58:36.064+0000 7f399405d700 1 --2- 172.21.15.138:0/3396279578 >> [v2:172.21.15.138:3300/0,v1:172.21.15.138:6789/0] conn(0x7f398c1087f0 0x7f398c10abe0 unknown :-1 s=CLOSED pgs=49 cs=0 l=1 rev1=1 crypto rx=0 tx=0 comp rx=0 tx=0).stop
2024-03-26T17:58:36.889 INFO:teuthology.orchestra.run.smithi138.stdout:/usr/bin/ceph: stderr
2024-03-26T17:58:36.064+0000 7f399405d700 1 -- 172.21.15.138:0/3396279578 >> 172.21.15.138:0/3396279578 conn(0x7f398c1021c0 msgr2=0x7f398c104600 unknown :-1 s=STATE_NONE l=0).mark_down
2024-03-26T17:58:36.889 INFO:teuthology.orchestra.run.smithi138.stdout:/usr/bin/ceph: stderr
2024-03-26T17:58:36.064+0000 7f399405d700 1 -- 172.21.15.138:0/3396279578 shutdown_connections
2024-03-26T17:58:36.889 INFO:teuthology.orchestra.run.smithi138.stdout:/usr/bin/ceph: stderr
2024-03-26T17:58:36.064+0000 7f399405d700 1 -- 172.21.15.138:0/3396279578 wait complete.
2024-03-26T17:58:36.889 INFO:teuthology.orchestra.run.smithi138.stdout:/usr/bin/ceph: stderr
2024-03-26T17:58:36.064+0000 7f399405d700 1 Processor -- start
2024-03-26T17:58:36.889 INFO:teuthology.orchestra.run.smithi138.stdout:/usr/bin/ceph: stderr
2024-03-26T17:58:36.065+0000 7f399405d700 1 -- start start
2024-03-26T17:58:36.889 INFO:teuthology.orchestra.run.smithi138.stdout:/usr/bin/ceph: stderr
2024-03-26T17:58:36.065+0000 7f399405d700 1 --2- >> [v2:172.21.15.138:3300/0,v1:172.21.15.138:6789/0] conn(0x7f398c1087f0 0x7f398c19bce0 unknown :-1 s=NONE pgs=0 cs=0 l=1 rev1=0 crypto rx=0 tx=0 comp rx=0 tx=0).connect
2024-03-26T17:58:36.889 INFO:teuthology.orchestra.run.smithi138.stdout:/usr/bin/ceph: stderr
2024-03-26T17:58:36.065+0000 7f399405d700 1 -- --> [v2:172.21.15.138:3300/0,v1:172.21.15.138:6789/0] -- mon_getmap magic: 0 -- 0x7f398c10c130 con 0x7f398c1087f0
2024-03-26T17:58:36.889 INFO:teuthology.orchestra.run.smithi138.stdout:/usr/bin/ceph: stderr
2024-03-26T17:58:36.065+0000 7f3991df9700 1 --2- >> [v2:172.21.15.138:3300/0,v1:172.21.15.138:6789/0] conn(0x7f398c1087f0 0x7f398c19bce0 unknown :-1 s=BANNER_CONNECTING pgs=0 cs=0 l=1 rev1=0 crypto rx=0 tx=0 comp rx=0 tx=0)._handle_peer_banner_payload supported=3 required=0
2024-03-26T17:58:36.889 INFO:teuthology.orchestra.run.smithi138.stdout:/usr/bin/ceph: stderr
2024-03-26T17:58:36.065+0000 7f3991df9700 1 --2- >> [v2:172.21.15.138:3300/0,v1:172.21.15.138:6789/0] conn(0x7f398c1087f0 0x7f398c19bce0 unknown :-1 s=HELLO_CONNECTING pgs=0 cs=0 l=1 rev1=1 crypto rx=0 tx=0 comp rx=0 tx=0).handle_hello peer v2:172.21.15.138:3300/0 says I am v2:172.21.15.138:37664/0 (socket says 172.21.15.138:37664)
2024-03-26T17:58:36.889 INFO:teuthology.orchestra.run.smithi138.stdout:/usr/bin/ceph: stderr
2024-03-26T17:58:36.065+0000 7f3991df9700 1 -- 172.21.15.138:0/1667908022 learned_addr learned my addr 172.21.15.138:0/1667908022 (peer_addr_for_me v2:172.21.15.138:0/0)
2024-03-26T17:58:36.889 INFO:teuthology.orchestra.run.smithi138.stdout:/usr/bin/ceph: stderr
2024-03-26T17:58:36.065+0000 7f3991df9700 1 -- 172.21.15.138:0/1667908022 --> [v2:172.21.15.138:3300/0,v1:172.21.15.138:6789/0] -- mon_subscribe({config=0+,monmap=0+}) -- 0x7f398c19c220 con 0x7f398c1087f0
2024-03-26T17:58:36.889 INFO:teuthology.orchestra.run.smithi138.stdout:/usr/bin/ceph: stderr
2024-03-26T17:58:36.065+0000 7f3991df9700 1 --2- 172.21.15.138:0/1667908022 >> [v2:172.21.15.138:3300/0,v1:172.21.15.138:6789/0] conn(0x7f398c1087f0 0x7f398c19bce0 secure :-1 s=READY pgs=50 cs=0 l=1 rev1=1 crypto rx=0x7f39880117e0 tx=0x7f3988011c10 comp rx=0 tx=0).ready entity=mon.0 client_cookie=0 server_cookie=0 in_seq=0 out_seq=0
2024-03-26T17:58:36.889 INFO:teuthology.orchestra.run.smithi138.stdout:/usr/bin/ceph: stderr
2024-03-26T17:58:36.065+0000 7f3982ffd700 1 -- 172.21.15.138:0/1667908022 <== mon.0 v2:172.21.15.138:3300/0 1 ==== mon_map magic: 0 ==== 205+0+0 (secure 0 0 0) 0x7f3988003bf0 con 0x7f398c1087f0
2024-03-26T17:58:36.889 INFO:teuthology.orchestra.run.smithi138.stdout:/usr/bin/ceph: stderr
2024-03-26T17:58:36.066+0000 7f399405d700 1 -- 172.21.15.138:0/1667908022 --> [v2:172.21.15.138:3300/0,v1:172.21.15.138:6789/0] -- mon_subscribe({mgrmap=0+}) -- 0x7f398c19c4b0 con 0x7f398c1087f0
2024-03-26T17:58:36.889 INFO:teuthology.orchestra.run.smithi138.stdout:/usr/bin/ceph: stderr
2024-03-26T17:58:36.066+0000 7f3982ffd700 1 -- 172.21.15.138:0/1667908022 <== mon.0 v2:172.21.15.138:3300/0 2 ==== config(27 keys) ==== 1140+0+0 (secure 0 0 0) 0x7f398801a910 con 0x7f398c1087f0
2024-03-26T17:58:36.890 INFO:teuthology.orchestra.run.smithi138.stdout:/usr/bin/ceph: stderr
2024-03-26T17:58:36.066+0000 7f3982ffd700 1 -- 172.21.15.138:0/1667908022 <== mon.0 v2:172.21.15.138:3300/0 3 ==== mon_map magic: 0 ==== 205+0+0 (secure 0 0 0) 0x7f3988024970 con 0x7f398c1087f0
2024-03-26T17:58:36.890 INFO:teuthology.orchestra.run.smithi138.stdout:/usr/bin/ceph: stderr
2024-03-26T17:58:36.066+0000 7f399405d700 1 -- 172.21.15.138:0/1667908022 --> [v2:172.21.15.138:3300/0,v1:172.21.15.138:6789/0] -- mon_subscribe({osdmap=0}) -- 0x7f398c19cfd0 con 0x7f398c1087f0
2024-03-26T17:58:36.890 INFO:teuthology.orchestra.run.smithi138.stdout:/usr/bin/ceph: stderr
2024-03-26T17:58:36.066+0000 7f3982ffd700 1 -- 172.21.15.138:0/1667908022 <== mon.0 v2:172.21.15.138:3300/0 4 ==== mgrmap(e 8) ==== 46294+0+0 (secure 0 0 0) 0x7f3988022020 con 0x7f398c1087f0
2024-03-26T17:58:36.890 INFO:teuthology.orchestra.run.smithi138.stdout:/usr/bin/ceph: stderr
2024-03-26T17:58:36.067+0000 7f399405d700 1 -- 172.21.15.138:0/1667908022 --> [v2:172.21.15.138:3300/0,v1:172.21.15.138:6789/0] -- mon_command({"prefix": "get_command_descriptions"} v 0) -- 0x7f398c0639e0 con 0x7f398c1087f0
2024-03-26T17:58:36.890 INFO:teuthology.orchestra.run.smithi138.stdout:/usr/bin/ceph: stderr
2024-03-26T17:58:36.067+0000 7f3982ffd700 1 --2- 172.21.15.138:0/1667908022 >> [v2:172.21.15.138:6800/306617559,v1:172.21.15.138:6801/306617559] conn(0x7f3978039180 0x7f397803b640 unknown :-1 s=NONE pgs=0 cs=0 l=1 rev1=0 crypto rx=0 tx=0 comp rx=0 tx=0).connect
2024-03-26T17:58:36.890 INFO:teuthology.orchestra.run.smithi138.stdout:/usr/bin/ceph: stderr
2024-03-26T17:58:36.067+0000 7f3982ffd700 1 -- 172.21.15.138:0/1667908022 <== mon.0 v2:172.21.15.138:3300/0 5 ==== osd_map(2..2 src has 1..2) ==== 940+0+0 (secure 0 0 0) 0x7f398804e460 con 0x7f398c1087f0
2024-03-26T17:58:36.890 INFO:teuthology.orchestra.run.smithi138.stdout:/usr/bin/ceph: stderr
2024-03-26T17:58:36.067+0000 7f39915f8700 1 --2- 172.21.15.138:0/1667908022 >> [v2:172.21.15.138:6800/306617559,v1:172.21.15.138:6801/306617559] conn(0x7f3978039180 0x7f397803b640 unknown :-1 s=BANNER_CONNECTING pgs=0 cs=0 l=1 rev1=0 crypto rx=0 tx=0 comp rx=0 tx=0)._handle_peer_banner_payload supported=3 required=0
2024-03-26T17:58:36.890 INFO:teuthology.orchestra.run.smithi138.stdout:/usr/bin/ceph: stderr
2024-03-26T17:58:36.067+0000 7f39915f8700 1 --2- 172.21.15.138:0/1667908022 >> [v2:172.21.15.138:6800/306617559,v1:172.21.15.138:6801/306617559] conn(0x7f3978039180 0x7f397803b640 secure :-1 s=READY pgs=14 cs=0 l=1 rev1=1 crypto rx=0x7f397c006fd0 tx=0x7f397c006e40 comp rx=0 tx=0).ready entity=mgr.14118 client_cookie=0 server_cookie=0 in_seq=0 out_seq=0
2024-03-26T17:58:36.890 INFO:teuthology.orchestra.run.smithi138.stdout:/usr/bin/ceph: stderr
2024-03-26T17:58:36.072+0000 7f3982ffd700 1 -- 172.21.15.138:0/1667908022 <== mon.0 v2:172.21.15.138:3300/0 6 ==== mon_command_ack([{"prefix": "get_command_descriptions"}]=0 v0) ==== 72+0+186149 (secure 0 0 0) 0x7f3988011e20 con 0x7f398c1087f0
2024-03-26T17:58:36.890 INFO:teuthology.orchestra.run.smithi138.stdout:/usr/bin/ceph: stderr
2024-03-26T17:58:36.285+0000 7f399405d700 1 -- 172.21.15.138:0/1667908022 --> [v2:172.21.15.138:3300/0,v1:172.21.15.138:6789/0] -- mon_command([{prefix=config set, name=mgr/cephadm/container_init}] v 0) -- 0x7f398c19d420 con 0x7f398c1087f0
2024-03-26T17:58:36.890 INFO:teuthology.orchestra.run.smithi138.stdout:/usr/bin/ceph: stderr
2024-03-26T17:58:36.287+0000 7f3982ffd700 1 -- 172.21.15.138:0/1667908022 <== mon.0 v2:172.21.15.138:3300/0 7 ==== mon_command_ack([{prefix=config set, name=mgr/cephadm/container_init}]=0 v7)=0 v7) ==== 142+0+0 (secure 0 0 0) 0x7f398800ba30 con 0x7f398c1087f0
2024-03-26T17:58:36.890 INFO:teuthology.orchestra.run.smithi138.stdout:/usr/bin/ceph: stderr
2024-03-26T17:58:36.290+0000 7f399405d700 1 -- 172.21.15.138:0/1667908022 >> [v2:172.21.15.138:6800/306617559,v1:172.21.15.138:6801/306617559] conn(0x7f3978039180 msgr2=0x7f397803b640 secure :-1 s=STATE_CONNECTION_ESTABLISHED l=1).mark_down
2024-03-26T17:58:36.890 INFO:teuthology.orchestra.run.smithi138.stdout:/usr/bin/ceph: stderr
2024-03-26T17:58:36.290+0000 7f399405d700 1 --2- 172.21.15.138:0/1667908022 >> [v2:172.21.15.138:6800/306617559,v1:172.21.15.138:6801/306617559] conn(0x7f3978039180 0x7f397803b640 secure :-1 s=READY pgs=14 cs=0 l=1 rev1=1 crypto rx=0x7f397c006fd0 tx=0x7f397c006e40 comp rx=0 tx=0).stop
2024-03-26T17:58:36.890 INFO:teuthology.orchestra.run.smithi138.stdout:/usr/bin/ceph: stderr
2024-03-26T17:58:36.290+0000 7f399405d700 1 -- 172.21.15.138:0/1667908022 >> [v2:172.21.15.138:3300/0,v1:172.21.15.138:6789/0] conn(0x7f398c1087f0 msgr2=0x7f398c19bce0 secure :-1 s=STATE_CONNECTION_ESTABLISHED l=1).mark_down
2024-03-26T17:58:36.890 INFO:teuthology.orchestra.run.smithi138.stdout:/usr/bin/ceph: stderr
2024-03-26T17:58:36.290+0000 7f399405d700 1 --2- 172.21.15.138:0/1667908022 >> [v2:172.21.15.138:3300/0,v1:172.21.15.138:6789/0] conn(0x7f398c1087f0 0x7f398c19bce0 secure :-1 s=READY pgs=50 cs=0 l=1 rev1=1 crypto rx=0x7f39880117e0 tx=0x7f3988011c10 comp rx=0 tx=0).stop
2024-03-26T17:58:36.891 INFO:teuthology.orchestra.run.smithi138.stdout:/usr/bin/ceph: stderr
2024-03-26T17:58:36.290+0000 7f399405d700 1 -- 172.21.15.138:0/1667908022 shutdown_connections
2024-03-26T17:58:36.891 INFO:teuthology.orchestra.run.smithi138.stdout:/usr/bin/ceph: stderr
2024-03-26T17:58:36.290+0000 7f399405d700 1 --2- 172.21.15.138:0/1667908022 >> [v2:172.21.15.138:6800/306617559,v1:172.21.15.138:6801/306617559] conn(0x7f3978039180 0x7f397803b640 unknown :-1 s=CLOSED pgs=14 cs=0 l=1 rev1=1 crypto rx=0 tx=0 comp rx=0 tx=0).stop
2024-03-26T17:58:36.891 INFO:teuthology.orchestra.run.smithi138.stdout:/usr/bin/ceph: stderr
2024-03-26T17:58:36.290+0000 7f399405d700 1 --2- 172.21.15.138:0/1667908022 >> [v2:172.21.15.138:3300/0,v1:172.21.15.138:6789/0] conn(0x7f398c1087f0 0x7f398c19bce0 unknown :-1 s=CLOSED pgs=50 cs=0 l=1 rev1=1 crypto rx=0 tx=0 comp rx=0 tx=0).stop
2024-03-26T17:58:36.891 INFO:teuthology.orchestra.run.smithi138.stdout:/usr/bin/ceph: stderr
2024-03-26T17:58:36.290+0000 7f399405d700 1 -- 172.21.15.138:0/1667908022 >> 172.21.15.138:0/1667908022 conn(0x7f398c1021c0 msgr2=0x7f398c102c80 unknown :-1 s=STATE_NONE l=0).mark_down
2024-03-26T17:58:36.891 INFO:teuthology.orchestra.run.smithi138.stdout:/usr/bin/ceph: stderr
2024-03-26T17:58:36.290+0000 7f399405d700 1 -- 172.21.15.138:0/1667908022 shutdown_connections
2024-03-26T17:58:36.891 INFO:teuthology.orchestra.run.smithi138.stdout:/usr/bin/ceph: stderr
2024-03-26T17:58:36.290+0000 7f399405d700 1 -- 172.21.15.138:0/1667908022 wait complete.
2024-03-26T17:58:37.478 INFO:journalctl@ceph.mon.a.smithi138.stdout:Mar 26 17:58:37 smithi138 ceph-mon[32292]: from='client.? 172.21.15.138:0/1667908022' entity='client.admin'
2024-03-26T17:58:38.247 INFO:teuthology.orchestra.run.smithi138.stdout:/usr/bin/ceph: stderr
2024-03-26T17:58:37.284+0000 7fd834732700 1 Processor -- start
2024-03-26T17:58:38.247 INFO:teuthology.orchestra.run.smithi138.stdout:/usr/bin/ceph: stderr
2024-03-26T17:58:37.284+0000 7fd834732700 1 -- start start
2024-03-26T17:58:38.247 INFO:teuthology.orchestra.run.smithi138.stdout:/usr/bin/ceph: stderr
2024-03-26T17:58:37.285+0000 7fd834732700 1 --2- >> [v2:172.21.15.138:3300/0,v1:172.21.15.138:6789/0] conn(0x7fd82c07de70 0x7fd82c07c320 unknown :-1 s=NONE pgs=0 cs=0 l=0 rev1=0 crypto rx=0 tx=0 comp rx=0 tx=0).connect
2024-03-26T17:58:38.247 INFO:teuthology.orchestra.run.smithi138.stdout:/usr/bin/ceph: stderr
2024-03-26T17:58:37.285+0000 7fd834732700 1 -- --> [v2:172.21.15.138:3300/0,v1:172.21.15.138:6789/0] -- mon_getmap magic: 0 -- 0x7fd82c07c8f0 con 0x7fd82c07de70
2024-03-26T17:58:38.247 INFO:teuthology.orchestra.run.smithi138.stdout:/usr/bin/ceph: stderr
2024-03-26T17:58:37.285+0000 7fd8324ce700 1 --2- >> [v2:172.21.15.138:3300/0,v1:172.21.15.138:6789/0] conn(0x7fd82c07de70 0x7fd82c07c320 unknown :-1 s=BANNER_CONNECTING pgs=0 cs=0 l=0 rev1=0 crypto rx=0 tx=0 comp rx=0 tx=0)._handle_peer_banner_payload supported=3 required=0
2024-03-26T17:58:38.247 INFO:teuthology.orchestra.run.smithi138.stdout:/usr/bin/ceph: stderr
2024-03-26T17:58:37.285+0000 7fd8324ce700 1 --2- >> [v2:172.21.15.138:3300/0,v1:172.21.15.138:6789/0] conn(0x7fd82c07de70 0x7fd82c07c320 unknown :-1 s=HELLO_CONNECTING pgs=0 cs=0 l=0 rev1=1 crypto rx=0 tx=0 comp rx=0 tx=0).handle_hello peer v2:172.21.15.138:3300/0 says I am v2:172.21.15.138:37674/0 (socket says 172.21.15.138:37674)
2024-03-26T17:58:38.247 INFO:teuthology.orchestra.run.smithi138.stdout:/usr/bin/ceph: stderr
