2024-03-26T18:48:01.565+0000 7f7c5a400700 1 -- 172.21.15.97:0/2094174904 shutdown_connections
2024-03-26T18:48:02.279 INFO:teuthology.orchestra.run.smithi097.stdout:/usr/bin/ceph: stderr
2024-03-26T18:48:01.565+0000 7f7c5a400700 1 -- 172.21.15.97:0/2094174904 wait complete.
2024-03-26T18:48:02.805 INFO:journalctl@ceph.mon.a.smithi097.stdout:Mar 26 18:48:02 smithi097 ceph-mon[31955]: from='client.14136 -' entity='client.admin' cmd=[{"prefix": "cephadm generate-key", "target": ["mon-mgr", ""]}]: dispatch
2024-03-26T18:48:02.805 INFO:journalctl@ceph.mon.a.smithi097.stdout:Mar 26 18:48:02 smithi097 ceph-mon[31955]: Generating ssh key...
2024-03-26T18:48:02.805 INFO:journalctl@ceph.mon.a.smithi097.stdout:Mar 26 18:48:02 smithi097 ceph-mon[31955]: from='mgr.14120 172.21.15.97:0/3976031464' entity='mgr.x'
2024-03-26T18:48:02.805 INFO:journalctl@ceph.mon.a.smithi097.stdout:Mar 26 18:48:02 smithi097 ceph-mon[31955]: from='mgr.14120 172.21.15.97:0/3976031464' entity='mgr.x'
2024-03-26T18:48:03.816 INFO:teuthology.orchestra.run.smithi097.stdout:/usr/bin/ceph: stdout ssh-rsa AAAAB3NzaC1yc2EAAAADAQABAAABgQDD6wr2B0ZNNqNIANPkfHHAQuw4/mKkq4IBbSCA5LG7xLkunFKKTw3LqrakJOlCJs7XxSY49PB0Idv57MuXrHrwLh1jJRDjvbJz0+5i+ldX4gZ1/RS9YhoXsict9Do/xDLTkfgmb3ihCprxArg/8E6N0Zn8Zs6VQvOoWsqFDY3pDgqkb0GkQzmDyL/JbceSoUYfxPd/6tl5F0MU9UhSTJi306gL3ppEm1pU0SnuuMFPUwc4aDIF9+cZYHKwZRVpmm++kG9Xst00gII+UqDMMLQqnn5nD82v2h8rQASYRPRWbIzUWphzSr+3S3JSVj4ZQjSMLJSjsqubEkr0FWwreQ996nvAXvhBYYhwQSq9Y5HUkmpUwyvPYmXxeNVrz3BNU/oMuIpB2DmJhPkxUqKvPjNQks08AjP87wYffIXOgKqUb08YHJ9EzsrtUDg/v4Hum1giB9trI4jm9ve1G4dZP1a3bjIVdCVsqrvLE6oh/oTcgnRGUg55uf6BFO26bx3C94U= ceph-2172d50a-eba1-11ee-95d0-87774f69a715
2024-03-26T18:48:03.821 INFO:teuthology.orchestra.run.smithi097.stdout:/usr/bin/ceph: stderr
2024-03-26T18:48:02.883+0000 7fbc42400700 1 Processor -- start
2024-03-26T18:48:03.821 INFO:teuthology.orchestra.run.smithi097.stdout:/usr/bin/ceph: stderr
2024-03-26T18:48:02.884+0000 7fbc42400700 1 -- start start
2024-03-26T18:48:03.821 INFO:teuthology.orchestra.run.smithi097.stdout:/usr/bin/ceph: stderr
2024-03-26T18:48:02.884+0000 7fbc42400700 1 --2- >> [v2:172.21.15.97:3300/0,v1:172.21.15.97:6789/0] conn(0x7fbc3c1066d0 0x7fbc3c106af0 unknown :-1 s=NONE pgs=0 cs=0 l=0 rev1=0 crypto rx=0 tx=0 comp rx=0 tx=0).connect
2024-03-26T18:48:03.822 INFO:teuthology.orchestra.run.smithi097.stdout:/usr/bin/ceph: stderr
2024-03-26T18:48:02.884+0000 7fbc42400700 1 -- --> [v2:172.21.15.97:3300/0,v1:172.21.15.97:6789/0] -- mon_getmap magic: 0 -- 0x7fbc3c07c6a0 con 0x7fbc3c1066d0
2024-03-26T18:48:03.822 INFO:teuthology.orchestra.run.smithi097.stdout:/usr/bin/ceph: stderr
2024-03-26T18:48:02.885+0000 7fbc3b400700 1 --2- >> [v2:172.21.15.97:3300/0,v1:172.21.15.97:6789/0] conn(0x7fbc3c1066d0 0x7fbc3c106af0 unknown :-1 s=BANNER_CONNECTING pgs=0 cs=0 l=0 rev1=0 crypto rx=0 tx=0 comp rx=0 tx=0)._handle_peer_banner_payload supported=3 required=0
2024-03-26T18:48:03.822 INFO:teuthology.orchestra.run.smithi097.stdout:/usr/bin/ceph: stderr
2024-03-26T18:48:02.885+0000 7fbc3b400700 1 --2- >> [v2:172.21.15.97:3300/0,v1:172.21.15.97:6789/0] conn(0x7fbc3c1066d0 0x7fbc3c106af0 unknown :-1 s=HELLO_CONNECTING pgs=0 cs=0 l=0 rev1=1 crypto rx=0 tx=0 comp rx=0 tx=0).handle_hello peer v2:172.21.15.97:3300/0 says I am v2:172.21.15.97:37850/0 (socket says 172.21.15.97:37850)
2024-03-26T18:48:03.822 INFO:teuthology.orchestra.run.smithi097.stdout:/usr/bin/ceph: stderr
2024-03-26T18:48:02.885+0000 7fbc3b400700 1 -- 172.21.15.97:0/2354057677 learned_addr learned my addr 172.21.15.97:0/2354057677 (peer_addr_for_me v2:172.21.15.97:0/0)
2024-03-26T18:48:03.822 INFO:teuthology.orchestra.run.smithi097.stdout:/usr/bin/ceph: stderr
2024-03-26T18:48:02.885+0000 7fbc3b400700 1 -- 172.21.15.97:0/2354057677 --> [v2:172.21.15.97:3300/0,v1:172.21.15.97:6789/0] -- mon_subscribe({config=0+,monmap=0+}) -- 0x7fbc3c107030 con 0x7fbc3c1066d0
2024-03-26T18:48:03.822 INFO:teuthology.orchestra.run.smithi097.stdout:/usr/bin/ceph: stderr
2024-03-26T18:48:02.885+0000 7fbc3b400700 1 --2- 172.21.15.97:0/2354057677 >> [v2:172.21.15.97:3300/0,v1:172.21.15.97:6789/0] conn(0x7fbc3c1066d0 0x7fbc3c106af0 secure :-1 s=READY pgs=43 cs=0 l=1 rev1=1 crypto rx=0x7fbc2c009e80 tx=0x7fbc2c00b330 comp rx=0 tx=0).ready entity=mon.0 client_cookie=794dab9b4f45f21f server_cookie=0 in_seq=0 out_seq=0
2024-03-26T18:48:03.822 INFO:teuthology.orchestra.run.smithi097.stdout:/usr/bin/ceph: stderr
2024-03-26T18:48:02.885+0000 7fbc3a000700 1 -- 172.21.15.97:0/2354057677 <== mon.0 v2:172.21.15.97:3300/0 1 ==== mon_map magic: 0 ==== 205+0+0 (secure 0 0 0) 0x7fbc2c017070 con 0x7fbc3c1066d0
2024-03-26T18:48:03.822 INFO:teuthology.orchestra.run.smithi097.stdout:/usr/bin/ceph: stderr
2024-03-26T18:48:02.886+0000 7fbc3a000700 1 -- 172.21.15.97:0/2354057677 <== mon.0 v2:172.21.15.97:3300/0 2 ==== config(27 keys) ==== 1109+0+0 (secure 0 0 0) 0x7fbc2c00b8c0 con 0x7fbc3c1066d0
2024-03-26T18:48:03.822 INFO:teuthology.orchestra.run.smithi097.stdout:/usr/bin/ceph: stderr
2024-03-26T18:48:02.886+0000 7fbc3a000700 1 -- 172.21.15.97:0/2354057677 <== mon.0 v2:172.21.15.97:3300/0 3 ==== mon_map magic: 0 ==== 205+0+0 (secure 0 0 0) 0x7fbc2c0045c0 con 0x7fbc3c1066d0
2024-03-26T18:48:03.822 INFO:teuthology.orchestra.run.smithi097.stdout:/usr/bin/ceph: stderr
2024-03-26T18:48:02.886+0000 7fbc42400700 1 -- 172.21.15.97:0/2354057677 >> [v2:172.21.15.97:3300/0,v1:172.21.15.97:6789/0] conn(0x7fbc3c1066d0 msgr2=0x7fbc3c106af0 secure :-1 s=STATE_CONNECTION_ESTABLISHED l=1).mark_down
2024-03-26T18:48:03.822 INFO:teuthology.orchestra.run.smithi097.stdout:/usr/bin/ceph: stderr
2024-03-26T18:48:02.886+0000 7fbc42400700 1 --2- 172.21.15.97:0/2354057677 >> [v2:172.21.15.97:3300/0,v1:172.21.15.97:6789/0] conn(0x7fbc3c1066d0 0x7fbc3c106af0 secure :-1 s=READY pgs=43 cs=0 l=1 rev1=1 crypto rx=0x7fbc2c009e80 tx=0x7fbc2c00b330 comp rx=0 tx=0).stop
2024-03-26T18:48:03.822 INFO:teuthology.orchestra.run.smithi097.stdout:/usr/bin/ceph: stderr
2024-03-26T18:48:02.886+0000 7fbc42400700 1 -- 172.21.15.97:0/2354057677 shutdown_connections
2024-03-26T18:48:03.822 INFO:teuthology.orchestra.run.smithi097.stdout:/usr/bin/ceph: stderr
2024-03-26T18:48:02.886+0000 7fbc42400700 1 --2- 172.21.15.97:0/2354057677 >> [v2:172.21.15.97:3300/0,v1:172.21.15.97:6789/0] conn(0x7fbc3c1066d0 0x7fbc3c106af0 unknown :-1 s=CLOSED pgs=43 cs=0 l=1 rev1=1 crypto rx=0 tx=0 comp rx=0 tx=0).stop
2024-03-26T18:48:03.822 INFO:teuthology.orchestra.run.smithi097.stdout:/usr/bin/ceph: stderr
2024-03-26T18:48:02.886+0000 7fbc42400700 1 -- 172.21.15.97:0/2354057677 >> 172.21.15.97:0/2354057677 conn(0x7fbc3c102350 msgr2=0x7fbc3c104770 unknown :-1 s=STATE_NONE l=0).mark_down
2024-03-26T18:48:03.823 INFO:teuthology.orchestra.run.smithi097.stdout:/usr/bin/ceph: stderr
2024-03-26T18:48:02.886+0000 7fbc42400700 1 -- 172.21.15.97:0/2354057677 shutdown_connections
2024-03-26T18:48:03.823 INFO:teuthology.orchestra.run.smithi097.stdout:/usr/bin/ceph: stderr
2024-03-26T18:48:02.886+0000 7fbc42400700 1 -- 172.21.15.97:0/2354057677 wait complete.
2024-03-26T18:48:03.823 INFO:teuthology.orchestra.run.smithi097.stdout:/usr/bin/ceph: stderr
2024-03-26T18:48:02.887+0000 7fbc42400700 1 Processor -- start
2024-03-26T18:48:03.823 INFO:teuthology.orchestra.run.smithi097.stdout:/usr/bin/ceph: stderr
2024-03-26T18:48:02.888+0000 7fbc42400700 1 -- start start
2024-03-26T18:48:03.823 INFO:teuthology.orchestra.run.smithi097.stdout:/usr/bin/ceph: stderr
2024-03-26T18:48:02.888+0000 7fbc42400700 1 --2- >> [v2:172.21.15.97:3300/0,v1:172.21.15.97:6789/0] conn(0x7fbc3c1066d0 0x7fbc3c19ded0 unknown :-1 s=NONE pgs=0 cs=0 l=1 rev1=0 crypto rx=0 tx=0 comp rx=0 tx=0).connect
2024-03-26T18:48:03.823 INFO:teuthology.orchestra.run.smithi097.stdout:/usr/bin/ceph: stderr
2024-03-26T18:48:02.888+0000 7fbc42400700 1 -- --> [v2:172.21.15.97:3300/0,v1:172.21.15.97:6789/0] -- mon_getmap magic: 0 -- 0x7fbc3c108050 con 0x7fbc3c1066d0
2024-03-26T18:48:03.823 INFO:teuthology.orchestra.run.smithi097.stdout:/usr/bin/ceph: stderr
2024-03-26T18:48:02.888+0000 7fbc3b400700 1 --2- >> [v2:172.21.15.97:3300/0,v1:172.21.15.97:6789/0] conn(0x7fbc3c1066d0 0x7fbc3c19ded0 unknown :-1 s=BANNER_CONNECTING pgs=0 cs=0 l=1 rev1=0 crypto rx=0 tx=0 comp rx=0 tx=0)._handle_peer_banner_payload supported=3 required=0
2024-03-26T18:48:03.823 INFO:teuthology.orchestra.run.smithi097.stdout:/usr/bin/ceph: stderr
2024-03-26T18:48:02.888+0000 7fbc3b400700 1 --2- >> [v2:172.21.15.97:3300/0,v1:172.21.15.97:6789/0] conn(0x7fbc3c1066d0 0x7fbc3c19ded0 unknown :-1 s=HELLO_CONNECTING pgs=0 cs=0 l=1 rev1=1 crypto rx=0 tx=0 comp rx=0 tx=0).handle_hello peer v2:172.21.15.97:3300/0 says I am v2:172.21.15.97:37852/0 (socket says 172.21.15.97:37852)
2024-03-26T18:48:03.823 INFO:teuthology.orchestra.run.smithi097.stdout:/usr/bin/ceph: stderr
2024-03-26T18:48:02.888+0000 7fbc3b400700 1 -- 172.21.15.97:0/548812004 learned_addr learned my addr 172.21.15.97:0/548812004 (peer_addr_for_me v2:172.21.15.97:0/0)
2024-03-26T18:48:03.823 INFO:teuthology.orchestra.run.smithi097.stdout:/usr/bin/ceph: stderr
2024-03-26T18:48:02.889+0000 7fbc3b400700 1 -- 172.21.15.97:0/548812004 --> [v2:172.21.15.97:3300/0,v1:172.21.15.97:6789/0] -- mon_subscribe({config=0+,monmap=0+}) -- 0x7fbc3c19e410 con 0x7fbc3c1066d0
2024-03-26T18:48:03.823 INFO:teuthology.orchestra.run.smithi097.stdout:/usr/bin/ceph: stderr
2024-03-26T18:48:02.889+0000 7fbc3b400700 1 --2- 172.21.15.97:0/548812004 >> [v2:172.21.15.97:3300/0,v1:172.21.15.97:6789/0] conn(0x7fbc3c1066d0 0x7fbc3c19ded0 secure :-1 s=READY pgs=44 cs=0 l=1 rev1=1 crypto rx=0x7fbc2c0072a0 tx=0x7fbc2c00bd50 comp rx=0 tx=0).ready entity=mon.0 client_cookie=0 server_cookie=0 in_seq=0 out_seq=0
2024-03-26T18:48:03.823 INFO:teuthology.orchestra.run.smithi097.stdout:/usr/bin/ceph: stderr
2024-03-26T18:48:02.889+0000 7fbc33e00700 1 -- 172.21.15.97:0/548812004 <== mon.0 v2:172.21.15.97:3300/0 1 ==== mon_map magic: 0 ==== 205+0+0 (secure 0 0 0) 0x7fbc2c020020 con 0x7fbc3c1066d0
2024-03-26T18:48:03.823 INFO:teuthology.orchestra.run.smithi097.stdout:/usr/bin/ceph: stderr
2024-03-26T18:48:02.889+0000 7fbc33e00700 1 -- 172.21.15.97:0/548812004 <== mon.0 v2:172.21.15.97:3300/0 2 ==== config(27 keys) ==== 1109+0+0 (secure 0 0 0) 0x7fbc2c003b50 con 0x7fbc3c1066d0
2024-03-26T18:48:03.823 INFO:teuthology.orchestra.run.smithi097.stdout:/usr/bin/ceph: stderr
2024-03-26T18:48:02.889+0000 7fbc42400700 1 -- 172.21.15.97:0/548812004 --> [v2:172.21.15.97:3300/0,v1:172.21.15.97:6789/0] -- mon_subscribe({mgrmap=0+}) -- 0x7fbc3c19e6a0 con 0x7fbc3c1066d0
2024-03-26T18:48:03.823 INFO:teuthology.orchestra.run.smithi097.stdout:/usr/bin/ceph: stderr
2024-03-26T18:48:02.889+0000 7fbc33e00700 1 -- 172.21.15.97:0/548812004 <== mon.0 v2:172.21.15.97:3300/0 3 ==== mon_map magic: 0 ==== 205+0+0 (secure 0 0 0) 0x7fbc2c017040 con 0x7fbc3c1066d0
2024-03-26T18:48:03.823 INFO:teuthology.orchestra.run.smithi097.stdout:/usr/bin/ceph: stderr
2024-03-26T18:48:02.889+0000 7fbc42400700 1 -- 172.21.15.97:0/548812004 --> [v2:172.21.15.97:3300/0,v1:172.21.15.97:6789/0] -- mon_subscribe({osdmap=0}) -- 0x7fbc3c1a1390 con 0x7fbc3c1066d0
2024-03-26T18:48:03.823 INFO:teuthology.orchestra.run.smithi097.stdout:/usr/bin/ceph: stderr
2024-03-26T18:48:02.890+0000 7fbc33e00700 1 -- 172.21.15.97:0/548812004 <== mon.0 v2:172.21.15.97:3300/0 4 ==== mgrmap(e 8) ==== 46294+0+0 (secure 0 0 0) 0x7fbc2c023020 con 0x7fbc3c1066d0
2024-03-26T18:48:03.824 INFO:teuthology.orchestra.run.smithi097.stdout:/usr/bin/ceph: stderr
2024-03-26T18:48:02.890+0000 7fbc42400700 1 -- 172.21.15.97:0/548812004 --> [v2:172.21.15.97:3300/0,v1:172.21.15.97:6789/0] -- mon_command({"prefix": "get_command_descriptions"} v 0) -- 0x7fbc3c0639e0 con 0x7fbc3c1066d0
2024-03-26T18:48:03.824 INFO:teuthology.orchestra.run.smithi097.stdout:/usr/bin/ceph: stderr
2024-03-26T18:48:02.891+0000 7fbc33e00700 1 --2- 172.21.15.97:0/548812004 >> [v2:172.21.15.97:6800/3462603610,v1:172.21.15.97:6801/3462603610] conn(0x7fbc20039130 0x7fbc2003b5f0 unknown :-1 s=NONE pgs=0 cs=0 l=1 rev1=0 crypto rx=0 tx=0 comp rx=0 tx=0).connect
2024-03-26T18:48:03.824 INFO:teuthology.orchestra.run.smithi097.stdout:/usr/bin/ceph: stderr
2024-03-26T18:48:02.891+0000 7fbc33e00700 1 -- 172.21.15.97:0/548812004 <== mon.0 v2:172.21.15.97:3300/0 5 ==== osd_map(2..2 src has 1..2) ==== 940+0+0 (secure 0 0 0) 0x7fbc2c00f050 con 0x7fbc3c1066d0
2024-03-26T18:48:03.824 INFO:teuthology.orchestra.run.smithi097.stdout:/usr/bin/ceph: stderr
2024-03-26T18:48:02.891+0000 7fbc3aa00700 1 --2- 172.21.15.97:0/548812004 >> [v2:172.21.15.97:6800/3462603610,v1:172.21.15.97:6801/3462603610] conn(0x7fbc20039130 0x7fbc2003b5f0 unknown :-1 s=BANNER_CONNECTING pgs=0 cs=0 l=1 rev1=0 crypto rx=0 tx=0 comp rx=0 tx=0)._handle_peer_banner_payload supported=3 required=0
2024-03-26T18:48:03.824 INFO:teuthology.orchestra.run.smithi097.stdout:/usr/bin/ceph: stderr
2024-03-26T18:48:02.892+0000 7fbc3aa00700 1 --2- 172.21.15.97:0/548812004 >> [v2:172.21.15.97:6800/3462603610,v1:172.21.15.97:6801/3462603610] conn(0x7fbc20039130 0x7fbc2003b5f0 secure :-1 s=READY pgs=10 cs=0 l=1 rev1=1 crypto rx=0x7fbc28006fd0 tx=0x7fbc28006e40 comp rx=0 tx=0).ready entity=mgr.14120 client_cookie=0 server_cookie=0 in_seq=0 out_seq=0
2024-03-26T18:48:03.824 INFO:teuthology.orchestra.run.smithi097.stdout:/usr/bin/ceph: stderr
2024-03-26T18:48:02.896+0000 7fbc33e00700 1 -- 172.21.15.97:0/548812004 <== mon.0 v2:172.21.15.97:3300/0 6 ==== mon_command_ack([{"prefix": "get_command_descriptions"}]=0 v0) ==== 72+0+186149 (secure 0 0 0) 0x7fbc2c02a020 con 0x7fbc3c1066d0
2024-03-26T18:48:03.824 INFO:teuthology.orchestra.run.smithi097.stdout:/usr/bin/ceph: stderr
2024-03-26T18:48:03.117+0000 7fbc42400700 1 -- 172.21.15.97:0/548812004 --> [v2:172.21.15.97:6800/3462603610,v1:172.21.15.97:6801/3462603610] -- mgr_command(tid 0: {"prefix": "cephadm get-pub-key", "target": ["mon-mgr", ""]}) -- 0x7fbc3c02dfe0 con 0x7fbc20039130
2024-03-26T18:48:03.824 INFO:teuthology.orchestra.run.smithi097.stdout:/usr/bin/ceph: stderr
2024-03-26T18:48:03.118+0000 7fbc33e00700 1 -- 172.21.15.97:0/548812004 <== mgr.14120 v2:172.21.15.97:6800/3462603610 1 ==== mgr_command_reply(tid 0: 0 ) ==== 8+0+595 (secure 0 0 0) 0x7fbc3c02dfe0 con 0x7fbc20039130
2024-03-26T18:48:03.824 INFO:teuthology.orchestra.run.smithi097.stdout:/usr/bin/ceph: stderr
2024-03-26T18:48:03.121+0000 7fbc42400700 1 -- 172.21.15.97:0/548812004 >> [v2:172.21.15.97:6800/3462603610,v1:172.21.15.97:6801/3462603610] conn(0x7fbc20039130 msgr2=0x7fbc2003b5f0 secure :-1 s=STATE_CONNECTION_ESTABLISHED l=1).mark_down
2024-03-26T18:48:03.824 INFO:teuthology.orchestra.run.smithi097.stdout:/usr/bin/ceph: stderr
2024-03-26T18:48:03.121+0000 7fbc42400700 1 --2- 172.21.15.97:0/548812004 >> [v2:172.21.15.97:6800/3462603610,v1:172.21.15.97:6801/3462603610] conn(0x7fbc20039130 0x7fbc2003b5f0 secure :-1 s=READY pgs=10 cs=0 l=1 rev1=1 crypto rx=0x7fbc28006fd0 tx=0x7fbc28006e40 comp rx=0 tx=0).stop
2024-03-26T18:48:03.824 INFO:teuthology.orchestra.run.smithi097.stdout:/usr/bin/ceph: stderr
2024-03-26T18:48:03.121+0000 7fbc42400700 1 -- 172.21.15.97:0/548812004 >> [v2:172.21.15.97:3300/0,v1:172.21.15.97:6789/0] conn(0x7fbc3c1066d0 msgr2=0x7fbc3c19ded0 secure :-1 s=STATE_CONNECTION_ESTABLISHED l=1).mark_down
2024-03-26T18:48:03.824 INFO:teuthology.orchestra.run.smithi097.stdout:/usr/bin/ceph: stderr
2024-03-26T18:48:03.121+0000 7fbc42400700 1 --2- 172.21.15.97:0/548812004 >> [v2:172.21.15.97:3300/0,v1:172.21.15.97:6789/0] conn(0x7fbc3c1066d0 0x7fbc3c19ded0 secure :-1 s=READY pgs=44 cs=0 l=1 rev1=1 crypto rx=0x7fbc2c0072a0 tx=0x7fbc2c00bd50 comp rx=0 tx=0).stop
2024-03-26T18:48:03.824 INFO:teuthology.orchestra.run.smithi097.stdout:/usr/bin/ceph: stderr
2024-03-26T18:48:03.121+0000 7fbc42400700 1 -- 172.21.15.97:0/548812004 shutdown_connections
2024-03-26T18:48:03.825 INFO:teuthology.orchestra.run.smithi097.stdout:/usr/bin/ceph: stderr
2024-03-26T18:48:03.121+0000 7fbc42400700 1 --2- 172.21.15.97:0/548812004 >> [v2:172.21.15.97:6800/3462603610,v1:172.21.15.97:6801/3462603610] conn(0x7fbc20039130 0x7fbc2003b5f0 unknown :-1 s=CLOSED pgs=10 cs=0 l=1 rev1=1 crypto rx=0 tx=0 comp rx=0 tx=0).stop
2024-03-26T18:48:03.825 INFO:teuthology.orchestra.run.smithi097.stdout:/usr/bin/ceph: stderr
2024-03-26T18:48:03.121+0000 7fbc42400700 1 --2- 172.21.15.97:0/548812004 >> [v2:172.21.15.97:3300/0,v1:172.21.15.97:6789/0] conn(0x7fbc3c1066d0 0x7fbc3c19ded0 unknown :-1 s=CLOSED pgs=44 cs=0 l=1 rev1=1 crypto rx=0 tx=0 comp rx=0 tx=0).stop
2024-03-26T18:48:03.825 INFO:teuthology.orchestra.run.smithi097.stdout:/usr/bin/ceph: stderr
2024-03-26T18:48:03.121+0000 7fbc42400700 1 -- 172.21.15.97:0/548812004 >> 172.21.15.97:0/548812004 conn(0x7fbc3c102350 msgr2=0x7fbc3c194b40 unknown :-1 s=STATE_NONE l=0).mark_down
2024-03-26T18:48:03.825 INFO:teuthology.orchestra.run.smithi097.stdout:/usr/bin/ceph: stderr
2024-03-26T18:48:03.122+0000 7fbc42400700 1 -- 172.21.15.97:0/548812004 shutdown_connections
2024-03-26T18:48:03.825 INFO:teuthology.orchestra.run.smithi097.stdout:/usr/bin/ceph: stderr
2024-03-26T18:48:03.122+0000 7fbc42400700 1 -- 172.21.15.97:0/548812004 wait complete.
2024-03-26T18:48:03.825 INFO:teuthology.orchestra.run.smithi097.stdout:Wrote public SSH key to /home/ubuntu/cephtest/ceph.pub
2024-03-26T18:48:03.825 INFO:teuthology.orchestra.run.smithi097.stdout:Adding key to root@localhost authorized_keys...
2024-03-26T18:48:03.826 INFO:teuthology.orchestra.run.smithi097.stdout:Adding host smithi097...
2024-03-26T18:48:04.351 INFO:journalctl@ceph.mon.a.smithi097.stdout:Mar 26 18:48:04 smithi097 ceph-mon[31955]: from='client.14138 -' entity='client.admin' cmd=[{"prefix": "cephadm get-pub-key", "target": ["mon-mgr", ""]}]: dispatch
2024-03-26T18:48:05.336 INFO:journalctl@ceph.mon.a.smithi097.stdout:Mar 26 18:48:05 smithi097 ceph-mon[31955]: from='client.14140 -' entity='client.admin' cmd=[{"prefix": "orch host add", "hostname": "smithi097", "addr": "172.21.15.97", "target": ["mon-mgr", ""]}]: dispatch
2024-03-26T18:48:06.351 INFO:journalctl@ceph.mon.a.smithi097.stdout:Mar 26 18:48:06 smithi097 ceph-mon[31955]: Deploying cephadm binary to smithi097
2024-03-26T18:48:11.652 INFO:teuthology.orchestra.run.smithi097.stdout:/usr/bin/ceph: stdout Added host 'smithi097' with addr '172.21.15.97'
2024-03-26T18:48:11.652 INFO:teuthology.orchestra.run.smithi097.stdout:/usr/bin/ceph: stderr
2024-03-26T18:48:04.451+0000 7fa177c00700 1 Processor -- start
2024-03-26T18:48:11.652 INFO:teuthology.orchestra.run.smithi097.stdout:/usr/bin/ceph: stderr
2024-03-26T18:48:04.451+0000 7fa177c00700 1 -- start start
2024-03-26T18:48:11.653 INFO:teuthology.orchestra.run.smithi097.stdout:/usr/bin/ceph: stderr
2024-03-26T18:48:04.452+0000 7fa177c00700 1 --2- >> [v2:172.21.15.97:3300/0,v1:172.21.15.97:6789/0] conn(0x7fa17010a0e0 0x7fa17010a500 unknown :-1 s=NONE pgs=0 cs=0 l=0 rev1=0 crypto rx=0 tx=0 comp rx=0 tx=0).connect
2024-03-26T18:48:11.653 INFO:teuthology.orchestra.run.smithi097.stdout:/usr/bin/ceph: stderr
2024-03-26T18:48:04.452+0000 7fa177c00700 1 -- --> [v2:172.21.15.97:3300/0,v1:172.21.15.97:6789/0] -- mon_getmap magic: 0 -- 0x7fa17010aad0 con 0x7fa17010a0e0
2024-03-26T18:48:11.653 INFO:teuthology.orchestra.run.smithi097.stdout:/usr/bin/ceph: stderr
2024-03-26T18:48:04.452+0000 7fa175200700 1 --2- >> [v2:172.21.15.97:3300/0,v1:172.21.15.97:6789/0] conn(0x7fa17010a0e0 0x7fa17010a500 unknown :-1 s=BANNER_CONNECTING pgs=0 cs=0 l=0 rev1=0 crypto rx=0 tx=0 comp rx=0 tx=0)._handle_peer_banner_payload supported=3 required=0
2024-03-26T18:48:11.653 INFO:teuthology.orchestra.run.smithi097.stdout:/usr/bin/ceph: stderr
2024-03-26T18:48:04.452+0000 7fa175200700 1 --2- >> [v2:172.21.15.97:3300/0,v1:172.21.15.97:6789/0] conn(0x7fa17010a0e0 0x7fa17010a500 unknown :-1 s=HELLO_CONNECTING pgs=0 cs=0 l=0 rev1=1 crypto rx=0 tx=0 comp rx=0 tx=0).handle_hello peer v2:172.21.15.97:3300/0 says I am v2:172.21.15.97:37854/0 (socket says 172.21.15.97:37854)
2024-03-26T18:48:11.653 INFO:teuthology.orchestra.run.smithi097.stdout:/usr/bin/ceph: stderr
2024-03-26T18:48:04.452+0000 7fa175200700 1 -- 172.21.15.97:0/929024785 learned_addr learned my addr 172.21.15.97:0/929024785 (peer_addr_for_me v2:172.21.15.97:0/0)
2024-03-26T18:48:11.653 INFO:teuthology.orchestra.run.smithi097.stdout:/usr/bin/ceph: stderr
2024-03-26T18:48:04.453+0000 7fa175200700 1 -- 172.21.15.97:0/929024785 --> [v2:172.21.15.97:3300/0,v1:172.21.15.97:6789/0] -- mon_subscribe({config=0+,monmap=0+}) -- 0x7fa17010b1f0 con 0x7fa17010a0e0
2024-03-26T18:48:11.653 INFO:teuthology.orchestra.run.smithi097.stdout:/usr/bin/ceph: stderr
2024-03-26T18:48:04.453+0000 7fa175200700 1 --2- 172.21.15.97:0/929024785 >> [v2:172.21.15.97:3300/0,v1:172.21.15.97:6789/0] conn(0x7fa17010a0e0 0x7fa17010a500 secure :-1 s=READY pgs=45 cs=0 l=1 rev1=1 crypto rx=0x7fa1640098a0 tx=0x7fa164009bb0 comp rx=0 tx=0).ready entity=mon.0 client_cookie=c36e80d609e218d0 server_cookie=0 in_seq=0 out_seq=0
2024-03-26T18:48:11.653 INFO:teuthology.orchestra.run.smithi097.stdout:/usr/bin/ceph: stderr
2024-03-26T18:48:04.454+0000 7fa16f400700 1 -- 172.21.15.97:0/929024785 <== mon.0 v2:172.21.15.97:3300/0 1 ==== mon_map magic: 0 ==== 205+0+0 (secure 0 0 0) 0x7fa164004160 con 0x7fa17010a0e0
2024-03-26T18:48:11.653 INFO:teuthology.orchestra.run.smithi097.stdout:/usr/bin/ceph: stderr
2024-03-26T18:48:04.454+0000 7fa16f400700 1 -- 172.21.15.97:0/929024785 <== mon.0 v2:172.21.15.97:3300/0 2 ==== config(27 keys) ==== 1109+0+0 (secure 0 0 0) 0x7fa164004300 con 0x7fa17010a0e0
2024-03-26T18:48:11.653 INFO:teuthology.orchestra.run.smithi097.stdout:/usr/bin/ceph: stderr
2024-03-26T18:48:04.454+0000 7fa16f400700 1 -- 172.21.15.97:0/929024785 <== mon.0 v2:172.21.15.97:3300/0 3 ==== mon_map magic: 0 ==== 205+0+0 (secure 0 0 0) 0x7fa164011b50 con 0x7fa17010a0e0
2024-03-26T18:48:11.653 INFO:teuthology.orchestra.run.smithi097.stdout:/usr/bin/ceph: stderr
2024-03-26T18:48:04.454+0000 7fa177c00700 1 -- 172.21.15.97:0/929024785 >> [v2:172.21.15.97:3300/0,v1:172.21.15.97:6789/0] conn(0x7fa17010a0e0 msgr2=0x7fa17010a500 secure :-1 s=STATE_CONNECTION_ESTABLISHED l=1).mark_down
2024-03-26T18:48:11.653 INFO:teuthology.orchestra.run.smithi097.stdout:/usr/bin/ceph: stderr
2024-03-26T18:48:04.454+0000 7fa177c00700 1 --2- 172.21.15.97:0/929024785 >> [v2:172.21.15.97:3300/0,v1:172.21.15.97:6789/0] conn(0x7fa17010a0e0 0x7fa17010a500 secure :-1 s=READY pgs=45 cs=0 l=1 rev1=1 crypto rx=0x7fa1640098a0 tx=0x7fa164009bb0 comp rx=0 tx=0).stop
2024-03-26T18:48:11.653 INFO:teuthology.orchestra.run.smithi097.stdout:/usr/bin/ceph: stderr
2024-03-26T18:48:04.454+0000 7fa177c00700 1 -- 172.21.15.97:0/929024785 shutdown_connections
2024-03-26T18:48:11.653 INFO:teuthology.orchestra.run.smithi097.stdout:/usr/bin/ceph: stderr
2024-03-26T18:48:04.455+0000 7fa177c00700 1 --2- 172.21.15.97:0/929024785 >> [v2:172.21.15.97:3300/0,v1:172.21.15.97:6789/0] conn(0x7fa17010a0e0 0x7fa17010a500 unknown :-1 s=CLOSED pgs=45 cs=0 l=1 rev1=1 crypto rx=0 tx=0 comp rx=0 tx=0).stop
2024-03-26T18:48:11.653 INFO:teuthology.orchestra.run.smithi097.stdout:/usr/bin/ceph: stderr
2024-03-26T18:48:04.455+0000 7fa177c00700 1 -- 172.21.15.97:0/929024785 >> 172.21.15.97:0/929024785 conn(0x7fa17007d6a0 msgr2=0x7fa17007dab0 unknown :-1 s=STATE_NONE l=0).mark_down
2024-03-26T18:48:11.653 INFO:teuthology.orchestra.run.smithi097.stdout:/usr/bin/ceph: stderr
2024-03-26T18:48:04.455+0000 7fa177c00700 1 -- 172.21.15.97:0/929024785 shutdown_connections
2024-03-26T18:48:11.654 INFO:teuthology.orchestra.run.smithi097.stdout:/usr/bin/ceph: stderr
2024-03-26T18:48:04.455+0000 7fa177c00700 1 -- 172.21.15.97:0/929024785 wait complete.
2024-03-26T18:48:11.654 INFO:teuthology.orchestra.run.smithi097.stdout:/usr/bin/ceph: stderr
2024-03-26T18:48:04.456+0000 7fa177c00700 1 Processor -- start
2024-03-26T18:48:11.654 INFO:teuthology.orchestra.run.smithi097.stdout:/usr/bin/ceph: stderr
2024-03-26T18:48:04.456+0000 7fa177c00700 1 -- start start
2024-03-26T18:48:11.654 INFO:teuthology.orchestra.run.smithi097.stdout:/usr/bin/ceph: stderr
2024-03-26T18:48:04.456+0000 7fa177c00700 1 --2- >> [v2:172.21.15.97:3300/0,v1:172.21.15.97:6789/0] conn(0x7fa17010a0e0 0x7fa17019dfa0 unknown :-1 s=NONE pgs=0 cs=0 l=1 rev1=0 crypto rx=0 tx=0 comp rx=0 tx=0).connect
2024-03-26T18:48:11.654 INFO:teuthology.orchestra.run.smithi097.stdout:/usr/bin/ceph: stderr
2024-03-26T18:48:04.456+0000 7fa177c00700 1 -- --> [v2:172.21.15.97:3300/0,v1:172.21.15.97:6789/0] -- mon_getmap magic: 0 -- 0x7fa17010e5a0 con 0x7fa17010a0e0
2024-03-26T18:48:11.654 INFO:teuthology.orchestra.run.smithi097.stdout:/usr/bin/ceph: stderr
2024-03-26T18:48:04.456+0000 7fa175200700 1 --2- >> [v2:172.21.15.97:3300/0,v1:172.21.15.97:6789/0] conn(0x7fa17010a0e0 0x7fa17019dfa0 unknown :-1 s=BANNER_CONNECTING pgs=0 cs=0 l=1 rev1=0 crypto rx=0 tx=0 comp rx=0 tx=0)._handle_peer_banner_payload supported=3 required=0
2024-03-26T18:48:11.654 INFO:teuthology.orchestra.run.smithi097.stdout:/usr/bin/ceph: stderr
2024-03-26T18:48:04.456+0000 7fa175200700 1 --2- >> [v2:172.21.15.97:3300/0,v1:172.21.15.97:6789/0] conn(0x7fa17010a0e0 0x7fa17019dfa0 unknown :-1 s=HELLO_CONNECTING pgs=0 cs=0 l=1 rev1=1 crypto rx=0 tx=0 comp rx=0 tx=0).handle_hello peer v2:172.21.15.97:3300/0 says I am v2:172.21.15.97:37860/0 (socket says 172.21.15.97:37860)
2024-03-26T18:48:11.654 INFO:teuthology.orchestra.run.smithi097.stdout:/usr/bin/ceph: stderr
2024-03-26T18:48:04.456+0000 7fa175200700 1 -- 172.21.15.97:0/2521633892 learned_addr learned my addr 172.21.15.97:0/2521633892 (peer_addr_for_me v2:172.21.15.97:0/0)
2024-03-26T18:48:11.654 INFO:teuthology.orchestra.run.smithi097.stdout:/usr/bin/ceph: stderr
2024-03-26T18:48:04.457+0000 7fa175200700 1 -- 172.21.15.97:0/2521633892 --> [v2:172.21.15.97:3300/0,v1:172.21.15.97:6789/0] -- mon_subscribe({config=0+,monmap=0+}) -- 0x7fa17019e4e0 con 0x7fa17010a0e0
2024-03-26T18:48:11.654 INFO:teuthology.orchestra.run.smithi097.stdout:/usr/bin/ceph: stderr
2024-03-26T18:48:04.457+0000 7fa175200700 1 --2- 172.21.15.97:0/2521633892 >> [v2:172.21.15.97:3300/0,v1:172.21.15.97:6789/0] conn(0x7fa17010a0e0 0x7fa17019dfa0 secure :-1 s=READY pgs=46 cs=0 l=1 rev1=1 crypto rx=0x7fa164011b60 tx=0x7fa164011c40 comp rx=0 tx=0).ready entity=mon.0 client_cookie=0 server_cookie=0 in_seq=0 out_seq=0
2024-03-26T18:48:11.654 INFO:teuthology.orchestra.run.smithi097.stdout:/usr/bin/ceph: stderr
2024-03-26T18:48:04.457+0000 7fa16d600700 1 -- 172.21.15.97:0/2521633892 <== mon.0 v2:172.21.15.97:3300/0 1 ==== mon_map magic: 0 ==== 205+0+0 (secure 0 0 0) 0x7fa164003b20 con 0x7fa17010a0e0
2024-03-26T18:48:11.654 INFO:teuthology.orchestra.run.smithi097.stdout:/usr/bin/ceph: stderr
2024-03-26T18:48:04.457+0000 7fa16d600700 1 -- 172.21.15.97:0/2521633892 <== mon.0 v2:172.21.15.97:3300/0 2 ==== config(27 keys) ==== 1109+0+0 (secure 0 0 0) 0x7fa164003cc0 con 0x7fa17010a0e0
2024-03-26T18:48:11.654 INFO:teuthology.orchestra.run.smithi097.stdout:/usr/bin/ceph: stderr
2024-03-26T18:48:04.457+0000 7fa177c00700 1 -- 172.21.15.97:0/2521633892 --> [v2:172.21.15.97:3300/0,v1:172.21.15.97:6789/0] -- mon_subscribe({mgrmap=0+}) -- 0x7fa17019e770 con 0x7fa17010a0e0
2024-03-26T18:48:11.654 INFO:teuthology.orchestra.run.smithi097.stdout:/usr/bin/ceph: stderr
2024-03-26T18:48:04.457+0000 7fa16d600700 1 -- 172.21.15.97:0/2521633892 <== mon.0 v2:172.21.15.97:3300/0 3 ==== mon_map magic: 0 ==== 205+0+0 (secure 0 0 0) 0x7fa164024840 con 0x7fa17010a0e0
2024-03-26T18:48:11.655 INFO:teuthology.orchestra.run.smithi097.stdout:/usr/bin/ceph: stderr
2024-03-26T18:48:04.458+0000 7fa177c00700 1 -- 172.21.15.97:0/2521633892 --> [v2:172.21.15.97:3300/0,v1:172.21.15.97:6789/0] -- mon_subscribe({osdmap=0}) -- 0x7fa1701a1460 con 0x7fa17010a0e0
2024-03-26T18:48:11.655 INFO:teuthology.orchestra.run.smithi097.stdout:/usr/bin/ceph: stderr
2024-03-26T18:48:04.459+0000 7fa16d600700 1 -- 172.21.15.97:0/2521633892 <== mon.0 v2:172.21.15.97:3300/0 4 ==== mgrmap(e 8) ==== 46294+0+0 (secure 0 0 0) 0x7fa164022020 con 0x7fa17010a0e0
2024-03-26T18:48:11.655 INFO:teuthology.orchestra.run.smithi097.stdout:/usr/bin/ceph: stderr
2024-03-26T18:48:04.459+0000 7fa177c00700 1 -- 172.21.15.97:0/2521633892 --> [v2:172.21.15.97:3300/0,v1:172.21.15.97:6789/0] -- mon_command({"prefix": "get_command_descriptions"} v 0) -- 0x7fa1700639e0 con 0x7fa17010a0e0
2024-03-26T18:48:11.655 INFO:teuthology.orchestra.run.smithi097.stdout:/usr/bin/ceph: stderr
2024-03-26T18:48:04.459+0000 7fa16d600700 1 --2- 172.21.15.97:0/2521633892 >> [v2:172.21.15.97:6800/3462603610,v1:172.21.15.97:6801/3462603610] conn(0x7fa1580391d0 0x7fa15803b690 unknown :-1 s=NONE pgs=0 cs=0 l=1 rev1=0 crypto rx=0 tx=0 comp rx=0 tx=0).connect
2024-03-26T18:48:11.655 INFO:teuthology.orchestra.run.smithi097.stdout:/usr/bin/ceph: stderr
2024-03-26T18:48:04.459+0000 7fa16d600700 1 -- 172.21.15.97:0/2521633892 <== mon.0 v2:172.21.15.97:3300/0 5 ==== osd_map(2..2 src has 1..2) ==== 940+0+0 (secure 0 0 0) 0x7fa164011e00 con 0x7fa17010a0e0
2024-03-26T18:48:11.655 INFO:teuthology.orchestra.run.smithi097.stdout:/usr/bin/ceph: stderr
2024-03-26T18:48:04.460+0000 7fa16fe00700 1 --2- 172.21.15.97:0/2521633892 >> [v2:172.21.15.97:6800/3462603610,v1:172.21.15.97:6801/3462603610] conn(0x7fa1580391d0 0x7fa15803b690 unknown :-1 s=BANNER_CONNECTING pgs=0 cs=0 l=1 rev1=0 crypto rx=0 tx=0 comp rx=0 tx=0)._handle_peer_banner_payload supported=3 required=0
2024-03-26T18:48:11.655 INFO:teuthology.orchestra.run.smithi097.stdout:/usr/bin/ceph: stderr
2024-03-26T18:48:04.460+0000 7fa16fe00700 1 --2- 172.21.15.97:0/2521633892 >> [v2:172.21.15.97:6800/3462603610,v1:172.21.15.97:6801/3462603610] conn(0x7fa1580391d0 0x7fa15803b690 secure :-1 s=READY pgs=11 cs=0 l=1 rev1=1 crypto rx=0x7fa160006fd0 tx=0x7fa160006e40 comp rx=0 tx=0).ready entity=mgr.14120 client_cookie=0 server_cookie=0 in_seq=0 out_seq=0
2024-03-26T18:48:11.655 INFO:teuthology.orchestra.run.smithi097.stdout:/usr/bin/ceph: stderr
2024-03-26T18:48:04.465+0000 7fa16d600700 1 -- 172.21.15.97:0/2521633892 <== mon.0 v2:172.21.15.97:3300/0 6 ==== mon_command_ack([{"prefix": "get_command_descriptions"}]=0 v0) ==== 72+0+186149 (secure 0 0 0) 0x7fa16404ccd0 con 0x7fa17010a0e0
2024-03-26T18:48:11.656 INFO:teuthology.orchestra.run.smithi097.stdout:/usr/bin/ceph: stderr
2024-03-26T18:48:04.691+0000 7fa177c00700 1 -- 172.21.15.97:0/2521633892 --> [v2:172.21.15.97:6800/3462603610,v1:172.21.15.97:6801/3462603610] -- mgr_command(tid 0: {"prefix": "orch host add", "hostname": "smithi097", "addr": "172.21.15.97", "target": ["mon-mgr", ""]}) -- 0x7fa170108470 con 0x7fa1580391d0
2024-03-26T18:48:11.656 INFO:teuthology.orchestra.run.smithi097.stdout:/usr/bin/ceph: stderr
2024-03-26T18:48:10.943+0000 7fa16d600700 1 -- 172.21.15.97:0/2521633892 <== mgr.14120 v2:172.21.15.97:6800/3462603610 1 ==== mgr_command_reply(tid 0: 0 ) ==== 8+0+48 (secure 0 0 0) 0x7fa170108470 con 0x7fa1580391d0
2024-03-26T18:48:11.657 INFO:teuthology.orchestra.run.smithi097.stdout:/usr/bin/ceph: stderr
2024-03-26T18:48:10.947+0000 7fa177c00700 1 -- 172.21.15.97:0/2521633892 >> [v2:172.21.15.97:6800/3462603610,v1:172.21.15.97:6801/3462603610] conn(0x7fa1580391d0 msgr2=0x7fa15803b690 secure :-1 s=STATE_CONNECTION_ESTABLISHED l=1).mark_down
2024-03-26T18:48:11.657 INFO:teuthology.orchestra.run.smithi097.stdout:/usr/bin/ceph: stderr
2024-03-26T18:48:10.948+0000 7fa177c00700 1 --2- 172.21.15.97:0/2521633892 >> [v2:172.21.15.97:6800/3462603610,v1:172.21.15.97:6801/3462603610] conn(0x7fa1580391d0 0x7fa15803b690 secure :-1 s=READY pgs=11 cs=0 l=1 rev1=1 crypto rx=0x7fa160006fd0 tx=0x7fa160006e40 comp rx=0 tx=0).stop
2024-03-26T18:48:11.657 INFO:teuthology.orchestra.run.smithi097.stdout:/usr/bin/ceph: stderr
2024-03-26T18:48:10.948+0000 7fa177c00700 1 -- 172.21.15.97:0/2521633892 >> [v2:172.21.15.97:3300/0,v1:172.21.15.97:6789/0] conn(0x7fa17010a0e0 msgr2=0x7fa17019dfa0 secure :-1 s=STATE_CONNECTION_ESTABLISHED l=1).mark_down
2024-03-26T18:48:11.657 INFO:teuthology.orchestra.run.smithi097.stdout:/usr/bin/ceph: stderr
2024-03-26T18:48:10.948+0000 7fa177c00700 1 --2- 172.21.15.97:0/2521633892 >> [v2:172.21.15.97:3300/0,v1:172.21.15.97:6789/0] conn(0x7fa17010a0e0 0x7fa17019dfa0 secure :-1 s=READY pgs=46 cs=0 l=1 rev1=1 crypto rx=0x7fa164011b60 tx=0x7fa164011c40 comp rx=0 tx=0).stop
2024-03-26T18:48:11.657 INFO:teuthology.orchestra.run.smithi097.stdout:/usr/bin/ceph: stderr
2024-03-26T18:48:10.948+0000 7fa177c00700 1 -- 172.21.15.97:0/2521633892 shutdown_connections
2024-03-26T18:48:11.657 INFO:teuthology.orchestra.run.smithi097.stdout:/usr/bin/ceph: stderr
2024-03-26T18:48:10.948+0000 7fa177c00700 1 --2- 172.21.15.97:0/2521633892 >> [v2:172.21.15.97:6800/3462603610,v1:172.21.15.97:6801/3462603610] conn(0x7fa1580391d0 0x7fa15803b690 unknown :-1 s=CLOSED pgs=11 cs=0 l=1 rev1=1 crypto rx=0 tx=0 comp rx=0 tx=0).stop
2024-03-26T18:48:11.657 INFO:teuthology.orchestra.run.smithi097.stdout:/usr/bin/ceph: stderr
2024-03-26T18:48:10.948+0000 7fa177c00700 1 --2- 172.21.15.97:0/2521633892 >> [v2:172.21.15.97:3300/0,v1:172.21.15.97:6789/0] conn(0x7fa17010a0e0 0x7fa17019dfa0 unknown :-1 s=CLOSED pgs=46 cs=0 l=1 rev1=1 crypto rx=0 tx=0 comp rx=0 tx=0).stop
2024-03-26T18:48:11.657 INFO:teuthology.orchestra.run.smithi097.stdout:/usr/bin/ceph: stderr
2024-03-26T18:48:10.948+0000 7fa177c00700 1 -- 172.21.15.97:0/2521633892 >> 172.21.15.97:0/2521633892 conn(0x7fa17007d6a0 msgr2=0x7fa170107d60 unknown :-1 s=STATE_NONE l=0).mark_down
2024-03-26T18:48:11.657 INFO:teuthology.orchestra.run.smithi097.stdout:/usr/bin/ceph: stderr
2024-03-26T18:48:10.948+0000 7fa177c00700 1 -- 172.21.15.97:0/2521633892 shutdown_connections
2024-03-26T18:48:11.657 INFO:teuthology.orchestra.run.smithi097.stdout:/usr/bin/ceph: stderr
2024-03-26T18:48:10.948+0000 7fa177c00700 1 -- 172.21.15.97:0/2521633892 wait complete.
2024-03-26T18:48:11.657 INFO:teuthology.orchestra.run.smithi097.stdout:Deploying unmanaged mon service...
2024-03-26T18:48:12.195 INFO:journalctl@ceph.mon.a.smithi097.stdout:Mar 26 18:48:11 smithi097 ceph-mon[31955]: from='mgr.14120 172.21.15.97:0/3976031464' entity='mgr.x'
2024-03-26T18:48:12.196 INFO:journalctl@ceph.mon.a.smithi097.stdout:Mar 26 18:48:11 smithi097 ceph-mon[31955]: Added host smithi097
2024-03-26T18:48:12.196 INFO:journalctl@ceph.mon.a.smithi097.stdout:Mar 26 18:48:11 smithi097 ceph-mon[31955]: from='mgr.14120 172.21.15.97:0/3976031464' entity='mgr.x' cmd=[{"prefix": "config dump", "format": "json"}]: dispatch
2024-03-26T18:48:13.511 INFO:teuthology.orchestra.run.smithi097.stdout:/usr/bin/ceph: stdout Scheduled mon update...
2024-03-26T18:48:13.511 INFO:teuthology.orchestra.run.smithi097.stdout:/usr/bin/ceph: stderr
2024-03-26T18:48:12.371+0000 7fb9fea00700 1 Processor -- start
2024-03-26T18:48:13.511 INFO:teuthology.orchestra.run.smithi097.stdout:/usr/bin/ceph: stderr
2024-03-26T18:48:12.371+0000 7fb9fea00700 1 -- start start
2024-03-26T18:48:13.511 INFO:teuthology.orchestra.run.smithi097.stdout:/usr/bin/ceph: stderr
2024-03-26T18:48:12.372+0000 7fb9fea00700 1 --2- >> [v2:172.21.15.97:3300/0,v1:172.21.15.97:6789/0] conn(0x7fb9f8106560 0x7fb9f8106980 unknown :-1 s=NONE pgs=0 cs=0 l=0 rev1=0 crypto rx=0 tx=0 comp rx=0 tx=0).connect
2024-03-26T18:48:13.511 INFO:teuthology.orchestra.run.smithi097.stdout:/usr/bin/ceph: stderr
2024-03-26T18:48:12.372+0000 7fb9fea00700 1 -- --> [v2:172.21.15.97:3300/0,v1:172.21.15.97:6789/0] -- mon_getmap magic: 0 -- 0x7fb9f807c650 con 0x7fb9f8106560
2024-03-26T18:48:13.512 INFO:teuthology.orchestra.run.smithi097.stdout:/usr/bin/ceph: stderr
2024-03-26T18:48:12.372+0000 7fb9fd600700 1 --2- >> [v2:172.21.15.97:3300/0,v1:172.21.15.97:6789/0] conn(0x7fb9f8106560 0x7fb9f8106980 unknown :-1 s=BANNER_CONNECTING pgs=0 cs=0 l=0 rev1=0 crypto rx=0 tx=0 comp rx=0 tx=0)._handle_peer_banner_payload supported=3 required=0
2024-03-26T18:48:13.512 INFO:teuthology.orchestra.run.smithi097.stdout:/usr/bin/ceph: stderr
2024-03-26T18:48:12.372+0000 7fb9fd600700 1 --2- >> [v2:172.21.15.97:3300/0,v1:172.21.15.97:6789/0] conn(0x7fb9f8106560 0x7fb9f8106980 unknown :-1 s=HELLO_CONNECTING pgs=0 cs=0 l=0 rev1=1 crypto rx=0 tx=0 comp rx=0 tx=0).handle_hello peer v2:172.21.15.97:3300/0 says I am v2:172.21.15.97:46064/0 (socket says 172.21.15.97:46064)
2024-03-26T18:48:13.512 INFO:teuthology.orchestra.run.smithi097.stdout:/usr/bin/ceph: stderr
2024-03-26T18:48:12.372+0000 7fb9fd600700 1 -- 172.21.15.97:0/2472565831 learned_addr learned my addr 172.21.15.97:0/2472565831 (peer_addr_for_me v2:172.21.15.97:0/0)
2024-03-26T18:48:13.512 INFO:teuthology.orchestra.run.smithi097.stdout:/usr/bin/ceph: stderr
2024-03-26T18:48:12.373+0000 7fb9fd600700 1 -- 172.21.15.97:0/2472565831 --> [v2:172.21.15.97:3300/0,v1:172.21.15.97:6789/0] -- mon_subscribe({config=0+,monmap=0+}) -- 0x7fb9f8106ec0 con 0x7fb9f8106560
2024-03-26T18:48:13.512 INFO:teuthology.orchestra.run.smithi097.stdout:/usr/bin/ceph: stderr
2024-03-26T18:48:12.373+0000 7fb9fd600700 1 --2- 172.21.15.97:0/2472565831 >> [v2:172.21.15.97:3300/0,v1:172.21.15.97:6789/0] conn(0x7fb9f8106560 0x7fb9f8106980 secure :-1 s=READY pgs=47 cs=0 l=1 rev1=1 crypto rx=0x7fb9ec0098a0 tx=0x7fb9ec009bb0 comp rx=0 tx=0).ready entity=mon.0 client_cookie=5bcdc798d6a061fe server_cookie=0 in_seq=0 out_seq=0
2024-03-26T18:48:13.512 INFO:teuthology.orchestra.run.smithi097.stdout:/usr/bin/ceph: stderr
2024-03-26T18:48:12.373+0000 7fb9f7e00700 1 -- 172.21.15.97:0/2472565831 <== mon.0 v2:172.21.15.97:3300/0 1 ==== mon_map magic: 0 ==== 205+0+0 (secure 0 0 0) 0x7fb9ec004160 con 0x7fb9f8106560
2024-03-26T18:48:13.512 INFO:teuthology.orchestra.run.smithi097.stdout:/usr/bin/ceph: stderr
2024-03-26T18:48:12.373+0000 7fb9f7e00700 1 -- 172.21.15.97:0/2472565831 <== mon.0 v2:172.21.15.97:3300/0 2 ==== config(27 keys) ==== 1109+0+0 (secure 0 0 0) 0x7fb9ec004300 con 0x7fb9f8106560
2024-03-26T18:48:13.512 INFO:teuthology.orchestra.run.smithi097.stdout:/usr/bin/ceph: stderr
2024-03-26T18:48:12.373+0000 7fb9f7e00700 1 -- 172.21.15.97:0/2472565831 <== mon.0 v2:172.21.15.97:3300/0 3 ==== mon_map magic: 0 ==== 205+0+0 (secure 0 0 0) 0x7fb9ec011b50 con 0x7fb9f8106560
2024-03-26T18:48:13.512 INFO:teuthology.orchestra.run.smithi097.stdout:/usr/bin/ceph: stderr
2024-03-26T18:48:12.374+0000 7fb9fea00700 1 -- 172.21.15.97:0/2472565831 >> [v2:172.21.15.97:3300/0,v1:172.21.15.97:6789/0] conn(0x7fb9f8106560 msgr2=0x7fb9f8106980 secure :-1 s=STATE_CONNECTION_ESTABLISHED l=1).mark_down
2024-03-26T18:48:13.512 INFO:teuthology.orchestra.run.smithi097.stdout:/usr/bin/ceph: stderr
2024-03-26T18:48:12.374+0000 7fb9fea00700 1 --2- 172.21.15.97:0/2472565831 >> [v2:172.21.15.97:3300/0,v1:172.21.15.97:6789/0] conn(0x7fb9f8106560 0x7fb9f8106980 secure :-1 s=READY pgs=47 cs=0 l=1 rev1=1 crypto rx=0x7fb9ec0098a0 tx=0x7fb9ec009bb0 comp rx=0 tx=0).stop
2024-03-26T18:48:13.512 INFO:teuthology.orchestra.run.smithi097.stdout:/usr/bin/ceph: stderr
2024-03-26T18:48:12.374+0000 7fb9fea00700 1 -- 172.21.15.97:0/2472565831 shutdown_connections
2024-03-26T18:48:13.512 INFO:teuthology.orchestra.run.smithi097.stdout:/usr/bin/ceph: stderr
2024-03-26T18:48:12.374+0000 7fb9fea00700 1 --2- 172.21.15.97:0/2472565831 >> [v2:172.21.15.97:3300/0,v1:172.21.15.97:6789/0] conn(0x7fb9f8106560 0x7fb9f8106980 unknown :-1 s=CLOSED pgs=47 cs=0 l=1 rev1=1 crypto rx=0 tx=0 comp rx=0 tx=0).stop
2024-03-26T18:48:13.513 INFO:teuthology.orchestra.run.smithi097.stdout:/usr/bin/ceph: stderr
2024-03-26T18:48:12.374+0000 7fb9fea00700 1 -- 172.21.15.97:0/2472565831 >> 172.21.15.97:0/2472565831 conn(0x7fb9f8102160 msgr2=0x7fb9f8104580 unknown :-1 s=STATE_NONE l=0).mark_down
2024-03-26T18:48:13.513 INFO:teuthology.orchestra.run.smithi097.stdout:/usr/bin/ceph: stderr
2024-03-26T18:48:12.374+0000 7fb9fea00700 1 -- 172.21.15.97:0/2472565831 shutdown_connections
2024-03-26T18:48:13.513 INFO:teuthology.orchestra.run.smithi097.stdout:/usr/bin/ceph: stderr
2024-03-26T18:48:12.374+0000 7fb9fea00700 1 -- 172.21.15.97:0/2472565831 wait complete.
2024-03-26T18:48:13.513 INFO:teuthology.orchestra.run.smithi097.stdout:/usr/bin/ceph: stderr
2024-03-26T18:48:12.376+0000 7fb9fea00700 1 Processor -- start
2024-03-26T18:48:13.513 INFO:teuthology.orchestra.run.smithi097.stdout:/usr/bin/ceph: stderr
2024-03-26T18:48:12.376+0000 7fb9fea00700 1 -- start start
2024-03-26T18:48:13.513 INFO:teuthology.orchestra.run.smithi097.stdout:/usr/bin/ceph: stderr
2024-03-26T18:48:12.376+0000 7fb9fea00700 1 --2- >> [v2:172.21.15.97:3300/0,v1:172.21.15.97:6789/0] conn(0x7fb9f8106560 0x7fb9f819dde0 unknown :-1 s=NONE pgs=0 cs=0 l=1 rev1=0 crypto rx=0 tx=0 comp rx=0 tx=0).connect
2024-03-26T18:48:13.514 INFO:teuthology.orchestra.run.smithi097.stdout:/usr/bin/ceph: stderr
2024-03-26T18:48:12.376+0000 7fb9fea00700 1 -- --> [v2:172.21.15.97:3300/0,v1:172.21.15.97:6789/0] -- mon_getmap magic: 0 -- 0x7fb9f8107d60 con 0x7fb9f8106560
2024-03-26T18:48:13.514 INFO:teuthology.orchestra.run.smithi097.stdout:/usr/bin/ceph: stderr
2024-03-26T18:48:12.376+0000 7fb9fd600700 1 --2- >> [v2:172.21.15.97:3300/0,v1:172.21.15.97:6789/0] conn(0x7fb9f8106560 0x7fb9f819dde0 unknown :-1 s=BANNER_CONNECTING pgs=0 cs=0 l=1 rev1=0 crypto rx=0 tx=0 comp rx=0 tx=0)._handle_peer_banner_payload supported=3 required=0
2024-03-26T18:48:13.514 INFO:teuthology.orchestra.run.smithi097.stdout:/usr/bin/ceph: stderr
2024-03-26T18:48:12.377+0000 7fb9fd600700 1 --2- >> [v2:172.21.15.97:3300/0,v1:172.21.15.97:6789/0] conn(0x7fb9f8106560 0x7fb9f819dde0 unknown :-1 s=HELLO_CONNECTING pgs=0 cs=0 l=1 rev1=1 crypto rx=0 tx=0 comp rx=0 tx=0).handle_hello peer v2:172.21.15.97:3300/0 says I am v2:172.21.15.97:46072/0 (socket says 172.21.15.97:46072)
2024-03-26T18:48:13.514 INFO:teuthology.orchestra.run.smithi097.stdout:/usr/bin/ceph: stderr
2024-03-26T18:48:12.377+0000 7fb9fd600700 1 -- 172.21.15.97:0/101157743 learned_addr learned my addr 172.21.15.97:0/101157743 (peer_addr_for_me v2:172.21.15.97:0/0)
2024-03-26T18:48:13.514 INFO:teuthology.orchestra.run.smithi097.stdout:/usr/bin/ceph: stderr
2024-03-26T18:48:12.377+0000 7fb9fd600700 1 -- 172.21.15.97:0/101157743 --> [v2:172.21.15.97:3300/0,v1:172.21.15.97:6789/0] -- mon_subscribe({config=0+,monmap=0+}) -- 0x7fb9f819e320 con 0x7fb9f8106560
2024-03-26T18:48:13.514 INFO:teuthology.orchestra.run.smithi097.stdout:/usr/bin/ceph: stderr
2024-03-26T18:48:12.377+0000 7fb9fd600700 1 --2- 172.21.15.97:0/101157743 >> [v2:172.21.15.97:3300/0,v1:172.21.15.97:6789/0] conn(0x7fb9f8106560 0x7fb9f819dde0 secure :-1 s=READY pgs=48 cs=0 l=1 rev1=1 crypto rx=0x7fb9ec011b60 tx=0x7fb9ec011c40 comp rx=0 tx=0).ready entity=mon.0 client_cookie=0 server_cookie=0 in_seq=0 out_seq=0
2024-03-26T18:48:13.514 INFO:teuthology.orchestra.run.smithi097.stdout:/usr/bin/ceph: stderr
2024-03-26T18:48:12.377+0000 7fb9f6000700 1 -- 172.21.15.97:0/101157743 <== mon.0 v2:172.21.15.97:3300/0 1 ==== mon_map magic: 0 ==== 205+0+0 (secure 0 0 0) 0x7fb9ec003970 con 0x7fb9f8106560
2024-03-26T18:48:13.514 INFO:teuthology.orchestra.run.smithi097.stdout:/usr/bin/ceph: stderr
2024-03-26T18:48:12.377+0000 7fb9f6000700 1 -- 172.21.15.97:0/101157743 <== mon.0 v2:172.21.15.97:3300/0 2 ==== config(27 keys) ==== 1109+0+0 (secure 0 0 0) 0x7fb9ec003b10 con 0x7fb9f8106560
2024-03-26T18:48:13.514 INFO:teuthology.orchestra.run.smithi097.stdout:/usr/bin/ceph: stderr
2024-03-26T18:48:12.377+0000 7fb9f6000700 1 -- 172.21.15.97:0/101157743 <== mon.0 v2:172.21.15.97:3300/0 3 ==== mon_map magic: 0 ==== 205+0+0 (secure 0 0 0) 0x7fb9ec024610 con 0x7fb9f8106560
2024-03-26T18:48:13.514 INFO:teuthology.orchestra.run.smithi097.stdout:/usr/bin/ceph: stderr
2024-03-26T18:48:12.378+0000 7fb9fea00700 1 -- 172.21.15.97:0/101157743 --> [v2:172.21.15.97:3300/0,v1:172.21.15.97:6789/0] -- mon_subscribe({mgrmap=0+}) -- 0x7fb9f819e5b0 con 0x7fb9f8106560
2024-03-26T18:48:13.514 INFO:teuthology.orchestra.run.smithi097.stdout:/usr/bin/ceph: stderr
2024-03-26T18:48:12.378+0000 7fb9fea00700 1 -- 172.21.15.97:0/101157743 --> [v2:172.21.15.97:3300/0,v1:172.21.15.97:6789/0] -- mon_subscribe({osdmap=0}) -- 0x7fb9f81a12a0 con 0x7fb9f8106560
2024-03-26T18:48:13.514 INFO:teuthology.orchestra.run.smithi097.stdout:/usr/bin/ceph: stderr
2024-03-26T18:48:12.379+0000 7fb9f6000700 1 -- 172.21.15.97:0/101157743 <== mon.0 v2:172.21.15.97:3300/0 4 ==== mgrmap(e 8) ==== 46294+0+0 (secure 0 0 0) 0x7fb9ec01a9f0 con 0x7fb9f8106560
2024-03-26T18:48:13.515 INFO:teuthology.orchestra.run.smithi097.stdout:/usr/bin/ceph: stderr
2024-03-26T18:48:12.379+0000 7fb9fea00700 1 -- 172.21.15.97:0/101157743 --> [v2:172.21.15.97:3300/0,v1:172.21.15.97:6789/0] -- mon_command({"prefix": "get_command_descriptions"} v 0) -- 0x7fb9f80639e0 con 0x7fb9f8106560
2024-03-26T18:48:13.515 INFO:teuthology.orchestra.run.smithi097.stdout:/usr/bin/ceph: stderr
2024-03-26T18:48:12.379+0000 7fb9f6000700 1 --2- 172.21.15.97:0/101157743 >> [v2:172.21.15.97:6800/3462603610,v1:172.21.15.97:6801/3462603610] conn(0x7fb9e00391d0 0x7fb9e003b690 unknown :-1 s=NONE pgs=0 cs=0 l=1 rev1=0 crypto rx=0 tx=0 comp rx=0 tx=0).connect
2024-03-26T18:48:13.515 INFO:teuthology.orchestra.run.smithi097.stdout:/usr/bin/ceph: stderr
2024-03-26T18:48:12.379+0000 7fb9f6000700 1 -- 172.21.15.97:0/101157743 <== mon.0 v2:172.21.15.97:3300/0 5 ==== osd_map(2..2 src has 1..2) ==== 940+0+0 (secure 0 0 0) 0x7fb9ec011e00 con 0x7fb9f8106560
2024-03-26T18:48:13.515 INFO:teuthology.orchestra.run.smithi097.stdout:/usr/bin/ceph: stderr
2024-03-26T18:48:12.380+0000 7fb9fcc00700 1 --2- 172.21.15.97:0/101157743 >> [v2:172.21.15.97:6800/3462603610,v1:172.21.15.97:6801/3462603610] conn(0x7fb9e00391d0 0x7fb9e003b690 unknown :-1 s=BANNER_CONNECTING pgs=0 cs=0 l=1 rev1=0 crypto rx=0 tx=0 comp rx=0 tx=0)._handle_peer_banner_payload supported=3 required=0
2024-03-26T18:48:13.515 INFO:teuthology.orchestra.run.smithi097.stdout:/usr/bin/ceph: stderr
2024-03-26T18:48:12.380+0000 7fb9fcc00700 1 --2- 172.21.15.97:0/101157743 >> [v2:172.21.15.97:6800/3462603610,v1:172.21.15.97:6801/3462603610] conn(0x7fb9e00391d0 0x7fb9e003b690 secure :-1 s=READY pgs=12 cs=0 l=1 rev1=1 crypto rx=0x7fb9e4006fd0 tx=0x7fb9e4006e40 comp rx=0 tx=0).ready entity=mgr.14120 client_cookie=0 server_cookie=0 in_seq=0 out_seq=0
2024-03-26T18:48:13.515 INFO:teuthology.orchestra.run.smithi097.stdout:/usr/bin/ceph: stderr
2024-03-26T18:48:12.385+0000 7fb9f6000700 1 -- 172.21.15.97:0/101157743 <== mon.0 v2:172.21.15.97:3300/0 6 ==== mon_command_ack([{"prefix": "get_command_descriptions"}]=0 v0) ==== 72+0+186149 (secure 0 0 0) 0x7fb9ec00edb0 con 0x7fb9f8106560
2024-03-26T18:48:13.515 INFO:teuthology.orchestra.run.smithi097.stdout:/usr/bin/ceph: stderr
2024-03-26T18:48:12.629+0000 7fb9fea00700 1 -- 172.21.15.97:0/101157743 --> [v2:172.21.15.97:6800/3462603610,v1:172.21.15.97:6801/3462603610] -- mgr_command(tid 0: {"prefix": "orch apply", "service_type": "mon", "unmanaged": true, "target": ["mon-mgr", ""]}) -- 0x7fb9f80008d0 con 0x7fb9e00391d0
2024-03-26T18:48:13.515 INFO:teuthology.orchestra.run.smithi097.stdout:/usr/bin/ceph: stderr
2024-03-26T18:48:12.637+0000 7fb9f6000700 1 -- 172.21.15.97:0/101157743 <== mgr.14120 v2:172.21.15.97:6800/3462603610 1 ==== mgr_command_reply(tid 0: 0 ) ==== 8+0+24 (secure 0 0 0) 0x7fb9f80008d0 con 0x7fb9e00391d0
2024-03-26T18:48:13.515 INFO:teuthology.orchestra.run.smithi097.stdout:/usr/bin/ceph: stderr
2024-03-26T18:48:12.639+0000 7fb9fea00700 1 -- 172.21.15.97:0/101157743 >> [v2:172.21.15.97:6800/3462603610,v1:172.21.15.97:6801/3462603610] conn(0x7fb9e00391d0 msgr2=0x7fb9e003b690 secure :-1 s=STATE_CONNECTION_ESTABLISHED l=1).mark_down
2024-03-26T18:48:13.515 INFO:teuthology.orchestra.run.smithi097.stdout:/usr/bin/ceph: stderr
2024-03-26T18:48:12.639+0000 7fb9fea00700 1 --2- 172.21.15.97:0/101157743 >> [v2:172.21.15.97:6800/3462603610,v1:172.21.15.97:6801/3462603610] conn(0x7fb9e00391d0 0x7fb9e003b690 secure :-1 s=READY pgs=12 cs=0 l=1 rev1=1 crypto rx=0x7fb9e4006fd0 tx=0x7fb9e4006e40 comp rx=0 tx=0).stop
2024-03-26T18:48:13.515 INFO:teuthology.orchestra.run.smithi097.stdout:/usr/bin/ceph: stderr
2024-03-26T18:48:12.639+0000 7fb9fea00700 1 -- 172.21.15.97:0/101157743 >> [v2:172.21.15.97:3300/0,v1:172.21.15.97:6789/0] conn(0x7fb9f8106560 msgr2=0x7fb9f819dde0 secure :-1 s=STATE_CONNECTION_ESTABLISHED l=1).mark_down
2024-03-26T18:48:13.515 INFO:teuthology.orchestra.run.smithi097.stdout:/usr/bin/ceph: stderr
2024-03-26T18:48:12.639+0000 7fb9fea00700 1 --2- 172.21.15.97:0/101157743 >> [v2:172.21.15.97:3300/0,v1:172.21.15.97:6789/0] conn(0x7fb9f8106560 0x7fb9f819dde0 secure :-1 s=READY pgs=48 cs=0 l=1 rev1=1 crypto rx=0x7fb9ec011b60 tx=0x7fb9ec011c40 comp rx=0 tx=0).stop
2024-03-26T18:48:13.515 INFO:teuthology.orchestra.run.smithi097.stdout:/usr/bin/ceph: stderr
2024-03-26T18:48:12.640+0000 7fb9fea00700 1 -- 172.21.15.97:0/101157743 shutdown_connections
2024-03-26T18:48:13.515 INFO:teuthology.orchestra.run.smithi097.stdout:/usr/bin/ceph: stderr
2024-03-26T18:48:12.640+0000 7fb9fea00700 1 --2- 172.21.15.97:0/101157743 >> [v2:172.21.15.97:6800/3462603610,v1:172.21.15.97:6801/3462603610] conn(0x7fb9e00391d0 0x7fb9e003b690 unknown :-1 s=CLOSED pgs=12 cs=0 l=1 rev1=1 crypto rx=0 tx=0 comp rx=0 tx=0).stop
2024-03-26T18:48:13.515 INFO:teuthology.orchestra.run.smithi097.stdout:/usr/bin/ceph: stderr
2024-03-26T18:48:12.640+0000 7fb9fea00700 1 --2- 172.21.15.97:0/101157743 >> [v2:172.21.15.97:3300/0,v1:172.21.15.97:6789/0] conn(0x7fb9f8106560 0x7fb9f819dde0 unknown :-1 s=CLOSED pgs=48 cs=0 l=1 rev1=1 crypto rx=0 tx=0 comp rx=0 tx=0).stop
2024-03-26T18:48:13.516 INFO:teuthology.orchestra.run.smithi097.stdout:/usr/bin/ceph: stderr
2024-03-26T18:48:12.640+0000 7fb9fea00700 1 -- 172.21.15.97:0/101157743 >> 172.21.15.97:0/101157743 conn(0x7fb9f8102160 msgr2=0x7fb9f81949c0 unknown :-1 s=STATE_NONE l=0).mark_down
2024-03-26T18:48:13.516 INFO:teuthology.orchestra.run.smithi097.stdout:/usr/bin/ceph: stderr
2024-03-26T18:48:12.640+0000 7fb9fea00700 1 -- 172.21.15.97:0/101157743 shutdown_connections
2024-03-26T18:48:13.516 INFO:teuthology.orchestra.run.smithi097.stdout:/usr/bin/ceph: stderr
2024-03-26T18:48:12.640+0000 7fb9fea00700 1 -- 172.21.15.97:0/101157743 wait complete.
2024-03-26T18:48:13.516 INFO:teuthology.orchestra.run.smithi097.stdout:Deploying unmanaged mgr service...
