2024-03-26T18:48:22.899+0000 7feba9800700 1 --2- 172.21.15.97:0/3505633255 >> [v2:172.21.15.97:3300/0,v1:172.21.15.97:6789/0] conn(0x7feba407ddc0 0x7feba419deb0 secure :-1 s=READY pgs=62 cs=0 l=1 rev1=1 crypto rx=0x7feb980117e0 tx=0x7feb98011ba0 comp rx=0 tx=0).ready entity=mon.0 client_cookie=0 server_cookie=0 in_seq=0 out_seq=0
2024-03-26T18:48:30.462 INFO:teuthology.orchestra.run.smithi097.stdout:/usr/bin/ceph: stderr
2024-03-26T18:48:22.899+0000 7feba2000700 1 -- 172.21.15.97:0/3505633255 <== mon.0 v2:172.21.15.97:3300/0 1 ==== mon_map magic: 0 ==== 205+0+0 (secure 0 0 0) 0x7feb98003ba0 con 0x7feba407ddc0
2024-03-26T18:48:30.466 INFO:teuthology.orchestra.run.smithi097.stdout:/usr/bin/ceph: stderr
2024-03-26T18:48:22.899+0000 7feba2000700 1 -- 172.21.15.97:0/3505633255 <== mon.0 v2:172.21.15.97:3300/0 2 ==== config(27 keys) ==== 1140+0+0 (secure 0 0 0) 0x7feb9801a910 con 0x7feba407ddc0
2024-03-26T18:48:30.466 INFO:teuthology.orchestra.run.smithi097.stdout:/usr/bin/ceph: stderr
2024-03-26T18:48:22.899+0000 7febac200700 1 -- 172.21.15.97:0/3505633255 --> [v2:172.21.15.97:3300/0,v1:172.21.15.97:6789/0] -- mon_subscribe({mgrmap=0+}) -- 0x7feba419e680 con 0x7feba407ddc0
2024-03-26T18:48:30.466 INFO:teuthology.orchestra.run.smithi097.stdout:/usr/bin/ceph: stderr
2024-03-26T18:48:22.900+0000 7feba2000700 1 -- 172.21.15.97:0/3505633255 <== mon.0 v2:172.21.15.97:3300/0 3 ==== mon_map magic: 0 ==== 205+0+0 (secure 0 0 0) 0x7feb980248f0 con 0x7feba407ddc0
2024-03-26T18:48:30.466 INFO:teuthology.orchestra.run.smithi097.stdout:/usr/bin/ceph: stderr
2024-03-26T18:48:22.900+0000 7febac200700 1 -- 172.21.15.97:0/3505633255 --> [v2:172.21.15.97:3300/0,v1:172.21.15.97:6789/0] -- mon_subscribe({osdmap=0}) -- 0x7feba419eae0 con 0x7feba407ddc0
2024-03-26T18:48:30.466 INFO:teuthology.orchestra.run.smithi097.stdout:/usr/bin/ceph: stderr
2024-03-26T18:48:22.901+0000 7feba2000700 1 -- 172.21.15.97:0/3505633255 <== mon.0 v2:172.21.15.97:3300/0 4 ==== mgrmap(e 9) ==== 46307+0+0 (secure 0 0 0) 0x7feb98022020 con 0x7feba407ddc0
2024-03-26T18:48:30.466 INFO:teuthology.orchestra.run.smithi097.stdout:/usr/bin/ceph: stderr
2024-03-26T18:48:22.901+0000 7feba2000700 1 --2- 172.21.15.97:0/3505633255 >> [v2:172.21.15.97:6800/3462603610,v1:172.21.15.97:6801/3462603610] conn(0x7feb8c038e80 0x7feb8c03b340 unknown :-1 s=NONE pgs=0 cs=0 l=1 rev1=0 crypto rx=0 tx=0 comp rx=0 tx=0).connect
2024-03-26T18:48:30.466 INFO:teuthology.orchestra.run.smithi097.stdout:/usr/bin/ceph: stderr
2024-03-26T18:48:22.901+0000 7feba2000700 1 -- 172.21.15.97:0/3505633255 <== mon.0 v2:172.21.15.97:3300/0 5 ==== osd_map(2..2 src has 1..2) ==== 940+0+0 (secure 0 0 0) 0x7feb9801a430 con 0x7feba407ddc0
2024-03-26T18:48:30.466 INFO:teuthology.orchestra.run.smithi097.stdout:/usr/bin/ceph: stderr
2024-03-26T18:48:22.901+0000 7feba8e00700 1 -- 172.21.15.97:0/3505633255 >> [v2:172.21.15.97:6800/3462603610,v1:172.21.15.97:6801/3462603610] conn(0x7feb8c038e80 msgr2=0x7feb8c03b340 unknown :-1 s=STATE_CONNECTING_RE l=1).process reconnect failed to v2:172.21.15.97:6800/3462603610
2024-03-26T18:48:30.466 INFO:teuthology.orchestra.run.smithi097.stdout:/usr/bin/ceph: stderr
2024-03-26T18:48:22.901+0000 7feba8e00700 1 --2- 172.21.15.97:0/3505633255 >> [v2:172.21.15.97:6800/3462603610,v1:172.21.15.97:6801/3462603610] conn(0x7feb8c038e80 0x7feb8c03b340 unknown :-1 s=START_CONNECT pgs=0 cs=0 l=1 rev1=0 crypto rx=0 tx=0 comp rx=0 tx=0)._fault waiting 0.200000
2024-03-26T18:48:30.466 INFO:teuthology.orchestra.run.smithi097.stdout:/usr/bin/ceph: stderr
2024-03-26T18:48:22.901+0000 7febac200700 1 -- 172.21.15.97:0/3505633255 --> [v2:172.21.15.97:6800/3462603610,v1:172.21.15.97:6801/3462603610] -- command(tid 0: {"prefix": "get_command_descriptions"}) -- 0x7feba40639e0 con 0x7feb8c038e80
2024-03-26T18:48:30.466 INFO:teuthology.orchestra.run.smithi097.stdout:/usr/bin/ceph: stderr
2024-03-26T18:48:23.102+0000 7feba8e00700 1 -- 172.21.15.97:0/3505633255 >> [v2:172.21.15.97:6800/3462603610,v1:172.21.15.97:6801/3462603610] conn(0x7feb8c038e80 msgr2=0x7feb8c03b340 unknown :-1 s=STATE_CONNECTING_RE l=1).process reconnect failed to v2:172.21.15.97:6800/3462603610
2024-03-26T18:48:30.466 INFO:teuthology.orchestra.run.smithi097.stdout:/usr/bin/ceph: stderr
2024-03-26T18:48:23.102+0000 7feba8e00700 1 --2- 172.21.15.97:0/3505633255 >> [v2:172.21.15.97:6800/3462603610,v1:172.21.15.97:6801/3462603610] conn(0x7feb8c038e80 0x7feb8c03b340 unknown :-1 s=START_CONNECT pgs=0 cs=0 l=1 rev1=0 crypto rx=0 tx=0 comp rx=0 tx=0)._fault waiting 0.400000
2024-03-26T18:48:30.466 INFO:teuthology.orchestra.run.smithi097.stdout:/usr/bin/ceph: stderr
2024-03-26T18:48:23.503+0000 7feba8e00700 1 -- 172.21.15.97:0/3505633255 >> [v2:172.21.15.97:6800/3462603610,v1:172.21.15.97:6801/3462603610] conn(0x7feb8c038e80 msgr2=0x7feb8c03b340 unknown :-1 s=STATE_CONNECTING_RE l=1).process reconnect failed to v2:172.21.15.97:6800/3462603610
2024-03-26T18:48:30.466 INFO:teuthology.orchestra.run.smithi097.stdout:/usr/bin/ceph: stderr
2024-03-26T18:48:23.503+0000 7feba8e00700 1 --2- 172.21.15.97:0/3505633255 >> [v2:172.21.15.97:6800/3462603610,v1:172.21.15.97:6801/3462603610] conn(0x7feb8c038e80 0x7feb8c03b340 unknown :-1 s=START_CONNECT pgs=0 cs=0 l=1 rev1=0 crypto rx=0 tx=0 comp rx=0 tx=0)._fault waiting 0.800000
2024-03-26T18:48:30.467 INFO:teuthology.orchestra.run.smithi097.stdout:/usr/bin/ceph: stderr
2024-03-26T18:48:24.304+0000 7feba8e00700 1 -- 172.21.15.97:0/3505633255 >> [v2:172.21.15.97:6800/3462603610,v1:172.21.15.97:6801/3462603610] conn(0x7feb8c038e80 msgr2=0x7feb8c03b340 unknown :-1 s=STATE_CONNECTING_RE l=1).process reconnect failed to v2:172.21.15.97:6800/3462603610
2024-03-26T18:48:30.467 INFO:teuthology.orchestra.run.smithi097.stdout:/usr/bin/ceph: stderr
2024-03-26T18:48:24.304+0000 7feba8e00700 1 --2- 172.21.15.97:0/3505633255 >> [v2:172.21.15.97:6800/3462603610,v1:172.21.15.97:6801/3462603610] conn(0x7feb8c038e80 0x7feb8c03b340 unknown :-1 s=START_CONNECT pgs=0 cs=0 l=1 rev1=0 crypto rx=0 tx=0 comp rx=0 tx=0)._fault waiting 1.600000
2024-03-26T18:48:30.467 INFO:teuthology.orchestra.run.smithi097.stdout:/usr/bin/ceph: stderr
2024-03-26T18:48:25.906+0000 7feba8e00700 1 -- 172.21.15.97:0/3505633255 >> [v2:172.21.15.97:6800/3462603610,v1:172.21.15.97:6801/3462603610] conn(0x7feb8c038e80 msgr2=0x7feb8c03b340 unknown :-1 s=STATE_CONNECTING_RE l=1).process reconnect failed to v2:172.21.15.97:6800/3462603610
2024-03-26T18:48:30.467 INFO:teuthology.orchestra.run.smithi097.stdout:/usr/bin/ceph: stderr
2024-03-26T18:48:25.906+0000 7feba8e00700 1 --2- 172.21.15.97:0/3505633255 >> [v2:172.21.15.97:6800/3462603610,v1:172.21.15.97:6801/3462603610] conn(0x7feb8c038e80 0x7feb8c03b340 unknown :-1 s=START_CONNECT pgs=0 cs=0 l=1 rev1=0 crypto rx=0 tx=0 comp rx=0 tx=0)._fault waiting 3.200000
2024-03-26T18:48:30.467 INFO:teuthology.orchestra.run.smithi097.stdout:/usr/bin/ceph: stderr
2024-03-26T18:48:28.772+0000 7feba2000700 1 -- 172.21.15.97:0/3505633255 <== mon.0 v2:172.21.15.97:3300/0 6 ==== mgrmap(e 10) ==== 46074+0+0 (secure 0 0 0) 0x7feb9800b3e0 con 0x7feba407ddc0
2024-03-26T18:48:30.467 INFO:teuthology.orchestra.run.smithi097.stdout:/usr/bin/ceph: stderr
2024-03-26T18:48:28.773+0000 7feba2000700 1 -- 172.21.15.97:0/3505633255 >> [v2:172.21.15.97:6800/3462603610,v1:172.21.15.97:6801/3462603610] conn(0x7feb8c038e80 msgr2=0x7feb8c03b340 unknown :-1 s=STATE_CONNECTING l=1).mark_down
2024-03-26T18:48:30.467 INFO:teuthology.orchestra.run.smithi097.stdout:/usr/bin/ceph: stderr
2024-03-26T18:48:28.773+0000 7feba2000700 1 --2- 172.21.15.97:0/3505633255 >> [v2:172.21.15.97:6800/3462603610,v1:172.21.15.97:6801/3462603610] conn(0x7feb8c038e80 0x7feb8c03b340 unknown :-1 s=START_CONNECT pgs=0 cs=0 l=1 rev1=0 crypto rx=0 tx=0 comp rx=0 tx=0).stop
2024-03-26T18:48:30.467 INFO:teuthology.orchestra.run.smithi097.stdout:/usr/bin/ceph: stderr
2024-03-26T18:48:29.777+0000 7feba2000700 1 -- 172.21.15.97:0/3505633255 <== mon.0 v2:172.21.15.97:3300/0 7 ==== mgrmap(e 11) ==== 46201+0+0 (secure 0 0 0) 0x7feb98043390 con 0x7feba407ddc0
2024-03-26T18:48:30.467 INFO:teuthology.orchestra.run.smithi097.stdout:/usr/bin/ceph: stderr
2024-03-26T18:48:29.777+0000 7feba2000700 1 --2- 172.21.15.97:0/3505633255 >> [v2:172.21.15.97:6800/3680188982,v1:172.21.15.97:6801/3680188982] conn(0x7feb8c03c7d0 0x7feb8c03ebc0 unknown :-1 s=NONE pgs=0 cs=0 l=1 rev1=0 crypto rx=0 tx=0 comp rx=0 tx=0).connect
2024-03-26T18:48:30.467 INFO:teuthology.orchestra.run.smithi097.stdout:/usr/bin/ceph: stderr
2024-03-26T18:48:29.777+0000 7feba2000700 1 -- 172.21.15.97:0/3505633255 --> [v2:172.21.15.97:6800/3680188982,v1:172.21.15.97:6801/3680188982] -- command(tid 0: {"prefix": "get_command_descriptions"}) -- 0x7feb98008ea0 con 0x7feb8c03c7d0
2024-03-26T18:48:30.467 INFO:teuthology.orchestra.run.smithi097.stdout:/usr/bin/ceph: stderr
2024-03-26T18:48:29.778+0000 7feba8e00700 1 --2- 172.21.15.97:0/3505633255 >> [v2:172.21.15.97:6800/3680188982,v1:172.21.15.97:6801/3680188982] conn(0x7feb8c03c7d0 0x7feb8c03ebc0 unknown :-1 s=BANNER_CONNECTING pgs=0 cs=0 l=1 rev1=0 crypto rx=0 tx=0 comp rx=0 tx=0)._handle_peer_banner_payload supported=3 required=0
2024-03-26T18:48:30.467 INFO:teuthology.orchestra.run.smithi097.stdout:/usr/bin/ceph: stderr
2024-03-26T18:48:29.780+0000 7feba8e00700 1 --2- 172.21.15.97:0/3505633255 >> [v2:172.21.15.97:6800/3680188982,v1:172.21.15.97:6801/3680188982] conn(0x7feb8c03c7d0 0x7feb8c03ebc0 secure :-1 s=READY pgs=2 cs=0 l=1 rev1=1 crypto rx=0x7feb90003a10 tx=0x7feb900092b0 comp rx=0 tx=0).ready entity=mgr.14152 client_cookie=0 server_cookie=0 in_seq=0 out_seq=0
2024-03-26T18:48:30.467 INFO:teuthology.orchestra.run.smithi097.stdout:/usr/bin/ceph: stderr
2024-03-26T18:48:29.781+0000 7feba2000700 1 -- 172.21.15.97:0/3505633255 <== mgr.14152 v2:172.21.15.97:6800/3680188982 1 ==== command_reply(tid 0: 0 ) ==== 8+0+7774 (secure 0 0 0) 0x7feb98008ea0 con 0x7feb8c03c7d0
2024-03-26T18:48:30.467 INFO:teuthology.orchestra.run.smithi097.stdout:/usr/bin/ceph: stderr
2024-03-26T18:48:29.788+0000 7febac200700 1 -- 172.21.15.97:0/3505633255 --> [v2:172.21.15.97:6800/3680188982,v1:172.21.15.97:6801/3680188982] -- command(tid 1: {"prefix": "mgr_status"}) -- 0x7feba41046a0 con 0x7feb8c03c7d0
2024-03-26T18:48:30.467 INFO:teuthology.orchestra.run.smithi097.stdout:/usr/bin/ceph: stderr
2024-03-26T18:48:29.789+0000 7feba2000700 1 -- 172.21.15.97:0/3505633255 <== mgr.14152 v2:172.21.15.97:6800/3680188982 2 ==== command_reply(tid 1: 0 ) ==== 8+0+52 (secure 0 0 0) 0x7feba41046a0 con 0x7feb8c03c7d0
2024-03-26T18:48:30.467 INFO:teuthology.orchestra.run.smithi097.stdout:/usr/bin/ceph: stderr
2024-03-26T18:48:29.789+0000 7febac200700 1 -- 172.21.15.97:0/3505633255 >> [v2:172.21.15.97:6800/3680188982,v1:172.21.15.97:6801/3680188982] conn(0x7feb8c03c7d0 msgr2=0x7feb8c03ebc0 secure :-1 s=STATE_CONNECTION_ESTABLISHED l=1).mark_down
2024-03-26T18:48:30.468 INFO:teuthology.orchestra.run.smithi097.stdout:/usr/bin/ceph: stderr
2024-03-26T18:48:29.789+0000 7febac200700 1 --2- 172.21.15.97:0/3505633255 >> [v2:172.21.15.97:6800/3680188982,v1:172.21.15.97:6801/3680188982] conn(0x7feb8c03c7d0 0x7feb8c03ebc0 secure :-1 s=READY pgs=2 cs=0 l=1 rev1=1 crypto rx=0x7feb90003a10 tx=0x7feb900092b0 comp rx=0 tx=0).stop
2024-03-26T18:48:30.468 INFO:teuthology.orchestra.run.smithi097.stdout:/usr/bin/ceph: stderr
2024-03-26T18:48:29.789+0000 7febac200700 1 -- 172.21.15.97:0/3505633255 >> [v2:172.21.15.97:3300/0,v1:172.21.15.97:6789/0] conn(0x7feba407ddc0 msgr2=0x7feba419deb0 secure :-1 s=STATE_CONNECTION_ESTABLISHED l=1).mark_down
2024-03-26T18:48:30.469 INFO:teuthology.orchestra.run.smithi097.stdout:/usr/bin/ceph: stderr
2024-03-26T18:48:29.789+0000 7febac200700 1 --2- 172.21.15.97:0/3505633255 >> [v2:172.21.15.97:3300/0,v1:172.21.15.97:6789/0] conn(0x7feba407ddc0 0x7feba419deb0 secure :-1 s=READY pgs=62 cs=0 l=1 rev1=1 crypto rx=0x7feb980117e0 tx=0x7feb98011ba0 comp rx=0 tx=0).stop
2024-03-26T18:48:30.469 INFO:teuthology.orchestra.run.smithi097.stdout:/usr/bin/ceph: stderr
2024-03-26T18:48:29.790+0000 7febac200700 1 -- 172.21.15.97:0/3505633255 shutdown_connections
2024-03-26T18:48:30.469 INFO:teuthology.orchestra.run.smithi097.stdout:/usr/bin/ceph: stderr
2024-03-26T18:48:29.790+0000 7febac200700 1 --2- 172.21.15.97:0/3505633255 >> [v2:172.21.15.97:6800/3680188982,v1:172.21.15.97:6801/3680188982] conn(0x7feb8c03c7d0 0x7feb8c03ebc0 unknown :-1 s=CLOSED pgs=2 cs=0 l=1 rev1=1 crypto rx=0 tx=0 comp rx=0 tx=0).stop
2024-03-26T18:48:30.469 INFO:teuthology.orchestra.run.smithi097.stdout:/usr/bin/ceph: stderr
2024-03-26T18:48:29.790+0000 7febac200700 1 --2- 172.21.15.97:0/3505633255 >> [v2:172.21.15.97:3300/0,v1:172.21.15.97:6789/0] conn(0x7feba407ddc0 0x7feba419deb0 unknown :-1 s=CLOSED pgs=62 cs=0 l=1 rev1=1 crypto rx=0 tx=0 comp rx=0 tx=0).stop
2024-03-26T18:48:30.469 INFO:teuthology.orchestra.run.smithi097.stdout:/usr/bin/ceph: stderr
2024-03-26T18:48:29.790+0000 7febac200700 1 --2- 172.21.15.97:0/3505633255 >> [v2:172.21.15.97:6800/3462603610,v1:172.21.15.97:6801/3462603610] conn(0x7feb8c038e80 0x7feb8c03b340 unknown :-1 s=CLOSED pgs=0 cs=0 l=1 rev1=0 crypto rx=0 tx=0 comp rx=0 tx=0).stop
2024-03-26T18:48:30.469 INFO:teuthology.orchestra.run.smithi097.stdout:/usr/bin/ceph: stderr
2024-03-26T18:48:29.790+0000 7febac200700 1 -- 172.21.15.97:0/3505633255 >> 172.21.15.97:0/3505633255 conn(0x7feba41034a0 msgr2=0x7feba4103f90 unknown :-1 s=STATE_NONE l=0).mark_down
2024-03-26T18:48:30.469 INFO:teuthology.orchestra.run.smithi097.stdout:/usr/bin/ceph: stderr
2024-03-26T18:48:29.790+0000 7febac200700 1 -- 172.21.15.97:0/3505633255 shutdown_connections
2024-03-26T18:48:30.469 INFO:teuthology.orchestra.run.smithi097.stdout:/usr/bin/ceph: stderr
2024-03-26T18:48:29.790+0000 7febac200700 1 -- 172.21.15.97:0/3505633255 wait complete.
2024-03-26T18:48:30.469 INFO:teuthology.orchestra.run.smithi097.stdout:mgr epoch 9 is available
2024-03-26T18:48:30.469 INFO:teuthology.orchestra.run.smithi097.stdout:Generating a dashboard self-signed certificate...
2024-03-26T18:48:31.074 INFO:journalctl@ceph.mon.a.smithi097.stdout:Mar 26 18:48:30 smithi097 ceph-mon[31955]: [26/Mar/2024:18:48:29] ENGINE Bus STARTING
2024-03-26T18:48:31.074 INFO:journalctl@ceph.mon.a.smithi097.stdout:Mar 26 18:48:30 smithi097 ceph-mon[31955]: [26/Mar/2024:18:48:29] ENGINE Serving on https://172.21.15.97:7150
2024-03-26T18:48:31.074 INFO:journalctl@ceph.mon.a.smithi097.stdout:Mar 26 18:48:30 smithi097 ceph-mon[31955]: from='client.14156 -' entity='client.admin' cmd=[{"prefix": "get_command_descriptions"}]: dispatch
2024-03-26T18:48:31.074 INFO:journalctl@ceph.mon.a.smithi097.stdout:Mar 26 18:48:30 smithi097 ceph-mon[31955]: from='client.14156 -' entity='client.admin' cmd=[{"prefix": "mgr_status"}]: dispatch
2024-03-26T18:48:31.074 INFO:journalctl@ceph.mon.a.smithi097.stdout:Mar 26 18:48:30 smithi097 ceph-mon[31955]: [26/Mar/2024:18:48:29] ENGINE Serving on http://172.21.15.97:8765
2024-03-26T18:48:31.074 INFO:journalctl@ceph.mon.a.smithi097.stdout:Mar 26 18:48:30 smithi097 ceph-mon[31955]: [26/Mar/2024:18:48:29] ENGINE Bus STARTED
2024-03-26T18:48:31.994 INFO:journalctl@ceph.mon.a.smithi097.stdout:Mar 26 18:48:31 smithi097 ceph-mon[31955]: mgrmap e12: x(active, since 2s)
2024-03-26T18:48:31.994 INFO:journalctl@ceph.mon.a.smithi097.stdout:Mar 26 18:48:31 smithi097 ceph-mon[31955]: from='mgr.14152 172.21.15.97:0/105253935' entity='mgr.x'
2024-03-26T18:48:31.994 INFO:journalctl@ceph.mon.a.smithi097.stdout:Mar 26 18:48:31 smithi097 ceph-mon[31955]: from='mgr.14152 172.21.15.97:0/105253935' entity='mgr.x'
2024-03-26T18:48:32.324 INFO:teuthology.orchestra.run.smithi097.stdout:/usr/bin/ceph: stdout Self-signed certificate created
2024-03-26T18:48:32.325 INFO:teuthology.orchestra.run.smithi097.stdout:/usr/bin/ceph: stderr
2024-03-26T18:48:31.082+0000 7fab87400700 1 Processor -- start
2024-03-26T18:48:32.325 INFO:teuthology.orchestra.run.smithi097.stdout:/usr/bin/ceph: stderr
2024-03-26T18:48:31.082+0000 7fab87400700 1 -- start start
2024-03-26T18:48:32.325 INFO:teuthology.orchestra.run.smithi097.stdout:/usr/bin/ceph: stderr
2024-03-26T18:48:31.082+0000 7fab87400700 1 --2- >> [v2:172.21.15.97:3300/0,v1:172.21.15.97:6789/0] conn(0x7fab801066f0 0x7fab80106b10 unknown :-1 s=NONE pgs=0 cs=0 l=0 rev1=0 crypto rx=0 tx=0 comp rx=0 tx=0).connect
2024-03-26T18:48:32.325 INFO:teuthology.orchestra.run.smithi097.stdout:/usr/bin/ceph: stderr
2024-03-26T18:48:31.082+0000 7fab87400700 1 -- --> [v2:172.21.15.97:3300/0,v1:172.21.15.97:6789/0] -- mon_getmap magic: 0 -- 0x7fab8007c680 con 0x7fab801066f0
2024-03-26T18:48:32.325 INFO:teuthology.orchestra.run.smithi097.stdout:/usr/bin/ceph: stderr
2024-03-26T18:48:31.083+0000 7fab84a00700 1 --2- >> [v2:172.21.15.97:3300/0,v1:172.21.15.97:6789/0] conn(0x7fab801066f0 0x7fab80106b10 unknown :-1 s=BANNER_CONNECTING pgs=0 cs=0 l=0 rev1=0 crypto rx=0 tx=0 comp rx=0 tx=0)._handle_peer_banner_payload supported=3 required=0
2024-03-26T18:48:32.326 INFO:teuthology.orchestra.run.smithi097.stdout:/usr/bin/ceph: stderr
2024-03-26T18:48:31.083+0000 7fab84a00700 1 --2- >> [v2:172.21.15.97:3300/0,v1:172.21.15.97:6789/0] conn(0x7fab801066f0 0x7fab80106b10 unknown :-1 s=HELLO_CONNECTING pgs=0 cs=0 l=0 rev1=1 crypto rx=0 tx=0 comp rx=0 tx=0).handle_hello peer v2:172.21.15.97:3300/0 says I am v2:172.21.15.97:34216/0 (socket says 172.21.15.97:34216)
2024-03-26T18:48:32.326 INFO:teuthology.orchestra.run.smithi097.stdout:/usr/bin/ceph: stderr
2024-03-26T18:48:31.083+0000 7fab84a00700 1 -- 172.21.15.97:0/2247490941 learned_addr learned my addr 172.21.15.97:0/2247490941 (peer_addr_for_me v2:172.21.15.97:0/0)
2024-03-26T18:48:32.326 INFO:teuthology.orchestra.run.smithi097.stdout:/usr/bin/ceph: stderr
2024-03-26T18:48:31.083+0000 7fab84a00700 1 -- 172.21.15.97:0/2247490941 --> [v2:172.21.15.97:3300/0,v1:172.21.15.97:6789/0] -- mon_subscribe({config=0+,monmap=0+}) -- 0x7fab80107050 con 0x7fab801066f0
2024-03-26T18:48:32.326 INFO:teuthology.orchestra.run.smithi097.stdout:/usr/bin/ceph: stderr
2024-03-26T18:48:31.084+0000 7fab84a00700 1 --2- 172.21.15.97:0/2247490941 >> [v2:172.21.15.97:3300/0,v1:172.21.15.97:6789/0] conn(0x7fab801066f0 0x7fab80106b10 secure :-1 s=READY pgs=70 cs=0 l=1 rev1=1 crypto rx=0x7fab740098a0 tx=0x7fab74009bb0 comp rx=0 tx=0).ready entity=mon.0 client_cookie=e06efdcbabf837ac server_cookie=0 in_seq=0 out_seq=0
2024-03-26T18:48:32.326 INFO:teuthology.orchestra.run.smithi097.stdout:/usr/bin/ceph: stderr
2024-03-26T18:48:31.084+0000 7fab7f400700 1 -- 172.21.15.97:0/2247490941 <== mon.0 v2:172.21.15.97:3300/0 1 ==== mon_map magic: 0 ==== 205+0+0 (secure 0 0 0) 0x7fab74004160 con 0x7fab801066f0
2024-03-26T18:48:32.328 INFO:teuthology.orchestra.run.smithi097.stdout:/usr/bin/ceph: stderr
2024-03-26T18:48:31.084+0000 7fab7f400700 1 -- 172.21.15.97:0/2247490941 <== mon.0 v2:172.21.15.97:3300/0 2 ==== config(27 keys) ==== 1140+0+0 (secure 0 0 0) 0x7fab74004300 con 0x7fab801066f0
2024-03-26T18:48:32.328 INFO:teuthology.orchestra.run.smithi097.stdout:/usr/bin/ceph: stderr
2024-03-26T18:48:31.084+0000 7fab7f400700 1 -- 172.21.15.97:0/2247490941 <== mon.0 v2:172.21.15.97:3300/0 3 ==== mon_map magic: 0 ==== 205+0+0 (secure 0 0 0) 0x7fab74011b20 con 0x7fab801066f0
2024-03-26T18:48:32.328 INFO:teuthology.orchestra.run.smithi097.stdout:/usr/bin/ceph: stderr
2024-03-26T18:48:31.085+0000 7fab87400700 1 -- 172.21.15.97:0/2247490941 >> [v2:172.21.15.97:3300/0,v1:172.21.15.97:6789/0] conn(0x7fab801066f0 msgr2=0x7fab80106b10 secure :-1 s=STATE_CONNECTION_ESTABLISHED l=1).mark_down
2024-03-26T18:48:32.328 INFO:teuthology.orchestra.run.smithi097.stdout:/usr/bin/ceph: stderr
2024-03-26T18:48:31.085+0000 7fab87400700 1 --2- 172.21.15.97:0/2247490941 >> [v2:172.21.15.97:3300/0,v1:172.21.15.97:6789/0] conn(0x7fab801066f0 0x7fab80106b10 secure :-1 s=READY pgs=70 cs=0 l=1 rev1=1 crypto rx=0x7fab740098a0 tx=0x7fab74009bb0 comp rx=0 tx=0).stop
2024-03-26T18:48:32.329 INFO:teuthology.orchestra.run.smithi097.stdout:/usr/bin/ceph: stderr
2024-03-26T18:48:31.085+0000 7fab87400700 1 -- 172.21.15.97:0/2247490941 shutdown_connections
2024-03-26T18:48:32.329 INFO:teuthology.orchestra.run.smithi097.stdout:/usr/bin/ceph: stderr
2024-03-26T18:48:31.085+0000 7fab87400700 1 --2- 172.21.15.97:0/2247490941 >> [v2:172.21.15.97:3300/0,v1:172.21.15.97:6789/0] conn(0x7fab801066f0 0x7fab80106b10 unknown :-1 s=CLOSED pgs=70 cs=0 l=1 rev1=1 crypto rx=0 tx=0 comp rx=0 tx=0).stop
2024-03-26T18:48:32.329 INFO:teuthology.orchestra.run.smithi097.stdout:/usr/bin/ceph: stderr
2024-03-26T18:48:31.085+0000 7fab87400700 1 -- 172.21.15.97:0/2247490941 >> 172.21.15.97:0/2247490941 conn(0x7fab80102350 msgr2=0x7fab80104770 unknown :-1 s=STATE_NONE l=0).mark_down
2024-03-26T18:48:32.329 INFO:teuthology.orchestra.run.smithi097.stdout:/usr/bin/ceph: stderr
2024-03-26T18:48:31.085+0000 7fab87400700 1 -- 172.21.15.97:0/2247490941 shutdown_connections
2024-03-26T18:48:32.329 INFO:teuthology.orchestra.run.smithi097.stdout:/usr/bin/ceph: stderr
2024-03-26T18:48:31.085+0000 7fab87400700 1 -- 172.21.15.97:0/2247490941 wait complete.
2024-03-26T18:48:32.329 INFO:teuthology.orchestra.run.smithi097.stdout:/usr/bin/ceph: stderr
2024-03-26T18:48:31.086+0000 7fab87400700 1 Processor -- start
2024-03-26T18:48:32.329 INFO:teuthology.orchestra.run.smithi097.stdout:/usr/bin/ceph: stderr
2024-03-26T18:48:31.086+0000 7fab87400700 1 -- start start
2024-03-26T18:48:32.329 INFO:teuthology.orchestra.run.smithi097.stdout:/usr/bin/ceph: stderr
2024-03-26T18:48:31.086+0000 7fab87400700 1 --2- >> [v2:172.21.15.97:3300/0,v1:172.21.15.97:6789/0] conn(0x7fab801066f0 0x7fab8019dec0 unknown :-1 s=NONE pgs=0 cs=0 l=1 rev1=0 crypto rx=0 tx=0 comp rx=0 tx=0).connect
2024-03-26T18:48:32.329 INFO:teuthology.orchestra.run.smithi097.stdout:/usr/bin/ceph: stderr
2024-03-26T18:48:31.087+0000 7fab87400700 1 -- --> [v2:172.21.15.97:3300/0,v1:172.21.15.97:6789/0] -- mon_getmap magic: 0 -- 0x7fab80108120 con 0x7fab801066f0
2024-03-26T18:48:32.329 INFO:teuthology.orchestra.run.smithi097.stdout:/usr/bin/ceph: stderr
2024-03-26T18:48:31.087+0000 7fab84a00700 1 --2- >> [v2:172.21.15.97:3300/0,v1:172.21.15.97:6789/0] conn(0x7fab801066f0 0x7fab8019dec0 unknown :-1 s=BANNER_CONNECTING pgs=0 cs=0 l=1 rev1=0 crypto rx=0 tx=0 comp rx=0 tx=0)._handle_peer_banner_payload supported=3 required=0
2024-03-26T18:48:32.329 INFO:teuthology.orchestra.run.smithi097.stdout:/usr/bin/ceph: stderr
2024-03-26T18:48:31.087+0000 7fab84a00700 1 --2- >> [v2:172.21.15.97:3300/0,v1:172.21.15.97:6789/0] conn(0x7fab801066f0 0x7fab8019dec0 unknown :-1 s=HELLO_CONNECTING pgs=0 cs=0 l=1 rev1=1 crypto rx=0 tx=0 comp rx=0 tx=0).handle_hello peer v2:172.21.15.97:3300/0 says I am v2:172.21.15.97:34226/0 (socket says 172.21.15.97:34226)
2024-03-26T18:48:32.329 INFO:teuthology.orchestra.run.smithi097.stdout:/usr/bin/ceph: stderr
2024-03-26T18:48:31.087+0000 7fab84a00700 1 -- 172.21.15.97:0/2873134370 learned_addr learned my addr 172.21.15.97:0/2873134370 (peer_addr_for_me v2:172.21.15.97:0/0)
2024-03-26T18:48:32.329 INFO:teuthology.orchestra.run.smithi097.stdout:/usr/bin/ceph: stderr
2024-03-26T18:48:31.087+0000 7fab84a00700 1 -- 172.21.15.97:0/2873134370 --> [v2:172.21.15.97:3300/0,v1:172.21.15.97:6789/0] -- mon_subscribe({config=0+,monmap=0+}) -- 0x7fab8019e400 con 0x7fab801066f0
2024-03-26T18:48:32.329 INFO:teuthology.orchestra.run.smithi097.stdout:/usr/bin/ceph: stderr
2024-03-26T18:48:31.087+0000 7fab84a00700 1 --2- 172.21.15.97:0/2873134370 >> [v2:172.21.15.97:3300/0,v1:172.21.15.97:6789/0] conn(0x7fab801066f0 0x7fab8019dec0 secure :-1 s=READY pgs=71 cs=0 l=1 rev1=1 crypto rx=0x7fab740117e0 tx=0x7fab74011ba0 comp rx=0 tx=0).ready entity=mon.0 client_cookie=0 server_cookie=0 in_seq=0 out_seq=0
2024-03-26T18:48:32.330 INFO:teuthology.orchestra.run.smithi097.stdout:/usr/bin/ceph: stderr
2024-03-26T18:48:31.088+0000 7fab7d600700 1 -- 172.21.15.97:0/2873134370 <== mon.0 v2:172.21.15.97:3300/0 1 ==== mon_map magic: 0 ==== 205+0+0 (secure 0 0 0) 0x7fab74003ba0 con 0x7fab801066f0
2024-03-26T18:48:32.330 INFO:teuthology.orchestra.run.smithi097.stdout:/usr/bin/ceph: stderr
2024-03-26T18:48:31.088+0000 7fab7d600700 1 -- 172.21.15.97:0/2873134370 <== mon.0 v2:172.21.15.97:3300/0 2 ==== config(27 keys) ==== 1140+0+0 (secure 0 0 0) 0x7fab7401a910 con 0x7fab801066f0
2024-03-26T18:48:32.332 INFO:teuthology.orchestra.run.smithi097.stdout:/usr/bin/ceph: stderr
2024-03-26T18:48:31.088+0000 7fab7d600700 1 -- 172.21.15.97:0/2873134370 <== mon.0 v2:172.21.15.97:3300/0 3 ==== mon_map magic: 0 ==== 205+0+0 (secure 0 0 0) 0x7fab740248f0 con 0x7fab801066f0
2024-03-26T18:48:32.332 INFO:teuthology.orchestra.run.smithi097.stdout:/usr/bin/ceph: stderr
2024-03-26T18:48:31.088+0000 7fab87400700 1 -- 172.21.15.97:0/2873134370 --> [v2:172.21.15.97:3300/0,v1:172.21.15.97:6789/0] -- mon_subscribe({mgrmap=0+}) -- 0x7fab8019e690 con 0x7fab801066f0
2024-03-26T18:48:32.332 INFO:teuthology.orchestra.run.smithi097.stdout:/usr/bin/ceph: stderr
2024-03-26T18:48:31.088+0000 7fab87400700 1 -- 172.21.15.97:0/2873134370 --> [v2:172.21.15.97:3300/0,v1:172.21.15.97:6789/0] -- mon_subscribe({osdmap=0}) -- 0x7fab8019eaf0 con 0x7fab801066f0
2024-03-26T18:48:32.332 INFO:teuthology.orchestra.run.smithi097.stdout:/usr/bin/ceph: stderr
2024-03-26T18:48:31.089+0000 7fab7d600700 1 -- 172.21.15.97:0/2873134370 <== mon.0 v2:172.21.15.97:3300/0 4 ==== mgrmap(e 12) ==== 46307+0+0 (secure 0 0 0) 0x7fab74022020 con 0x7fab801066f0
2024-03-26T18:48:32.333 INFO:teuthology.orchestra.run.smithi097.stdout:/usr/bin/ceph: stderr
2024-03-26T18:48:31.089+0000 7fab87400700 1 -- 172.21.15.97:0/2873134370 --> [v2:172.21.15.97:3300/0,v1:172.21.15.97:6789/0] -- mon_command({"prefix": "get_command_descriptions"} v 0) -- 0x7fab800639e0 con 0x7fab801066f0
2024-03-26T18:48:32.333 INFO:teuthology.orchestra.run.smithi097.stdout:/usr/bin/ceph: stderr
2024-03-26T18:48:31.090+0000 7fab7d600700 1 --2- 172.21.15.97:0/2873134370 >> [v2:172.21.15.97:6800/3680188982,v1:172.21.15.97:6801/3680188982] conn(0x7fab68039230 0x7fab6803b6f0 unknown :-1 s=NONE pgs=0 cs=0 l=1 rev1=0 crypto rx=0 tx=0 comp rx=0 tx=0).connect
2024-03-26T18:48:32.333 INFO:teuthology.orchestra.run.smithi097.stdout:/usr/bin/ceph: stderr
2024-03-26T18:48:31.090+0000 7fab7d600700 1 -- 172.21.15.97:0/2873134370 <== mon.0 v2:172.21.15.97:3300/0 5 ==== osd_map(3..3 src has 1..3) ==== 1155+0+0 (secure 0 0 0) 0x7fab7404dc20 con 0x7fab801066f0
2024-03-26T18:48:32.333 INFO:teuthology.orchestra.run.smithi097.stdout:/usr/bin/ceph: stderr
2024-03-26T18:48:31.090+0000 7fab7fe00700 1 --2- 172.21.15.97:0/2873134370 >> [v2:172.21.15.97:6800/3680188982,v1:172.21.15.97:6801/3680188982] conn(0x7fab68039230 0x7fab6803b6f0 unknown :-1 s=BANNER_CONNECTING pgs=0 cs=0 l=1 rev1=0 crypto rx=0 tx=0 comp rx=0 tx=0)._handle_peer_banner_payload supported=3 required=0
2024-03-26T18:48:32.333 INFO:teuthology.orchestra.run.smithi097.stdout:/usr/bin/ceph: stderr
2024-03-26T18:48:31.091+0000 7fab7fe00700 1 --2- 172.21.15.97:0/2873134370 >> [v2:172.21.15.97:6800/3680188982,v1:172.21.15.97:6801/3680188982] conn(0x7fab68039230 0x7fab6803b6f0 secure :-1 s=READY pgs=7 cs=0 l=1 rev1=1 crypto rx=0x7fab6c006fd0 tx=0x7fab6c006e40 comp rx=0 tx=0).ready entity=mgr.14152 client_cookie=0 server_cookie=0 in_seq=0 out_seq=0
2024-03-26T18:48:32.333 INFO:teuthology.orchestra.run.smithi097.stdout:/usr/bin/ceph: stderr
2024-03-26T18:48:31.095+0000 7fab7d600700 1 -- 172.21.15.97:0/2873134370 <== mon.0 v2:172.21.15.97:3300/0 6 ==== mon_command_ack([{"prefix": "get_command_descriptions"}]=0 v0) ==== 72+0+186149 (secure 0 0 0) 0x7fab7400f2e0 con 0x7fab801066f0
2024-03-26T18:48:32.333 INFO:teuthology.orchestra.run.smithi097.stdout:/usr/bin/ceph: stderr
2024-03-26T18:48:31.326+0000 7fab87400700 1 -- 172.21.15.97:0/2873134370 --> [v2:172.21.15.97:6800/3680188982,v1:172.21.15.97:6801/3680188982] -- mgr_command(tid 0: {"prefix": "dashboard create-self-signed-cert", "target": ["mon-mgr", ""]}) -- 0x7fab800627f0 con 0x7fab68039230
2024-03-26T18:48:32.333 INFO:teuthology.orchestra.run.smithi097.stdout:/usr/bin/ceph: stderr
2024-03-26T18:48:31.484+0000 7fab7d600700 1 -- 172.21.15.97:0/2873134370 <== mgr.14152 v2:172.21.15.97:6800/3680188982 1 ==== mgr_command_reply(tid 0: 0 ) ==== 8+0+32 (secure 0 0 0) 0x7fab800627f0 con 0x7fab68039230
2024-03-26T18:48:32.333 INFO:teuthology.orchestra.run.smithi097.stdout:/usr/bin/ceph: stderr
2024-03-26T18:48:31.487+0000 7fab87400700 1 -- 172.21.15.97:0/2873134370 >> [v2:172.21.15.97:6800/3680188982,v1:172.21.15.97:6801/3680188982] conn(0x7fab68039230 msgr2=0x7fab6803b6f0 secure :-1 s=STATE_CONNECTION_ESTABLISHED l=1).mark_down
2024-03-26T18:48:32.333 INFO:teuthology.orchestra.run.smithi097.stdout:/usr/bin/ceph: stderr
2024-03-26T18:48:31.487+0000 7fab87400700 1 --2- 172.21.15.97:0/2873134370 >> [v2:172.21.15.97:6800/3680188982,v1:172.21.15.97:6801/3680188982] conn(0x7fab68039230 0x7fab6803b6f0 secure :-1 s=READY pgs=7 cs=0 l=1 rev1=1 crypto rx=0x7fab6c006fd0 tx=0x7fab6c006e40 comp rx=0 tx=0).stop
2024-03-26T18:48:32.333 INFO:teuthology.orchestra.run.smithi097.stdout:/usr/bin/ceph: stderr
2024-03-26T18:48:31.487+0000 7fab87400700 1 -- 172.21.15.97:0/2873134370 >> [v2:172.21.15.97:3300/0,v1:172.21.15.97:6789/0] conn(0x7fab801066f0 msgr2=0x7fab8019dec0 secure :-1 s=STATE_CONNECTION_ESTABLISHED l=1).mark_down
2024-03-26T18:48:32.333 INFO:teuthology.orchestra.run.smithi097.stdout:/usr/bin/ceph: stderr
2024-03-26T18:48:31.487+0000 7fab87400700 1 --2- 172.21.15.97:0/2873134370 >> [v2:172.21.15.97:3300/0,v1:172.21.15.97:6789/0] conn(0x7fab801066f0 0x7fab8019dec0 secure :-1 s=READY pgs=71 cs=0 l=1 rev1=1 crypto rx=0x7fab740117e0 tx=0x7fab74011ba0 comp rx=0 tx=0).stop
2024-03-26T18:48:32.333 INFO:teuthology.orchestra.run.smithi097.stdout:/usr/bin/ceph: stderr
2024-03-26T18:48:31.487+0000 7fab87400700 1 -- 172.21.15.97:0/2873134370 shutdown_connections
2024-03-26T18:48:32.333 INFO:teuthology.orchestra.run.smithi097.stdout:/usr/bin/ceph: stderr
2024-03-26T18:48:31.487+0000 7fab87400700 1 --2- 172.21.15.97:0/2873134370 >> [v2:172.21.15.97:6800/3680188982,v1:172.21.15.97:6801/3680188982] conn(0x7fab68039230 0x7fab6803b6f0 unknown :-1 s=CLOSED pgs=7 cs=0 l=1 rev1=1 crypto rx=0 tx=0 comp rx=0 tx=0).stop
2024-03-26T18:48:32.333 INFO:teuthology.orchestra.run.smithi097.stdout:/usr/bin/ceph: stderr
2024-03-26T18:48:31.488+0000 7fab87400700 1 --2- 172.21.15.97:0/2873134370 >> [v2:172.21.15.97:3300/0,v1:172.21.15.97:6789/0] conn(0x7fab801066f0 0x7fab8019dec0 unknown :-1 s=CLOSED pgs=71 cs=0 l=1 rev1=1 crypto rx=0 tx=0 comp rx=0 tx=0).stop
2024-03-26T18:48:32.334 INFO:teuthology.orchestra.run.smithi097.stdout:/usr/bin/ceph: stderr
2024-03-26T18:48:31.488+0000 7fab87400700 1 -- 172.21.15.97:0/2873134370 >> 172.21.15.97:0/2873134370 conn(0x7fab80102350 msgr2=0x7fab80194b60 unknown :-1 s=STATE_NONE l=0).mark_down
2024-03-26T18:48:32.334 INFO:teuthology.orchestra.run.smithi097.stdout:/usr/bin/ceph: stderr
2024-03-26T18:48:31.488+0000 7fab87400700 1 -- 172.21.15.97:0/2873134370 shutdown_connections
2024-03-26T18:48:32.334 INFO:teuthology.orchestra.run.smithi097.stdout:/usr/bin/ceph: stderr
2024-03-26T18:48:31.488+0000 7fab87400700 1 -- 172.21.15.97:0/2873134370 wait complete.
2024-03-26T18:48:32.334 INFO:teuthology.orchestra.run.smithi097.stdout:Creating initial admin user...
2024-03-26T18:48:32.893 INFO:journalctl@ceph.mon.a.smithi097.stdout:Mar 26 18:48:32 smithi097 ceph-mon[31955]: from='client.14164 -' entity='client.admin' cmd=[{"prefix": "dashboard create-self-signed-cert", "target": ["mon-mgr", ""]}]: dispatch
2024-03-26T18:48:32.893 INFO:journalctl@ceph.mon.a.smithi097.stdout:Mar 26 18:48:32 smithi097 ceph-mon[31955]: from='mgr.14152 172.21.15.97:0/105253935' entity='mgr.x'
2024-03-26T18:48:34.392 INFO:teuthology.orchestra.run.smithi097.stdout:/usr/bin/ceph: stdout {"username": "admin", "password": "$2b$12$40wy61O4QMAVAB8HkzeI1OGC.FOwltLwn1U5.RLVe8slW.FqXDz0u", "roles": ["administrator"], "name": null, "email": null, "lastUpdate": 1711478913, "enabled": true, "pwdExpirationDate": null, "pwdUpdateRequired": true}
2024-03-26T18:48:34.392 INFO:teuthology.orchestra.run.smithi097.stdout:/usr/bin/ceph: stderr
2024-03-26T18:48:33.055+0000 7f3e1ac00700 1 Processor -- start
2024-03-26T18:48:34.392 INFO:teuthology.orchestra.run.smithi097.stdout:/usr/bin/ceph: stderr
2024-03-26T18:48:33.055+0000 7f3e1ac00700 1 -- start start
2024-03-26T18:48:34.392 INFO:teuthology.orchestra.run.smithi097.stdout:/usr/bin/ceph: stderr
2024-03-26T18:48:33.056+0000 7f3e1ac00700 1 --2- >> [v2:172.21.15.97:3300/0,v1:172.21.15.97:6789/0] conn(0x7f3e1407dde0 0x7f3e1407c2e0 unknown :-1 s=NONE pgs=0 cs=0 l=0 rev1=0 crypto rx=0 tx=0 comp rx=0 tx=0).connect
2024-03-26T18:48:34.392 INFO:teuthology.orchestra.run.smithi097.stdout:/usr/bin/ceph: stderr
2024-03-26T18:48:33.056+0000 7f3e1ac00700 1 -- --> [v2:172.21.15.97:3300/0,v1:172.21.15.97:6789/0] -- mon_getmap magic: 0 -- 0x7f3e1407c820 con 0x7f3e1407dde0
2024-03-26T18:48:34.393 INFO:teuthology.orchestra.run.smithi097.stdout:/usr/bin/ceph: stderr
2024-03-26T18:48:33.056+0000 7f3e13e00700 1 --2- >> [v2:172.21.15.97:3300/0,v1:172.21.15.97:6789/0] conn(0x7f3e1407dde0 0x7f3e1407c2e0 unknown :-1 s=BANNER_CONNECTING pgs=0 cs=0 l=0 rev1=0 crypto rx=0 tx=0 comp rx=0 tx=0)._handle_peer_banner_payload supported=3 required=0
2024-03-26T18:48:34.393 INFO:teuthology.orchestra.run.smithi097.stdout:/usr/bin/ceph: stderr
2024-03-26T18:48:33.056+0000 7f3e13e00700 1 --2- >> [v2:172.21.15.97:3300/0,v1:172.21.15.97:6789/0] conn(0x7f3e1407dde0 0x7f3e1407c2e0 unknown :-1 s=HELLO_CONNECTING pgs=0 cs=0 l=0 rev1=1 crypto rx=0 tx=0 comp rx=0 tx=0).handle_hello peer v2:172.21.15.97:3300/0 says I am v2:172.21.15.97:34230/0 (socket says 172.21.15.97:34230)
2024-03-26T18:48:34.393 INFO:teuthology.orchestra.run.smithi097.stdout:/usr/bin/ceph: stderr
2024-03-26T18:48:33.056+0000 7f3e13e00700 1 -- 172.21.15.97:0/955958838 learned_addr learned my addr 172.21.15.97:0/955958838 (peer_addr_for_me v2:172.21.15.97:0/0)
2024-03-26T18:48:34.393 INFO:teuthology.orchestra.run.smithi097.stdout:/usr/bin/ceph: stderr
2024-03-26T18:48:33.056+0000 7f3e13e00700 1 -- 172.21.15.97:0/955958838 --> [v2:172.21.15.97:3300/0,v1:172.21.15.97:6789/0] -- mon_subscribe({config=0+,monmap=0+}) -- 0x7f3e1407c9a0 con 0x7f3e1407dde0
2024-03-26T18:48:34.393 INFO:teuthology.orchestra.run.smithi097.stdout:/usr/bin/ceph: stderr
2024-03-26T18:48:33.057+0000 7f3e13e00700 1 --2- 172.21.15.97:0/955958838 >> [v2:172.21.15.97:3300/0,v1:172.21.15.97:6789/0] conn(0x7f3e1407dde0 0x7f3e1407c2e0 secure :-1 s=READY pgs=72 cs=0 l=1 rev1=1 crypto rx=0x7f3e040098a0 tx=0x7f3e04009bb0 comp rx=0 tx=0).ready entity=mon.0 client_cookie=8024dd42e7e34bb5 server_cookie=0 in_seq=0 out_seq=0
2024-03-26T18:48:34.393 INFO:teuthology.orchestra.run.smithi097.stdout:/usr/bin/ceph: stderr
2024-03-26T18:48:33.057+0000 7f3e12a00700 1 -- 172.21.15.97:0/955958838 <== mon.0 v2:172.21.15.97:3300/0 1 ==== mon_map magic: 0 ==== 205+0+0 (secure 0 0 0) 0x7f3e04004160 con 0x7f3e1407dde0
2024-03-26T18:48:34.393 INFO:teuthology.orchestra.run.smithi097.stdout:/usr/bin/ceph: stderr
2024-03-26T18:48:33.057+0000 7f3e12a00700 1 -- 172.21.15.97:0/955958838 <== mon.0 v2:172.21.15.97:3300/0 2 ==== config(27 keys) ==== 1140+0+0 (secure 0 0 0) 0x7f3e04004300 con 0x7f3e1407dde0
2024-03-26T18:48:34.393 INFO:teuthology.orchestra.run.smithi097.stdout:/usr/bin/ceph: stderr
2024-03-26T18:48:33.057+0000 7f3e12a00700 1 -- 172.21.15.97:0/955958838 <== mon.0 v2:172.21.15.97:3300/0 3 ==== mon_map magic: 0 ==== 205+0+0 (secure 0 0 0) 0x7f3e04011b20 con 0x7f3e1407dde0
2024-03-26T18:48:34.393 INFO:teuthology.orchestra.run.smithi097.stdout:/usr/bin/ceph: stderr
2024-03-26T18:48:33.058+0000 7f3e1ac00700 1 -- 172.21.15.97:0/955958838 >> [v2:172.21.15.97:3300/0,v1:172.21.15.97:6789/0] conn(0x7f3e1407dde0 msgr2=0x7f3e1407c2e0 secure :-1 s=STATE_CONNECTION_ESTABLISHED l=1).mark_down
2024-03-26T18:48:34.393 INFO:teuthology.orchestra.run.smithi097.stdout:/usr/bin/ceph: stderr
2024-03-26T18:48:33.058+0000 7f3e1ac00700 1 --2- 172.21.15.97:0/955958838 >> [v2:172.21.15.97:3300/0,v1:172.21.15.97:6789/0] conn(0x7f3e1407dde0 0x7f3e1407c2e0 secure :-1 s=READY pgs=72 cs=0 l=1 rev1=1 crypto rx=0x7f3e040098a0 tx=0x7f3e04009bb0 comp rx=0 tx=0).stop
2024-03-26T18:48:34.393 INFO:teuthology.orchestra.run.smithi097.stdout:/usr/bin/ceph: stderr
2024-03-26T18:48:33.058+0000 7f3e1ac00700 1 -- 172.21.15.97:0/955958838 shutdown_connections
2024-03-26T18:48:34.393 INFO:teuthology.orchestra.run.smithi097.stdout:/usr/bin/ceph: stderr
2024-03-26T18:48:33.058+0000 7f3e1ac00700 1 --2- 172.21.15.97:0/955958838 >> [v2:172.21.15.97:3300/0,v1:172.21.15.97:6789/0] conn(0x7f3e1407dde0 0x7f3e1407c2e0 unknown :-1 s=CLOSED pgs=72 cs=0 l=1 rev1=1 crypto rx=0 tx=0 comp rx=0 tx=0).stop
2024-03-26T18:48:34.393 INFO:teuthology.orchestra.run.smithi097.stdout:/usr/bin/ceph: stderr
2024-03-26T18:48:33.058+0000 7f3e1ac00700 1 -- 172.21.15.97:0/955958838 >> 172.21.15.97:0/955958838 conn(0x7f3e141034a0 msgr2=0x7f3e141058c0 unknown :-1 s=STATE_NONE l=0).mark_down
2024-03-26T18:48:34.393 INFO:teuthology.orchestra.run.smithi097.stdout:/usr/bin/ceph: stderr
2024-03-26T18:48:33.058+0000 7f3e1ac00700 1 -- 172.21.15.97:0/955958838 shutdown_connections
2024-03-26T18:48:34.393 INFO:teuthology.orchestra.run.smithi097.stdout:/usr/bin/ceph: stderr
2024-03-26T18:48:33.058+0000 7f3e1ac00700 1 -- 172.21.15.97:0/955958838 wait complete.
2024-03-26T18:48:34.394 INFO:teuthology.orchestra.run.smithi097.stdout:/usr/bin/ceph: stderr
2024-03-26T18:48:33.059+0000 7f3e1ac00700 1 Processor -- start
2024-03-26T18:48:34.394 INFO:teuthology.orchestra.run.smithi097.stdout:/usr/bin/ceph: stderr
2024-03-26T18:48:33.059+0000 7f3e1ac00700 1 -- start start
2024-03-26T18:48:34.394 INFO:teuthology.orchestra.run.smithi097.stdout:/usr/bin/ceph: stderr
2024-03-26T18:48:33.059+0000 7f3e1ac00700 1 --2- >> [v2:172.21.15.97:3300/0,v1:172.21.15.97:6789/0] conn(0x7f3e1407dde0 0x7f3e1419deb0 unknown :-1 s=NONE pgs=0 cs=0 l=1 rev1=0 crypto rx=0 tx=0 comp rx=0 tx=0).connect
2024-03-26T18:48:34.394 INFO:teuthology.orchestra.run.smithi097.stdout:/usr/bin/ceph: stderr
2024-03-26T18:48:33.060+0000 7f3e1ac00700 1 -- --> [v2:172.21.15.97:3300/0,v1:172.21.15.97:6789/0] -- mon_getmap magic: 0 -- 0x7f3e1410e440 con 0x7f3e1407dde0
2024-03-26T18:48:34.394 INFO:teuthology.orchestra.run.smithi097.stdout:/usr/bin/ceph: stderr
2024-03-26T18:48:33.060+0000 7f3e13e00700 1 --2- >> [v2:172.21.15.97:3300/0,v1:172.21.15.97:6789/0] conn(0x7f3e1407dde0 0x7f3e1419deb0 unknown :-1 s=BANNER_CONNECTING pgs=0 cs=0 l=1 rev1=0 crypto rx=0 tx=0 comp rx=0 tx=0)._handle_peer_banner_payload supported=3 required=0
2024-03-26T18:48:34.394 INFO:teuthology.orchestra.run.smithi097.stdout:/usr/bin/ceph: stderr
2024-03-26T18:48:33.060+0000 7f3e13e00700 1 --2- >> [v2:172.21.15.97:3300/0,v1:172.21.15.97:6789/0] conn(0x7f3e1407dde0 0x7f3e1419deb0 unknown :-1 s=HELLO_CONNECTING pgs=0 cs=0 l=1 rev1=1 crypto rx=0 tx=0 comp rx=0 tx=0).handle_hello peer v2:172.21.15.97:3300/0 says I am v2:172.21.15.97:34240/0 (socket says 172.21.15.97:34240)
2024-03-26T18:48:34.394 INFO:teuthology.orchestra.run.smithi097.stdout:/usr/bin/ceph: stderr
2024-03-26T18:48:33.060+0000 7f3e13e00700 1 -- 172.21.15.97:0/458928128 learned_addr learned my addr 172.21.15.97:0/458928128 (peer_addr_for_me v2:172.21.15.97:0/0)
2024-03-26T18:48:34.394 INFO:teuthology.orchestra.run.smithi097.stdout:/usr/bin/ceph: stderr
2024-03-26T18:48:33.060+0000 7f3e13e00700 1 -- 172.21.15.97:0/458928128 --> [v2:172.21.15.97:3300/0,v1:172.21.15.97:6789/0] -- mon_subscribe({config=0+,monmap=0+}) -- 0x7f3e1419e3f0 con 0x7f3e1407dde0
2024-03-26T18:48:34.394 INFO:teuthology.orchestra.run.smithi097.stdout:/usr/bin/ceph: stderr
2024-03-26T18:48:33.060+0000 7f3e13e00700 1 --2- 172.21.15.97:0/458928128 >> [v2:172.21.15.97:3300/0,v1:172.21.15.97:6789/0] conn(0x7f3e1407dde0 0x7f3e1419deb0 secure :-1 s=READY pgs=73 cs=0 l=1 rev1=1 crypto rx=0x7f3e040117e0 tx=0x7f3e04011ba0 comp rx=0 tx=0).ready entity=mon.0 client_cookie=0 server_cookie=0 in_seq=0 out_seq=0
2024-03-26T18:48:34.394 INFO:teuthology.orchestra.run.smithi097.stdout:/usr/bin/ceph: stderr
2024-03-26T18:48:33.061+0000 7f3e10c00700 1 -- 172.21.15.97:0/458928128 <== mon.0 v2:172.21.15.97:3300/0 1 ==== mon_map magic: 0 ==== 205+0+0 (secure 0 0 0) 0x7f3e04003ba0 con 0x7f3e1407dde0
2024-03-26T18:48:34.394 INFO:teuthology.orchestra.run.smithi097.stdout:/usr/bin/ceph: stderr
2024-03-26T18:48:33.061+0000 7f3e10c00700 1 -- 172.21.15.97:0/458928128 <== mon.0 v2:172.21.15.97:3300/0 2 ==== config(27 keys) ==== 1140+0+0 (secure 0 0 0) 0x7f3e0401a910 con 0x7f3e1407dde0
2024-03-26T18:48:34.394 INFO:teuthology.orchestra.run.smithi097.stdout:/usr/bin/ceph: stderr
2024-03-26T18:48:33.061+0000 7f3e1ac00700 1 -- 172.21.15.97:0/458928128 --> [v2:172.21.15.97:3300/0,v1:172.21.15.97:6789/0] -- mon_subscribe({mgrmap=0+}) -- 0x7f3e1419e680 con 0x7f3e1407dde0
2024-03-26T18:48:34.394 INFO:teuthology.orchestra.run.smithi097.stdout:/usr/bin/ceph: stderr
2024-03-26T18:48:33.061+0000 7f3e10c00700 1 -- 172.21.15.97:0/458928128 <== mon.0 v2:172.21.15.97:3300/0 3 ==== mon_map magic: 0 ==== 205+0+0 (secure 0 0 0) 0x7f3e040248f0 con 0x7f3e1407dde0
2024-03-26T18:48:34.394 INFO:teuthology.orchestra.run.smithi097.stdout:/usr/bin/ceph: stderr
2024-03-26T18:48:33.061+0000 7f3e1ac00700 1 -- 172.21.15.97:0/458928128 --> [v2:172.21.15.97:3300/0,v1:172.21.15.97:6789/0] -- mon_subscribe({osdmap=0}) -- 0x7f3e1419eae0 con 0x7f3e1407dde0
2024-03-26T18:48:34.395 INFO:teuthology.orchestra.run.smithi097.stdout:/usr/bin/ceph: stderr
2024-03-26T18:48:33.062+0000 7f3e10c00700 1 -- 172.21.15.97:0/458928128 <== mon.0 v2:172.21.15.97:3300/0 4 ==== mgrmap(e 12) ==== 46307+0+0 (secure 0 0 0) 0x7f3e04022020 con 0x7f3e1407dde0
2024-03-26T18:48:34.395 INFO:teuthology.orchestra.run.smithi097.stdout:/usr/bin/ceph: stderr
2024-03-26T18:48:33.062+0000 7f3e1ac00700 1 -- 172.21.15.97:0/458928128 --> [v2:172.21.15.97:3300/0,v1:172.21.15.97:6789/0] -- mon_command({"prefix": "get_command_descriptions"} v 0) -- 0x7f3e140639e0 con 0x7f3e1407dde0
2024-03-26T18:48:34.395 INFO:teuthology.orchestra.run.smithi097.stdout:/usr/bin/ceph: stderr
2024-03-26T18:48:33.063+0000 7f3e10c00700 1 --2- 172.21.15.97:0/458928128 >> [v2:172.21.15.97:6800/3680188982,v1:172.21.15.97:6801/3680188982] conn(0x7f3df8039230 0x7f3df803b6f0 unknown :-1 s=NONE pgs=0 cs=0 l=1 rev1=0 crypto rx=0 tx=0 comp rx=0 tx=0).connect
2024-03-26T18:48:34.395 INFO:teuthology.orchestra.run.smithi097.stdout:/usr/bin/ceph: stderr
2024-03-26T18:48:33.063+0000 7f3e10c00700 1 -- 172.21.15.97:0/458928128 <== mon.0 v2:172.21.15.97:3300/0 5 ==== osd_map(3..3 src has 1..3) ==== 1155+0+0 (secure 0 0 0) 0x7f3e0404dbb0 con 0x7f3e1407dde0
2024-03-26T18:48:34.395 INFO:teuthology.orchestra.run.smithi097.stdout:/usr/bin/ceph: stderr
2024-03-26T18:48:33.063+0000 7f3e13400700 1 --2- 172.21.15.97:0/458928128 >> [v2:172.21.15.97:6800/3680188982,v1:172.21.15.97:6801/3680188982] conn(0x7f3df8039230 0x7f3df803b6f0 unknown :-1 s=BANNER_CONNECTING pgs=0 cs=0 l=1 rev1=0 crypto rx=0 tx=0 comp rx=0 tx=0)._handle_peer_banner_payload supported=3 required=0
2024-03-26T18:48:34.395 INFO:teuthology.orchestra.run.smithi097.stdout:/usr/bin/ceph: stderr
2024-03-26T18:48:33.064+0000 7f3e13400700 1 --2- 172.21.15.97:0/458928128 >> [v2:172.21.15.97:6800/3680188982,v1:172.21.15.97:6801/3680188982] conn(0x7f3df8039230 0x7f3df803b6f0 secure :-1 s=READY pgs=8 cs=0 l=1 rev1=1 crypto rx=0x7f3e00006fd0 tx=0x7f3e00006e40 comp rx=0 tx=0).ready entity=mgr.14152 client_cookie=0 server_cookie=0 in_seq=0 out_seq=0
2024-03-26T18:48:34.395 INFO:teuthology.orchestra.run.smithi097.stdout:/usr/bin/ceph: stderr
2024-03-26T18:48:33.072+0000 7f3e10c00700 1 -- 172.21.15.97:0/458928128 <== mon.0 v2:172.21.15.97:3300/0 6 ==== mon_command_ack([{"prefix": "get_command_descriptions"}]=0 v0) ==== 72+0+186149 (secure 0 0 0) 0x7f3e0400fdd0 con 0x7f3e1407dde0
2024-03-26T18:48:34.395 INFO:teuthology.orchestra.run.smithi097.stdout:/usr/bin/ceph: stderr
2024-03-26T18:48:33.312+0000 7f3e1ac00700 1 -- 172.21.15.97:0/458928128 --> [v2:172.21.15.97:6800/3680188982,v1:172.21.15.97:6801/3680188982] -- mgr_command(tid 0: {"prefix": "dashboard ac-user-create", "username": "admin", "rolename": "administrator", "force_password": true, "pwd_update_required": true, "target": ["mon-mgr", ""]}) -- 0x7f3e141a1430 con 0x7f3df8039230
2024-03-26T18:48:34.395 INFO:teuthology.orchestra.run.smithi097.stdout:/usr/bin/ceph: stderr
2024-03-26T18:48:33.566+0000 7f3e10c00700 1 -- 172.21.15.97:0/458928128 <== mgr.14152 v2:172.21.15.97:6800/3680188982 1 ==== mgr_command_reply(tid 0: 0 ) ==== 8+0+252 (secure 0 0 0) 0x7f3e141a1430 con 0x7f3df8039230
2024-03-26T18:48:34.395 INFO:teuthology.orchestra.run.smithi097.stdout:/usr/bin/ceph: stderr
2024-03-26T18:48:33.569+0000 7f3e1ac00700 1 -- 172.21.15.97:0/458928128 >> [v2:172.21.15.97:6800/3680188982,v1:172.21.15.97:6801/3680188982] conn(0x7f3df8039230 msgr2=0x7f3df803b6f0 secure :-1 s=STATE_CONNECTION_ESTABLISHED l=1).mark_down
2024-03-26T18:48:34.395 INFO:teuthology.orchestra.run.smithi097.stdout:/usr/bin/ceph: stderr
2024-03-26T18:48:33.569+0000 7f3e1ac00700 1 --2- 172.21.15.97:0/458928128 >> [v2:172.21.15.97:6800/3680188982,v1:172.21.15.97:6801/3680188982] conn(0x7f3df8039230 0x7f3df803b6f0 secure :-1 s=READY pgs=8 cs=0 l=1 rev1=1 crypto rx=0x7f3e00006fd0 tx=0x7f3e00006e40 comp rx=0 tx=0).stop
2024-03-26T18:48:34.395 INFO:teuthology.orchestra.run.smithi097.stdout:/usr/bin/ceph: stderr
2024-03-26T18:48:33.569+0000 7f3e1ac00700 1 -- 172.21.15.97:0/458928128 >> [v2:172.21.15.97:3300/0,v1:172.21.15.97:6789/0] conn(0x7f3e1407dde0 msgr2=0x7f3e1419deb0 secure :-1 s=STATE_CONNECTION_ESTABLISHED l=1).mark_down
2024-03-26T18:48:34.395 INFO:teuthology.orchestra.run.smithi097.stdout:/usr/bin/ceph: stderr
2024-03-26T18:48:33.569+0000 7f3e1ac00700 1 --2- 172.21.15.97:0/458928128 >> [v2:172.21.15.97:3300/0,v1:172.21.15.97:6789/0] conn(0x7f3e1407dde0 0x7f3e1419deb0 secure :-1 s=READY pgs=73 cs=0 l=1 rev1=1 crypto rx=0x7f3e040117e0 tx=0x7f3e04011ba0 comp rx=0 tx=0).stop
2024-03-26T18:48:34.395 INFO:teuthology.orchestra.run.smithi097.stdout:/usr/bin/ceph: stderr
2024-03-26T18:48:33.569+0000 7f3e1ac00700 1 -- 172.21.15.97:0/458928128 shutdown_connections
2024-03-26T18:48:34.395 INFO:teuthology.orchestra.run.smithi097.stdout:/usr/bin/ceph: stderr
2024-03-26T18:48:33.569+0000 7f3e1ac00700 1 --2- 172.21.15.97:0/458928128 >> [v2:172.21.15.97:6800/3680188982,v1:172.21.15.97:6801/3680188982] conn(0x7f3df8039230 0x7f3df803b6f0 unknown :-1 s=CLOSED pgs=8 cs=0 l=1 rev1=1 crypto rx=0 tx=0 comp rx=0 tx=0).stop
2024-03-26T18:48:34.396 INFO:teuthology.orchestra.run.smithi097.stdout:/usr/bin/ceph: stderr
2024-03-26T18:48:33.569+0000 7f3e1ac00700 1 --2- 172.21.15.97:0/458928128 >> [v2:172.21.15.97:3300/0,v1:172.21.15.97:6789/0] conn(0x7f3e1407dde0 0x7f3e1419deb0 unknown :-1 s=CLOSED pgs=73 cs=0 l=1 rev1=1 crypto rx=0 tx=0 comp rx=0 tx=0).stop
2024-03-26T18:48:34.396 INFO:teuthology.orchestra.run.smithi097.stdout:/usr/bin/ceph: stderr
2024-03-26T18:48:33.569+0000 7f3e1ac00700 1 -- 172.21.15.97:0/458928128 >> 172.21.15.97:0/458928128 conn(0x7f3e141034a0 msgr2=0x7f3e14103f10 unknown :-1 s=STATE_NONE l=0).mark_down
2024-03-26T18:48:34.396 INFO:teuthology.orchestra.run.smithi097.stdout:/usr/bin/ceph: stderr
2024-03-26T18:48:33.569+0000 7f3e1ac00700 1 -- 172.21.15.97:0/458928128 shutdown_connections
2024-03-26T18:48:34.396 INFO:teuthology.orchestra.run.smithi097.stdout:/usr/bin/ceph: stderr
2024-03-26T18:48:33.569+0000 7f3e1ac00700 1 -- 172.21.15.97:0/458928128 wait complete.
2024-03-26T18:48:34.396 INFO:teuthology.orchestra.run.smithi097.stdout:Fetching dashboard port number...
2024-03-26T18:48:34.671 INFO:journalctl@ceph.mon.a.smithi097.stdout:Mar 26 18:48:34 smithi097 ceph-mon[31955]: from='client.14166 -' entity='client.admin' cmd=[{"prefix": "dashboard ac-user-create", "username": "admin", "rolename": "administrator", "force_password": true, "pwd_update_required": true, "target": ["mon-mgr", ""]}]: dispatch
2024-03-26T18:48:34.671 INFO:journalctl@ceph.mon.a.smithi097.stdout:Mar 26 18:48:34 smithi097 ceph-mon[31955]: from='mgr.14152 172.21.15.97:0/105253935' entity='mgr.x'
2024-03-26T18:48:34.671 INFO:journalctl@ceph.mon.a.smithi097.stdout:Mar 26 18:48:34 smithi097 ceph-mon[31955]: from='mgr.14152 172.21.15.97:0/105253935' entity='mgr.x'
2024-03-26T18:48:35.851 INFO:journalctl@ceph.mon.a.smithi097.stdout:Mar 26 18:48:35 smithi097 ceph-mon[31955]: from='client.? 172.21.15.97:0/3911322556' entity='client.admin' cmd=[{"prefix": "config get", "who": "mgr", "key": "mgr/dashboard/ssl_server_port"}]: dispatch
2024-03-26T18:48:36.044 INFO:teuthology.orchestra.run.smithi097.stdout:/usr/bin/ceph: stdout 8443
2024-03-26T18:48:36.044 INFO:teuthology.orchestra.run.smithi097.stdout:/usr/bin/ceph: stderr
2024-03-26T18:48:34.956+0000 7f8761a00700 1 Processor -- start
2024-03-26T18:48:36.044 INFO:teuthology.orchestra.run.smithi097.stdout:/usr/bin/ceph: stderr
2024-03-26T18:48:34.956+0000 7f8761a00700 1 -- start start
2024-03-26T18:48:36.044 INFO:teuthology.orchestra.run.smithi097.stdout:/usr/bin/ceph: stderr
2024-03-26T18:48:34.957+0000 7f8761a00700 1 --2- >> [v2:172.21.15.97:3300/0,v1:172.21.15.97:6789/0] conn(0x7f875c108940 0x7f875c10ad30 unknown :-1 s=NONE pgs=0 cs=0 l=0 rev1=0 crypto rx=0 tx=0 comp rx=0 tx=0).connect
2024-03-26T18:48:36.045 INFO:teuthology.orchestra.run.smithi097.stdout:/usr/bin/ceph: stderr
2024-03-26T18:48:34.957+0000 7f8761a00700 1 -- --> [v2:172.21.15.97:3300/0,v1:172.21.15.97:6789/0] -- mon_getmap magic: 0 -- 0x7f875c07be10 con 0x7f875c108940
2024-03-26T18:48:36.045 INFO:teuthology.orchestra.run.smithi097.stdout:/usr/bin/ceph: stderr
2024-03-26T18:48:34.957+0000 7f875aa00700 1 --2- >> [v2:172.21.15.97:3300/0,v1:172.21.15.97:6789/0] conn(0x7f875c108940 0x7f875c10ad30 unknown :-1 s=BANNER_CONNECTING pgs=0 cs=0 l=0 rev1=0 crypto rx=0 tx=0 comp rx=0 tx=0)._handle_peer_banner_payload supported=3 required=0
2024-03-26T18:48:36.045 INFO:teuthology.orchestra.run.smithi097.stdout:/usr/bin/ceph: stderr
