2024-03-26T18:47:43.430+0000 7fd442000700 1 -- --> [v2:172.21.15.97:3300/0,v1:172.21.15.97:6789/0] -- mon_getmap magic: 0 -- 0x7fd43c107740 con 0x7fd43c106d50
2024-03-26T18:47:44.430 INFO:teuthology.orchestra.run.smithi097.stdout:/usr/bin/ceph: stderr
2024-03-26T18:47:43.430+0000 7fd43b400700 1 --2- >> [v2:172.21.15.97:3300/0,v1:172.21.15.97:6789/0] conn(0x7fd43c106d50 0x7fd43c107170 unknown :-1 s=BANNER_CONNECTING pgs=0 cs=0 l=0 rev1=0 crypto rx=0 tx=0 comp rx=0 tx=0)._handle_peer_banner_payload supported=3 required=0
2024-03-26T18:47:44.430 INFO:teuthology.orchestra.run.smithi097.stdout:/usr/bin/ceph: stderr
2024-03-26T18:47:43.430+0000 7fd43b400700 1 --2- >> [v2:172.21.15.97:3300/0,v1:172.21.15.97:6789/0] conn(0x7fd43c106d50 0x7fd43c107170 unknown :-1 s=HELLO_CONNECTING pgs=0 cs=0 l=0 rev1=1 crypto rx=0 tx=0 comp rx=0 tx=0).handle_hello peer v2:172.21.15.97:3300/0 says I am v2:172.21.15.97:46924/0 (socket says 172.21.15.97:46924)
2024-03-26T18:47:44.430 INFO:teuthology.orchestra.run.smithi097.stdout:/usr/bin/ceph: stderr
2024-03-26T18:47:43.430+0000 7fd43b400700 1 -- 172.21.15.97:0/3765612645 learned_addr learned my addr 172.21.15.97:0/3765612645 (peer_addr_for_me v2:172.21.15.97:0/0)
2024-03-26T18:47:44.430 INFO:teuthology.orchestra.run.smithi097.stdout:/usr/bin/ceph: stderr
2024-03-26T18:47:43.431+0000 7fd43b400700 1 -- 172.21.15.97:0/3765612645 --> [v2:172.21.15.97:3300/0,v1:172.21.15.97:6789/0] -- mon_subscribe({config=0+,monmap=0+}) -- 0x7fd43c107f50 con 0x7fd43c106d50
2024-03-26T18:47:44.430 INFO:teuthology.orchestra.run.smithi097.stdout:/usr/bin/ceph: stderr
2024-03-26T18:47:43.431+0000 7fd43b400700 1 --2- 172.21.15.97:0/3765612645 >> [v2:172.21.15.97:3300/0,v1:172.21.15.97:6789/0] conn(0x7fd43c106d50 0x7fd43c107170 secure :-1 s=READY pgs=18 cs=0 l=1 rev1=1 crypto rx=0x7fd42c00bb40 tx=0x7fd42c00be50 comp rx=0 tx=0).ready entity=mon.0 client_cookie=eb6f684510933694 server_cookie=0 in_seq=0 out_seq=0
2024-03-26T18:47:44.430 INFO:teuthology.orchestra.run.smithi097.stdout:/usr/bin/ceph: stderr
2024-03-26T18:47:43.431+0000 7fd43a000700 1 -- 172.21.15.97:0/3765612645 <== mon.0 v2:172.21.15.97:3300/0 1 ==== mon_map magic: 0 ==== 205+0+0 (secure 0 0 0) 0x7fd42c00dbe0 con 0x7fd43c106d50
2024-03-26T18:47:44.430 INFO:teuthology.orchestra.run.smithi097.stdout:/usr/bin/ceph: stderr
2024-03-26T18:47:43.431+0000 7fd43a000700 1 -- 172.21.15.97:0/3765612645 <== mon.0 v2:172.21.15.97:3300/0 2 ==== config(27 keys) ==== 1109+0+0 (secure 0 0 0) 0x7fd42c0044f0 con 0x7fd43c106d50
2024-03-26T18:47:44.430 INFO:teuthology.orchestra.run.smithi097.stdout:/usr/bin/ceph: stderr
2024-03-26T18:47:43.431+0000 7fd43a000700 1 -- 172.21.15.97:0/3765612645 <== mon.0 v2:172.21.15.97:3300/0 3 ==== mon_map magic: 0 ==== 205+0+0 (secure 0 0 0) 0x7fd42c010470 con 0x7fd43c106d50
2024-03-26T18:47:44.430 INFO:teuthology.orchestra.run.smithi097.stdout:/usr/bin/ceph: stderr
2024-03-26T18:47:43.432+0000 7fd442000700 1 -- 172.21.15.97:0/3765612645 >> [v2:172.21.15.97:3300/0,v1:172.21.15.97:6789/0] conn(0x7fd43c106d50 msgr2=0x7fd43c107170 secure :-1 s=STATE_CONNECTION_ESTABLISHED l=1).mark_down
2024-03-26T18:47:44.431 INFO:teuthology.orchestra.run.smithi097.stdout:/usr/bin/ceph: stderr
2024-03-26T18:47:43.432+0000 7fd442000700 1 --2- 172.21.15.97:0/3765612645 >> [v2:172.21.15.97:3300/0,v1:172.21.15.97:6789/0] conn(0x7fd43c106d50 0x7fd43c107170 secure :-1 s=READY pgs=18 cs=0 l=1 rev1=1 crypto rx=0x7fd42c00bb40 tx=0x7fd42c00be50 comp rx=0 tx=0).stop
2024-03-26T18:47:44.431 INFO:teuthology.orchestra.run.smithi097.stdout:/usr/bin/ceph: stderr
2024-03-26T18:47:43.432+0000 7fd442000700 1 -- 172.21.15.97:0/3765612645 shutdown_connections
2024-03-26T18:47:44.431 INFO:teuthology.orchestra.run.smithi097.stdout:/usr/bin/ceph: stderr
2024-03-26T18:47:43.432+0000 7fd442000700 1 --2- 172.21.15.97:0/3765612645 >> [v2:172.21.15.97:3300/0,v1:172.21.15.97:6789/0] conn(0x7fd43c106d50 0x7fd43c107170 unknown :-1 s=CLOSED pgs=18 cs=0 l=1 rev1=1 crypto rx=0 tx=0 comp rx=0 tx=0).stop
2024-03-26T18:47:44.431 INFO:teuthology.orchestra.run.smithi097.stdout:/usr/bin/ceph: stderr
2024-03-26T18:47:43.432+0000 7fd442000700 1 -- 172.21.15.97:0/3765612645 >> 172.21.15.97:0/3765612645 conn(0x7fd43c102310 msgr2=0x7fd43c104730 unknown :-1 s=STATE_NONE l=0).mark_down
2024-03-26T18:47:44.431 INFO:teuthology.orchestra.run.smithi097.stdout:/usr/bin/ceph: stderr
2024-03-26T18:47:43.432+0000 7fd442000700 1 -- 172.21.15.97:0/3765612645 shutdown_connections
2024-03-26T18:47:44.431 INFO:teuthology.orchestra.run.smithi097.stdout:/usr/bin/ceph: stderr
2024-03-26T18:47:43.432+0000 7fd442000700 1 -- 172.21.15.97:0/3765612645 wait complete.
2024-03-26T18:47:44.431 INFO:teuthology.orchestra.run.smithi097.stdout:/usr/bin/ceph: stderr
2024-03-26T18:47:43.433+0000 7fd442000700 1 Processor -- start
2024-03-26T18:47:44.431 INFO:teuthology.orchestra.run.smithi097.stdout:/usr/bin/ceph: stderr
2024-03-26T18:47:43.433+0000 7fd442000700 1 -- start start
2024-03-26T18:47:44.431 INFO:teuthology.orchestra.run.smithi097.stdout:/usr/bin/ceph: stderr
2024-03-26T18:47:43.434+0000 7fd442000700 1 --2- >> [v2:172.21.15.97:3300/0,v1:172.21.15.97:6789/0] conn(0x7fd43c106d50 0x7fd43c19dfd0 unknown :-1 s=NONE pgs=0 cs=0 l=1 rev1=0 crypto rx=0 tx=0 comp rx=0 tx=0).connect
2024-03-26T18:47:44.431 INFO:teuthology.orchestra.run.smithi097.stdout:/usr/bin/ceph: stderr
2024-03-26T18:47:43.434+0000 7fd442000700 1 -- --> [v2:172.21.15.97:3300/0,v1:172.21.15.97:6789/0] -- mon_getmap magic: 0 -- 0x7fd43c07afb0 con 0x7fd43c106d50
2024-03-26T18:47:44.431 INFO:teuthology.orchestra.run.smithi097.stdout:/usr/bin/ceph: stderr
2024-03-26T18:47:43.434+0000 7fd43b400700 1 --2- >> [v2:172.21.15.97:3300/0,v1:172.21.15.97:6789/0] conn(0x7fd43c106d50 0x7fd43c19dfd0 unknown :-1 s=BANNER_CONNECTING pgs=0 cs=0 l=1 rev1=0 crypto rx=0 tx=0 comp rx=0 tx=0)._handle_peer_banner_payload supported=3 required=0
2024-03-26T18:47:44.431 INFO:teuthology.orchestra.run.smithi097.stdout:/usr/bin/ceph: stderr
2024-03-26T18:47:43.434+0000 7fd43b400700 1 --2- >> [v2:172.21.15.97:3300/0,v1:172.21.15.97:6789/0] conn(0x7fd43c106d50 0x7fd43c19dfd0 unknown :-1 s=HELLO_CONNECTING pgs=0 cs=0 l=1 rev1=1 crypto rx=0 tx=0 comp rx=0 tx=0).handle_hello peer v2:172.21.15.97:3300/0 says I am v2:172.21.15.97:46936/0 (socket says 172.21.15.97:46936)
2024-03-26T18:47:44.431 INFO:teuthology.orchestra.run.smithi097.stdout:/usr/bin/ceph: stderr
2024-03-26T18:47:43.434+0000 7fd43b400700 1 -- 172.21.15.97:0/1235356574 learned_addr learned my addr 172.21.15.97:0/1235356574 (peer_addr_for_me v2:172.21.15.97:0/0)
2024-03-26T18:47:44.431 INFO:teuthology.orchestra.run.smithi097.stdout:/usr/bin/ceph: stderr
2024-03-26T18:47:43.434+0000 7fd43b400700 1 -- 172.21.15.97:0/1235356574 --> [v2:172.21.15.97:3300/0,v1:172.21.15.97:6789/0] -- mon_subscribe({config=0+,monmap=0+}) -- 0x7fd43c19e510 con 0x7fd43c106d50
2024-03-26T18:47:44.432 INFO:teuthology.orchestra.run.smithi097.stdout:/usr/bin/ceph: stderr
2024-03-26T18:47:43.435+0000 7fd43b400700 1 --2- 172.21.15.97:0/1235356574 >> [v2:172.21.15.97:3300/0,v1:172.21.15.97:6789/0] conn(0x7fd43c106d50 0x7fd43c19dfd0 secure :-1 s=READY pgs=19 cs=0 l=1 rev1=1 crypto rx=0x7fd42c00b340 tx=0x7fd42c0040b0 comp rx=0 tx=0).ready entity=mon.0 client_cookie=0 server_cookie=0 in_seq=0 out_seq=0
2024-03-26T18:47:44.432 INFO:teuthology.orchestra.run.smithi097.stdout:/usr/bin/ceph: stderr
2024-03-26T18:47:43.435+0000 7fd433e00700 1 -- 172.21.15.97:0/1235356574 <== mon.0 v2:172.21.15.97:3300/0 1 ==== mon_map magic: 0 ==== 205+0+0 (secure 0 0 0) 0x7fd42c010720 con 0x7fd43c106d50
2024-03-26T18:47:44.432 INFO:teuthology.orchestra.run.smithi097.stdout:/usr/bin/ceph: stderr
2024-03-26T18:47:43.435+0000 7fd433e00700 1 -- 172.21.15.97:0/1235356574 <== mon.0 v2:172.21.15.97:3300/0 2 ==== config(27 keys) ==== 1109+0+0 (secure 0 0 0) 0x7fd42c01d070 con 0x7fd43c106d50
2024-03-26T18:47:44.432 INFO:teuthology.orchestra.run.smithi097.stdout:/usr/bin/ceph: stderr
2024-03-26T18:47:43.435+0000 7fd442000700 1 -- 172.21.15.97:0/1235356574 --> [v2:172.21.15.97:3300/0,v1:172.21.15.97:6789/0] -- mon_subscribe({mgrmap=0+}) -- 0x7fd43c19e7a0 con 0x7fd43c106d50
2024-03-26T18:47:44.432 INFO:teuthology.orchestra.run.smithi097.stdout:/usr/bin/ceph: stderr
2024-03-26T18:47:43.435+0000 7fd433e00700 1 -- 172.21.15.97:0/1235356574 <== mon.0 v2:172.21.15.97:3300/0 3 ==== mon_map magic: 0 ==== 205+0+0 (secure 0 0 0) 0x7fd42c021c20 con 0x7fd43c106d50
2024-03-26T18:47:44.432 INFO:teuthology.orchestra.run.smithi097.stdout:/usr/bin/ceph: stderr
2024-03-26T18:47:43.435+0000 7fd442000700 1 -- 172.21.15.97:0/1235356574 --> [v2:172.21.15.97:3300/0,v1:172.21.15.97:6789/0] -- mon_subscribe({osdmap=0}) -- 0x7fd43c1a1490 con 0x7fd43c106d50
2024-03-26T18:47:44.432 INFO:teuthology.orchestra.run.smithi097.stdout:/usr/bin/ceph: stderr
2024-03-26T18:47:43.436+0000 7fd433e00700 1 -- 172.21.15.97:0/1235356574 <== mon.0 v2:172.21.15.97:3300/0 4 ==== mgrmap(e 4) ==== 46283+0+0 (secure 0 0 0) 0x7fd42c01f030 con 0x7fd43c106d50
2024-03-26T18:47:44.432 INFO:teuthology.orchestra.run.smithi097.stdout:/usr/bin/ceph: stderr
2024-03-26T18:47:43.436+0000 7fd442000700 1 -- 172.21.15.97:0/1235356574 --> [v2:172.21.15.97:3300/0,v1:172.21.15.97:6789/0] -- mon_command({"prefix": "get_command_descriptions"} v 0) -- 0x7fd43c0639e0 con 0x7fd43c106d50
2024-03-26T18:47:44.432 INFO:teuthology.orchestra.run.smithi097.stdout:/usr/bin/ceph: stderr
2024-03-26T18:47:43.436+0000 7fd433e00700 1 --2- 172.21.15.97:0/1235356574 >> [v2:172.21.15.97:6800/350003366,v1:172.21.15.97:6801/350003366] conn(0x7fd4200390e0 0x7fd42003b5a0 unknown :-1 s=NONE pgs=0 cs=0 l=1 rev1=0 crypto rx=0 tx=0 comp rx=0 tx=0).connect
2024-03-26T18:47:44.432 INFO:teuthology.orchestra.run.smithi097.stdout:/usr/bin/ceph: stderr
2024-03-26T18:47:43.437+0000 7fd433e00700 1 -- 172.21.15.97:0/1235356574 <== mon.0 v2:172.21.15.97:3300/0 5 ==== osd_map(1..1 src has 1..1) ==== 725+0+0 (secure 0 0 0) 0x7fd42c04d130 con 0x7fd43c106d50
2024-03-26T18:47:44.432 INFO:teuthology.orchestra.run.smithi097.stdout:/usr/bin/ceph: stderr
2024-03-26T18:47:43.437+0000 7fd43aa00700 1 --2- 172.21.15.97:0/1235356574 >> [v2:172.21.15.97:6800/350003366,v1:172.21.15.97:6801/350003366] conn(0x7fd4200390e0 0x7fd42003b5a0 unknown :-1 s=BANNER_CONNECTING pgs=0 cs=0 l=1 rev1=0 crypto rx=0 tx=0 comp rx=0 tx=0)._handle_peer_banner_payload supported=3 required=0
2024-03-26T18:47:44.432 INFO:teuthology.orchestra.run.smithi097.stdout:/usr/bin/ceph: stderr
2024-03-26T18:47:43.437+0000 7fd43aa00700 1 --2- 172.21.15.97:0/1235356574 >> [v2:172.21.15.97:6800/350003366,v1:172.21.15.97:6801/350003366] conn(0x7fd4200390e0 0x7fd42003b5a0 secure :-1 s=READY pgs=6 cs=0 l=1 rev1=1 crypto rx=0x7fd428006fd0 tx=0x7fd428006e40 comp rx=0 tx=0).ready entity=mgr.14100 client_cookie=0 server_cookie=0 in_seq=0 out_seq=0
2024-03-26T18:47:44.432 INFO:teuthology.orchestra.run.smithi097.stdout:/usr/bin/ceph: stderr
2024-03-26T18:47:43.443+0000 7fd433e00700 1 -- 172.21.15.97:0/1235356574 <== mon.0 v2:172.21.15.97:3300/0 6 ==== mon_command_ack([{"prefix": "get_command_descriptions"}]=0 v0) ==== 72+0+186149 (secure 0 0 0) 0x7fd42c015070 con 0x7fd43c106d50
2024-03-26T18:47:44.432 INFO:teuthology.orchestra.run.smithi097.stdout:/usr/bin/ceph: stderr
2024-03-26T18:47:43.749+0000 7fd442000700 1 -- 172.21.15.97:0/1235356574 --> [v2:172.21.15.97:3300/0,v1:172.21.15.97:6789/0] -- mon_command({"prefix": "status", "format": "json-pretty"} v 0) -- 0x7fd43c02dfd0 con 0x7fd43c106d50
2024-03-26T18:47:44.433 INFO:teuthology.orchestra.run.smithi097.stdout:/usr/bin/ceph: stderr
2024-03-26T18:47:43.750+0000 7fd433e00700 1 -- 172.21.15.97:0/1235356574 <== mon.0 v2:172.21.15.97:3300/0 7 ==== mon_command_ack([{"prefix": "status", "format": "json-pretty"}]=0 v0) ==== 79+0+1239 (secure 0 0 0) 0x7fd42c026210 con 0x7fd43c106d50
2024-03-26T18:47:44.433 INFO:teuthology.orchestra.run.smithi097.stdout:/usr/bin/ceph: stderr
2024-03-26T18:47:43.753+0000 7fd442000700 1 -- 172.21.15.97:0/1235356574 >> [v2:172.21.15.97:6800/350003366,v1:172.21.15.97:6801/350003366] conn(0x7fd4200390e0 msgr2=0x7fd42003b5a0 secure :-1 s=STATE_CONNECTION_ESTABLISHED l=1).mark_down
2024-03-26T18:47:44.433 INFO:teuthology.orchestra.run.smithi097.stdout:/usr/bin/ceph: stderr
2024-03-26T18:47:43.753+0000 7fd442000700 1 --2- 172.21.15.97:0/1235356574 >> [v2:172.21.15.97:6800/350003366,v1:172.21.15.97:6801/350003366] conn(0x7fd4200390e0 0x7fd42003b5a0 secure :-1 s=READY pgs=6 cs=0 l=1 rev1=1 crypto rx=0x7fd428006fd0 tx=0x7fd428006e40 comp rx=0 tx=0).stop
2024-03-26T18:47:44.433 INFO:teuthology.orchestra.run.smithi097.stdout:/usr/bin/ceph: stderr
2024-03-26T18:47:43.753+0000 7fd442000700 1 -- 172.21.15.97:0/1235356574 >> [v2:172.21.15.97:3300/0,v1:172.21.15.97:6789/0] conn(0x7fd43c106d50 msgr2=0x7fd43c19dfd0 secure :-1 s=STATE_CONNECTION_ESTABLISHED l=1).mark_down
2024-03-26T18:47:44.433 INFO:teuthology.orchestra.run.smithi097.stdout:/usr/bin/ceph: stderr
2024-03-26T18:47:43.753+0000 7fd442000700 1 --2- 172.21.15.97:0/1235356574 >> [v2:172.21.15.97:3300/0,v1:172.21.15.97:6789/0] conn(0x7fd43c106d50 0x7fd43c19dfd0 secure :-1 s=READY pgs=19 cs=0 l=1 rev1=1 crypto rx=0x7fd42c00b340 tx=0x7fd42c0040b0 comp rx=0 tx=0).stop
2024-03-26T18:47:44.433 INFO:teuthology.orchestra.run.smithi097.stdout:/usr/bin/ceph: stderr
2024-03-26T18:47:43.753+0000 7fd442000700 1 -- 172.21.15.97:0/1235356574 shutdown_connections
2024-03-26T18:47:44.433 INFO:teuthology.orchestra.run.smithi097.stdout:/usr/bin/ceph: stderr
2024-03-26T18:47:43.753+0000 7fd442000700 1 --2- 172.21.15.97:0/1235356574 >> [v2:172.21.15.97:6800/350003366,v1:172.21.15.97:6801/350003366] conn(0x7fd4200390e0 0x7fd42003b5a0 unknown :-1 s=CLOSED pgs=6 cs=0 l=1 rev1=1 crypto rx=0 tx=0 comp rx=0 tx=0).stop
2024-03-26T18:47:44.433 INFO:teuthology.orchestra.run.smithi097.stdout:/usr/bin/ceph: stderr
2024-03-26T18:47:43.753+0000 7fd442000700 1 --2- 172.21.15.97:0/1235356574 >> [v2:172.21.15.97:3300/0,v1:172.21.15.97:6789/0] conn(0x7fd43c106d50 0x7fd43c19dfd0 unknown :-1 s=CLOSED pgs=19 cs=0 l=1 rev1=1 crypto rx=0 tx=0 comp rx=0 tx=0).stop
2024-03-26T18:47:44.433 INFO:teuthology.orchestra.run.smithi097.stdout:/usr/bin/ceph: stderr
2024-03-26T18:47:43.753+0000 7fd442000700 1 -- 172.21.15.97:0/1235356574 >> 172.21.15.97:0/1235356574 conn(0x7fd43c102310 msgr2=0x7fd43c194b30 unknown :-1 s=STATE_NONE l=0).mark_down
2024-03-26T18:47:44.433 INFO:teuthology.orchestra.run.smithi097.stdout:/usr/bin/ceph: stderr
2024-03-26T18:47:43.753+0000 7fd442000700 1 -- 172.21.15.97:0/1235356574 shutdown_connections
2024-03-26T18:47:44.433 INFO:teuthology.orchestra.run.smithi097.stdout:/usr/bin/ceph: stderr
2024-03-26T18:47:43.754+0000 7fd442000700 1 -- 172.21.15.97:0/1235356574 wait complete.
2024-03-26T18:47:44.433 INFO:teuthology.orchestra.run.smithi097.stdout:mgr is available
2024-03-26T18:47:45.698 INFO:journalctl@ceph.mon.a.smithi097.stdout:Mar 26 18:47:45 smithi097 ceph-mon[31955]: from='client.? 172.21.15.97:0/3505960449' entity='client.admin' cmd=[{"prefix": "config assimilate-conf"}]: dispatch
2024-03-26T18:47:45.997 INFO:teuthology.orchestra.run.smithi097.stdout:/usr/bin/ceph: stdout
2024-03-26T18:47:45.997 INFO:teuthology.orchestra.run.smithi097.stdout:/usr/bin/ceph: stdout [global]
2024-03-26T18:47:45.997 INFO:teuthology.orchestra.run.smithi097.stdout:/usr/bin/ceph: stdout fsid = 2172d50a-eba1-11ee-95d0-87774f69a715
2024-03-26T18:47:45.997 INFO:teuthology.orchestra.run.smithi097.stdout:/usr/bin/ceph: stdout mon_osd_allow_pg_remap = true
2024-03-26T18:47:45.997 INFO:teuthology.orchestra.run.smithi097.stdout:/usr/bin/ceph: stdout mon_osd_allow_primary_affinity = true
2024-03-26T18:47:45.997 INFO:teuthology.orchestra.run.smithi097.stdout:/usr/bin/ceph: stdout mon_warn_on_no_sortbitwise = false
2024-03-26T18:47:45.997 INFO:teuthology.orchestra.run.smithi097.stdout:/usr/bin/ceph: stdout osd_crush_chooseleaf_type = 0
2024-03-26T18:47:45.997 INFO:teuthology.orchestra.run.smithi097.stdout:/usr/bin/ceph: stdout
2024-03-26T18:47:45.997 INFO:teuthology.orchestra.run.smithi097.stdout:/usr/bin/ceph: stdout [mgr]
2024-03-26T18:47:45.998 INFO:teuthology.orchestra.run.smithi097.stdout:/usr/bin/ceph: stdout mgr/telemetry/nag = false
2024-03-26T18:47:45.998 INFO:teuthology.orchestra.run.smithi097.stdout:/usr/bin/ceph: stdout
2024-03-26T18:47:45.998 INFO:teuthology.orchestra.run.smithi097.stdout:/usr/bin/ceph: stdout [osd]
2024-03-26T18:47:45.998 INFO:teuthology.orchestra.run.smithi097.stdout:/usr/bin/ceph: stdout mon_osd_backfillfull_ratio = 0.85
2024-03-26T18:47:45.998 INFO:teuthology.orchestra.run.smithi097.stdout:/usr/bin/ceph: stdout mon_osd_full_ratio = 0.9
2024-03-26T18:47:45.998 INFO:teuthology.orchestra.run.smithi097.stdout:/usr/bin/ceph: stdout mon_osd_nearfull_ratio = 0.8
2024-03-26T18:47:45.998 INFO:teuthology.orchestra.run.smithi097.stdout:/usr/bin/ceph: stdout osd_map_max_advance = 10
2024-03-26T18:47:45.998 INFO:teuthology.orchestra.run.smithi097.stdout:/usr/bin/ceph: stdout osd_sloppy_crc = true
2024-03-26T18:47:45.998 INFO:teuthology.orchestra.run.smithi097.stdout:/usr/bin/ceph: stderr
2024-03-26T18:47:45.139+0000 7f149ce00700 1 Processor -- start
2024-03-26T18:47:45.998 INFO:teuthology.orchestra.run.smithi097.stdout:/usr/bin/ceph: stderr
2024-03-26T18:47:45.139+0000 7f149ce00700 1 -- start start
2024-03-26T18:47:45.998 INFO:teuthology.orchestra.run.smithi097.stdout:/usr/bin/ceph: stderr
2024-03-26T18:47:45.139+0000 7f149ce00700 1 --2- >> [v2:172.21.15.97:3300/0,v1:172.21.15.97:6789/0] conn(0x7f149810a0e0 0x7f149810a500 unknown :-1 s=NONE pgs=0 cs=0 l=0 rev1=0 crypto rx=0 tx=0 comp rx=0 tx=0).connect
2024-03-26T18:47:45.998 INFO:teuthology.orchestra.run.smithi097.stdout:/usr/bin/ceph: stderr
2024-03-26T18:47:45.140+0000 7f149ce00700 1 -- --> [v2:172.21.15.97:3300/0,v1:172.21.15.97:6789/0] -- mon_getmap magic: 0 -- 0x7f149810aad0 con 0x7f149810a0e0
2024-03-26T18:47:45.998 INFO:teuthology.orchestra.run.smithi097.stdout:/usr/bin/ceph: stderr
2024-03-26T18:47:45.140+0000 7f1495e00700 1 --2- >> [v2:172.21.15.97:3300/0,v1:172.21.15.97:6789/0] conn(0x7f149810a0e0 0x7f149810a500 unknown :-1 s=BANNER_CONNECTING pgs=0 cs=0 l=0 rev1=0 crypto rx=0 tx=0 comp rx=0 tx=0)._handle_peer_banner_payload supported=3 required=0
2024-03-26T18:47:45.999 INFO:teuthology.orchestra.run.smithi097.stdout:/usr/bin/ceph: stderr
2024-03-26T18:47:45.140+0000 7f1495e00700 1 --2- >> [v2:172.21.15.97:3300/0,v1:172.21.15.97:6789/0] conn(0x7f149810a0e0 0x7f149810a500 unknown :-1 s=HELLO_CONNECTING pgs=0 cs=0 l=0 rev1=1 crypto rx=0 tx=0 comp rx=0 tx=0).handle_hello peer v2:172.21.15.97:3300/0 says I am v2:172.21.15.97:46942/0 (socket says 172.21.15.97:46942)
2024-03-26T18:47:45.999 INFO:teuthology.orchestra.run.smithi097.stdout:/usr/bin/ceph: stderr
2024-03-26T18:47:45.140+0000 7f1495e00700 1 -- 172.21.15.97:0/2810989032 learned_addr learned my addr 172.21.15.97:0/2810989032 (peer_addr_for_me v2:172.21.15.97:0/0)
2024-03-26T18:47:45.999 INFO:teuthology.orchestra.run.smithi097.stdout:/usr/bin/ceph: stderr
2024-03-26T18:47:45.140+0000 7f1495e00700 1 -- 172.21.15.97:0/2810989032 --> [v2:172.21.15.97:3300/0,v1:172.21.15.97:6789/0] -- mon_subscribe({config=0+,monmap=0+}) -- 0x7f149810b220 con 0x7f149810a0e0
2024-03-26T18:47:45.999 INFO:teuthology.orchestra.run.smithi097.stdout:/usr/bin/ceph: stderr
2024-03-26T18:47:45.141+0000 7f1495e00700 1 --2- 172.21.15.97:0/2810989032 >> [v2:172.21.15.97:3300/0,v1:172.21.15.97:6789/0] conn(0x7f149810a0e0 0x7f149810a500 secure :-1 s=READY pgs=20 cs=0 l=1 rev1=1 crypto rx=0x7f14880098a0 tx=0x7f1488009bb0 comp rx=0 tx=0).ready entity=mon.0 client_cookie=9faec29f161e4ff2 server_cookie=0 in_seq=0 out_seq=0
2024-03-26T18:47:45.999 INFO:teuthology.orchestra.run.smithi097.stdout:/usr/bin/ceph: stderr
2024-03-26T18:47:45.141+0000 7f1495400700 1 -- 172.21.15.97:0/2810989032 <== mon.0 v2:172.21.15.97:3300/0 1 ==== mon_map magic: 0 ==== 205+0+0 (secure 0 0 0) 0x7f1488004160 con 0x7f149810a0e0
2024-03-26T18:47:45.999 INFO:teuthology.orchestra.run.smithi097.stdout:/usr/bin/ceph: stderr
2024-03-26T18:47:45.141+0000 7f1495400700 1 -- 172.21.15.97:0/2810989032 <== mon.0 v2:172.21.15.97:3300/0 2 ==== config(27 keys) ==== 1109+0+0 (secure 0 0 0) 0x7f1488004300 con 0x7f149810a0e0
2024-03-26T18:47:45.999 INFO:teuthology.orchestra.run.smithi097.stdout:/usr/bin/ceph: stderr
2024-03-26T18:47:45.141+0000 7f1495400700 1 -- 172.21.15.97:0/2810989032 <== mon.0 v2:172.21.15.97:3300/0 3 ==== mon_map magic: 0 ==== 205+0+0 (secure 0 0 0) 0x7f1488011b50 con 0x7f149810a0e0
2024-03-26T18:47:45.999 INFO:teuthology.orchestra.run.smithi097.stdout:/usr/bin/ceph: stderr
2024-03-26T18:47:45.141+0000 7f149ce00700 1 -- 172.21.15.97:0/2810989032 >> [v2:172.21.15.97:3300/0,v1:172.21.15.97:6789/0] conn(0x7f149810a0e0 msgr2=0x7f149810a500 secure :-1 s=STATE_CONNECTION_ESTABLISHED l=1).mark_down
2024-03-26T18:47:45.999 INFO:teuthology.orchestra.run.smithi097.stdout:/usr/bin/ceph: stderr
2024-03-26T18:47:45.141+0000 7f149ce00700 1 --2- 172.21.15.97:0/2810989032 >> [v2:172.21.15.97:3300/0,v1:172.21.15.97:6789/0] conn(0x7f149810a0e0 0x7f149810a500 secure :-1 s=READY pgs=20 cs=0 l=1 rev1=1 crypto rx=0x7f14880098a0 tx=0x7f1488009bb0 comp rx=0 tx=0).stop
2024-03-26T18:47:45.999 INFO:teuthology.orchestra.run.smithi097.stdout:/usr/bin/ceph: stderr
2024-03-26T18:47:45.142+0000 7f149ce00700 1 -- 172.21.15.97:0/2810989032 shutdown_connections
2024-03-26T18:47:45.999 INFO:teuthology.orchestra.run.smithi097.stdout:/usr/bin/ceph: stderr
2024-03-26T18:47:45.142+0000 7f149ce00700 1 --2- 172.21.15.97:0/2810989032 >> [v2:172.21.15.97:3300/0,v1:172.21.15.97:6789/0] conn(0x7f149810a0e0 0x7f149810a500 unknown :-1 s=CLOSED pgs=20 cs=0 l=1 rev1=1 crypto rx=0 tx=0 comp rx=0 tx=0).stop
2024-03-26T18:47:45.999 INFO:teuthology.orchestra.run.smithi097.stdout:/usr/bin/ceph: stderr
2024-03-26T18:47:45.142+0000 7f149ce00700 1 -- 172.21.15.97:0/2810989032 >> 172.21.15.97:0/2810989032 conn(0x7f149807d510 msgr2=0x7f149807d920 unknown :-1 s=STATE_NONE l=0).mark_down
2024-03-26T18:47:45.999 INFO:teuthology.orchestra.run.smithi097.stdout:/usr/bin/ceph: stderr
2024-03-26T18:47:45.142+0000 7f149ce00700 1 -- 172.21.15.97:0/2810989032 shutdown_connections
2024-03-26T18:47:45.999 INFO:teuthology.orchestra.run.smithi097.stdout:/usr/bin/ceph: stderr
2024-03-26T18:47:45.142+0000 7f149ce00700 1 -- 172.21.15.97:0/2810989032 wait complete.
2024-03-26T18:47:46.000 INFO:teuthology.orchestra.run.smithi097.stdout:/usr/bin/ceph: stderr
2024-03-26T18:47:45.143+0000 7f149ce00700 1 Processor -- start
2024-03-26T18:47:46.000 INFO:teuthology.orchestra.run.smithi097.stdout:/usr/bin/ceph: stderr
2024-03-26T18:47:45.143+0000 7f149ce00700 1 -- start start
2024-03-26T18:47:46.000 INFO:teuthology.orchestra.run.smithi097.stdout:/usr/bin/ceph: stderr
2024-03-26T18:47:45.143+0000 7f149ce00700 1 --2- >> [v2:172.21.15.97:3300/0,v1:172.21.15.97:6789/0] conn(0x7f149810a0e0 0x7f149819df10 unknown :-1 s=NONE pgs=0 cs=0 l=1 rev1=0 crypto rx=0 tx=0 comp rx=0 tx=0).connect
2024-03-26T18:47:46.000 INFO:teuthology.orchestra.run.smithi097.stdout:/usr/bin/ceph: stderr
2024-03-26T18:47:45.143+0000 7f149ce00700 1 -- --> [v2:172.21.15.97:3300/0,v1:172.21.15.97:6789/0] -- mon_getmap magic: 0 -- 0x7f149810e5d0 con 0x7f149810a0e0
2024-03-26T18:47:46.000 INFO:teuthology.orchestra.run.smithi097.stdout:/usr/bin/ceph: stderr
2024-03-26T18:47:45.143+0000 7f1495e00700 1 --2- >> [v2:172.21.15.97:3300/0,v1:172.21.15.97:6789/0] conn(0x7f149810a0e0 0x7f149819df10 unknown :-1 s=BANNER_CONNECTING pgs=0 cs=0 l=1 rev1=0 crypto rx=0 tx=0 comp rx=0 tx=0)._handle_peer_banner_payload supported=3 required=0
2024-03-26T18:47:46.000 INFO:teuthology.orchestra.run.smithi097.stdout:/usr/bin/ceph: stderr
2024-03-26T18:47:45.143+0000 7f1495e00700 1 --2- >> [v2:172.21.15.97:3300/0,v1:172.21.15.97:6789/0] conn(0x7f149810a0e0 0x7f149819df10 unknown :-1 s=HELLO_CONNECTING pgs=0 cs=0 l=1 rev1=1 crypto rx=0 tx=0 comp rx=0 tx=0).handle_hello peer v2:172.21.15.97:3300/0 says I am v2:172.21.15.97:46958/0 (socket says 172.21.15.97:46958)
2024-03-26T18:47:46.000 INFO:teuthology.orchestra.run.smithi097.stdout:/usr/bin/ceph: stderr
2024-03-26T18:47:45.143+0000 7f1495e00700 1 -- 172.21.15.97:0/3505960449 learned_addr learned my addr 172.21.15.97:0/3505960449 (peer_addr_for_me v2:172.21.15.97:0/0)
2024-03-26T18:47:46.000 INFO:teuthology.orchestra.run.smithi097.stdout:/usr/bin/ceph: stderr
2024-03-26T18:47:45.144+0000 7f1495e00700 1 -- 172.21.15.97:0/3505960449 --> [v2:172.21.15.97:3300/0,v1:172.21.15.97:6789/0] -- mon_subscribe({config=0+,monmap=0+}) -- 0x7f149819e450 con 0x7f149810a0e0
2024-03-26T18:47:46.000 INFO:teuthology.orchestra.run.smithi097.stdout:/usr/bin/ceph: stderr
2024-03-26T18:47:45.144+0000 7f1495e00700 1 --2- 172.21.15.97:0/3505960449 >> [v2:172.21.15.97:3300/0,v1:172.21.15.97:6789/0] conn(0x7f149810a0e0 0x7f149819df10 secure :-1 s=READY pgs=21 cs=0 l=1 rev1=1 crypto rx=0x7f1488011b60 tx=0x7f1488011c40 comp rx=0 tx=0).ready entity=mon.0 client_cookie=0 server_cookie=0 in_seq=0 out_seq=0
2024-03-26T18:47:46.000 INFO:teuthology.orchestra.run.smithi097.stdout:/usr/bin/ceph: stderr
2024-03-26T18:47:45.144+0000 7f148ea00700 1 -- 172.21.15.97:0/3505960449 <== mon.0 v2:172.21.15.97:3300/0 1 ==== mon_map magic: 0 ==== 205+0+0 (secure 0 0 0) 0x7f1488003b20 con 0x7f149810a0e0
2024-03-26T18:47:46.000 INFO:teuthology.orchestra.run.smithi097.stdout:/usr/bin/ceph: stderr
2024-03-26T18:47:45.144+0000 7f148ea00700 1 -- 172.21.15.97:0/3505960449 <== mon.0 v2:172.21.15.97:3300/0 2 ==== config(27 keys) ==== 1109+0+0 (secure 0 0 0) 0x7f1488003cc0 con 0x7f149810a0e0
2024-03-26T18:47:46.000 INFO:teuthology.orchestra.run.smithi097.stdout:/usr/bin/ceph: stderr
2024-03-26T18:47:45.144+0000 7f149ce00700 1 -- 172.21.15.97:0/3505960449 --> [v2:172.21.15.97:3300/0,v1:172.21.15.97:6789/0] -- mon_subscribe({mgrmap=0+}) -- 0x7f149819e6e0 con 0x7f149810a0e0
2024-03-26T18:47:46.000 INFO:teuthology.orchestra.run.smithi097.stdout:/usr/bin/ceph: stderr
2024-03-26T18:47:45.144+0000 7f148ea00700 1 -- 172.21.15.97:0/3505960449 <== mon.0 v2:172.21.15.97:3300/0 3 ==== mon_map magic: 0 ==== 205+0+0 (secure 0 0 0) 0x7f1488024840 con 0x7f149810a0e0
2024-03-26T18:47:46.000 INFO:teuthology.orchestra.run.smithi097.stdout:/usr/bin/ceph: stderr
2024-03-26T18:47:45.144+0000 7f149ce00700 1 -- 172.21.15.97:0/3505960449 --> [v2:172.21.15.97:3300/0,v1:172.21.15.97:6789/0] -- mon_subscribe({osdmap=0}) -- 0x7f14981a13d0 con 0x7f149810a0e0
2024-03-26T18:47:46.001 INFO:teuthology.orchestra.run.smithi097.stdout:/usr/bin/ceph: stderr
2024-03-26T18:47:45.145+0000 7f148ea00700 1 -- 172.21.15.97:0/3505960449 <== mon.0 v2:172.21.15.97:3300/0 4 ==== mgrmap(e 4) ==== 46283+0+0 (secure 0 0 0) 0x7f1488022020 con 0x7f149810a0e0
2024-03-26T18:47:46.001 INFO:teuthology.orchestra.run.smithi097.stdout:/usr/bin/ceph: stderr
2024-03-26T18:47:45.146+0000 7f149ce00700 1 -- 172.21.15.97:0/3505960449 --> [v2:172.21.15.97:3300/0,v1:172.21.15.97:6789/0] -- mon_command({"prefix": "get_command_descriptions"} v 0) -- 0x7f14980639e0 con 0x7f149810a0e0
2024-03-26T18:47:46.001 INFO:teuthology.orchestra.run.smithi097.stdout:/usr/bin/ceph: stderr
2024-03-26T18:47:45.146+0000 7f148ea00700 1 --2- 172.21.15.97:0/3505960449 >> [v2:172.21.15.97:6800/350003366,v1:172.21.15.97:6801/350003366] conn(0x7f147c039180 0x7f147c03b640 unknown :-1 s=NONE pgs=0 cs=0 l=1 rev1=0 crypto rx=0 tx=0 comp rx=0 tx=0).connect
2024-03-26T18:47:46.001 INFO:teuthology.orchestra.run.smithi097.stdout:/usr/bin/ceph: stderr
2024-03-26T18:47:45.146+0000 7f148ea00700 1 -- 172.21.15.97:0/3505960449 <== mon.0 v2:172.21.15.97:3300/0 5 ==== osd_map(1..1 src has 1..1) ==== 725+0+0 (secure 0 0 0) 0x7f1488011e00 con 0x7f149810a0e0
2024-03-26T18:47:46.001 INFO:teuthology.orchestra.run.smithi097.stdout:/usr/bin/ceph: stderr
2024-03-26T18:47:45.146+0000 7f148fe00700 1 --2- 172.21.15.97:0/3505960449 >> [v2:172.21.15.97:6800/350003366,v1:172.21.15.97:6801/350003366] conn(0x7f147c039180 0x7f147c03b640 unknown :-1 s=BANNER_CONNECTING pgs=0 cs=0 l=1 rev1=0 crypto rx=0 tx=0 comp rx=0 tx=0)._handle_peer_banner_payload supported=3 required=0
2024-03-26T18:47:46.001 INFO:teuthology.orchestra.run.smithi097.stdout:/usr/bin/ceph: stderr
2024-03-26T18:47:45.147+0000 7f148fe00700 1 --2- 172.21.15.97:0/3505960449 >> [v2:172.21.15.97:6800/350003366,v1:172.21.15.97:6801/350003366] conn(0x7f147c039180 0x7f147c03b640 secure :-1 s=READY pgs=7 cs=0 l=1 rev1=1 crypto rx=0x7f1480006fd0 tx=0x7f1480006e40 comp rx=0 tx=0).ready entity=mgr.14100 client_cookie=0 server_cookie=0 in_seq=0 out_seq=0
2024-03-26T18:47:46.001 INFO:teuthology.orchestra.run.smithi097.stdout:/usr/bin/ceph: stderr
2024-03-26T18:47:45.151+0000 7f148ea00700 1 -- 172.21.15.97:0/3505960449 <== mon.0 v2:172.21.15.97:3300/0 6 ==== mon_command_ack([{"prefix": "get_command_descriptions"}]=0 v0) ==== 72+0+186149 (secure 0 0 0) 0x7f148800b3e0 con 0x7f149810a0e0
2024-03-26T18:47:46.001 INFO:teuthology.orchestra.run.smithi097.stdout:/usr/bin/ceph: stderr
2024-03-26T18:47:45.355+0000 7f149ce00700 1 -- 172.21.15.97:0/3505960449 --> [v2:172.21.15.97:3300/0,v1:172.21.15.97:6789/0] -- mon_command({"prefix": "config assimilate-conf"} v 0) -- 0x7f14981a15a0 con 0x7f149810a0e0
2024-03-26T18:47:46.001 INFO:teuthology.orchestra.run.smithi097.stdout:/usr/bin/ceph: stderr
2024-03-26T18:47:45.357+0000 7f148ea00700 1 -- 172.21.15.97:0/3505960449 <== mon.0 v2:172.21.15.97:3300/0 7 ==== mon_command_ack([{"prefix": "config assimilate-conf"}]=0 v3) ==== 70+0+373 (secure 0 0 0) 0x7f14981a15a0 con 0x7f149810a0e0
2024-03-26T18:47:46.001 INFO:teuthology.orchestra.run.smithi097.stdout:/usr/bin/ceph: stderr
2024-03-26T18:47:45.359+0000 7f149ce00700 1 -- 172.21.15.97:0/3505960449 >> [v2:172.21.15.97:6800/350003366,v1:172.21.15.97:6801/350003366] conn(0x7f147c039180 msgr2=0x7f147c03b640 secure :-1 s=STATE_CONNECTION_ESTABLISHED l=1).mark_down
2024-03-26T18:47:46.001 INFO:teuthology.orchestra.run.smithi097.stdout:/usr/bin/ceph: stderr
2024-03-26T18:47:45.359+0000 7f149ce00700 1 --2- 172.21.15.97:0/3505960449 >> [v2:172.21.15.97:6800/350003366,v1:172.21.15.97:6801/350003366] conn(0x7f147c039180 0x7f147c03b640 secure :-1 s=READY pgs=7 cs=0 l=1 rev1=1 crypto rx=0x7f1480006fd0 tx=0x7f1480006e40 comp rx=0 tx=0).stop
2024-03-26T18:47:46.001 INFO:teuthology.orchestra.run.smithi097.stdout:/usr/bin/ceph: stderr
2024-03-26T18:47:45.359+0000 7f149ce00700 1 -- 172.21.15.97:0/3505960449 >> [v2:172.21.15.97:3300/0,v1:172.21.15.97:6789/0] conn(0x7f149810a0e0 msgr2=0x7f149819df10 secure :-1 s=STATE_CONNECTION_ESTABLISHED l=1).mark_down
2024-03-26T18:47:46.001 INFO:teuthology.orchestra.run.smithi097.stdout:/usr/bin/ceph: stderr
2024-03-26T18:47:45.359+0000 7f149ce00700 1 --2- 172.21.15.97:0/3505960449 >> [v2:172.21.15.97:3300/0,v1:172.21.15.97:6789/0] conn(0x7f149810a0e0 0x7f149819df10 secure :-1 s=READY pgs=21 cs=0 l=1 rev1=1 crypto rx=0x7f1488011b60 tx=0x7f1488011c40 comp rx=0 tx=0).stop
2024-03-26T18:47:46.001 INFO:teuthology.orchestra.run.smithi097.stdout:/usr/bin/ceph: stderr
2024-03-26T18:47:45.360+0000 7f149ce00700 1 -- 172.21.15.97:0/3505960449 shutdown_connections
2024-03-26T18:47:46.002 INFO:teuthology.orchestra.run.smithi097.stdout:/usr/bin/ceph: stderr
2024-03-26T18:47:45.360+0000 7f149ce00700 1 --2- 172.21.15.97:0/3505960449 >> [v2:172.21.15.97:6800/350003366,v1:172.21.15.97:6801/350003366] conn(0x7f147c039180 0x7f147c03b640 unknown :-1 s=CLOSED pgs=7 cs=0 l=1 rev1=1 crypto rx=0 tx=0 comp rx=0 tx=0).stop
2024-03-26T18:47:46.002 INFO:teuthology.orchestra.run.smithi097.stdout:/usr/bin/ceph: stderr
2024-03-26T18:47:45.360+0000 7f149ce00700 1 --2- 172.21.15.97:0/3505960449 >> [v2:172.21.15.97:3300/0,v1:172.21.15.97:6789/0] conn(0x7f149810a0e0 0x7f149819df10 unknown :-1 s=CLOSED pgs=21 cs=0 l=1 rev1=1 crypto rx=0 tx=0 comp rx=0 tx=0).stop
2024-03-26T18:47:46.002 INFO:teuthology.orchestra.run.smithi097.stdout:/usr/bin/ceph: stderr
2024-03-26T18:47:45.360+0000 7f149ce00700 1 -- 172.21.15.97:0/3505960449 >> 172.21.15.97:0/3505960449 conn(0x7f149807d510 msgr2=0x7f1498107d40 unknown :-1 s=STATE_NONE l=0).mark_down
2024-03-26T18:47:46.002 INFO:teuthology.orchestra.run.smithi097.stdout:/usr/bin/ceph: stderr
2024-03-26T18:47:45.360+0000 7f149ce00700 1 -- 172.21.15.97:0/3505960449 shutdown_connections
2024-03-26T18:47:46.002 INFO:teuthology.orchestra.run.smithi097.stdout:/usr/bin/ceph: stderr
2024-03-26T18:47:45.360+0000 7f149ce00700 1 -- 172.21.15.97:0/3505960449 wait complete.
2024-03-26T18:47:46.002 INFO:teuthology.orchestra.run.smithi097.stdout:Enabling cephadm module...
2024-03-26T18:47:47.351 INFO:journalctl@ceph.mon.a.smithi097.stdout:Mar 26 18:47:46 smithi097 ceph-mon[31955]: from='client.? 172.21.15.97:0/3902605072' entity='client.admin' cmd=[{"prefix": "mgr module enable", "module": "cephadm"}]: dispatch
2024-03-26T18:47:47.351 INFO:journalctl@ceph.mgr.x.smithi097.stdout:Mar 26 18:47:47 smithi097 ceph-2172d50a-eba1-11ee-95d0-87774f69a715-mgr-x[32196]: ignoring --setuser ceph since I am not root
2024-03-26T18:47:47.351 INFO:journalctl@ceph.mgr.x.smithi097.stdout:Mar 26 18:47:47 smithi097 ceph-2172d50a-eba1-11ee-95d0-87774f69a715-mgr-x[32196]: ignoring --setgroup ceph since I am not root
2024-03-26T18:47:47.702 INFO:teuthology.orchestra.run.smithi097.stdout:/usr/bin/ceph: stderr
2024-03-26T18:47:46.630+0000 7fc372600700 1 Processor -- start
2024-03-26T18:47:47.703 INFO:teuthology.orchestra.run.smithi097.stdout:/usr/bin/ceph: stderr
2024-03-26T18:47:46.630+0000 7fc372600700 1 -- start start
2024-03-26T18:47:47.703 INFO:teuthology.orchestra.run.smithi097.stdout:/usr/bin/ceph: stderr
2024-03-26T18:47:46.630+0000 7fc372600700 1 --2- >> [v2:172.21.15.97:3300/0,v1:172.21.15.97:6789/0] conn(0x7fc36c107e10 0x7fc36c108230 unknown :-1 s=NONE pgs=0 cs=0 l=0 rev1=0 crypto rx=0 tx=0 comp rx=0 tx=0).connect
2024-03-26T18:47:47.703 INFO:teuthology.orchestra.run.smithi097.stdout:/usr/bin/ceph: stderr
2024-03-26T18:47:46.631+0000 7fc372600700 1 -- --> [v2:172.21.15.97:3300/0,v1:172.21.15.97:6789/0] -- mon_getmap magic: 0 -- 0x7fc36c108800 con 0x7fc36c107e10
2024-03-26T18:47:47.703 INFO:teuthology.orchestra.run.smithi097.stdout:/usr/bin/ceph: stderr
2024-03-26T18:47:46.631+0000 7fc36b400700 1 --2- >> [v2:172.21.15.97:3300/0,v1:172.21.15.97:6789/0] conn(0x7fc36c107e10 0x7fc36c108230 unknown :-1 s=BANNER_CONNECTING pgs=0 cs=0 l=0 rev1=0 crypto rx=0 tx=0 comp rx=0 tx=0)._handle_peer_banner_payload supported=3 required=0
2024-03-26T18:47:47.703 INFO:teuthology.orchestra.run.smithi097.stdout:/usr/bin/ceph: stderr
2024-03-26T18:47:46.631+0000 7fc36b400700 1 --2- >> [v2:172.21.15.97:3300/0,v1:172.21.15.97:6789/0] conn(0x7fc36c107e10 0x7fc36c108230 unknown :-1 s=HELLO_CONNECTING pgs=0 cs=0 l=0 rev1=1 crypto rx=0 tx=0 comp rx=0 tx=0).handle_hello peer v2:172.21.15.97:3300/0 says I am v2:172.21.15.97:46964/0 (socket says 172.21.15.97:46964)
2024-03-26T18:47:47.703 INFO:teuthology.orchestra.run.smithi097.stdout:/usr/bin/ceph: stderr
2024-03-26T18:47:46.631+0000 7fc36b400700 1 -- 172.21.15.97:0/1322515038 learned_addr learned my addr 172.21.15.97:0/1322515038 (peer_addr_for_me v2:172.21.15.97:0/0)
2024-03-26T18:47:47.703 INFO:teuthology.orchestra.run.smithi097.stdout:/usr/bin/ceph: stderr
2024-03-26T18:47:46.631+0000 7fc36b400700 1 -- 172.21.15.97:0/1322515038 --> [v2:172.21.15.97:3300/0,v1:172.21.15.97:6789/0] -- mon_subscribe({config=0+,monmap=0+}) -- 0x7fc36c108fc0 con 0x7fc36c107e10
2024-03-26T18:47:47.703 INFO:teuthology.orchestra.run.smithi097.stdout:/usr/bin/ceph: stderr
2024-03-26T18:47:46.632+0000 7fc36b400700 1 --2- 172.21.15.97:0/1322515038 >> [v2:172.21.15.97:3300/0,v1:172.21.15.97:6789/0] conn(0x7fc36c107e10 0x7fc36c108230 secure :-1 s=READY pgs=22 cs=0 l=1 rev1=1 crypto rx=0x7fc35c0098a0 tx=0x7fc35c009bb0 comp rx=0 tx=0).ready entity=mon.0 client_cookie=dcde69962855fc0d server_cookie=0 in_seq=0 out_seq=0
2024-03-26T18:47:47.703 INFO:teuthology.orchestra.run.smithi097.stdout:/usr/bin/ceph: stderr
2024-03-26T18:47:46.632+0000 7fc36a000700 1 -- 172.21.15.97:0/1322515038 <== mon.0 v2:172.21.15.97:3300/0 1 ==== mon_map magic: 0 ==== 205+0+0 (secure 0 0 0) 0x7fc35c004160 con 0x7fc36c107e10
2024-03-26T18:47:47.703 INFO:teuthology.orchestra.run.smithi097.stdout:/usr/bin/ceph: stderr
2024-03-26T18:47:46.632+0000 7fc36a000700 1 -- 172.21.15.97:0/1322515038 <== mon.0 v2:172.21.15.97:3300/0 2 ==== config(27 keys) ==== 1109+0+0 (secure 0 0 0) 0x7fc35c004300 con 0x7fc36c107e10
2024-03-26T18:47:47.703 INFO:teuthology.orchestra.run.smithi097.stdout:/usr/bin/ceph: stderr
2024-03-26T18:47:46.632+0000 7fc36a000700 1 -- 172.21.15.97:0/1322515038 <== mon.0 v2:172.21.15.97:3300/0 3 ==== mon_map magic: 0 ==== 205+0+0 (secure 0 0 0) 0x7fc35c011b50 con 0x7fc36c107e10
2024-03-26T18:47:47.703 INFO:teuthology.orchestra.run.smithi097.stdout:/usr/bin/ceph: stderr
2024-03-26T18:47:46.632+0000 7fc372600700 1 -- 172.21.15.97:0/1322515038 >> [v2:172.21.15.97:3300/0,v1:172.21.15.97:6789/0] conn(0x7fc36c107e10 msgr2=0x7fc36c108230 secure :-1 s=STATE_CONNECTION_ESTABLISHED l=1).mark_down
2024-03-26T18:47:47.703 INFO:teuthology.orchestra.run.smithi097.stdout:/usr/bin/ceph: stderr
2024-03-26T18:47:46.632+0000 7fc372600700 1 --2- 172.21.15.97:0/1322515038 >> [v2:172.21.15.97:3300/0,v1:172.21.15.97:6789/0] conn(0x7fc36c107e10 0x7fc36c108230 secure :-1 s=READY pgs=22 cs=0 l=1 rev1=1 crypto rx=0x7fc35c0098a0 tx=0x7fc35c009bb0 comp rx=0 tx=0).stop
2024-03-26T18:47:47.704 INFO:teuthology.orchestra.run.smithi097.stdout:/usr/bin/ceph: stderr
2024-03-26T18:47:46.633+0000 7fc372600700 1 -- 172.21.15.97:0/1322515038 shutdown_connections
2024-03-26T18:47:47.704 INFO:teuthology.orchestra.run.smithi097.stdout:/usr/bin/ceph: stderr
2024-03-26T18:47:46.633+0000 7fc372600700 1 --2- 172.21.15.97:0/1322515038 >> [v2:172.21.15.97:3300/0,v1:172.21.15.97:6789/0] conn(0x7fc36c107e10 0x7fc36c108230 unknown :-1 s=CLOSED pgs=22 cs=0 l=1 rev1=1 crypto rx=0 tx=0 comp rx=0 tx=0).stop
2024-03-26T18:47:47.704 INFO:teuthology.orchestra.run.smithi097.stdout:/usr/bin/ceph: stderr
2024-03-26T18:47:46.633+0000 7fc372600700 1 -- 172.21.15.97:0/1322515038 >> 172.21.15.97:0/1322515038 conn(0x7fc36c103410 msgr2=0x7fc36c105830 unknown :-1 s=STATE_NONE l=0).mark_down
2024-03-26T18:47:47.704 INFO:teuthology.orchestra.run.smithi097.stdout:/usr/bin/ceph: stderr
2024-03-26T18:47:46.633+0000 7fc372600700 1 -- 172.21.15.97:0/1322515038 shutdown_connections
2024-03-26T18:47:47.704 INFO:teuthology.orchestra.run.smithi097.stdout:/usr/bin/ceph: stderr
2024-03-26T18:47:46.633+0000 7fc372600700 1 -- 172.21.15.97:0/1322515038 wait complete.
2024-03-26T18:47:47.704 INFO:teuthology.orchestra.run.smithi097.stdout:/usr/bin/ceph: stderr
2024-03-26T18:47:46.634+0000 7fc372600700 1 Processor -- start
2024-03-26T18:47:47.704 INFO:teuthology.orchestra.run.smithi097.stdout:/usr/bin/ceph: stderr
2024-03-26T18:47:46.634+0000 7fc372600700 1 -- start start
2024-03-26T18:47:47.704 INFO:teuthology.orchestra.run.smithi097.stdout:/usr/bin/ceph: stderr
2024-03-26T18:47:46.634+0000 7fc372600700 1 --2- >> [v2:172.21.15.97:3300/0,v1:172.21.15.97:6789/0] conn(0x7fc36c107e10 0x7fc36c19df70 unknown :-1 s=NONE pgs=0 cs=0 l=1 rev1=0 crypto rx=0 tx=0 comp rx=0 tx=0).connect
2024-03-26T18:47:47.704 INFO:teuthology.orchestra.run.smithi097.stdout:/usr/bin/ceph: stderr
2024-03-26T18:47:46.634+0000 7fc372600700 1 -- --> [v2:172.21.15.97:3300/0,v1:172.21.15.97:6789/0] -- mon_getmap magic: 0 -- 0x7fc36c10c370 con 0x7fc36c107e10
2024-03-26T18:47:47.704 INFO:teuthology.orchestra.run.smithi097.stdout:/usr/bin/ceph: stderr
2024-03-26T18:47:46.635+0000 7fc36b400700 1 --2- >> [v2:172.21.15.97:3300/0,v1:172.21.15.97:6789/0] conn(0x7fc36c107e10 0x7fc36c19df70 unknown :-1 s=BANNER_CONNECTING pgs=0 cs=0 l=1 rev1=0 crypto rx=0 tx=0 comp rx=0 tx=0)._handle_peer_banner_payload supported=3 required=0
2024-03-26T18:47:47.704 INFO:teuthology.orchestra.run.smithi097.stdout:/usr/bin/ceph: stderr
2024-03-26T18:47:46.635+0000 7fc36b400700 1 --2- >> [v2:172.21.15.97:3300/0,v1:172.21.15.97:6789/0] conn(0x7fc36c107e10 0x7fc36c19df70 unknown :-1 s=HELLO_CONNECTING pgs=0 cs=0 l=1 rev1=1 crypto rx=0 tx=0 comp rx=0 tx=0).handle_hello peer v2:172.21.15.97:3300/0 says I am v2:172.21.15.97:46974/0 (socket says 172.21.15.97:46974)
2024-03-26T18:47:47.704 INFO:teuthology.orchestra.run.smithi097.stdout:/usr/bin/ceph: stderr
2024-03-26T18:47:46.635+0000 7fc36b400700 1 -- 172.21.15.97:0/3902605072 learned_addr learned my addr 172.21.15.97:0/3902605072 (peer_addr_for_me v2:172.21.15.97:0/0)
2024-03-26T18:47:47.704 INFO:teuthology.orchestra.run.smithi097.stdout:/usr/bin/ceph: stderr
2024-03-26T18:47:46.635+0000 7fc36b400700 1 -- 172.21.15.97:0/3902605072 --> [v2:172.21.15.97:3300/0,v1:172.21.15.97:6789/0] -- mon_subscribe({config=0+,monmap=0+}) -- 0x7fc36c19e4b0 con 0x7fc36c107e10
2024-03-26T18:47:47.704 INFO:teuthology.orchestra.run.smithi097.stdout:/usr/bin/ceph: stderr
2024-03-26T18:47:46.635+0000 7fc36b400700 1 --2- 172.21.15.97:0/3902605072 >> [v2:172.21.15.97:3300/0,v1:172.21.15.97:6789/0] conn(0x7fc36c107e10 0x7fc36c19df70 secure :-1 s=READY pgs=23 cs=0 l=1 rev1=1 crypto rx=0x7fc35c011670 tx=0x7fc35c011b60 comp rx=0 tx=0).ready entity=mon.0 client_cookie=0 server_cookie=0 in_seq=0 out_seq=0
2024-03-26T18:47:47.704 INFO:teuthology.orchestra.run.smithi097.stdout:/usr/bin/ceph: stderr
2024-03-26T18:47:46.635+0000 7fc363e00700 1 -- 172.21.15.97:0/3902605072 <== mon.0 v2:172.21.15.97:3300/0 1 ==== mon_map magic: 0 ==== 205+0+0 (secure 0 0 0) 0x7fc35c0039c0 con 0x7fc36c107e10
2024-03-26T18:47:47.705 INFO:teuthology.orchestra.run.smithi097.stdout:/usr/bin/ceph: stderr
2024-03-26T18:47:46.635+0000 7fc363e00700 1 -- 172.21.15.97:0/3902605072 <== mon.0 v2:172.21.15.97:3300/0 2 ==== config(27 keys) ==== 1109+0+0 (secure 0 0 0) 0x7fc35c011e50 con 0x7fc36c107e10
2024-03-26T18:47:47.705 INFO:teuthology.orchestra.run.smithi097.stdout:/usr/bin/ceph: stderr
2024-03-26T18:47:46.635+0000 7fc363e00700 1 -- 172.21.15.97:0/3902605072 <== mon.0 v2:172.21.15.97:3300/0 3 ==== mon_map magic: 0 ==== 205+0+0 (secure 0 0 0) 0x7fc35c01a5c0 con 0x7fc36c107e10
2024-03-26T18:47:47.705 INFO:teuthology.orchestra.run.smithi097.stdout:/usr/bin/ceph: stderr
2024-03-26T18:47:46.635+0000 7fc372600700 1 -- 172.21.15.97:0/3902605072 --> [v2:172.21.15.97:3300/0,v1:172.21.15.97:6789/0] -- mon_subscribe({mgrmap=0+}) -- 0x7fc36c19e740 con 0x7fc36c107e10
2024-03-26T18:47:47.705 INFO:teuthology.orchestra.run.smithi097.stdout:/usr/bin/ceph: stderr
2024-03-26T18:47:46.636+0000 7fc372600700 1 -- 172.21.15.97:0/3902605072 --> [v2:172.21.15.97:3300/0,v1:172.21.15.97:6789/0] -- mon_subscribe({osdmap=0}) -- 0x7fc36c1a1430 con 0x7fc36c107e10
2024-03-26T18:47:47.705 INFO:teuthology.orchestra.run.smithi097.stdout:/usr/bin/ceph: stderr
2024-03-26T18:47:46.637+0000 7fc372600700 1 -- 172.21.15.97:0/3902605072 --> [v2:172.21.15.97:3300/0,v1:172.21.15.97:6789/0] -- mon_command({"prefix": "get_command_descriptions"} v 0) -- 0x7fc36c0639e0 con 0x7fc36c107e10
2024-03-26T18:47:47.705 INFO:teuthology.orchestra.run.smithi097.stdout:/usr/bin/ceph: stderr
2024-03-26T18:47:46.637+0000 7fc363e00700 1 -- 172.21.15.97:0/3902605072 <== mon.0 v2:172.21.15.97:3300/0 4 ==== mgrmap(e 4) ==== 46283+0+0 (secure 0 0 0) 0x7fc35c024430 con 0x7fc36c107e10
2024-03-26T18:47:47.705 INFO:teuthology.orchestra.run.smithi097.stdout:/usr/bin/ceph: stderr
2024-03-26T18:47:46.637+0000 7fc363e00700 1 --2- 172.21.15.97:0/3902605072 >> [v2:172.21.15.97:6800/350003366,v1:172.21.15.97:6801/350003366] conn(0x7fc350039180 0x7fc35003b640 unknown :-1 s=NONE pgs=0 cs=0 l=1 rev1=0 crypto rx=0 tx=0 comp rx=0 tx=0).connect
2024-03-26T18:47:47.705 INFO:teuthology.orchestra.run.smithi097.stdout:/usr/bin/ceph: stderr
2024-03-26T18:47:46.637+0000 7fc363e00700 1 -- 172.21.15.97:0/3902605072 <== mon.0 v2:172.21.15.97:3300/0 5 ==== osd_map(1..1 src has 1..1) ==== 725+0+0 (secure 0 0 0) 0x7fc35c04d4f0 con 0x7fc36c107e10
2024-03-26T18:47:47.705 INFO:teuthology.orchestra.run.smithi097.stdout:/usr/bin/ceph: stderr
2024-03-26T18:47:46.637+0000 7fc36aa00700 1 --2- 172.21.15.97:0/3902605072 >> [v2:172.21.15.97:6800/350003366,v1:172.21.15.97:6801/350003366] conn(0x7fc350039180 0x7fc35003b640 unknown :-1 s=BANNER_CONNECTING pgs=0 cs=0 l=1 rev1=0 crypto rx=0 tx=0 comp rx=0 tx=0)._handle_peer_banner_payload supported=3 required=0
2024-03-26T18:47:47.705 INFO:teuthology.orchestra.run.smithi097.stdout:/usr/bin/ceph: stderr
2024-03-26T18:47:46.638+0000 7fc36aa00700 1 --2- 172.21.15.97:0/3902605072 >> [v2:172.21.15.97:6800/350003366,v1:172.21.15.97:6801/350003366] conn(0x7fc350039180 0x7fc35003b640 secure :-1 s=READY pgs=8 cs=0 l=1 rev1=1 crypto rx=0x7fc358006fd0 tx=0x7fc358006e40 comp rx=0 tx=0).ready entity=mgr.14100 client_cookie=0 server_cookie=0 in_seq=0 out_seq=0
2024-03-26T18:47:47.705 INFO:teuthology.orchestra.run.smithi097.stdout:/usr/bin/ceph: stderr
2024-03-26T18:47:46.643+0000 7fc363e00700 1 -- 172.21.15.97:0/3902605072 <== mon.0 v2:172.21.15.97:3300/0 6 ==== mon_command_ack([{"prefix": "get_command_descriptions"}]=0 v0) ==== 72+0+186149 (secure 0 0 0) 0x7fc35c00f2e0 con 0x7fc36c107e10
2024-03-26T18:47:47.705 INFO:teuthology.orchestra.run.smithi097.stdout:/usr/bin/ceph: stderr
2024-03-26T18:47:46.921+0000 7fc372600700 1 -- 172.21.15.97:0/3902605072 --> [v2:172.21.15.97:3300/0,v1:172.21.15.97:6789/0] -- mon_command({"prefix": "mgr module enable", "module": "cephadm"} v 0) -- 0x7fc36c1a1600 con 0x7fc36c107e10
2024-03-26T18:47:47.705 INFO:teuthology.orchestra.run.smithi097.stdout:/usr/bin/ceph: stderr
2024-03-26T18:47:46.975+0000 7fc363e00700 1 -- 172.21.15.97:0/3902605072 <== mon.0 v2:172.21.15.97:3300/0 7 ==== mon_command_ack([{"prefix": "mgr module enable", "module": "cephadm"}]=0 v5) ==== 86+0+0 (secure 0 0 0) 0x7fc36c1a1600 con 0x7fc36c107e10
2024-03-26T18:47:47.705 INFO:teuthology.orchestra.run.smithi097.stdout:/usr/bin/ceph: stderr
2024-03-26T18:47:46.978+0000 7fc372600700 1 -- 172.21.15.97:0/3902605072 >> [v2:172.21.15.97:6800/350003366,v1:172.21.15.97:6801/350003366] conn(0x7fc350039180 msgr2=0x7fc35003b640 secure :-1 s=STATE_CONNECTION_ESTABLISHED l=1).mark_down
2024-03-26T18:47:47.705 INFO:teuthology.orchestra.run.smithi097.stdout:/usr/bin/ceph: stderr
2024-03-26T18:47:46.978+0000 7fc372600700 1 --2- 172.21.15.97:0/3902605072 >> [v2:172.21.15.97:6800/350003366,v1:172.21.15.97:6801/350003366] conn(0x7fc350039180 0x7fc35003b640 secure :-1 s=READY pgs=8 cs=0 l=1 rev1=1 crypto rx=0x7fc358006fd0 tx=0x7fc358006e40 comp rx=0 tx=0).stop
2024-03-26T18:47:47.705 INFO:teuthology.orchestra.run.smithi097.stdout:/usr/bin/ceph: stderr
2024-03-26T18:47:46.978+0000 7fc372600700 1 -- 172.21.15.97:0/3902605072 >> [v2:172.21.15.97:3300/0,v1:172.21.15.97:6789/0] conn(0x7fc36c107e10 msgr2=0x7fc36c19df70 secure :-1 s=STATE_CONNECTION_ESTABLISHED l=1).mark_down
2024-03-26T18:47:47.706 INFO:teuthology.orchestra.run.smithi097.stdout:/usr/bin/ceph: stderr
2024-03-26T18:47:46.978+0000 7fc363e00700 1 -- 172.21.15.97:0/3902605072 <== mon.0 v2:172.21.15.97:3300/0 8 ==== mgrmap(e 5) ==== 46294+0+0 (secure 0 0 0) 0x7fc35c02d3f0 con 0x7fc36c107e10
2024-03-26T18:47:47.706 INFO:teuthology.orchestra.run.smithi097.stdout:/usr/bin/ceph: stderr
2024-03-26T18:47:46.980+0000 7fc372600700 1 --2- 172.21.15.97:0/3902605072 >> [v2:172.21.15.97:3300/0,v1:172.21.15.97:6789/0] conn(0x7fc36c107e10 0x7fc36c19df70 secure :-1 s=READY pgs=23 cs=0 l=1 rev1=1 crypto rx=0x7fc35c011670 tx=0x7fc35c011b60 comp rx=0 tx=0).stop
2024-03-26T18:47:47.706 INFO:teuthology.orchestra.run.smithi097.stdout:/usr/bin/ceph: stderr
2024-03-26T18:47:46.980+0000 7fc372600700 1 -- 172.21.15.97:0/3902605072 shutdown_connections
2024-03-26T18:47:47.706 INFO:teuthology.orchestra.run.smithi097.stdout:/usr/bin/ceph: stderr
2024-03-26T18:47:46.980+0000 7fc372600700 1 --2- 172.21.15.97:0/3902605072 >> [v2:172.21.15.97:6800/350003366,v1:172.21.15.97:6801/350003366] conn(0x7fc350039180 0x7fc35003b640 unknown :-1 s=CLOSED pgs=8 cs=0 l=1 rev1=1 crypto rx=0 tx=0 comp rx=0 tx=0).stop
2024-03-26T18:47:47.706 INFO:teuthology.orchestra.run.smithi097.stdout:/usr/bin/ceph: stderr
2024-03-26T18:47:46.980+0000 7fc372600700 1 --2- 172.21.15.97:0/3902605072 >> [v2:172.21.15.97:3300/0,v1:172.21.15.97:6789/0] conn(0x7fc36c107e10 0x7fc36c19df70 unknown :-1 s=CLOSED pgs=23 cs=0 l=1 rev1=1 crypto rx=0 tx=0 comp rx=0 tx=0).stop
2024-03-26T18:47:47.706 INFO:teuthology.orchestra.run.smithi097.stdout:/usr/bin/ceph: stderr
2024-03-26T18:47:46.980+0000 7fc372600700 1 -- 172.21.15.97:0/3902605072 >> 172.21.15.97:0/3902605072 conn(0x7fc36c103410 msgr2=0x7fc36c103ef0 unknown :-1 s=STATE_NONE l=0).mark_down
2024-03-26T18:47:47.706 INFO:teuthology.orchestra.run.smithi097.stdout:/usr/bin/ceph: stderr
2024-03-26T18:47:46.981+0000 7fc372600700 1 -- 172.21.15.97:0/3902605072 shutdown_connections
2024-03-26T18:47:47.706 INFO:teuthology.orchestra.run.smithi097.stdout:/usr/bin/ceph: stderr
2024-03-26T18:47:46.981+0000 7fc372600700 1 -- 172.21.15.97:0/3902605072 wait complete.
2024-03-26T18:47:47.966 INFO:journalctl@ceph.mgr.x.smithi097.stdout:Mar 26 18:47:47 smithi097 ceph-2172d50a-eba1-11ee-95d0-87774f69a715-mgr-x[32196]:
2024-03-26T18:47:47.734+0000 7f1f901b7200 -1 mgr[py] Module osd_perf_query has missing NOTIFY_TYPES member
2024-03-26T18:47:47.966 INFO:journalctl@ceph.mgr.x.smithi097.stdout:Mar 26 18:47:47 smithi097 ceph-2172d50a-eba1-11ee-95d0-87774f69a715-mgr-x[32196]:
2024-03-26T18:47:47.859+0000 7f1f901b7200 -1 mgr[py] Module snap_schedule has missing NOTIFY_TYPES member
2024-03-26T18:47:48.266 INFO:journalctl@ceph.mon.a.smithi097.stdout:Mar 26 18:47:47 smithi097 ceph-mon[31955]: from='client.? 172.21.15.97:0/3902605072' entity='client.admin' cmd='[{"prefix": "mgr module enable", "module": "cephadm"}]': finished
2024-03-26T18:47:48.266 INFO:journalctl@ceph.mon.a.smithi097.stdout:Mar 26 18:47:47 smithi097 ceph-mon[31955]: mgrmap e5: x(active, since 5s)
2024-03-26T18:47:48.851 INFO:journalctl@ceph.mgr.x.smithi097.stdout:Mar 26 18:47:48 smithi097 ceph-2172d50a-eba1-11ee-95d0-87774f69a715-mgr-x[32196]:
2024-03-26T18:47:48.666+0000 7f1f901b7200 -1 mgr[py] Module zabbix has missing NOTIFY_TYPES member
