2024-03-26T18:54:22.800+0000 7f7c8116b700 1 --2- >> [v2:172.21.15.92:3300/0,v1:172.21.15.92:6789/0] conn(0x7f7c7c102920 0x7f7c7c102d30 unknown :-1 s=HELLO_CONNECTING pgs=0 cs=0 l=0 rev1=1 crypto rx=0 tx=0 comp rx=0 tx=0).handle_hello peer v2:172.21.15.92:3300/0 says I am v2:172.21.15.92:32998/0 (socket says 172.21.15.92:32998)
2024-03-26T18:54:25.601 INFO:teuthology.orchestra.run.smithi092.stdout:/usr/bin/ceph: stderr
2024-03-26T18:54:22.800+0000 7f7c8116b700 1 -- 172.21.15.92:0/1278448926 learned_addr learned my addr 172.21.15.92:0/1278448926 (peer_addr_for_me v2:172.21.15.92:0/0)
2024-03-26T18:54:25.601 INFO:teuthology.orchestra.run.smithi092.stdout:/usr/bin/ceph: stderr
2024-03-26T18:54:22.800+0000 7f7c8116b700 1 -- 172.21.15.92:0/1278448926 --> [v2:172.21.15.92:3300/0,v1:172.21.15.92:6789/0] -- mon_subscribe({config=0+,monmap=0+}) v3 -- 0x7f7c7c1033b0 con 0x7f7c7c102920
2024-03-26T18:54:25.601 INFO:teuthology.orchestra.run.smithi092.stdout:/usr/bin/ceph: stderr
2024-03-26T18:54:22.800+0000 7f7c8116b700 1 --2- 172.21.15.92:0/1278448926 >> [v2:172.21.15.92:3300/0,v1:172.21.15.92:6789/0] conn(0x7f7c7c102920 0x7f7c7c102d30 secure :-1 s=READY pgs=43 cs=0 l=1 rev1=1 crypto rx=0x7f7c780098e0 tx=0x7f7c78009250 comp rx=0 tx=0).ready entity=mon.0 client_cookie=60e18066e5e53cbf server_cookie=0 in_seq=0 out_seq=0
2024-03-26T18:54:25.601 INFO:teuthology.orchestra.run.smithi092.stdout:/usr/bin/ceph: stderr
2024-03-26T18:54:22.800+0000 7f7c73fff700 1 -- 172.21.15.92:0/1278448926 <== mon.0 v2:172.21.15.92:3300/0 1 ==== mon_map magic: 0 v1 ==== 229+0+0 (secure 0 0 0) 0x7f7c7800b860 con 0x7f7c7c102920
2024-03-26T18:54:25.601 INFO:teuthology.orchestra.run.smithi092.stdout:/usr/bin/ceph: stderr
2024-03-26T18:54:22.800+0000 7f7c73fff700 1 -- 172.21.15.92:0/1278448926 <== mon.0 v2:172.21.15.92:3300/0 2 ==== config(27 keys) v1 ==== 1044+0+0 (secure 0 0 0) 0x7f7c7800be50 con 0x7f7c7c102920
2024-03-26T18:54:25.601 INFO:teuthology.orchestra.run.smithi092.stdout:/usr/bin/ceph: stderr
2024-03-26T18:54:22.800+0000 7f7c73fff700 1 -- 172.21.15.92:0/1278448926 <== mon.0 v2:172.21.15.92:3300/0 3 ==== mon_map magic: 0 v1 ==== 229+0+0 (secure 0 0 0) 0x7f7c78010380 con 0x7f7c7c102920
2024-03-26T18:54:25.601 INFO:teuthology.orchestra.run.smithi092.stdout:/usr/bin/ceph: stderr
2024-03-26T18:54:22.801+0000 7f7c833cf700 1 -- 172.21.15.92:0/1278448926 >> [v2:172.21.15.92:3300/0,v1:172.21.15.92:6789/0] conn(0x7f7c7c102920 msgr2=0x7f7c7c102d30 secure :-1 s=STATE_CONNECTION_ESTABLISHED l=1).mark_down
2024-03-26T18:54:25.601 INFO:teuthology.orchestra.run.smithi092.stdout:/usr/bin/ceph: stderr
2024-03-26T18:54:22.801+0000 7f7c833cf700 1 --2- 172.21.15.92:0/1278448926 >> [v2:172.21.15.92:3300/0,v1:172.21.15.92:6789/0] conn(0x7f7c7c102920 0x7f7c7c102d30 secure :-1 s=READY pgs=43 cs=0 l=1 rev1=1 crypto rx=0x7f7c780098e0 tx=0x7f7c78009250 comp rx=0 tx=0).stop
2024-03-26T18:54:25.602 INFO:teuthology.orchestra.run.smithi092.stdout:/usr/bin/ceph: stderr
2024-03-26T18:54:22.801+0000 7f7c833cf700 1 -- 172.21.15.92:0/1278448926 shutdown_connections
2024-03-26T18:54:25.602 INFO:teuthology.orchestra.run.smithi092.stdout:/usr/bin/ceph: stderr
2024-03-26T18:54:22.801+0000 7f7c833cf700 1 --2- 172.21.15.92:0/1278448926 >> [v2:172.21.15.92:3300/0,v1:172.21.15.92:6789/0] conn(0x7f7c7c102920 0x7f7c7c102d30 unknown :-1 s=CLOSED pgs=43 cs=0 l=1 rev1=1 crypto rx=0 tx=0 comp rx=0 tx=0).stop
2024-03-26T18:54:25.602 INFO:teuthology.orchestra.run.smithi092.stdout:/usr/bin/ceph: stderr
2024-03-26T18:54:22.801+0000 7f7c833cf700 1 -- 172.21.15.92:0/1278448926 >> 172.21.15.92:0/1278448926 conn(0x7f7c7c0fe0a0 msgr2=0x7f7c7c1004b0 unknown :-1 s=STATE_NONE l=0).mark_down
2024-03-26T18:54:25.602 INFO:teuthology.orchestra.run.smithi092.stdout:/usr/bin/ceph: stderr
2024-03-26T18:54:22.801+0000 7f7c833cf700 1 -- 172.21.15.92:0/1278448926 shutdown_connections
2024-03-26T18:54:25.602 INFO:teuthology.orchestra.run.smithi092.stdout:/usr/bin/ceph: stderr
2024-03-26T18:54:22.801+0000 7f7c833cf700 1 -- 172.21.15.92:0/1278448926 wait complete.
2024-03-26T18:54:25.602 INFO:teuthology.orchestra.run.smithi092.stdout:/usr/bin/ceph: stderr
2024-03-26T18:54:22.801+0000 7f7c833cf700 1 Processor -- start
2024-03-26T18:54:25.602 INFO:teuthology.orchestra.run.smithi092.stdout:/usr/bin/ceph: stderr
2024-03-26T18:54:22.801+0000 7f7c833cf700 1 -- start start
2024-03-26T18:54:25.602 INFO:teuthology.orchestra.run.smithi092.stdout:/usr/bin/ceph: stderr
2024-03-26T18:54:22.801+0000 7f7c833cf700 1 --2- >> [v2:172.21.15.92:3300/0,v1:172.21.15.92:6789/0] conn(0x7f7c7c102920 0x7f7c7c1116c0 unknown :-1 s=NONE pgs=0 cs=0 l=1 rev1=0 crypto rx=0 tx=0 comp rx=0 tx=0).connect
2024-03-26T18:54:25.602 INFO:teuthology.orchestra.run.smithi092.stdout:/usr/bin/ceph: stderr
2024-03-26T18:54:22.801+0000 7f7c833cf700 1 -- --> [v2:172.21.15.92:3300/0,v1:172.21.15.92:6789/0] -- mon_getmap magic: 0 v1 -- 0x7f7c7c111c00 con 0x7f7c7c102920
2024-03-26T18:54:25.602 INFO:teuthology.orchestra.run.smithi092.stdout:/usr/bin/ceph: stderr
2024-03-26T18:54:22.802+0000 7f7c8116b700 1 --2- >> [v2:172.21.15.92:3300/0,v1:172.21.15.92:6789/0] conn(0x7f7c7c102920 0x7f7c7c1116c0 unknown :-1 s=BANNER_CONNECTING pgs=0 cs=0 l=1 rev1=0 crypto rx=0 tx=0 comp rx=0 tx=0)._handle_peer_banner_payload supported=3 required=0
2024-03-26T18:54:25.602 INFO:teuthology.orchestra.run.smithi092.stdout:/usr/bin/ceph: stderr
2024-03-26T18:54:22.802+0000 7f7c8116b700 1 --2- >> [v2:172.21.15.92:3300/0,v1:172.21.15.92:6789/0] conn(0x7f7c7c102920 0x7f7c7c1116c0 unknown :-1 s=HELLO_CONNECTING pgs=0 cs=0 l=1 rev1=1 crypto rx=0 tx=0 comp rx=0 tx=0).handle_hello peer v2:172.21.15.92:3300/0 says I am v2:172.21.15.92:33004/0 (socket says 172.21.15.92:33004)
2024-03-26T18:54:25.602 INFO:teuthology.orchestra.run.smithi092.stdout:/usr/bin/ceph: stderr
2024-03-26T18:54:22.802+0000 7f7c8116b700 1 -- 172.21.15.92:0/753523964 learned_addr learned my addr 172.21.15.92:0/753523964 (peer_addr_for_me v2:172.21.15.92:0/0)
2024-03-26T18:54:25.602 INFO:teuthology.orchestra.run.smithi092.stdout:/usr/bin/ceph: stderr
2024-03-26T18:54:22.802+0000 7f7c8116b700 1 -- 172.21.15.92:0/753523964 --> [v2:172.21.15.92:3300/0,v1:172.21.15.92:6789/0] -- mon_subscribe({config=0+,monmap=0+}) v3 -- 0x7f7c780094f0 con 0x7f7c7c102920
2024-03-26T18:54:25.603 INFO:teuthology.orchestra.run.smithi092.stdout:/usr/bin/ceph: stderr
2024-03-26T18:54:22.802+0000 7f7c8116b700 1 --2- 172.21.15.92:0/753523964 >> [v2:172.21.15.92:3300/0,v1:172.21.15.92:6789/0] conn(0x7f7c7c102920 0x7f7c7c1116c0 secure :-1 s=READY pgs=44 cs=0 l=1 rev1=1 crypto rx=0x7f7c7800b440 tx=0x7f7c78009250 comp rx=0 tx=0).ready entity=mon.0 client_cookie=0 server_cookie=0 in_seq=0 out_seq=0
2024-03-26T18:54:25.603 INFO:teuthology.orchestra.run.smithi092.stdout:/usr/bin/ceph: stderr
2024-03-26T18:54:22.802+0000 7f7c71ffb700 1 -- 172.21.15.92:0/753523964 <== mon.0 v2:172.21.15.92:3300/0 1 ==== mon_map magic: 0 v1 ==== 229+0+0 (secure 0 0 0) 0x7f7c78010760 con 0x7f7c7c102920
2024-03-26T18:54:25.603 INFO:teuthology.orchestra.run.smithi092.stdout:/usr/bin/ceph: stderr
2024-03-26T18:54:22.802+0000 7f7c71ffb700 1 -- 172.21.15.92:0/753523964 <== mon.0 v2:172.21.15.92:3300/0 2 ==== config(27 keys) v1 ==== 1044+0+0 (secure 0 0 0) 0x7f7c78010d50 con 0x7f7c7c102920
2024-03-26T18:54:25.603 INFO:teuthology.orchestra.run.smithi092.stdout:/usr/bin/ceph: stderr
2024-03-26T18:54:22.802+0000 7f7c71ffb700 1 -- 172.21.15.92:0/753523964 <== mon.0 v2:172.21.15.92:3300/0 3 ==== mon_map magic: 0 v1 ==== 229+0+0 (secure 0 0 0) 0x7f7c7801ae20 con 0x7f7c7c102920
2024-03-26T18:54:25.603 INFO:teuthology.orchestra.run.smithi092.stdout:/usr/bin/ceph: stderr
2024-03-26T18:54:22.802+0000 7f7c833cf700 1 -- 172.21.15.92:0/753523964 --> [v2:172.21.15.92:3300/0,v1:172.21.15.92:6789/0] -- mon_subscribe({mgrmap=0+}) v3 -- 0x7f7c7c111e00 con 0x7f7c7c102920
2024-03-26T18:54:25.603 INFO:teuthology.orchestra.run.smithi092.stdout:/usr/bin/ceph: stderr
2024-03-26T18:54:22.802+0000 7f7c833cf700 1 -- 172.21.15.92:0/753523964 --> [v2:172.21.15.92:3300/0,v1:172.21.15.92:6789/0] -- mon_subscribe({osdmap=0}) v3 -- 0x7f7c7c112970 con 0x7f7c7c102920
2024-03-26T18:54:25.603 INFO:teuthology.orchestra.run.smithi092.stdout:/usr/bin/ceph: stderr
2024-03-26T18:54:22.803+0000 7f7c71ffb700 1 -- 172.21.15.92:0/753523964 <== mon.0 v2:172.21.15.92:3300/0 4 ==== mgrmap(e 8) v1 ==== 43368+0+0 (secure 0 0 0) 0x7f7c780108c0 con 0x7f7c7c102920
2024-03-26T18:54:25.603 INFO:teuthology.orchestra.run.smithi092.stdout:/usr/bin/ceph: stderr
2024-03-26T18:54:22.803+0000 7f7c71ffb700 1 --2- 172.21.15.92:0/753523964 >> [v2:172.21.15.92:6800/2613542190,v1:172.21.15.92:6801/2613542190] conn(0x7f7c680367e0 0x7f7c68038c90 unknown :-1 s=NONE pgs=0 cs=0 l=1 rev1=0 crypto rx=0 tx=0 comp rx=0 tx=0).connect
2024-03-26T18:54:25.603 INFO:teuthology.orchestra.run.smithi092.stdout:/usr/bin/ceph: stderr
2024-03-26T18:54:22.803+0000 7f7c833cf700 1 -- 172.21.15.92:0/753523964 --> [v2:172.21.15.92:3300/0,v1:172.21.15.92:6789/0] -- mon_command({"prefix": "get_command_descriptions"} v 0) v1 -- 0x7f7c7c05f5f0 con 0x7f7c7c102920
2024-03-26T18:54:25.603 INFO:teuthology.orchestra.run.smithi092.stdout:/usr/bin/ceph: stderr
2024-03-26T18:54:22.803+0000 7f7c71ffb700 1 -- 172.21.15.92:0/753523964 <== mon.0 v2:172.21.15.92:3300/0 5 ==== osd_map(2..2 src has 1..2) v4 ==== 936+0+0 (secure 0 0 0) 0x7f7c7804a570 con 0x7f7c7c102920
2024-03-26T18:54:25.603 INFO:teuthology.orchestra.run.smithi092.stdout:/usr/bin/ceph: stderr
2024-03-26T18:54:22.804+0000 7f7c8096a700 1 --2- 172.21.15.92:0/753523964 >> [v2:172.21.15.92:6800/2613542190,v1:172.21.15.92:6801/2613542190] conn(0x7f7c680367e0 0x7f7c68038c90 unknown :-1 s=BANNER_CONNECTING pgs=0 cs=0 l=1 rev1=0 crypto rx=0 tx=0 comp rx=0 tx=0)._handle_peer_banner_payload supported=3 required=0
2024-03-26T18:54:25.603 INFO:teuthology.orchestra.run.smithi092.stdout:/usr/bin/ceph: stderr
2024-03-26T18:54:22.804+0000 7f7c8096a700 1 --2- 172.21.15.92:0/753523964 >> [v2:172.21.15.92:6800/2613542190,v1:172.21.15.92:6801/2613542190] conn(0x7f7c680367e0 0x7f7c68038c90 secure :-1 s=READY pgs=11 cs=0 l=1 rev1=1 crypto rx=0x7f7c6c009990 tx=0x7f7c6c006e40 comp rx=0 tx=0).ready entity=mgr.14118 client_cookie=0 server_cookie=0 in_seq=0 out_seq=0
2024-03-26T18:54:25.603 INFO:teuthology.orchestra.run.smithi092.stdout:/usr/bin/ceph: stderr
2024-03-26T18:54:22.808+0000 7f7c71ffb700 1 -- 172.21.15.92:0/753523964 <== mon.0 v2:172.21.15.92:3300/0 6 ==== mon_command_ack([{"prefix": "get_command_descriptions"}]=0 v0) v1 ==== 72+0+176504 (secure 0 0 0) 0x7f7c7802e440 con 0x7f7c7c102920
2024-03-26T18:54:25.603 INFO:teuthology.orchestra.run.smithi092.stdout:/usr/bin/ceph: stderr
2024-03-26T18:54:22.999+0000 7f7c833cf700 1 -- 172.21.15.92:0/753523964 --> [v2:172.21.15.92:6800/2613542190,v1:172.21.15.92:6801/2613542190] -- mgr_command(tid 0: {"prefix": "orch host add", "hostname": "smithi092", "addr": "172.21.15.92", "target": ["mon-mgr", ""]}) v1 -- 0x7f7c7c0ff350 con 0x7f7c680367e0
2024-03-26T18:54:25.604 INFO:teuthology.orchestra.run.smithi092.stdout:/usr/bin/ceph: stderr
2024-03-26T18:54:24.985+0000 7f7c71ffb700 1 -- 172.21.15.92:0/753523964 <== mgr.14118 v2:172.21.15.92:6800/2613542190 1 ==== mgr_command_reply(tid 0: 0 ) v1 ==== 8+0+48 (secure 0 0 0) 0x7f7c7c0ff350 con 0x7f7c680367e0
2024-03-26T18:54:25.604 INFO:teuthology.orchestra.run.smithi092.stdout:/usr/bin/ceph: stderr
2024-03-26T18:54:24.988+0000 7f7c833cf700 1 -- 172.21.15.92:0/753523964 >> [v2:172.21.15.92:6800/2613542190,v1:172.21.15.92:6801/2613542190] conn(0x7f7c680367e0 msgr2=0x7f7c68038c90 secure :-1 s=STATE_CONNECTION_ESTABLISHED l=1).mark_down
2024-03-26T18:54:25.604 INFO:teuthology.orchestra.run.smithi092.stdout:/usr/bin/ceph: stderr
2024-03-26T18:54:24.988+0000 7f7c833cf700 1 --2- 172.21.15.92:0/753523964 >> [v2:172.21.15.92:6800/2613542190,v1:172.21.15.92:6801/2613542190] conn(0x7f7c680367e0 0x7f7c68038c90 secure :-1 s=READY pgs=11 cs=0 l=1 rev1=1 crypto rx=0x7f7c6c009990 tx=0x7f7c6c006e40 comp rx=0 tx=0).stop
2024-03-26T18:54:25.604 INFO:teuthology.orchestra.run.smithi092.stdout:/usr/bin/ceph: stderr
2024-03-26T18:54:24.988+0000 7f7c833cf700 1 -- 172.21.15.92:0/753523964 >> [v2:172.21.15.92:3300/0,v1:172.21.15.92:6789/0] conn(0x7f7c7c102920 msgr2=0x7f7c7c1116c0 secure :-1 s=STATE_CONNECTION_ESTABLISHED l=1).mark_down
2024-03-26T18:54:25.604 INFO:teuthology.orchestra.run.smithi092.stdout:/usr/bin/ceph: stderr
2024-03-26T18:54:24.988+0000 7f7c833cf700 1 --2- 172.21.15.92:0/753523964 >> [v2:172.21.15.92:3300/0,v1:172.21.15.92:6789/0] conn(0x7f7c7c102920 0x7f7c7c1116c0 secure :-1 s=READY pgs=44 cs=0 l=1 rev1=1 crypto rx=0x7f7c7800b440 tx=0x7f7c78009250 comp rx=0 tx=0).stop
2024-03-26T18:54:25.604 INFO:teuthology.orchestra.run.smithi092.stdout:/usr/bin/ceph: stderr
2024-03-26T18:54:24.988+0000 7f7c833cf700 1 -- 172.21.15.92:0/753523964 shutdown_connections
2024-03-26T18:54:25.604 INFO:teuthology.orchestra.run.smithi092.stdout:/usr/bin/ceph: stderr
2024-03-26T18:54:24.988+0000 7f7c833cf700 1 --2- 172.21.15.92:0/753523964 >> [v2:172.21.15.92:6800/2613542190,v1:172.21.15.92:6801/2613542190] conn(0x7f7c680367e0 0x7f7c68038c90 unknown :-1 s=CLOSED pgs=11 cs=0 l=1 rev1=1 crypto rx=0 tx=0 comp rx=0 tx=0).stop
2024-03-26T18:54:25.604 INFO:teuthology.orchestra.run.smithi092.stdout:/usr/bin/ceph: stderr
2024-03-26T18:54:24.988+0000 7f7c833cf700 1 --2- 172.21.15.92:0/753523964 >> [v2:172.21.15.92:3300/0,v1:172.21.15.92:6789/0] conn(0x7f7c7c102920 0x7f7c7c1116c0 unknown :-1 s=CLOSED pgs=44 cs=0 l=1 rev1=1 crypto rx=0 tx=0 comp rx=0 tx=0).stop
2024-03-26T18:54:25.604 INFO:teuthology.orchestra.run.smithi092.stdout:/usr/bin/ceph: stderr
2024-03-26T18:54:24.988+0000 7f7c833cf700 1 -- 172.21.15.92:0/753523964 >> 172.21.15.92:0/753523964 conn(0x7f7c7c0fe0a0 msgr2=0x7f7c7c0fec40 unknown :-1 s=STATE_NONE l=0).mark_down
2024-03-26T18:54:25.604 INFO:teuthology.orchestra.run.smithi092.stdout:/usr/bin/ceph: stderr
2024-03-26T18:54:24.988+0000 7f7c833cf700 1 -- 172.21.15.92:0/753523964 shutdown_connections
2024-03-26T18:54:25.604 INFO:teuthology.orchestra.run.smithi092.stdout:/usr/bin/ceph: stderr
2024-03-26T18:54:24.988+0000 7f7c833cf700 1 -- 172.21.15.92:0/753523964 wait complete.
2024-03-26T18:54:25.604 INFO:teuthology.orchestra.run.smithi092.stdout:Deploying mon service with default placement...
2024-03-26T18:54:26.247 INFO:journalctl@ceph.mon.smithi092.smithi092.stdout:Mar 26 18:54:25 smithi092 ceph-mon[29445]: from='mgr.14118 172.21.15.92:0/733296580' entity='mgr.smithi092.syesti'
2024-03-26T18:54:26.247 INFO:journalctl@ceph.mon.smithi092.smithi092.stdout:Mar 26 18:54:25 smithi092 ceph-mon[29445]: Added host smithi092
2024-03-26T18:54:26.247 INFO:journalctl@ceph.mon.smithi092.smithi092.stdout:Mar 26 18:54:25 smithi092 ceph-mon[29445]: from='mgr.14118 172.21.15.92:0/733296580' entity='mgr.smithi092.syesti' cmd=[{"prefix": "config dump", "format": "json"}]: dispatch
2024-03-26T18:54:26.969 INFO:teuthology.orchestra.run.smithi092.stdout:/usr/bin/ceph: stdout Scheduled mon update...
2024-03-26T18:54:26.969 INFO:teuthology.orchestra.run.smithi092.stdout:/usr/bin/ceph: stderr
2024-03-26T18:54:26.026+0000 7f7c2e486700 1 Processor -- start
2024-03-26T18:54:26.969 INFO:teuthology.orchestra.run.smithi092.stdout:/usr/bin/ceph: stderr
2024-03-26T18:54:26.026+0000 7f7c2e486700 1 -- start start
2024-03-26T18:54:26.969 INFO:teuthology.orchestra.run.smithi092.stdout:/usr/bin/ceph: stderr
2024-03-26T18:54:26.026+0000 7f7c2e486700 1 --2- >> [v2:172.21.15.92:3300/0,v1:172.21.15.92:6789/0] conn(0x7f7c28102910 0x7f7c28102d20 unknown :-1 s=NONE pgs=0 cs=0 l=0 rev1=0 crypto rx=0 tx=0 comp rx=0 tx=0).connect
2024-03-26T18:54:26.969 INFO:teuthology.orchestra.run.smithi092.stdout:/usr/bin/ceph: stderr
2024-03-26T18:54:26.026+0000 7f7c2e486700 1 -- --> [v2:172.21.15.92:3300/0,v1:172.21.15.92:6789/0] -- mon_getmap magic: 0 v1 -- 0x7f7c28103260 con 0x7f7c28102910
2024-03-26T18:54:26.969 INFO:teuthology.orchestra.run.smithi092.stdout:/usr/bin/ceph: stderr
2024-03-26T18:54:26.026+0000 7f7c27fff700 1 --2- >> [v2:172.21.15.92:3300/0,v1:172.21.15.92:6789/0] conn(0x7f7c28102910 0x7f7c28102d20 unknown :-1 s=BANNER_CONNECTING pgs=0 cs=0 l=0 rev1=0 crypto rx=0 tx=0 comp rx=0 tx=0)._handle_peer_banner_payload supported=3 required=0
2024-03-26T18:54:26.969 INFO:teuthology.orchestra.run.smithi092.stdout:/usr/bin/ceph: stderr
2024-03-26T18:54:26.026+0000 7f7c27fff700 1 --2- >> [v2:172.21.15.92:3300/0,v1:172.21.15.92:6789/0] conn(0x7f7c28102910 0x7f7c28102d20 unknown :-1 s=HELLO_CONNECTING pgs=0 cs=0 l=0 rev1=1 crypto rx=0 tx=0 comp rx=0 tx=0).handle_hello peer v2:172.21.15.92:3300/0 says I am v2:172.21.15.92:33006/0 (socket says 172.21.15.92:33006)
2024-03-26T18:54:26.969 INFO:teuthology.orchestra.run.smithi092.stdout:/usr/bin/ceph: stderr
2024-03-26T18:54:26.026+0000 7f7c27fff700 1 -- 172.21.15.92:0/461782362 learned_addr learned my addr 172.21.15.92:0/461782362 (peer_addr_for_me v2:172.21.15.92:0/0)
2024-03-26T18:54:26.969 INFO:teuthology.orchestra.run.smithi092.stdout:/usr/bin/ceph: stderr
2024-03-26T18:54:26.026+0000 7f7c27fff700 1 -- 172.21.15.92:0/461782362 --> [v2:172.21.15.92:3300/0,v1:172.21.15.92:6789/0] -- mon_subscribe({config=0+,monmap=0+}) v3 -- 0x7f7c281033a0 con 0x7f7c28102910
2024-03-26T18:54:26.969 INFO:teuthology.orchestra.run.smithi092.stdout:/usr/bin/ceph: stderr
2024-03-26T18:54:26.026+0000 7f7c27fff700 1 --2- 172.21.15.92:0/461782362 >> [v2:172.21.15.92:3300/0,v1:172.21.15.92:6789/0] conn(0x7f7c28102910 0x7f7c28102d20 secure :-1 s=READY pgs=45 cs=0 l=1 rev1=1 crypto rx=0x7f7c180098e0 tx=0x7f7c18009250 comp rx=0 tx=0).ready entity=mon.0 client_cookie=d44ec59d2de7e0a5 server_cookie=0 in_seq=0 out_seq=0
2024-03-26T18:54:26.969 INFO:teuthology.orchestra.run.smithi092.stdout:/usr/bin/ceph: stderr
2024-03-26T18:54:26.027+0000 7f7c26ffd700 1 -- 172.21.15.92:0/461782362 <== mon.0 v2:172.21.15.92:3300/0 1 ==== mon_map magic: 0 v1 ==== 229+0+0 (secure 0 0 0) 0x7f7c1800b860 con 0x7f7c28102910
2024-03-26T18:54:26.970 INFO:teuthology.orchestra.run.smithi092.stdout:/usr/bin/ceph: stderr
2024-03-26T18:54:26.027+0000 7f7c26ffd700 1 -- 172.21.15.92:0/461782362 <== mon.0 v2:172.21.15.92:3300/0 2 ==== config(27 keys) v1 ==== 1044+0+0 (secure 0 0 0) 0x7f7c1800be50 con 0x7f7c28102910
2024-03-26T18:54:26.970 INFO:teuthology.orchestra.run.smithi092.stdout:/usr/bin/ceph: stderr
2024-03-26T18:54:26.027+0000 7f7c26ffd700 1 -- 172.21.15.92:0/461782362 <== mon.0 v2:172.21.15.92:3300/0 3 ==== mon_map magic: 0 v1 ==== 229+0+0 (secure 0 0 0) 0x7f7c18010380 con 0x7f7c28102910
2024-03-26T18:54:26.970 INFO:teuthology.orchestra.run.smithi092.stdout:/usr/bin/ceph: stderr
2024-03-26T18:54:26.027+0000 7f7c2e486700 1 -- 172.21.15.92:0/461782362 >> [v2:172.21.15.92:3300/0,v1:172.21.15.92:6789/0] conn(0x7f7c28102910 msgr2=0x7f7c28102d20 secure :-1 s=STATE_CONNECTION_ESTABLISHED l=1).mark_down
2024-03-26T18:54:26.970 INFO:teuthology.orchestra.run.smithi092.stdout:/usr/bin/ceph: stderr
2024-03-26T18:54:26.027+0000 7f7c2e486700 1 --2- 172.21.15.92:0/461782362 >> [v2:172.21.15.92:3300/0,v1:172.21.15.92:6789/0] conn(0x7f7c28102910 0x7f7c28102d20 secure :-1 s=READY pgs=45 cs=0 l=1 rev1=1 crypto rx=0x7f7c180098e0 tx=0x7f7c18009250 comp rx=0 tx=0).stop
2024-03-26T18:54:26.970 INFO:teuthology.orchestra.run.smithi092.stdout:/usr/bin/ceph: stderr
2024-03-26T18:54:26.027+0000 7f7c2e486700 1 -- 172.21.15.92:0/461782362 shutdown_connections
2024-03-26T18:54:26.970 INFO:teuthology.orchestra.run.smithi092.stdout:/usr/bin/ceph: stderr
2024-03-26T18:54:26.027+0000 7f7c2e486700 1 --2- 172.21.15.92:0/461782362 >> [v2:172.21.15.92:3300/0,v1:172.21.15.92:6789/0] conn(0x7f7c28102910 0x7f7c28102d20 unknown :-1 s=CLOSED pgs=45 cs=0 l=1 rev1=1 crypto rx=0 tx=0 comp rx=0 tx=0).stop
2024-03-26T18:54:26.970 INFO:teuthology.orchestra.run.smithi092.stdout:/usr/bin/ceph: stderr
2024-03-26T18:54:26.027+0000 7f7c2e486700 1 -- 172.21.15.92:0/461782362 >> 172.21.15.92:0/461782362 conn(0x7f7c280fe070 msgr2=0x7f7c281004a0 unknown :-1 s=STATE_NONE l=0).mark_down
2024-03-26T18:54:26.970 INFO:teuthology.orchestra.run.smithi092.stdout:/usr/bin/ceph: stderr
2024-03-26T18:54:26.027+0000 7f7c2e486700 1 -- 172.21.15.92:0/461782362 shutdown_connections
2024-03-26T18:54:26.970 INFO:teuthology.orchestra.run.smithi092.stdout:/usr/bin/ceph: stderr
2024-03-26T18:54:26.027+0000 7f7c2e486700 1 -- 172.21.15.92:0/461782362 wait complete.
2024-03-26T18:54:26.970 INFO:teuthology.orchestra.run.smithi092.stdout:/usr/bin/ceph: stderr
2024-03-26T18:54:26.028+0000 7f7c2e486700 1 Processor -- start
2024-03-26T18:54:26.970 INFO:teuthology.orchestra.run.smithi092.stdout:/usr/bin/ceph: stderr
2024-03-26T18:54:26.028+0000 7f7c2e486700 1 -- start start
2024-03-26T18:54:26.970 INFO:teuthology.orchestra.run.smithi092.stdout:/usr/bin/ceph: stderr
2024-03-26T18:54:26.028+0000 7f7c2e486700 1 --2- >> [v2:172.21.15.92:3300/0,v1:172.21.15.92:6789/0] conn(0x7f7c28102910 0x7f7c28111700 unknown :-1 s=NONE pgs=0 cs=0 l=1 rev1=0 crypto rx=0 tx=0 comp rx=0 tx=0).connect
2024-03-26T18:54:26.970 INFO:teuthology.orchestra.run.smithi092.stdout:/usr/bin/ceph: stderr
2024-03-26T18:54:26.028+0000 7f7c2e486700 1 -- --> [v2:172.21.15.92:3300/0,v1:172.21.15.92:6789/0] -- mon_getmap magic: 0 v1 -- 0x7f7c28111c40 con 0x7f7c28102910
2024-03-26T18:54:26.971 INFO:teuthology.orchestra.run.smithi092.stdout:/usr/bin/ceph: stderr
2024-03-26T18:54:26.028+0000 7f7c27fff700 1 --2- >> [v2:172.21.15.92:3300/0,v1:172.21.15.92:6789/0] conn(0x7f7c28102910 0x7f7c28111700 unknown :-1 s=BANNER_CONNECTING pgs=0 cs=0 l=1 rev1=0 crypto rx=0 tx=0 comp rx=0 tx=0)._handle_peer_banner_payload supported=3 required=0
2024-03-26T18:54:26.971 INFO:teuthology.orchestra.run.smithi092.stdout:/usr/bin/ceph: stderr
2024-03-26T18:54:26.028+0000 7f7c27fff700 1 --2- >> [v2:172.21.15.92:3300/0,v1:172.21.15.92:6789/0] conn(0x7f7c28102910 0x7f7c28111700 unknown :-1 s=HELLO_CONNECTING pgs=0 cs=0 l=1 rev1=1 crypto rx=0 tx=0 comp rx=0 tx=0).handle_hello peer v2:172.21.15.92:3300/0 says I am v2:172.21.15.92:33020/0 (socket says 172.21.15.92:33020)
2024-03-26T18:54:26.971 INFO:teuthology.orchestra.run.smithi092.stdout:/usr/bin/ceph: stderr
2024-03-26T18:54:26.028+0000 7f7c27fff700 1 -- 172.21.15.92:0/1813590662 learned_addr learned my addr 172.21.15.92:0/1813590662 (peer_addr_for_me v2:172.21.15.92:0/0)
2024-03-26T18:54:26.971 INFO:teuthology.orchestra.run.smithi092.stdout:/usr/bin/ceph: stderr
2024-03-26T18:54:26.028+0000 7f7c27fff700 1 -- 172.21.15.92:0/1813590662 --> [v2:172.21.15.92:3300/0,v1:172.21.15.92:6789/0] -- mon_subscribe({config=0+,monmap=0+}) v3 -- 0x7f7c180094f0 con 0x7f7c28102910
2024-03-26T18:54:26.971 INFO:teuthology.orchestra.run.smithi092.stdout:/usr/bin/ceph: stderr
2024-03-26T18:54:26.028+0000 7f7c27fff700 1 --2- 172.21.15.92:0/1813590662 >> [v2:172.21.15.92:3300/0,v1:172.21.15.92:6789/0] conn(0x7f7c28102910 0x7f7c28111700 secure :-1 s=READY pgs=46 cs=0 l=1 rev1=1 crypto rx=0x7f7c18000c00 tx=0x7f7c18009250 comp rx=0 tx=0).ready entity=mon.0 client_cookie=0 server_cookie=0 in_seq=0 out_seq=0
2024-03-26T18:54:26.971 INFO:teuthology.orchestra.run.smithi092.stdout:/usr/bin/ceph: stderr
2024-03-26T18:54:26.029+0000 7f7c24ff9700 1 -- 172.21.15.92:0/1813590662 <== mon.0 v2:172.21.15.92:3300/0 1 ==== mon_map magic: 0 v1 ==== 229+0+0 (secure 0 0 0) 0x7f7c180107c0 con 0x7f7c28102910
2024-03-26T18:54:26.971 INFO:teuthology.orchestra.run.smithi092.stdout:/usr/bin/ceph: stderr
2024-03-26T18:54:26.029+0000 7f7c24ff9700 1 -- 172.21.15.92:0/1813590662 <== mon.0 v2:172.21.15.92:3300/0 2 ==== config(27 keys) v1 ==== 1044+0+0 (secure 0 0 0) 0x7f7c18010db0 con 0x7f7c28102910
2024-03-26T18:54:26.971 INFO:teuthology.orchestra.run.smithi092.stdout:/usr/bin/ceph: stderr
2024-03-26T18:54:26.029+0000 7f7c2e486700 1 -- 172.21.15.92:0/1813590662 --> [v2:172.21.15.92:3300/0,v1:172.21.15.92:6789/0] -- mon_subscribe({mgrmap=0+}) v3 -- 0x7f7c28111e40 con 0x7f7c28102910
2024-03-26T18:54:26.971 INFO:teuthology.orchestra.run.smithi092.stdout:/usr/bin/ceph: stderr
2024-03-26T18:54:26.029+0000 7f7c24ff9700 1 -- 172.21.15.92:0/1813590662 <== mon.0 v2:172.21.15.92:3300/0 3 ==== mon_map magic: 0 v1 ==== 229+0+0 (secure 0 0 0) 0x7f7c1801ad00 con 0x7f7c28102910
2024-03-26T18:54:26.971 INFO:teuthology.orchestra.run.smithi092.stdout:/usr/bin/ceph: stderr
2024-03-26T18:54:26.029+0000 7f7c2e486700 1 -- 172.21.15.92:0/1813590662 --> [v2:172.21.15.92:3300/0,v1:172.21.15.92:6789/0] -- mon_subscribe({osdmap=0}) v3 -- 0x7f7c281129b0 con 0x7f7c28102910
2024-03-26T18:54:26.971 INFO:teuthology.orchestra.run.smithi092.stdout:/usr/bin/ceph: stderr
2024-03-26T18:54:26.029+0000 7f7c24ff9700 1 -- 172.21.15.92:0/1813590662 <== mon.0 v2:172.21.15.92:3300/0 4 ==== mgrmap(e 8) v1 ==== 43368+0+0 (secure 0 0 0) 0x7f7c180193c0 con 0x7f7c28102910
2024-03-26T18:54:26.971 INFO:teuthology.orchestra.run.smithi092.stdout:/usr/bin/ceph: stderr
2024-03-26T18:54:26.030+0000 7f7c2e486700 1 -- 172.21.15.92:0/1813590662 --> [v2:172.21.15.92:3300/0,v1:172.21.15.92:6789/0] -- mon_command({"prefix": "get_command_descriptions"} v 0) v1 -- 0x7f7c2805f5f0 con 0x7f7c28102910
2024-03-26T18:54:26.971 INFO:teuthology.orchestra.run.smithi092.stdout:/usr/bin/ceph: stderr
2024-03-26T18:54:26.030+0000 7f7c24ff9700 1 --2- 172.21.15.92:0/1813590662 >> [v2:172.21.15.92:6800/2613542190,v1:172.21.15.92:6801/2613542190] conn(0x7f7c10036790 0x7f7c10038c40 unknown :-1 s=NONE pgs=0 cs=0 l=1 rev1=0 crypto rx=0 tx=0 comp rx=0 tx=0).connect
2024-03-26T18:54:26.971 INFO:teuthology.orchestra.run.smithi092.stdout:/usr/bin/ceph: stderr
2024-03-26T18:54:26.030+0000 7f7c24ff9700 1 -- 172.21.15.92:0/1813590662 <== mon.0 v2:172.21.15.92:3300/0 5 ==== osd_map(2..2 src has 1..2) v4 ==== 936+0+0 (secure 0 0 0) 0x7f7c1804a620 con 0x7f7c28102910
2024-03-26T18:54:26.972 INFO:teuthology.orchestra.run.smithi092.stdout:/usr/bin/ceph: stderr
2024-03-26T18:54:26.030+0000 7f7c277fe700 1 --2- 172.21.15.92:0/1813590662 >> [v2:172.21.15.92:6800/2613542190,v1:172.21.15.92:6801/2613542190] conn(0x7f7c10036790 0x7f7c10038c40 unknown :-1 s=BANNER_CONNECTING pgs=0 cs=0 l=1 rev1=0 crypto rx=0 tx=0 comp rx=0 tx=0)._handle_peer_banner_payload supported=3 required=0
2024-03-26T18:54:26.972 INFO:teuthology.orchestra.run.smithi092.stdout:/usr/bin/ceph: stderr
2024-03-26T18:54:26.030+0000 7f7c277fe700 1 --2- 172.21.15.92:0/1813590662 >> [v2:172.21.15.92:6800/2613542190,v1:172.21.15.92:6801/2613542190] conn(0x7f7c10036790 0x7f7c10038c40 secure :-1 s=READY pgs=12 cs=0 l=1 rev1=1 crypto rx=0x7f7c1c009990 tx=0x7f7c1c006e40 comp rx=0 tx=0).ready entity=mgr.14118 client_cookie=0 server_cookie=0 in_seq=0 out_seq=0
2024-03-26T18:54:26.972 INFO:teuthology.orchestra.run.smithi092.stdout:/usr/bin/ceph: stderr
2024-03-26T18:54:26.034+0000 7f7c24ff9700 1 -- 172.21.15.92:0/1813590662 <== mon.0 v2:172.21.15.92:3300/0 6 ==== mon_command_ack([{"prefix": "get_command_descriptions"}]=0 v0) v1 ==== 72+0+176504 (secure 0 0 0) 0x7f7c18022930 con 0x7f7c28102910
2024-03-26T18:54:26.972 INFO:teuthology.orchestra.run.smithi092.stdout:/usr/bin/ceph: stderr
2024-03-26T18:54:26.254+0000 7f7c2e486700 1 -- 172.21.15.92:0/1813590662 --> [v2:172.21.15.92:6800/2613542190,v1:172.21.15.92:6801/2613542190] -- mgr_command(tid 0: {"prefix": "orch apply", "service_type": "mon", "target": ["mon-mgr", ""]}) v1 -- 0x7f7c280ff340 con 0x7f7c10036790
2024-03-26T18:54:26.972 INFO:teuthology.orchestra.run.smithi092.stdout:/usr/bin/ceph: stderr
2024-03-26T18:54:26.259+0000 7f7c24ff9700 1 -- 172.21.15.92:0/1813590662 <== mgr.14118 v2:172.21.15.92:6800/2613542190 1 ==== mgr_command_reply(tid 0: 0 ) v1 ==== 8+0+24 (secure 0 0 0) 0x7f7c280ff340 con 0x7f7c10036790
2024-03-26T18:54:26.972 INFO:teuthology.orchestra.run.smithi092.stdout:/usr/bin/ceph: stderr
2024-03-26T18:54:26.261+0000 7f7c2e486700 1 -- 172.21.15.92:0/1813590662 >> [v2:172.21.15.92:6800/2613542190,v1:172.21.15.92:6801/2613542190] conn(0x7f7c10036790 msgr2=0x7f7c10038c40 secure :-1 s=STATE_CONNECTION_ESTABLISHED l=1).mark_down
2024-03-26T18:54:26.972 INFO:teuthology.orchestra.run.smithi092.stdout:/usr/bin/ceph: stderr
2024-03-26T18:54:26.261+0000 7f7c2e486700 1 --2- 172.21.15.92:0/1813590662 >> [v2:172.21.15.92:6800/2613542190,v1:172.21.15.92:6801/2613542190] conn(0x7f7c10036790 0x7f7c10038c40 secure :-1 s=READY pgs=12 cs=0 l=1 rev1=1 crypto rx=0x7f7c1c009990 tx=0x7f7c1c006e40 comp rx=0 tx=0).stop
2024-03-26T18:54:26.972 INFO:teuthology.orchestra.run.smithi092.stdout:/usr/bin/ceph: stderr
2024-03-26T18:54:26.261+0000 7f7c2e486700 1 -- 172.21.15.92:0/1813590662 >> [v2:172.21.15.92:3300/0,v1:172.21.15.92:6789/0] conn(0x7f7c28102910 msgr2=0x7f7c28111700 secure :-1 s=STATE_CONNECTION_ESTABLISHED l=1).mark_down
2024-03-26T18:54:26.972 INFO:teuthology.orchestra.run.smithi092.stdout:/usr/bin/ceph: stderr
2024-03-26T18:54:26.261+0000 7f7c2e486700 1 --2- 172.21.15.92:0/1813590662 >> [v2:172.21.15.92:3300/0,v1:172.21.15.92:6789/0] conn(0x7f7c28102910 0x7f7c28111700 secure :-1 s=READY pgs=46 cs=0 l=1 rev1=1 crypto rx=0x7f7c18000c00 tx=0x7f7c18009250 comp rx=0 tx=0).stop
2024-03-26T18:54:26.972 INFO:teuthology.orchestra.run.smithi092.stdout:/usr/bin/ceph: stderr
2024-03-26T18:54:26.261+0000 7f7c2e486700 1 -- 172.21.15.92:0/1813590662 shutdown_connections
2024-03-26T18:54:26.972 INFO:teuthology.orchestra.run.smithi092.stdout:/usr/bin/ceph: stderr
2024-03-26T18:54:26.261+0000 7f7c2e486700 1 --2- 172.21.15.92:0/1813590662 >> [v2:172.21.15.92:6800/2613542190,v1:172.21.15.92:6801/2613542190] conn(0x7f7c10036790 0x7f7c10038c40 unknown :-1 s=CLOSED pgs=12 cs=0 l=1 rev1=1 crypto rx=0 tx=0 comp rx=0 tx=0).stop
2024-03-26T18:54:26.972 INFO:teuthology.orchestra.run.smithi092.stdout:/usr/bin/ceph: stderr
2024-03-26T18:54:26.261+0000 7f7c2e486700 1 --2- 172.21.15.92:0/1813590662 >> [v2:172.21.15.92:3300/0,v1:172.21.15.92:6789/0] conn(0x7f7c28102910 0x7f7c28111700 unknown :-1 s=CLOSED pgs=46 cs=0 l=1 rev1=1 crypto rx=0 tx=0 comp rx=0 tx=0).stop
2024-03-26T18:54:26.972 INFO:teuthology.orchestra.run.smithi092.stdout:/usr/bin/ceph: stderr
2024-03-26T18:54:26.261+0000 7f7c2e486700 1 -- 172.21.15.92:0/1813590662 >> 172.21.15.92:0/1813590662 conn(0x7f7c280fe070 msgr2=0x7f7c280fec10 unknown :-1 s=STATE_NONE l=0).mark_down
2024-03-26T18:54:26.973 INFO:teuthology.orchestra.run.smithi092.stdout:/usr/bin/ceph: stderr
2024-03-26T18:54:26.261+0000 7f7c2e486700 1 -- 172.21.15.92:0/1813590662 shutdown_connections
2024-03-26T18:54:26.973 INFO:teuthology.orchestra.run.smithi092.stdout:/usr/bin/ceph: stderr
2024-03-26T18:54:26.261+0000 7f7c2e486700 1 -- 172.21.15.92:0/1813590662 wait complete.
2024-03-26T18:54:26.973 INFO:teuthology.orchestra.run.smithi092.stdout:Deploying mgr service with default placement...
2024-03-26T18:54:27.583 INFO:journalctl@ceph.mon.smithi092.smithi092.stdout:Mar 26 18:54:27 smithi092 ceph-mon[29445]: from='client.14140 -' entity='client.admin' cmd=[{"prefix": "orch apply", "service_type": "mon", "target": ["mon-mgr", ""]}]: dispatch
2024-03-26T18:54:27.583 INFO:journalctl@ceph.mon.smithi092.smithi092.stdout:Mar 26 18:54:27 smithi092 ceph-mon[29445]: Saving service mon spec with placement count:5
2024-03-26T18:54:27.584 INFO:journalctl@ceph.mon.smithi092.smithi092.stdout:Mar 26 18:54:27 smithi092 ceph-mon[29445]: from='mgr.14118 172.21.15.92:0/733296580' entity='mgr.smithi092.syesti'
2024-03-26T18:54:28.852 INFO:journalctl@ceph.mon.smithi092.smithi092.stdout:Mar 26 18:54:28 smithi092 ceph-mon[29445]: from='client.14142 -' entity='client.admin' cmd=[{"prefix": "orch apply", "service_type": "mgr", "target": ["mon-mgr", ""]}]: dispatch
2024-03-26T18:54:28.853 INFO:journalctl@ceph.mon.smithi092.smithi092.stdout:Mar 26 18:54:28 smithi092 ceph-mon[29445]: Saving service mgr spec with placement count:2
2024-03-26T18:54:28.853 INFO:journalctl@ceph.mon.smithi092.smithi092.stdout:Mar 26 18:54:28 smithi092 ceph-mon[29445]: from='mgr.14118 172.21.15.92:0/733296580' entity='mgr.smithi092.syesti'
2024-03-26T18:54:28.853 INFO:journalctl@ceph.mon.smithi092.smithi092.stdout:Mar 26 18:54:28 smithi092 ceph-mon[29445]: from='mgr.14118 172.21.15.92:0/733296580' entity='mgr.smithi092.syesti'
2024-03-26T18:54:29.007 INFO:teuthology.orchestra.run.smithi092.stdout:/usr/bin/ceph: stdout Scheduled mgr update...
2024-03-26T18:54:29.007 INFO:teuthology.orchestra.run.smithi092.stdout:/usr/bin/ceph: stderr
2024-03-26T18:54:27.404+0000 7f078adba700 1 Processor -- start
2024-03-26T18:54:29.008 INFO:teuthology.orchestra.run.smithi092.stdout:/usr/bin/ceph: stderr
2024-03-26T18:54:27.404+0000 7f078adba700 1 -- start start
2024-03-26T18:54:29.008 INFO:teuthology.orchestra.run.smithi092.stdout:/usr/bin/ceph: stderr
2024-03-26T18:54:27.404+0000 7f078adba700 1 --2- >> [v2:172.21.15.92:3300/0,v1:172.21.15.92:6789/0] conn(0x7f0784102920 0x7f0784102d30 unknown :-1 s=NONE pgs=0 cs=0 l=0 rev1=0 crypto rx=0 tx=0 comp rx=0 tx=0).connect
2024-03-26T18:54:29.008 INFO:teuthology.orchestra.run.smithi092.stdout:/usr/bin/ceph: stderr
2024-03-26T18:54:27.404+0000 7f078adba700 1 -- --> [v2:172.21.15.92:3300/0,v1:172.21.15.92:6789/0] -- mon_getmap magic: 0 v1 -- 0x7f0784103270 con 0x7f0784102920
2024-03-26T18:54:29.008 INFO:teuthology.orchestra.run.smithi092.stdout:/usr/bin/ceph: stderr
2024-03-26T18:54:27.404+0000 7f0788b56700 1 --2- >> [v2:172.21.15.92:3300/0,v1:172.21.15.92:6789/0] conn(0x7f0784102920 0x7f0784102d30 unknown :-1 s=BANNER_CONNECTING pgs=0 cs=0 l=0 rev1=0 crypto rx=0 tx=0 comp rx=0 tx=0)._handle_peer_banner_payload supported=3 required=0
2024-03-26T18:54:29.008 INFO:teuthology.orchestra.run.smithi092.stdout:/usr/bin/ceph: stderr
2024-03-26T18:54:27.404+0000 7f0788b56700 1 --2- >> [v2:172.21.15.92:3300/0,v1:172.21.15.92:6789/0] conn(0x7f0784102920 0x7f0784102d30 unknown :-1 s=HELLO_CONNECTING pgs=0 cs=0 l=0 rev1=1 crypto rx=0 tx=0 comp rx=0 tx=0).handle_hello peer v2:172.21.15.92:3300/0 says I am v2:172.21.15.92:33036/0 (socket says 172.21.15.92:33036)
2024-03-26T18:54:29.008 INFO:teuthology.orchestra.run.smithi092.stdout:/usr/bin/ceph: stderr
2024-03-26T18:54:27.404+0000 7f0788b56700 1 -- 172.21.15.92:0/1339109757 learned_addr learned my addr 172.21.15.92:0/1339109757 (peer_addr_for_me v2:172.21.15.92:0/0)
2024-03-26T18:54:29.008 INFO:teuthology.orchestra.run.smithi092.stdout:/usr/bin/ceph: stderr
2024-03-26T18:54:27.404+0000 7f0788b56700 1 -- 172.21.15.92:0/1339109757 --> [v2:172.21.15.92:3300/0,v1:172.21.15.92:6789/0] -- mon_subscribe({config=0+,monmap=0+}) v3 -- 0x7f07841033b0 con 0x7f0784102920
2024-03-26T18:54:29.008 INFO:teuthology.orchestra.run.smithi092.stdout:/usr/bin/ceph: stderr
2024-03-26T18:54:27.404+0000 7f0788b56700 1 --2- 172.21.15.92:0/1339109757 >> [v2:172.21.15.92:3300/0,v1:172.21.15.92:6789/0] conn(0x7f0784102920 0x7f0784102d30 secure :-1 s=READY pgs=47 cs=0 l=1 rev1=1 crypto rx=0x7f07780098e0 tx=0x7f0778009250 comp rx=0 tx=0).ready entity=mon.0 client_cookie=66e417e6f62bcf8f server_cookie=0 in_seq=0 out_seq=0
2024-03-26T18:54:29.008 INFO:teuthology.orchestra.run.smithi092.stdout:/usr/bin/ceph: stderr
2024-03-26T18:54:27.405+0000 7f07837fe700 1 -- 172.21.15.92:0/1339109757 <== mon.0 v2:172.21.15.92:3300/0 1 ==== mon_map magic: 0 v1 ==== 229+0+0 (secure 0 0 0) 0x7f077800b860 con 0x7f0784102920
2024-03-26T18:54:29.008 INFO:teuthology.orchestra.run.smithi092.stdout:/usr/bin/ceph: stderr
2024-03-26T18:54:27.405+0000 7f07837fe700 1 -- 172.21.15.92:0/1339109757 <== mon.0 v2:172.21.15.92:3300/0 2 ==== config(27 keys) v1 ==== 1044+0+0 (secure 0 0 0) 0x7f077800be50 con 0x7f0784102920
2024-03-26T18:54:29.008 INFO:teuthology.orchestra.run.smithi092.stdout:/usr/bin/ceph: stderr
2024-03-26T18:54:27.405+0000 7f07837fe700 1 -- 172.21.15.92:0/1339109757 <== mon.0 v2:172.21.15.92:3300/0 3 ==== mon_map magic: 0 v1 ==== 229+0+0 (secure 0 0 0) 0x7f0778010380 con 0x7f0784102920
2024-03-26T18:54:29.008 INFO:teuthology.orchestra.run.smithi092.stdout:/usr/bin/ceph: stderr
2024-03-26T18:54:27.405+0000 7f078adba700 1 -- 172.21.15.92:0/1339109757 >> [v2:172.21.15.92:3300/0,v1:172.21.15.92:6789/0] conn(0x7f0784102920 msgr2=0x7f0784102d30 secure :-1 s=STATE_CONNECTION_ESTABLISHED l=1).mark_down
2024-03-26T18:54:29.008 INFO:teuthology.orchestra.run.smithi092.stdout:/usr/bin/ceph: stderr
2024-03-26T18:54:27.405+0000 7f078adba700 1 --2- 172.21.15.92:0/1339109757 >> [v2:172.21.15.92:3300/0,v1:172.21.15.92:6789/0] conn(0x7f0784102920 0x7f0784102d30 secure :-1 s=READY pgs=47 cs=0 l=1 rev1=1 crypto rx=0x7f07780098e0 tx=0x7f0778009250 comp rx=0 tx=0).stop
2024-03-26T18:54:29.009 INFO:teuthology.orchestra.run.smithi092.stdout:/usr/bin/ceph: stderr
2024-03-26T18:54:27.405+0000 7f078adba700 1 -- 172.21.15.92:0/1339109757 shutdown_connections
2024-03-26T18:54:29.009 INFO:teuthology.orchestra.run.smithi092.stdout:/usr/bin/ceph: stderr
2024-03-26T18:54:27.405+0000 7f078adba700 1 --2- 172.21.15.92:0/1339109757 >> [v2:172.21.15.92:3300/0,v1:172.21.15.92:6789/0] conn(0x7f0784102920 0x7f0784102d30 unknown :-1 s=CLOSED pgs=47 cs=0 l=1 rev1=1 crypto rx=0 tx=0 comp rx=0 tx=0).stop
2024-03-26T18:54:29.009 INFO:teuthology.orchestra.run.smithi092.stdout:/usr/bin/ceph: stderr
2024-03-26T18:54:27.405+0000 7f078adba700 1 -- 172.21.15.92:0/1339109757 >> 172.21.15.92:0/1339109757 conn(0x7f07840fe0a0 msgr2=0x7f07841004b0 unknown :-1 s=STATE_NONE l=0).mark_down
2024-03-26T18:54:29.009 INFO:teuthology.orchestra.run.smithi092.stdout:/usr/bin/ceph: stderr
2024-03-26T18:54:27.405+0000 7f078adba700 1 -- 172.21.15.92:0/1339109757 shutdown_connections
2024-03-26T18:54:29.009 INFO:teuthology.orchestra.run.smithi092.stdout:/usr/bin/ceph: stderr
2024-03-26T18:54:27.405+0000 7f078adba700 1 -- 172.21.15.92:0/1339109757 wait complete.
2024-03-26T18:54:29.009 INFO:teuthology.orchestra.run.smithi092.stdout:/usr/bin/ceph: stderr
2024-03-26T18:54:27.406+0000 7f078adba700 1 Processor -- start
2024-03-26T18:54:29.009 INFO:teuthology.orchestra.run.smithi092.stdout:/usr/bin/ceph: stderr
2024-03-26T18:54:27.406+0000 7f078adba700 1 -- start start
2024-03-26T18:54:29.009 INFO:teuthology.orchestra.run.smithi092.stdout:/usr/bin/ceph: stderr
2024-03-26T18:54:27.406+0000 7f078adba700 1 --2- >> [v2:172.21.15.92:3300/0,v1:172.21.15.92:6789/0] conn(0x7f0784102920 0x7f0784078c40 unknown :-1 s=NONE pgs=0 cs=0 l=1 rev1=0 crypto rx=0 tx=0 comp rx=0 tx=0).connect
2024-03-26T18:54:29.009 INFO:teuthology.orchestra.run.smithi092.stdout:/usr/bin/ceph: stderr
2024-03-26T18:54:27.406+0000 7f078adba700 1 -- --> [v2:172.21.15.92:3300/0,v1:172.21.15.92:6789/0] -- mon_getmap magic: 0 v1 -- 0x7f0784079180 con 0x7f0784102920
2024-03-26T18:54:29.009 INFO:teuthology.orchestra.run.smithi092.stdout:/usr/bin/ceph: stderr
2024-03-26T18:54:27.406+0000 7f0788b56700 1 --2- >> [v2:172.21.15.92:3300/0,v1:172.21.15.92:6789/0] conn(0x7f0784102920 0x7f0784078c40 unknown :-1 s=BANNER_CONNECTING pgs=0 cs=0 l=1 rev1=0 crypto rx=0 tx=0 comp rx=0 tx=0)._handle_peer_banner_payload supported=3 required=0
2024-03-26T18:54:29.009 INFO:teuthology.orchestra.run.smithi092.stdout:/usr/bin/ceph: stderr
2024-03-26T18:54:27.406+0000 7f0788b56700 1 --2- >> [v2:172.21.15.92:3300/0,v1:172.21.15.92:6789/0] conn(0x7f0784102920 0x7f0784078c40 unknown :-1 s=HELLO_CONNECTING pgs=0 cs=0 l=1 rev1=1 crypto rx=0 tx=0 comp rx=0 tx=0).handle_hello peer v2:172.21.15.92:3300/0 says I am v2:172.21.15.92:33052/0 (socket says 172.21.15.92:33052)
2024-03-26T18:54:29.009 INFO:teuthology.orchestra.run.smithi092.stdout:/usr/bin/ceph: stderr
2024-03-26T18:54:27.406+0000 7f0788b56700 1 -- 172.21.15.92:0/3943734397 learned_addr learned my addr 172.21.15.92:0/3943734397 (peer_addr_for_me v2:172.21.15.92:0/0)
2024-03-26T18:54:29.009 INFO:teuthology.orchestra.run.smithi092.stdout:/usr/bin/ceph: stderr
2024-03-26T18:54:27.407+0000 7f0788b56700 1 -- 172.21.15.92:0/3943734397 --> [v2:172.21.15.92:3300/0,v1:172.21.15.92:6789/0] -- mon_subscribe({config=0+,monmap=0+}) v3 -- 0x7f07780094f0 con 0x7f0784102920
2024-03-26T18:54:29.010 INFO:teuthology.orchestra.run.smithi092.stdout:/usr/bin/ceph: stderr
2024-03-26T18:54:27.407+0000 7f0788b56700 1 --2- 172.21.15.92:0/3943734397 >> [v2:172.21.15.92:3300/0,v1:172.21.15.92:6789/0] conn(0x7f0784102920 0x7f0784078c40 secure :-1 s=READY pgs=48 cs=0 l=1 rev1=1 crypto rx=0x7f077800b440 tx=0x7f0778009250 comp rx=0 tx=0).ready entity=mon.0 client_cookie=0 server_cookie=0 in_seq=0 out_seq=0
2024-03-26T18:54:29.010 INFO:teuthology.orchestra.run.smithi092.stdout:/usr/bin/ceph: stderr
2024-03-26T18:54:27.407+0000 7f07817fa700 1 -- 172.21.15.92:0/3943734397 <== mon.0 v2:172.21.15.92:3300/0 1 ==== mon_map magic: 0 v1 ==== 229+0+0 (secure 0 0 0) 0x7f0778010760 con 0x7f0784102920
2024-03-26T18:54:29.010 INFO:teuthology.orchestra.run.smithi092.stdout:/usr/bin/ceph: stderr
2024-03-26T18:54:27.407+0000 7f07817fa700 1 -- 172.21.15.92:0/3943734397 <== mon.0 v2:172.21.15.92:3300/0 2 ==== config(27 keys) v1 ==== 1044+0+0 (secure 0 0 0) 0x7f0778010d50 con 0x7f0784102920
2024-03-26T18:54:29.010 INFO:teuthology.orchestra.run.smithi092.stdout:/usr/bin/ceph: stderr
2024-03-26T18:54:27.407+0000 7f07817fa700 1 -- 172.21.15.92:0/3943734397 <== mon.0 v2:172.21.15.92:3300/0 3 ==== mon_map magic: 0 v1 ==== 229+0+0 (secure 0 0 0) 0x7f077801ae20 con 0x7f0784102920
2024-03-26T18:54:29.010 INFO:teuthology.orchestra.run.smithi092.stdout:/usr/bin/ceph: stderr
2024-03-26T18:54:27.407+0000 7f078adba700 1 -- 172.21.15.92:0/3943734397 --> [v2:172.21.15.92:3300/0,v1:172.21.15.92:6789/0] -- mon_subscribe({mgrmap=0+}) v3 -- 0x7f07840771f0 con 0x7f0784102920
2024-03-26T18:54:29.010 INFO:teuthology.orchestra.run.smithi092.stdout:/usr/bin/ceph: stderr
2024-03-26T18:54:27.407+0000 7f078adba700 1 -- 172.21.15.92:0/3943734397 --> [v2:172.21.15.92:3300/0,v1:172.21.15.92:6789/0] -- mon_subscribe({osdmap=0}) v3 -- 0x7f07840776e0 con 0x7f0784102920
2024-03-26T18:54:29.010 INFO:teuthology.orchestra.run.smithi092.stdout:/usr/bin/ceph: stderr
2024-03-26T18:54:27.408+0000 7f07817fa700 1 -- 172.21.15.92:0/3943734397 <== mon.0 v2:172.21.15.92:3300/0 4 ==== mgrmap(e 8) v1 ==== 43368+0+0 (secure 0 0 0) 0x7f077802e440 con 0x7f0784102920
2024-03-26T18:54:29.010 INFO:teuthology.orchestra.run.smithi092.stdout:/usr/bin/ceph: stderr
2024-03-26T18:54:27.408+0000 7f07817fa700 1 --2- 172.21.15.92:0/3943734397 >> [v2:172.21.15.92:6800/2613542190,v1:172.21.15.92:6801/2613542190] conn(0x7f07740367e0 0x7f0774038c90 unknown :-1 s=NONE pgs=0 cs=0 l=1 rev1=0 crypto rx=0 tx=0 comp rx=0 tx=0).connect
2024-03-26T18:54:29.010 INFO:teuthology.orchestra.run.smithi092.stdout:/usr/bin/ceph: stderr
2024-03-26T18:54:27.408+0000 7f078adba700 1 -- 172.21.15.92:0/3943734397 --> [v2:172.21.15.92:3300/0,v1:172.21.15.92:6789/0] -- mon_command({"prefix": "get_command_descriptions"} v 0) v1 -- 0x7f078404bed0 con 0x7f0784102920
2024-03-26T18:54:29.010 INFO:teuthology.orchestra.run.smithi092.stdout:/usr/bin/ceph: stderr
2024-03-26T18:54:27.408+0000 7f07817fa700 1 -- 172.21.15.92:0/3943734397 <== mon.0 v2:172.21.15.92:3300/0 5 ==== osd_map(2..2 src has 1..2) v4 ==== 936+0+0 (secure 0 0 0) 0x7f077804a5f0 con 0x7f0784102920
2024-03-26T18:54:29.010 INFO:teuthology.orchestra.run.smithi092.stdout:/usr/bin/ceph: stderr
2024-03-26T18:54:27.408+0000 7f0783fff700 1 --2- 172.21.15.92:0/3943734397 >> [v2:172.21.15.92:6800/2613542190,v1:172.21.15.92:6801/2613542190] conn(0x7f07740367e0 0x7f0774038c90 unknown :-1 s=BANNER_CONNECTING pgs=0 cs=0 l=1 rev1=0 crypto rx=0 tx=0 comp rx=0 tx=0)._handle_peer_banner_payload supported=3 required=0
2024-03-26T18:54:29.010 INFO:teuthology.orchestra.run.smithi092.stdout:/usr/bin/ceph: stderr
2024-03-26T18:54:27.408+0000 7f0783fff700 1 --2- 172.21.15.92:0/3943734397 >> [v2:172.21.15.92:6800/2613542190,v1:172.21.15.92:6801/2613542190] conn(0x7f07740367e0 0x7f0774038c90 secure :-1 s=READY pgs=13 cs=0 l=1 rev1=1 crypto rx=0x7f0770009990 tx=0x7f0770006e40 comp rx=0 tx=0).ready entity=mgr.14118 client_cookie=0 server_cookie=0 in_seq=0 out_seq=0
2024-03-26T18:54:29.010 INFO:teuthology.orchestra.run.smithi092.stdout:/usr/bin/ceph: stderr
2024-03-26T18:54:27.413+0000 7f07817fa700 1 -- 172.21.15.92:0/3943734397 <== mon.0 v2:172.21.15.92:3300/0 6 ==== mon_command_ack([{"prefix": "get_command_descriptions"}]=0 v0) v1 ==== 72+0+176504 (secure 0 0 0) 0x7f0778018710 con 0x7f0784102920
2024-03-26T18:54:29.011 INFO:teuthology.orchestra.run.smithi092.stdout:/usr/bin/ceph: stderr
2024-03-26T18:54:27.615+0000 7f078adba700 1 -- 172.21.15.92:0/3943734397 --> [v2:172.21.15.92:6800/2613542190,v1:172.21.15.92:6801/2613542190] -- mgr_command(tid 0: {"prefix": "orch apply", "service_type": "mgr", "target": ["mon-mgr", ""]}) v1 -- 0x7f0784077df0 con 0x7f07740367e0
2024-03-26T18:54:29.011 INFO:teuthology.orchestra.run.smithi092.stdout:/usr/bin/ceph: stderr
2024-03-26T18:54:27.622+0000 7f07817fa700 1 -- 172.21.15.92:0/3943734397 <== mgr.14118 v2:172.21.15.92:6800/2613542190 1 ==== mgr_command_reply(tid 0: 0 ) v1 ==== 8+0+24 (secure 0 0 0) 0x7f0784077df0 con 0x7f07740367e0
2024-03-26T18:54:29.011 INFO:teuthology.orchestra.run.smithi092.stdout:/usr/bin/ceph: stderr
2024-03-26T18:54:27.624+0000 7f078adba700 1 -- 172.21.15.92:0/3943734397 >> [v2:172.21.15.92:6800/2613542190,v1:172.21.15.92:6801/2613542190] conn(0x7f07740367e0 msgr2=0x7f0774038c90 secure :-1 s=STATE_CONNECTION_ESTABLISHED l=1).mark_down
2024-03-26T18:54:29.011 INFO:teuthology.orchestra.run.smithi092.stdout:/usr/bin/ceph: stderr
2024-03-26T18:54:27.624+0000 7f078adba700 1 --2- 172.21.15.92:0/3943734397 >> [v2:172.21.15.92:6800/2613542190,v1:172.21.15.92:6801/2613542190] conn(0x7f07740367e0 0x7f0774038c90 secure :-1 s=READY pgs=13 cs=0 l=1 rev1=1 crypto rx=0x7f0770009990 tx=0x7f0770006e40 comp rx=0 tx=0).stop
2024-03-26T18:54:29.011 INFO:teuthology.orchestra.run.smithi092.stdout:/usr/bin/ceph: stderr
2024-03-26T18:54:27.624+0000 7f078adba700 1 -- 172.21.15.92:0/3943734397 >> [v2:172.21.15.92:3300/0,v1:172.21.15.92:6789/0] conn(0x7f0784102920 msgr2=0x7f0784078c40 secure :-1 s=STATE_CONNECTION_ESTABLISHED l=1).mark_down
2024-03-26T18:54:29.011 INFO:teuthology.orchestra.run.smithi092.stdout:/usr/bin/ceph: stderr
2024-03-26T18:54:27.624+0000 7f078adba700 1 --2- 172.21.15.92:0/3943734397 >> [v2:172.21.15.92:3300/0,v1:172.21.15.92:6789/0] conn(0x7f0784102920 0x7f0784078c40 secure :-1 s=READY pgs=48 cs=0 l=1 rev1=1 crypto rx=0x7f077800b440 tx=0x7f0778009250 comp rx=0 tx=0).stop
2024-03-26T18:54:29.011 INFO:teuthology.orchestra.run.smithi092.stdout:/usr/bin/ceph: stderr
2024-03-26T18:54:27.624+0000 7f078adba700 1 -- 172.21.15.92:0/3943734397 shutdown_connections
2024-03-26T18:54:29.011 INFO:teuthology.orchestra.run.smithi092.stdout:/usr/bin/ceph: stderr
2024-03-26T18:54:27.624+0000 7f078adba700 1 --2- 172.21.15.92:0/3943734397 >> [v2:172.21.15.92:6800/2613542190,v1:172.21.15.92:6801/2613542190] conn(0x7f07740367e0 0x7f0774038c90 unknown :-1 s=CLOSED pgs=13 cs=0 l=1 rev1=1 crypto rx=0 tx=0 comp rx=0 tx=0).stop
2024-03-26T18:54:29.011 INFO:teuthology.orchestra.run.smithi092.stdout:/usr/bin/ceph: stderr
2024-03-26T18:54:27.624+0000 7f078adba700 1 --2- 172.21.15.92:0/3943734397 >> [v2:172.21.15.92:3300/0,v1:172.21.15.92:6789/0] conn(0x7f0784102920 0x7f0784078c40 unknown :-1 s=CLOSED pgs=48 cs=0 l=1 rev1=1 crypto rx=0 tx=0 comp rx=0 tx=0).stop
2024-03-26T18:54:29.011 INFO:teuthology.orchestra.run.smithi092.stdout:/usr/bin/ceph: stderr
2024-03-26T18:54:27.624+0000 7f078adba700 1 -- 172.21.15.92:0/3943734397 >> 172.21.15.92:0/3943734397 conn(0x7f07840fe0a0 msgr2=0x7f07840fec00 unknown :-1 s=STATE_NONE l=0).mark_down
2024-03-26T18:54:29.011 INFO:teuthology.orchestra.run.smithi092.stdout:/usr/bin/ceph: stderr
2024-03-26T18:54:27.624+0000 7f078adba700 1 -- 172.21.15.92:0/3943734397 shutdown_connections
2024-03-26T18:54:29.011 INFO:teuthology.orchestra.run.smithi092.stdout:/usr/bin/ceph: stderr
2024-03-26T18:54:27.624+0000 7f078adba700 1 -- 172.21.15.92:0/3943734397 wait complete.
2024-03-26T18:54:29.011 INFO:teuthology.orchestra.run.smithi092.stdout:Deploying crash service with default placement...
2024-03-26T18:54:30.188 INFO:teuthology.orchestra.run.smithi092.stdout:/usr/bin/ceph: stdout Scheduled crash update...
2024-03-26T18:54:30.189 INFO:teuthology.orchestra.run.smithi092.stdout:/usr/bin/ceph: stderr
2024-03-26T18:54:29.407+0000 7fc876b93700 1 Processor -- start
2024-03-26T18:54:30.189 INFO:teuthology.orchestra.run.smithi092.stdout:/usr/bin/ceph: stderr
2024-03-26T18:54:29.407+0000 7fc876b93700 1 -- start start
2024-03-26T18:54:30.189 INFO:teuthology.orchestra.run.smithi092.stdout:/usr/bin/ceph: stderr
2024-03-26T18:54:29.408+0000 7fc876b93700 1 --2- >> [v2:172.21.15.92:3300/0,v1:172.21.15.92:6789/0] conn(0x7fc870102de0 0x7fc8701031f0 unknown :-1 s=NONE pgs=0 cs=0 l=0 rev1=0 crypto rx=0 tx=0 comp rx=0 tx=0).connect
2024-03-26T18:54:30.189 INFO:teuthology.orchestra.run.smithi092.stdout:/usr/bin/ceph: stderr
2024-03-26T18:54:29.408+0000 7fc876b93700 1 -- --> [v2:172.21.15.92:3300/0,v1:172.21.15.92:6789/0] -- mon_getmap magic: 0 v1 -- 0x7fc870103730 con 0x7fc870102de0
2024-03-26T18:54:30.189 INFO:teuthology.orchestra.run.smithi092.stdout:/usr/bin/ceph: stderr
2024-03-26T18:54:29.408+0000 7fc87492f700 1 --2- >> [v2:172.21.15.92:3300/0,v1:172.21.15.92:6789/0] conn(0x7fc870102de0 0x7fc8701031f0 unknown :-1 s=BANNER_CONNECTING pgs=0 cs=0 l=0 rev1=0 crypto rx=0 tx=0 comp rx=0 tx=0)._handle_peer_banner_payload supported=3 required=0
2024-03-26T18:54:30.189 INFO:teuthology.orchestra.run.smithi092.stdout:/usr/bin/ceph: stderr
2024-03-26T18:54:29.408+0000 7fc87492f700 1 --2- >> [v2:172.21.15.92:3300/0,v1:172.21.15.92:6789/0] conn(0x7fc870102de0 0x7fc8701031f0 unknown :-1 s=HELLO_CONNECTING pgs=0 cs=0 l=0 rev1=1 crypto rx=0 tx=0 comp rx=0 tx=0).handle_hello peer v2:172.21.15.92:3300/0 says I am v2:172.21.15.92:33054/0 (socket says 172.21.15.92:33054)
2024-03-26T18:54:30.189 INFO:teuthology.orchestra.run.smithi092.stdout:/usr/bin/ceph: stderr
2024-03-26T18:54:29.408+0000 7fc87492f700 1 -- 172.21.15.92:0/237029825 learned_addr learned my addr 172.21.15.92:0/237029825 (peer_addr_for_me v2:172.21.15.92:0/0)
2024-03-26T18:54:30.189 INFO:teuthology.orchestra.run.smithi092.stdout:/usr/bin/ceph: stderr
