2024-03-26T18:54:06.623+0000 7fdb84dad700 1 --2- 172.21.15.92:0/1542344553 >> [v2:172.21.15.92:6800/1397628079,v1:172.21.15.92:6801/1397628079] conn(0x7fdb6c036790 0x7fdb6c038c40 secure :-1 s=READY pgs=6 cs=0 l=1 rev1=1 crypto rx=0x7fdb70009990 tx=0x7fdb70006e40 comp rx=0 tx=0).ready entity=mgr.14100 client_cookie=0 server_cookie=0 in_seq=0 out_seq=0
2024-03-26T18:54:07.396 INFO:teuthology.orchestra.run.smithi092.stdout:/usr/bin/ceph: stderr
2024-03-26T18:54:06.627+0000 7fdb75ffb700 1 -- 172.21.15.92:0/1542344553 <== mon.0 v2:172.21.15.92:3300/0 6 ==== mon_command_ack([{"prefix": "get_command_descriptions"}]=0 v0) v1 ==== 72+0+176504 (secure 0 0 0) 0x7fdb7c019670 con 0x7fdb80103460
2024-03-26T18:54:07.396 INFO:teuthology.orchestra.run.smithi092.stdout:/usr/bin/ceph: stderr
2024-03-26T18:54:06.910+0000 7fdb87812700 1 -- 172.21.15.92:0/1542344553 --> [v2:172.21.15.92:3300/0,v1:172.21.15.92:6789/0] -- mon_command({"prefix": "status", "format": "json-pretty"} v 0) v1 -- 0x7fdb8005f5f0 con 0x7fdb80103460
2024-03-26T18:54:07.396 INFO:teuthology.orchestra.run.smithi092.stdout:/usr/bin/ceph: stderr
2024-03-26T18:54:06.911+0000 7fdb75ffb700 1 -- 172.21.15.92:0/1542344553 <== mon.0 v2:172.21.15.92:3300/0 7 ==== mon_command_ack([{"prefix": "status", "format": "json-pretty"}]=0 v0) v1 ==== 79+0+1248 (secure 0 0 0) 0x7fdb7c022340 con 0x7fdb80103460
2024-03-26T18:54:07.396 INFO:teuthology.orchestra.run.smithi092.stdout:/usr/bin/ceph: stderr
2024-03-26T18:54:06.913+0000 7fdb87812700 1 -- 172.21.15.92:0/1542344553 >> [v2:172.21.15.92:6800/1397628079,v1:172.21.15.92:6801/1397628079] conn(0x7fdb6c036790 msgr2=0x7fdb6c038c40 secure :-1 s=STATE_CONNECTION_ESTABLISHED l=1).mark_down
2024-03-26T18:54:07.396 INFO:teuthology.orchestra.run.smithi092.stdout:/usr/bin/ceph: stderr
2024-03-26T18:54:06.913+0000 7fdb87812700 1 --2- 172.21.15.92:0/1542344553 >> [v2:172.21.15.92:6800/1397628079,v1:172.21.15.92:6801/1397628079] conn(0x7fdb6c036790 0x7fdb6c038c40 secure :-1 s=READY pgs=6 cs=0 l=1 rev1=1 crypto rx=0x7fdb70009990 tx=0x7fdb70006e40 comp rx=0 tx=0).stop
2024-03-26T18:54:07.396 INFO:teuthology.orchestra.run.smithi092.stdout:/usr/bin/ceph: stderr
2024-03-26T18:54:06.913+0000 7fdb87812700 1 -- 172.21.15.92:0/1542344553 >> [v2:172.21.15.92:3300/0,v1:172.21.15.92:6789/0] conn(0x7fdb80103460 msgr2=0x7fdb80111690 secure :-1 s=STATE_CONNECTION_ESTABLISHED l=1).mark_down
2024-03-26T18:54:07.396 INFO:teuthology.orchestra.run.smithi092.stdout:/usr/bin/ceph: stderr
2024-03-26T18:54:06.913+0000 7fdb87812700 1 --2- 172.21.15.92:0/1542344553 >> [v2:172.21.15.92:3300/0,v1:172.21.15.92:6789/0] conn(0x7fdb80103460 0x7fdb80111690 secure :-1 s=READY pgs=17 cs=0 l=1 rev1=1 crypto rx=0x7fdb7c006b00 tx=0x7fdb7c009250 comp rx=0 tx=0).stop
2024-03-26T18:54:07.396 INFO:teuthology.orchestra.run.smithi092.stdout:/usr/bin/ceph: stderr
2024-03-26T18:54:06.913+0000 7fdb87812700 1 -- 172.21.15.92:0/1542344553 shutdown_connections
2024-03-26T18:54:07.396 INFO:teuthology.orchestra.run.smithi092.stdout:/usr/bin/ceph: stderr
2024-03-26T18:54:06.913+0000 7fdb87812700 1 --2- 172.21.15.92:0/1542344553 >> [v2:172.21.15.92:6800/1397628079,v1:172.21.15.92:6801/1397628079] conn(0x7fdb6c036790 0x7fdb6c038c40 unknown :-1 s=CLOSED pgs=6 cs=0 l=1 rev1=1 crypto rx=0 tx=0 comp rx=0 tx=0).stop
2024-03-26T18:54:07.396 INFO:teuthology.orchestra.run.smithi092.stdout:/usr/bin/ceph: stderr
2024-03-26T18:54:06.913+0000 7fdb87812700 1 --2- 172.21.15.92:0/1542344553 >> [v2:172.21.15.92:3300/0,v1:172.21.15.92:6789/0] conn(0x7fdb80103460 0x7fdb80111690 unknown :-1 s=CLOSED pgs=17 cs=0 l=1 rev1=1 crypto rx=0 tx=0 comp rx=0 tx=0).stop
2024-03-26T18:54:07.396 INFO:teuthology.orchestra.run.smithi092.stdout:/usr/bin/ceph: stderr
2024-03-26T18:54:06.913+0000 7fdb87812700 1 -- 172.21.15.92:0/1542344553 >> 172.21.15.92:0/1542344553 conn(0x7fdb800fcf40 msgr2=0x7fdb800fdae0 unknown :-1 s=STATE_NONE l=0).mark_down
2024-03-26T18:54:07.396 INFO:teuthology.orchestra.run.smithi092.stdout:/usr/bin/ceph: stderr
2024-03-26T18:54:06.913+0000 7fdb87812700 1 -- 172.21.15.92:0/1542344553 shutdown_connections
2024-03-26T18:54:07.396 INFO:teuthology.orchestra.run.smithi092.stdout:/usr/bin/ceph: stderr
2024-03-26T18:54:06.913+0000 7fdb87812700 1 -- 172.21.15.92:0/1542344553 wait complete.
2024-03-26T18:54:07.396 INFO:teuthology.orchestra.run.smithi092.stdout:mgr is available
2024-03-26T18:54:08.348 INFO:journalctl@ceph.mon.smithi092.smithi092.stdout:Mar 26 18:54:08 smithi092 ceph-mon[29445]: from='client.? 172.21.15.92:0/2569139472' entity='client.admin' cmd=[{"prefix": "config assimilate-conf"}]: dispatch
2024-03-26T18:54:08.608 INFO:teuthology.orchestra.run.smithi092.stdout:/usr/bin/ceph: stdout
2024-03-26T18:54:08.608 INFO:teuthology.orchestra.run.smithi092.stdout:/usr/bin/ceph: stdout [global]
2024-03-26T18:54:08.608 INFO:teuthology.orchestra.run.smithi092.stdout:/usr/bin/ceph: stdout fsid = 06c669dc-eba2-11ee-95d0-87774f69a715
2024-03-26T18:54:08.608 INFO:teuthology.orchestra.run.smithi092.stdout:/usr/bin/ceph: stdout mon_osd_allow_pg_remap = true
2024-03-26T18:54:08.608 INFO:teuthology.orchestra.run.smithi092.stdout:/usr/bin/ceph: stdout mon_osd_allow_primary_affinity = true
2024-03-26T18:54:08.608 INFO:teuthology.orchestra.run.smithi092.stdout:/usr/bin/ceph: stdout mon_warn_on_no_sortbitwise = false
2024-03-26T18:54:08.609 INFO:teuthology.orchestra.run.smithi092.stdout:/usr/bin/ceph: stdout osd_crush_chooseleaf_type = 0
2024-03-26T18:54:08.609 INFO:teuthology.orchestra.run.smithi092.stdout:/usr/bin/ceph: stdout
2024-03-26T18:54:08.609 INFO:teuthology.orchestra.run.smithi092.stdout:/usr/bin/ceph: stdout [mgr]
2024-03-26T18:54:08.609 INFO:teuthology.orchestra.run.smithi092.stdout:/usr/bin/ceph: stdout mgr/telemetry/nag = false
2024-03-26T18:54:08.609 INFO:teuthology.orchestra.run.smithi092.stdout:/usr/bin/ceph: stdout
2024-03-26T18:54:08.609 INFO:teuthology.orchestra.run.smithi092.stdout:/usr/bin/ceph: stdout [osd]
2024-03-26T18:54:08.609 INFO:teuthology.orchestra.run.smithi092.stdout:/usr/bin/ceph: stdout mon_osd_backfillfull_ratio = 0.85
2024-03-26T18:54:08.609 INFO:teuthology.orchestra.run.smithi092.stdout:/usr/bin/ceph: stdout mon_osd_full_ratio = 0.9
2024-03-26T18:54:08.609 INFO:teuthology.orchestra.run.smithi092.stdout:/usr/bin/ceph: stdout mon_osd_nearfull_ratio = 0.8
2024-03-26T18:54:08.609 INFO:teuthology.orchestra.run.smithi092.stdout:/usr/bin/ceph: stdout osd_map_max_advance = 10
2024-03-26T18:54:08.609 INFO:teuthology.orchestra.run.smithi092.stdout:/usr/bin/ceph: stdout osd_sloppy_crc = true
2024-03-26T18:54:08.609 INFO:teuthology.orchestra.run.smithi092.stdout:/usr/bin/ceph: stderr
2024-03-26T18:54:07.820+0000 7f7307319700 1 Processor -- start
2024-03-26T18:54:08.609 INFO:teuthology.orchestra.run.smithi092.stdout:/usr/bin/ceph: stderr
2024-03-26T18:54:07.821+0000 7f7307319700 1 -- start start
2024-03-26T18:54:08.609 INFO:teuthology.orchestra.run.smithi092.stdout:/usr/bin/ceph: stderr
2024-03-26T18:54:07.821+0000 7f7307319700 1 --2- >> [v2:172.21.15.92:3300/0,v1:172.21.15.92:6789/0] conn(0x7f73001017a0 0x7f7300101bb0 unknown :-1 s=NONE pgs=0 cs=0 l=0 rev1=0 crypto rx=0 tx=0 comp rx=0 tx=0).connect
2024-03-26T18:54:08.610 INFO:teuthology.orchestra.run.smithi092.stdout:/usr/bin/ceph: stderr
2024-03-26T18:54:07.821+0000 7f7307319700 1 -- --> [v2:172.21.15.92:3300/0,v1:172.21.15.92:6789/0] -- mon_getmap magic: 0 v1 -- 0x7f73001020f0 con 0x7f73001017a0
2024-03-26T18:54:08.610 INFO:teuthology.orchestra.run.smithi092.stdout:/usr/bin/ceph: stderr
2024-03-26T18:54:07.821+0000 7f73050b5700 1 --2- >> [v2:172.21.15.92:3300/0,v1:172.21.15.92:6789/0] conn(0x7f73001017a0 0x7f7300101bb0 unknown :-1 s=BANNER_CONNECTING pgs=0 cs=0 l=0 rev1=0 crypto rx=0 tx=0 comp rx=0 tx=0)._handle_peer_banner_payload supported=3 required=0
2024-03-26T18:54:08.610 INFO:teuthology.orchestra.run.smithi092.stdout:/usr/bin/ceph: stderr
2024-03-26T18:54:07.821+0000 7f73050b5700 1 --2- >> [v2:172.21.15.92:3300/0,v1:172.21.15.92:6789/0] conn(0x7f73001017a0 0x7f7300101bb0 unknown :-1 s=HELLO_CONNECTING pgs=0 cs=0 l=0 rev1=1 crypto rx=0 tx=0 comp rx=0 tx=0).handle_hello peer v2:172.21.15.92:3300/0 says I am v2:172.21.15.92:38782/0 (socket says 172.21.15.92:38782)
2024-03-26T18:54:08.610 INFO:teuthology.orchestra.run.smithi092.stdout:/usr/bin/ceph: stderr
2024-03-26T18:54:07.821+0000 7f73050b5700 1 -- 172.21.15.92:0/818767970 learned_addr learned my addr 172.21.15.92:0/818767970 (peer_addr_for_me v2:172.21.15.92:0/0)
2024-03-26T18:54:08.610 INFO:teuthology.orchestra.run.smithi092.stdout:/usr/bin/ceph: stderr
2024-03-26T18:54:07.822+0000 7f73050b5700 1 -- 172.21.15.92:0/818767970 --> [v2:172.21.15.92:3300/0,v1:172.21.15.92:6789/0] -- mon_subscribe({config=0+,monmap=0+}) v3 -- 0x7f7300102230 con 0x7f73001017a0
2024-03-26T18:54:08.610 INFO:teuthology.orchestra.run.smithi092.stdout:/usr/bin/ceph: stderr
2024-03-26T18:54:07.822+0000 7f73050b5700 1 --2- 172.21.15.92:0/818767970 >> [v2:172.21.15.92:3300/0,v1:172.21.15.92:6789/0] conn(0x7f73001017a0 0x7f7300101bb0 secure :-1 s=READY pgs=18 cs=0 l=1 rev1=1 crypto rx=0x7f72f00098e0 tx=0x7f72f0009250 comp rx=0 tx=0).ready entity=mon.0 client_cookie=d4e0dc3319b12a97 server_cookie=0 in_seq=0 out_seq=0
2024-03-26T18:54:08.610 INFO:teuthology.orchestra.run.smithi092.stdout:/usr/bin/ceph: stderr
2024-03-26T18:54:07.822+0000 7f72f7fff700 1 -- 172.21.15.92:0/818767970 <== mon.0 v2:172.21.15.92:3300/0 1 ==== mon_map magic: 0 v1 ==== 229+0+0 (secure 0 0 0) 0x7f72f000b860 con 0x7f73001017a0
2024-03-26T18:54:08.610 INFO:teuthology.orchestra.run.smithi092.stdout:/usr/bin/ceph: stderr
2024-03-26T18:54:07.822+0000 7f72f7fff700 1 -- 172.21.15.92:0/818767970 <== mon.0 v2:172.21.15.92:3300/0 2 ==== config(27 keys) v1 ==== 1044+0+0 (secure 0 0 0) 0x7f72f000be50 con 0x7f73001017a0
2024-03-26T18:54:08.610 INFO:teuthology.orchestra.run.smithi092.stdout:/usr/bin/ceph: stderr
2024-03-26T18:54:07.822+0000 7f72f7fff700 1 -- 172.21.15.92:0/818767970 <== mon.0 v2:172.21.15.92:3300/0 3 ==== mon_map magic: 0 v1 ==== 229+0+0 (secure 0 0 0) 0x7f72f0010380 con 0x7f73001017a0
2024-03-26T18:54:08.610 INFO:teuthology.orchestra.run.smithi092.stdout:/usr/bin/ceph: stderr
2024-03-26T18:54:07.822+0000 7f7307319700 1 -- 172.21.15.92:0/818767970 >> [v2:172.21.15.92:3300/0,v1:172.21.15.92:6789/0] conn(0x7f73001017a0 msgr2=0x7f7300101bb0 secure :-1 s=STATE_CONNECTION_ESTABLISHED l=1).mark_down
2024-03-26T18:54:08.610 INFO:teuthology.orchestra.run.smithi092.stdout:/usr/bin/ceph: stderr
2024-03-26T18:54:07.822+0000 7f7307319700 1 --2- 172.21.15.92:0/818767970 >> [v2:172.21.15.92:3300/0,v1:172.21.15.92:6789/0] conn(0x7f73001017a0 0x7f7300101bb0 secure :-1 s=READY pgs=18 cs=0 l=1 rev1=1 crypto rx=0x7f72f00098e0 tx=0x7f72f0009250 comp rx=0 tx=0).stop
2024-03-26T18:54:08.610 INFO:teuthology.orchestra.run.smithi092.stdout:/usr/bin/ceph: stderr
2024-03-26T18:54:07.822+0000 7f7307319700 1 -- 172.21.15.92:0/818767970 shutdown_connections
2024-03-26T18:54:08.610 INFO:teuthology.orchestra.run.smithi092.stdout:/usr/bin/ceph: stderr
2024-03-26T18:54:07.822+0000 7f7307319700 1 --2- 172.21.15.92:0/818767970 >> [v2:172.21.15.92:3300/0,v1:172.21.15.92:6789/0] conn(0x7f73001017a0 0x7f7300101bb0 unknown :-1 s=CLOSED pgs=18 cs=0 l=1 rev1=1 crypto rx=0 tx=0 comp rx=0 tx=0).stop
2024-03-26T18:54:08.611 INFO:teuthology.orchestra.run.smithi092.stdout:/usr/bin/ceph: stderr
2024-03-26T18:54:07.822+0000 7f7307319700 1 -- 172.21.15.92:0/818767970 >> 172.21.15.92:0/818767970 conn(0x7f73000fcf40 msgr2=0x7f73000ff350 unknown :-1 s=STATE_NONE l=0).mark_down
2024-03-26T18:54:08.611 INFO:teuthology.orchestra.run.smithi092.stdout:/usr/bin/ceph: stderr
2024-03-26T18:54:07.823+0000 7f7307319700 1 -- 172.21.15.92:0/818767970 shutdown_connections
2024-03-26T18:54:08.611 INFO:teuthology.orchestra.run.smithi092.stdout:/usr/bin/ceph: stderr
2024-03-26T18:54:07.823+0000 7f7307319700 1 -- 172.21.15.92:0/818767970 wait complete.
2024-03-26T18:54:08.611 INFO:teuthology.orchestra.run.smithi092.stdout:/usr/bin/ceph: stderr
2024-03-26T18:54:07.823+0000 7f7307319700 1 Processor -- start
2024-03-26T18:54:08.611 INFO:teuthology.orchestra.run.smithi092.stdout:/usr/bin/ceph: stderr
2024-03-26T18:54:07.823+0000 7f7307319700 1 -- start start
2024-03-26T18:54:08.611 INFO:teuthology.orchestra.run.smithi092.stdout:/usr/bin/ceph: stderr
2024-03-26T18:54:07.823+0000 7f7307319700 1 --2- >> [v2:172.21.15.92:3300/0,v1:172.21.15.92:6789/0] conn(0x7f73001017a0 0x7f73001116e0 unknown :-1 s=NONE pgs=0 cs=0 l=1 rev1=0 crypto rx=0 tx=0 comp rx=0 tx=0).connect
2024-03-26T18:54:08.611 INFO:teuthology.orchestra.run.smithi092.stdout:/usr/bin/ceph: stderr
2024-03-26T18:54:07.823+0000 7f7307319700 1 -- --> [v2:172.21.15.92:3300/0,v1:172.21.15.92:6789/0] -- mon_getmap magic: 0 v1 -- 0x7f7300111c20 con 0x7f73001017a0
2024-03-26T18:54:08.611 INFO:teuthology.orchestra.run.smithi092.stdout:/usr/bin/ceph: stderr
2024-03-26T18:54:07.823+0000 7f73050b5700 1 --2- >> [v2:172.21.15.92:3300/0,v1:172.21.15.92:6789/0] conn(0x7f73001017a0 0x7f73001116e0 unknown :-1 s=BANNER_CONNECTING pgs=0 cs=0 l=1 rev1=0 crypto rx=0 tx=0 comp rx=0 tx=0)._handle_peer_banner_payload supported=3 required=0
2024-03-26T18:54:08.611 INFO:teuthology.orchestra.run.smithi092.stdout:/usr/bin/ceph: stderr
2024-03-26T18:54:07.823+0000 7f73050b5700 1 --2- >> [v2:172.21.15.92:3300/0,v1:172.21.15.92:6789/0] conn(0x7f73001017a0 0x7f73001116e0 unknown :-1 s=HELLO_CONNECTING pgs=0 cs=0 l=1 rev1=1 crypto rx=0 tx=0 comp rx=0 tx=0).handle_hello peer v2:172.21.15.92:3300/0 says I am v2:172.21.15.92:38786/0 (socket says 172.21.15.92:38786)
2024-03-26T18:54:08.611 INFO:teuthology.orchestra.run.smithi092.stdout:/usr/bin/ceph: stderr
2024-03-26T18:54:07.823+0000 7f73050b5700 1 -- 172.21.15.92:0/2569139472 learned_addr learned my addr 172.21.15.92:0/2569139472 (peer_addr_for_me v2:172.21.15.92:0/0)
2024-03-26T18:54:08.611 INFO:teuthology.orchestra.run.smithi092.stdout:/usr/bin/ceph: stderr
2024-03-26T18:54:07.824+0000 7f73050b5700 1 -- 172.21.15.92:0/2569139472 --> [v2:172.21.15.92:3300/0,v1:172.21.15.92:6789/0] -- mon_subscribe({config=0+,monmap=0+}) v3 -- 0x7f72f00094f0 con 0x7f73001017a0
2024-03-26T18:54:08.611 INFO:teuthology.orchestra.run.smithi092.stdout:/usr/bin/ceph: stderr
2024-03-26T18:54:07.824+0000 7f73050b5700 1 --2- 172.21.15.92:0/2569139472 >> [v2:172.21.15.92:3300/0,v1:172.21.15.92:6789/0] conn(0x7f73001017a0 0x7f73001116e0 secure :-1 s=READY pgs=19 cs=0 l=1 rev1=1 crypto rx=0x7f72f0000c00 tx=0x7f72f0009250 comp rx=0 tx=0).ready entity=mon.0 client_cookie=0 server_cookie=0 in_seq=0 out_seq=0
2024-03-26T18:54:08.611 INFO:teuthology.orchestra.run.smithi092.stdout:/usr/bin/ceph: stderr
2024-03-26T18:54:07.824+0000 7f72f5ffb700 1 -- 172.21.15.92:0/2569139472 <== mon.0 v2:172.21.15.92:3300/0 1 ==== mon_map magic: 0 v1 ==== 229+0+0 (secure 0 0 0) 0x7f72f00107c0 con 0x7f73001017a0
2024-03-26T18:54:08.611 INFO:teuthology.orchestra.run.smithi092.stdout:/usr/bin/ceph: stderr
2024-03-26T18:54:07.824+0000 7f72f5ffb700 1 -- 172.21.15.92:0/2569139472 <== mon.0 v2:172.21.15.92:3300/0 2 ==== config(27 keys) v1 ==== 1044+0+0 (secure 0 0 0) 0x7f72f0010db0 con 0x7f73001017a0
2024-03-26T18:54:08.612 INFO:teuthology.orchestra.run.smithi092.stdout:/usr/bin/ceph: stderr
2024-03-26T18:54:07.824+0000 7f7307319700 1 -- 172.21.15.92:0/2569139472 --> [v2:172.21.15.92:3300/0,v1:172.21.15.92:6789/0] -- mon_subscribe({mgrmap=0+}) v3 -- 0x7f7300111e20 con 0x7f73001017a0
2024-03-26T18:54:08.612 INFO:teuthology.orchestra.run.smithi092.stdout:/usr/bin/ceph: stderr
2024-03-26T18:54:07.824+0000 7f72f5ffb700 1 -- 172.21.15.92:0/2569139472 <== mon.0 v2:172.21.15.92:3300/0 3 ==== mon_map magic: 0 v1 ==== 229+0+0 (secure 0 0 0) 0x7f72f001ad00 con 0x7f73001017a0
2024-03-26T18:54:08.612 INFO:teuthology.orchestra.run.smithi092.stdout:/usr/bin/ceph: stderr
2024-03-26T18:54:07.824+0000 7f7307319700 1 -- 172.21.15.92:0/2569139472 --> [v2:172.21.15.92:3300/0,v1:172.21.15.92:6789/0] -- mon_subscribe({osdmap=0}) v3 -- 0x7f7300112990 con 0x7f73001017a0
2024-03-26T18:54:08.612 INFO:teuthology.orchestra.run.smithi092.stdout:/usr/bin/ceph: stderr
2024-03-26T18:54:07.825+0000 7f72f5ffb700 1 -- 172.21.15.92:0/2569139472 <== mon.0 v2:172.21.15.92:3300/0 4 ==== mgrmap(e 4) v1 ==== 43357+0+0 (secure 0 0 0) 0x7f72f00193c0 con 0x7f73001017a0
2024-03-26T18:54:08.612 INFO:teuthology.orchestra.run.smithi092.stdout:/usr/bin/ceph: stderr
2024-03-26T18:54:07.825+0000 7f7307319700 1 -- 172.21.15.92:0/2569139472 --> [v2:172.21.15.92:3300/0,v1:172.21.15.92:6789/0] -- mon_command({"prefix": "get_command_descriptions"} v 0) v1 -- 0x7f730005f5f0 con 0x7f73001017a0
2024-03-26T18:54:08.612 INFO:teuthology.orchestra.run.smithi092.stdout:/usr/bin/ceph: stderr
2024-03-26T18:54:07.825+0000 7f72f5ffb700 1 --2- 172.21.15.92:0/2569139472 >> [v2:172.21.15.92:6800/1397628079,v1:172.21.15.92:6801/1397628079] conn(0x7f72ec036740 0x7f72ec038bf0 unknown :-1 s=NONE pgs=0 cs=0 l=1 rev1=0 crypto rx=0 tx=0 comp rx=0 tx=0).connect
2024-03-26T18:54:08.612 INFO:teuthology.orchestra.run.smithi092.stdout:/usr/bin/ceph: stderr
2024-03-26T18:54:07.825+0000 7f72f5ffb700 1 -- 172.21.15.92:0/2569139472 <== mon.0 v2:172.21.15.92:3300/0 5 ==== osd_map(1..1 src has 1..1) v4 ==== 721+0+0 (secure 0 0 0) 0x7f72f004a600 con 0x7f73001017a0
2024-03-26T18:54:08.612 INFO:teuthology.orchestra.run.smithi092.stdout:/usr/bin/ceph: stderr
2024-03-26T18:54:07.825+0000 7f73048b4700 1 --2- 172.21.15.92:0/2569139472 >> [v2:172.21.15.92:6800/1397628079,v1:172.21.15.92:6801/1397628079] conn(0x7f72ec036740 0x7f72ec038bf0 unknown :-1 s=BANNER_CONNECTING pgs=0 cs=0 l=1 rev1=0 crypto rx=0 tx=0 comp rx=0 tx=0)._handle_peer_banner_payload supported=3 required=0
2024-03-26T18:54:08.612 INFO:teuthology.orchestra.run.smithi092.stdout:/usr/bin/ceph: stderr
2024-03-26T18:54:07.826+0000 7f73048b4700 1 --2- 172.21.15.92:0/2569139472 >> [v2:172.21.15.92:6800/1397628079,v1:172.21.15.92:6801/1397628079] conn(0x7f72ec036740 0x7f72ec038bf0 secure :-1 s=READY pgs=7 cs=0 l=1 rev1=1 crypto rx=0x7f72fc009990 tx=0x7f72fc006e40 comp rx=0 tx=0).ready entity=mgr.14100 client_cookie=0 server_cookie=0 in_seq=0 out_seq=0
2024-03-26T18:54:08.612 INFO:teuthology.orchestra.run.smithi092.stdout:/usr/bin/ceph: stderr
2024-03-26T18:54:07.830+0000 7f72f5ffb700 1 -- 172.21.15.92:0/2569139472 <== mon.0 v2:172.21.15.92:3300/0 6 ==== mon_command_ack([{"prefix": "get_command_descriptions"}]=0 v0) v1 ==== 72+0+176504 (secure 0 0 0) 0x7f72f0019670 con 0x7f73001017a0
2024-03-26T18:54:08.612 INFO:teuthology.orchestra.run.smithi092.stdout:/usr/bin/ceph: stderr
2024-03-26T18:54:08.013+0000 7f7307319700 1 -- 172.21.15.92:0/2569139472 --> [v2:172.21.15.92:3300/0,v1:172.21.15.92:6789/0] -- mon_command({"prefix": "config assimilate-conf"} v 0) v1 -- 0x7f730004bed0 con 0x7f73001017a0
2024-03-26T18:54:08.612 INFO:teuthology.orchestra.run.smithi092.stdout:/usr/bin/ceph: stderr
2024-03-26T18:54:08.014+0000 7f72f5ffb700 1 -- 172.21.15.92:0/2569139472 <== mon.0 v2:172.21.15.92:3300/0 7 ==== mon_command_ack([{"prefix": "config assimilate-conf"}]=0 v3) v1 ==== 70+0+373 (secure 0 0 0) 0x7f72f0022340 con 0x7f73001017a0
2024-03-26T18:54:08.612 INFO:teuthology.orchestra.run.smithi092.stdout:/usr/bin/ceph: stderr
2024-03-26T18:54:08.016+0000 7f7307319700 1 -- 172.21.15.92:0/2569139472 >> [v2:172.21.15.92:6800/1397628079,v1:172.21.15.92:6801/1397628079] conn(0x7f72ec036740 msgr2=0x7f72ec038bf0 secure :-1 s=STATE_CONNECTION_ESTABLISHED l=1).mark_down
2024-03-26T18:54:08.613 INFO:teuthology.orchestra.run.smithi092.stdout:/usr/bin/ceph: stderr
2024-03-26T18:54:08.016+0000 7f7307319700 1 --2- 172.21.15.92:0/2569139472 >> [v2:172.21.15.92:6800/1397628079,v1:172.21.15.92:6801/1397628079] conn(0x7f72ec036740 0x7f72ec038bf0 secure :-1 s=READY pgs=7 cs=0 l=1 rev1=1 crypto rx=0x7f72fc009990 tx=0x7f72fc006e40 comp rx=0 tx=0).stop
2024-03-26T18:54:08.613 INFO:teuthology.orchestra.run.smithi092.stdout:/usr/bin/ceph: stderr
2024-03-26T18:54:08.016+0000 7f7307319700 1 -- 172.21.15.92:0/2569139472 >> [v2:172.21.15.92:3300/0,v1:172.21.15.92:6789/0] conn(0x7f73001017a0 msgr2=0x7f73001116e0 secure :-1 s=STATE_CONNECTION_ESTABLISHED l=1).mark_down
2024-03-26T18:54:08.613 INFO:teuthology.orchestra.run.smithi092.stdout:/usr/bin/ceph: stderr
2024-03-26T18:54:08.016+0000 7f7307319700 1 --2- 172.21.15.92:0/2569139472 >> [v2:172.21.15.92:3300/0,v1:172.21.15.92:6789/0] conn(0x7f73001017a0 0x7f73001116e0 secure :-1 s=READY pgs=19 cs=0 l=1 rev1=1 crypto rx=0x7f72f0000c00 tx=0x7f72f0009250 comp rx=0 tx=0).stop
2024-03-26T18:54:08.613 INFO:teuthology.orchestra.run.smithi092.stdout:/usr/bin/ceph: stderr
2024-03-26T18:54:08.016+0000 7f7307319700 1 -- 172.21.15.92:0/2569139472 shutdown_connections
2024-03-26T18:54:08.613 INFO:teuthology.orchestra.run.smithi092.stdout:/usr/bin/ceph: stderr
2024-03-26T18:54:08.016+0000 7f7307319700 1 --2- 172.21.15.92:0/2569139472 >> [v2:172.21.15.92:6800/1397628079,v1:172.21.15.92:6801/1397628079] conn(0x7f72ec036740 0x7f72ec038bf0 unknown :-1 s=CLOSED pgs=7 cs=0 l=1 rev1=1 crypto rx=0 tx=0 comp rx=0 tx=0).stop
2024-03-26T18:54:08.613 INFO:teuthology.orchestra.run.smithi092.stdout:/usr/bin/ceph: stderr
2024-03-26T18:54:08.016+0000 7f7307319700 1 --2- 172.21.15.92:0/2569139472 >> [v2:172.21.15.92:3300/0,v1:172.21.15.92:6789/0] conn(0x7f73001017a0 0x7f73001116e0 unknown :-1 s=CLOSED pgs=19 cs=0 l=1 rev1=1 crypto rx=0 tx=0 comp rx=0 tx=0).stop
2024-03-26T18:54:08.613 INFO:teuthology.orchestra.run.smithi092.stdout:/usr/bin/ceph: stderr
2024-03-26T18:54:08.016+0000 7f7307319700 1 -- 172.21.15.92:0/2569139472 >> 172.21.15.92:0/2569139472 conn(0x7f73000fcf40 msgr2=0x7f73000fdde0 unknown :-1 s=STATE_NONE l=0).mark_down
2024-03-26T18:54:08.613 INFO:teuthology.orchestra.run.smithi092.stdout:/usr/bin/ceph: stderr
2024-03-26T18:54:08.016+0000 7f7307319700 1 -- 172.21.15.92:0/2569139472 shutdown_connections
2024-03-26T18:54:08.613 INFO:teuthology.orchestra.run.smithi092.stdout:/usr/bin/ceph: stderr
2024-03-26T18:54:08.016+0000 7f7307319700 1 -- 172.21.15.92:0/2569139472 wait complete.
2024-03-26T18:54:08.613 INFO:teuthology.orchestra.run.smithi092.stdout:Enabling cephadm module...
2024-03-26T18:54:09.602 INFO:journalctl@ceph.mon.smithi092.smithi092.stdout:Mar 26 18:54:09 smithi092 ceph-mon[29445]: from='client.? 172.21.15.92:0/3107585113' entity='client.admin' cmd=[{"prefix": "mgr module enable", "module": "cephadm"}]: dispatch
2024-03-26T18:54:10.602 INFO:journalctl@ceph.mon.smithi092.smithi092.stdout:Mar 26 18:54:10 smithi092 ceph-mon[29445]: from='client.? 172.21.15.92:0/3107585113' entity='client.admin' cmd='[{"prefix": "mgr module enable", "module": "cephadm"}]': finished
2024-03-26T18:54:10.602 INFO:journalctl@ceph.mon.smithi092.smithi092.stdout:Mar 26 18:54:10 smithi092 ceph-mon[29445]: mgrmap e5: smithi092.syesti(active, since 10s)
2024-03-26T18:54:11.426 INFO:teuthology.orchestra.run.smithi092.stdout:/usr/bin/ceph: stderr
2024-03-26T18:54:08.989+0000 7fbee9513700 1 Processor -- start
2024-03-26T18:54:11.426 INFO:teuthology.orchestra.run.smithi092.stdout:/usr/bin/ceph: stderr
2024-03-26T18:54:08.989+0000 7fbee9513700 1 -- start start
2024-03-26T18:54:11.427 INFO:teuthology.orchestra.run.smithi092.stdout:/usr/bin/ceph: stderr
2024-03-26T18:54:08.989+0000 7fbee9513700 1 --2- >> [v2:172.21.15.92:3300/0,v1:172.21.15.92:6789/0] conn(0x7fbee4102920 0x7fbee4102d30 unknown :-1 s=NONE pgs=0 cs=0 l=0 rev1=0 crypto rx=0 tx=0 comp rx=0 tx=0).connect
2024-03-26T18:54:11.427 INFO:teuthology.orchestra.run.smithi092.stdout:/usr/bin/ceph: stderr
2024-03-26T18:54:08.989+0000 7fbee9513700 1 -- --> [v2:172.21.15.92:3300/0,v1:172.21.15.92:6789/0] -- mon_getmap magic: 0 v1 -- 0x7fbee4103270 con 0x7fbee4102920
2024-03-26T18:54:11.427 INFO:teuthology.orchestra.run.smithi092.stdout:/usr/bin/ceph: stderr
2024-03-26T18:54:08.990+0000 7fbee2ffd700 1 --2- >> [v2:172.21.15.92:3300/0,v1:172.21.15.92:6789/0] conn(0x7fbee4102920 0x7fbee4102d30 unknown :-1 s=BANNER_CONNECTING pgs=0 cs=0 l=0 rev1=0 crypto rx=0 tx=0 comp rx=0 tx=0)._handle_peer_banner_payload supported=3 required=0
2024-03-26T18:54:11.427 INFO:teuthology.orchestra.run.smithi092.stdout:/usr/bin/ceph: stderr
2024-03-26T18:54:08.990+0000 7fbee2ffd700 1 --2- >> [v2:172.21.15.92:3300/0,v1:172.21.15.92:6789/0] conn(0x7fbee4102920 0x7fbee4102d30 unknown :-1 s=HELLO_CONNECTING pgs=0 cs=0 l=0 rev1=1 crypto rx=0 tx=0 comp rx=0 tx=0).handle_hello peer v2:172.21.15.92:3300/0 says I am v2:172.21.15.92:38802/0 (socket says 172.21.15.92:38802)
2024-03-26T18:54:11.427 INFO:teuthology.orchestra.run.smithi092.stdout:/usr/bin/ceph: stderr
2024-03-26T18:54:08.990+0000 7fbee2ffd700 1 -- 172.21.15.92:0/1243128945 learned_addr learned my addr 172.21.15.92:0/1243128945 (peer_addr_for_me v2:172.21.15.92:0/0)
2024-03-26T18:54:11.427 INFO:teuthology.orchestra.run.smithi092.stdout:/usr/bin/ceph: stderr
2024-03-26T18:54:08.990+0000 7fbee2ffd700 1 -- 172.21.15.92:0/1243128945 --> [v2:172.21.15.92:3300/0,v1:172.21.15.92:6789/0] -- mon_subscribe({config=0+,monmap=0+}) v3 -- 0x7fbee41033b0 con 0x7fbee4102920
2024-03-26T18:54:11.427 INFO:teuthology.orchestra.run.smithi092.stdout:/usr/bin/ceph: stderr
2024-03-26T18:54:08.990+0000 7fbee2ffd700 1 --2- 172.21.15.92:0/1243128945 >> [v2:172.21.15.92:3300/0,v1:172.21.15.92:6789/0] conn(0x7fbee4102920 0x7fbee4102d30 secure :-1 s=READY pgs=20 cs=0 l=1 rev1=1 crypto rx=0x7fbed4009e50 tx=0x7fbed4009840 comp rx=0 tx=0).ready entity=mon.0 client_cookie=dd636361da9953e8 server_cookie=0 in_seq=0 out_seq=0
2024-03-26T18:54:11.427 INFO:teuthology.orchestra.run.smithi092.stdout:/usr/bin/ceph: stderr
2024-03-26T18:54:08.990+0000 7fbee1ffb700 1 -- 172.21.15.92:0/1243128945 <== mon.0 v2:172.21.15.92:3300/0 1 ==== mon_map magic: 0 v1 ==== 229+0+0 (secure 0 0 0) 0x7fbed40092e0 con 0x7fbee4102920
2024-03-26T18:54:11.427 INFO:teuthology.orchestra.run.smithi092.stdout:/usr/bin/ceph: stderr
2024-03-26T18:54:08.990+0000 7fbee1ffb700 1 -- 172.21.15.92:0/1243128945 <== mon.0 v2:172.21.15.92:3300/0 2 ==== config(27 keys) v1 ==== 1044+0+0 (secure 0 0 0) 0x7fbed4012430 con 0x7fbee4102920
2024-03-26T18:54:11.427 INFO:teuthology.orchestra.run.smithi092.stdout:/usr/bin/ceph: stderr
2024-03-26T18:54:08.990+0000 7fbee1ffb700 1 -- 172.21.15.92:0/1243128945 <== mon.0 v2:172.21.15.92:3300/0 3 ==== mon_map magic: 0 v1 ==== 229+0+0 (secure 0 0 0) 0x7fbed40075c0 con 0x7fbee4102920
2024-03-26T18:54:11.427 INFO:teuthology.orchestra.run.smithi092.stdout:/usr/bin/ceph: stderr
2024-03-26T18:54:08.991+0000 7fbee9513700 1 -- 172.21.15.92:0/1243128945 >> [v2:172.21.15.92:3300/0,v1:172.21.15.92:6789/0] conn(0x7fbee4102920 msgr2=0x7fbee4102d30 secure :-1 s=STATE_CONNECTION_ESTABLISHED l=1).mark_down
2024-03-26T18:54:11.427 INFO:teuthology.orchestra.run.smithi092.stdout:/usr/bin/ceph: stderr
2024-03-26T18:54:08.991+0000 7fbee9513700 1 --2- 172.21.15.92:0/1243128945 >> [v2:172.21.15.92:3300/0,v1:172.21.15.92:6789/0] conn(0x7fbee4102920 0x7fbee4102d30 secure :-1 s=READY pgs=20 cs=0 l=1 rev1=1 crypto rx=0x7fbed4009e50 tx=0x7fbed4009840 comp rx=0 tx=0).stop
2024-03-26T18:54:11.427 INFO:teuthology.orchestra.run.smithi092.stdout:/usr/bin/ceph: stderr
2024-03-26T18:54:08.991+0000 7fbee9513700 1 -- 172.21.15.92:0/1243128945 shutdown_connections
2024-03-26T18:54:11.428 INFO:teuthology.orchestra.run.smithi092.stdout:/usr/bin/ceph: stderr
2024-03-26T18:54:08.991+0000 7fbee9513700 1 --2- 172.21.15.92:0/1243128945 >> [v2:172.21.15.92:3300/0,v1:172.21.15.92:6789/0] conn(0x7fbee4102920 0x7fbee4102d30 unknown :-1 s=CLOSED pgs=20 cs=0 l=1 rev1=1 crypto rx=0 tx=0 comp rx=0 tx=0).stop
2024-03-26T18:54:11.428 INFO:teuthology.orchestra.run.smithi092.stdout:/usr/bin/ceph: stderr
2024-03-26T18:54:08.991+0000 7fbee9513700 1 -- 172.21.15.92:0/1243128945 >> 172.21.15.92:0/1243128945 conn(0x7fbee40fe0a0 msgr2=0x7fbee41004b0 unknown :-1 s=STATE_NONE l=0).mark_down
2024-03-26T18:54:11.428 INFO:teuthology.orchestra.run.smithi092.stdout:/usr/bin/ceph: stderr
2024-03-26T18:54:08.991+0000 7fbee9513700 1 -- 172.21.15.92:0/1243128945 shutdown_connections
2024-03-26T18:54:11.428 INFO:teuthology.orchestra.run.smithi092.stdout:/usr/bin/ceph: stderr
2024-03-26T18:54:08.991+0000 7fbee9513700 1 -- 172.21.15.92:0/1243128945 wait complete.
2024-03-26T18:54:11.428 INFO:teuthology.orchestra.run.smithi092.stdout:/usr/bin/ceph: stderr
2024-03-26T18:54:08.991+0000 7fbee9513700 1 Processor -- start
2024-03-26T18:54:11.428 INFO:teuthology.orchestra.run.smithi092.stdout:/usr/bin/ceph: stderr
2024-03-26T18:54:08.991+0000 7fbee9513700 1 -- start start
2024-03-26T18:54:11.428 INFO:teuthology.orchestra.run.smithi092.stdout:/usr/bin/ceph: stderr
2024-03-26T18:54:08.992+0000 7fbee9513700 1 --2- >> [v2:172.21.15.92:3300/0,v1:172.21.15.92:6789/0] conn(0x7fbee4102920 0x7fbee41116d0 unknown :-1 s=NONE pgs=0 cs=0 l=1 rev1=0 crypto rx=0 tx=0 comp rx=0 tx=0).connect
2024-03-26T18:54:11.428 INFO:teuthology.orchestra.run.smithi092.stdout:/usr/bin/ceph: stderr
2024-03-26T18:54:08.992+0000 7fbee9513700 1 -- --> [v2:172.21.15.92:3300/0,v1:172.21.15.92:6789/0] -- mon_getmap magic: 0 v1 -- 0x7fbee4111c10 con 0x7fbee4102920
2024-03-26T18:54:11.428 INFO:teuthology.orchestra.run.smithi092.stdout:/usr/bin/ceph: stderr
2024-03-26T18:54:08.992+0000 7fbee2ffd700 1 --2- >> [v2:172.21.15.92:3300/0,v1:172.21.15.92:6789/0] conn(0x7fbee4102920 0x7fbee41116d0 unknown :-1 s=BANNER_CONNECTING pgs=0 cs=0 l=1 rev1=0 crypto rx=0 tx=0 comp rx=0 tx=0)._handle_peer_banner_payload supported=3 required=0
2024-03-26T18:54:11.428 INFO:teuthology.orchestra.run.smithi092.stdout:/usr/bin/ceph: stderr
2024-03-26T18:54:08.992+0000 7fbee2ffd700 1 --2- >> [v2:172.21.15.92:3300/0,v1:172.21.15.92:6789/0] conn(0x7fbee4102920 0x7fbee41116d0 unknown :-1 s=HELLO_CONNECTING pgs=0 cs=0 l=1 rev1=1 crypto rx=0 tx=0 comp rx=0 tx=0).handle_hello peer v2:172.21.15.92:3300/0 says I am v2:172.21.15.92:38818/0 (socket says 172.21.15.92:38818)
2024-03-26T18:54:11.428 INFO:teuthology.orchestra.run.smithi092.stdout:/usr/bin/ceph: stderr
2024-03-26T18:54:08.992+0000 7fbee2ffd700 1 -- 172.21.15.92:0/3107585113 learned_addr learned my addr 172.21.15.92:0/3107585113 (peer_addr_for_me v2:172.21.15.92:0/0)
2024-03-26T18:54:11.428 INFO:teuthology.orchestra.run.smithi092.stdout:/usr/bin/ceph: stderr
2024-03-26T18:54:08.992+0000 7fbee2ffd700 1 -- 172.21.15.92:0/3107585113 --> [v2:172.21.15.92:3300/0,v1:172.21.15.92:6789/0] -- mon_subscribe({config=0+,monmap=0+}) v3 -- 0x7fbed4009ae0 con 0x7fbee4102920
2024-03-26T18:54:11.428 INFO:teuthology.orchestra.run.smithi092.stdout:/usr/bin/ceph: stderr
2024-03-26T18:54:08.992+0000 7fbee2ffd700 1 --2- 172.21.15.92:0/3107585113 >> [v2:172.21.15.92:3300/0,v1:172.21.15.92:6789/0] conn(0x7fbee4102920 0x7fbee41116d0 secure :-1 s=READY pgs=21 cs=0 l=1 rev1=1 crypto rx=0x7fbed4009ab0 tx=0x7fbed4009840 comp rx=0 tx=0).ready entity=mon.0 client_cookie=0 server_cookie=0 in_seq=0 out_seq=0
2024-03-26T18:54:11.428 INFO:teuthology.orchestra.run.smithi092.stdout:/usr/bin/ceph: stderr
2024-03-26T18:54:08.992+0000 7fbecb7fe700 1 -- 172.21.15.92:0/3107585113 <== mon.0 v2:172.21.15.92:3300/0 1 ==== mon_map magic: 0 v1 ==== 229+0+0 (secure 0 0 0) 0x7fbed40092e0 con 0x7fbee4102920
2024-03-26T18:54:11.429 INFO:teuthology.orchestra.run.smithi092.stdout:/usr/bin/ceph: stderr
2024-03-26T18:54:08.992+0000 7fbecb7fe700 1 -- 172.21.15.92:0/3107585113 <== mon.0 v2:172.21.15.92:3300/0 2 ==== config(27 keys) v1 ==== 1044+0+0 (secure 0 0 0) 0x7fbed4007d10 con 0x7fbee4102920
2024-03-26T18:54:11.429 INFO:teuthology.orchestra.run.smithi092.stdout:/usr/bin/ceph: stderr
2024-03-26T18:54:08.992+0000 7fbee9513700 1 -- 172.21.15.92:0/3107585113 --> [v2:172.21.15.92:3300/0,v1:172.21.15.92:6789/0] -- mon_subscribe({mgrmap=0+}) v3 -- 0x7fbee4111e10 con 0x7fbee4102920
2024-03-26T18:54:11.429 INFO:teuthology.orchestra.run.smithi092.stdout:/usr/bin/ceph: stderr
2024-03-26T18:54:08.992+0000 7fbecb7fe700 1 -- 172.21.15.92:0/3107585113 <== mon.0 v2:172.21.15.92:3300/0 3 ==== mon_map magic: 0 v1 ==== 229+0+0 (secure 0 0 0) 0x7fbed401c990 con 0x7fbee4102920
2024-03-26T18:54:11.429 INFO:teuthology.orchestra.run.smithi092.stdout:/usr/bin/ceph: stderr
2024-03-26T18:54:08.992+0000 7fbee9513700 1 -- 172.21.15.92:0/3107585113 --> [v2:172.21.15.92:3300/0,v1:172.21.15.92:6789/0] -- mon_subscribe({osdmap=0}) v3 -- 0x7fbee4112980 con 0x7fbee4102920
2024-03-26T18:54:11.429 INFO:teuthology.orchestra.run.smithi092.stdout:/usr/bin/ceph: stderr
2024-03-26T18:54:08.993+0000 7fbecb7fe700 1 -- 172.21.15.92:0/3107585113 <== mon.0 v2:172.21.15.92:3300/0 4 ==== mgrmap(e 4) v1 ==== 43357+0+0 (secure 0 0 0) 0x7fbed4019070 con 0x7fbee4102920
2024-03-26T18:54:11.429 INFO:teuthology.orchestra.run.smithi092.stdout:/usr/bin/ceph: stderr
2024-03-26T18:54:08.993+0000 7fbecb7fe700 1 --2- 172.21.15.92:0/3107585113 >> [v2:172.21.15.92:6800/1397628079,v1:172.21.15.92:6801/1397628079] conn(0x7fbecc036740 0x7fbecc038bf0 unknown :-1 s=NONE pgs=0 cs=0 l=1 rev1=0 crypto rx=0 tx=0 comp rx=0 tx=0).connect
2024-03-26T18:54:11.429 INFO:teuthology.orchestra.run.smithi092.stdout:/usr/bin/ceph: stderr
2024-03-26T18:54:08.993+0000 7fbecb7fe700 1 -- 172.21.15.92:0/3107585113 <== mon.0 v2:172.21.15.92:3300/0 5 ==== osd_map(1..1 src has 1..1) v4 ==== 721+0+0 (secure 0 0 0) 0x7fbed4049e20 con 0x7fbee4102920
2024-03-26T18:54:11.429 INFO:teuthology.orchestra.run.smithi092.stdout:/usr/bin/ceph: stderr
2024-03-26T18:54:08.993+0000 7fbee9513700 1 -- 172.21.15.92:0/3107585113 --> [v2:172.21.15.92:3300/0,v1:172.21.15.92:6789/0] -- mon_command({"prefix": "get_command_descriptions"} v 0) v1 -- 0x7fbee405f5f0 con 0x7fbee4102920
2024-03-26T18:54:11.429 INFO:teuthology.orchestra.run.smithi092.stdout:/usr/bin/ceph: stderr
2024-03-26T18:54:08.993+0000 7fbee27fc700 1 --2- 172.21.15.92:0/3107585113 >> [v2:172.21.15.92:6800/1397628079,v1:172.21.15.92:6801/1397628079] conn(0x7fbecc036740 0x7fbecc038bf0 unknown :-1 s=BANNER_CONNECTING pgs=0 cs=0 l=1 rev1=0 crypto rx=0 tx=0 comp rx=0 tx=0)._handle_peer_banner_payload supported=3 required=0
2024-03-26T18:54:11.429 INFO:teuthology.orchestra.run.smithi092.stdout:/usr/bin/ceph: stderr
2024-03-26T18:54:08.994+0000 7fbee27fc700 1 --2- 172.21.15.92:0/3107585113 >> [v2:172.21.15.92:6800/1397628079,v1:172.21.15.92:6801/1397628079] conn(0x7fbecc036740 0x7fbecc038bf0 secure :-1 s=READY pgs=8 cs=0 l=1 rev1=1 crypto rx=0x7fbed8009990 tx=0x7fbed8006e40 comp rx=0 tx=0).ready entity=mgr.14100 client_cookie=0 server_cookie=0 in_seq=0 out_seq=0
2024-03-26T18:54:11.429 INFO:teuthology.orchestra.run.smithi092.stdout:/usr/bin/ceph: stderr
2024-03-26T18:54:08.998+0000 7fbecb7fe700 1 -- 172.21.15.92:0/3107585113 <== mon.0 v2:172.21.15.92:3300/0 6 ==== mon_command_ack([{"prefix": "get_command_descriptions"}]=0 v0) v1 ==== 72+0+176504 (secure 0 0 0) 0x7fbed4017080 con 0x7fbee4102920
2024-03-26T18:54:11.429 INFO:teuthology.orchestra.run.smithi092.stdout:/usr/bin/ceph: stderr
2024-03-26T18:54:09.233+0000 7fbee9513700 1 -- 172.21.15.92:0/3107585113 --> [v2:172.21.15.92:3300/0,v1:172.21.15.92:6789/0] -- mon_command({"prefix": "mgr module enable", "module": "cephadm"} v 0) v1 -- 0x7fbee4112c60 con 0x7fbee4102920
2024-03-26T18:54:11.429 INFO:teuthology.orchestra.run.smithi092.stdout:/usr/bin/ceph: stderr
2024-03-26T18:54:09.286+0000 7fbecb7fe700 1 -- 172.21.15.92:0/3107585113 <== mon.0 v2:172.21.15.92:3300/0 7 ==== mgrmap(e 5) v1 ==== 43368+0+0 (secure 0 0 0) 0x7fbed40243b0 con 0x7fbee4102920
2024-03-26T18:54:11.429 INFO:teuthology.orchestra.run.smithi092.stdout:/usr/bin/ceph: stderr
2024-03-26T18:54:09.287+0000 7fbecb7fe700 1 -- 172.21.15.92:0/3107585113 <== mon.0 v2:172.21.15.92:3300/0 8 ==== mon_command_ack([{"prefix": "mgr module enable", "module": "cephadm"}]=0 v5) v1 ==== 86+0+0 (secure 0 0 0) 0x7fbed4049830 con 0x7fbee4102920
2024-03-26T18:54:11.430 INFO:teuthology.orchestra.run.smithi092.stdout:/usr/bin/ceph: stderr
2024-03-26T18:54:09.289+0000 7fbee9513700 1 -- 172.21.15.92:0/3107585113 >> [v2:172.21.15.92:6800/1397628079,v1:172.21.15.92:6801/1397628079] conn(0x7fbecc036740 msgr2=0x7fbecc038bf0 secure :-1 s=STATE_CONNECTION_ESTABLISHED l=1).mark_down
2024-03-26T18:54:11.430 INFO:teuthology.orchestra.run.smithi092.stdout:/usr/bin/ceph: stderr
2024-03-26T18:54:09.289+0000 7fbee9513700 1 --2- 172.21.15.92:0/3107585113 >> [v2:172.21.15.92:6800/1397628079,v1:172.21.15.92:6801/1397628079] conn(0x7fbecc036740 0x7fbecc038bf0 secure :-1 s=READY pgs=8 cs=0 l=1 rev1=1 crypto rx=0x7fbed8009990 tx=0x7fbed8006e40 comp rx=0 tx=0).stop
2024-03-26T18:54:11.430 INFO:teuthology.orchestra.run.smithi092.stdout:/usr/bin/ceph: stderr
2024-03-26T18:54:09.289+0000 7fbee9513700 1 -- 172.21.15.92:0/3107585113 >> [v2:172.21.15.92:3300/0,v1:172.21.15.92:6789/0] conn(0x7fbee4102920 msgr2=0x7fbee41116d0 secure :-1 s=STATE_CONNECTION_ESTABLISHED l=1).mark_down
2024-03-26T18:54:11.430 INFO:teuthology.orchestra.run.smithi092.stdout:/usr/bin/ceph: stderr
2024-03-26T18:54:09.289+0000 7fbee9513700 1 --2- 172.21.15.92:0/3107585113 >> [v2:172.21.15.92:3300/0,v1:172.21.15.92:6789/0] conn(0x7fbee4102920 0x7fbee41116d0 secure :-1 s=READY pgs=21 cs=0 l=1 rev1=1 crypto rx=0x7fbed4009ab0 tx=0x7fbed4009840 comp rx=0 tx=0).stop
2024-03-26T18:54:11.430 INFO:teuthology.orchestra.run.smithi092.stdout:/usr/bin/ceph: stderr
2024-03-26T18:54:09.290+0000 7fbee9513700 1 -- 172.21.15.92:0/3107585113 shutdown_connections
2024-03-26T18:54:11.430 INFO:teuthology.orchestra.run.smithi092.stdout:/usr/bin/ceph: stderr
2024-03-26T18:54:09.290+0000 7fbee9513700 1 --2- 172.21.15.92:0/3107585113 >> [v2:172.21.15.92:6800/1397628079,v1:172.21.15.92:6801/1397628079] conn(0x7fbecc036740 0x7fbecc038bf0 unknown :-1 s=CLOSED pgs=8 cs=0 l=1 rev1=1 crypto rx=0 tx=0 comp rx=0 tx=0).stop
2024-03-26T18:54:11.430 INFO:teuthology.orchestra.run.smithi092.stdout:/usr/bin/ceph: stderr
2024-03-26T18:54:09.290+0000 7fbee9513700 1 --2- 172.21.15.92:0/3107585113 >> [v2:172.21.15.92:3300/0,v1:172.21.15.92:6789/0] conn(0x7fbee4102920 0x7fbee41116d0 unknown :-1 s=CLOSED pgs=21 cs=0 l=1 rev1=1 crypto rx=0 tx=0 comp rx=0 tx=0).stop
2024-03-26T18:54:11.430 INFO:teuthology.orchestra.run.smithi092.stdout:/usr/bin/ceph: stderr
2024-03-26T18:54:09.290+0000 7fbee9513700 1 -- 172.21.15.92:0/3107585113 >> 172.21.15.92:0/3107585113 conn(0x7fbee40fe0a0 msgr2=0x7fbee40febe0 unknown :-1 s=STATE_NONE l=0).mark_down
2024-03-26T18:54:11.430 INFO:teuthology.orchestra.run.smithi092.stdout:/usr/bin/ceph: stderr
2024-03-26T18:54:09.290+0000 7fbee9513700 1 -- 172.21.15.92:0/3107585113 shutdown_connections
2024-03-26T18:54:11.430 INFO:teuthology.orchestra.run.smithi092.stdout:/usr/bin/ceph: stderr
2024-03-26T18:54:09.290+0000 7fbee9513700 1 -- 172.21.15.92:0/3107585113 wait complete.
2024-03-26T18:54:12.352 INFO:journalctl@ceph.mon.smithi092.smithi092.stdout:Mar 26 18:54:12 smithi092 ceph-mon[29445]: from='client.? 172.21.15.92:0/1920002072' entity='client.admin' cmd=[{"prefix": "mgr stat"}]: dispatch
2024-03-26T18:54:12.701 INFO:teuthology.orchestra.run.smithi092.stdout:/usr/bin/ceph: stdout {
2024-03-26T18:54:12.701 INFO:teuthology.orchestra.run.smithi092.stdout:/usr/bin/ceph: stdout "epoch": 5,
2024-03-26T18:54:12.701 INFO:teuthology.orchestra.run.smithi092.stdout:/usr/bin/ceph: stdout "available": true,
2024-03-26T18:54:12.701 INFO:teuthology.orchestra.run.smithi092.stdout:/usr/bin/ceph: stdout "active_name": "smithi092.syesti",
2024-03-26T18:54:12.701 INFO:teuthology.orchestra.run.smithi092.stdout:/usr/bin/ceph: stdout "num_standby": 0
2024-03-26T18:54:12.701 INFO:teuthology.orchestra.run.smithi092.stdout:/usr/bin/ceph: stdout }
2024-03-26T18:54:12.701 INFO:teuthology.orchestra.run.smithi092.stdout:/usr/bin/ceph: stderr
2024-03-26T18:54:11.858+0000 7f90ee0c0700 1 Processor -- start
2024-03-26T18:54:12.701 INFO:teuthology.orchestra.run.smithi092.stdout:/usr/bin/ceph: stderr
2024-03-26T18:54:11.858+0000 7f90ee0c0700 1 -- start start
2024-03-26T18:54:12.701 INFO:teuthology.orchestra.run.smithi092.stdout:/usr/bin/ceph: stderr
2024-03-26T18:54:11.858+0000 7f90ee0c0700 1 --2- >> [v2:172.21.15.92:3300/0,v1:172.21.15.92:6789/0] conn(0x7f90e8071270 0x7f90e8105520 unknown :-1 s=NONE pgs=0 cs=0 l=0 rev1=0 crypto rx=0 tx=0 comp rx=0 tx=0).connect
2024-03-26T18:54:12.701 INFO:teuthology.orchestra.run.smithi092.stdout:/usr/bin/ceph: stderr
2024-03-26T18:54:11.858+0000 7f90ee0c0700 1 -- --> [v2:172.21.15.92:3300/0,v1:172.21.15.92:6789/0] -- mon_getmap magic: 0 v1 -- 0x7f90e8071680 con 0x7f90e8071270
2024-03-26T18:54:12.701 INFO:teuthology.orchestra.run.smithi092.stdout:/usr/bin/ceph: stderr
2024-03-26T18:54:11.858+0000 7f90e77fe700 1 --2- >> [v2:172.21.15.92:3300/0,v1:172.21.15.92:6789/0] conn(0x7f90e8071270 0x7f90e8105520 unknown :-1 s=BANNER_CONNECTING pgs=0 cs=0 l=0 rev1=0 crypto rx=0 tx=0 comp rx=0 tx=0)._handle_peer_banner_payload supported=3 required=0
2024-03-26T18:54:12.701 INFO:teuthology.orchestra.run.smithi092.stdout:/usr/bin/ceph: stderr
2024-03-26T18:54:11.858+0000 7f90e77fe700 1 --2- >> [v2:172.21.15.92:3300/0,v1:172.21.15.92:6789/0] conn(0x7f90e8071270 0x7f90e8105520 unknown :-1 s=HELLO_CONNECTING pgs=0 cs=0 l=0 rev1=1 crypto rx=0 tx=0 comp rx=0 tx=0).handle_hello peer v2:172.21.15.92:3300/0 says I am v2:172.21.15.92:38846/0 (socket says 172.21.15.92:38846)
2024-03-26T18:54:12.702 INFO:teuthology.orchestra.run.smithi092.stdout:/usr/bin/ceph: stderr
2024-03-26T18:54:11.858+0000 7f90e77fe700 1 -- 172.21.15.92:0/3066963166 learned_addr learned my addr 172.21.15.92:0/3066963166 (peer_addr_for_me v2:172.21.15.92:0/0)
2024-03-26T18:54:12.702 INFO:teuthology.orchestra.run.smithi092.stdout:/usr/bin/ceph: stderr
2024-03-26T18:54:11.858+0000 7f90e77fe700 1 -- 172.21.15.92:0/3066963166 --> [v2:172.21.15.92:3300/0,v1:172.21.15.92:6789/0] -- mon_subscribe({config=0+,monmap=0+}) v3 -- 0x7f90e8105a60 con 0x7f90e8071270
2024-03-26T18:54:12.702 INFO:teuthology.orchestra.run.smithi092.stdout:/usr/bin/ceph: stderr
2024-03-26T18:54:11.859+0000 7f90e77fe700 1 --2- 172.21.15.92:0/3066963166 >> [v2:172.21.15.92:3300/0,v1:172.21.15.92:6789/0] conn(0x7f90e8071270 0x7f90e8105520 secure :-1 s=READY pgs=24 cs=0 l=1 rev1=1 crypto rx=0x7f90d80098e0 tx=0x7f90d8009250 comp rx=0 tx=0).ready entity=mon.0 client_cookie=b7771ef17d474fb0 server_cookie=0 in_seq=0 out_seq=0
2024-03-26T18:54:12.702 INFO:teuthology.orchestra.run.smithi092.stdout:/usr/bin/ceph: stderr
2024-03-26T18:54:11.859+0000 7f90e67fc700 1 -- 172.21.15.92:0/3066963166 <== mon.0 v2:172.21.15.92:3300/0 1 ==== mon_map magic: 0 v1 ==== 229+0+0 (secure 0 0 0) 0x7f90d800b860 con 0x7f90e8071270
2024-03-26T18:54:12.702 INFO:teuthology.orchestra.run.smithi092.stdout:/usr/bin/ceph: stderr
2024-03-26T18:54:11.859+0000 7f90e67fc700 1 -- 172.21.15.92:0/3066963166 <== mon.0 v2:172.21.15.92:3300/0 2 ==== config(27 keys) v1 ==== 1044+0+0 (secure 0 0 0) 0x7f90d800be50 con 0x7f90e8071270
2024-03-26T18:54:12.702 INFO:teuthology.orchestra.run.smithi092.stdout:/usr/bin/ceph: stderr
2024-03-26T18:54:11.859+0000 7f90e67fc700 1 -- 172.21.15.92:0/3066963166 <== mon.0 v2:172.21.15.92:3300/0 3 ==== mon_map magic: 0 v1 ==== 229+0+0 (secure 0 0 0) 0x7f90d8010380 con 0x7f90e8071270
2024-03-26T18:54:12.702 INFO:teuthology.orchestra.run.smithi092.stdout:/usr/bin/ceph: stderr
2024-03-26T18:54:11.859+0000 7f90ee0c0700 1 -- 172.21.15.92:0/3066963166 >> [v2:172.21.15.92:3300/0,v1:172.21.15.92:6789/0] conn(0x7f90e8071270 msgr2=0x7f90e8105520 secure :-1 s=STATE_CONNECTION_ESTABLISHED l=1).mark_down
2024-03-26T18:54:12.702 INFO:teuthology.orchestra.run.smithi092.stdout:/usr/bin/ceph: stderr
2024-03-26T18:54:11.859+0000 7f90ee0c0700 1 --2- 172.21.15.92:0/3066963166 >> [v2:172.21.15.92:3300/0,v1:172.21.15.92:6789/0] conn(0x7f90e8071270 0x7f90e8105520 secure :-1 s=READY pgs=24 cs=0 l=1 rev1=1 crypto rx=0x7f90d80098e0 tx=0x7f90d8009250 comp rx=0 tx=0).stop
2024-03-26T18:54:12.702 INFO:teuthology.orchestra.run.smithi092.stdout:/usr/bin/ceph: stderr
2024-03-26T18:54:11.859+0000 7f90ee0c0700 1 -- 172.21.15.92:0/3066963166 shutdown_connections
2024-03-26T18:54:12.702 INFO:teuthology.orchestra.run.smithi092.stdout:/usr/bin/ceph: stderr
2024-03-26T18:54:11.859+0000 7f90ee0c0700 1 --2- 172.21.15.92:0/3066963166 >> [v2:172.21.15.92:3300/0,v1:172.21.15.92:6789/0] conn(0x7f90e8071270 0x7f90e8105520 unknown :-1 s=CLOSED pgs=24 cs=0 l=1 rev1=1 crypto rx=0 tx=0 comp rx=0 tx=0).stop
2024-03-26T18:54:12.702 INFO:teuthology.orchestra.run.smithi092.stdout:/usr/bin/ceph: stderr
2024-03-26T18:54:11.859+0000 7f90ee0c0700 1 -- 172.21.15.92:0/3066963166 >> 172.21.15.92:0/3066963166 conn(0x7f90e80fcfb0 msgr2=0x7f90e80ff3c0 unknown :-1 s=STATE_NONE l=0).mark_down
2024-03-26T18:54:12.702 INFO:teuthology.orchestra.run.smithi092.stdout:/usr/bin/ceph: stderr
2024-03-26T18:54:11.859+0000 7f90ee0c0700 1 -- 172.21.15.92:0/3066963166 shutdown_connections
2024-03-26T18:54:12.702 INFO:teuthology.orchestra.run.smithi092.stdout:/usr/bin/ceph: stderr
2024-03-26T18:54:11.860+0000 7f90ee0c0700 1 -- 172.21.15.92:0/3066963166 wait complete.
2024-03-26T18:54:12.702 INFO:teuthology.orchestra.run.smithi092.stdout:/usr/bin/ceph: stderr
2024-03-26T18:54:11.860+0000 7f90ee0c0700 1 Processor -- start
2024-03-26T18:54:12.703 INFO:teuthology.orchestra.run.smithi092.stdout:/usr/bin/ceph: stderr
2024-03-26T18:54:11.860+0000 7f90ee0c0700 1 -- start start
2024-03-26T18:54:12.703 INFO:teuthology.orchestra.run.smithi092.stdout:/usr/bin/ceph: stderr
2024-03-26T18:54:11.860+0000 7f90ee0c0700 1 --2- >> [v2:172.21.15.92:3300/0,v1:172.21.15.92:6789/0] conn(0x7f90e8071270 0x7f90e8111730 unknown :-1 s=NONE pgs=0 cs=0 l=1 rev1=0 crypto rx=0 tx=0 comp rx=0 tx=0).connect
2024-03-26T18:54:12.703 INFO:teuthology.orchestra.run.smithi092.stdout:/usr/bin/ceph: stderr
2024-03-26T18:54:11.860+0000 7f90ee0c0700 1 -- --> [v2:172.21.15.92:3300/0,v1:172.21.15.92:6789/0] -- mon_getmap magic: 0 v1 -- 0x7f90e8111c70 con 0x7f90e8071270
2024-03-26T18:54:12.703 INFO:teuthology.orchestra.run.smithi092.stdout:/usr/bin/ceph: stderr
2024-03-26T18:54:11.860+0000 7f90e77fe700 1 --2- >> [v2:172.21.15.92:3300/0,v1:172.21.15.92:6789/0] conn(0x7f90e8071270 0x7f90e8111730 unknown :-1 s=BANNER_CONNECTING pgs=0 cs=0 l=1 rev1=0 crypto rx=0 tx=0 comp rx=0 tx=0)._handle_peer_banner_payload supported=3 required=0
2024-03-26T18:54:12.703 INFO:teuthology.orchestra.run.smithi092.stdout:/usr/bin/ceph: stderr
2024-03-26T18:54:11.860+0000 7f90e77fe700 1 --2- >> [v2:172.21.15.92:3300/0,v1:172.21.15.92:6789/0] conn(0x7f90e8071270 0x7f90e8111730 unknown :-1 s=HELLO_CONNECTING pgs=0 cs=0 l=1 rev1=1 crypto rx=0 tx=0 comp rx=0 tx=0).handle_hello peer v2:172.21.15.92:3300/0 says I am v2:172.21.15.92:38858/0 (socket says 172.21.15.92:38858)
2024-03-26T18:54:12.703 INFO:teuthology.orchestra.run.smithi092.stdout:/usr/bin/ceph: stderr
2024-03-26T18:54:11.860+0000 7f90e77fe700 1 -- 172.21.15.92:0/1920002072 learned_addr learned my addr 172.21.15.92:0/1920002072 (peer_addr_for_me v2:172.21.15.92:0/0)
2024-03-26T18:54:12.703 INFO:teuthology.orchestra.run.smithi092.stdout:/usr/bin/ceph: stderr
2024-03-26T18:54:11.861+0000 7f90e77fe700 1 -- 172.21.15.92:0/1920002072 --> [v2:172.21.15.92:3300/0,v1:172.21.15.92:6789/0] -- mon_subscribe({config=0+,monmap=0+}) v3 -- 0x7f90d80094f0 con 0x7f90e8071270
2024-03-26T18:54:12.703 INFO:teuthology.orchestra.run.smithi092.stdout:/usr/bin/ceph: stderr
2024-03-26T18:54:11.861+0000 7f90e77fe700 1 --2- 172.21.15.92:0/1920002072 >> [v2:172.21.15.92:3300/0,v1:172.21.15.92:6789/0] conn(0x7f90e8071270 0x7f90e8111730 secure :-1 s=READY pgs=25 cs=0 l=1 rev1=1 crypto rx=0x7f90d80090b0 tx=0x7f90d8009250 comp rx=0 tx=0).ready entity=mon.0 client_cookie=0 server_cookie=0 in_seq=0 out_seq=0
2024-03-26T18:54:12.703 INFO:teuthology.orchestra.run.smithi092.stdout:/usr/bin/ceph: stderr
2024-03-26T18:54:11.861+0000 7f90cffff700 1 -- 172.21.15.92:0/1920002072 <== mon.0 v2:172.21.15.92:3300/0 1 ==== mon_map magic: 0 v1 ==== 229+0+0 (secure 0 0 0) 0x7f90d8010760 con 0x7f90e8071270
2024-03-26T18:54:12.703 INFO:teuthology.orchestra.run.smithi092.stdout:/usr/bin/ceph: stderr
2024-03-26T18:54:11.861+0000 7f90ee0c0700 1 -- 172.21.15.92:0/1920002072 --> [v2:172.21.15.92:3300/0,v1:172.21.15.92:6789/0] -- mon_subscribe({mgrmap=0+}) v3 -- 0x7f90e8111e70 con 0x7f90e8071270
2024-03-26T18:54:12.703 INFO:teuthology.orchestra.run.smithi092.stdout:/usr/bin/ceph: stderr
2024-03-26T18:54:11.861+0000 7f90cffff700 1 -- 172.21.15.92:0/1920002072 <== mon.0 v2:172.21.15.92:3300/0 2 ==== config(27 keys) v1 ==== 1044+0+0 (secure 0 0 0) 0x7f90d8010d50 con 0x7f90e8071270
2024-03-26T18:54:12.703 INFO:teuthology.orchestra.run.smithi092.stdout:/usr/bin/ceph: stderr
2024-03-26T18:54:11.861+0000 7f90cffff700 1 -- 172.21.15.92:0/1920002072 <== mon.0 v2:172.21.15.92:3300/0 3 ==== mon_map magic: 0 v1 ==== 229+0+0 (secure 0 0 0) 0x7f90d801ace0 con 0x7f90e8071270
2024-03-26T18:54:12.703 INFO:teuthology.orchestra.run.smithi092.stdout:/usr/bin/ceph: stderr
2024-03-26T18:54:11.861+0000 7f90ee0c0700 1 -- 172.21.15.92:0/1920002072 --> [v2:172.21.15.92:3300/0,v1:172.21.15.92:6789/0] -- mon_subscribe({osdmap=0}) v3 -- 0x7f90e81129e0 con 0x7f90e8071270
2024-03-26T18:54:12.703 INFO:teuthology.orchestra.run.smithi092.stdout:/usr/bin/ceph: stderr
2024-03-26T18:54:11.862+0000 7f90cffff700 1 -- 172.21.15.92:0/1920002072 <== mon.0 v2:172.21.15.92:3300/0 4 ==== mgrmap(e 5) v1 ==== 43368+0+0 (secure 0 0 0) 0x7f90d802d3f0 con 0x7f90e8071270
2024-03-26T18:54:12.704 INFO:teuthology.orchestra.run.smithi092.stdout:/usr/bin/ceph: stderr
2024-03-26T18:54:11.862+0000 7f90cffff700 1 --2- 172.21.15.92:0/1920002072 >> [v2:172.21.15.92:6800/1397628079,v1:172.21.15.92:6801/1397628079] conn(0x7f90d0036790 0x7f90d0038c40 unknown :-1 s=NONE pgs=0 cs=0 l=1 rev1=0 crypto rx=0 tx=0 comp rx=0 tx=0).connect
2024-03-26T18:54:12.704 INFO:teuthology.orchestra.run.smithi092.stdout:/usr/bin/ceph: stderr
2024-03-26T18:54:11.862+0000 7f90cffff700 1 -- 172.21.15.92:0/1920002072 <== mon.0 v2:172.21.15.92:3300/0 5 ==== osd_map(1..1 src has 1..1) v4 ==== 721+0+0 (secure 0 0 0) 0x7f90d804b040 con 0x7f90e8071270
2024-03-26T18:54:12.704 INFO:teuthology.orchestra.run.smithi092.stdout:/usr/bin/ceph: stderr
