2024-03-26T18:54:29.408+0000 7fc87492f700 1 -- 172.21.15.92:0/237029825 --> [v2:172.21.15.92:3300/0,v1:172.21.15.92:6789/0] -- mon_subscribe({config=0+,monmap=0+}) v3 -- 0x7fc870101470 con 0x7fc870102de0
2024-03-26T18:54:30.189 INFO:teuthology.orchestra.run.smithi092.stdout:/usr/bin/ceph: stderr
2024-03-26T18:54:29.408+0000 7fc87492f700 1 --2- 172.21.15.92:0/237029825 >> [v2:172.21.15.92:3300/0,v1:172.21.15.92:6789/0] conn(0x7fc870102de0 0x7fc8701031f0 secure :-1 s=READY pgs=49 cs=0 l=1 rev1=1 crypto rx=0x7fc8640098e0 tx=0x7fc864009250 comp rx=0 tx=0).ready entity=mon.0 client_cookie=1ff9ec9c2252dd31 server_cookie=0 in_seq=0 out_seq=0
2024-03-26T18:54:30.190 INFO:teuthology.orchestra.run.smithi092.stdout:/usr/bin/ceph: stderr
2024-03-26T18:54:29.408+0000 7fc86f7fe700 1 -- 172.21.15.92:0/237029825 <== mon.0 v2:172.21.15.92:3300/0 1 ==== mon_map magic: 0 v1 ==== 229+0+0 (secure 0 0 0) 0x7fc86400b860 con 0x7fc870102de0
2024-03-26T18:54:30.190 INFO:teuthology.orchestra.run.smithi092.stdout:/usr/bin/ceph: stderr
2024-03-26T18:54:29.408+0000 7fc86f7fe700 1 -- 172.21.15.92:0/237029825 <== mon.0 v2:172.21.15.92:3300/0 2 ==== config(27 keys) v1 ==== 1109+0+0 (secure 0 0 0) 0x7fc86400be90 con 0x7fc870102de0
2024-03-26T18:54:30.190 INFO:teuthology.orchestra.run.smithi092.stdout:/usr/bin/ceph: stderr
2024-03-26T18:54:29.409+0000 7fc86f7fe700 1 -- 172.21.15.92:0/237029825 <== mon.0 v2:172.21.15.92:3300/0 3 ==== mon_map magic: 0 v1 ==== 229+0+0 (secure 0 0 0) 0x7fc8640103c0 con 0x7fc870102de0
2024-03-26T18:54:30.190 INFO:teuthology.orchestra.run.smithi092.stdout:/usr/bin/ceph: stderr
2024-03-26T18:54:29.409+0000 7fc876b93700 1 -- 172.21.15.92:0/237029825 >> [v2:172.21.15.92:3300/0,v1:172.21.15.92:6789/0] conn(0x7fc870102de0 msgr2=0x7fc8701031f0 secure :-1 s=STATE_CONNECTION_ESTABLISHED l=1).mark_down
2024-03-26T18:54:30.190 INFO:teuthology.orchestra.run.smithi092.stdout:/usr/bin/ceph: stderr
2024-03-26T18:54:29.409+0000 7fc876b93700 1 --2- 172.21.15.92:0/237029825 >> [v2:172.21.15.92:3300/0,v1:172.21.15.92:6789/0] conn(0x7fc870102de0 0x7fc8701031f0 secure :-1 s=READY pgs=49 cs=0 l=1 rev1=1 crypto rx=0x7fc8640098e0 tx=0x7fc864009250 comp rx=0 tx=0).stop
2024-03-26T18:54:30.190 INFO:teuthology.orchestra.run.smithi092.stdout:/usr/bin/ceph: stderr
2024-03-26T18:54:29.409+0000 7fc876b93700 1 -- 172.21.15.92:0/237029825 shutdown_connections
2024-03-26T18:54:30.190 INFO:teuthology.orchestra.run.smithi092.stdout:/usr/bin/ceph: stderr
2024-03-26T18:54:29.409+0000 7fc876b93700 1 --2- 172.21.15.92:0/237029825 >> [v2:172.21.15.92:3300/0,v1:172.21.15.92:6789/0] conn(0x7fc870102de0 0x7fc8701031f0 unknown :-1 s=CLOSED pgs=49 cs=0 l=1 rev1=1 crypto rx=0 tx=0 comp rx=0 tx=0).stop
2024-03-26T18:54:30.190 INFO:teuthology.orchestra.run.smithi092.stdout:/usr/bin/ceph: stderr
2024-03-26T18:54:29.409+0000 7fc876b93700 1 -- 172.21.15.92:0/237029825 >> 172.21.15.92:0/237029825 conn(0x7fc8700fcf40 msgr2=0x7fc8700ff350 unknown :-1 s=STATE_NONE l=0).mark_down
2024-03-26T18:54:30.190 INFO:teuthology.orchestra.run.smithi092.stdout:/usr/bin/ceph: stderr
2024-03-26T18:54:29.409+0000 7fc876b93700 1 -- 172.21.15.92:0/237029825 shutdown_connections
2024-03-26T18:54:30.190 INFO:teuthology.orchestra.run.smithi092.stdout:/usr/bin/ceph: stderr
2024-03-26T18:54:29.409+0000 7fc876b93700 1 -- 172.21.15.92:0/237029825 wait complete.
2024-03-26T18:54:30.190 INFO:teuthology.orchestra.run.smithi092.stdout:/usr/bin/ceph: stderr
2024-03-26T18:54:29.410+0000 7fc876b93700 1 Processor -- start
2024-03-26T18:54:30.190 INFO:teuthology.orchestra.run.smithi092.stdout:/usr/bin/ceph: stderr
2024-03-26T18:54:29.410+0000 7fc876b93700 1 -- start start
2024-03-26T18:54:30.190 INFO:teuthology.orchestra.run.smithi092.stdout:/usr/bin/ceph: stderr
2024-03-26T18:54:29.410+0000 7fc876b93700 1 --2- >> [v2:172.21.15.92:3300/0,v1:172.21.15.92:6789/0] conn(0x7fc870102de0 0x7fc870076b20 unknown :-1 s=NONE pgs=0 cs=0 l=1 rev1=0 crypto rx=0 tx=0 comp rx=0 tx=0).connect
2024-03-26T18:54:30.191 INFO:teuthology.orchestra.run.smithi092.stdout:/usr/bin/ceph: stderr
2024-03-26T18:54:29.410+0000 7fc876b93700 1 -- --> [v2:172.21.15.92:3300/0,v1:172.21.15.92:6789/0] -- mon_getmap magic: 0 v1 -- 0x7fc8701121f0 con 0x7fc870102de0
2024-03-26T18:54:30.191 INFO:teuthology.orchestra.run.smithi092.stdout:/usr/bin/ceph: stderr
2024-03-26T18:54:29.410+0000 7fc87492f700 1 --2- >> [v2:172.21.15.92:3300/0,v1:172.21.15.92:6789/0] conn(0x7fc870102de0 0x7fc870076b20 unknown :-1 s=BANNER_CONNECTING pgs=0 cs=0 l=1 rev1=0 crypto rx=0 tx=0 comp rx=0 tx=0)._handle_peer_banner_payload supported=3 required=0
2024-03-26T18:54:30.191 INFO:teuthology.orchestra.run.smithi092.stdout:/usr/bin/ceph: stderr
2024-03-26T18:54:29.410+0000 7fc87492f700 1 --2- >> [v2:172.21.15.92:3300/0,v1:172.21.15.92:6789/0] conn(0x7fc870102de0 0x7fc870076b20 unknown :-1 s=HELLO_CONNECTING pgs=0 cs=0 l=1 rev1=1 crypto rx=0 tx=0 comp rx=0 tx=0).handle_hello peer v2:172.21.15.92:3300/0 says I am v2:172.21.15.92:33068/0 (socket says 172.21.15.92:33068)
2024-03-26T18:54:30.191 INFO:teuthology.orchestra.run.smithi092.stdout:/usr/bin/ceph: stderr
2024-03-26T18:54:29.410+0000 7fc87492f700 1 -- 172.21.15.92:0/3721383273 learned_addr learned my addr 172.21.15.92:0/3721383273 (peer_addr_for_me v2:172.21.15.92:0/0)
2024-03-26T18:54:30.191 INFO:teuthology.orchestra.run.smithi092.stdout:/usr/bin/ceph: stderr
2024-03-26T18:54:29.411+0000 7fc87492f700 1 -- 172.21.15.92:0/3721383273 --> [v2:172.21.15.92:3300/0,v1:172.21.15.92:6789/0] -- mon_subscribe({config=0+,monmap=0+}) v3 -- 0x7fc8640094f0 con 0x7fc870102de0
2024-03-26T18:54:30.191 INFO:teuthology.orchestra.run.smithi092.stdout:/usr/bin/ceph: stderr
2024-03-26T18:54:29.411+0000 7fc87492f700 1 --2- 172.21.15.92:0/3721383273 >> [v2:172.21.15.92:3300/0,v1:172.21.15.92:6789/0] conn(0x7fc870102de0 0x7fc870076b20 secure :-1 s=READY pgs=50 cs=0 l=1 rev1=1 crypto rx=0x7fc8640090b0 tx=0x7fc864009250 comp rx=0 tx=0).ready entity=mon.0 client_cookie=0 server_cookie=0 in_seq=0 out_seq=0
2024-03-26T18:54:30.191 INFO:teuthology.orchestra.run.smithi092.stdout:/usr/bin/ceph: stderr
2024-03-26T18:54:29.411+0000 7fc86d7fa700 1 -- 172.21.15.92:0/3721383273 <== mon.0 v2:172.21.15.92:3300/0 1 ==== mon_map magic: 0 v1 ==== 229+0+0 (secure 0 0 0) 0x7fc864010840 con 0x7fc870102de0
2024-03-26T18:54:30.191 INFO:teuthology.orchestra.run.smithi092.stdout:/usr/bin/ceph: stderr
2024-03-26T18:54:29.411+0000 7fc86d7fa700 1 -- 172.21.15.92:0/3721383273 <== mon.0 v2:172.21.15.92:3300/0 2 ==== config(27 keys) v1 ==== 1109+0+0 (secure 0 0 0) 0x7fc864010e70 con 0x7fc870102de0
2024-03-26T18:54:30.191 INFO:teuthology.orchestra.run.smithi092.stdout:/usr/bin/ceph: stderr
2024-03-26T18:54:29.411+0000 7fc876b93700 1 -- 172.21.15.92:0/3721383273 --> [v2:172.21.15.92:3300/0,v1:172.21.15.92:6789/0] -- mon_subscribe({mgrmap=0+}) v3 -- 0x7fc870116800 con 0x7fc870102de0
2024-03-26T18:54:30.191 INFO:teuthology.orchestra.run.smithi092.stdout:/usr/bin/ceph: stderr
2024-03-26T18:54:29.411+0000 7fc86d7fa700 1 -- 172.21.15.92:0/3721383273 <== mon.0 v2:172.21.15.92:3300/0 3 ==== mon_map magic: 0 v1 ==== 229+0+0 (secure 0 0 0) 0x7fc864024e40 con 0x7fc870102de0
2024-03-26T18:54:30.191 INFO:teuthology.orchestra.run.smithi092.stdout:/usr/bin/ceph: stderr
2024-03-26T18:54:29.411+0000 7fc876b93700 1 -- 172.21.15.92:0/3721383273 --> [v2:172.21.15.92:3300/0,v1:172.21.15.92:6789/0] -- mon_subscribe({osdmap=0}) v3 -- 0x7fc870116bd0 con 0x7fc870102de0
2024-03-26T18:54:30.191 INFO:teuthology.orchestra.run.smithi092.stdout:/usr/bin/ceph: stderr
2024-03-26T18:54:29.412+0000 7fc86d7fa700 1 -- 172.21.15.92:0/3721383273 <== mon.0 v2:172.21.15.92:3300/0 4 ==== mgrmap(e 8) v1 ==== 43368+0+0 (secure 0 0 0) 0x7fc86401a4c0 con 0x7fc870102de0
2024-03-26T18:54:30.191 INFO:teuthology.orchestra.run.smithi092.stdout:/usr/bin/ceph: stderr
2024-03-26T18:54:29.412+0000 7fc86d7fa700 1 --2- 172.21.15.92:0/3721383273 >> [v2:172.21.15.92:6800/2613542190,v1:172.21.15.92:6801/2613542190] conn(0x7fc860036790 0x7fc860038c40 unknown :-1 s=NONE pgs=0 cs=0 l=1 rev1=0 crypto rx=0 tx=0 comp rx=0 tx=0).connect
2024-03-26T18:54:30.191 INFO:teuthology.orchestra.run.smithi092.stdout:/usr/bin/ceph: stderr
2024-03-26T18:54:29.412+0000 7fc876b93700 1 -- 172.21.15.92:0/3721383273 --> [v2:172.21.15.92:3300/0,v1:172.21.15.92:6789/0] -- mon_command({"prefix": "get_command_descriptions"} v 0) v1 -- 0x7fc87005f5f0 con 0x7fc870102de0
2024-03-26T18:54:30.192 INFO:teuthology.orchestra.run.smithi092.stdout:/usr/bin/ceph: stderr
2024-03-26T18:54:29.412+0000 7fc86d7fa700 1 -- 172.21.15.92:0/3721383273 <== mon.0 v2:172.21.15.92:3300/0 5 ==== osd_map(2..2 src has 1..2) v4 ==== 936+0+0 (secure 0 0 0) 0x7fc864024430 con 0x7fc870102de0
2024-03-26T18:54:30.192 INFO:teuthology.orchestra.run.smithi092.stdout:/usr/bin/ceph: stderr
2024-03-26T18:54:29.412+0000 7fc86ffff700 1 --2- 172.21.15.92:0/3721383273 >> [v2:172.21.15.92:6800/2613542190,v1:172.21.15.92:6801/2613542190] conn(0x7fc860036790 0x7fc860038c40 unknown :-1 s=BANNER_CONNECTING pgs=0 cs=0 l=1 rev1=0 crypto rx=0 tx=0 comp rx=0 tx=0)._handle_peer_banner_payload supported=3 required=0
2024-03-26T18:54:30.192 INFO:teuthology.orchestra.run.smithi092.stdout:/usr/bin/ceph: stderr
2024-03-26T18:54:29.413+0000 7fc86ffff700 1 --2- 172.21.15.92:0/3721383273 >> [v2:172.21.15.92:6800/2613542190,v1:172.21.15.92:6801/2613542190] conn(0x7fc860036790 0x7fc860038c40 secure :-1 s=READY pgs=14 cs=0 l=1 rev1=1 crypto rx=0x7fc85c009990 tx=0x7fc85c006e40 comp rx=0 tx=0).ready entity=mgr.14118 client_cookie=0 server_cookie=0 in_seq=0 out_seq=0
2024-03-26T18:54:30.192 INFO:teuthology.orchestra.run.smithi092.stdout:/usr/bin/ceph: stderr
2024-03-26T18:54:29.417+0000 7fc86d7fa700 1 -- 172.21.15.92:0/3721383273 <== mon.0 v2:172.21.15.92:3300/0 6 ==== mon_command_ack([{"prefix": "get_command_descriptions"}]=0 v0) v1 ==== 72+0+176504 (secure 0 0 0) 0x7fc864018940 con 0x7fc870102de0
2024-03-26T18:54:30.192 INFO:teuthology.orchestra.run.smithi092.stdout:/usr/bin/ceph: stderr
2024-03-26T18:54:29.628+0000 7fc876b93700 1 -- 172.21.15.92:0/3721383273 --> [v2:172.21.15.92:6800/2613542190,v1:172.21.15.92:6801/2613542190] -- mgr_command(tid 0: {"prefix": "orch apply", "service_type": "crash", "target": ["mon-mgr", ""]}) v1 -- 0x7fc8700fe210 con 0x7fc860036790
2024-03-26T18:54:30.192 INFO:teuthology.orchestra.run.smithi092.stdout:/usr/bin/ceph: stderr
2024-03-26T18:54:29.635+0000 7fc86d7fa700 1 -- 172.21.15.92:0/3721383273 <== mgr.14118 v2:172.21.15.92:6800/2613542190 1 ==== mgr_command_reply(tid 0: 0 ) v1 ==== 8+0+26 (secure 0 0 0) 0x7fc8700fe210 con 0x7fc860036790
2024-03-26T18:54:30.192 INFO:teuthology.orchestra.run.smithi092.stdout:/usr/bin/ceph: stderr
2024-03-26T18:54:29.637+0000 7fc876b93700 1 -- 172.21.15.92:0/3721383273 >> [v2:172.21.15.92:6800/2613542190,v1:172.21.15.92:6801/2613542190] conn(0x7fc860036790 msgr2=0x7fc860038c40 secure :-1 s=STATE_CONNECTION_ESTABLISHED l=1).mark_down
2024-03-26T18:54:30.192 INFO:teuthology.orchestra.run.smithi092.stdout:/usr/bin/ceph: stderr
2024-03-26T18:54:29.637+0000 7fc876b93700 1 --2- 172.21.15.92:0/3721383273 >> [v2:172.21.15.92:6800/2613542190,v1:172.21.15.92:6801/2613542190] conn(0x7fc860036790 0x7fc860038c40 secure :-1 s=READY pgs=14 cs=0 l=1 rev1=1 crypto rx=0x7fc85c009990 tx=0x7fc85c006e40 comp rx=0 tx=0).stop
2024-03-26T18:54:30.192 INFO:teuthology.orchestra.run.smithi092.stdout:/usr/bin/ceph: stderr
2024-03-26T18:54:29.637+0000 7fc876b93700 1 -- 172.21.15.92:0/3721383273 >> [v2:172.21.15.92:3300/0,v1:172.21.15.92:6789/0] conn(0x7fc870102de0 msgr2=0x7fc870076b20 secure :-1 s=STATE_CONNECTION_ESTABLISHED l=1).mark_down
2024-03-26T18:54:30.192 INFO:teuthology.orchestra.run.smithi092.stdout:/usr/bin/ceph: stderr
2024-03-26T18:54:29.637+0000 7fc876b93700 1 --2- 172.21.15.92:0/3721383273 >> [v2:172.21.15.92:3300/0,v1:172.21.15.92:6789/0] conn(0x7fc870102de0 0x7fc870076b20 secure :-1 s=READY pgs=50 cs=0 l=1 rev1=1 crypto rx=0x7fc8640090b0 tx=0x7fc864009250 comp rx=0 tx=0).stop
2024-03-26T18:54:30.192 INFO:teuthology.orchestra.run.smithi092.stdout:/usr/bin/ceph: stderr
2024-03-26T18:54:29.637+0000 7fc876b93700 1 -- 172.21.15.92:0/3721383273 shutdown_connections
2024-03-26T18:54:30.192 INFO:teuthology.orchestra.run.smithi092.stdout:/usr/bin/ceph: stderr
2024-03-26T18:54:29.637+0000 7fc876b93700 1 --2- 172.21.15.92:0/3721383273 >> [v2:172.21.15.92:6800/2613542190,v1:172.21.15.92:6801/2613542190] conn(0x7fc860036790 0x7fc860038c40 unknown :-1 s=CLOSED pgs=14 cs=0 l=1 rev1=1 crypto rx=0 tx=0 comp rx=0 tx=0).stop
2024-03-26T18:54:30.192 INFO:teuthology.orchestra.run.smithi092.stdout:/usr/bin/ceph: stderr
2024-03-26T18:54:29.637+0000 7fc876b93700 1 --2- 172.21.15.92:0/3721383273 >> [v2:172.21.15.92:3300/0,v1:172.21.15.92:6789/0] conn(0x7fc870102de0 0x7fc870076b20 unknown :-1 s=CLOSED pgs=50 cs=0 l=1 rev1=1 crypto rx=0 tx=0 comp rx=0 tx=0).stop
2024-03-26T18:54:30.193 INFO:teuthology.orchestra.run.smithi092.stdout:/usr/bin/ceph: stderr
2024-03-26T18:54:29.637+0000 7fc876b93700 1 -- 172.21.15.92:0/3721383273 >> 172.21.15.92:0/3721383273 conn(0x7fc8700fcf40 msgr2=0x7fc8700fdb00 unknown :-1 s=STATE_NONE l=0).mark_down
2024-03-26T18:54:30.193 INFO:teuthology.orchestra.run.smithi092.stdout:/usr/bin/ceph: stderr
2024-03-26T18:54:29.637+0000 7fc876b93700 1 -- 172.21.15.92:0/3721383273 shutdown_connections
2024-03-26T18:54:30.193 INFO:teuthology.orchestra.run.smithi092.stdout:/usr/bin/ceph: stderr
2024-03-26T18:54:29.637+0000 7fc876b93700 1 -- 172.21.15.92:0/3721383273 wait complete.
2024-03-26T18:54:30.193 INFO:teuthology.orchestra.run.smithi092.stdout:Deploying prometheus service with default placement...
2024-03-26T18:54:30.797 INFO:journalctl@ceph.mon.smithi092.smithi092.stdout:Mar 26 18:54:30 smithi092 ceph-mon[29445]: from='mgr.14118 172.21.15.92:0/733296580' entity='mgr.smithi092.syesti'
2024-03-26T18:54:30.798 INFO:journalctl@ceph.mon.smithi092.smithi092.stdout:Mar 26 18:54:30 smithi092 ceph-mon[29445]: from='client.14144 -' entity='client.admin' cmd=[{"prefix": "orch apply", "service_type": "crash", "target": ["mon-mgr", ""]}]: dispatch
2024-03-26T18:54:30.798 INFO:journalctl@ceph.mon.smithi092.smithi092.stdout:Mar 26 18:54:30 smithi092 ceph-mon[29445]: Saving service crash spec with placement *
2024-03-26T18:54:30.798 INFO:journalctl@ceph.mon.smithi092.smithi092.stdout:Mar 26 18:54:30 smithi092 ceph-mon[29445]: from='mgr.14118 172.21.15.92:0/733296580' entity='mgr.smithi092.syesti'
2024-03-26T18:54:31.866 INFO:journalctl@ceph.mon.smithi092.smithi092.stdout:Mar 26 18:54:31 smithi092 ceph-mon[29445]: from='client.14146 -' entity='client.admin' cmd=[{"prefix": "orch apply", "service_type": "prometheus", "target": ["mon-mgr", ""]}]: dispatch
2024-03-26T18:54:31.866 INFO:journalctl@ceph.mon.smithi092.smithi092.stdout:Mar 26 18:54:31 smithi092 ceph-mon[29445]: Saving service prometheus spec with placement count:1
2024-03-26T18:54:31.866 INFO:journalctl@ceph.mon.smithi092.smithi092.stdout:Mar 26 18:54:31 smithi092 ceph-mon[29445]: from='mgr.14118 172.21.15.92:0/733296580' entity='mgr.smithi092.syesti'
2024-03-26T18:54:31.867 INFO:journalctl@ceph.mon.smithi092.smithi092.stdout:Mar 26 18:54:31 smithi092 ceph-mon[29445]: from='mgr.14118 172.21.15.92:0/733296580' entity='mgr.smithi092.syesti'
2024-03-26T18:54:31.877 INFO:teuthology.orchestra.run.smithi092.stdout:/usr/bin/ceph: stdout Scheduled prometheus update...
2024-03-26T18:54:31.877 INFO:teuthology.orchestra.run.smithi092.stdout:/usr/bin/ceph: stderr
2024-03-26T18:54:30.586+0000 7f119d3a3700 1 Processor -- start
2024-03-26T18:54:31.877 INFO:teuthology.orchestra.run.smithi092.stdout:/usr/bin/ceph: stderr
2024-03-26T18:54:30.586+0000 7f119d3a3700 1 -- start start
2024-03-26T18:54:31.877 INFO:teuthology.orchestra.run.smithi092.stdout:/usr/bin/ceph: stderr
2024-03-26T18:54:30.586+0000 7f119d3a3700 1 --2- >> [v2:172.21.15.92:3300/0,v1:172.21.15.92:6789/0] conn(0x7f1198078c30 0x7f1198077230 unknown :-1 s=NONE pgs=0 cs=0 l=0 rev1=0 crypto rx=0 tx=0 comp rx=0 tx=0).connect
2024-03-26T18:54:31.878 INFO:teuthology.orchestra.run.smithi092.stdout:/usr/bin/ceph: stderr
2024-03-26T18:54:30.586+0000 7f119d3a3700 1 -- --> [v2:172.21.15.92:3300/0,v1:172.21.15.92:6789/0] -- mon_getmap magic: 0 v1 -- 0x7f1198079040 con 0x7f1198078c30
2024-03-26T18:54:31.878 INFO:teuthology.orchestra.run.smithi092.stdout:/usr/bin/ceph: stderr
2024-03-26T18:54:30.586+0000 7f1196ffd700 1 --2- >> [v2:172.21.15.92:3300/0,v1:172.21.15.92:6789/0] conn(0x7f1198078c30 0x7f1198077230 unknown :-1 s=BANNER_CONNECTING pgs=0 cs=0 l=0 rev1=0 crypto rx=0 tx=0 comp rx=0 tx=0)._handle_peer_banner_payload supported=3 required=0
2024-03-26T18:54:31.878 INFO:teuthology.orchestra.run.smithi092.stdout:/usr/bin/ceph: stderr
2024-03-26T18:54:30.586+0000 7f1196ffd700 1 --2- >> [v2:172.21.15.92:3300/0,v1:172.21.15.92:6789/0] conn(0x7f1198078c30 0x7f1198077230 unknown :-1 s=HELLO_CONNECTING pgs=0 cs=0 l=0 rev1=1 crypto rx=0 tx=0 comp rx=0 tx=0).handle_hello peer v2:172.21.15.92:3300/0 says I am v2:172.21.15.92:33070/0 (socket says 172.21.15.92:33070)
2024-03-26T18:54:31.878 INFO:teuthology.orchestra.run.smithi092.stdout:/usr/bin/ceph: stderr
2024-03-26T18:54:30.586+0000 7f1196ffd700 1 -- 172.21.15.92:0/3918474255 learned_addr learned my addr 172.21.15.92:0/3918474255 (peer_addr_for_me v2:172.21.15.92:0/0)
2024-03-26T18:54:31.878 INFO:teuthology.orchestra.run.smithi092.stdout:/usr/bin/ceph: stderr
2024-03-26T18:54:30.587+0000 7f1196ffd700 1 -- 172.21.15.92:0/3918474255 --> [v2:172.21.15.92:3300/0,v1:172.21.15.92:6789/0] -- mon_subscribe({config=0+,monmap=0+}) v3 -- 0x7f1198077770 con 0x7f1198078c30
2024-03-26T18:54:31.878 INFO:teuthology.orchestra.run.smithi092.stdout:/usr/bin/ceph: stderr
2024-03-26T18:54:30.587+0000 7f1196ffd700 1 --2- 172.21.15.92:0/3918474255 >> [v2:172.21.15.92:3300/0,v1:172.21.15.92:6789/0] conn(0x7f1198078c30 0x7f1198077230 secure :-1 s=READY pgs=51 cs=0 l=1 rev1=1 crypto rx=0x7f11880098e0 tx=0x7f1188009250 comp rx=0 tx=0).ready entity=mon.0 client_cookie=cb1f9b27638b70c3 server_cookie=0 in_seq=0 out_seq=0
2024-03-26T18:54:31.878 INFO:teuthology.orchestra.run.smithi092.stdout:/usr/bin/ceph: stderr
2024-03-26T18:54:30.587+0000 7f11967fc700 1 -- 172.21.15.92:0/3918474255 <== mon.0 v2:172.21.15.92:3300/0 1 ==== mon_map magic: 0 v1 ==== 229+0+0 (secure 0 0 0) 0x7f118800b860 con 0x7f1198078c30
2024-03-26T18:54:31.878 INFO:teuthology.orchestra.run.smithi092.stdout:/usr/bin/ceph: stderr
2024-03-26T18:54:30.587+0000 7f11967fc700 1 -- 172.21.15.92:0/3918474255 <== mon.0 v2:172.21.15.92:3300/0 2 ==== config(27 keys) v1 ==== 1109+0+0 (secure 0 0 0) 0x7f118800be90 con 0x7f1198078c30
2024-03-26T18:54:31.879 INFO:teuthology.orchestra.run.smithi092.stdout:/usr/bin/ceph: stderr
2024-03-26T18:54:30.587+0000 7f11967fc700 1 -- 172.21.15.92:0/3918474255 <== mon.0 v2:172.21.15.92:3300/0 3 ==== mon_map magic: 0 v1 ==== 229+0+0 (secure 0 0 0) 0x7f11880103c0 con 0x7f1198078c30
2024-03-26T18:54:31.879 INFO:teuthology.orchestra.run.smithi092.stdout:/usr/bin/ceph: stderr
2024-03-26T18:54:30.587+0000 7f119d3a3700 1 -- 172.21.15.92:0/3918474255 >> [v2:172.21.15.92:3300/0,v1:172.21.15.92:6789/0] conn(0x7f1198078c30 msgr2=0x7f1198077230 secure :-1 s=STATE_CONNECTION_ESTABLISHED l=1).mark_down
2024-03-26T18:54:31.879 INFO:teuthology.orchestra.run.smithi092.stdout:/usr/bin/ceph: stderr
2024-03-26T18:54:30.587+0000 7f119d3a3700 1 --2- 172.21.15.92:0/3918474255 >> [v2:172.21.15.92:3300/0,v1:172.21.15.92:6789/0] conn(0x7f1198078c30 0x7f1198077230 secure :-1 s=READY pgs=51 cs=0 l=1 rev1=1 crypto rx=0x7f11880098e0 tx=0x7f1188009250 comp rx=0 tx=0).stop
2024-03-26T18:54:31.879 INFO:teuthology.orchestra.run.smithi092.stdout:/usr/bin/ceph: stderr
2024-03-26T18:54:30.587+0000 7f119d3a3700 1 -- 172.21.15.92:0/3918474255 shutdown_connections
2024-03-26T18:54:31.879 INFO:teuthology.orchestra.run.smithi092.stdout:/usr/bin/ceph: stderr
2024-03-26T18:54:30.587+0000 7f119d3a3700 1 --2- 172.21.15.92:0/3918474255 >> [v2:172.21.15.92:3300/0,v1:172.21.15.92:6789/0] conn(0x7f1198078c30 0x7f1198077230 unknown :-1 s=CLOSED pgs=51 cs=0 l=1 rev1=1 crypto rx=0 tx=0 comp rx=0 tx=0).stop
2024-03-26T18:54:31.879 INFO:teuthology.orchestra.run.smithi092.stdout:/usr/bin/ceph: stderr
2024-03-26T18:54:30.587+0000 7f119d3a3700 1 -- 172.21.15.92:0/3918474255 >> 172.21.15.92:0/3918474255 conn(0x7f11980fe070 msgr2=0x7f11981004a0 unknown :-1 s=STATE_NONE l=0).mark_down
2024-03-26T18:54:31.879 INFO:teuthology.orchestra.run.smithi092.stdout:/usr/bin/ceph: stderr
2024-03-26T18:54:30.587+0000 7f119d3a3700 1 -- 172.21.15.92:0/3918474255 shutdown_connections
2024-03-26T18:54:31.879 INFO:teuthology.orchestra.run.smithi092.stdout:/usr/bin/ceph: stderr
2024-03-26T18:54:30.587+0000 7f119d3a3700 1 -- 172.21.15.92:0/3918474255 wait complete.
2024-03-26T18:54:31.879 INFO:teuthology.orchestra.run.smithi092.stdout:/usr/bin/ceph: stderr
2024-03-26T18:54:30.588+0000 7f119d3a3700 1 Processor -- start
2024-03-26T18:54:31.879 INFO:teuthology.orchestra.run.smithi092.stdout:/usr/bin/ceph: stderr
2024-03-26T18:54:30.588+0000 7f119d3a3700 1 -- start start
2024-03-26T18:54:31.879 INFO:teuthology.orchestra.run.smithi092.stdout:/usr/bin/ceph: stderr
2024-03-26T18:54:30.588+0000 7f119d3a3700 1 --2- >> [v2:172.21.15.92:3300/0,v1:172.21.15.92:6789/0] conn(0x7f1198078c30 0x7f1198113980 unknown :-1 s=NONE pgs=0 cs=0 l=1 rev1=0 crypto rx=0 tx=0 comp rx=0 tx=0).connect
2024-03-26T18:54:31.879 INFO:teuthology.orchestra.run.smithi092.stdout:/usr/bin/ceph: stderr
2024-03-26T18:54:30.588+0000 7f119d3a3700 1 -- --> [v2:172.21.15.92:3300/0,v1:172.21.15.92:6789/0] -- mon_getmap magic: 0 v1 -- 0x7f1198113ec0 con 0x7f1198078c30
2024-03-26T18:54:31.879 INFO:teuthology.orchestra.run.smithi092.stdout:/usr/bin/ceph: stderr
2024-03-26T18:54:30.588+0000 7f1196ffd700 1 --2- >> [v2:172.21.15.92:3300/0,v1:172.21.15.92:6789/0] conn(0x7f1198078c30 0x7f1198113980 unknown :-1 s=BANNER_CONNECTING pgs=0 cs=0 l=1 rev1=0 crypto rx=0 tx=0 comp rx=0 tx=0)._handle_peer_banner_payload supported=3 required=0
2024-03-26T18:54:31.879 INFO:teuthology.orchestra.run.smithi092.stdout:/usr/bin/ceph: stderr
2024-03-26T18:54:30.588+0000 7f1196ffd700 1 --2- >> [v2:172.21.15.92:3300/0,v1:172.21.15.92:6789/0] conn(0x7f1198078c30 0x7f1198113980 unknown :-1 s=HELLO_CONNECTING pgs=0 cs=0 l=1 rev1=1 crypto rx=0 tx=0 comp rx=0 tx=0).handle_hello peer v2:172.21.15.92:3300/0 says I am v2:172.21.15.92:33080/0 (socket says 172.21.15.92:33080)
2024-03-26T18:54:31.880 INFO:teuthology.orchestra.run.smithi092.stdout:/usr/bin/ceph: stderr
2024-03-26T18:54:30.588+0000 7f1196ffd700 1 -- 172.21.15.92:0/1397065355 learned_addr learned my addr 172.21.15.92:0/1397065355 (peer_addr_for_me v2:172.21.15.92:0/0)
2024-03-26T18:54:31.880 INFO:teuthology.orchestra.run.smithi092.stdout:/usr/bin/ceph: stderr
2024-03-26T18:54:30.589+0000 7f1196ffd700 1 -- 172.21.15.92:0/1397065355 --> [v2:172.21.15.92:3300/0,v1:172.21.15.92:6789/0] -- mon_subscribe({config=0+,monmap=0+}) v3 -- 0x7f11880094f0 con 0x7f1198078c30
2024-03-26T18:54:31.880 INFO:teuthology.orchestra.run.smithi092.stdout:/usr/bin/ceph: stderr
2024-03-26T18:54:30.589+0000 7f1196ffd700 1 --2- 172.21.15.92:0/1397065355 >> [v2:172.21.15.92:3300/0,v1:172.21.15.92:6789/0] conn(0x7f1198078c30 0x7f1198113980 secure :-1 s=READY pgs=52 cs=0 l=1 rev1=1 crypto rx=0x7f11880094c0 tx=0x7f1188009250 comp rx=0 tx=0).ready entity=mon.0 client_cookie=0 server_cookie=0 in_seq=0 out_seq=0
2024-03-26T18:54:31.880 INFO:teuthology.orchestra.run.smithi092.stdout:/usr/bin/ceph: stderr
2024-03-26T18:54:30.589+0000 7f118ffff700 1 -- 172.21.15.92:0/1397065355 <== mon.0 v2:172.21.15.92:3300/0 1 ==== mon_map magic: 0 v1 ==== 229+0+0 (secure 0 0 0) 0x7f1188010680 con 0x7f1198078c30
2024-03-26T18:54:31.880 INFO:teuthology.orchestra.run.smithi092.stdout:/usr/bin/ceph: stderr
2024-03-26T18:54:30.589+0000 7f118ffff700 1 -- 172.21.15.92:0/1397065355 <== mon.0 v2:172.21.15.92:3300/0 2 ==== config(27 keys) v1 ==== 1109+0+0 (secure 0 0 0) 0x7f1188010cb0 con 0x7f1198078c30
2024-03-26T18:54:31.880 INFO:teuthology.orchestra.run.smithi092.stdout:/usr/bin/ceph: stderr
2024-03-26T18:54:30.589+0000 7f118ffff700 1 -- 172.21.15.92:0/1397065355 <== mon.0 v2:172.21.15.92:3300/0 3 ==== mon_map magic: 0 v1 ==== 229+0+0 (secure 0 0 0) 0x7f118801ad40 con 0x7f1198078c30
2024-03-26T18:54:31.880 INFO:teuthology.orchestra.run.smithi092.stdout:/usr/bin/ceph: stderr
2024-03-26T18:54:30.589+0000 7f119d3a3700 1 -- 172.21.15.92:0/1397065355 --> [v2:172.21.15.92:3300/0,v1:172.21.15.92:6789/0] -- mon_subscribe({mgrmap=0+}) v3 -- 0x7f11981140c0 con 0x7f1198078c30
2024-03-26T18:54:31.880 INFO:teuthology.orchestra.run.smithi092.stdout:/usr/bin/ceph: stderr
2024-03-26T18:54:30.589+0000 7f119d3a3700 1 -- 172.21.15.92:0/1397065355 --> [v2:172.21.15.92:3300/0,v1:172.21.15.92:6789/0] -- mon_subscribe({osdmap=0}) v3 -- 0x7f1198114c30 con 0x7f1198078c30
2024-03-26T18:54:31.880 INFO:teuthology.orchestra.run.smithi092.stdout:/usr/bin/ceph: stderr
2024-03-26T18:54:30.590+0000 7f118ffff700 1 -- 172.21.15.92:0/1397065355 <== mon.0 v2:172.21.15.92:3300/0 4 ==== mgrmap(e 8) v1 ==== 43368+0+0 (secure 0 0 0) 0x7f11880107e0 con 0x7f1198078c30
2024-03-26T18:54:31.880 INFO:teuthology.orchestra.run.smithi092.stdout:/usr/bin/ceph: stderr
2024-03-26T18:54:30.590+0000 7f118ffff700 1 --2- 172.21.15.92:0/1397065355 >> [v2:172.21.15.92:6800/2613542190,v1:172.21.15.92:6801/2613542190] conn(0x7f1184036790 0x7f1184038c40 unknown :-1 s=NONE pgs=0 cs=0 l=1 rev1=0 crypto rx=0 tx=0 comp rx=0 tx=0).connect
2024-03-26T18:54:31.880 INFO:teuthology.orchestra.run.smithi092.stdout:/usr/bin/ceph: stderr
2024-03-26T18:54:30.590+0000 7f118ffff700 1 -- 172.21.15.92:0/1397065355 <== mon.0 v2:172.21.15.92:3300/0 5 ==== osd_map(2..2 src has 1..2) v4 ==== 936+0+0 (secure 0 0 0) 0x7f118804a250 con 0x7f1198078c30
2024-03-26T18:54:31.880 INFO:teuthology.orchestra.run.smithi092.stdout:/usr/bin/ceph: stderr
2024-03-26T18:54:30.590+0000 7f119d3a3700 1 -- 172.21.15.92:0/1397065355 --> [v2:172.21.15.92:3300/0,v1:172.21.15.92:6789/0] -- mon_command({"prefix": "get_command_descriptions"} v 0) v1 -- 0x7f119805f5f0 con 0x7f1198078c30
2024-03-26T18:54:31.880 INFO:teuthology.orchestra.run.smithi092.stdout:/usr/bin/ceph: stderr
2024-03-26T18:54:30.590+0000 7f118e7fc700 1 --2- 172.21.15.92:0/1397065355 >> [v2:172.21.15.92:6800/2613542190,v1:172.21.15.92:6801/2613542190] conn(0x7f1184036790 0x7f1184038c40 unknown :-1 s=BANNER_CONNECTING pgs=0 cs=0 l=1 rev1=0 crypto rx=0 tx=0 comp rx=0 tx=0)._handle_peer_banner_payload supported=3 required=0
2024-03-26T18:54:31.880 INFO:teuthology.orchestra.run.smithi092.stdout:/usr/bin/ceph: stderr
2024-03-26T18:54:30.590+0000 7f118e7fc700 1 --2- 172.21.15.92:0/1397065355 >> [v2:172.21.15.92:6800/2613542190,v1:172.21.15.92:6801/2613542190] conn(0x7f1184036790 0x7f1184038c40 secure :-1 s=READY pgs=15 cs=0 l=1 rev1=1 crypto rx=0x7f1180009990 tx=0x7f1180006e40 comp rx=0 tx=0).ready entity=mgr.14118 client_cookie=0 server_cookie=0 in_seq=0 out_seq=0
2024-03-26T18:54:31.881 INFO:teuthology.orchestra.run.smithi092.stdout:/usr/bin/ceph: stderr
2024-03-26T18:54:30.595+0000 7f118ffff700 1 -- 172.21.15.92:0/1397065355 <== mon.0 v2:172.21.15.92:3300/0 6 ==== mon_command_ack([{"prefix": "get_command_descriptions"}]=0 v0) v1 ==== 72+0+176504 (secure 0 0 0) 0x7f1188020070 con 0x7f1198078c30
2024-03-26T18:54:31.881 INFO:teuthology.orchestra.run.smithi092.stdout:/usr/bin/ceph: stderr
2024-03-26T18:54:30.805+0000 7f119d3a3700 1 -- 172.21.15.92:0/1397065355 --> [v2:172.21.15.92:6800/2613542190,v1:172.21.15.92:6801/2613542190] -- mgr_command(tid 0: {"prefix": "orch apply", "service_type": "prometheus", "target": ["mon-mgr", ""]}) v1 -- 0x7f11980ff430 con 0x7f1184036790
2024-03-26T18:54:31.881 INFO:teuthology.orchestra.run.smithi092.stdout:/usr/bin/ceph: stderr
2024-03-26T18:54:30.809+0000 7f118ffff700 1 -- 172.21.15.92:0/1397065355 <== mgr.14118 v2:172.21.15.92:6800/2613542190 1 ==== mgr_command_reply(tid 0: 0 ) v1 ==== 8+0+31 (secure 0 0 0) 0x7f11980ff430 con 0x7f1184036790
2024-03-26T18:54:31.881 INFO:teuthology.orchestra.run.smithi092.stdout:/usr/bin/ceph: stderr
2024-03-26T18:54:30.811+0000 7f119d3a3700 1 -- 172.21.15.92:0/1397065355 >> [v2:172.21.15.92:6800/2613542190,v1:172.21.15.92:6801/2613542190] conn(0x7f1184036790 msgr2=0x7f1184038c40 secure :-1 s=STATE_CONNECTION_ESTABLISHED l=1).mark_down
2024-03-26T18:54:31.881 INFO:teuthology.orchestra.run.smithi092.stdout:/usr/bin/ceph: stderr
2024-03-26T18:54:30.811+0000 7f119d3a3700 1 --2- 172.21.15.92:0/1397065355 >> [v2:172.21.15.92:6800/2613542190,v1:172.21.15.92:6801/2613542190] conn(0x7f1184036790 0x7f1184038c40 secure :-1 s=READY pgs=15 cs=0 l=1 rev1=1 crypto rx=0x7f1180009990 tx=0x7f1180006e40 comp rx=0 tx=0).stop
2024-03-26T18:54:31.881 INFO:teuthology.orchestra.run.smithi092.stdout:/usr/bin/ceph: stderr
2024-03-26T18:54:30.811+0000 7f119d3a3700 1 -- 172.21.15.92:0/1397065355 >> [v2:172.21.15.92:3300/0,v1:172.21.15.92:6789/0] conn(0x7f1198078c30 msgr2=0x7f1198113980 secure :-1 s=STATE_CONNECTION_ESTABLISHED l=1).mark_down
2024-03-26T18:54:31.881 INFO:teuthology.orchestra.run.smithi092.stdout:/usr/bin/ceph: stderr
2024-03-26T18:54:30.811+0000 7f119d3a3700 1 --2- 172.21.15.92:0/1397065355 >> [v2:172.21.15.92:3300/0,v1:172.21.15.92:6789/0] conn(0x7f1198078c30 0x7f1198113980 secure :-1 s=READY pgs=52 cs=0 l=1 rev1=1 crypto rx=0x7f11880094c0 tx=0x7f1188009250 comp rx=0 tx=0).stop
2024-03-26T18:54:31.881 INFO:teuthology.orchestra.run.smithi092.stdout:/usr/bin/ceph: stderr
2024-03-26T18:54:30.811+0000 7f119d3a3700 1 -- 172.21.15.92:0/1397065355 shutdown_connections
2024-03-26T18:54:31.881 INFO:teuthology.orchestra.run.smithi092.stdout:/usr/bin/ceph: stderr
2024-03-26T18:54:30.811+0000 7f119d3a3700 1 --2- 172.21.15.92:0/1397065355 >> [v2:172.21.15.92:6800/2613542190,v1:172.21.15.92:6801/2613542190] conn(0x7f1184036790 0x7f1184038c40 unknown :-1 s=CLOSED pgs=15 cs=0 l=1 rev1=1 crypto rx=0 tx=0 comp rx=0 tx=0).stop
2024-03-26T18:54:31.881 INFO:teuthology.orchestra.run.smithi092.stdout:/usr/bin/ceph: stderr
2024-03-26T18:54:30.811+0000 7f119d3a3700 1 --2- 172.21.15.92:0/1397065355 >> [v2:172.21.15.92:3300/0,v1:172.21.15.92:6789/0] conn(0x7f1198078c30 0x7f1198113980 unknown :-1 s=CLOSED pgs=52 cs=0 l=1 rev1=1 crypto rx=0 tx=0 comp rx=0 tx=0).stop
2024-03-26T18:54:31.881 INFO:teuthology.orchestra.run.smithi092.stdout:/usr/bin/ceph: stderr
2024-03-26T18:54:30.811+0000 7f119d3a3700 1 -- 172.21.15.92:0/1397065355 >> 172.21.15.92:0/1397065355 conn(0x7f11980fe070 msgr2=0x7f11980fec60 unknown :-1 s=STATE_NONE l=0).mark_down
2024-03-26T18:54:31.881 INFO:teuthology.orchestra.run.smithi092.stdout:/usr/bin/ceph: stderr
2024-03-26T18:54:30.811+0000 7f119d3a3700 1 -- 172.21.15.92:0/1397065355 shutdown_connections
2024-03-26T18:54:31.881 INFO:teuthology.orchestra.run.smithi092.stdout:/usr/bin/ceph: stderr
2024-03-26T18:54:30.811+0000 7f119d3a3700 1 -- 172.21.15.92:0/1397065355 wait complete.
2024-03-26T18:54:31.881 INFO:teuthology.orchestra.run.smithi092.stdout:Deploying grafana service with default placement...
2024-03-26T18:54:33.039 INFO:teuthology.orchestra.run.smithi092.stdout:/usr/bin/ceph: stdout Scheduled grafana update...
2024-03-26T18:54:33.039 INFO:teuthology.orchestra.run.smithi092.stdout:/usr/bin/ceph: stderr
2024-03-26T18:54:32.280+0000 7f885bddc700 1 Processor -- start
2024-03-26T18:54:33.039 INFO:teuthology.orchestra.run.smithi092.stdout:/usr/bin/ceph: stderr
2024-03-26T18:54:32.280+0000 7f885bddc700 1 -- start start
2024-03-26T18:54:33.039 INFO:teuthology.orchestra.run.smithi092.stdout:/usr/bin/ceph: stderr
2024-03-26T18:54:32.280+0000 7f885bddc700 1 --2- >> [v2:172.21.15.92:3300/0,v1:172.21.15.92:6789/0] conn(0x7f88541028f0 0x7f8854102d00 unknown :-1 s=NONE pgs=0 cs=0 l=0 rev1=0 crypto rx=0 tx=0 comp rx=0 tx=0).connect
2024-03-26T18:54:33.039 INFO:teuthology.orchestra.run.smithi092.stdout:/usr/bin/ceph: stderr
2024-03-26T18:54:32.280+0000 7f885bddc700 1 -- --> [v2:172.21.15.92:3300/0,v1:172.21.15.92:6789/0] -- mon_getmap magic: 0 v1 -- 0x7f8854103240 con 0x7f88541028f0
2024-03-26T18:54:33.039 INFO:teuthology.orchestra.run.smithi092.stdout:/usr/bin/ceph: stderr
2024-03-26T18:54:32.280+0000 7f8859b78700 1 --2- >> [v2:172.21.15.92:3300/0,v1:172.21.15.92:6789/0] conn(0x7f88541028f0 0x7f8854102d00 unknown :-1 s=BANNER_CONNECTING pgs=0 cs=0 l=0 rev1=0 crypto rx=0 tx=0 comp rx=0 tx=0)._handle_peer_banner_payload supported=3 required=0
2024-03-26T18:54:33.039 INFO:teuthology.orchestra.run.smithi092.stdout:/usr/bin/ceph: stderr
2024-03-26T18:54:32.280+0000 7f8859b78700 1 --2- >> [v2:172.21.15.92:3300/0,v1:172.21.15.92:6789/0] conn(0x7f88541028f0 0x7f8854102d00 unknown :-1 s=HELLO_CONNECTING pgs=0 cs=0 l=0 rev1=1 crypto rx=0 tx=0 comp rx=0 tx=0).handle_hello peer v2:172.21.15.92:3300/0 says I am v2:172.21.15.92:33086/0 (socket says 172.21.15.92:33086)
2024-03-26T18:54:33.039 INFO:teuthology.orchestra.run.smithi092.stdout:/usr/bin/ceph: stderr
2024-03-26T18:54:32.280+0000 7f8859b78700 1 -- 172.21.15.92:0/1759054374 learned_addr learned my addr 172.21.15.92:0/1759054374 (peer_addr_for_me v2:172.21.15.92:0/0)
2024-03-26T18:54:33.039 INFO:teuthology.orchestra.run.smithi092.stdout:/usr/bin/ceph: stderr
2024-03-26T18:54:32.281+0000 7f8859b78700 1 -- 172.21.15.92:0/1759054374 --> [v2:172.21.15.92:3300/0,v1:172.21.15.92:6789/0] -- mon_subscribe({config=0+,monmap=0+}) v3 -- 0x7f8854103380 con 0x7f88541028f0
2024-03-26T18:54:33.039 INFO:teuthology.orchestra.run.smithi092.stdout:/usr/bin/ceph: stderr
2024-03-26T18:54:32.281+0000 7f8859b78700 1 --2- 172.21.15.92:0/1759054374 >> [v2:172.21.15.92:3300/0,v1:172.21.15.92:6789/0] conn(0x7f88541028f0 0x7f8854102d00 secure :-1 s=READY pgs=53 cs=0 l=1 rev1=1 crypto rx=0x7f88500098e0 tx=0x7f8850009250 comp rx=0 tx=0).ready entity=mon.0 client_cookie=4d90a2aaef0ddc97 server_cookie=0 in_seq=0 out_seq=0
2024-03-26T18:54:33.040 INFO:teuthology.orchestra.run.smithi092.stdout:/usr/bin/ceph: stderr
2024-03-26T18:54:32.281+0000 7f8858b76700 1 -- 172.21.15.92:0/1759054374 <== mon.0 v2:172.21.15.92:3300/0 1 ==== mon_map magic: 0 v1 ==== 229+0+0 (secure 0 0 0) 0x7f885000b860 con 0x7f88541028f0
2024-03-26T18:54:33.040 INFO:teuthology.orchestra.run.smithi092.stdout:/usr/bin/ceph: stderr
2024-03-26T18:54:32.281+0000 7f8858b76700 1 -- 172.21.15.92:0/1759054374 <== mon.0 v2:172.21.15.92:3300/0 2 ==== config(27 keys) v1 ==== 1109+0+0 (secure 0 0 0) 0x7f885000be90 con 0x7f88541028f0
2024-03-26T18:54:33.040 INFO:teuthology.orchestra.run.smithi092.stdout:/usr/bin/ceph: stderr
2024-03-26T18:54:32.281+0000 7f8858b76700 1 -- 172.21.15.92:0/1759054374 <== mon.0 v2:172.21.15.92:3300/0 3 ==== mon_map magic: 0 v1 ==== 229+0+0 (secure 0 0 0) 0x7f88500103c0 con 0x7f88541028f0
2024-03-26T18:54:33.040 INFO:teuthology.orchestra.run.smithi092.stdout:/usr/bin/ceph: stderr
2024-03-26T18:54:32.281+0000 7f885bddc700 1 -- 172.21.15.92:0/1759054374 >> [v2:172.21.15.92:3300/0,v1:172.21.15.92:6789/0] conn(0x7f88541028f0 msgr2=0x7f8854102d00 secure :-1 s=STATE_CONNECTION_ESTABLISHED l=1).mark_down
2024-03-26T18:54:33.040 INFO:teuthology.orchestra.run.smithi092.stdout:/usr/bin/ceph: stderr
2024-03-26T18:54:32.281+0000 7f885bddc700 1 --2- 172.21.15.92:0/1759054374 >> [v2:172.21.15.92:3300/0,v1:172.21.15.92:6789/0] conn(0x7f88541028f0 0x7f8854102d00 secure :-1 s=READY pgs=53 cs=0 l=1 rev1=1 crypto rx=0x7f88500098e0 tx=0x7f8850009250 comp rx=0 tx=0).stop
2024-03-26T18:54:33.040 INFO:teuthology.orchestra.run.smithi092.stdout:/usr/bin/ceph: stderr
2024-03-26T18:54:32.281+0000 7f885bddc700 1 -- 172.21.15.92:0/1759054374 shutdown_connections
2024-03-26T18:54:33.040 INFO:teuthology.orchestra.run.smithi092.stdout:/usr/bin/ceph: stderr
2024-03-26T18:54:32.281+0000 7f885bddc700 1 --2- 172.21.15.92:0/1759054374 >> [v2:172.21.15.92:3300/0,v1:172.21.15.92:6789/0] conn(0x7f88541028f0 0x7f8854102d00 unknown :-1 s=CLOSED pgs=53 cs=0 l=1 rev1=1 crypto rx=0 tx=0 comp rx=0 tx=0).stop
2024-03-26T18:54:33.040 INFO:teuthology.orchestra.run.smithi092.stdout:/usr/bin/ceph: stderr
2024-03-26T18:54:32.282+0000 7f885bddc700 1 -- 172.21.15.92:0/1759054374 >> 172.21.15.92:0/1759054374 conn(0x7f88540fe070 msgr2=0x7f8854100480 unknown :-1 s=STATE_NONE l=0).mark_down
2024-03-26T18:54:33.040 INFO:teuthology.orchestra.run.smithi092.stdout:/usr/bin/ceph: stderr
2024-03-26T18:54:32.282+0000 7f885bddc700 1 -- 172.21.15.92:0/1759054374 shutdown_connections
2024-03-26T18:54:33.040 INFO:teuthology.orchestra.run.smithi092.stdout:/usr/bin/ceph: stderr
2024-03-26T18:54:32.282+0000 7f885bddc700 1 -- 172.21.15.92:0/1759054374 wait complete.
2024-03-26T18:54:33.040 INFO:teuthology.orchestra.run.smithi092.stdout:/usr/bin/ceph: stderr
2024-03-26T18:54:32.282+0000 7f885bddc700 1 Processor -- start
2024-03-26T18:54:33.040 INFO:teuthology.orchestra.run.smithi092.stdout:/usr/bin/ceph: stderr
2024-03-26T18:54:32.282+0000 7f885bddc700 1 -- start start
2024-03-26T18:54:33.040 INFO:teuthology.orchestra.run.smithi092.stdout:/usr/bin/ceph: stderr
2024-03-26T18:54:32.282+0000 7f885bddc700 1 --2- >> [v2:172.21.15.92:3300/0,v1:172.21.15.92:6789/0] conn(0x7f88541028f0 0x7f8854111750 unknown :-1 s=NONE pgs=0 cs=0 l=1 rev1=0 crypto rx=0 tx=0 comp rx=0 tx=0).connect
2024-03-26T18:54:33.040 INFO:teuthology.orchestra.run.smithi092.stdout:/usr/bin/ceph: stderr
2024-03-26T18:54:32.282+0000 7f885bddc700 1 -- --> [v2:172.21.15.92:3300/0,v1:172.21.15.92:6789/0] -- mon_getmap magic: 0 v1 -- 0x7f8854111c90 con 0x7f88541028f0
2024-03-26T18:54:33.040 INFO:teuthology.orchestra.run.smithi092.stdout:/usr/bin/ceph: stderr
2024-03-26T18:54:32.282+0000 7f8859b78700 1 --2- >> [v2:172.21.15.92:3300/0,v1:172.21.15.92:6789/0] conn(0x7f88541028f0 0x7f8854111750 unknown :-1 s=BANNER_CONNECTING pgs=0 cs=0 l=1 rev1=0 crypto rx=0 tx=0 comp rx=0 tx=0)._handle_peer_banner_payload supported=3 required=0
2024-03-26T18:54:33.041 INFO:teuthology.orchestra.run.smithi092.stdout:/usr/bin/ceph: stderr
2024-03-26T18:54:32.282+0000 7f8859b78700 1 --2- >> [v2:172.21.15.92:3300/0,v1:172.21.15.92:6789/0] conn(0x7f88541028f0 0x7f8854111750 unknown :-1 s=HELLO_CONNECTING pgs=0 cs=0 l=1 rev1=1 crypto rx=0 tx=0 comp rx=0 tx=0).handle_hello peer v2:172.21.15.92:3300/0 says I am v2:172.21.15.92:33088/0 (socket says 172.21.15.92:33088)
2024-03-26T18:54:33.041 INFO:teuthology.orchestra.run.smithi092.stdout:/usr/bin/ceph: stderr
2024-03-26T18:54:32.282+0000 7f8859b78700 1 -- 172.21.15.92:0/3679055963 learned_addr learned my addr 172.21.15.92:0/3679055963 (peer_addr_for_me v2:172.21.15.92:0/0)
2024-03-26T18:54:33.041 INFO:teuthology.orchestra.run.smithi092.stdout:/usr/bin/ceph: stderr
2024-03-26T18:54:32.283+0000 7f8859b78700 1 -- 172.21.15.92:0/3679055963 --> [v2:172.21.15.92:3300/0,v1:172.21.15.92:6789/0] -- mon_subscribe({config=0+,monmap=0+}) v3 -- 0x7f88500094f0 con 0x7f88541028f0
2024-03-26T18:54:33.041 INFO:teuthology.orchestra.run.smithi092.stdout:/usr/bin/ceph: stderr
2024-03-26T18:54:32.283+0000 7f8859b78700 1 --2- 172.21.15.92:0/3679055963 >> [v2:172.21.15.92:3300/0,v1:172.21.15.92:6789/0] conn(0x7f88541028f0 0x7f8854111750 secure :-1 s=READY pgs=54 cs=0 l=1 rev1=1 crypto rx=0x7f8850006b00 tx=0x7f8850009250 comp rx=0 tx=0).ready entity=mon.0 client_cookie=0 server_cookie=0 in_seq=0 out_seq=0
2024-03-26T18:54:33.041 INFO:teuthology.orchestra.run.smithi092.stdout:/usr/bin/ceph: stderr
2024-03-26T18:54:32.283+0000 7f884a7fc700 1 -- 172.21.15.92:0/3679055963 <== mon.0 v2:172.21.15.92:3300/0 1 ==== mon_map magic: 0 v1 ==== 229+0+0 (secure 0 0 0) 0x7f8850010840 con 0x7f88541028f0
2024-03-26T18:54:33.041 INFO:teuthology.orchestra.run.smithi092.stdout:/usr/bin/ceph: stderr
2024-03-26T18:54:32.283+0000 7f884a7fc700 1 -- 172.21.15.92:0/3679055963 <== mon.0 v2:172.21.15.92:3300/0 2 ==== config(27 keys) v1 ==== 1109+0+0 (secure 0 0 0) 0x7f8850010e70 con 0x7f88541028f0
2024-03-26T18:54:33.041 INFO:teuthology.orchestra.run.smithi092.stdout:/usr/bin/ceph: stderr
2024-03-26T18:54:32.283+0000 7f884a7fc700 1 -- 172.21.15.92:0/3679055963 <== mon.0 v2:172.21.15.92:3300/0 3 ==== mon_map magic: 0 v1 ==== 229+0+0 (secure 0 0 0) 0x7f885001ae70 con 0x7f88541028f0
2024-03-26T18:54:33.041 INFO:teuthology.orchestra.run.smithi092.stdout:/usr/bin/ceph: stderr
2024-03-26T18:54:32.283+0000 7f885bddc700 1 -- 172.21.15.92:0/3679055963 --> [v2:172.21.15.92:3300/0,v1:172.21.15.92:6789/0] -- mon_subscribe({mgrmap=0+}) v3 -- 0x7f8854111e90 con 0x7f88541028f0
2024-03-26T18:54:33.041 INFO:teuthology.orchestra.run.smithi092.stdout:/usr/bin/ceph: stderr
2024-03-26T18:54:32.283+0000 7f885bddc700 1 -- 172.21.15.92:0/3679055963 --> [v2:172.21.15.92:3300/0,v1:172.21.15.92:6789/0] -- mon_subscribe({osdmap=0}) v3 -- 0x7f8854112a00 con 0x7f88541028f0
2024-03-26T18:54:33.041 INFO:teuthology.orchestra.run.smithi092.stdout:/usr/bin/ceph: stderr
2024-03-26T18:54:32.284+0000 7f884a7fc700 1 -- 172.21.15.92:0/3679055963 <== mon.0 v2:172.21.15.92:3300/0 4 ==== mgrmap(e 8) v1 ==== 43368+0+0 (secure 0 0 0) 0x7f88500109a0 con 0x7f88541028f0
2024-03-26T18:54:33.041 INFO:teuthology.orchestra.run.smithi092.stdout:/usr/bin/ceph: stderr
2024-03-26T18:54:32.284+0000 7f885bddc700 1 -- 172.21.15.92:0/3679055963 --> [v2:172.21.15.92:3300/0,v1:172.21.15.92:6789/0] -- mon_command({"prefix": "get_command_descriptions"} v 0) v1 -- 0x7f885405f5f0 con 0x7f88541028f0
2024-03-26T18:54:33.041 INFO:teuthology.orchestra.run.smithi092.stdout:/usr/bin/ceph: stderr
2024-03-26T18:54:32.284+0000 7f884a7fc700 1 --2- 172.21.15.92:0/3679055963 >> [v2:172.21.15.92:6800/2613542190,v1:172.21.15.92:6801/2613542190] conn(0x7f88400367e0 0x7f8840038c90 unknown :-1 s=NONE pgs=0 cs=0 l=1 rev1=0 crypto rx=0 tx=0 comp rx=0 tx=0).connect
2024-03-26T18:54:33.041 INFO:teuthology.orchestra.run.smithi092.stdout:/usr/bin/ceph: stderr
2024-03-26T18:54:32.284+0000 7f884a7fc700 1 -- 172.21.15.92:0/3679055963 <== mon.0 v2:172.21.15.92:3300/0 5 ==== osd_map(2..2 src has 1..2) v4 ==== 936+0+0 (secure 0 0 0) 0x7f885004aac0 con 0x7f88541028f0
2024-03-26T18:54:33.042 INFO:teuthology.orchestra.run.smithi092.stdout:/usr/bin/ceph: stderr
2024-03-26T18:54:32.284+0000 7f8859377700 1 --2- 172.21.15.92:0/3679055963 >> [v2:172.21.15.92:6800/2613542190,v1:172.21.15.92:6801/2613542190] conn(0x7f88400367e0 0x7f8840038c90 unknown :-1 s=BANNER_CONNECTING pgs=0 cs=0 l=1 rev1=0 crypto rx=0 tx=0 comp rx=0 tx=0)._handle_peer_banner_payload supported=3 required=0
2024-03-26T18:54:33.042 INFO:teuthology.orchestra.run.smithi092.stdout:/usr/bin/ceph: stderr
2024-03-26T18:54:32.284+0000 7f8859377700 1 --2- 172.21.15.92:0/3679055963 >> [v2:172.21.15.92:6800/2613542190,v1:172.21.15.92:6801/2613542190] conn(0x7f88400367e0 0x7f8840038c90 secure :-1 s=READY pgs=16 cs=0 l=1 rev1=1 crypto rx=0x7f8844009990 tx=0x7f8844006e40 comp rx=0 tx=0).ready entity=mgr.14118 client_cookie=0 server_cookie=0 in_seq=0 out_seq=0
2024-03-26T18:54:33.042 INFO:teuthology.orchestra.run.smithi092.stdout:/usr/bin/ceph: stderr
2024-03-26T18:54:32.289+0000 7f884a7fc700 1 -- 172.21.15.92:0/3679055963 <== mon.0 v2:172.21.15.92:3300/0 6 ==== mon_command_ack([{"prefix": "get_command_descriptions"}]=0 v0) v1 ==== 72+0+176504 (secure 0 0 0) 0x7f885002cd60 con 0x7f88541028f0
2024-03-26T18:54:33.042 INFO:teuthology.orchestra.run.smithi092.stdout:/usr/bin/ceph: stderr
2024-03-26T18:54:32.492+0000 7f885bddc700 1 -- 172.21.15.92:0/3679055963 --> [v2:172.21.15.92:6800/2613542190,v1:172.21.15.92:6801/2613542190] -- mgr_command(tid 0: {"prefix": "orch apply", "service_type": "grafana", "target": ["mon-mgr", ""]}) v1 -- 0x7f88540ff3e0 con 0x7f88400367e0
2024-03-26T18:54:33.042 INFO:teuthology.orchestra.run.smithi092.stdout:/usr/bin/ceph: stderr
2024-03-26T18:54:32.496+0000 7f884a7fc700 1 -- 172.21.15.92:0/3679055963 <== mgr.14118 v2:172.21.15.92:6800/2613542190 1 ==== mgr_command_reply(tid 0: 0 ) v1 ==== 8+0+28 (secure 0 0 0) 0x7f88540ff3e0 con 0x7f88400367e0
2024-03-26T18:54:33.042 INFO:teuthology.orchestra.run.smithi092.stdout:/usr/bin/ceph: stderr
2024-03-26T18:54:32.499+0000 7f885bddc700 1 -- 172.21.15.92:0/3679055963 >> [v2:172.21.15.92:6800/2613542190,v1:172.21.15.92:6801/2613542190] conn(0x7f88400367e0 msgr2=0x7f8840038c90 secure :-1 s=STATE_CONNECTION_ESTABLISHED l=1).mark_down
2024-03-26T18:54:33.042 INFO:teuthology.orchestra.run.smithi092.stdout:/usr/bin/ceph: stderr
2024-03-26T18:54:32.499+0000 7f885bddc700 1 --2- 172.21.15.92:0/3679055963 >> [v2:172.21.15.92:6800/2613542190,v1:172.21.15.92:6801/2613542190] conn(0x7f88400367e0 0x7f8840038c90 secure :-1 s=READY pgs=16 cs=0 l=1 rev1=1 crypto rx=0x7f8844009990 tx=0x7f8844006e40 comp rx=0 tx=0).stop
2024-03-26T18:54:33.042 INFO:teuthology.orchestra.run.smithi092.stdout:/usr/bin/ceph: stderr
2024-03-26T18:54:32.499+0000 7f885bddc700 1 -- 172.21.15.92:0/3679055963 >> [v2:172.21.15.92:3300/0,v1:172.21.15.92:6789/0] conn(0x7f88541028f0 msgr2=0x7f8854111750 secure :-1 s=STATE_CONNECTION_ESTABLISHED l=1).mark_down
2024-03-26T18:54:33.042 INFO:teuthology.orchestra.run.smithi092.stdout:/usr/bin/ceph: stderr
2024-03-26T18:54:32.499+0000 7f885bddc700 1 --2- 172.21.15.92:0/3679055963 >> [v2:172.21.15.92:3300/0,v1:172.21.15.92:6789/0] conn(0x7f88541028f0 0x7f8854111750 secure :-1 s=READY pgs=54 cs=0 l=1 rev1=1 crypto rx=0x7f8850006b00 tx=0x7f8850009250 comp rx=0 tx=0).stop
2024-03-26T18:54:33.042 INFO:teuthology.orchestra.run.smithi092.stdout:/usr/bin/ceph: stderr
2024-03-26T18:54:32.499+0000 7f885bddc700 1 -- 172.21.15.92:0/3679055963 shutdown_connections
2024-03-26T18:54:33.042 INFO:teuthology.orchestra.run.smithi092.stdout:/usr/bin/ceph: stderr
2024-03-26T18:54:32.499+0000 7f885bddc700 1 --2- 172.21.15.92:0/3679055963 >> [v2:172.21.15.92:6800/2613542190,v1:172.21.15.92:6801/2613542190] conn(0x7f88400367e0 0x7f8840038c90 unknown :-1 s=CLOSED pgs=16 cs=0 l=1 rev1=1 crypto rx=0 tx=0 comp rx=0 tx=0).stop
2024-03-26T18:54:33.042 INFO:teuthology.orchestra.run.smithi092.stdout:/usr/bin/ceph: stderr
2024-03-26T18:54:32.499+0000 7f885bddc700 1 --2- 172.21.15.92:0/3679055963 >> [v2:172.21.15.92:3300/0,v1:172.21.15.92:6789/0] conn(0x7f88541028f0 0x7f8854111750 unknown :-1 s=CLOSED pgs=54 cs=0 l=1 rev1=1 crypto rx=0 tx=0 comp rx=0 tx=0).stop
2024-03-26T18:54:33.042 INFO:teuthology.orchestra.run.smithi092.stdout:/usr/bin/ceph: stderr
2024-03-26T18:54:32.499+0000 7f885bddc700 1 -- 172.21.15.92:0/3679055963 >> 172.21.15.92:0/3679055963 conn(0x7f88540fe070 msgr2=0x7f88540fec10 unknown :-1 s=STATE_NONE l=0).mark_down
2024-03-26T18:54:33.043 INFO:teuthology.orchestra.run.smithi092.stdout:/usr/bin/ceph: stderr
2024-03-26T18:54:32.499+0000 7f885bddc700 1 -- 172.21.15.92:0/3679055963 shutdown_connections
2024-03-26T18:54:33.043 INFO:teuthology.orchestra.run.smithi092.stdout:/usr/bin/ceph: stderr
2024-03-26T18:54:32.499+0000 7f885bddc700 1 -- 172.21.15.92:0/3679055963 wait complete.
2024-03-26T18:54:33.043 INFO:teuthology.orchestra.run.smithi092.stdout:Deploying node-exporter service with default placement...
2024-03-26T18:54:33.669 INFO:journalctl@ceph.mon.smithi092.smithi092.stdout:Mar 26 18:54:33 smithi092 ceph-mon[29445]: from='client.14148 -' entity='client.admin' cmd=[{"prefix": "orch apply", "service_type": "grafana", "target": ["mon-mgr", ""]}]: dispatch
2024-03-26T18:54:33.669 INFO:journalctl@ceph.mon.smithi092.smithi092.stdout:Mar 26 18:54:33 smithi092 ceph-mon[29445]: Saving service grafana spec with placement count:1
2024-03-26T18:54:33.669 INFO:journalctl@ceph.mon.smithi092.smithi092.stdout:Mar 26 18:54:33 smithi092 ceph-mon[29445]: from='mgr.14118 172.21.15.92:0/733296580' entity='mgr.smithi092.syesti'
2024-03-26T18:54:34.196 INFO:teuthology.orchestra.run.smithi092.stdout:/usr/bin/ceph: stdout Scheduled node-exporter update...
2024-03-26T18:54:34.196 INFO:teuthology.orchestra.run.smithi092.stdout:/usr/bin/ceph: stderr
2024-03-26T18:54:33.430+0000 7fa272fb4700 1 Processor -- start
2024-03-26T18:54:34.196 INFO:teuthology.orchestra.run.smithi092.stdout:/usr/bin/ceph: stderr
2024-03-26T18:54:33.430+0000 7fa272fb4700 1 -- start start
2024-03-26T18:54:34.196 INFO:teuthology.orchestra.run.smithi092.stdout:/usr/bin/ceph: stderr
2024-03-26T18:54:33.431+0000 7fa272fb4700 1 --2- >> [v2:172.21.15.92:3300/0,v1:172.21.15.92:6789/0] conn(0x7fa26c1017a0 0x7fa26c101bb0 unknown :-1 s=NONE pgs=0 cs=0 l=0 rev1=0 crypto rx=0 tx=0 comp rx=0 tx=0).connect
2024-03-26T18:54:34.196 INFO:teuthology.orchestra.run.smithi092.stdout:/usr/bin/ceph: stderr
2024-03-26T18:54:33.431+0000 7fa272fb4700 1 -- --> [v2:172.21.15.92:3300/0,v1:172.21.15.92:6789/0] -- mon_getmap magic: 0 v1 -- 0x7fa26c1020f0 con 0x7fa26c1017a0
2024-03-26T18:54:34.196 INFO:teuthology.orchestra.run.smithi092.stdout:/usr/bin/ceph: stderr
2024-03-26T18:54:33.431+0000 7fa270d50700 1 --2- >> [v2:172.21.15.92:3300/0,v1:172.21.15.92:6789/0] conn(0x7fa26c1017a0 0x7fa26c101bb0 unknown :-1 s=BANNER_CONNECTING pgs=0 cs=0 l=0 rev1=0 crypto rx=0 tx=0 comp rx=0 tx=0)._handle_peer_banner_payload supported=3 required=0
2024-03-26T18:54:34.196 INFO:teuthology.orchestra.run.smithi092.stdout:/usr/bin/ceph: stderr
2024-03-26T18:54:33.431+0000 7fa270d50700 1 --2- >> [v2:172.21.15.92:3300/0,v1:172.21.15.92:6789/0] conn(0x7fa26c1017a0 0x7fa26c101bb0 unknown :-1 s=HELLO_CONNECTING pgs=0 cs=0 l=0 rev1=1 crypto rx=0 tx=0 comp rx=0 tx=0).handle_hello peer v2:172.21.15.92:3300/0 says I am v2:172.21.15.92:39642/0 (socket says 172.21.15.92:39642)
2024-03-26T18:54:34.196 INFO:teuthology.orchestra.run.smithi092.stdout:/usr/bin/ceph: stderr
2024-03-26T18:54:33.431+0000 7fa270d50700 1 -- 172.21.15.92:0/3519850336 learned_addr learned my addr 172.21.15.92:0/3519850336 (peer_addr_for_me v2:172.21.15.92:0/0)
2024-03-26T18:54:34.196 INFO:teuthology.orchestra.run.smithi092.stdout:/usr/bin/ceph: stderr
2024-03-26T18:54:33.431+0000 7fa270d50700 1 -- 172.21.15.92:0/3519850336 --> [v2:172.21.15.92:3300/0,v1:172.21.15.92:6789/0] -- mon_subscribe({config=0+,monmap=0+}) v3 -- 0x7fa26c102230 con 0x7fa26c1017a0
2024-03-26T18:54:34.196 INFO:teuthology.orchestra.run.smithi092.stdout:/usr/bin/ceph: stderr
