2023-09-23T08:47:26.581 INFO:teuthology.orchestra.run.smithi082.stdout:/usr/bin/ceph: stderr
2023-09-23T08:47:25.594+0000 7fad17372700 1 --2- 172.21.15.82:0/4181630127 >> [v2:172.21.15.82:3300/0,v1:172.21.15.82:6789/0] conn(0x7fad10104fe0 0x7fad10105400 secure :-1 s=READY pgs=72 cs=0 l=1 rev1=1 crypto rx=0x7fad0c00bb40 tx=0x7fad0c00be50 comp rx=0 tx=0).stop
2023-09-23T08:47:26.581 INFO:teuthology.orchestra.run.smithi082.stdout:/usr/bin/ceph: stderr
2023-09-23T08:47:25.594+0000 7fad17372700 1 -- 172.21.15.82:0/4181630127 shutdown_connections
2023-09-23T08:47:26.582 INFO:teuthology.orchestra.run.smithi082.stdout:/usr/bin/ceph: stderr
2023-09-23T08:47:25.594+0000 7fad17372700 1 --2- 172.21.15.82:0/4181630127 >> [v2:172.21.15.82:3300/0,v1:172.21.15.82:6789/0] conn(0x7fad10104fe0 0x7fad10105400 unknown :-1 s=CLOSED pgs=72 cs=0 l=1 rev1=1 crypto rx=0 tx=0 comp rx=0 tx=0).stop
2023-09-23T08:47:26.582 INFO:teuthology.orchestra.run.smithi082.stdout:/usr/bin/ceph: stderr
2023-09-23T08:47:25.594+0000 7fad17372700 1 -- 172.21.15.82:0/4181630127 >> 172.21.15.82:0/4181630127 conn(0x7fad101005a0 msgr2=0x7fad101029c0 unknown :-1 s=STATE_NONE l=0).mark_down
2023-09-23T08:47:26.582 INFO:teuthology.orchestra.run.smithi082.stdout:/usr/bin/ceph: stderr
2023-09-23T08:47:25.594+0000 7fad17372700 1 -- 172.21.15.82:0/4181630127 shutdown_connections
2023-09-23T08:47:26.582 INFO:teuthology.orchestra.run.smithi082.stdout:/usr/bin/ceph: stderr
2023-09-23T08:47:25.594+0000 7fad17372700 1 -- 172.21.15.82:0/4181630127 wait complete.
2023-09-23T08:47:26.582 INFO:teuthology.orchestra.run.smithi082.stdout:/usr/bin/ceph: stderr
2023-09-23T08:47:25.596+0000 7fad17372700 1 Processor -- start
2023-09-23T08:47:26.582 INFO:teuthology.orchestra.run.smithi082.stdout:/usr/bin/ceph: stderr
2023-09-23T08:47:25.596+0000 7fad17372700 1 -- start start
2023-09-23T08:47:26.582 INFO:teuthology.orchestra.run.smithi082.stdout:/usr/bin/ceph: stderr
2023-09-23T08:47:25.596+0000 7fad17372700 1 --2- >> [v2:172.21.15.82:3300/0,v1:172.21.15.82:6789/0] conn(0x7fad10104fe0 0x7fad1019bf90 unknown :-1 s=NONE pgs=0 cs=0 l=1 rev1=0 crypto rx=0 tx=0 comp rx=0 tx=0).connect
2023-09-23T08:47:26.582 INFO:teuthology.orchestra.run.smithi082.stdout:/usr/bin/ceph: stderr
2023-09-23T08:47:25.596+0000 7fad17372700 1 -- --> [v2:172.21.15.82:3300/0,v1:172.21.15.82:6789/0] -- mon_getmap magic: 0 v1 -- 0x7fad1019c4d0 con 0x7fad10104fe0
2023-09-23T08:47:26.582 INFO:teuthology.orchestra.run.smithi082.stdout:/usr/bin/ceph: stderr
2023-09-23T08:47:25.597+0000 7fad1510e700 1 --2- >> [v2:172.21.15.82:3300/0,v1:172.21.15.82:6789/0] conn(0x7fad10104fe0 0x7fad1019bf90 unknown :-1 s=BANNER_CONNECTING pgs=0 cs=0 l=1 rev1=0 crypto rx=0 tx=0 comp rx=0 tx=0)._handle_peer_banner_payload supported=3 required=0
2023-09-23T08:47:26.582 INFO:teuthology.orchestra.run.smithi082.stdout:/usr/bin/ceph: stderr
2023-09-23T08:47:25.597+0000 7fad1510e700 1 --2- >> [v2:172.21.15.82:3300/0,v1:172.21.15.82:6789/0] conn(0x7fad10104fe0 0x7fad1019bf90 unknown :-1 s=HELLO_CONNECTING pgs=0 cs=0 l=1 rev1=1 crypto rx=0 tx=0 comp rx=0 tx=0).handle_hello peer v2:172.21.15.82:3300/0 says I am v2:172.21.15.82:33396/0 (socket says 172.21.15.82:33396)
2023-09-23T08:47:26.582 INFO:teuthology.orchestra.run.smithi082.stdout:/usr/bin/ceph: stderr
2023-09-23T08:47:25.597+0000 7fad1510e700 1 -- 172.21.15.82:0/216110240 learned_addr learned my addr 172.21.15.82:0/216110240 (peer_addr_for_me v2:172.21.15.82:0/0)
2023-09-23T08:47:26.583 INFO:teuthology.orchestra.run.smithi082.stdout:/usr/bin/ceph: stderr
2023-09-23T08:47:25.597+0000 7fad1510e700 1 -- 172.21.15.82:0/216110240 --> [v2:172.21.15.82:3300/0,v1:172.21.15.82:6789/0] -- mon_subscribe({config=0+,monmap=0+}) v3 -- 0x7fad0c00b7f0 con 0x7fad10104fe0
2023-09-23T08:47:26.583 INFO:teuthology.orchestra.run.smithi082.stdout:/usr/bin/ceph: stderr
2023-09-23T08:47:25.597+0000 7fad1510e700 1 --2- 172.21.15.82:0/216110240 >> [v2:172.21.15.82:3300/0,v1:172.21.15.82:6789/0] conn(0x7fad10104fe0 0x7fad1019bf90 secure :-1 s=READY pgs=73 cs=0 l=1 rev1=1 crypto rx=0x7fad0c00dce0 tx=0x7fad0c00ddc0 comp rx=0 tx=0).ready entity=mon.0 client_cookie=0 server_cookie=0 in_seq=0 out_seq=0
2023-09-23T08:47:26.583 INFO:teuthology.orchestra.run.smithi082.stdout:/usr/bin/ceph: stderr
2023-09-23T08:47:25.597+0000 7fad067fc700 1 -- 172.21.15.82:0/216110240 <== mon.0 v2:172.21.15.82:3300/0 1 ==== mon_map magic: 0 v1 ==== 205+0+0 (secure 0 0 0) 0x7fad0c010680 con 0x7fad10104fe0
2023-09-23T08:47:26.583 INFO:teuthology.orchestra.run.smithi082.stdout:/usr/bin/ceph: stderr
2023-09-23T08:47:25.598+0000 7fad17372700 1 -- 172.21.15.82:0/216110240 --> [v2:172.21.15.82:3300/0,v1:172.21.15.82:6789/0] -- mon_subscribe({mgrmap=0+}) v3 -- 0x7fad1019c6d0 con 0x7fad10104fe0
2023-09-23T08:47:26.583 INFO:teuthology.orchestra.run.smithi082.stdout:/usr/bin/ceph: stderr
2023-09-23T08:47:25.597+0000 7fad067fc700 1 -- 172.21.15.82:0/216110240 <== mon.0 v2:172.21.15.82:3300/0 2 ==== config(25 keys) v1 ==== 1067+0+0 (secure 0 0 0) 0x7fad0c010c70 con 0x7fad10104fe0
2023-09-23T08:47:26.583 INFO:teuthology.orchestra.run.smithi082.stdout:/usr/bin/ceph: stderr
2023-09-23T08:47:25.598+0000 7fad067fc700 1 -- 172.21.15.82:0/216110240 <== mon.0 v2:172.21.15.82:3300/0 3 ==== mon_map magic: 0 v1 ==== 205+0+0 (secure 0 0 0) 0x7fad0c021b70 con 0x7fad10104fe0
2023-09-23T08:47:26.583 INFO:teuthology.orchestra.run.smithi082.stdout:/usr/bin/ceph: stderr
2023-09-23T08:47:25.598+0000 7fad17372700 1 -- 172.21.15.82:0/216110240 --> [v2:172.21.15.82:3300/0,v1:172.21.15.82:6789/0] -- mon_subscribe({osdmap=0}) v3 -- 0x7fad1019ca90 con 0x7fad10104fe0
2023-09-23T08:47:26.583 INFO:teuthology.orchestra.run.smithi082.stdout:/usr/bin/ceph: stderr
2023-09-23T08:47:25.599+0000 7fad067fc700 1 -- 172.21.15.82:0/216110240 <== mon.0 v2:172.21.15.82:3300/0 4 ==== mgrmap(e 12) v1 ==== 45148+0+0 (secure 0 0 0) 0x7fad0c0193f0 con 0x7fad10104fe0
2023-09-23T08:47:26.583 INFO:teuthology.orchestra.run.smithi082.stdout:/usr/bin/ceph: stderr
2023-09-23T08:47:25.599+0000 7fad17372700 1 -- 172.21.15.82:0/216110240 --> [v2:172.21.15.82:3300/0,v1:172.21.15.82:6789/0] -- mon_command({"prefix": "get_command_descriptions"} v 0) v1 -- 0x7fad10195c80 con 0x7fad10104fe0
2023-09-23T08:47:26.583 INFO:teuthology.orchestra.run.smithi082.stdout:/usr/bin/ceph: stderr
2023-09-23T08:47:25.599+0000 7fad067fc700 1 --2- 172.21.15.82:0/216110240 >> [v2:172.21.15.82:6800/3698954311,v1:172.21.15.82:6801/3698954311] conn(0x7facfc038190 0x7facfc03a650 unknown :-1 s=NONE pgs=0 cs=0 l=1 rev1=0 crypto rx=0 tx=0 comp rx=0 tx=0).connect
2023-09-23T08:47:26.583 INFO:teuthology.orchestra.run.smithi082.stdout:/usr/bin/ceph: stderr
2023-09-23T08:47:25.599+0000 7fad067fc700 1 -- 172.21.15.82:0/216110240 <== mon.0 v2:172.21.15.82:3300/0 5 ==== osd_map(3..3 src has 1..3) v4 ==== 1155+0+0 (secure 0 0 0) 0x7fad0c04c5e0 con 0x7fad10104fe0
2023-09-23T08:47:26.584 INFO:teuthology.orchestra.run.smithi082.stdout:/usr/bin/ceph: stderr
2023-09-23T08:47:25.600+0000 7fad1490d700 1 --2- 172.21.15.82:0/216110240 >> [v2:172.21.15.82:6800/3698954311,v1:172.21.15.82:6801/3698954311] conn(0x7facfc038190 0x7facfc03a650 unknown :-1 s=BANNER_CONNECTING pgs=0 cs=0 l=1 rev1=0 crypto rx=0 tx=0 comp rx=0 tx=0)._handle_peer_banner_payload supported=3 required=0
2023-09-23T08:47:26.584 INFO:teuthology.orchestra.run.smithi082.stdout:/usr/bin/ceph: stderr
2023-09-23T08:47:25.600+0000 7fad1490d700 1 --2- 172.21.15.82:0/216110240 >> [v2:172.21.15.82:6800/3698954311,v1:172.21.15.82:6801/3698954311] conn(0x7facfc038190 0x7facfc03a650 secure :-1 s=READY pgs=8 cs=0 l=1 rev1=1 crypto rx=0x7fad00006fd0 tx=0x7fad00006e40 comp rx=0 tx=0).ready entity=mgr.14152 client_cookie=0 server_cookie=0 in_seq=0 out_seq=0
2023-09-23T08:47:26.584 INFO:teuthology.orchestra.run.smithi082.stdout:/usr/bin/ceph: stderr
2023-09-23T08:47:25.608+0000 7fad067fc700 1 -- 172.21.15.82:0/216110240 <== mon.0 v2:172.21.15.82:3300/0 6 ==== mon_command_ack([{"prefix": "get_command_descriptions"}]=0 v0) v1 ==== 72+0+179682 (secure 0 0 0) 0x7fad0c00e770 con 0x7fad10104fe0
2023-09-23T08:47:26.584 INFO:teuthology.orchestra.run.smithi082.stdout:/usr/bin/ceph: stderr
2023-09-23T08:47:25.834+0000 7fad17372700 1 -- 172.21.15.82:0/216110240 --> [v2:172.21.15.82:6800/3698954311,v1:172.21.15.82:6801/3698954311] -- mgr_command(tid 0: {"prefix": "dashboard ac-user-create", "username": "admin", "rolename": "administrator", "force_password": true, "pwd_update_required": true, "target": ["mon-mgr", ""]}) v1 -- 0x7fad100741c0 con 0x7facfc038190
2023-09-23T08:47:26.584 INFO:teuthology.orchestra.run.smithi082.stdout:/usr/bin/ceph: stderr
2023-09-23T08:47:26.064+0000 7fad067fc700 1 -- 172.21.15.82:0/216110240 <== mgr.14152 v2:172.21.15.82:6800/3698954311 1 ==== mgr_command_reply(tid 0: 0 ) v1 ==== 8+0+252 (secure 0 0 0) 0x7fad100741c0 con 0x7facfc038190
2023-09-23T08:47:26.584 INFO:teuthology.orchestra.run.smithi082.stdout:/usr/bin/ceph: stderr
2023-09-23T08:47:26.067+0000 7fad17372700 1 -- 172.21.15.82:0/216110240 >> [v2:172.21.15.82:6800/3698954311,v1:172.21.15.82:6801/3698954311] conn(0x7facfc038190 msgr2=0x7facfc03a650 secure :-1 s=STATE_CONNECTION_ESTABLISHED l=1).mark_down
2023-09-23T08:47:26.584 INFO:teuthology.orchestra.run.smithi082.stdout:/usr/bin/ceph: stderr
2023-09-23T08:47:26.067+0000 7fad17372700 1 --2- 172.21.15.82:0/216110240 >> [v2:172.21.15.82:6800/3698954311,v1:172.21.15.82:6801/3698954311] conn(0x7facfc038190 0x7facfc03a650 secure :-1 s=READY pgs=8 cs=0 l=1 rev1=1 crypto rx=0x7fad00006fd0 tx=0x7fad00006e40 comp rx=0 tx=0).stop
2023-09-23T08:47:26.584 INFO:teuthology.orchestra.run.smithi082.stdout:/usr/bin/ceph: stderr
2023-09-23T08:47:26.067+0000 7fad17372700 1 -- 172.21.15.82:0/216110240 >> [v2:172.21.15.82:3300/0,v1:172.21.15.82:6789/0] conn(0x7fad10104fe0 msgr2=0x7fad1019bf90 secure :-1 s=STATE_CONNECTION_ESTABLISHED l=1).mark_down
2023-09-23T08:47:26.584 INFO:teuthology.orchestra.run.smithi082.stdout:/usr/bin/ceph: stderr
2023-09-23T08:47:26.067+0000 7fad17372700 1 --2- 172.21.15.82:0/216110240 >> [v2:172.21.15.82:3300/0,v1:172.21.15.82:6789/0] conn(0x7fad10104fe0 0x7fad1019bf90 secure :-1 s=READY pgs=73 cs=0 l=1 rev1=1 crypto rx=0x7fad0c00dce0 tx=0x7fad0c00ddc0 comp rx=0 tx=0).stop
2023-09-23T08:47:26.584 INFO:teuthology.orchestra.run.smithi082.stdout:/usr/bin/ceph: stderr
2023-09-23T08:47:26.067+0000 7fad17372700 1 -- 172.21.15.82:0/216110240 shutdown_connections
2023-09-23T08:47:26.584 INFO:teuthology.orchestra.run.smithi082.stdout:/usr/bin/ceph: stderr
2023-09-23T08:47:26.067+0000 7fad17372700 1 --2- 172.21.15.82:0/216110240 >> [v2:172.21.15.82:6800/3698954311,v1:172.21.15.82:6801/3698954311] conn(0x7facfc038190 0x7facfc03a650 unknown :-1 s=CLOSED pgs=8 cs=0 l=1 rev1=1 crypto rx=0 tx=0 comp rx=0 tx=0).stop
2023-09-23T08:47:26.585 INFO:teuthology.orchestra.run.smithi082.stdout:/usr/bin/ceph: stderr
2023-09-23T08:47:26.067+0000 7fad17372700 1 --2- 172.21.15.82:0/216110240 >> [v2:172.21.15.82:3300/0,v1:172.21.15.82:6789/0] conn(0x7fad10104fe0 0x7fad1019bf90 unknown :-1 s=CLOSED pgs=73 cs=0 l=1 rev1=1 crypto rx=0 tx=0 comp rx=0 tx=0).stop
2023-09-23T08:47:26.585 INFO:teuthology.orchestra.run.smithi082.stdout:/usr/bin/ceph: stderr
2023-09-23T08:47:26.067+0000 7fad17372700 1 -- 172.21.15.82:0/216110240 >> 172.21.15.82:0/216110240 conn(0x7fad101005a0 msgr2=0x7fad10192dc0 unknown :-1 s=STATE_NONE l=0).mark_down
2023-09-23T08:47:26.585 INFO:teuthology.orchestra.run.smithi082.stdout:/usr/bin/ceph: stderr
2023-09-23T08:47:26.067+0000 7fad17372700 1 -- 172.21.15.82:0/216110240 shutdown_connections
2023-09-23T08:47:26.585 INFO:teuthology.orchestra.run.smithi082.stdout:/usr/bin/ceph: stderr
2023-09-23T08:47:26.067+0000 7fad17372700 1 -- 172.21.15.82:0/216110240 wait complete.
2023-09-23T08:47:26.585 INFO:teuthology.orchestra.run.smithi082.stdout:Fetching dashboard port number...
2023-09-23T08:47:26.870 INFO:journalctl@ceph.mon.a.smithi082.stdout:Sep 23 08:47:26 smithi082 ceph-mon[97694]: from='mgr.14152 172.21.15.82:0/2067380268' entity='mgr.x'
2023-09-23T08:47:26.871 INFO:journalctl@ceph.mon.a.smithi082.stdout:Sep 23 08:47:26 smithi082 ceph-mon[97694]: from='client.14166 -' entity='client.admin' cmd=[{"prefix": "dashboard ac-user-create", "username": "admin", "rolename": "administrator", "force_password": true, "pwd_update_required": true, "target": ["mon-mgr", ""]}]: dispatch
2023-09-23T08:47:26.871 INFO:journalctl@ceph.mon.a.smithi082.stdout:Sep 23 08:47:26 smithi082 ceph-mon[97694]: from='mgr.14152 172.21.15.82:0/2067380268' entity='mgr.x'
2023-09-23T08:47:27.870 INFO:journalctl@ceph.mon.a.smithi082.stdout:Sep 23 08:47:27 smithi082 ceph-mon[97694]: from='client.? 172.21.15.82:0/845810846' entity='client.admin' cmd=[{"prefix": "config get", "who": "mgr", "key": "mgr/dashboard/ssl_server_port"}]: dispatch
2023-09-23T08:47:28.006 INFO:teuthology.orchestra.run.smithi082.stdout:/usr/bin/ceph: stdout 8443
2023-09-23T08:47:28.011 INFO:teuthology.orchestra.run.smithi082.stdout:/usr/bin/ceph: stderr
2023-09-23T08:47:27.225+0000 7f3674503700 1 Processor -- start
2023-09-23T08:47:28.011 INFO:teuthology.orchestra.run.smithi082.stdout:/usr/bin/ceph: stderr
2023-09-23T08:47:27.225+0000 7f3674503700 1 -- start start
2023-09-23T08:47:28.011 INFO:teuthology.orchestra.run.smithi082.stdout:/usr/bin/ceph: stderr
2023-09-23T08:47:27.225+0000 7f3674503700 1 --2- >> [v2:172.21.15.82:3300/0,v1:172.21.15.82:6789/0] conn(0x7f366c1060e0 0x7f366c106500 unknown :-1 s=NONE pgs=0 cs=0 l=0 rev1=0 crypto rx=0 tx=0 comp rx=0 tx=0).connect
2023-09-23T08:47:28.011 INFO:teuthology.orchestra.run.smithi082.stdout:/usr/bin/ceph: stderr
2023-09-23T08:47:27.225+0000 7f3674503700 1 -- --> [v2:172.21.15.82:3300/0,v1:172.21.15.82:6789/0] -- mon_getmap magic: 0 v1 -- 0x7f366c106ad0 con 0x7f366c1060e0
2023-09-23T08:47:28.011 INFO:teuthology.orchestra.run.smithi082.stdout:/usr/bin/ceph: stderr
2023-09-23T08:47:27.226+0000 7f367229f700 1 --2- >> [v2:172.21.15.82:3300/0,v1:172.21.15.82:6789/0] conn(0x7f366c1060e0 0x7f366c106500 unknown :-1 s=BANNER_CONNECTING pgs=0 cs=0 l=0 rev1=0 crypto rx=0 tx=0 comp rx=0 tx=0)._handle_peer_banner_payload supported=3 required=0
2023-09-23T08:47:28.011 INFO:teuthology.orchestra.run.smithi082.stdout:/usr/bin/ceph: stderr
2023-09-23T08:47:27.226+0000 7f367229f700 1 --2- >> [v2:172.21.15.82:3300/0,v1:172.21.15.82:6789/0] conn(0x7f366c1060e0 0x7f366c106500 unknown :-1 s=HELLO_CONNECTING pgs=0 cs=0 l=0 rev1=1 crypto rx=0 tx=0 comp rx=0 tx=0).handle_hello peer v2:172.21.15.82:3300/0 says I am v2:172.21.15.82:33410/0 (socket says 172.21.15.82:33410)
2023-09-23T08:47:28.011 INFO:teuthology.orchestra.run.smithi082.stdout:/usr/bin/ceph: stderr
2023-09-23T08:47:27.226+0000 7f367229f700 1 -- 172.21.15.82:0/2119901656 learned_addr learned my addr 172.21.15.82:0/2119901656 (peer_addr_for_me v2:172.21.15.82:0/0)
2023-09-23T08:47:28.012 INFO:teuthology.orchestra.run.smithi082.stdout:/usr/bin/ceph: stderr
2023-09-23T08:47:27.226+0000 7f367229f700 1 -- 172.21.15.82:0/2119901656 --> [v2:172.21.15.82:3300/0,v1:172.21.15.82:6789/0] -- mon_subscribe({config=0+,monmap=0+}) v3 -- 0x7f366c1072e0 con 0x7f366c1060e0
2023-09-23T08:47:28.012 INFO:teuthology.orchestra.run.smithi082.stdout:/usr/bin/ceph: stderr
2023-09-23T08:47:27.227+0000 7f367229f700 1 --2- 172.21.15.82:0/2119901656 >> [v2:172.21.15.82:3300/0,v1:172.21.15.82:6789/0] conn(0x7f366c1060e0 0x7f366c106500 secure :-1 s=READY pgs=74 cs=0 l=1 rev1=1 crypto rx=0x7f36680098a0 tx=0x7f3668009bb0 comp rx=0 tx=0).ready entity=mon.0 client_cookie=99101bff7cfe3ee7 server_cookie=0 in_seq=0 out_seq=0
2023-09-23T08:47:28.012 INFO:teuthology.orchestra.run.smithi082.stdout:/usr/bin/ceph: stderr
2023-09-23T08:47:27.227+0000 7f367129d700 1 -- 172.21.15.82:0/2119901656 <== mon.0 v2:172.21.15.82:3300/0 1 ==== mon_map magic: 0 v1 ==== 205+0+0 (secure 0 0 0) 0x7f3668004160 con 0x7f366c1060e0
2023-09-23T08:47:28.012 INFO:teuthology.orchestra.run.smithi082.stdout:/usr/bin/ceph: stderr
2023-09-23T08:47:27.227+0000 7f367129d700 1 -- 172.21.15.82:0/2119901656 <== mon.0 v2:172.21.15.82:3300/0 2 ==== config(25 keys) v1 ==== 1067+0+0 (secure 0 0 0) 0x7f36680042c0 con 0x7f366c1060e0
2023-09-23T08:47:28.012 INFO:teuthology.orchestra.run.smithi082.stdout:/usr/bin/ceph: stderr
2023-09-23T08:47:27.227+0000 7f367129d700 1 -- 172.21.15.82:0/2119901656 <== mon.0 v2:172.21.15.82:3300/0 3 ==== mon_map magic: 0 v1 ==== 205+0+0 (secure 0 0 0) 0x7f36680118e0 con 0x7f366c1060e0
2023-09-23T08:47:28.012 INFO:teuthology.orchestra.run.smithi082.stdout:/usr/bin/ceph: stderr
2023-09-23T08:47:27.228+0000 7f3674503700 1 -- 172.21.15.82:0/2119901656 >> [v2:172.21.15.82:3300/0,v1:172.21.15.82:6789/0] conn(0x7f366c1060e0 msgr2=0x7f366c106500 secure :-1 s=STATE_CONNECTION_ESTABLISHED l=1).mark_down
2023-09-23T08:47:28.012 INFO:teuthology.orchestra.run.smithi082.stdout:/usr/bin/ceph: stderr
2023-09-23T08:47:27.228+0000 7f3674503700 1 --2- 172.21.15.82:0/2119901656 >> [v2:172.21.15.82:3300/0,v1:172.21.15.82:6789/0] conn(0x7f366c1060e0 0x7f366c106500 secure :-1 s=READY pgs=74 cs=0 l=1 rev1=1 crypto rx=0x7f36680098a0 tx=0x7f3668009bb0 comp rx=0 tx=0).stop
2023-09-23T08:47:28.012 INFO:teuthology.orchestra.run.smithi082.stdout:/usr/bin/ceph: stderr
2023-09-23T08:47:27.228+0000 7f3674503700 1 -- 172.21.15.82:0/2119901656 shutdown_connections
2023-09-23T08:47:28.012 INFO:teuthology.orchestra.run.smithi082.stdout:/usr/bin/ceph: stderr
2023-09-23T08:47:27.228+0000 7f3674503700 1 --2- 172.21.15.82:0/2119901656 >> [v2:172.21.15.82:3300/0,v1:172.21.15.82:6789/0] conn(0x7f366c1060e0 0x7f366c106500 unknown :-1 s=CLOSED pgs=74 cs=0 l=1 rev1=1 crypto rx=0 tx=0 comp rx=0 tx=0).stop
2023-09-23T08:47:28.012 INFO:teuthology.orchestra.run.smithi082.stdout:/usr/bin/ceph: stderr
2023-09-23T08:47:27.228+0000 7f3674503700 1 -- 172.21.15.82:0/2119901656 >> 172.21.15.82:0/2119901656 conn(0x7f366c1016a0 msgr2=0x7f366c103ac0 unknown :-1 s=STATE_NONE l=0).mark_down
2023-09-23T08:47:28.012 INFO:teuthology.orchestra.run.smithi082.stdout:/usr/bin/ceph: stderr
2023-09-23T08:47:27.228+0000 7f3674503700 1 -- 172.21.15.82:0/2119901656 shutdown_connections
2023-09-23T08:47:28.013 INFO:teuthology.orchestra.run.smithi082.stdout:/usr/bin/ceph: stderr
2023-09-23T08:47:27.228+0000 7f3674503700 1 -- 172.21.15.82:0/2119901656 wait complete.
2023-09-23T08:47:28.013 INFO:teuthology.orchestra.run.smithi082.stdout:/usr/bin/ceph: stderr
2023-09-23T08:47:27.229+0000 7f3674503700 1 Processor -- start
2023-09-23T08:47:28.013 INFO:teuthology.orchestra.run.smithi082.stdout:/usr/bin/ceph: stderr
2023-09-23T08:47:27.230+0000 7f3674503700 1 -- start start
2023-09-23T08:47:28.013 INFO:teuthology.orchestra.run.smithi082.stdout:/usr/bin/ceph: stderr
2023-09-23T08:47:27.230+0000 7f3674503700 1 --2- >> [v2:172.21.15.82:3300/0,v1:172.21.15.82:6789/0] conn(0x7f366c1060e0 0x7f366c19bfe0 unknown :-1 s=NONE pgs=0 cs=0 l=1 rev1=0 crypto rx=0 tx=0 comp rx=0 tx=0).connect
2023-09-23T08:47:28.013 INFO:teuthology.orchestra.run.smithi082.stdout:/usr/bin/ceph: stderr
2023-09-23T08:47:27.230+0000 7f3674503700 1 -- --> [v2:172.21.15.82:3300/0,v1:172.21.15.82:6789/0] -- mon_getmap magic: 0 v1 -- 0x7f366c19c520 con 0x7f366c1060e0
2023-09-23T08:47:28.013 INFO:teuthology.orchestra.run.smithi082.stdout:/usr/bin/ceph: stderr
2023-09-23T08:47:27.230+0000 7f367229f700 1 --2- >> [v2:172.21.15.82:3300/0,v1:172.21.15.82:6789/0] conn(0x7f366c1060e0 0x7f366c19bfe0 unknown :-1 s=BANNER_CONNECTING pgs=0 cs=0 l=1 rev1=0 crypto rx=0 tx=0 comp rx=0 tx=0)._handle_peer_banner_payload supported=3 required=0
2023-09-23T08:47:28.013 INFO:teuthology.orchestra.run.smithi082.stdout:/usr/bin/ceph: stderr
2023-09-23T08:47:27.230+0000 7f367229f700 1 --2- >> [v2:172.21.15.82:3300/0,v1:172.21.15.82:6789/0] conn(0x7f366c1060e0 0x7f366c19bfe0 unknown :-1 s=HELLO_CONNECTING pgs=0 cs=0 l=1 rev1=1 crypto rx=0 tx=0 comp rx=0 tx=0).handle_hello peer v2:172.21.15.82:3300/0 says I am v2:172.21.15.82:33418/0 (socket says 172.21.15.82:33418)
2023-09-23T08:47:28.013 INFO:teuthology.orchestra.run.smithi082.stdout:/usr/bin/ceph: stderr
2023-09-23T08:47:27.230+0000 7f367229f700 1 -- 172.21.15.82:0/845810846 learned_addr learned my addr 172.21.15.82:0/845810846 (peer_addr_for_me v2:172.21.15.82:0/0)
2023-09-23T08:47:28.013 INFO:teuthology.orchestra.run.smithi082.stdout:/usr/bin/ceph: stderr
2023-09-23T08:47:27.231+0000 7f367229f700 1 -- 172.21.15.82:0/845810846 --> [v2:172.21.15.82:3300/0,v1:172.21.15.82:6789/0] -- mon_subscribe({config=0+,monmap=0+}) v3 -- 0x7f3668009550 con 0x7f366c1060e0
2023-09-23T08:47:28.013 INFO:teuthology.orchestra.run.smithi082.stdout:/usr/bin/ceph: stderr
2023-09-23T08:47:27.231+0000 7f367229f700 1 --2- 172.21.15.82:0/845810846 >> [v2:172.21.15.82:3300/0,v1:172.21.15.82:6789/0] conn(0x7f366c1060e0 0x7f366c19bfe0 secure :-1 s=READY pgs=75 cs=0 l=1 rev1=1 crypto rx=0x7f3668006af0 tx=0x7f3668011ed0 comp rx=0 tx=0).ready entity=mon.0 client_cookie=0 server_cookie=0 in_seq=0 out_seq=0
2023-09-23T08:47:28.013 INFO:teuthology.orchestra.run.smithi082.stdout:/usr/bin/ceph: stderr
2023-09-23T08:47:27.231+0000 7f36637fe700 1 -- 172.21.15.82:0/845810846 <== mon.0 v2:172.21.15.82:3300/0 1 ==== mon_map magic: 0 v1 ==== 205+0+0 (secure 0 0 0) 0x7f36680037d0 con 0x7f366c1060e0
2023-09-23T08:47:28.014 INFO:teuthology.orchestra.run.smithi082.stdout:/usr/bin/ceph: stderr
2023-09-23T08:47:27.231+0000 7f36637fe700 1 -- 172.21.15.82:0/845810846 <== mon.0 v2:172.21.15.82:3300/0 2 ==== config(25 keys) v1 ==== 1067+0+0 (secure 0 0 0) 0x7f366801b440 con 0x7f366c1060e0
2023-09-23T08:47:28.014 INFO:teuthology.orchestra.run.smithi082.stdout:/usr/bin/ceph: stderr
2023-09-23T08:47:27.231+0000 7f36637fe700 1 -- 172.21.15.82:0/845810846 <== mon.0 v2:172.21.15.82:3300/0 3 ==== mon_map magic: 0 v1 ==== 205+0+0 (secure 0 0 0) 0x7f3668023400 con 0x7f366c1060e0
2023-09-23T08:47:28.014 INFO:teuthology.orchestra.run.smithi082.stdout:/usr/bin/ceph: stderr
2023-09-23T08:47:27.231+0000 7f3674503700 1 -- 172.21.15.82:0/845810846 --> [v2:172.21.15.82:3300/0,v1:172.21.15.82:6789/0] -- mon_subscribe({mgrmap=0+}) v3 -- 0x7f366c19c720 con 0x7f366c1060e0
2023-09-23T08:47:28.014 INFO:teuthology.orchestra.run.smithi082.stdout:/usr/bin/ceph: stderr
2023-09-23T08:47:27.232+0000 7f3674503700 1 -- 172.21.15.82:0/845810846 --> [v2:172.21.15.82:3300/0,v1:172.21.15.82:6789/0] -- mon_subscribe({osdmap=0}) v3 -- 0x7f366c19cb40 con 0x7f366c1060e0
2023-09-23T08:47:28.014 INFO:teuthology.orchestra.run.smithi082.stdout:/usr/bin/ceph: stderr
2023-09-23T08:47:27.233+0000 7f3674503700 1 -- 172.21.15.82:0/845810846 --> [v2:172.21.15.82:3300/0,v1:172.21.15.82:6789/0] -- mon_command({"prefix": "get_command_descriptions"} v 0) v1 -- 0x7f366c061f50 con 0x7f366c1060e0
2023-09-23T08:47:28.014 INFO:teuthology.orchestra.run.smithi082.stdout:/usr/bin/ceph: stderr
2023-09-23T08:47:27.233+0000 7f36637fe700 1 -- 172.21.15.82:0/845810846 <== mon.0 v2:172.21.15.82:3300/0 4 ==== mgrmap(e 12) v1 ==== 45148+0+0 (secure 0 0 0) 0x7f366801b5b0 con 0x7f366c1060e0
2023-09-23T08:47:28.014 INFO:teuthology.orchestra.run.smithi082.stdout:/usr/bin/ceph: stderr
2023-09-23T08:47:27.233+0000 7f36637fe700 1 --2- 172.21.15.82:0/845810846 >> [v2:172.21.15.82:6800/3698954311,v1:172.21.15.82:6801/3698954311] conn(0x7f3658038160 0x7f365803a620 unknown :-1 s=NONE pgs=0 cs=0 l=1 rev1=0 crypto rx=0 tx=0 comp rx=0 tx=0).connect
2023-09-23T08:47:28.014 INFO:teuthology.orchestra.run.smithi082.stdout:/usr/bin/ceph: stderr
2023-09-23T08:47:27.233+0000 7f36637fe700 1 -- 172.21.15.82:0/845810846 <== mon.0 v2:172.21.15.82:3300/0 5 ==== osd_map(3..3 src has 1..3) v4 ==== 1155+0+0 (secure 0 0 0) 0x7f366804c0e0 con 0x7f366c1060e0
2023-09-23T08:47:28.014 INFO:teuthology.orchestra.run.smithi082.stdout:/usr/bin/ceph: stderr
2023-09-23T08:47:27.234+0000 7f3671a9e700 1 --2- 172.21.15.82:0/845810846 >> [v2:172.21.15.82:6800/3698954311,v1:172.21.15.82:6801/3698954311] conn(0x7f3658038160 0x7f365803a620 unknown :-1 s=BANNER_CONNECTING pgs=0 cs=0 l=1 rev1=0 crypto rx=0 tx=0 comp rx=0 tx=0)._handle_peer_banner_payload supported=3 required=0
2023-09-23T08:47:28.014 INFO:teuthology.orchestra.run.smithi082.stdout:/usr/bin/ceph: stderr
2023-09-23T08:47:27.234+0000 7f3671a9e700 1 --2- 172.21.15.82:0/845810846 >> [v2:172.21.15.82:6800/3698954311,v1:172.21.15.82:6801/3698954311] conn(0x7f3658038160 0x7f365803a620 secure :-1 s=READY pgs=9 cs=0 l=1 rev1=1 crypto rx=0x7f365c006fd0 tx=0x7f365c006e40 comp rx=0 tx=0).ready entity=mgr.14152 client_cookie=0 server_cookie=0 in_seq=0 out_seq=0
2023-09-23T08:47:28.014 INFO:teuthology.orchestra.run.smithi082.stdout:/usr/bin/ceph: stderr
2023-09-23T08:47:27.239+0000 7f36637fe700 1 -- 172.21.15.82:0/845810846 <== mon.0 v2:172.21.15.82:3300/0 6 ==== mon_command_ack([{"prefix": "get_command_descriptions"}]=0 v0) v1 ==== 72+0+179682 (secure 0 0 0) 0x7f366801b8d0 con 0x7f366c1060e0
2023-09-23T08:47:28.015 INFO:teuthology.orchestra.run.smithi082.stdout:/usr/bin/ceph: stderr
2023-09-23T08:47:27.463+0000 7f3674503700 1 -- 172.21.15.82:0/845810846 --> [v2:172.21.15.82:3300/0,v1:172.21.15.82:6789/0] -- mon_command({"prefix": "config get", "who": "mgr", "key": "mgr/dashboard/ssl_server_port"} v 0) v1 -- 0x7f366c10a510 con 0x7f366c1060e0
2023-09-23T08:47:28.015 INFO:teuthology.orchestra.run.smithi082.stdout:/usr/bin/ceph: stderr
2023-09-23T08:47:27.464+0000 7f36637fe700 1 -- 172.21.15.82:0/845810846 <== mon.0 v2:172.21.15.82:3300/0 7 ==== mon_command_ack([{"prefix": "config get", "who": "mgr", "key": "mgr/dashboard/ssl_server_port"}]=0 v8) v1 ==== 112+0+5 (secure 0 0 0) 0x7f366800b3e0 con 0x7f366c1060e0
2023-09-23T08:47:28.015 INFO:teuthology.orchestra.run.smithi082.stdout:/usr/bin/ceph: stderr
2023-09-23T08:47:27.466+0000 7f3674503700 1 -- 172.21.15.82:0/845810846 >> [v2:172.21.15.82:6800/3698954311,v1:172.21.15.82:6801/3698954311] conn(0x7f3658038160 msgr2=0x7f365803a620 secure :-1 s=STATE_CONNECTION_ESTABLISHED l=1).mark_down
2023-09-23T08:47:28.015 INFO:teuthology.orchestra.run.smithi082.stdout:/usr/bin/ceph: stderr
2023-09-23T08:47:27.466+0000 7f3674503700 1 --2- 172.21.15.82:0/845810846 >> [v2:172.21.15.82:6800/3698954311,v1:172.21.15.82:6801/3698954311] conn(0x7f3658038160 0x7f365803a620 secure :-1 s=READY pgs=9 cs=0 l=1 rev1=1 crypto rx=0x7f365c006fd0 tx=0x7f365c006e40 comp rx=0 tx=0).stop
2023-09-23T08:47:28.015 INFO:teuthology.orchestra.run.smithi082.stdout:/usr/bin/ceph: stderr
2023-09-23T08:47:27.466+0000 7f3674503700 1 -- 172.21.15.82:0/845810846 >> [v2:172.21.15.82:3300/0,v1:172.21.15.82:6789/0] conn(0x7f366c1060e0 msgr2=0x7f366c19bfe0 secure :-1 s=STATE_CONNECTION_ESTABLISHED l=1).mark_down
2023-09-23T08:47:28.015 INFO:teuthology.orchestra.run.smithi082.stdout:/usr/bin/ceph: stderr
2023-09-23T08:47:27.466+0000 7f3674503700 1 --2- 172.21.15.82:0/845810846 >> [v2:172.21.15.82:3300/0,v1:172.21.15.82:6789/0] conn(0x7f366c1060e0 0x7f366c19bfe0 secure :-1 s=READY pgs=75 cs=0 l=1 rev1=1 crypto rx=0x7f3668006af0 tx=0x7f3668011ed0 comp rx=0 tx=0).stop
2023-09-23T08:47:28.015 INFO:teuthology.orchestra.run.smithi082.stdout:/usr/bin/ceph: stderr
2023-09-23T08:47:27.466+0000 7f3674503700 1 -- 172.21.15.82:0/845810846 shutdown_connections
2023-09-23T08:47:28.015 INFO:teuthology.orchestra.run.smithi082.stdout:/usr/bin/ceph: stderr
2023-09-23T08:47:27.466+0000 7f3674503700 1 --2- 172.21.15.82:0/845810846 >> [v2:172.21.15.82:6800/3698954311,v1:172.21.15.82:6801/3698954311] conn(0x7f3658038160 0x7f365803a620 unknown :-1 s=CLOSED pgs=9 cs=0 l=1 rev1=1 crypto rx=0 tx=0 comp rx=0 tx=0).stop
2023-09-23T08:47:28.015 INFO:teuthology.orchestra.run.smithi082.stdout:/usr/bin/ceph: stderr
2023-09-23T08:47:27.466+0000 7f3674503700 1 --2- 172.21.15.82:0/845810846 >> [v2:172.21.15.82:3300/0,v1:172.21.15.82:6789/0] conn(0x7f366c1060e0 0x7f366c19bfe0 unknown :-1 s=CLOSED pgs=75 cs=0 l=1 rev1=1 crypto rx=0 tx=0 comp rx=0 tx=0).stop
2023-09-23T08:47:28.015 INFO:teuthology.orchestra.run.smithi082.stdout:/usr/bin/ceph: stderr
2023-09-23T08:47:27.466+0000 7f3674503700 1 -- 172.21.15.82:0/845810846 >> 172.21.15.82:0/845810846 conn(0x7f366c1016a0 msgr2=0x7f366c102d20 unknown :-1 s=STATE_NONE l=0).mark_down
2023-09-23T08:47:28.015 INFO:teuthology.orchestra.run.smithi082.stdout:/usr/bin/ceph: stderr
2023-09-23T08:47:27.467+0000 7f3674503700 1 -- 172.21.15.82:0/845810846 shutdown_connections
2023-09-23T08:47:28.016 INFO:teuthology.orchestra.run.smithi082.stdout:/usr/bin/ceph: stderr
2023-09-23T08:47:27.467+0000 7f3674503700 1 -- 172.21.15.82:0/845810846 wait complete.
2023-09-23T08:47:28.027 INFO:teuthology.orchestra.run.smithi082.stdout:Non-zero exit code 1 from systemctl is-enabled firewalld.service
2023-09-23T08:47:28.027 INFO:teuthology.orchestra.run.smithi082.stdout:systemctl: stdout disabled
2023-09-23T08:47:28.044 INFO:teuthology.orchestra.run.smithi082.stdout:Non-zero exit code 3 from systemctl is-active firewalld.service
2023-09-23T08:47:28.044 INFO:teuthology.orchestra.run.smithi082.stdout:systemctl: stdout inactive
2023-09-23T08:47:28.044 INFO:teuthology.orchestra.run.smithi082.stdout:firewalld.service is not enabled
2023-09-23T08:47:28.044 INFO:teuthology.orchestra.run.smithi082.stdout:Not possible to open ports <[8443]>. firewalld.service is not available
2023-09-23T08:47:28.046 INFO:teuthology.orchestra.run.smithi082.stdout:Ceph Dashboard is now available at:
2023-09-23T08:47:28.046 INFO:teuthology.orchestra.run.smithi082.stdout:
2023-09-23T08:47:28.046 INFO:teuthology.orchestra.run.smithi082.stdout: URL: https://smithi082.front.sepia.ceph.com:8443/
2023-09-23T08:47:28.047 INFO:teuthology.orchestra.run.smithi082.stdout: User: admin
2023-09-23T08:47:28.047 INFO:teuthology.orchestra.run.smithi082.stdout: Password: zbr95rq18y
2023-09-23T08:47:28.047 INFO:teuthology.orchestra.run.smithi082.stdout:
2023-09-23T08:47:28.047 INFO:teuthology.orchestra.run.smithi082.stdout:Saving cluster configuration to /var/lib/ceph/8926e286-59ed-11ee-8db4-212e2dc638e7/config directory
2023-09-23T08:47:28.047 INFO:teuthology.orchestra.run.smithi082.stdout:Enabling autotune for osd_memory_target
2023-09-23T08:47:29.487 INFO:teuthology.orchestra.run.smithi082.stdout:/usr/bin/ceph: stderr
2023-09-23T08:47:28.752+0000 7ff263cd6700 1 Processor -- start
2023-09-23T08:47:29.488 INFO:teuthology.orchestra.run.smithi082.stdout:/usr/bin/ceph: stderr
2023-09-23T08:47:28.752+0000 7ff263cd6700 1 -- start start
2023-09-23T08:47:29.488 INFO:teuthology.orchestra.run.smithi082.stdout:/usr/bin/ceph: stderr
2023-09-23T08:47:28.752+0000 7ff263cd6700 1 --2- >> [v2:172.21.15.82:3300/0,v1:172.21.15.82:6789/0] conn(0x7ff25c07ad10 0x7ff25c079170 unknown :-1 s=NONE pgs=0 cs=0 l=0 rev1=0 crypto rx=0 tx=0 comp rx=0 tx=0).connect
2023-09-23T08:47:29.488 INFO:teuthology.orchestra.run.smithi082.stdout:/usr/bin/ceph: stderr
2023-09-23T08:47:28.752+0000 7ff263cd6700 1 -- --> [v2:172.21.15.82:3300/0,v1:172.21.15.82:6789/0] -- mon_getmap magic: 0 v1 -- 0x7ff25c079740 con 0x7ff25c07ad10
2023-09-23T08:47:29.488 INFO:teuthology.orchestra.run.smithi082.stdout:/usr/bin/ceph: stderr
2023-09-23T08:47:28.752+0000 7ff261a72700 1 --2- >> [v2:172.21.15.82:3300/0,v1:172.21.15.82:6789/0] conn(0x7ff25c07ad10 0x7ff25c079170 unknown :-1 s=BANNER_CONNECTING pgs=0 cs=0 l=0 rev1=0 crypto rx=0 tx=0 comp rx=0 tx=0)._handle_peer_banner_payload supported=3 required=0
2023-09-23T08:47:29.488 INFO:teuthology.orchestra.run.smithi082.stdout:/usr/bin/ceph: stderr
2023-09-23T08:47:28.753+0000 7ff261a72700 1 --2- >> [v2:172.21.15.82:3300/0,v1:172.21.15.82:6789/0] conn(0x7ff25c07ad10 0x7ff25c079170 unknown :-1 s=HELLO_CONNECTING pgs=0 cs=0 l=0 rev1=1 crypto rx=0 tx=0 comp rx=0 tx=0).handle_hello peer v2:172.21.15.82:3300/0 says I am v2:172.21.15.82:33430/0 (socket says 172.21.15.82:33430)
2023-09-23T08:47:29.488 INFO:teuthology.orchestra.run.smithi082.stdout:/usr/bin/ceph: stderr
2023-09-23T08:47:28.753+0000 7ff261a72700 1 -- 172.21.15.82:0/2956391065 learned_addr learned my addr 172.21.15.82:0/2956391065 (peer_addr_for_me v2:172.21.15.82:0/0)
2023-09-23T08:47:29.488 INFO:teuthology.orchestra.run.smithi082.stdout:/usr/bin/ceph: stderr
2023-09-23T08:47:28.753+0000 7ff261a72700 1 -- 172.21.15.82:0/2956391065 --> [v2:172.21.15.82:3300/0,v1:172.21.15.82:6789/0] -- mon_subscribe({config=0+,monmap=0+}) v3 -- 0x7ff25c079880 con 0x7ff25c07ad10
2023-09-23T08:47:29.488 INFO:teuthology.orchestra.run.smithi082.stdout:/usr/bin/ceph: stderr
2023-09-23T08:47:28.753+0000 7ff261a72700 1 --2- 172.21.15.82:0/2956391065 >> [v2:172.21.15.82:3300/0,v1:172.21.15.82:6789/0] conn(0x7ff25c07ad10 0x7ff25c079170 secure :-1 s=READY pgs=76 cs=0 l=1 rev1=1 crypto rx=0x7ff2580098a0 tx=0x7ff258009bb0 comp rx=0 tx=0).ready entity=mon.0 client_cookie=915e1e2baea75bba server_cookie=0 in_seq=0 out_seq=0
2023-09-23T08:47:29.488 INFO:teuthology.orchestra.run.smithi082.stdout:/usr/bin/ceph: stderr
2023-09-23T08:47:28.753+0000 7ff260a70700 1 -- 172.21.15.82:0/2956391065 <== mon.0 v2:172.21.15.82:3300/0 1 ==== mon_map magic: 0 v1 ==== 205+0+0 (secure 0 0 0) 0x7ff258004160 con 0x7ff25c07ad10
2023-09-23T08:47:29.489 INFO:teuthology.orchestra.run.smithi082.stdout:/usr/bin/ceph: stderr
2023-09-23T08:47:28.753+0000 7ff260a70700 1 -- 172.21.15.82:0/2956391065 <== mon.0 v2:172.21.15.82:3300/0 2 ==== config(25 keys) v1 ==== 1067+0+0 (secure 0 0 0) 0x7ff2580042c0 con 0x7ff25c07ad10
2023-09-23T08:47:29.489 INFO:teuthology.orchestra.run.smithi082.stdout:/usr/bin/ceph: stderr
2023-09-23T08:47:28.753+0000 7ff260a70700 1 -- 172.21.15.82:0/2956391065 <== mon.0 v2:172.21.15.82:3300/0 3 ==== mon_map magic: 0 v1 ==== 205+0+0 (secure 0 0 0) 0x7ff2580118e0 con 0x7ff25c07ad10
2023-09-23T08:47:29.489 INFO:teuthology.orchestra.run.smithi082.stdout:/usr/bin/ceph: stderr
2023-09-23T08:47:28.754+0000 7ff263cd6700 1 -- 172.21.15.82:0/2956391065 >> [v2:172.21.15.82:3300/0,v1:172.21.15.82:6789/0] conn(0x7ff25c07ad10 msgr2=0x7ff25c079170 secure :-1 s=STATE_CONNECTION_ESTABLISHED l=1).mark_down
2023-09-23T08:47:29.489 INFO:teuthology.orchestra.run.smithi082.stdout:/usr/bin/ceph: stderr
2023-09-23T08:47:28.754+0000 7ff263cd6700 1 --2- 172.21.15.82:0/2956391065 >> [v2:172.21.15.82:3300/0,v1:172.21.15.82:6789/0] conn(0x7ff25c07ad10 0x7ff25c079170 secure :-1 s=READY pgs=76 cs=0 l=1 rev1=1 crypto rx=0x7ff2580098a0 tx=0x7ff258009bb0 comp rx=0 tx=0).stop
2023-09-23T08:47:29.489 INFO:teuthology.orchestra.run.smithi082.stdout:/usr/bin/ceph: stderr
2023-09-23T08:47:28.754+0000 7ff263cd6700 1 -- 172.21.15.82:0/2956391065 shutdown_connections
2023-09-23T08:47:29.489 INFO:teuthology.orchestra.run.smithi082.stdout:/usr/bin/ceph: stderr
2023-09-23T08:47:28.754+0000 7ff263cd6700 1 --2- 172.21.15.82:0/2956391065 >> [v2:172.21.15.82:3300/0,v1:172.21.15.82:6789/0] conn(0x7ff25c07ad10 0x7ff25c079170 unknown :-1 s=CLOSED pgs=76 cs=0 l=1 rev1=1 crypto rx=0 tx=0 comp rx=0 tx=0).stop
2023-09-23T08:47:29.489 INFO:teuthology.orchestra.run.smithi082.stdout:/usr/bin/ceph: stderr
2023-09-23T08:47:28.754+0000 7ff263cd6700 1 -- 172.21.15.82:0/2956391065 >> 172.21.15.82:0/2956391065 conn(0x7ff25c1016a0 msgr2=0x7ff25c103ac0 unknown :-1 s=STATE_NONE l=0).mark_down
2023-09-23T08:47:29.489 INFO:teuthology.orchestra.run.smithi082.stdout:/usr/bin/ceph: stderr
2023-09-23T08:47:28.754+0000 7ff263cd6700 1 -- 172.21.15.82:0/2956391065 shutdown_connections
2023-09-23T08:47:29.489 INFO:teuthology.orchestra.run.smithi082.stdout:/usr/bin/ceph: stderr
2023-09-23T08:47:28.754+0000 7ff263cd6700 1 -- 172.21.15.82:0/2956391065 wait complete.
2023-09-23T08:47:29.489 INFO:teuthology.orchestra.run.smithi082.stdout:/usr/bin/ceph: stderr
2023-09-23T08:47:28.755+0000 7ff263cd6700 1 Processor -- start
2023-09-23T08:47:29.489 INFO:teuthology.orchestra.run.smithi082.stdout:/usr/bin/ceph: stderr
2023-09-23T08:47:28.755+0000 7ff263cd6700 1 -- start start
2023-09-23T08:47:29.489 INFO:teuthology.orchestra.run.smithi082.stdout:/usr/bin/ceph: stderr
2023-09-23T08:47:28.756+0000 7ff263cd6700 1 --2- >> [v2:172.21.15.82:3300/0,v1:172.21.15.82:6789/0] conn(0x7ff25c07ad10 0x7ff25c19bf40 unknown :-1 s=NONE pgs=0 cs=0 l=1 rev1=0 crypto rx=0 tx=0 comp rx=0 tx=0).connect
2023-09-23T08:47:29.490 INFO:teuthology.orchestra.run.smithi082.stdout:/usr/bin/ceph: stderr
2023-09-23T08:47:28.756+0000 7ff263cd6700 1 -- --> [v2:172.21.15.82:3300/0,v1:172.21.15.82:6789/0] -- mon_getmap magic: 0 v1 -- 0x7ff25c19c480 con 0x7ff25c07ad10
2023-09-23T08:47:29.490 INFO:teuthology.orchestra.run.smithi082.stdout:/usr/bin/ceph: stderr
2023-09-23T08:47:28.756+0000 7ff261a72700 1 --2- >> [v2:172.21.15.82:3300/0,v1:172.21.15.82:6789/0] conn(0x7ff25c07ad10 0x7ff25c19bf40 unknown :-1 s=BANNER_CONNECTING pgs=0 cs=0 l=1 rev1=0 crypto rx=0 tx=0 comp rx=0 tx=0)._handle_peer_banner_payload supported=3 required=0
2023-09-23T08:47:29.490 INFO:teuthology.orchestra.run.smithi082.stdout:/usr/bin/ceph: stderr
2023-09-23T08:47:28.756+0000 7ff261a72700 1 --2- >> [v2:172.21.15.82:3300/0,v1:172.21.15.82:6789/0] conn(0x7ff25c07ad10 0x7ff25c19bf40 unknown :-1 s=HELLO_CONNECTING pgs=0 cs=0 l=1 rev1=1 crypto rx=0 tx=0 comp rx=0 tx=0).handle_hello peer v2:172.21.15.82:3300/0 says I am v2:172.21.15.82:33442/0 (socket says 172.21.15.82:33442)
2023-09-23T08:47:29.490 INFO:teuthology.orchestra.run.smithi082.stdout:/usr/bin/ceph: stderr
2023-09-23T08:47:28.756+0000 7ff261a72700 1 -- 172.21.15.82:0/245150862 learned_addr learned my addr 172.21.15.82:0/245150862 (peer_addr_for_me v2:172.21.15.82:0/0)
2023-09-23T08:47:29.490 INFO:teuthology.orchestra.run.smithi082.stdout:/usr/bin/ceph: stderr
2023-09-23T08:47:28.756+0000 7ff261a72700 1 -- 172.21.15.82:0/245150862 --> [v2:172.21.15.82:3300/0,v1:172.21.15.82:6789/0] -- mon_subscribe({config=0+,monmap=0+}) v3 -- 0x7ff258009550 con 0x7ff25c07ad10
2023-09-23T08:47:29.490 INFO:teuthology.orchestra.run.smithi082.stdout:/usr/bin/ceph: stderr
2023-09-23T08:47:28.756+0000 7ff261a72700 1 --2- 172.21.15.82:0/245150862 >> [v2:172.21.15.82:3300/0,v1:172.21.15.82:6789/0] conn(0x7ff25c07ad10 0x7ff25c19bf40 secure :-1 s=READY pgs=77 cs=0 l=1 rev1=1 crypto rx=0x7ff258003e30 tx=0x7ff2580119a0 comp rx=0 tx=0).ready entity=mon.0 client_cookie=0 server_cookie=0 in_seq=0 out_seq=0
2023-09-23T08:47:29.490 INFO:teuthology.orchestra.run.smithi082.stdout:/usr/bin/ceph: stderr
2023-09-23T08:47:28.757+0000 7ff252ffd700 1 -- 172.21.15.82:0/245150862 <== mon.0 v2:172.21.15.82:3300/0 1 ==== mon_map magic: 0 v1 ==== 205+0+0 (secure 0 0 0) 0x7ff2580036a0 con 0x7ff25c07ad10
2023-09-23T08:47:29.490 INFO:teuthology.orchestra.run.smithi082.stdout:/usr/bin/ceph: stderr
2023-09-23T08:47:28.757+0000 7ff263cd6700 1 -- 172.21.15.82:0/245150862 --> [v2:172.21.15.82:3300/0,v1:172.21.15.82:6789/0] -- mon_subscribe({mgrmap=0+}) v3 -- 0x7ff25c19c680 con 0x7ff25c07ad10
2023-09-23T08:47:29.490 INFO:teuthology.orchestra.run.smithi082.stdout:/usr/bin/ceph: stderr
2023-09-23T08:47:28.757+0000 7ff252ffd700 1 -- 172.21.15.82:0/245150862 <== mon.0 v2:172.21.15.82:3300/0 2 ==== config(25 keys) v1 ==== 1067+0+0 (secure 0 0 0) 0x7ff25801b440 con 0x7ff25c07ad10
2023-09-23T08:47:29.490 INFO:teuthology.orchestra.run.smithi082.stdout:/usr/bin/ceph: stderr
2023-09-23T08:47:28.757+0000 7ff252ffd700 1 -- 172.21.15.82:0/245150862 <== mon.0 v2:172.21.15.82:3300/0 3 ==== mon_map magic: 0 v1 ==== 205+0+0 (secure 0 0 0) 0x7ff258023400 con 0x7ff25c07ad10
2023-09-23T08:47:29.490 INFO:teuthology.orchestra.run.smithi082.stdout:/usr/bin/ceph: stderr
2023-09-23T08:47:28.757+0000 7ff263cd6700 1 -- 172.21.15.82:0/245150862 --> [v2:172.21.15.82:3300/0,v1:172.21.15.82:6789/0] -- mon_subscribe({osdmap=0}) v3 -- 0x7ff25c19caa0 con 0x7ff25c07ad10
2023-09-23T08:47:29.491 INFO:teuthology.orchestra.run.smithi082.stdout:/usr/bin/ceph: stderr
2023-09-23T08:47:28.758+0000 7ff252ffd700 1 -- 172.21.15.82:0/245150862 <== mon.0 v2:172.21.15.82:3300/0 4 ==== mgrmap(e 13) v1 ==== 45191+0+0 (secure 0 0 0) 0x7ff25801b5b0 con 0x7ff25c07ad10
2023-09-23T08:47:29.491 INFO:teuthology.orchestra.run.smithi082.stdout:/usr/bin/ceph: stderr
2023-09-23T08:47:28.758+0000 7ff263cd6700 1 -- 172.21.15.82:0/245150862 --> [v2:172.21.15.82:3300/0,v1:172.21.15.82:6789/0] -- mon_command({"prefix": "get_command_descriptions"} v 0) v1 -- 0x7ff25c061f50 con 0x7ff25c07ad10
2023-09-23T08:47:29.491 INFO:teuthology.orchestra.run.smithi082.stdout:/usr/bin/ceph: stderr
2023-09-23T08:47:28.758+0000 7ff252ffd700 1 --2- 172.21.15.82:0/245150862 >> [v2:172.21.15.82:6800/3698954311,v1:172.21.15.82:6801/3698954311] conn(0x7ff248038200 0x7ff24803a6c0 unknown :-1 s=NONE pgs=0 cs=0 l=1 rev1=0 crypto rx=0 tx=0 comp rx=0 tx=0).connect
2023-09-23T08:47:29.491 INFO:teuthology.orchestra.run.smithi082.stdout:/usr/bin/ceph: stderr
2023-09-23T08:47:28.758+0000 7ff252ffd700 1 -- 172.21.15.82:0/245150862 <== mon.0 v2:172.21.15.82:3300/0 5 ==== osd_map(3..3 src has 1..3) v4 ==== 1155+0+0 (secure 0 0 0) 0x7ff25804c1b0 con 0x7ff25c07ad10
2023-09-23T08:47:29.491 INFO:teuthology.orchestra.run.smithi082.stdout:/usr/bin/ceph: stderr
2023-09-23T08:47:28.759+0000 7ff261271700 1 --2- 172.21.15.82:0/245150862 >> [v2:172.21.15.82:6800/3698954311,v1:172.21.15.82:6801/3698954311] conn(0x7ff248038200 0x7ff24803a6c0 unknown :-1 s=BANNER_CONNECTING pgs=0 cs=0 l=1 rev1=0 crypto rx=0 tx=0 comp rx=0 tx=0)._handle_peer_banner_payload supported=3 required=0
2023-09-23T08:47:29.491 INFO:teuthology.orchestra.run.smithi082.stdout:/usr/bin/ceph: stderr
2023-09-23T08:47:28.759+0000 7ff261271700 1 --2- 172.21.15.82:0/245150862 >> [v2:172.21.15.82:6800/3698954311,v1:172.21.15.82:6801/3698954311] conn(0x7ff248038200 0x7ff24803a6c0 secure :-1 s=READY pgs=10 cs=0 l=1 rev1=1 crypto rx=0x7ff24c006fd0 tx=0x7ff24c006e40 comp rx=0 tx=0).ready entity=mgr.14152 client_cookie=0 server_cookie=0 in_seq=0 out_seq=0
2023-09-23T08:47:29.491 INFO:teuthology.orchestra.run.smithi082.stdout:/usr/bin/ceph: stderr
2023-09-23T08:47:28.763+0000 7ff252ffd700 1 -- 172.21.15.82:0/245150862 <== mon.0 v2:172.21.15.82:3300/0 6 ==== mon_command_ack([{"prefix": "get_command_descriptions"}]=0 v0) v1 ==== 72+0+179682 (secure 0 0 0) 0x7ff258019840 con 0x7ff25c07ad10
2023-09-23T08:47:29.491 INFO:teuthology.orchestra.run.smithi082.stdout:/usr/bin/ceph: stderr
2023-09-23T08:47:28.963+0000 7ff263cd6700 1 -- 172.21.15.82:0/245150862 --> [v2:172.21.15.82:3300/0,v1:172.21.15.82:6789/0] -- mon_command([{prefix=config set, name=osd_memory_target_autotune}] v 0) v1 -- 0x7ff25c19f4e0 con 0x7ff25c07ad10
2023-09-23T08:47:29.491 INFO:teuthology.orchestra.run.smithi082.stdout:/usr/bin/ceph: stderr
2023-09-23T08:47:28.963+0000 7ff252ffd700 1 -- 172.21.15.82:0/245150862 <== mon.0 v2:172.21.15.82:3300/0 7 ==== mon_command_ack([{prefix=config set, name=osd_memory_target_autotune}]=0 v8)=0 v8) v1 ==== 127+0+0 (secure 0 0 0) 0x7ff258019840 con 0x7ff25c07ad10
2023-09-23T08:47:29.491 INFO:teuthology.orchestra.run.smithi082.stdout:/usr/bin/ceph: stderr
2023-09-23T08:47:28.965+0000 7ff263cd6700 1 -- 172.21.15.82:0/245150862 >> [v2:172.21.15.82:6800/3698954311,v1:172.21.15.82:6801/3698954311] conn(0x7ff248038200 msgr2=0x7ff24803a6c0 secure :-1 s=STATE_CONNECTION_ESTABLISHED l=1).mark_down
2023-09-23T08:47:29.491 INFO:teuthology.orchestra.run.smithi082.stdout:/usr/bin/ceph: stderr
2023-09-23T08:47:28.965+0000 7ff263cd6700 1 --2- 172.21.15.82:0/245150862 >> [v2:172.21.15.82:6800/3698954311,v1:172.21.15.82:6801/3698954311] conn(0x7ff248038200 0x7ff24803a6c0 secure :-1 s=READY pgs=10 cs=0 l=1 rev1=1 crypto rx=0x7ff24c006fd0 tx=0x7ff24c006e40 comp rx=0 tx=0).stop
2023-09-23T08:47:29.492 INFO:teuthology.orchestra.run.smithi082.stdout:/usr/bin/ceph: stderr
2023-09-23T08:47:28.965+0000 7ff263cd6700 1 -- 172.21.15.82:0/245150862 >> [v2:172.21.15.82:3300/0,v1:172.21.15.82:6789/0] conn(0x7ff25c07ad10 msgr2=0x7ff25c19bf40 secure :-1 s=STATE_CONNECTION_ESTABLISHED l=1).mark_down
2023-09-23T08:47:29.492 INFO:teuthology.orchestra.run.smithi082.stdout:/usr/bin/ceph: stderr
2023-09-23T08:47:28.965+0000 7ff263cd6700 1 --2- 172.21.15.82:0/245150862 >> [v2:172.21.15.82:3300/0,v1:172.21.15.82:6789/0] conn(0x7ff25c07ad10 0x7ff25c19bf40 secure :-1 s=READY pgs=77 cs=0 l=1 rev1=1 crypto rx=0x7ff258003e30 tx=0x7ff2580119a0 comp rx=0 tx=0).stop
2023-09-23T08:47:29.492 INFO:teuthology.orchestra.run.smithi082.stdout:/usr/bin/ceph: stderr
2023-09-23T08:47:28.965+0000 7ff263cd6700 1 -- 172.21.15.82:0/245150862 shutdown_connections
2023-09-23T08:47:29.492 INFO:teuthology.orchestra.run.smithi082.stdout:/usr/bin/ceph: stderr
2023-09-23T08:47:28.965+0000 7ff263cd6700 1 --2- 172.21.15.82:0/245150862 >> [v2:172.21.15.82:6800/3698954311,v1:172.21.15.82:6801/3698954311] conn(0x7ff248038200 0x7ff24803a6c0 unknown :-1 s=CLOSED pgs=10 cs=0 l=1 rev1=1 crypto rx=0 tx=0 comp rx=0 tx=0).stop
2023-09-23T08:47:29.492 INFO:teuthology.orchestra.run.smithi082.stdout:/usr/bin/ceph: stderr
2023-09-23T08:47:28.965+0000 7ff263cd6700 1 --2- 172.21.15.82:0/245150862 >> [v2:172.21.15.82:3300/0,v1:172.21.15.82:6789/0] conn(0x7ff25c07ad10 0x7ff25c19bf40 unknown :-1 s=CLOSED pgs=77 cs=0 l=1 rev1=1 crypto rx=0 tx=0 comp rx=0 tx=0).stop
2023-09-23T08:47:29.492 INFO:teuthology.orchestra.run.smithi082.stdout:/usr/bin/ceph: stderr
2023-09-23T08:47:28.966+0000 7ff263cd6700 1 -- 172.21.15.82:0/245150862 >> 172.21.15.82:0/245150862 conn(0x7ff25c1016a0 msgr2=0x7ff25c102470 unknown :-1 s=STATE_NONE l=0).mark_down
2023-09-23T08:47:29.492 INFO:teuthology.orchestra.run.smithi082.stdout:/usr/bin/ceph: stderr
2023-09-23T08:47:28.966+0000 7ff263cd6700 1 -- 172.21.15.82:0/245150862 shutdown_connections
2023-09-23T08:47:29.492 INFO:teuthology.orchestra.run.smithi082.stdout:/usr/bin/ceph: stderr
2023-09-23T08:47:28.966+0000 7ff263cd6700 1 -- 172.21.15.82:0/245150862 wait complete.
2023-09-23T08:47:29.754 INFO:journalctl@ceph.mon.a.smithi082.stdout:Sep 23 08:47:29 smithi082 ceph-mon[97694]: mgrmap e13: x(active, since 6s)
2023-09-23T08:47:30.766 INFO:teuthology.orchestra.run.smithi082.stdout:/usr/bin/ceph: stderr
2023-09-23T08:47:30.018+0000 7f454c699700 1 Processor -- start
2023-09-23T08:47:30.766 INFO:teuthology.orchestra.run.smithi082.stdout:/usr/bin/ceph: stderr
2023-09-23T08:47:30.018+0000 7f454c699700 1 -- start start
2023-09-23T08:47:30.766 INFO:teuthology.orchestra.run.smithi082.stdout:/usr/bin/ceph: stderr
2023-09-23T08:47:30.019+0000 7f454c699700 1 --2- >> [v2:172.21.15.82:3300/0,v1:172.21.15.82:6789/0] conn(0x7f454407ad10 0x7f4544079170 unknown :-1 s=NONE pgs=0 cs=0 l=0 rev1=0 crypto rx=0 tx=0 comp rx=0 tx=0).connect
2023-09-23T08:47:30.766 INFO:teuthology.orchestra.run.smithi082.stdout:/usr/bin/ceph: stderr
2023-09-23T08:47:30.019+0000 7f454c699700 1 -- --> [v2:172.21.15.82:3300/0,v1:172.21.15.82:6789/0] -- mon_getmap magic: 0 v1 -- 0x7f4544079740 con 0x7f454407ad10
2023-09-23T08:47:30.766 INFO:teuthology.orchestra.run.smithi082.stdout:/usr/bin/ceph: stderr
2023-09-23T08:47:30.019+0000 7f454a435700 1 --2- >> [v2:172.21.15.82:3300/0,v1:172.21.15.82:6789/0] conn(0x7f454407ad10 0x7f4544079170 unknown :-1 s=BANNER_CONNECTING pgs=0 cs=0 l=0 rev1=0 crypto rx=0 tx=0 comp rx=0 tx=0)._handle_peer_banner_payload supported=3 required=0
2023-09-23T08:47:30.766 INFO:teuthology.orchestra.run.smithi082.stdout:/usr/bin/ceph: stderr
2023-09-23T08:47:30.019+0000 7f454a435700 1 --2- >> [v2:172.21.15.82:3300/0,v1:172.21.15.82:6789/0] conn(0x7f454407ad10 0x7f4544079170 unknown :-1 s=HELLO_CONNECTING pgs=0 cs=0 l=0 rev1=1 crypto rx=0 tx=0 comp rx=0 tx=0).handle_hello peer v2:172.21.15.82:3300/0 says I am v2:172.21.15.82:33448/0 (socket says 172.21.15.82:33448)
2023-09-23T08:47:30.766 INFO:teuthology.orchestra.run.smithi082.stdout:/usr/bin/ceph: stderr
2023-09-23T08:47:30.019+0000 7f454a435700 1 -- 172.21.15.82:0/3868336346 learned_addr learned my addr 172.21.15.82:0/3868336346 (peer_addr_for_me v2:172.21.15.82:0/0)
2023-09-23T08:47:30.767 INFO:teuthology.orchestra.run.smithi082.stdout:/usr/bin/ceph: stderr
2023-09-23T08:47:30.019+0000 7f454a435700 1 -- 172.21.15.82:0/3868336346 --> [v2:172.21.15.82:3300/0,v1:172.21.15.82:6789/0] -- mon_subscribe({config=0+,monmap=0+}) v3 -- 0x7f4544079880 con 0x7f454407ad10
2023-09-23T08:47:30.767 INFO:teuthology.orchestra.run.smithi082.stdout:/usr/bin/ceph: stderr
2023-09-23T08:47:30.020+0000 7f454a435700 1 --2- 172.21.15.82:0/3868336346 >> [v2:172.21.15.82:3300/0,v1:172.21.15.82:6789/0] conn(0x7f454407ad10 0x7f4544079170 secure :-1 s=READY pgs=78 cs=0 l=1 rev1=1 crypto rx=0x7f45400098a0 tx=0x7f4540009bb0 comp rx=0 tx=0).ready entity=mon.0 client_cookie=e21072d9c38a3964 server_cookie=0 in_seq=0 out_seq=0
2023-09-23T08:47:30.767 INFO:teuthology.orchestra.run.smithi082.stdout:/usr/bin/ceph: stderr
2023-09-23T08:47:30.020+0000 7f4549433700 1 -- 172.21.15.82:0/3868336346 <== mon.0 v2:172.21.15.82:3300/0 1 ==== mon_map magic: 0 v1 ==== 205+0+0 (secure 0 0 0) 0x7f4540004160 con 0x7f454407ad10
2023-09-23T08:47:30.767 INFO:teuthology.orchestra.run.smithi082.stdout:/usr/bin/ceph: stderr
2023-09-23T08:47:30.020+0000 7f4549433700 1 -- 172.21.15.82:0/3868336346 <== mon.0 v2:172.21.15.82:3300/0 2 ==== config(25 keys) v1 ==== 1067+0+0 (secure 0 0 0) 0x7f45400042c0 con 0x7f454407ad10
2023-09-23T08:47:30.767 INFO:teuthology.orchestra.run.smithi082.stdout:/usr/bin/ceph: stderr
2023-09-23T08:47:30.020+0000 7f4549433700 1 -- 172.21.15.82:0/3868336346 <== mon.0 v2:172.21.15.82:3300/0 3 ==== mon_map magic: 0 v1 ==== 205+0+0 (secure 0 0 0) 0x7f45400118e0 con 0x7f454407ad10
2023-09-23T08:47:30.767 INFO:teuthology.orchestra.run.smithi082.stdout:/usr/bin/ceph: stderr
2023-09-23T08:47:30.020+0000 7f454c699700 1 -- 172.21.15.82:0/3868336346 >> [v2:172.21.15.82:3300/0,v1:172.21.15.82:6789/0] conn(0x7f454407ad10 msgr2=0x7f4544079170 secure :-1 s=STATE_CONNECTION_ESTABLISHED l=1).mark_down
2023-09-23T08:47:30.767 INFO:teuthology.orchestra.run.smithi082.stdout:/usr/bin/ceph: stderr
2023-09-23T08:47:30.020+0000 7f454c699700 1 --2- 172.21.15.82:0/3868336346 >> [v2:172.21.15.82:3300/0,v1:172.21.15.82:6789/0] conn(0x7f454407ad10 0x7f4544079170 secure :-1 s=READY pgs=78 cs=0 l=1 rev1=1 crypto rx=0x7f45400098a0 tx=0x7f4540009bb0 comp rx=0 tx=0).stop
2023-09-23T08:47:30.767 INFO:teuthology.orchestra.run.smithi082.stdout:/usr/bin/ceph: stderr
2023-09-23T08:47:30.021+0000 7f454c699700 1 -- 172.21.15.82:0/3868336346 shutdown_connections
