2023-09-23T08:46:45.730+0000 7f5b09dda700 1 -- 172.21.15.82:0/3901779887 shutdown_connections
2023-09-23T08:46:47.146 INFO:teuthology.orchestra.run.smithi082.stdout:/usr/bin/ceph: stderr
2023-09-23T08:46:45.730+0000 7f5b09dda700 1 --2- 172.21.15.82:0/3901779887 >> [v2:172.21.15.82:3300/0,v1:172.21.15.82:6789/0] conn(0x7f5b0407ad30 0x7f5b04079190 unknown :-1 s=CLOSED pgs=22 cs=0 l=1 rev1=1 crypto rx=0 tx=0 comp rx=0 tx=0).stop
2023-09-23T08:46:47.146 INFO:teuthology.orchestra.run.smithi082.stdout:/usr/bin/ceph: stderr
2023-09-23T08:46:45.730+0000 7f5b09dda700 1 -- 172.21.15.82:0/3901779887 >> 172.21.15.82:0/3901779887 conn(0x7f5b041016a0 msgr2=0x7f5b04103ac0 unknown :-1 s=STATE_NONE l=0).mark_down
2023-09-23T08:46:47.146 INFO:teuthology.orchestra.run.smithi082.stdout:/usr/bin/ceph: stderr
2023-09-23T08:46:45.730+0000 7f5b09dda700 1 -- 172.21.15.82:0/3901779887 shutdown_connections
2023-09-23T08:46:47.146 INFO:teuthology.orchestra.run.smithi082.stdout:/usr/bin/ceph: stderr
2023-09-23T08:46:45.731+0000 7f5b09dda700 1 -- 172.21.15.82:0/3901779887 wait complete.
2023-09-23T08:46:47.146 INFO:teuthology.orchestra.run.smithi082.stdout:/usr/bin/ceph: stderr
2023-09-23T08:46:45.731+0000 7f5b09dda700 1 Processor -- start
2023-09-23T08:46:47.146 INFO:teuthology.orchestra.run.smithi082.stdout:/usr/bin/ceph: stderr
2023-09-23T08:46:45.732+0000 7f5b09dda700 1 -- start start
2023-09-23T08:46:47.146 INFO:teuthology.orchestra.run.smithi082.stdout:/usr/bin/ceph: stderr
2023-09-23T08:46:45.732+0000 7f5b09dda700 1 --2- >> [v2:172.21.15.82:3300/0,v1:172.21.15.82:6789/0] conn(0x7f5b0407ad30 0x7f5b0419bee0 unknown :-1 s=NONE pgs=0 cs=0 l=1 rev1=0 crypto rx=0 tx=0 comp rx=0 tx=0).connect
2023-09-23T08:46:47.147 INFO:teuthology.orchestra.run.smithi082.stdout:/usr/bin/ceph: stderr
2023-09-23T08:46:45.732+0000 7f5b09dda700 1 -- --> [v2:172.21.15.82:3300/0,v1:172.21.15.82:6789/0] -- mon_getmap magic: 0 v1 -- 0x7f5b0419c420 con 0x7f5b0407ad30
2023-09-23T08:46:47.147 INFO:teuthology.orchestra.run.smithi082.stdout:/usr/bin/ceph: stderr
2023-09-23T08:46:45.732+0000 7f5b037fe700 1 --2- >> [v2:172.21.15.82:3300/0,v1:172.21.15.82:6789/0] conn(0x7f5b0407ad30 0x7f5b0419bee0 unknown :-1 s=BANNER_CONNECTING pgs=0 cs=0 l=1 rev1=0 crypto rx=0 tx=0 comp rx=0 tx=0)._handle_peer_banner_payload supported=3 required=0
2023-09-23T08:46:47.147 INFO:teuthology.orchestra.run.smithi082.stdout:/usr/bin/ceph: stderr
2023-09-23T08:46:45.732+0000 7f5b037fe700 1 --2- >> [v2:172.21.15.82:3300/0,v1:172.21.15.82:6789/0] conn(0x7f5b0407ad30 0x7f5b0419bee0 unknown :-1 s=HELLO_CONNECTING pgs=0 cs=0 l=1 rev1=1 crypto rx=0 tx=0 comp rx=0 tx=0).handle_hello peer v2:172.21.15.82:3300/0 says I am v2:172.21.15.82:32914/0 (socket says 172.21.15.82:32914)
2023-09-23T08:46:47.147 INFO:teuthology.orchestra.run.smithi082.stdout:/usr/bin/ceph: stderr
2023-09-23T08:46:45.732+0000 7f5b037fe700 1 -- 172.21.15.82:0/2302662600 learned_addr learned my addr 172.21.15.82:0/2302662600 (peer_addr_for_me v2:172.21.15.82:0/0)
2023-09-23T08:46:47.147 INFO:teuthology.orchestra.run.smithi082.stdout:/usr/bin/ceph: stderr
2023-09-23T08:46:45.732+0000 7f5b037fe700 1 -- 172.21.15.82:0/2302662600 --> [v2:172.21.15.82:3300/0,v1:172.21.15.82:6789/0] -- mon_subscribe({config=0+,monmap=0+}) v3 -- 0x7f5af4009550 con 0x7f5b0407ad30
2023-09-23T08:46:47.147 INFO:teuthology.orchestra.run.smithi082.stdout:/usr/bin/ceph: stderr
2023-09-23T08:46:45.733+0000 7f5b037fe700 1 --2- 172.21.15.82:0/2302662600 >> [v2:172.21.15.82:3300/0,v1:172.21.15.82:6789/0] conn(0x7f5b0407ad30 0x7f5b0419bee0 secure :-1 s=READY pgs=23 cs=0 l=1 rev1=1 crypto rx=0x7f5af4000c00 tx=0x7f5af4011e70 comp rx=0 tx=0).ready entity=mon.0 client_cookie=0 server_cookie=0 in_seq=0 out_seq=0
2023-09-23T08:46:47.147 INFO:teuthology.orchestra.run.smithi082.stdout:/usr/bin/ceph: stderr
2023-09-23T08:46:45.733+0000 7f5b00ff9700 1 -- 172.21.15.82:0/2302662600 <== mon.0 v2:172.21.15.82:3300/0 1 ==== mon_map magic: 0 v1 ==== 205+0+0 (secure 0 0 0) 0x7f5af40036a0 con 0x7f5b0407ad30
2023-09-23T08:46:47.147 INFO:teuthology.orchestra.run.smithi082.stdout:/usr/bin/ceph: stderr
2023-09-23T08:46:45.733+0000 7f5b00ff9700 1 -- 172.21.15.82:0/2302662600 <== mon.0 v2:172.21.15.82:3300/0 2 ==== config(25 keys) v1 ==== 1036+0+0 (secure 0 0 0) 0x7f5af4003c70 con 0x7f5b0407ad30
2023-09-23T08:46:47.147 INFO:teuthology.orchestra.run.smithi082.stdout:/usr/bin/ceph: stderr
2023-09-23T08:46:45.733+0000 7f5b09dda700 1 -- 172.21.15.82:0/2302662600 --> [v2:172.21.15.82:3300/0,v1:172.21.15.82:6789/0] -- mon_subscribe({mgrmap=0+}) v3 -- 0x7f5b0419c620 con 0x7f5b0407ad30
2023-09-23T08:46:47.147 INFO:teuthology.orchestra.run.smithi082.stdout:/usr/bin/ceph: stderr
2023-09-23T08:46:45.733+0000 7f5b00ff9700 1 -- 172.21.15.82:0/2302662600 <== mon.0 v2:172.21.15.82:3300/0 3 ==== mon_map magic: 0 v1 ==== 205+0+0 (secure 0 0 0) 0x7f5af40193f0 con 0x7f5b0407ad30
2023-09-23T08:46:47.147 INFO:teuthology.orchestra.run.smithi082.stdout:/usr/bin/ceph: stderr
2023-09-23T08:46:45.733+0000 7f5b09dda700 1 -- 172.21.15.82:0/2302662600 --> [v2:172.21.15.82:3300/0,v1:172.21.15.82:6789/0] -- mon_subscribe({osdmap=0}) v3 -- 0x7f5b0419ca40 con 0x7f5b0407ad30
2023-09-23T08:46:47.148 INFO:teuthology.orchestra.run.smithi082.stdout:/usr/bin/ceph: stderr
2023-09-23T08:46:45.734+0000 7f5b00ff9700 1 -- 172.21.15.82:0/2302662600 <== mon.0 v2:172.21.15.82:3300/0 4 ==== mgrmap(e 4) v1 ==== 45124+0+0 (secure 0 0 0) 0x7f5af4003800 con 0x7f5b0407ad30
2023-09-23T08:46:47.148 INFO:teuthology.orchestra.run.smithi082.stdout:/usr/bin/ceph: stderr
2023-09-23T08:46:45.734+0000 7f5b09dda700 1 -- 172.21.15.82:0/2302662600 --> [v2:172.21.15.82:3300/0,v1:172.21.15.82:6789/0] -- mon_command({"prefix": "get_command_descriptions"} v 0) v1 -- 0x7f5b04061f50 con 0x7f5b0407ad30
2023-09-23T08:46:47.148 INFO:teuthology.orchestra.run.smithi082.stdout:/usr/bin/ceph: stderr
2023-09-23T08:46:45.735+0000 7f5b00ff9700 1 --2- 172.21.15.82:0/2302662600 >> [v2:172.21.15.82:6800/3761509623,v1:172.21.15.82:6801/3761509623] conn(0x7f5aec038110 0x7f5aec03a5d0 unknown :-1 s=NONE pgs=0 cs=0 l=1 rev1=0 crypto rx=0 tx=0 comp rx=0 tx=0).connect
2023-09-23T08:46:47.148 INFO:teuthology.orchestra.run.smithi082.stdout:/usr/bin/ceph: stderr
2023-09-23T08:46:45.735+0000 7f5b00ff9700 1 -- 172.21.15.82:0/2302662600 <== mon.0 v2:172.21.15.82:3300/0 5 ==== osd_map(1..1 src has 1..1) v4 ==== 725+0+0 (secure 0 0 0) 0x7f5af404bd30 con 0x7f5b0407ad30
2023-09-23T08:46:47.148 INFO:teuthology.orchestra.run.smithi082.stdout:/usr/bin/ceph: stderr
2023-09-23T08:46:45.735+0000 7f5b02ffd700 1 --2- 172.21.15.82:0/2302662600 >> [v2:172.21.15.82:6800/3761509623,v1:172.21.15.82:6801/3761509623] conn(0x7f5aec038110 0x7f5aec03a5d0 unknown :-1 s=BANNER_CONNECTING pgs=0 cs=0 l=1 rev1=0 crypto rx=0 tx=0 comp rx=0 tx=0)._handle_peer_banner_payload supported=3 required=0
2023-09-23T08:46:47.148 INFO:teuthology.orchestra.run.smithi082.stdout:/usr/bin/ceph: stderr
2023-09-23T08:46:45.735+0000 7f5b02ffd700 1 --2- 172.21.15.82:0/2302662600 >> [v2:172.21.15.82:6800/3761509623,v1:172.21.15.82:6801/3761509623] conn(0x7f5aec038110 0x7f5aec03a5d0 secure :-1 s=READY pgs=8 cs=0 l=1 rev1=1 crypto rx=0x7f5af8006fd0 tx=0x7f5af8006e40 comp rx=0 tx=0).ready entity=mgr.14100 client_cookie=0 server_cookie=0 in_seq=0 out_seq=0
2023-09-23T08:46:47.148 INFO:teuthology.orchestra.run.smithi082.stdout:/usr/bin/ceph: stderr
2023-09-23T08:46:45.739+0000 7f5b00ff9700 1 -- 172.21.15.82:0/2302662600 <== mon.0 v2:172.21.15.82:3300/0 6 ==== mon_command_ack([{"prefix": "get_command_descriptions"}]=0 v0) v1 ==== 72+0+179682 (secure 0 0 0) 0x7f5af401b440 con 0x7f5b0407ad30
2023-09-23T08:46:47.148 INFO:teuthology.orchestra.run.smithi082.stdout:/usr/bin/ceph: stderr
2023-09-23T08:46:45.993+0000 7f5b09dda700 1 -- 172.21.15.82:0/2302662600 --> [v2:172.21.15.82:3300/0,v1:172.21.15.82:6789/0] -- mon_command({"prefix": "mgr module enable", "module": "cephadm"} v 0) v1 -- 0x7f5b0410c450 con 0x7f5b0407ad30
2023-09-23T08:46:47.148 INFO:teuthology.orchestra.run.smithi082.stdout:/usr/bin/ceph: stderr
2023-09-23T08:46:46.678+0000 7f5b00ff9700 1 -- 172.21.15.82:0/2302662600 <== mon.0 v2:172.21.15.82:3300/0 7 ==== mgrmap(e 5) v1 ==== 45135+0+0 (secure 0 0 0) 0x7f5af400fda0 con 0x7f5b0407ad30
2023-09-23T08:46:47.148 INFO:teuthology.orchestra.run.smithi082.stdout:/usr/bin/ceph: stderr
2023-09-23T08:46:46.680+0000 7f5b00ff9700 1 -- 172.21.15.82:0/2302662600 <== mon.0 v2:172.21.15.82:3300/0 8 ==== mon_command_ack([{"prefix": "mgr module enable", "module": "cephadm"}]=0 v5) v1 ==== 86+0+0 (secure 0 0 0) 0x7f5af404b750 con 0x7f5b0407ad30
2023-09-23T08:46:47.148 INFO:teuthology.orchestra.run.smithi082.stdout:/usr/bin/ceph: stderr
2023-09-23T08:46:46.682+0000 7f5b09dda700 1 -- 172.21.15.82:0/2302662600 >> [v2:172.21.15.82:6800/3761509623,v1:172.21.15.82:6801/3761509623] conn(0x7f5aec038110 msgr2=0x7f5aec03a5d0 secure :-1 s=STATE_CONNECTION_ESTABLISHED l=1).mark_down
2023-09-23T08:46:47.149 INFO:teuthology.orchestra.run.smithi082.stdout:/usr/bin/ceph: stderr
2023-09-23T08:46:46.682+0000 7f5b09dda700 1 --2- 172.21.15.82:0/2302662600 >> [v2:172.21.15.82:6800/3761509623,v1:172.21.15.82:6801/3761509623] conn(0x7f5aec038110 0x7f5aec03a5d0 secure :-1 s=READY pgs=8 cs=0 l=1 rev1=1 crypto rx=0x7f5af8006fd0 tx=0x7f5af8006e40 comp rx=0 tx=0).stop
2023-09-23T08:46:47.149 INFO:teuthology.orchestra.run.smithi082.stdout:/usr/bin/ceph: stderr
2023-09-23T08:46:46.682+0000 7f5b09dda700 1 -- 172.21.15.82:0/2302662600 >> [v2:172.21.15.82:3300/0,v1:172.21.15.82:6789/0] conn(0x7f5b0407ad30 msgr2=0x7f5b0419bee0 secure :-1 s=STATE_CONNECTION_ESTABLISHED l=1).mark_down
2023-09-23T08:46:47.149 INFO:teuthology.orchestra.run.smithi082.stdout:/usr/bin/ceph: stderr
2023-09-23T08:46:46.682+0000 7f5b09dda700 1 --2- 172.21.15.82:0/2302662600 >> [v2:172.21.15.82:3300/0,v1:172.21.15.82:6789/0] conn(0x7f5b0407ad30 0x7f5b0419bee0 secure :-1 s=READY pgs=23 cs=0 l=1 rev1=1 crypto rx=0x7f5af4000c00 tx=0x7f5af4011e70 comp rx=0 tx=0).stop
2023-09-23T08:46:47.149 INFO:teuthology.orchestra.run.smithi082.stdout:/usr/bin/ceph: stderr
2023-09-23T08:46:46.682+0000 7f5b09dda700 1 -- 172.21.15.82:0/2302662600 shutdown_connections
2023-09-23T08:46:47.149 INFO:teuthology.orchestra.run.smithi082.stdout:/usr/bin/ceph: stderr
2023-09-23T08:46:46.682+0000 7f5b09dda700 1 --2- 172.21.15.82:0/2302662600 >> [v2:172.21.15.82:6800/3761509623,v1:172.21.15.82:6801/3761509623] conn(0x7f5aec038110 0x7f5aec03a5d0 unknown :-1 s=CLOSED pgs=8 cs=0 l=1 rev1=1 crypto rx=0 tx=0 comp rx=0 tx=0).stop
2023-09-23T08:46:47.149 INFO:teuthology.orchestra.run.smithi082.stdout:/usr/bin/ceph: stderr
2023-09-23T08:46:46.682+0000 7f5b09dda700 1 --2- 172.21.15.82:0/2302662600 >> [v2:172.21.15.82:3300/0,v1:172.21.15.82:6789/0] conn(0x7f5b0407ad30 0x7f5b0419bee0 unknown :-1 s=CLOSED pgs=23 cs=0 l=1 rev1=1 crypto rx=0 tx=0 comp rx=0 tx=0).stop
2023-09-23T08:46:47.149 INFO:teuthology.orchestra.run.smithi082.stdout:/usr/bin/ceph: stderr
2023-09-23T08:46:46.682+0000 7f5b09dda700 1 -- 172.21.15.82:0/2302662600 >> 172.21.15.82:0/2302662600 conn(0x7f5b041016a0 msgr2=0x7f5b04102430 unknown :-1 s=STATE_NONE l=0).mark_down
2023-09-23T08:46:47.149 INFO:teuthology.orchestra.run.smithi082.stdout:/usr/bin/ceph: stderr
2023-09-23T08:46:46.682+0000 7f5b09dda700 1 -- 172.21.15.82:0/2302662600 shutdown_connections
2023-09-23T08:46:47.149 INFO:teuthology.orchestra.run.smithi082.stdout:/usr/bin/ceph: stderr
2023-09-23T08:46:46.682+0000 7f5b09dda700 1 -- 172.21.15.82:0/2302662600 wait complete.
2023-09-23T08:46:47.292 INFO:journalctl@ceph.mgr.x.smithi082.stdout:Sep 23 08:46:46 smithi082 ceph-8926e286-59ed-11ee-8db4-212e2dc638e7-mgr-x[97940]:
2023-09-23T08:46:46.937+0000 7f19fb317200 -1 mgr[py] Module devicehealth has missing NOTIFY_TYPES member
2023-09-23T08:46:47.293 INFO:journalctl@ceph.mgr.x.smithi082.stdout:Sep 23 08:46:47 smithi082 ceph-8926e286-59ed-11ee-8db4-212e2dc638e7-mgr-x[97940]:
2023-09-23T08:46:47.042+0000 7f19fb317200 -1 mgr[py] Module osd_support has missing NOTIFY_TYPES member
2023-09-23T08:46:47.293 INFO:journalctl@ceph.mgr.x.smithi082.stdout:Sep 23 08:46:47 smithi082 ceph-8926e286-59ed-11ee-8db4-212e2dc638e7-mgr-x[97940]:
2023-09-23T08:46:47.163+0000 7f19fb317200 -1 mgr[py] Module snap_schedule has missing NOTIFY_TYPES member
2023-09-23T08:46:47.621 INFO:journalctl@ceph.mgr.x.smithi082.stdout:Sep 23 08:46:47 smithi082 ceph-8926e286-59ed-11ee-8db4-212e2dc638e7-mgr-x[97940]:
2023-09-23T08:46:47.289+0000 7f19fb317200 -1 mgr[py] Module zabbix has missing NOTIFY_TYPES member
2023-09-23T08:46:47.621 INFO:journalctl@ceph.mgr.x.smithi082.stdout:Sep 23 08:46:47 smithi082 ceph-8926e286-59ed-11ee-8db4-212e2dc638e7-mgr-x[97940]:
2023-09-23T08:46:47.531+0000 7f19fb317200 -1 mgr[py] Module crash has missing NOTIFY_TYPES member
2023-09-23T08:46:48.012 INFO:journalctl@ceph.mon.a.smithi082.stdout:Sep 23 08:46:47 smithi082 ceph-mon[97694]: from='client.? 172.21.15.82:0/2302662600' entity='client.admin' cmd='[{"prefix": "mgr module enable", "module": "cephadm"}]': finished
2023-09-23T08:46:48.012 INFO:journalctl@ceph.mon.a.smithi082.stdout:Sep 23 08:46:47 smithi082 ceph-mon[97694]: mgrmap e5: x(active, since 5s)
2023-09-23T08:46:48.306 INFO:journalctl@ceph.mgr.x.smithi082.stdout:Sep 23 08:46:48 smithi082 ceph-8926e286-59ed-11ee-8db4-212e2dc638e7-mgr-x[97940]:
2023-09-23T08:46:48.012+0000 7f19fb317200 -1 mgr[py] Module prometheus has missing NOTIFY_TYPES member
2023-09-23T08:46:48.306 INFO:journalctl@ceph.mgr.x.smithi082.stdout:Sep 23 08:46:48 smithi082 ceph-8926e286-59ed-11ee-8db4-212e2dc638e7-mgr-x[97940]:
2023-09-23T08:46:48.184+0000 7f19fb317200 -1 mgr[py] Module status has missing NOTIFY_TYPES member
2023-09-23T08:46:48.306 INFO:journalctl@ceph.mgr.x.smithi082.stdout:Sep 23 08:46:48 smithi082 ceph-8926e286-59ed-11ee-8db4-212e2dc638e7-mgr-x[97940]:
2023-09-23T08:46:48.303+0000 7f19fb317200 -1 mgr[py] Module selftest has missing NOTIFY_TYPES member
2023-09-23T08:46:48.620 INFO:journalctl@ceph.mgr.x.smithi082.stdout:Sep 23 08:46:48 smithi082 ceph-8926e286-59ed-11ee-8db4-212e2dc638e7-mgr-x[97940]:
2023-09-23T08:46:48.430+0000 7f19fb317200 -1 mgr[py] Module alerts has missing NOTIFY_TYPES member
2023-09-23T08:46:48.828 INFO:teuthology.orchestra.run.smithi082.stdout:/usr/bin/ceph: stdout {
2023-09-23T08:46:48.828 INFO:teuthology.orchestra.run.smithi082.stdout:/usr/bin/ceph: stdout "epoch": 5,
2023-09-23T08:46:48.828 INFO:teuthology.orchestra.run.smithi082.stdout:/usr/bin/ceph: stdout "available": true,
2023-09-23T08:46:48.828 INFO:teuthology.orchestra.run.smithi082.stdout:/usr/bin/ceph: stdout "active_name": "x",
2023-09-23T08:46:48.829 INFO:teuthology.orchestra.run.smithi082.stdout:/usr/bin/ceph: stdout "num_standby": 0
2023-09-23T08:46:48.829 INFO:teuthology.orchestra.run.smithi082.stdout:/usr/bin/ceph: stdout }
2023-09-23T08:46:48.829 INFO:teuthology.orchestra.run.smithi082.stdout:/usr/bin/ceph: stderr
2023-09-23T08:46:47.698+0000 7fcf2bc6c700 1 Processor -- start
2023-09-23T08:46:48.829 INFO:teuthology.orchestra.run.smithi082.stdout:/usr/bin/ceph: stderr
2023-09-23T08:46:47.698+0000 7fcf2bc6c700 1 -- start start
2023-09-23T08:46:48.829 INFO:teuthology.orchestra.run.smithi082.stdout:/usr/bin/ceph: stderr
2023-09-23T08:46:47.699+0000 7fcf2bc6c700 1 --2- >> [v2:172.21.15.82:3300/0,v1:172.21.15.82:6789/0] conn(0x7fcf241060d0 0x7fcf241064f0 unknown :-1 s=NONE pgs=0 cs=0 l=0 rev1=0 crypto rx=0 tx=0 comp rx=0 tx=0).connect
2023-09-23T08:46:48.829 INFO:teuthology.orchestra.run.smithi082.stdout:/usr/bin/ceph: stderr
2023-09-23T08:46:47.699+0000 7fcf2bc6c700 1 -- --> [v2:172.21.15.82:3300/0,v1:172.21.15.82:6789/0] -- mon_getmap magic: 0 v1 -- 0x7fcf24106ac0 con 0x7fcf241060d0
2023-09-23T08:46:48.829 INFO:teuthology.orchestra.run.smithi082.stdout:/usr/bin/ceph: stderr
2023-09-23T08:46:47.699+0000 7fcf29a08700 1 --2- >> [v2:172.21.15.82:3300/0,v1:172.21.15.82:6789/0] conn(0x7fcf241060d0 0x7fcf241064f0 unknown :-1 s=BANNER_CONNECTING pgs=0 cs=0 l=0 rev1=0 crypto rx=0 tx=0 comp rx=0 tx=0)._handle_peer_banner_payload supported=3 required=0
2023-09-23T08:46:48.829 INFO:teuthology.orchestra.run.smithi082.stdout:/usr/bin/ceph: stderr
2023-09-23T08:46:47.699+0000 7fcf29a08700 1 --2- >> [v2:172.21.15.82:3300/0,v1:172.21.15.82:6789/0] conn(0x7fcf241060d0 0x7fcf241064f0 unknown :-1 s=HELLO_CONNECTING pgs=0 cs=0 l=0 rev1=1 crypto rx=0 tx=0 comp rx=0 tx=0).handle_hello peer v2:172.21.15.82:3300/0 says I am v2:172.21.15.82:32948/0 (socket says 172.21.15.82:32948)
2023-09-23T08:46:48.829 INFO:teuthology.orchestra.run.smithi082.stdout:/usr/bin/ceph: stderr
2023-09-23T08:46:47.699+0000 7fcf29a08700 1 -- 172.21.15.82:0/3155753270 learned_addr learned my addr 172.21.15.82:0/3155753270 (peer_addr_for_me v2:172.21.15.82:0/0)
2023-09-23T08:46:48.829 INFO:teuthology.orchestra.run.smithi082.stdout:/usr/bin/ceph: stderr
2023-09-23T08:46:47.699+0000 7fcf29a08700 1 -- 172.21.15.82:0/3155753270 --> [v2:172.21.15.82:3300/0,v1:172.21.15.82:6789/0] -- mon_subscribe({config=0+,monmap=0+}) v3 -- 0x7fcf241072d0 con 0x7fcf241060d0
2023-09-23T08:46:48.830 INFO:teuthology.orchestra.run.smithi082.stdout:/usr/bin/ceph: stderr
2023-09-23T08:46:47.700+0000 7fcf29a08700 1 --2- 172.21.15.82:0/3155753270 >> [v2:172.21.15.82:3300/0,v1:172.21.15.82:6789/0] conn(0x7fcf241060d0 0x7fcf241064f0 secure :-1 s=READY pgs=26 cs=0 l=1 rev1=1 crypto rx=0x7fcf200098a0 tx=0x7fcf20009bb0 comp rx=0 tx=0).ready entity=mon.0 client_cookie=89a98b500d4e8de0 server_cookie=0 in_seq=0 out_seq=0
2023-09-23T08:46:48.830 INFO:teuthology.orchestra.run.smithi082.stdout:/usr/bin/ceph: stderr
2023-09-23T08:46:47.700+0000 7fcf28a06700 1 -- 172.21.15.82:0/3155753270 <== mon.0 v2:172.21.15.82:3300/0 1 ==== mon_map magic: 0 v1 ==== 205+0+0 (secure 0 0 0) 0x7fcf20004160 con 0x7fcf241060d0
2023-09-23T08:46:48.830 INFO:teuthology.orchestra.run.smithi082.stdout:/usr/bin/ceph: stderr
2023-09-23T08:46:47.700+0000 7fcf28a06700 1 -- 172.21.15.82:0/3155753270 <== mon.0 v2:172.21.15.82:3300/0 2 ==== config(25 keys) v1 ==== 1036+0+0 (secure 0 0 0) 0x7fcf200042c0 con 0x7fcf241060d0
2023-09-23T08:46:48.830 INFO:teuthology.orchestra.run.smithi082.stdout:/usr/bin/ceph: stderr
2023-09-23T08:46:47.700+0000 7fcf28a06700 1 -- 172.21.15.82:0/3155753270 <== mon.0 v2:172.21.15.82:3300/0 3 ==== mon_map magic: 0 v1 ==== 205+0+0 (secure 0 0 0) 0x7fcf20011940 con 0x7fcf241060d0
2023-09-23T08:46:48.830 INFO:teuthology.orchestra.run.smithi082.stdout:/usr/bin/ceph: stderr
2023-09-23T08:46:47.700+0000 7fcf2bc6c700 1 -- 172.21.15.82:0/3155753270 >> [v2:172.21.15.82:3300/0,v1:172.21.15.82:6789/0] conn(0x7fcf241060d0 msgr2=0x7fcf241064f0 secure :-1 s=STATE_CONNECTION_ESTABLISHED l=1).mark_down
2023-09-23T08:46:48.830 INFO:teuthology.orchestra.run.smithi082.stdout:/usr/bin/ceph: stderr
2023-09-23T08:46:47.700+0000 7fcf2bc6c700 1 --2- 172.21.15.82:0/3155753270 >> [v2:172.21.15.82:3300/0,v1:172.21.15.82:6789/0] conn(0x7fcf241060d0 0x7fcf241064f0 secure :-1 s=READY pgs=26 cs=0 l=1 rev1=1 crypto rx=0x7fcf200098a0 tx=0x7fcf20009bb0 comp rx=0 tx=0).stop
2023-09-23T08:46:48.830 INFO:teuthology.orchestra.run.smithi082.stdout:/usr/bin/ceph: stderr
2023-09-23T08:46:47.701+0000 7fcf2bc6c700 1 -- 172.21.15.82:0/3155753270 shutdown_connections
2023-09-23T08:46:48.830 INFO:teuthology.orchestra.run.smithi082.stdout:/usr/bin/ceph: stderr
2023-09-23T08:46:47.701+0000 7fcf2bc6c700 1 --2- 172.21.15.82:0/3155753270 >> [v2:172.21.15.82:3300/0,v1:172.21.15.82:6789/0] conn(0x7fcf241060d0 0x7fcf241064f0 unknown :-1 s=CLOSED pgs=26 cs=0 l=1 rev1=1 crypto rx=0 tx=0 comp rx=0 tx=0).stop
2023-09-23T08:46:48.830 INFO:teuthology.orchestra.run.smithi082.stdout:/usr/bin/ceph: stderr
2023-09-23T08:46:47.701+0000 7fcf2bc6c700 1 -- 172.21.15.82:0/3155753270 >> 172.21.15.82:0/3155753270 conn(0x7fcf241016b0 msgr2=0x7fcf24103ad0 unknown :-1 s=STATE_NONE l=0).mark_down
2023-09-23T08:46:48.830 INFO:teuthology.orchestra.run.smithi082.stdout:/usr/bin/ceph: stderr
2023-09-23T08:46:47.701+0000 7fcf2bc6c700 1 -- 172.21.15.82:0/3155753270 shutdown_connections
2023-09-23T08:46:48.831 INFO:teuthology.orchestra.run.smithi082.stdout:/usr/bin/ceph: stderr
2023-09-23T08:46:47.701+0000 7fcf2bc6c700 1 -- 172.21.15.82:0/3155753270 wait complete.
2023-09-23T08:46:48.831 INFO:teuthology.orchestra.run.smithi082.stdout:/usr/bin/ceph: stderr
2023-09-23T08:46:47.702+0000 7fcf2bc6c700 1 Processor -- start
2023-09-23T08:46:48.831 INFO:teuthology.orchestra.run.smithi082.stdout:/usr/bin/ceph: stderr
2023-09-23T08:46:47.702+0000 7fcf2bc6c700 1 -- start start
2023-09-23T08:46:48.831 INFO:teuthology.orchestra.run.smithi082.stdout:/usr/bin/ceph: stderr
2023-09-23T08:46:47.702+0000 7fcf2bc6c700 1 --2- >> [v2:172.21.15.82:3300/0,v1:172.21.15.82:6789/0] conn(0x7fcf241060d0 0x7fcf24199d10 unknown :-1 s=NONE pgs=0 cs=0 l=1 rev1=0 crypto rx=0 tx=0 comp rx=0 tx=0).connect
2023-09-23T08:46:48.831 INFO:teuthology.orchestra.run.smithi082.stdout:/usr/bin/ceph: stderr
2023-09-23T08:46:47.702+0000 7fcf2bc6c700 1 -- --> [v2:172.21.15.82:3300/0,v1:172.21.15.82:6789/0] -- mon_getmap magic: 0 v1 -- 0x7fcf2419a250 con 0x7fcf241060d0
2023-09-23T08:46:48.831 INFO:teuthology.orchestra.run.smithi082.stdout:/usr/bin/ceph: stderr
2023-09-23T08:46:47.703+0000 7fcf29a08700 1 --2- >> [v2:172.21.15.82:3300/0,v1:172.21.15.82:6789/0] conn(0x7fcf241060d0 0x7fcf24199d10 unknown :-1 s=BANNER_CONNECTING pgs=0 cs=0 l=1 rev1=0 crypto rx=0 tx=0 comp rx=0 tx=0)._handle_peer_banner_payload supported=3 required=0
2023-09-23T08:46:48.831 INFO:teuthology.orchestra.run.smithi082.stdout:/usr/bin/ceph: stderr
2023-09-23T08:46:47.703+0000 7fcf29a08700 1 --2- >> [v2:172.21.15.82:3300/0,v1:172.21.15.82:6789/0] conn(0x7fcf241060d0 0x7fcf24199d10 unknown :-1 s=HELLO_CONNECTING pgs=0 cs=0 l=1 rev1=1 crypto rx=0 tx=0 comp rx=0 tx=0).handle_hello peer v2:172.21.15.82:3300/0 says I am v2:172.21.15.82:32960/0 (socket says 172.21.15.82:32960)
2023-09-23T08:46:48.831 INFO:teuthology.orchestra.run.smithi082.stdout:/usr/bin/ceph: stderr
2023-09-23T08:46:47.703+0000 7fcf29a08700 1 -- 172.21.15.82:0/122712446 learned_addr learned my addr 172.21.15.82:0/122712446 (peer_addr_for_me v2:172.21.15.82:0/0)
2023-09-23T08:46:48.831 INFO:teuthology.orchestra.run.smithi082.stdout:/usr/bin/ceph: stderr
2023-09-23T08:46:47.703+0000 7fcf29a08700 1 -- 172.21.15.82:0/122712446 --> [v2:172.21.15.82:3300/0,v1:172.21.15.82:6789/0] -- mon_subscribe({config=0+,monmap=0+}) v3 -- 0x7fcf20009550 con 0x7fcf241060d0
2023-09-23T08:46:48.831 INFO:teuthology.orchestra.run.smithi082.stdout:/usr/bin/ceph: stderr
2023-09-23T08:46:47.703+0000 7fcf29a08700 1 --2- 172.21.15.82:0/122712446 >> [v2:172.21.15.82:3300/0,v1:172.21.15.82:6789/0] conn(0x7fcf241060d0 0x7fcf24199d10 secure :-1 s=READY pgs=27 cs=0 l=1 rev1=1 crypto rx=0x7fcf20000c00 tx=0x7fcf20011e70 comp rx=0 tx=0).ready entity=mon.0 client_cookie=0 server_cookie=0 in_seq=0 out_seq=0
2023-09-23T08:46:48.832 INFO:teuthology.orchestra.run.smithi082.stdout:/usr/bin/ceph: stderr
2023-09-23T08:46:47.703+0000 7fcf1affd700 1 -- 172.21.15.82:0/122712446 <== mon.0 v2:172.21.15.82:3300/0 1 ==== mon_map magic: 0 v1 ==== 205+0+0 (secure 0 0 0) 0x7fcf200036a0 con 0x7fcf241060d0
2023-09-23T08:46:48.832 INFO:teuthology.orchestra.run.smithi082.stdout:/usr/bin/ceph: stderr
2023-09-23T08:46:47.703+0000 7fcf1affd700 1 -- 172.21.15.82:0/122712446 <== mon.0 v2:172.21.15.82:3300/0 2 ==== config(25 keys) v1 ==== 1036+0+0 (secure 0 0 0) 0x7fcf2001b440 con 0x7fcf241060d0
2023-09-23T08:46:48.832 INFO:teuthology.orchestra.run.smithi082.stdout:/usr/bin/ceph: stderr
2023-09-23T08:46:47.703+0000 7fcf1affd700 1 -- 172.21.15.82:0/122712446 <== mon.0 v2:172.21.15.82:3300/0 3 ==== mon_map magic: 0 v1 ==== 205+0+0 (secure 0 0 0) 0x7fcf200193f0 con 0x7fcf241060d0
2023-09-23T08:46:48.832 INFO:teuthology.orchestra.run.smithi082.stdout:/usr/bin/ceph: stderr
2023-09-23T08:46:47.703+0000 7fcf2bc6c700 1 -- 172.21.15.82:0/122712446 --> [v2:172.21.15.82:3300/0,v1:172.21.15.82:6789/0] -- mon_subscribe({mgrmap=0+}) v3 -- 0x7fcf2419a450 con 0x7fcf241060d0
2023-09-23T08:46:48.832 INFO:teuthology.orchestra.run.smithi082.stdout:/usr/bin/ceph: stderr
2023-09-23T08:46:47.704+0000 7fcf2bc6c700 1 -- 172.21.15.82:0/122712446 --> [v2:172.21.15.82:3300/0,v1:172.21.15.82:6789/0] -- mon_subscribe({osdmap=0}) v3 -- 0x7fcf2419a870 con 0x7fcf241060d0
2023-09-23T08:46:48.832 INFO:teuthology.orchestra.run.smithi082.stdout:/usr/bin/ceph: stderr
2023-09-23T08:46:47.705+0000 7fcf1affd700 1 -- 172.21.15.82:0/122712446 <== mon.0 v2:172.21.15.82:3300/0 4 ==== mgrmap(e 5) v1 ==== 45135+0+0 (secure 0 0 0) 0x7fcf20003800 con 0x7fcf241060d0
2023-09-23T08:46:48.832 INFO:teuthology.orchestra.run.smithi082.stdout:/usr/bin/ceph: stderr
2023-09-23T08:46:47.705+0000 7fcf2bc6c700 1 -- 172.21.15.82:0/122712446 --> [v2:172.21.15.82:3300/0,v1:172.21.15.82:6789/0] -- mon_command({"prefix": "get_command_descriptions"} v 0) v1 -- 0x7fcf24061f50 con 0x7fcf241060d0
2023-09-23T08:46:48.832 INFO:teuthology.orchestra.run.smithi082.stdout:/usr/bin/ceph: stderr
2023-09-23T08:46:47.705+0000 7fcf1affd700 1 --2- 172.21.15.82:0/122712446 >> [v2:172.21.15.82:6800/3761509623,v1:172.21.15.82:6801/3761509623] conn(0x7fcf10038160 0x7fcf1003a620 unknown :-1 s=NONE pgs=0 cs=0 l=1 rev1=0 crypto rx=0 tx=0 comp rx=0 tx=0).connect
2023-09-23T08:46:48.832 INFO:teuthology.orchestra.run.smithi082.stdout:/usr/bin/ceph: stderr
2023-09-23T08:46:47.705+0000 7fcf1affd700 1 -- 172.21.15.82:0/122712446 <== mon.0 v2:172.21.15.82:3300/0 5 ==== osd_map(1..1 src has 1..1) v4 ==== 725+0+0 (secure 0 0 0) 0x7fcf2004bde0 con 0x7fcf241060d0
2023-09-23T08:46:48.833 INFO:teuthology.orchestra.run.smithi082.stdout:/usr/bin/ceph: stderr
2023-09-23T08:46:47.705+0000 7fcf29207700 1 -- 172.21.15.82:0/122712446 >> [v2:172.21.15.82:6800/3761509623,v1:172.21.15.82:6801/3761509623] conn(0x7fcf10038160 msgr2=0x7fcf1003a620 unknown :-1 s=STATE_CONNECTING_RE l=1).process reconnect failed to v2:172.21.15.82:6800/3761509623
2023-09-23T08:46:48.833 INFO:teuthology.orchestra.run.smithi082.stdout:/usr/bin/ceph: stderr
2023-09-23T08:46:47.705+0000 7fcf29207700 1 --2- 172.21.15.82:0/122712446 >> [v2:172.21.15.82:6800/3761509623,v1:172.21.15.82:6801/3761509623] conn(0x7fcf10038160 0x7fcf1003a620 unknown :-1 s=START_CONNECT pgs=0 cs=0 l=1 rev1=0 crypto rx=0 tx=0 comp rx=0 tx=0)._fault waiting 0.200000
2023-09-23T08:46:48.833 INFO:teuthology.orchestra.run.smithi082.stdout:/usr/bin/ceph: stderr
2023-09-23T08:46:47.710+0000 7fcf1affd700 1 -- 172.21.15.82:0/122712446 <== mon.0 v2:172.21.15.82:3300/0 6 ==== mon_command_ack([{"prefix": "get_command_descriptions"}]=0 v0) v1 ==== 72+0+179682 (secure 0 0 0) 0x7fcf2001b5d0 con 0x7fcf241060d0
2023-09-23T08:46:48.833 INFO:teuthology.orchestra.run.smithi082.stdout:/usr/bin/ceph: stderr
2023-09-23T08:46:47.906+0000 7fcf29207700 1 -- 172.21.15.82:0/122712446 >> [v2:172.21.15.82:6800/3761509623,v1:172.21.15.82:6801/3761509623] conn(0x7fcf10038160 msgr2=0x7fcf1003a620 unknown :-1 s=STATE_CONNECTING_RE l=1).process reconnect failed to v2:172.21.15.82:6800/3761509623
2023-09-23T08:46:48.833 INFO:teuthology.orchestra.run.smithi082.stdout:/usr/bin/ceph: stderr
2023-09-23T08:46:47.906+0000 7fcf29207700 1 --2- 172.21.15.82:0/122712446 >> [v2:172.21.15.82:6800/3761509623,v1:172.21.15.82:6801/3761509623] conn(0x7fcf10038160 0x7fcf1003a620 unknown :-1 s=START_CONNECT pgs=0 cs=0 l=1 rev1=0 crypto rx=0 tx=0 comp rx=0 tx=0)._fault waiting 0.400000
2023-09-23T08:46:48.833 INFO:teuthology.orchestra.run.smithi082.stdout:/usr/bin/ceph: stderr
2023-09-23T08:46:47.985+0000 7fcf2bc6c700 1 -- 172.21.15.82:0/122712446 --> [v2:172.21.15.82:3300/0,v1:172.21.15.82:6789/0] -- mon_command({"prefix": "mgr stat"} v 0) v1 -- 0x7fcf2410a5a0 con 0x7fcf241060d0
2023-09-23T08:46:48.833 INFO:teuthology.orchestra.run.smithi082.stdout:/usr/bin/ceph: stderr
2023-09-23T08:46:47.985+0000 7fcf1affd700 1 -- 172.21.15.82:0/122712446 <== mon.0 v2:172.21.15.82:3300/0 7 ==== mon_command_ack([{"prefix": "mgr stat"}]=0 v5) v1 ==== 56+0+88 (secure 0 0 0) 0x7fcf2001f020 con 0x7fcf241060d0
2023-09-23T08:46:48.833 INFO:teuthology.orchestra.run.smithi082.stdout:/usr/bin/ceph: stderr
2023-09-23T08:46:47.988+0000 7fcf2bc6c700 1 -- 172.21.15.82:0/122712446 >> [v2:172.21.15.82:6800/3761509623,v1:172.21.15.82:6801/3761509623] conn(0x7fcf10038160 msgr2=0x7fcf1003a620 unknown :-1 s=STATE_CONNECTING l=1).mark_down
2023-09-23T08:46:48.833 INFO:teuthology.orchestra.run.smithi082.stdout:/usr/bin/ceph: stderr
2023-09-23T08:46:47.988+0000 7fcf2bc6c700 1 --2- 172.21.15.82:0/122712446 >> [v2:172.21.15.82:6800/3761509623,v1:172.21.15.82:6801/3761509623] conn(0x7fcf10038160 0x7fcf1003a620 unknown :-1 s=START_CONNECT pgs=0 cs=0 l=1 rev1=0 crypto rx=0 tx=0 comp rx=0 tx=0).stop
2023-09-23T08:46:48.833 INFO:teuthology.orchestra.run.smithi082.stdout:/usr/bin/ceph: stderr
2023-09-23T08:46:47.988+0000 7fcf2bc6c700 1 -- 172.21.15.82:0/122712446 >> [v2:172.21.15.82:3300/0,v1:172.21.15.82:6789/0] conn(0x7fcf241060d0 msgr2=0x7fcf24199d10 secure :-1 s=STATE_CONNECTION_ESTABLISHED l=1).mark_down
2023-09-23T08:46:48.834 INFO:teuthology.orchestra.run.smithi082.stdout:/usr/bin/ceph: stderr
2023-09-23T08:46:47.988+0000 7fcf2bc6c700 1 --2- 172.21.15.82:0/122712446 >> [v2:172.21.15.82:3300/0,v1:172.21.15.82:6789/0] conn(0x7fcf241060d0 0x7fcf24199d10 secure :-1 s=READY pgs=27 cs=0 l=1 rev1=1 crypto rx=0x7fcf20000c00 tx=0x7fcf20011e70 comp rx=0 tx=0).stop
2023-09-23T08:46:48.834 INFO:teuthology.orchestra.run.smithi082.stdout:/usr/bin/ceph: stderr
2023-09-23T08:46:47.988+0000 7fcf2bc6c700 1 -- 172.21.15.82:0/122712446 shutdown_connections
2023-09-23T08:46:48.834 INFO:teuthology.orchestra.run.smithi082.stdout:/usr/bin/ceph: stderr
2023-09-23T08:46:47.988+0000 7fcf2bc6c700 1 --2- 172.21.15.82:0/122712446 >> [v2:172.21.15.82:6800/3761509623,v1:172.21.15.82:6801/3761509623] conn(0x7fcf10038160 0x7fcf1003a620 unknown :-1 s=CLOSED pgs=0 cs=0 l=1 rev1=0 crypto rx=0 tx=0 comp rx=0 tx=0).stop
2023-09-23T08:46:48.834 INFO:teuthology.orchestra.run.smithi082.stdout:/usr/bin/ceph: stderr
2023-09-23T08:46:47.988+0000 7fcf2bc6c700 1 --2- 172.21.15.82:0/122712446 >> [v2:172.21.15.82:3300/0,v1:172.21.15.82:6789/0] conn(0x7fcf241060d0 0x7fcf24199d10 unknown :-1 s=CLOSED pgs=27 cs=0 l=1 rev1=1 crypto rx=0 tx=0 comp rx=0 tx=0).stop
2023-09-23T08:46:48.834 INFO:teuthology.orchestra.run.smithi082.stdout:/usr/bin/ceph: stderr
2023-09-23T08:46:47.988+0000 7fcf2bc6c700 1 -- 172.21.15.82:0/122712446 >> 172.21.15.82:0/122712446 conn(0x7fcf241016b0 msgr2=0x7fcf24102460 unknown :-1 s=STATE_NONE l=0).mark_down
2023-09-23T08:46:48.834 INFO:teuthology.orchestra.run.smithi082.stdout:/usr/bin/ceph: stderr
2023-09-23T08:46:47.988+0000 7fcf2bc6c700 1 -- 172.21.15.82:0/122712446 shutdown_connections
2023-09-23T08:46:48.834 INFO:teuthology.orchestra.run.smithi082.stdout:/usr/bin/ceph: stderr
2023-09-23T08:46:47.988+0000 7fcf2bc6c700 1 -- 172.21.15.82:0/122712446 wait complete.
2023-09-23T08:46:48.834 INFO:teuthology.orchestra.run.smithi082.stdout:Waiting for the mgr to restart...
2023-09-23T08:46:48.834 INFO:teuthology.orchestra.run.smithi082.stdout:Waiting for mgr epoch 5...
2023-09-23T08:46:48.997 INFO:journalctl@ceph.mon.a.smithi082.stdout:Sep 23 08:46:48 smithi082 ceph-mon[97694]: from='client.? 172.21.15.82:0/122712446' entity='client.admin' cmd=[{"prefix": "mgr stat"}]: dispatch
2023-09-23T08:46:49.370 INFO:journalctl@ceph.mgr.x.smithi082.stdout:Sep 23 08:46:48 smithi082 ceph-8926e286-59ed-11ee-8db4-212e2dc638e7-mgr-x[97940]:
2023-09-23T08:46:48.994+0000 7f19fb317200 -1 mgr[py] Module progress has missing NOTIFY_TYPES member
2023-09-23T08:46:50.120 INFO:journalctl@ceph.mgr.x.smithi082.stdout:Sep 23 08:46:49 smithi082 ceph-8926e286-59ed-11ee-8db4-212e2dc638e7-mgr-x[97940]:
2023-09-23T08:46:49.854+0000 7f19fb317200 -1 mgr[py] Module rook has missing NOTIFY_TYPES member
2023-09-23T08:46:50.121 INFO:journalctl@ceph.mgr.x.smithi082.stdout:Sep 23 08:46:49 smithi082 ceph-8926e286-59ed-11ee-8db4-212e2dc638e7-mgr-x[97940]:
2023-09-23T08:46:49.958+0000 7f19fb317200 -1 mgr[py] Module iostat has missing NOTIFY_TYPES member
2023-09-23T08:46:51.240 INFO:journalctl@ceph.mgr.x.smithi082.stdout:Sep 23 08:46:50 smithi082 ceph-8926e286-59ed-11ee-8db4-212e2dc638e7-mgr-x[97940]:
2023-09-23T08:46:50.898+0000 7f19fb317200 -1 mgr[py] Module test_orchestrator has missing NOTIFY_TYPES member
2023-09-23T08:46:51.240 INFO:journalctl@ceph.mgr.x.smithi082.stdout:Sep 23 08:46:51 smithi082 ceph-8926e286-59ed-11ee-8db4-212e2dc638e7-mgr-x[97940]:
2023-09-23T08:46:51.015+0000 7f19fb317200 -1 mgr[py] Module osd_perf_query has missing NOTIFY_TYPES member
2023-09-23T08:46:51.240 INFO:journalctl@ceph.mgr.x.smithi082.stdout:Sep 23 08:46:51 smithi082 ceph-8926e286-59ed-11ee-8db4-212e2dc638e7-mgr-x[97940]:
2023-09-23T08:46:51.237+0000 7f19fb317200 -1 mgr[py] Module orchestrator has missing NOTIFY_TYPES member
2023-09-23T08:46:51.867 INFO:journalctl@ceph.mgr.x.smithi082.stdout:Sep 23 08:46:51 smithi082 ceph-8926e286-59ed-11ee-8db4-212e2dc638e7-mgr-x[97940]:
2023-09-23T08:46:51.593+0000 7f19fb317200 -1 mgr[py] Module rgw has missing NOTIFY_TYPES member
2023-09-23T08:46:52.120 INFO:journalctl@ceph.mgr.x.smithi082.stdout:Sep 23 08:46:51 smithi082 ceph-8926e286-59ed-11ee-8db4-212e2dc638e7-mgr-x[97940]:
2023-09-23T08:46:51.864+0000 7f19fb317200 -1 mgr[py] Module influx has missing NOTIFY_TYPES member
2023-09-23T08:46:52.121 INFO:journalctl@ceph.mgr.x.smithi082.stdout:Sep 23 08:46:52 smithi082 ceph-8926e286-59ed-11ee-8db4-212e2dc638e7-mgr-x[97940]:
2023-09-23T08:46:52.058+0000 7f19fb317200 -1 mgr[py] Module telemetry has missing NOTIFY_TYPES member
2023-09-23T08:46:52.871 INFO:journalctl@ceph.mgr.x.smithi082.stdout:Sep 23 08:46:52 smithi082 ceph-8926e286-59ed-11ee-8db4-212e2dc638e7-mgr-x[97940]:
2023-09-23T08:46:52.396+0000 7f19fb317200 -1 mgr[py] Module telegraf has missing NOTIFY_TYPES member
2023-09-23T08:46:53.620 INFO:journalctl@ceph.mgr.x.smithi082.stdout:Sep 23 08:46:53 smithi082 ceph-8926e286-59ed-11ee-8db4-212e2dc638e7-mgr-x[97940]:
2023-09-23T08:46:53.304+0000 7f19fb317200 -1 mgr[py] Module balancer has missing NOTIFY_TYPES member
2023-09-23T08:46:53.621 INFO:journalctl@ceph.mgr.x.smithi082.stdout:Sep 23 08:46:53 smithi082 ceph-8926e286-59ed-11ee-8db4-212e2dc638e7-mgr-x[97940]:
2023-09-23T08:46:53.476+0000 7f19fb317200 -1 mgr[py] Module diskprediction_local has missing NOTIFY_TYPES member
2023-09-23T08:46:54.121 INFO:journalctl@ceph.mgr.x.smithi082.stdout:Sep 23 08:46:53 smithi082 ceph-8926e286-59ed-11ee-8db4-212e2dc638e7-mgr-x[97940]:
2023-09-23T08:46:53.718+0000 7f19fb317200 -1 mgr[py] Module nfs has missing NOTIFY_TYPES member
2023-09-23T08:46:54.121 INFO:journalctl@ceph.mgr.x.smithi082.stdout:Sep 23 08:46:53 smithi082 ceph-8926e286-59ed-11ee-8db4-212e2dc638e7-mgr-x[97940]:
2023-09-23T08:46:53.860+0000 7f19fb317200 -1 mgr[py] Module rbd_support has missing NOTIFY_TYPES member
2023-09-23T08:46:54.621 INFO:journalctl@ceph.mgr.x.smithi082.stdout:Sep 23 08:46:54 smithi082 ceph-8926e286-59ed-11ee-8db4-212e2dc638e7-mgr-x[97940]:
2023-09-23T08:46:54.131+0000 7f19fb317200 -1 mgr[py] Module volumes has missing NOTIFY_TYPES member
2023-09-23T08:46:55.621 INFO:journalctl@ceph.mgr.x.smithi082.stdout:Sep 23 08:46:55 smithi082 ceph-8926e286-59ed-11ee-8db4-212e2dc638e7-mgr-x[97940]:
2023-09-23T08:46:55.184+0000 7f19fb317200 -1 mgr[py] Module pg_autoscaler has missing NOTIFY_TYPES member
2023-09-23T08:46:55.621 INFO:journalctl@ceph.mon.a.smithi082.stdout:Sep 23 08:46:55 smithi082 ceph-mon[97694]: Active manager daemon x restarted
2023-09-23T08:46:55.621 INFO:journalctl@ceph.mon.a.smithi082.stdout:Sep 23 08:46:55 smithi082 ceph-mon[97694]: Activating manager daemon x
2023-09-23T08:46:55.621 INFO:journalctl@ceph.mon.a.smithi082.stdout:Sep 23 08:46:55 smithi082 ceph-mon[97694]: osdmap e2: 0 total, 0 up, 0 in
2023-09-23T08:46:55.621 INFO:journalctl@ceph.mon.a.smithi082.stdout:Sep 23 08:46:55 smithi082 ceph-mon[97694]: mgrmap e6: x(active, starting, since 0.00354572s)
2023-09-23T08:46:55.621 INFO:journalctl@ceph.mon.a.smithi082.stdout:Sep 23 08:46:55 smithi082 ceph-mon[97694]: from='mgr.14120 172.21.15.82:0/2390432189' entity='mgr.x' cmd=[{"prefix": "mon metadata", "id": "a"}]: dispatch
2023-09-23T08:46:55.621 INFO:journalctl@ceph.mon.a.smithi082.stdout:Sep 23 08:46:55 smithi082 ceph-mon[97694]: from='mgr.14120 172.21.15.82:0/2390432189' entity='mgr.x' cmd=[{"prefix": "mgr metadata", "who": "x", "id": "x"}]: dispatch
2023-09-23T08:46:55.621 INFO:journalctl@ceph.mon.a.smithi082.stdout:Sep 23 08:46:55 smithi082 ceph-mon[97694]: from='mgr.14120 172.21.15.82:0/2390432189' entity='mgr.x' cmd=[{"prefix": "mds metadata"}]: dispatch
2023-09-23T08:46:55.622 INFO:journalctl@ceph.mon.a.smithi082.stdout:Sep 23 08:46:55 smithi082 ceph-mon[97694]: from='mgr.14120 172.21.15.82:0/2390432189' entity='mgr.x' cmd=[{"prefix": "osd metadata"}]: dispatch
2023-09-23T08:46:55.622 INFO:journalctl@ceph.mon.a.smithi082.stdout:Sep 23 08:46:55 smithi082 ceph-mon[97694]: from='mgr.14120 172.21.15.82:0/2390432189' entity='mgr.x' cmd=[{"prefix": "mon metadata"}]: dispatch
2023-09-23T08:46:55.622 INFO:journalctl@ceph.mon.a.smithi082.stdout:Sep 23 08:46:55 smithi082 ceph-mon[97694]: Manager daemon x is now available
2023-09-23T08:46:55.622 INFO:journalctl@ceph.mon.a.smithi082.stdout:Sep 23 08:46:55 smithi082 ceph-mon[97694]: from='mgr.14120 172.21.15.82:0/2390432189' entity='mgr.x'
2023-09-23T08:46:55.622 INFO:journalctl@ceph.mon.a.smithi082.stdout:Sep 23 08:46:55 smithi082 ceph-mon[97694]: from='mgr.14120 172.21.15.82:0/2390432189' entity='mgr.x'
2023-09-23T08:46:55.622 INFO:journalctl@ceph.mon.a.smithi082.stdout:Sep 23 08:46:55 smithi082 ceph-mon[97694]: from='mgr.14120 172.21.15.82:0/2390432189' entity='mgr.x' cmd=[{"prefix": "config dump", "format": "json"}]: dispatch
2023-09-23T08:46:55.622 INFO:journalctl@ceph.mon.a.smithi082.stdout:Sep 23 08:46:55 smithi082 ceph-mon[97694]: from='mgr.14120 172.21.15.82:0/2390432189' entity='mgr.x' cmd=[{"prefix": "config dump", "format": "json"}]: dispatch
2023-09-23T08:46:55.622 INFO:journalctl@ceph.mon.a.smithi082.stdout:Sep 23 08:46:55 smithi082 ceph-mon[97694]: from='mgr.14120 172.21.15.82:0/2390432189' entity='mgr.x' cmd=[{"prefix": "config dump", "format": "json"}]: dispatch
2023-09-23T08:46:56.482 INFO:journalctl@ceph.mon.a.smithi082.stdout:Sep 23 08:46:56 smithi082 ceph-mon[97694]: Found migration_current of "None". Setting to last migration.
2023-09-23T08:46:56.482 INFO:journalctl@ceph.mon.a.smithi082.stdout:Sep 23 08:46:56 smithi082 ceph-mon[97694]: from='mgr.14120 172.21.15.82:0/2390432189' entity='mgr.x' cmd=[{"prefix":"config rm","who":"mgr","name":"mgr/rbd_support/x/mirror_snapshot_schedule"}]: dispatch
2023-09-23T08:46:56.482 INFO:journalctl@ceph.mon.a.smithi082.stdout:Sep 23 08:46:56 smithi082 ceph-mon[97694]: from='mgr.14120 172.21.15.82:0/2390432189' entity='mgr.x' cmd=[{"prefix":"config rm","who":"mgr","name":"mgr/rbd_support/x/trash_purge_schedule"}]: dispatch
2023-09-23T08:46:56.482 INFO:journalctl@ceph.mon.a.smithi082.stdout:Sep 23 08:46:56 smithi082 ceph-mon[97694]: from='mgr.14120 172.21.15.82:0/2390432189' entity='mgr.x'
2023-09-23T08:46:56.483 INFO:journalctl@ceph.mon.a.smithi082.stdout:Sep 23 08:46:56 smithi082 ceph-mon[97694]: from='mgr.14120 172.21.15.82:0/2390432189' entity='mgr.x'
2023-09-23T08:46:56.483 INFO:journalctl@ceph.mon.a.smithi082.stdout:Sep 23 08:46:56 smithi082 ceph-mon[97694]: mgrmap e7: x(active, since 1.00679s)
2023-09-23T08:46:56.722 INFO:teuthology.orchestra.run.smithi082.stdout:/usr/bin/ceph: stdout {
2023-09-23T08:46:56.722 INFO:teuthology.orchestra.run.smithi082.stdout:/usr/bin/ceph: stdout "mgrmap_epoch": 7,
2023-09-23T08:46:56.722 INFO:teuthology.orchestra.run.smithi082.stdout:/usr/bin/ceph: stdout "initialized": true
2023-09-23T08:46:56.722 INFO:teuthology.orchestra.run.smithi082.stdout:/usr/bin/ceph: stdout }
2023-09-23T08:46:56.722 INFO:teuthology.orchestra.run.smithi082.stdout:/usr/bin/ceph: stderr
2023-09-23T08:46:49.379+0000 7f8bc7371700 1 Processor -- start
2023-09-23T08:46:56.722 INFO:teuthology.orchestra.run.smithi082.stdout:/usr/bin/ceph: stderr
2023-09-23T08:46:49.379+0000 7f8bc7371700 1 -- start start
2023-09-23T08:46:56.723 INFO:teuthology.orchestra.run.smithi082.stdout:/usr/bin/ceph: stderr
2023-09-23T08:46:49.379+0000 7f8bc7371700 1 --2- >> [v2:172.21.15.82:3300/0,v1:172.21.15.82:6789/0] conn(0x7f8bc01060d0 0x7f8bc01064f0 unknown :-1 s=NONE pgs=0 cs=0 l=0 rev1=0 crypto rx=0 tx=0 comp rx=0 tx=0).connect
2023-09-23T08:46:56.723 INFO:teuthology.orchestra.run.smithi082.stdout:/usr/bin/ceph: stderr
2023-09-23T08:46:49.379+0000 7f8bc7371700 1 -- --> [v2:172.21.15.82:3300/0,v1:172.21.15.82:6789/0] -- mon_getmap magic: 0 v1 -- 0x7f8bc0106ac0 con 0x7f8bc01060d0
2023-09-23T08:46:56.723 INFO:teuthology.orchestra.run.smithi082.stdout:/usr/bin/ceph: stderr
2023-09-23T08:46:49.380+0000 7f8bc510d700 1 --2- >> [v2:172.21.15.82:3300/0,v1:172.21.15.82:6789/0] conn(0x7f8bc01060d0 0x7f8bc01064f0 unknown :-1 s=BANNER_CONNECTING pgs=0 cs=0 l=0 rev1=0 crypto rx=0 tx=0 comp rx=0 tx=0)._handle_peer_banner_payload supported=3 required=0
2023-09-23T08:46:56.723 INFO:teuthology.orchestra.run.smithi082.stdout:/usr/bin/ceph: stderr
2023-09-23T08:46:49.380+0000 7f8bc510d700 1 --2- >> [v2:172.21.15.82:3300/0,v1:172.21.15.82:6789/0] conn(0x7f8bc01060d0 0x7f8bc01064f0 unknown :-1 s=HELLO_CONNECTING pgs=0 cs=0 l=0 rev1=1 crypto rx=0 tx=0 comp rx=0 tx=0).handle_hello peer v2:172.21.15.82:3300/0 says I am v2:172.21.15.82:32968/0 (socket says 172.21.15.82:32968)
2023-09-23T08:46:56.723 INFO:teuthology.orchestra.run.smithi082.stdout:/usr/bin/ceph: stderr
2023-09-23T08:46:49.380+0000 7f8bc510d700 1 -- 172.21.15.82:0/711110608 learned_addr learned my addr 172.21.15.82:0/711110608 (peer_addr_for_me v2:172.21.15.82:0/0)
2023-09-23T08:46:56.723 INFO:teuthology.orchestra.run.smithi082.stdout:/usr/bin/ceph: stderr
2023-09-23T08:46:49.380+0000 7f8bc510d700 1 -- 172.21.15.82:0/711110608 --> [v2:172.21.15.82:3300/0,v1:172.21.15.82:6789/0] -- mon_subscribe({config=0+,monmap=0+}) v3 -- 0x7f8bc01072d0 con 0x7f8bc01060d0
2023-09-23T08:46:56.723 INFO:teuthology.orchestra.run.smithi082.stdout:/usr/bin/ceph: stderr
2023-09-23T08:46:49.380+0000 7f8bc510d700 1 --2- 172.21.15.82:0/711110608 >> [v2:172.21.15.82:3300/0,v1:172.21.15.82:6789/0] conn(0x7f8bc01060d0 0x7f8bc01064f0 secure :-1 s=READY pgs=28 cs=0 l=1 rev1=1 crypto rx=0x7f8bbc0098a0 tx=0x7f8bbc009bb0 comp rx=0 tx=0).ready entity=mon.0 client_cookie=33a47b7c98bd1fc2 server_cookie=0 in_seq=0 out_seq=0
2023-09-23T08:46:56.723 INFO:teuthology.orchestra.run.smithi082.stdout:/usr/bin/ceph: stderr
2023-09-23T08:46:49.381+0000 7f8bb7fff700 1 -- 172.21.15.82:0/711110608 <== mon.0 v2:172.21.15.82:3300/0 1 ==== mon_map magic: 0 v1 ==== 205+0+0 (secure 0 0 0) 0x7f8bbc004160 con 0x7f8bc01060d0
2023-09-23T08:46:56.723 INFO:teuthology.orchestra.run.smithi082.stdout:/usr/bin/ceph: stderr
2023-09-23T08:46:49.381+0000 7f8bb7fff700 1 -- 172.21.15.82:0/711110608 <== mon.0 v2:172.21.15.82:3300/0 2 ==== config(25 keys) v1 ==== 1036+0+0 (secure 0 0 0) 0x7f8bbc0042c0 con 0x7f8bc01060d0
2023-09-23T08:46:56.723 INFO:teuthology.orchestra.run.smithi082.stdout:/usr/bin/ceph: stderr
2023-09-23T08:46:49.381+0000 7f8bb7fff700 1 -- 172.21.15.82:0/711110608 <== mon.0 v2:172.21.15.82:3300/0 3 ==== mon_map magic: 0 v1 ==== 205+0+0 (secure 0 0 0) 0x7f8bbc011940 con 0x7f8bc01060d0
2023-09-23T08:46:56.724 INFO:teuthology.orchestra.run.smithi082.stdout:/usr/bin/ceph: stderr
2023-09-23T08:46:49.381+0000 7f8bc7371700 1 -- 172.21.15.82:0/711110608 >> [v2:172.21.15.82:3300/0,v1:172.21.15.82:6789/0] conn(0x7f8bc01060d0 msgr2=0x7f8bc01064f0 secure :-1 s=STATE_CONNECTION_ESTABLISHED l=1).mark_down
2023-09-23T08:46:56.724 INFO:teuthology.orchestra.run.smithi082.stdout:/usr/bin/ceph: stderr
2023-09-23T08:46:49.381+0000 7f8bc7371700 1 --2- 172.21.15.82:0/711110608 >> [v2:172.21.15.82:3300/0,v1:172.21.15.82:6789/0] conn(0x7f8bc01060d0 0x7f8bc01064f0 secure :-1 s=READY pgs=28 cs=0 l=1 rev1=1 crypto rx=0x7f8bbc0098a0 tx=0x7f8bbc009bb0 comp rx=0 tx=0).stop
2023-09-23T08:46:56.724 INFO:teuthology.orchestra.run.smithi082.stdout:/usr/bin/ceph: stderr
2023-09-23T08:46:49.381+0000 7f8bc7371700 1 -- 172.21.15.82:0/711110608 shutdown_connections
2023-09-23T08:46:56.724 INFO:teuthology.orchestra.run.smithi082.stdout:/usr/bin/ceph: stderr
2023-09-23T08:46:49.381+0000 7f8bc7371700 1 --2- 172.21.15.82:0/711110608 >> [v2:172.21.15.82:3300/0,v1:172.21.15.82:6789/0] conn(0x7f8bc01060d0 0x7f8bc01064f0 unknown :-1 s=CLOSED pgs=28 cs=0 l=1 rev1=1 crypto rx=0 tx=0 comp rx=0 tx=0).stop
2023-09-23T08:46:56.724 INFO:teuthology.orchestra.run.smithi082.stdout:/usr/bin/ceph: stderr
2023-09-23T08:46:49.381+0000 7f8bc7371700 1 -- 172.21.15.82:0/711110608 >> 172.21.15.82:0/711110608 conn(0x7f8bc01016b0 msgr2=0x7f8bc0103ad0 unknown :-1 s=STATE_NONE l=0).mark_down
2023-09-23T08:46:56.724 INFO:teuthology.orchestra.run.smithi082.stdout:/usr/bin/ceph: stderr
2023-09-23T08:46:49.382+0000 7f8bc7371700 1 -- 172.21.15.82:0/711110608 shutdown_connections
2023-09-23T08:46:56.724 INFO:teuthology.orchestra.run.smithi082.stdout:/usr/bin/ceph: stderr
2023-09-23T08:46:49.382+0000 7f8bc7371700 1 -- 172.21.15.82:0/711110608 wait complete.
2023-09-23T08:46:56.724 INFO:teuthology.orchestra.run.smithi082.stdout:/usr/bin/ceph: stderr
2023-09-23T08:46:49.382+0000 7f8bc7371700 1 Processor -- start
2023-09-23T08:46:56.724 INFO:teuthology.orchestra.run.smithi082.stdout:/usr/bin/ceph: stderr
2023-09-23T08:46:49.383+0000 7f8bc7371700 1 -- start start
2023-09-23T08:46:56.725 INFO:teuthology.orchestra.run.smithi082.stdout:/usr/bin/ceph: stderr
2023-09-23T08:46:49.383+0000 7f8bc7371700 1 --2- >> [v2:172.21.15.82:3300/0,v1:172.21.15.82:6789/0] conn(0x7f8bc01060d0 0x7f8bc019bef0 unknown :-1 s=NONE pgs=0 cs=0 l=1 rev1=0 crypto rx=0 tx=0 comp rx=0 tx=0).connect
2023-09-23T08:46:56.725 INFO:teuthology.orchestra.run.smithi082.stdout:/usr/bin/ceph: stderr
2023-09-23T08:46:49.383+0000 7f8bc7371700 1 -- --> [v2:172.21.15.82:3300/0,v1:172.21.15.82:6789/0] -- mon_getmap magic: 0 v1 -- 0x7f8bc019c430 con 0x7f8bc01060d0
2023-09-23T08:46:56.725 INFO:teuthology.orchestra.run.smithi082.stdout:/usr/bin/ceph: stderr
2023-09-23T08:46:49.383+0000 7f8bc510d700 1 --2- >> [v2:172.21.15.82:3300/0,v1:172.21.15.82:6789/0] conn(0x7f8bc01060d0 0x7f8bc019bef0 unknown :-1 s=BANNER_CONNECTING pgs=0 cs=0 l=1 rev1=0 crypto rx=0 tx=0 comp rx=0 tx=0)._handle_peer_banner_payload supported=3 required=0
2023-09-23T08:46:56.725 INFO:teuthology.orchestra.run.smithi082.stdout:/usr/bin/ceph: stderr
2023-09-23T08:46:49.383+0000 7f8bc510d700 1 --2- >> [v2:172.21.15.82:3300/0,v1:172.21.15.82:6789/0] conn(0x7f8bc01060d0 0x7f8bc019bef0 unknown :-1 s=HELLO_CONNECTING pgs=0 cs=0 l=1 rev1=1 crypto rx=0 tx=0 comp rx=0 tx=0).handle_hello peer v2:172.21.15.82:3300/0 says I am v2:172.21.15.82:32984/0 (socket says 172.21.15.82:32984)
2023-09-23T08:46:56.725 INFO:teuthology.orchestra.run.smithi082.stdout:/usr/bin/ceph: stderr
2023-09-23T08:46:49.383+0000 7f8bc510d700 1 -- 172.21.15.82:0/3211930020 learned_addr learned my addr 172.21.15.82:0/3211930020 (peer_addr_for_me v2:172.21.15.82:0/0)
2023-09-23T08:46:56.725 INFO:teuthology.orchestra.run.smithi082.stdout:/usr/bin/ceph: stderr
2023-09-23T08:46:49.383+0000 7f8bc510d700 1 -- 172.21.15.82:0/3211930020 --> [v2:172.21.15.82:3300/0,v1:172.21.15.82:6789/0] -- mon_subscribe({config=0+,monmap=0+}) v3 -- 0x7f8bbc009550 con 0x7f8bc01060d0
2023-09-23T08:46:56.725 INFO:teuthology.orchestra.run.smithi082.stdout:/usr/bin/ceph: stderr
2023-09-23T08:46:49.384+0000 7f8bc510d700 1 --2- 172.21.15.82:0/3211930020 >> [v2:172.21.15.82:3300/0,v1:172.21.15.82:6789/0] conn(0x7f8bc01060d0 0x7f8bc019bef0 secure :-1 s=READY pgs=29 cs=0 l=1 rev1=1 crypto rx=0x7f8bbc000c00 tx=0x7f8bbc011e70 comp rx=0 tx=0).ready entity=mon.0 client_cookie=0 server_cookie=0 in_seq=0 out_seq=0
2023-09-23T08:46:56.725 INFO:teuthology.orchestra.run.smithi082.stdout:/usr/bin/ceph: stderr
2023-09-23T08:46:49.384+0000 7f8bb67fc700 1 -- 172.21.15.82:0/3211930020 <== mon.0 v2:172.21.15.82:3300/0 1 ==== mon_map magic: 0 v1 ==== 205+0+0 (secure 0 0 0) 0x7f8bbc0036a0 con 0x7f8bc01060d0
2023-09-23T08:46:56.725 INFO:teuthology.orchestra.run.smithi082.stdout:/usr/bin/ceph: stderr
2023-09-23T08:46:49.384+0000 7f8bb67fc700 1 -- 172.21.15.82:0/3211930020 <== mon.0 v2:172.21.15.82:3300/0 2 ==== config(25 keys) v1 ==== 1036+0+0 (secure 0 0 0) 0x7f8bbc01b440 con 0x7f8bc01060d0
2023-09-23T08:46:56.725 INFO:teuthology.orchestra.run.smithi082.stdout:/usr/bin/ceph: stderr
2023-09-23T08:46:49.384+0000 7f8bb67fc700 1 -- 172.21.15.82:0/3211930020 <== mon.0 v2:172.21.15.82:3300/0 3 ==== mon_map magic: 0 v1 ==== 205+0+0 (secure 0 0 0) 0x7f8bbc0193f0 con 0x7f8bc01060d0
2023-09-23T08:46:56.726 INFO:teuthology.orchestra.run.smithi082.stdout:/usr/bin/ceph: stderr
2023-09-23T08:46:49.384+0000 7f8bc7371700 1 -- 172.21.15.82:0/3211930020 --> [v2:172.21.15.82:3300/0,v1:172.21.15.82:6789/0] -- mon_subscribe({mgrmap=0+}) v3 -- 0x7f8bc019c630 con 0x7f8bc01060d0
2023-09-23T08:46:56.726 INFO:teuthology.orchestra.run.smithi082.stdout:/usr/bin/ceph: stderr
2023-09-23T08:46:49.384+0000 7f8bc7371700 1 -- 172.21.15.82:0/3211930020 --> [v2:172.21.15.82:3300/0,v1:172.21.15.82:6789/0] -- mon_subscribe({osdmap=0}) v3 -- 0x7f8bc019ca50 con 0x7f8bc01060d0
2023-09-23T08:46:56.726 INFO:teuthology.orchestra.run.smithi082.stdout:/usr/bin/ceph: stderr
2023-09-23T08:46:49.385+0000 7f8bb67fc700 1 -- 172.21.15.82:0/3211930020 <== mon.0 v2:172.21.15.82:3300/0 4 ==== mgrmap(e 5) v1 ==== 45135+0+0 (secure 0 0 0) 0x7f8bbc01b5b0 con 0x7f8bc01060d0
2023-09-23T08:46:56.726 INFO:teuthology.orchestra.run.smithi082.stdout:/usr/bin/ceph: stderr
2023-09-23T08:46:49.386+0000 7f8bb67fc700 1 --2- 172.21.15.82:0/3211930020 >> [v2:172.21.15.82:6800/3761509623,v1:172.21.15.82:6801/3761509623] conn(0x7f8bac038160 0x7f8bac03a620 unknown :-1 s=NONE pgs=0 cs=0 l=1 rev1=0 crypto rx=0 tx=0 comp rx=0 tx=0).connect
2023-09-23T08:46:56.726 INFO:teuthology.orchestra.run.smithi082.stdout:/usr/bin/ceph: stderr
