2023-09-23T08:46:40.159+0000 7f8c4cdb0700 1 --2- 172.21.15.82:0/1044145576 >> [v2:172.21.15.82:3300/0,v1:172.21.15.82:6789/0] conn(0x7f8c4807ad10 0x7f8c4819beb0 secure :-1 s=READY pgs=10 cs=0 l=1 rev1=1 crypto rx=0x7f8c38011dc0 tx=0x7f8c38011ea0 comp rx=0 tx=0).stop
2023-09-23T08:46:40.599 INFO:teuthology.orchestra.run.smithi082.stdout:/usr/bin/ceph: stderr
2023-09-23T08:46:40.159+0000 7f8c4cdb0700 1 -- 172.21.15.82:0/1044145576 shutdown_connections
2023-09-23T08:46:40.599 INFO:teuthology.orchestra.run.smithi082.stdout:/usr/bin/ceph: stderr
2023-09-23T08:46:40.159+0000 7f8c4cdb0700 1 --2- 172.21.15.82:0/1044145576 >> [v2:172.21.15.82:3300/0,v1:172.21.15.82:6789/0] conn(0x7f8c4807ad10 0x7f8c4819beb0 unknown :-1 s=CLOSED pgs=10 cs=0 l=1 rev1=1 crypto rx=0 tx=0 comp rx=0 tx=0).stop
2023-09-23T08:46:40.600 INFO:teuthology.orchestra.run.smithi082.stdout:/usr/bin/ceph: stderr
2023-09-23T08:46:40.159+0000 7f8c4cdb0700 1 -- 172.21.15.82:0/1044145576 >> 172.21.15.82:0/1044145576 conn(0x7f8c481016b0 msgr2=0x7f8c48102460 unknown :-1 s=STATE_NONE l=0).mark_down
2023-09-23T08:46:40.600 INFO:teuthology.orchestra.run.smithi082.stdout:/usr/bin/ceph: stderr
2023-09-23T08:46:40.159+0000 7f8c4cdb0700 1 -- 172.21.15.82:0/1044145576 shutdown_connections
2023-09-23T08:46:40.600 INFO:teuthology.orchestra.run.smithi082.stdout:/usr/bin/ceph: stderr
2023-09-23T08:46:40.159+0000 7f8c4cdb0700 1 -- 172.21.15.82:0/1044145576 wait complete.
2023-09-23T08:46:40.600 INFO:teuthology.orchestra.run.smithi082.stdout:mgr not available, waiting (3/15)...
2023-09-23T08:46:40.600 INFO:journalctl@ceph.mgr.x.smithi082.stdout:Sep 23 08:46:40 smithi082 ceph-8926e286-59ed-11ee-8db4-212e2dc638e7-mgr-x[97940]:
2023-09-23T08:46:40.502+0000 7f47de86a200 -1 mgr[py] Module volumes has missing NOTIFY_TYPES member
2023-09-23T08:46:41.871 INFO:journalctl@ceph.mgr.x.smithi082.stdout:Sep 23 08:46:41 smithi082 ceph-8926e286-59ed-11ee-8db4-212e2dc638e7-mgr-x[97940]:
2023-09-23T08:46:41.569+0000 7f47de86a200 -1 mgr[py] Module pg_autoscaler has missing NOTIFY_TYPES member
2023-09-23T08:46:41.871 INFO:journalctl@ceph.mon.a.smithi082.stdout:Sep 23 08:46:41 smithi082 ceph-mon[97694]: Activating manager daemon x
2023-09-23T08:46:41.871 INFO:journalctl@ceph.mon.a.smithi082.stdout:Sep 23 08:46:41 smithi082 ceph-mon[97694]: mgrmap e2: x(active, starting, since 0.00422844s)
2023-09-23T08:46:41.871 INFO:journalctl@ceph.mon.a.smithi082.stdout:Sep 23 08:46:41 smithi082 ceph-mon[97694]: from='mgr.14100 172.21.15.82:0/551985843' entity='mgr.x' cmd=[{"prefix": "mds metadata"}]: dispatch
2023-09-23T08:46:41.871 INFO:journalctl@ceph.mon.a.smithi082.stdout:Sep 23 08:46:41 smithi082 ceph-mon[97694]: from='mgr.14100 172.21.15.82:0/551985843' entity='mgr.x' cmd=[{"prefix": "osd metadata"}]: dispatch
2023-09-23T08:46:41.871 INFO:journalctl@ceph.mon.a.smithi082.stdout:Sep 23 08:46:41 smithi082 ceph-mon[97694]: from='mgr.14100 172.21.15.82:0/551985843' entity='mgr.x' cmd=[{"prefix": "mon metadata"}]: dispatch
2023-09-23T08:46:41.871 INFO:journalctl@ceph.mon.a.smithi082.stdout:Sep 23 08:46:41 smithi082 ceph-mon[97694]: from='mgr.14100 172.21.15.82:0/551985843' entity='mgr.x' cmd=[{"prefix": "mon metadata", "id": "a"}]: dispatch
2023-09-23T08:46:41.871 INFO:journalctl@ceph.mon.a.smithi082.stdout:Sep 23 08:46:41 smithi082 ceph-mon[97694]: from='mgr.14100 172.21.15.82:0/551985843' entity='mgr.x' cmd=[{"prefix": "mgr metadata", "who": "x", "id": "x"}]: dispatch
2023-09-23T08:46:41.872 INFO:journalctl@ceph.mon.a.smithi082.stdout:Sep 23 08:46:41 smithi082 ceph-mon[97694]: Manager daemon x is now available
2023-09-23T08:46:41.872 INFO:journalctl@ceph.mon.a.smithi082.stdout:Sep 23 08:46:41 smithi082 ceph-mon[97694]: from='mgr.14100 172.21.15.82:0/551985843' entity='mgr.x' cmd=[{"prefix":"config rm","who":"mgr","name":"mgr/rbd_support/x/mirror_snapshot_schedule"}]: dispatch
2023-09-23T08:46:41.872 INFO:journalctl@ceph.mon.a.smithi082.stdout:Sep 23 08:46:41 smithi082 ceph-mon[97694]: from='mgr.14100 172.21.15.82:0/551985843' entity='mgr.x' cmd=[{"prefix":"config rm","who":"mgr","name":"mgr/rbd_support/x/trash_purge_schedule"}]: dispatch
2023-09-23T08:46:41.872 INFO:journalctl@ceph.mon.a.smithi082.stdout:Sep 23 08:46:41 smithi082 ceph-mon[97694]: from='mgr.14100 172.21.15.82:0/551985843' entity='mgr.x'
2023-09-23T08:46:41.872 INFO:journalctl@ceph.mon.a.smithi082.stdout:Sep 23 08:46:41 smithi082 ceph-mon[97694]: from='mgr.14100 172.21.15.82:0/551985843' entity='mgr.x'
2023-09-23T08:46:41.872 INFO:journalctl@ceph.mon.a.smithi082.stdout:Sep 23 08:46:41 smithi082 ceph-mon[97694]: from='mgr.14100 172.21.15.82:0/551985843' entity='mgr.x'
2023-09-23T08:46:43.871 INFO:journalctl@ceph.mon.a.smithi082.stdout:Sep 23 08:46:43 smithi082 ceph-mon[97694]: mgrmap e3: x(active, since 1.00883s)
2023-09-23T08:46:43.871 INFO:journalctl@ceph.mon.a.smithi082.stdout:Sep 23 08:46:43 smithi082 ceph-mon[97694]: from='client.? 172.21.15.82:0/3359025427' entity='client.admin' cmd=[{"prefix": "status", "format": "json-pretty"}]: dispatch
2023-09-23T08:46:43.874 INFO:teuthology.orchestra.run.smithi082.stdout:/usr/bin/ceph: stdout
2023-09-23T08:46:43.874 INFO:teuthology.orchestra.run.smithi082.stdout:/usr/bin/ceph: stdout {
2023-09-23T08:46:43.875 INFO:teuthology.orchestra.run.smithi082.stdout:/usr/bin/ceph: stdout "fsid": "8926e286-59ed-11ee-8db4-212e2dc638e7",
2023-09-23T08:46:43.875 INFO:teuthology.orchestra.run.smithi082.stdout:/usr/bin/ceph: stdout "health": {
2023-09-23T08:46:43.875 INFO:teuthology.orchestra.run.smithi082.stdout:/usr/bin/ceph: stdout "status": "HEALTH_OK",
2023-09-23T08:46:43.875 INFO:teuthology.orchestra.run.smithi082.stdout:/usr/bin/ceph: stdout "checks": {},
2023-09-23T08:46:43.875 INFO:teuthology.orchestra.run.smithi082.stdout:/usr/bin/ceph: stdout "mutes": []
2023-09-23T08:46:43.875 INFO:teuthology.orchestra.run.smithi082.stdout:/usr/bin/ceph: stdout },
2023-09-23T08:46:43.875 INFO:teuthology.orchestra.run.smithi082.stdout:/usr/bin/ceph: stdout "election_epoch": 5,
2023-09-23T08:46:43.875 INFO:teuthology.orchestra.run.smithi082.stdout:/usr/bin/ceph: stdout "quorum": [
2023-09-23T08:46:43.875 INFO:teuthology.orchestra.run.smithi082.stdout:/usr/bin/ceph: stdout 0
2023-09-23T08:46:43.875 INFO:teuthology.orchestra.run.smithi082.stdout:/usr/bin/ceph: stdout ],
2023-09-23T08:46:43.875 INFO:teuthology.orchestra.run.smithi082.stdout:/usr/bin/ceph: stdout "quorum_names": [
2023-09-23T08:46:43.875 INFO:teuthology.orchestra.run.smithi082.stdout:/usr/bin/ceph: stdout "a"
2023-09-23T08:46:43.876 INFO:teuthology.orchestra.run.smithi082.stdout:/usr/bin/ceph: stdout ],
2023-09-23T08:46:43.876 INFO:teuthology.orchestra.run.smithi082.stdout:/usr/bin/ceph: stdout "quorum_age": 12,
2023-09-23T08:46:43.876 INFO:teuthology.orchestra.run.smithi082.stdout:/usr/bin/ceph: stdout "monmap": {
2023-09-23T08:46:43.876 INFO:teuthology.orchestra.run.smithi082.stdout:/usr/bin/ceph: stdout "epoch": 1,
2023-09-23T08:46:43.876 INFO:teuthology.orchestra.run.smithi082.stdout:/usr/bin/ceph: stdout "min_mon_release_name": "reef",
2023-09-23T08:46:43.876 INFO:teuthology.orchestra.run.smithi082.stdout:/usr/bin/ceph: stdout "num_mons": 1
2023-09-23T08:46:43.876 INFO:teuthology.orchestra.run.smithi082.stdout:/usr/bin/ceph: stdout },
2023-09-23T08:46:43.876 INFO:teuthology.orchestra.run.smithi082.stdout:/usr/bin/ceph: stdout "osdmap": {
2023-09-23T08:46:43.876 INFO:teuthology.orchestra.run.smithi082.stdout:/usr/bin/ceph: stdout "epoch": 1,
2023-09-23T08:46:43.876 INFO:teuthology.orchestra.run.smithi082.stdout:/usr/bin/ceph: stdout "num_osds": 0,
2023-09-23T08:46:43.876 INFO:teuthology.orchestra.run.smithi082.stdout:/usr/bin/ceph: stdout "num_up_osds": 0,
2023-09-23T08:46:43.884 INFO:teuthology.orchestra.run.smithi082.stdout:/usr/bin/ceph: stdout "osd_up_since": 0,
2023-09-23T08:46:43.885 INFO:teuthology.orchestra.run.smithi082.stdout:/usr/bin/ceph: stdout "num_in_osds": 0,
2023-09-23T08:46:43.885 INFO:teuthology.orchestra.run.smithi082.stdout:/usr/bin/ceph: stdout "osd_in_since": 0,
2023-09-23T08:46:43.885 INFO:teuthology.orchestra.run.smithi082.stdout:/usr/bin/ceph: stdout "num_remapped_pgs": 0
2023-09-23T08:46:43.885 INFO:teuthology.orchestra.run.smithi082.stdout:/usr/bin/ceph: stdout },
2023-09-23T08:46:43.885 INFO:teuthology.orchestra.run.smithi082.stdout:/usr/bin/ceph: stdout "pgmap": {
2023-09-23T08:46:43.885 INFO:teuthology.orchestra.run.smithi082.stdout:/usr/bin/ceph: stdout "pgs_by_state": [],
2023-09-23T08:46:43.885 INFO:teuthology.orchestra.run.smithi082.stdout:/usr/bin/ceph: stdout "num_pgs": 0,
2023-09-23T08:46:43.885 INFO:teuthology.orchestra.run.smithi082.stdout:/usr/bin/ceph: stdout "num_pools": 0,
2023-09-23T08:46:43.885 INFO:teuthology.orchestra.run.smithi082.stdout:/usr/bin/ceph: stdout "num_objects": 0,
2023-09-23T08:46:43.885 INFO:teuthology.orchestra.run.smithi082.stdout:/usr/bin/ceph: stdout "data_bytes": 0,
2023-09-23T08:46:43.885 INFO:teuthology.orchestra.run.smithi082.stdout:/usr/bin/ceph: stdout "bytes_used": 0,
2023-09-23T08:46:43.886 INFO:teuthology.orchestra.run.smithi082.stdout:/usr/bin/ceph: stdout "bytes_avail": 0,
2023-09-23T08:46:43.886 INFO:teuthology.orchestra.run.smithi082.stdout:/usr/bin/ceph: stdout "bytes_total": 0
2023-09-23T08:46:43.886 INFO:teuthology.orchestra.run.smithi082.stdout:/usr/bin/ceph: stdout },
2023-09-23T08:46:43.886 INFO:teuthology.orchestra.run.smithi082.stdout:/usr/bin/ceph: stdout "fsmap": {
2023-09-23T08:46:43.886 INFO:teuthology.orchestra.run.smithi082.stdout:/usr/bin/ceph: stdout "epoch": 1,
2023-09-23T08:46:43.886 INFO:teuthology.orchestra.run.smithi082.stdout:/usr/bin/ceph: stdout "by_rank": [],
2023-09-23T08:46:43.886 INFO:teuthology.orchestra.run.smithi082.stdout:/usr/bin/ceph: stdout "up:standby": 0
2023-09-23T08:46:43.886 INFO:teuthology.orchestra.run.smithi082.stdout:/usr/bin/ceph: stdout },
2023-09-23T08:46:43.886 INFO:teuthology.orchestra.run.smithi082.stdout:/usr/bin/ceph: stdout "mgrmap": {
2023-09-23T08:46:43.886 INFO:teuthology.orchestra.run.smithi082.stdout:/usr/bin/ceph: stdout "available": true,
2023-09-23T08:46:43.886 INFO:teuthology.orchestra.run.smithi082.stdout:/usr/bin/ceph: stdout "num_standbys": 0,
2023-09-23T08:46:43.886 INFO:teuthology.orchestra.run.smithi082.stdout:/usr/bin/ceph: stdout "modules": [
2023-09-23T08:46:43.886 INFO:teuthology.orchestra.run.smithi082.stdout:/usr/bin/ceph: stdout "iostat",
2023-09-23T08:46:43.887 INFO:teuthology.orchestra.run.smithi082.stdout:/usr/bin/ceph: stdout "nfs",
2023-09-23T08:46:43.887 INFO:teuthology.orchestra.run.smithi082.stdout:/usr/bin/ceph: stdout "restful"
2023-09-23T08:46:43.887 INFO:teuthology.orchestra.run.smithi082.stdout:/usr/bin/ceph: stdout ],
2023-09-23T08:46:43.887 INFO:teuthology.orchestra.run.smithi082.stdout:/usr/bin/ceph: stdout "services": {}
2023-09-23T08:46:43.887 INFO:teuthology.orchestra.run.smithi082.stdout:/usr/bin/ceph: stdout },
2023-09-23T08:46:43.887 INFO:teuthology.orchestra.run.smithi082.stdout:/usr/bin/ceph: stdout "servicemap": {
2023-09-23T08:46:43.887 INFO:teuthology.orchestra.run.smithi082.stdout:/usr/bin/ceph: stdout "epoch": 1,
2023-09-23T08:46:43.887 INFO:teuthology.orchestra.run.smithi082.stdout:/usr/bin/ceph: stdout "modified": "2023-09-23T08:46:16.628578+0000",
2023-09-23T08:46:43.887 INFO:teuthology.orchestra.run.smithi082.stdout:/usr/bin/ceph: stdout "services": {}
2023-09-23T08:46:43.887 INFO:teuthology.orchestra.run.smithi082.stdout:/usr/bin/ceph: stdout },
2023-09-23T08:46:43.887 INFO:teuthology.orchestra.run.smithi082.stdout:/usr/bin/ceph: stdout "progress_events": {}
2023-09-23T08:46:43.887 INFO:teuthology.orchestra.run.smithi082.stdout:/usr/bin/ceph: stdout }
2023-09-23T08:46:43.888 INFO:teuthology.orchestra.run.smithi082.stdout:/usr/bin/ceph: stderr
2023-09-23T08:46:43.135+0000 7f9699194700 1 Processor -- start
2023-09-23T08:46:43.888 INFO:teuthology.orchestra.run.smithi082.stdout:/usr/bin/ceph: stderr
2023-09-23T08:46:43.135+0000 7f9699194700 1 -- start start
2023-09-23T08:46:43.888 INFO:teuthology.orchestra.run.smithi082.stdout:/usr/bin/ceph: stderr
2023-09-23T08:46:43.136+0000 7f9699194700 1 --2- >> [v2:172.21.15.82:3300/0,v1:172.21.15.82:6789/0] conn(0x7f96941060d0 0x7f96941064f0 unknown :-1 s=NONE pgs=0 cs=0 l=0 rev1=0 crypto rx=0 tx=0 comp rx=0 tx=0).connect
2023-09-23T08:46:43.888 INFO:teuthology.orchestra.run.smithi082.stdout:/usr/bin/ceph: stderr
2023-09-23T08:46:43.136+0000 7f9699194700 1 -- --> [v2:172.21.15.82:3300/0,v1:172.21.15.82:6789/0] -- mon_getmap magic: 0 v1 -- 0x7f9694106ac0 con 0x7f96941060d0
2023-09-23T08:46:43.888 INFO:teuthology.orchestra.run.smithi082.stdout:/usr/bin/ceph: stderr
2023-09-23T08:46:43.136+0000 7f9692d9d700 1 --2- >> [v2:172.21.15.82:3300/0,v1:172.21.15.82:6789/0] conn(0x7f96941060d0 0x7f96941064f0 unknown :-1 s=BANNER_CONNECTING pgs=0 cs=0 l=0 rev1=0 crypto rx=0 tx=0 comp rx=0 tx=0)._handle_peer_banner_payload supported=3 required=0
2023-09-23T08:46:43.888 INFO:teuthology.orchestra.run.smithi082.stdout:/usr/bin/ceph: stderr
2023-09-23T08:46:43.136+0000 7f9692d9d700 1 --2- >> [v2:172.21.15.82:3300/0,v1:172.21.15.82:6789/0] conn(0x7f96941060d0 0x7f96941064f0 unknown :-1 s=HELLO_CONNECTING pgs=0 cs=0 l=0 rev1=1 crypto rx=0 tx=0 comp rx=0 tx=0).handle_hello peer v2:172.21.15.82:3300/0 says I am v2:172.21.15.82:32880/0 (socket says 172.21.15.82:32880)
2023-09-23T08:46:43.888 INFO:teuthology.orchestra.run.smithi082.stdout:/usr/bin/ceph: stderr
2023-09-23T08:46:43.136+0000 7f9692d9d700 1 -- 172.21.15.82:0/379809718 learned_addr learned my addr 172.21.15.82:0/379809718 (peer_addr_for_me v2:172.21.15.82:0/0)
2023-09-23T08:46:43.888 INFO:teuthology.orchestra.run.smithi082.stdout:/usr/bin/ceph: stderr
2023-09-23T08:46:43.136+0000 7f9692d9d700 1 -- 172.21.15.82:0/379809718 --> [v2:172.21.15.82:3300/0,v1:172.21.15.82:6789/0] -- mon_subscribe({config=0+,monmap=0+}) v3 -- 0x7f96941072d0 con 0x7f96941060d0
2023-09-23T08:46:43.888 INFO:teuthology.orchestra.run.smithi082.stdout:/usr/bin/ceph: stderr
2023-09-23T08:46:43.137+0000 7f9692d9d700 1 --2- 172.21.15.82:0/379809718 >> [v2:172.21.15.82:3300/0,v1:172.21.15.82:6789/0] conn(0x7f96941060d0 0x7f96941064f0 secure :-1 s=READY pgs=18 cs=0 l=1 rev1=1 crypto rx=0x7f96840098a0 tx=0x7f9684009bb0 comp rx=0 tx=0).ready entity=mon.0 client_cookie=bb6ae07a5dc66058 server_cookie=0 in_seq=0 out_seq=0
2023-09-23T08:46:43.888 INFO:teuthology.orchestra.run.smithi082.stdout:/usr/bin/ceph: stderr
2023-09-23T08:46:43.137+0000 7f9691d9b700 1 -- 172.21.15.82:0/379809718 <== mon.0 v2:172.21.15.82:3300/0 1 ==== mon_map magic: 0 v1 ==== 205+0+0 (secure 0 0 0) 0x7f9684004160 con 0x7f96941060d0
2023-09-23T08:46:43.888 INFO:teuthology.orchestra.run.smithi082.stdout:/usr/bin/ceph: stderr
2023-09-23T08:46:43.137+0000 7f9691d9b700 1 -- 172.21.15.82:0/379809718 <== mon.0 v2:172.21.15.82:3300/0 2 ==== config(25 keys) v1 ==== 1036+0+0 (secure 0 0 0) 0x7f96840042c0 con 0x7f96941060d0
2023-09-23T08:46:43.888 INFO:teuthology.orchestra.run.smithi082.stdout:/usr/bin/ceph: stderr
2023-09-23T08:46:43.137+0000 7f9691d9b700 1 -- 172.21.15.82:0/379809718 <== mon.0 v2:172.21.15.82:3300/0 3 ==== mon_map magic: 0 v1 ==== 205+0+0 (secure 0 0 0) 0x7f9684011940 con 0x7f96941060d0
2023-09-23T08:46:43.889 INFO:teuthology.orchestra.run.smithi082.stdout:/usr/bin/ceph: stderr
2023-09-23T08:46:43.137+0000 7f9699194700 1 -- 172.21.15.82:0/379809718 >> [v2:172.21.15.82:3300/0,v1:172.21.15.82:6789/0] conn(0x7f96941060d0 msgr2=0x7f96941064f0 secure :-1 s=STATE_CONNECTION_ESTABLISHED l=1).mark_down
2023-09-23T08:46:43.889 INFO:teuthology.orchestra.run.smithi082.stdout:/usr/bin/ceph: stderr
2023-09-23T08:46:43.137+0000 7f9699194700 1 --2- 172.21.15.82:0/379809718 >> [v2:172.21.15.82:3300/0,v1:172.21.15.82:6789/0] conn(0x7f96941060d0 0x7f96941064f0 secure :-1 s=READY pgs=18 cs=0 l=1 rev1=1 crypto rx=0x7f96840098a0 tx=0x7f9684009bb0 comp rx=0 tx=0).stop
2023-09-23T08:46:43.889 INFO:teuthology.orchestra.run.smithi082.stdout:/usr/bin/ceph: stderr
2023-09-23T08:46:43.138+0000 7f9699194700 1 -- 172.21.15.82:0/379809718 shutdown_connections
2023-09-23T08:46:43.889 INFO:teuthology.orchestra.run.smithi082.stdout:/usr/bin/ceph: stderr
2023-09-23T08:46:43.138+0000 7f9699194700 1 --2- 172.21.15.82:0/379809718 >> [v2:172.21.15.82:3300/0,v1:172.21.15.82:6789/0] conn(0x7f96941060d0 0x7f96941064f0 unknown :-1 s=CLOSED pgs=18 cs=0 l=1 rev1=1 crypto rx=0 tx=0 comp rx=0 tx=0).stop
2023-09-23T08:46:43.889 INFO:teuthology.orchestra.run.smithi082.stdout:/usr/bin/ceph: stderr
2023-09-23T08:46:43.138+0000 7f9699194700 1 -- 172.21.15.82:0/379809718 >> 172.21.15.82:0/379809718 conn(0x7f96941016b0 msgr2=0x7f9694103ad0 unknown :-1 s=STATE_NONE l=0).mark_down
2023-09-23T08:46:43.889 INFO:teuthology.orchestra.run.smithi082.stdout:/usr/bin/ceph: stderr
2023-09-23T08:46:43.138+0000 7f9699194700 1 -- 172.21.15.82:0/379809718 shutdown_connections
2023-09-23T08:46:43.889 INFO:teuthology.orchestra.run.smithi082.stdout:/usr/bin/ceph: stderr
2023-09-23T08:46:43.138+0000 7f9699194700 1 -- 172.21.15.82:0/379809718 wait complete.
2023-09-23T08:46:43.889 INFO:teuthology.orchestra.run.smithi082.stdout:/usr/bin/ceph: stderr
2023-09-23T08:46:43.139+0000 7f9699194700 1 Processor -- start
2023-09-23T08:46:43.889 INFO:teuthology.orchestra.run.smithi082.stdout:/usr/bin/ceph: stderr
2023-09-23T08:46:43.139+0000 7f9699194700 1 -- start start
2023-09-23T08:46:43.889 INFO:teuthology.orchestra.run.smithi082.stdout:/usr/bin/ceph: stderr
2023-09-23T08:46:43.139+0000 7f9699194700 1 --2- >> [v2:172.21.15.82:3300/0,v1:172.21.15.82:6789/0] conn(0x7f96941060d0 0x7f9694199d10 unknown :-1 s=NONE pgs=0 cs=0 l=1 rev1=0 crypto rx=0 tx=0 comp rx=0 tx=0).connect
2023-09-23T08:46:43.889 INFO:teuthology.orchestra.run.smithi082.stdout:/usr/bin/ceph: stderr
2023-09-23T08:46:43.139+0000 7f9699194700 1 -- --> [v2:172.21.15.82:3300/0,v1:172.21.15.82:6789/0] -- mon_getmap magic: 0 v1 -- 0x7f969419a250 con 0x7f96941060d0
2023-09-23T08:46:43.889 INFO:teuthology.orchestra.run.smithi082.stdout:/usr/bin/ceph: stderr
2023-09-23T08:46:43.139+0000 7f9692d9d700 1 --2- >> [v2:172.21.15.82:3300/0,v1:172.21.15.82:6789/0] conn(0x7f96941060d0 0x7f9694199d10 unknown :-1 s=BANNER_CONNECTING pgs=0 cs=0 l=1 rev1=0 crypto rx=0 tx=0 comp rx=0 tx=0)._handle_peer_banner_payload supported=3 required=0
2023-09-23T08:46:43.890 INFO:teuthology.orchestra.run.smithi082.stdout:/usr/bin/ceph: stderr
2023-09-23T08:46:43.139+0000 7f9692d9d700 1 --2- >> [v2:172.21.15.82:3300/0,v1:172.21.15.82:6789/0] conn(0x7f96941060d0 0x7f9694199d10 unknown :-1 s=HELLO_CONNECTING pgs=0 cs=0 l=1 rev1=1 crypto rx=0 tx=0 comp rx=0 tx=0).handle_hello peer v2:172.21.15.82:3300/0 says I am v2:172.21.15.82:32884/0 (socket says 172.21.15.82:32884)
2023-09-23T08:46:43.890 INFO:teuthology.orchestra.run.smithi082.stdout:/usr/bin/ceph: stderr
2023-09-23T08:46:43.139+0000 7f9692d9d700 1 -- 172.21.15.82:0/3359025427 learned_addr learned my addr 172.21.15.82:0/3359025427 (peer_addr_for_me v2:172.21.15.82:0/0)
2023-09-23T08:46:43.890 INFO:teuthology.orchestra.run.smithi082.stdout:/usr/bin/ceph: stderr
2023-09-23T08:46:43.140+0000 7f9692d9d700 1 -- 172.21.15.82:0/3359025427 --> [v2:172.21.15.82:3300/0,v1:172.21.15.82:6789/0] -- mon_subscribe({config=0+,monmap=0+}) v3 -- 0x7f9684009550 con 0x7f96941060d0
2023-09-23T08:46:43.890 INFO:teuthology.orchestra.run.smithi082.stdout:/usr/bin/ceph: stderr
2023-09-23T08:46:43.140+0000 7f9692d9d700 1 --2- 172.21.15.82:0/3359025427 >> [v2:172.21.15.82:3300/0,v1:172.21.15.82:6789/0] conn(0x7f96941060d0 0x7f9694199d10 secure :-1 s=READY pgs=19 cs=0 l=1 rev1=1 crypto rx=0x7f9684000c00 tx=0x7f9684011e70 comp rx=0 tx=0).ready entity=mon.0 client_cookie=0 server_cookie=0 in_seq=0 out_seq=0
2023-09-23T08:46:43.890 INFO:teuthology.orchestra.run.smithi082.stdout:/usr/bin/ceph: stderr
2023-09-23T08:46:43.140+0000 7f967bfff700 1 -- 172.21.15.82:0/3359025427 <== mon.0 v2:172.21.15.82:3300/0 1 ==== mon_map magic: 0 v1 ==== 205+0+0 (secure 0 0 0) 0x7f96840036a0 con 0x7f96941060d0
2023-09-23T08:46:43.890 INFO:teuthology.orchestra.run.smithi082.stdout:/usr/bin/ceph: stderr
2023-09-23T08:46:43.140+0000 7f967bfff700 1 -- 172.21.15.82:0/3359025427 <== mon.0 v2:172.21.15.82:3300/0 2 ==== config(25 keys) v1 ==== 1036+0+0 (secure 0 0 0) 0x7f968401b440 con 0x7f96941060d0
2023-09-23T08:46:43.890 INFO:teuthology.orchestra.run.smithi082.stdout:/usr/bin/ceph: stderr
2023-09-23T08:46:43.140+0000 7f967bfff700 1 -- 172.21.15.82:0/3359025427 <== mon.0 v2:172.21.15.82:3300/0 3 ==== mon_map magic: 0 v1 ==== 205+0+0 (secure 0 0 0) 0x7f96840193f0 con 0x7f96941060d0
2023-09-23T08:46:43.890 INFO:teuthology.orchestra.run.smithi082.stdout:/usr/bin/ceph: stderr
2023-09-23T08:46:43.140+0000 7f9699194700 1 -- 172.21.15.82:0/3359025427 --> [v2:172.21.15.82:3300/0,v1:172.21.15.82:6789/0] -- mon_subscribe({mgrmap=0+}) v3 -- 0x7f969419a450 con 0x7f96941060d0
2023-09-23T08:46:43.890 INFO:teuthology.orchestra.run.smithi082.stdout:/usr/bin/ceph: stderr
2023-09-23T08:46:43.140+0000 7f9699194700 1 -- 172.21.15.82:0/3359025427 --> [v2:172.21.15.82:3300/0,v1:172.21.15.82:6789/0] -- mon_subscribe({osdmap=0}) v3 -- 0x7f969419a870 con 0x7f96941060d0
2023-09-23T08:46:43.890 INFO:teuthology.orchestra.run.smithi082.stdout:/usr/bin/ceph: stderr
2023-09-23T08:46:43.141+0000 7f967bfff700 1 -- 172.21.15.82:0/3359025427 <== mon.0 v2:172.21.15.82:3300/0 4 ==== mgrmap(e 3) v1 ==== 45018+0+0 (secure 0 0 0) 0x7f968401b5b0 con 0x7f96941060d0
2023-09-23T08:46:43.890 INFO:teuthology.orchestra.run.smithi082.stdout:/usr/bin/ceph: stderr
2023-09-23T08:46:43.141+0000 7f9699194700 1 -- 172.21.15.82:0/3359025427 --> [v2:172.21.15.82:3300/0,v1:172.21.15.82:6789/0] -- mon_command({"prefix": "get_command_descriptions"} v 0) v1 -- 0x7f9694061f50 con 0x7f96941060d0
2023-09-23T08:46:43.891 INFO:teuthology.orchestra.run.smithi082.stdout:/usr/bin/ceph: stderr
2023-09-23T08:46:43.142+0000 7f967bfff700 1 --2- 172.21.15.82:0/3359025427 >> [v2:172.21.15.82:6800/3761509623,v1:172.21.15.82:6801/3761509623] conn(0x7f967c037fe0 0x7f967c03a4a0 unknown :-1 s=NONE pgs=0 cs=0 l=1 rev1=0 crypto rx=0 tx=0 comp rx=0 tx=0).connect
2023-09-23T08:46:43.891 INFO:teuthology.orchestra.run.smithi082.stdout:/usr/bin/ceph: stderr
2023-09-23T08:46:43.142+0000 7f967bfff700 1 -- 172.21.15.82:0/3359025427 <== mon.0 v2:172.21.15.82:3300/0 5 ==== osd_map(1..1 src has 1..1) v4 ==== 725+0+0 (secure 0 0 0) 0x7f968404bb60 con 0x7f96941060d0
2023-09-23T08:46:43.891 INFO:teuthology.orchestra.run.smithi082.stdout:/usr/bin/ceph: stderr
2023-09-23T08:46:43.142+0000 7f969259c700 1 --2- 172.21.15.82:0/3359025427 >> [v2:172.21.15.82:6800/3761509623,v1:172.21.15.82:6801/3761509623] conn(0x7f967c037fe0 0x7f967c03a4a0 unknown :-1 s=BANNER_CONNECTING pgs=0 cs=0 l=1 rev1=0 crypto rx=0 tx=0 comp rx=0 tx=0)._handle_peer_banner_payload supported=3 required=0
2023-09-23T08:46:43.891 INFO:teuthology.orchestra.run.smithi082.stdout:/usr/bin/ceph: stderr
2023-09-23T08:46:43.143+0000 7f969259c700 1 --2- 172.21.15.82:0/3359025427 >> [v2:172.21.15.82:6800/3761509623,v1:172.21.15.82:6801/3761509623] conn(0x7f967c037fe0 0x7f967c03a4a0 secure :-1 s=READY pgs=6 cs=0 l=1 rev1=1 crypto rx=0x7f9688006fd0 tx=0x7f9688006e40 comp rx=0 tx=0).ready entity=mgr.14100 client_cookie=0 server_cookie=0 in_seq=0 out_seq=0
2023-09-23T08:46:43.891 INFO:teuthology.orchestra.run.smithi082.stdout:/usr/bin/ceph: stderr
2023-09-23T08:46:43.148+0000 7f967bfff700 1 -- 172.21.15.82:0/3359025427 <== mon.0 v2:172.21.15.82:3300/0 6 ==== mon_command_ack([{"prefix": "get_command_descriptions"}]=0 v0) v1 ==== 72+0+179682 (secure 0 0 0) 0x7f9684022950 con 0x7f96941060d0
2023-09-23T08:46:43.891 INFO:teuthology.orchestra.run.smithi082.stdout:/usr/bin/ceph: stderr
2023-09-23T08:46:43.417+0000 7f9699194700 1 -- 172.21.15.82:0/3359025427 --> [v2:172.21.15.82:3300/0,v1:172.21.15.82:6789/0] -- mon_command({"prefix": "status", "format": "json-pretty"} v 0) v1 -- 0x7f969410a5a0 con 0x7f96941060d0
2023-09-23T08:46:43.891 INFO:teuthology.orchestra.run.smithi082.stdout:/usr/bin/ceph: stderr
2023-09-23T08:46:43.418+0000 7f967bfff700 1 -- 172.21.15.82:0/3359025427 <== mon.0 v2:172.21.15.82:3300/0 7 ==== mon_command_ack([{"prefix": "status", "format": "json-pretty"}]=0 v0) v1 ==== 79+0+1238 (secure 0 0 0) 0x7f968401f070 con 0x7f96941060d0
2023-09-23T08:46:43.891 INFO:teuthology.orchestra.run.smithi082.stdout:/usr/bin/ceph: stderr
2023-09-23T08:46:43.420+0000 7f9699194700 1 -- 172.21.15.82:0/3359025427 >> [v2:172.21.15.82:6800/3761509623,v1:172.21.15.82:6801/3761509623] conn(0x7f967c037fe0 msgr2=0x7f967c03a4a0 secure :-1 s=STATE_CONNECTION_ESTABLISHED l=1).mark_down
2023-09-23T08:46:43.891 INFO:teuthology.orchestra.run.smithi082.stdout:/usr/bin/ceph: stderr
2023-09-23T08:46:43.420+0000 7f9699194700 1 --2- 172.21.15.82:0/3359025427 >> [v2:172.21.15.82:6800/3761509623,v1:172.21.15.82:6801/3761509623] conn(0x7f967c037fe0 0x7f967c03a4a0 secure :-1 s=READY pgs=6 cs=0 l=1 rev1=1 crypto rx=0x7f9688006fd0 tx=0x7f9688006e40 comp rx=0 tx=0).stop
2023-09-23T08:46:43.891 INFO:teuthology.orchestra.run.smithi082.stdout:/usr/bin/ceph: stderr
2023-09-23T08:46:43.420+0000 7f9699194700 1 -- 172.21.15.82:0/3359025427 >> [v2:172.21.15.82:3300/0,v1:172.21.15.82:6789/0] conn(0x7f96941060d0 msgr2=0x7f9694199d10 secure :-1 s=STATE_CONNECTION_ESTABLISHED l=1).mark_down
2023-09-23T08:46:43.891 INFO:teuthology.orchestra.run.smithi082.stdout:/usr/bin/ceph: stderr
2023-09-23T08:46:43.420+0000 7f9699194700 1 --2- 172.21.15.82:0/3359025427 >> [v2:172.21.15.82:3300/0,v1:172.21.15.82:6789/0] conn(0x7f96941060d0 0x7f9694199d10 secure :-1 s=READY pgs=19 cs=0 l=1 rev1=1 crypto rx=0x7f9684000c00 tx=0x7f9684011e70 comp rx=0 tx=0).stop
2023-09-23T08:46:43.891 INFO:teuthology.orchestra.run.smithi082.stdout:/usr/bin/ceph: stderr
2023-09-23T08:46:43.420+0000 7f9699194700 1 -- 172.21.15.82:0/3359025427 shutdown_connections
2023-09-23T08:46:43.892 INFO:teuthology.orchestra.run.smithi082.stdout:/usr/bin/ceph: stderr
2023-09-23T08:46:43.420+0000 7f9699194700 1 --2- 172.21.15.82:0/3359025427 >> [v2:172.21.15.82:6800/3761509623,v1:172.21.15.82:6801/3761509623] conn(0x7f967c037fe0 0x7f967c03a4a0 unknown :-1 s=CLOSED pgs=6 cs=0 l=1 rev1=1 crypto rx=0 tx=0 comp rx=0 tx=0).stop
2023-09-23T08:46:43.892 INFO:teuthology.orchestra.run.smithi082.stdout:/usr/bin/ceph: stderr
2023-09-23T08:46:43.420+0000 7f9699194700 1 --2- 172.21.15.82:0/3359025427 >> [v2:172.21.15.82:3300/0,v1:172.21.15.82:6789/0] conn(0x7f96941060d0 0x7f9694199d10 unknown :-1 s=CLOSED pgs=19 cs=0 l=1 rev1=1 crypto rx=0 tx=0 comp rx=0 tx=0).stop
2023-09-23T08:46:43.892 INFO:teuthology.orchestra.run.smithi082.stdout:/usr/bin/ceph: stderr
2023-09-23T08:46:43.420+0000 7f9699194700 1 -- 172.21.15.82:0/3359025427 >> 172.21.15.82:0/3359025427 conn(0x7f96941016b0 msgr2=0x7f9694102460 unknown :-1 s=STATE_NONE l=0).mark_down
2023-09-23T08:46:43.892 INFO:teuthology.orchestra.run.smithi082.stdout:/usr/bin/ceph: stderr
2023-09-23T08:46:43.420+0000 7f9699194700 1 -- 172.21.15.82:0/3359025427 shutdown_connections
2023-09-23T08:46:43.892 INFO:teuthology.orchestra.run.smithi082.stdout:/usr/bin/ceph: stderr
2023-09-23T08:46:43.420+0000 7f9699194700 1 -- 172.21.15.82:0/3359025427 wait complete.
2023-09-23T08:46:43.892 INFO:teuthology.orchestra.run.smithi082.stdout:mgr is available
2023-09-23T08:46:44.841 INFO:journalctl@ceph.mon.a.smithi082.stdout:Sep 23 08:46:44 smithi082 ceph-mon[97694]: mgrmap e4: x(active, since 2s)
2023-09-23T08:46:45.158 INFO:teuthology.orchestra.run.smithi082.stdout:/usr/bin/ceph: stdout
2023-09-23T08:46:45.165 INFO:teuthology.orchestra.run.smithi082.stdout:/usr/bin/ceph: stdout [global]
2023-09-23T08:46:45.165 INFO:teuthology.orchestra.run.smithi082.stdout:/usr/bin/ceph: stdout fsid = 8926e286-59ed-11ee-8db4-212e2dc638e7
2023-09-23T08:46:45.165 INFO:teuthology.orchestra.run.smithi082.stdout:/usr/bin/ceph: stdout mon_osd_allow_pg_remap = true
2023-09-23T08:46:45.165 INFO:teuthology.orchestra.run.smithi082.stdout:/usr/bin/ceph: stdout mon_osd_allow_primary_affinity = true
2023-09-23T08:46:45.165 INFO:teuthology.orchestra.run.smithi082.stdout:/usr/bin/ceph: stdout mon_warn_on_no_sortbitwise = false
2023-09-23T08:46:45.165 INFO:teuthology.orchestra.run.smithi082.stdout:/usr/bin/ceph: stdout osd_crush_chooseleaf_type = 0
2023-09-23T08:46:45.165 INFO:teuthology.orchestra.run.smithi082.stdout:/usr/bin/ceph: stdout
2023-09-23T08:46:45.165 INFO:teuthology.orchestra.run.smithi082.stdout:/usr/bin/ceph: stdout [mgr]
2023-09-23T08:46:45.165 INFO:teuthology.orchestra.run.smithi082.stdout:/usr/bin/ceph: stdout mgr/telemetry/nag = false
2023-09-23T08:46:45.165 INFO:teuthology.orchestra.run.smithi082.stdout:/usr/bin/ceph: stdout
2023-09-23T08:46:45.166 INFO:teuthology.orchestra.run.smithi082.stdout:/usr/bin/ceph: stdout [osd]
2023-09-23T08:46:45.166 INFO:teuthology.orchestra.run.smithi082.stdout:/usr/bin/ceph: stdout mon_osd_backfillfull_ratio = 0.85
2023-09-23T08:46:45.166 INFO:teuthology.orchestra.run.smithi082.stdout:/usr/bin/ceph: stdout mon_osd_full_ratio = 0.9
2023-09-23T08:46:45.166 INFO:teuthology.orchestra.run.smithi082.stdout:/usr/bin/ceph: stdout mon_osd_nearfull_ratio = 0.8
2023-09-23T08:46:45.166 INFO:teuthology.orchestra.run.smithi082.stdout:/usr/bin/ceph: stdout osd_map_max_advance = 10
2023-09-23T08:46:45.166 INFO:teuthology.orchestra.run.smithi082.stdout:/usr/bin/ceph: stdout osd_sloppy_crc = true
2023-09-23T08:46:45.166 INFO:teuthology.orchestra.run.smithi082.stdout:/usr/bin/ceph: stderr
2023-09-23T08:46:44.409+0000 7fda22929700 1 Processor -- start
2023-09-23T08:46:45.166 INFO:teuthology.orchestra.run.smithi082.stdout:/usr/bin/ceph: stderr
2023-09-23T08:46:44.409+0000 7fda22929700 1 -- start start
2023-09-23T08:46:45.166 INFO:teuthology.orchestra.run.smithi082.stdout:/usr/bin/ceph: stderr
2023-09-23T08:46:44.409+0000 7fda22929700 1 --2- >> [v2:172.21.15.82:3300/0,v1:172.21.15.82:6789/0] conn(0x7fda1c1060d0 0x7fda1c1064f0 unknown :-1 s=NONE pgs=0 cs=0 l=0 rev1=0 crypto rx=0 tx=0 comp rx=0 tx=0).connect
2023-09-23T08:46:45.166 INFO:teuthology.orchestra.run.smithi082.stdout:/usr/bin/ceph: stderr
2023-09-23T08:46:44.409+0000 7fda22929700 1 -- --> [v2:172.21.15.82:3300/0,v1:172.21.15.82:6789/0] -- mon_getmap magic: 0 v1 -- 0x7fda1c106ac0 con 0x7fda1c1060d0
2023-09-23T08:46:45.166 INFO:teuthology.orchestra.run.smithi082.stdout:/usr/bin/ceph: stderr
2023-09-23T08:46:44.410+0000 7fda1bfff700 1 --2- >> [v2:172.21.15.82:3300/0,v1:172.21.15.82:6789/0] conn(0x7fda1c1060d0 0x7fda1c1064f0 unknown :-1 s=BANNER_CONNECTING pgs=0 cs=0 l=0 rev1=0 crypto rx=0 tx=0 comp rx=0 tx=0)._handle_peer_banner_payload supported=3 required=0
2023-09-23T08:46:45.167 INFO:teuthology.orchestra.run.smithi082.stdout:/usr/bin/ceph: stderr
2023-09-23T08:46:44.410+0000 7fda1bfff700 1 --2- >> [v2:172.21.15.82:3300/0,v1:172.21.15.82:6789/0] conn(0x7fda1c1060d0 0x7fda1c1064f0 unknown :-1 s=HELLO_CONNECTING pgs=0 cs=0 l=0 rev1=1 crypto rx=0 tx=0 comp rx=0 tx=0).handle_hello peer v2:172.21.15.82:3300/0 says I am v2:172.21.15.82:32892/0 (socket says 172.21.15.82:32892)
2023-09-23T08:46:45.167 INFO:teuthology.orchestra.run.smithi082.stdout:/usr/bin/ceph: stderr
2023-09-23T08:46:44.410+0000 7fda1bfff700 1 -- 172.21.15.82:0/1863043697 learned_addr learned my addr 172.21.15.82:0/1863043697 (peer_addr_for_me v2:172.21.15.82:0/0)
2023-09-23T08:46:45.167 INFO:teuthology.orchestra.run.smithi082.stdout:/usr/bin/ceph: stderr
2023-09-23T08:46:44.410+0000 7fda1bfff700 1 -- 172.21.15.82:0/1863043697 --> [v2:172.21.15.82:3300/0,v1:172.21.15.82:6789/0] -- mon_subscribe({config=0+,monmap=0+}) v3 -- 0x7fda1c1072d0 con 0x7fda1c1060d0
2023-09-23T08:46:45.167 INFO:teuthology.orchestra.run.smithi082.stdout:/usr/bin/ceph: stderr
2023-09-23T08:46:44.410+0000 7fda1bfff700 1 --2- 172.21.15.82:0/1863043697 >> [v2:172.21.15.82:3300/0,v1:172.21.15.82:6789/0] conn(0x7fda1c1060d0 0x7fda1c1064f0 secure :-1 s=READY pgs=20 cs=0 l=1 rev1=1 crypto rx=0x7fda0c0098a0 tx=0x7fda0c009bb0 comp rx=0 tx=0).ready entity=mon.0 client_cookie=dbef516489d766a3 server_cookie=0 in_seq=0 out_seq=0
2023-09-23T08:46:45.167 INFO:teuthology.orchestra.run.smithi082.stdout:/usr/bin/ceph: stderr
2023-09-23T08:46:44.411+0000 7fda1affd700 1 -- 172.21.15.82:0/1863043697 <== mon.0 v2:172.21.15.82:3300/0 1 ==== mon_map magic: 0 v1 ==== 205+0+0 (secure 0 0 0) 0x7fda0c004160 con 0x7fda1c1060d0
2023-09-23T08:46:45.167 INFO:teuthology.orchestra.run.smithi082.stdout:/usr/bin/ceph: stderr
2023-09-23T08:46:44.411+0000 7fda1affd700 1 -- 172.21.15.82:0/1863043697 <== mon.0 v2:172.21.15.82:3300/0 2 ==== config(25 keys) v1 ==== 1036+0+0 (secure 0 0 0) 0x7fda0c0042c0 con 0x7fda1c1060d0
2023-09-23T08:46:45.167 INFO:teuthology.orchestra.run.smithi082.stdout:/usr/bin/ceph: stderr
2023-09-23T08:46:44.411+0000 7fda1affd700 1 -- 172.21.15.82:0/1863043697 <== mon.0 v2:172.21.15.82:3300/0 3 ==== mon_map magic: 0 v1 ==== 205+0+0 (secure 0 0 0) 0x7fda0c011940 con 0x7fda1c1060d0
2023-09-23T08:46:45.167 INFO:teuthology.orchestra.run.smithi082.stdout:/usr/bin/ceph: stderr
2023-09-23T08:46:44.411+0000 7fda22929700 1 -- 172.21.15.82:0/1863043697 >> [v2:172.21.15.82:3300/0,v1:172.21.15.82:6789/0] conn(0x7fda1c1060d0 msgr2=0x7fda1c1064f0 secure :-1 s=STATE_CONNECTION_ESTABLISHED l=1).mark_down
2023-09-23T08:46:45.167 INFO:teuthology.orchestra.run.smithi082.stdout:/usr/bin/ceph: stderr
2023-09-23T08:46:44.411+0000 7fda22929700 1 --2- 172.21.15.82:0/1863043697 >> [v2:172.21.15.82:3300/0,v1:172.21.15.82:6789/0] conn(0x7fda1c1060d0 0x7fda1c1064f0 secure :-1 s=READY pgs=20 cs=0 l=1 rev1=1 crypto rx=0x7fda0c0098a0 tx=0x7fda0c009bb0 comp rx=0 tx=0).stop
2023-09-23T08:46:45.167 INFO:teuthology.orchestra.run.smithi082.stdout:/usr/bin/ceph: stderr
2023-09-23T08:46:44.411+0000 7fda22929700 1 -- 172.21.15.82:0/1863043697 shutdown_connections
2023-09-23T08:46:45.167 INFO:teuthology.orchestra.run.smithi082.stdout:/usr/bin/ceph: stderr
2023-09-23T08:46:44.411+0000 7fda22929700 1 --2- 172.21.15.82:0/1863043697 >> [v2:172.21.15.82:3300/0,v1:172.21.15.82:6789/0] conn(0x7fda1c1060d0 0x7fda1c1064f0 unknown :-1 s=CLOSED pgs=20 cs=0 l=1 rev1=1 crypto rx=0 tx=0 comp rx=0 tx=0).stop
2023-09-23T08:46:45.167 INFO:teuthology.orchestra.run.smithi082.stdout:/usr/bin/ceph: stderr
2023-09-23T08:46:44.411+0000 7fda22929700 1 -- 172.21.15.82:0/1863043697 >> 172.21.15.82:0/1863043697 conn(0x7fda1c1016b0 msgr2=0x7fda1c103ad0 unknown :-1 s=STATE_NONE l=0).mark_down
2023-09-23T08:46:45.168 INFO:teuthology.orchestra.run.smithi082.stdout:/usr/bin/ceph: stderr
2023-09-23T08:46:44.411+0000 7fda22929700 1 -- 172.21.15.82:0/1863043697 shutdown_connections
2023-09-23T08:46:45.168 INFO:teuthology.orchestra.run.smithi082.stdout:/usr/bin/ceph: stderr
2023-09-23T08:46:44.411+0000 7fda22929700 1 -- 172.21.15.82:0/1863043697 wait complete.
2023-09-23T08:46:45.168 INFO:teuthology.orchestra.run.smithi082.stdout:/usr/bin/ceph: stderr
2023-09-23T08:46:44.413+0000 7fda22929700 1 Processor -- start
2023-09-23T08:46:45.168 INFO:teuthology.orchestra.run.smithi082.stdout:/usr/bin/ceph: stderr
2023-09-23T08:46:44.413+0000 7fda22929700 1 -- start start
2023-09-23T08:46:45.168 INFO:teuthology.orchestra.run.smithi082.stdout:/usr/bin/ceph: stderr
2023-09-23T08:46:44.413+0000 7fda22929700 1 --2- >> [v2:172.21.15.82:3300/0,v1:172.21.15.82:6789/0] conn(0x7fda1c1060d0 0x7fda1c19bee0 unknown :-1 s=NONE pgs=0 cs=0 l=1 rev1=0 crypto rx=0 tx=0 comp rx=0 tx=0).connect
2023-09-23T08:46:45.168 INFO:teuthology.orchestra.run.smithi082.stdout:/usr/bin/ceph: stderr
2023-09-23T08:46:44.413+0000 7fda22929700 1 -- --> [v2:172.21.15.82:3300/0,v1:172.21.15.82:6789/0] -- mon_getmap magic: 0 v1 -- 0x7fda1c19c420 con 0x7fda1c1060d0
2023-09-23T08:46:45.168 INFO:teuthology.orchestra.run.smithi082.stdout:/usr/bin/ceph: stderr
2023-09-23T08:46:44.414+0000 7fda1bfff700 1 --2- >> [v2:172.21.15.82:3300/0,v1:172.21.15.82:6789/0] conn(0x7fda1c1060d0 0x7fda1c19bee0 unknown :-1 s=BANNER_CONNECTING pgs=0 cs=0 l=1 rev1=0 crypto rx=0 tx=0 comp rx=0 tx=0)._handle_peer_banner_payload supported=3 required=0
2023-09-23T08:46:45.168 INFO:teuthology.orchestra.run.smithi082.stdout:/usr/bin/ceph: stderr
2023-09-23T08:46:44.414+0000 7fda1bfff700 1 --2- >> [v2:172.21.15.82:3300/0,v1:172.21.15.82:6789/0] conn(0x7fda1c1060d0 0x7fda1c19bee0 unknown :-1 s=HELLO_CONNECTING pgs=0 cs=0 l=1 rev1=1 crypto rx=0 tx=0 comp rx=0 tx=0).handle_hello peer v2:172.21.15.82:3300/0 says I am v2:172.21.15.82:32894/0 (socket says 172.21.15.82:32894)
2023-09-23T08:46:45.168 INFO:teuthology.orchestra.run.smithi082.stdout:/usr/bin/ceph: stderr
2023-09-23T08:46:44.414+0000 7fda1bfff700 1 -- 172.21.15.82:0/1368668420 learned_addr learned my addr 172.21.15.82:0/1368668420 (peer_addr_for_me v2:172.21.15.82:0/0)
2023-09-23T08:46:45.168 INFO:teuthology.orchestra.run.smithi082.stdout:/usr/bin/ceph: stderr
2023-09-23T08:46:44.414+0000 7fda1bfff700 1 -- 172.21.15.82:0/1368668420 --> [v2:172.21.15.82:3300/0,v1:172.21.15.82:6789/0] -- mon_subscribe({config=0+,monmap=0+}) v3 -- 0x7fda0c009550 con 0x7fda1c1060d0
2023-09-23T08:46:45.168 INFO:teuthology.orchestra.run.smithi082.stdout:/usr/bin/ceph: stderr
2023-09-23T08:46:44.414+0000 7fda1bfff700 1 --2- 172.21.15.82:0/1368668420 >> [v2:172.21.15.82:3300/0,v1:172.21.15.82:6789/0] conn(0x7fda1c1060d0 0x7fda1c19bee0 secure :-1 s=READY pgs=21 cs=0 l=1 rev1=1 crypto rx=0x7fda0c000c00 tx=0x7fda0c011e70 comp rx=0 tx=0).ready entity=mon.0 client_cookie=0 server_cookie=0 in_seq=0 out_seq=0
2023-09-23T08:46:45.168 INFO:teuthology.orchestra.run.smithi082.stdout:/usr/bin/ceph: stderr
2023-09-23T08:46:44.414+0000 7fda197fa700 1 -- 172.21.15.82:0/1368668420 <== mon.0 v2:172.21.15.82:3300/0 1 ==== mon_map magic: 0 v1 ==== 205+0+0 (secure 0 0 0) 0x7fda0c0036a0 con 0x7fda1c1060d0
2023-09-23T08:46:45.169 INFO:teuthology.orchestra.run.smithi082.stdout:/usr/bin/ceph: stderr
2023-09-23T08:46:44.415+0000 7fda197fa700 1 -- 172.21.15.82:0/1368668420 <== mon.0 v2:172.21.15.82:3300/0 2 ==== config(25 keys) v1 ==== 1036+0+0 (secure 0 0 0) 0x7fda0c01b440 con 0x7fda1c1060d0
2023-09-23T08:46:45.169 INFO:teuthology.orchestra.run.smithi082.stdout:/usr/bin/ceph: stderr
2023-09-23T08:46:44.415+0000 7fda22929700 1 -- 172.21.15.82:0/1368668420 --> [v2:172.21.15.82:3300/0,v1:172.21.15.82:6789/0] -- mon_subscribe({mgrmap=0+}) v3 -- 0x7fda1c19c620 con 0x7fda1c1060d0
2023-09-23T08:46:45.169 INFO:teuthology.orchestra.run.smithi082.stdout:/usr/bin/ceph: stderr
2023-09-23T08:46:44.415+0000 7fda197fa700 1 -- 172.21.15.82:0/1368668420 <== mon.0 v2:172.21.15.82:3300/0 3 ==== mon_map magic: 0 v1 ==== 205+0+0 (secure 0 0 0) 0x7fda0c0193f0 con 0x7fda1c1060d0
2023-09-23T08:46:45.169 INFO:teuthology.orchestra.run.smithi082.stdout:/usr/bin/ceph: stderr
2023-09-23T08:46:44.415+0000 7fda22929700 1 -- 172.21.15.82:0/1368668420 --> [v2:172.21.15.82:3300/0,v1:172.21.15.82:6789/0] -- mon_subscribe({osdmap=0}) v3 -- 0x7fda1c19ca40 con 0x7fda1c1060d0
2023-09-23T08:46:45.169 INFO:teuthology.orchestra.run.smithi082.stdout:/usr/bin/ceph: stderr
2023-09-23T08:46:44.416+0000 7fda197fa700 1 -- 172.21.15.82:0/1368668420 <== mon.0 v2:172.21.15.82:3300/0 4 ==== mgrmap(e 4) v1 ==== 45124+0+0 (secure 0 0 0) 0x7fda0c01b5b0 con 0x7fda1c1060d0
2023-09-23T08:46:45.169 INFO:teuthology.orchestra.run.smithi082.stdout:/usr/bin/ceph: stderr
2023-09-23T08:46:44.416+0000 7fda22929700 1 -- 172.21.15.82:0/1368668420 --> [v2:172.21.15.82:3300/0,v1:172.21.15.82:6789/0] -- mon_command({"prefix": "get_command_descriptions"} v 0) v1 -- 0x7fda1c061f50 con 0x7fda1c1060d0
2023-09-23T08:46:45.169 INFO:teuthology.orchestra.run.smithi082.stdout:/usr/bin/ceph: stderr
2023-09-23T08:46:44.416+0000 7fda197fa700 1 --2- 172.21.15.82:0/1368668420 >> [v2:172.21.15.82:6800/3761509623,v1:172.21.15.82:6801/3761509623] conn(0x7fda04038110 0x7fda0403a5d0 unknown :-1 s=NONE pgs=0 cs=0 l=1 rev1=0 crypto rx=0 tx=0 comp rx=0 tx=0).connect
2023-09-23T08:46:45.169 INFO:teuthology.orchestra.run.smithi082.stdout:/usr/bin/ceph: stderr
2023-09-23T08:46:44.416+0000 7fda197fa700 1 -- 172.21.15.82:0/1368668420 <== mon.0 v2:172.21.15.82:3300/0 5 ==== osd_map(1..1 src has 1..1) v4 ==== 725+0+0 (secure 0 0 0) 0x7fda0c04bd70 con 0x7fda1c1060d0
2023-09-23T08:46:45.169 INFO:teuthology.orchestra.run.smithi082.stdout:/usr/bin/ceph: stderr
2023-09-23T08:46:44.416+0000 7fda1b7fe700 1 --2- 172.21.15.82:0/1368668420 >> [v2:172.21.15.82:6800/3761509623,v1:172.21.15.82:6801/3761509623] conn(0x7fda04038110 0x7fda0403a5d0 unknown :-1 s=BANNER_CONNECTING pgs=0 cs=0 l=1 rev1=0 crypto rx=0 tx=0 comp rx=0 tx=0)._handle_peer_banner_payload supported=3 required=0
2023-09-23T08:46:45.169 INFO:teuthology.orchestra.run.smithi082.stdout:/usr/bin/ceph: stderr
2023-09-23T08:46:44.417+0000 7fda1b7fe700 1 --2- 172.21.15.82:0/1368668420 >> [v2:172.21.15.82:6800/3761509623,v1:172.21.15.82:6801/3761509623] conn(0x7fda04038110 0x7fda0403a5d0 secure :-1 s=READY pgs=7 cs=0 l=1 rev1=1 crypto rx=0x7fda10006fd0 tx=0x7fda10006e40 comp rx=0 tx=0).ready entity=mgr.14100 client_cookie=0 server_cookie=0 in_seq=0 out_seq=0
2023-09-23T08:46:45.169 INFO:teuthology.orchestra.run.smithi082.stdout:/usr/bin/ceph: stderr
2023-09-23T08:46:44.421+0000 7fda197fa700 1 -- 172.21.15.82:0/1368668420 <== mon.0 v2:172.21.15.82:3300/0 6 ==== mon_command_ack([{"prefix": "get_command_descriptions"}]=0 v0) v1 ==== 72+0+179682 (secure 0 0 0) 0x7fda0c022950 con 0x7fda1c1060d0
2023-09-23T08:46:45.169 INFO:teuthology.orchestra.run.smithi082.stdout:/usr/bin/ceph: stderr
2023-09-23T08:46:44.617+0000 7fda22929700 1 -- 172.21.15.82:0/1368668420 --> [v2:172.21.15.82:3300/0,v1:172.21.15.82:6789/0] -- mon_command({"prefix": "config assimilate-conf"} v 0) v1 -- 0x7fda1c10a500 con 0x7fda1c1060d0
2023-09-23T08:46:45.170 INFO:teuthology.orchestra.run.smithi082.stdout:/usr/bin/ceph: stderr
2023-09-23T08:46:44.618+0000 7fda197fa700 1 -- 172.21.15.82:0/1368668420 <== mon.0 v2:172.21.15.82:3300/0 7 ==== mon_command_ack([{"prefix": "config assimilate-conf"}]=0 v3) v1 ==== 70+0+373 (secure 0 0 0) 0x7fda0c01f070 con 0x7fda1c1060d0
2023-09-23T08:46:45.170 INFO:teuthology.orchestra.run.smithi082.stdout:/usr/bin/ceph: stderr
2023-09-23T08:46:44.621+0000 7fda22929700 1 -- 172.21.15.82:0/1368668420 >> [v2:172.21.15.82:6800/3761509623,v1:172.21.15.82:6801/3761509623] conn(0x7fda04038110 msgr2=0x7fda0403a5d0 secure :-1 s=STATE_CONNECTION_ESTABLISHED l=1).mark_down
2023-09-23T08:46:45.170 INFO:teuthology.orchestra.run.smithi082.stdout:/usr/bin/ceph: stderr
2023-09-23T08:46:44.621+0000 7fda22929700 1 --2- 172.21.15.82:0/1368668420 >> [v2:172.21.15.82:6800/3761509623,v1:172.21.15.82:6801/3761509623] conn(0x7fda04038110 0x7fda0403a5d0 secure :-1 s=READY pgs=7 cs=0 l=1 rev1=1 crypto rx=0x7fda10006fd0 tx=0x7fda10006e40 comp rx=0 tx=0).stop
2023-09-23T08:46:45.170 INFO:teuthology.orchestra.run.smithi082.stdout:/usr/bin/ceph: stderr
2023-09-23T08:46:44.621+0000 7fda22929700 1 -- 172.21.15.82:0/1368668420 >> [v2:172.21.15.82:3300/0,v1:172.21.15.82:6789/0] conn(0x7fda1c1060d0 msgr2=0x7fda1c19bee0 secure :-1 s=STATE_CONNECTION_ESTABLISHED l=1).mark_down
2023-09-23T08:46:45.170 INFO:teuthology.orchestra.run.smithi082.stdout:/usr/bin/ceph: stderr
2023-09-23T08:46:44.621+0000 7fda22929700 1 --2- 172.21.15.82:0/1368668420 >> [v2:172.21.15.82:3300/0,v1:172.21.15.82:6789/0] conn(0x7fda1c1060d0 0x7fda1c19bee0 secure :-1 s=READY pgs=21 cs=0 l=1 rev1=1 crypto rx=0x7fda0c000c00 tx=0x7fda0c011e70 comp rx=0 tx=0).stop
2023-09-23T08:46:45.170 INFO:teuthology.orchestra.run.smithi082.stdout:/usr/bin/ceph: stderr
2023-09-23T08:46:44.621+0000 7fda22929700 1 -- 172.21.15.82:0/1368668420 shutdown_connections
2023-09-23T08:46:45.170 INFO:teuthology.orchestra.run.smithi082.stdout:/usr/bin/ceph: stderr
2023-09-23T08:46:44.621+0000 7fda22929700 1 --2- 172.21.15.82:0/1368668420 >> [v2:172.21.15.82:6800/3761509623,v1:172.21.15.82:6801/3761509623] conn(0x7fda04038110 0x7fda0403a5d0 unknown :-1 s=CLOSED pgs=7 cs=0 l=1 rev1=1 crypto rx=0 tx=0 comp rx=0 tx=0).stop
2023-09-23T08:46:45.170 INFO:teuthology.orchestra.run.smithi082.stdout:/usr/bin/ceph: stderr
2023-09-23T08:46:44.621+0000 7fda22929700 1 --2- 172.21.15.82:0/1368668420 >> [v2:172.21.15.82:3300/0,v1:172.21.15.82:6789/0] conn(0x7fda1c1060d0 0x7fda1c19bee0 unknown :-1 s=CLOSED pgs=21 cs=0 l=1 rev1=1 crypto rx=0 tx=0 comp rx=0 tx=0).stop
2023-09-23T08:46:45.170 INFO:teuthology.orchestra.run.smithi082.stdout:/usr/bin/ceph: stderr
2023-09-23T08:46:44.621+0000 7fda22929700 1 -- 172.21.15.82:0/1368668420 >> 172.21.15.82:0/1368668420 conn(0x7fda1c1016b0 msgr2=0x7fda1c102420 unknown :-1 s=STATE_NONE l=0).mark_down
2023-09-23T08:46:45.170 INFO:teuthology.orchestra.run.smithi082.stdout:/usr/bin/ceph: stderr
2023-09-23T08:46:44.621+0000 7fda22929700 1 -- 172.21.15.82:0/1368668420 shutdown_connections
2023-09-23T08:46:45.170 INFO:teuthology.orchestra.run.smithi082.stdout:/usr/bin/ceph: stderr
2023-09-23T08:46:44.621+0000 7fda22929700 1 -- 172.21.15.82:0/1368668420 wait complete.
2023-09-23T08:46:45.170 INFO:teuthology.orchestra.run.smithi082.stdout:Enabling cephadm module...
2023-09-23T08:46:45.871 INFO:journalctl@ceph.mon.a.smithi082.stdout:Sep 23 08:46:45 smithi082 ceph-mon[97694]: from='client.? 172.21.15.82:0/1368668420' entity='client.admin' cmd=[{"prefix": "config assimilate-conf"}]: dispatch
2023-09-23T08:46:46.940 INFO:journalctl@ceph.mon.a.smithi082.stdout:Sep 23 08:46:46 smithi082 ceph-mon[97694]: from='client.? 172.21.15.82:0/2302662600' entity='client.admin' cmd=[{"prefix": "mgr module enable", "module": "cephadm"}]: dispatch
2023-09-23T08:46:46.940 INFO:journalctl@ceph.mgr.x.smithi082.stdout:Sep 23 08:46:46 smithi082 ceph-8926e286-59ed-11ee-8db4-212e2dc638e7-mgr-x[97940]: ignoring --setuser ceph since I am not root
2023-09-23T08:46:46.940 INFO:journalctl@ceph.mgr.x.smithi082.stdout:Sep 23 08:46:46 smithi082 ceph-8926e286-59ed-11ee-8db4-212e2dc638e7-mgr-x[97940]: ignoring --setgroup ceph since I am not root
2023-09-23T08:46:47.144 INFO:teuthology.orchestra.run.smithi082.stdout:/usr/bin/ceph: stderr
2023-09-23T08:46:45.728+0000 7f5b09dda700 1 Processor -- start
2023-09-23T08:46:47.145 INFO:teuthology.orchestra.run.smithi082.stdout:/usr/bin/ceph: stderr
2023-09-23T08:46:45.728+0000 7f5b09dda700 1 -- start start
2023-09-23T08:46:47.145 INFO:teuthology.orchestra.run.smithi082.stdout:/usr/bin/ceph: stderr
2023-09-23T08:46:45.728+0000 7f5b09dda700 1 --2- >> [v2:172.21.15.82:3300/0,v1:172.21.15.82:6789/0] conn(0x7f5b0407ad30 0x7f5b04079190 unknown :-1 s=NONE pgs=0 cs=0 l=0 rev1=0 crypto rx=0 tx=0 comp rx=0 tx=0).connect
2023-09-23T08:46:47.145 INFO:teuthology.orchestra.run.smithi082.stdout:/usr/bin/ceph: stderr
2023-09-23T08:46:45.728+0000 7f5b09dda700 1 -- --> [v2:172.21.15.82:3300/0,v1:172.21.15.82:6789/0] -- mon_getmap magic: 0 v1 -- 0x7f5b04079760 con 0x7f5b0407ad30
2023-09-23T08:46:47.145 INFO:teuthology.orchestra.run.smithi082.stdout:/usr/bin/ceph: stderr
2023-09-23T08:46:45.729+0000 7f5b037fe700 1 --2- >> [v2:172.21.15.82:3300/0,v1:172.21.15.82:6789/0] conn(0x7f5b0407ad30 0x7f5b04079190 unknown :-1 s=BANNER_CONNECTING pgs=0 cs=0 l=0 rev1=0 crypto rx=0 tx=0 comp rx=0 tx=0)._handle_peer_banner_payload supported=3 required=0
2023-09-23T08:46:47.145 INFO:teuthology.orchestra.run.smithi082.stdout:/usr/bin/ceph: stderr
2023-09-23T08:46:45.729+0000 7f5b037fe700 1 --2- >> [v2:172.21.15.82:3300/0,v1:172.21.15.82:6789/0] conn(0x7f5b0407ad30 0x7f5b04079190 unknown :-1 s=HELLO_CONNECTING pgs=0 cs=0 l=0 rev1=1 crypto rx=0 tx=0 comp rx=0 tx=0).handle_hello peer v2:172.21.15.82:3300/0 says I am v2:172.21.15.82:32908/0 (socket says 172.21.15.82:32908)
2023-09-23T08:46:47.145 INFO:teuthology.orchestra.run.smithi082.stdout:/usr/bin/ceph: stderr
2023-09-23T08:46:45.729+0000 7f5b037fe700 1 -- 172.21.15.82:0/3901779887 learned_addr learned my addr 172.21.15.82:0/3901779887 (peer_addr_for_me v2:172.21.15.82:0/0)
2023-09-23T08:46:47.145 INFO:teuthology.orchestra.run.smithi082.stdout:/usr/bin/ceph: stderr
2023-09-23T08:46:45.729+0000 7f5b037fe700 1 -- 172.21.15.82:0/3901779887 --> [v2:172.21.15.82:3300/0,v1:172.21.15.82:6789/0] -- mon_subscribe({config=0+,monmap=0+}) v3 -- 0x7f5b040798a0 con 0x7f5b0407ad30
2023-09-23T08:46:47.145 INFO:teuthology.orchestra.run.smithi082.stdout:/usr/bin/ceph: stderr
2023-09-23T08:46:45.729+0000 7f5b037fe700 1 --2- 172.21.15.82:0/3901779887 >> [v2:172.21.15.82:3300/0,v1:172.21.15.82:6789/0] conn(0x7f5b0407ad30 0x7f5b04079190 secure :-1 s=READY pgs=22 cs=0 l=1 rev1=1 crypto rx=0x7f5af40098a0 tx=0x7f5af4009bb0 comp rx=0 tx=0).ready entity=mon.0 client_cookie=1e8c1c2a86ecd55 server_cookie=0 in_seq=0 out_seq=0
2023-09-23T08:46:47.145 INFO:teuthology.orchestra.run.smithi082.stdout:/usr/bin/ceph: stderr
2023-09-23T08:46:45.730+0000 7f5b027fc700 1 -- 172.21.15.82:0/3901779887 <== mon.0 v2:172.21.15.82:3300/0 1 ==== mon_map magic: 0 v1 ==== 205+0+0 (secure 0 0 0) 0x7f5af4004160 con 0x7f5b0407ad30
2023-09-23T08:46:47.145 INFO:teuthology.orchestra.run.smithi082.stdout:/usr/bin/ceph: stderr
2023-09-23T08:46:45.730+0000 7f5b027fc700 1 -- 172.21.15.82:0/3901779887 <== mon.0 v2:172.21.15.82:3300/0 2 ==== config(25 keys) v1 ==== 1036+0+0 (secure 0 0 0) 0x7f5af40042c0 con 0x7f5b0407ad30
2023-09-23T08:46:47.146 INFO:teuthology.orchestra.run.smithi082.stdout:/usr/bin/ceph: stderr
2023-09-23T08:46:45.730+0000 7f5b027fc700 1 -- 172.21.15.82:0/3901779887 <== mon.0 v2:172.21.15.82:3300/0 3 ==== mon_map magic: 0 v1 ==== 205+0+0 (secure 0 0 0) 0x7f5af4011940 con 0x7f5b0407ad30
2023-09-23T08:46:47.146 INFO:teuthology.orchestra.run.smithi082.stdout:/usr/bin/ceph: stderr
2023-09-23T08:46:45.730+0000 7f5b09dda700 1 -- 172.21.15.82:0/3901779887 >> [v2:172.21.15.82:3300/0,v1:172.21.15.82:6789/0] conn(0x7f5b0407ad30 msgr2=0x7f5b04079190 secure :-1 s=STATE_CONNECTION_ESTABLISHED l=1).mark_down
2023-09-23T08:46:47.146 INFO:teuthology.orchestra.run.smithi082.stdout:/usr/bin/ceph: stderr
2023-09-23T08:46:45.730+0000 7f5b09dda700 1 --2- 172.21.15.82:0/3901779887 >> [v2:172.21.15.82:3300/0,v1:172.21.15.82:6789/0] conn(0x7f5b0407ad30 0x7f5b04079190 secure :-1 s=READY pgs=22 cs=0 l=1 rev1=1 crypto rx=0x7f5af40098a0 tx=0x7f5af4009bb0 comp rx=0 tx=0).stop
2023-09-23T08:46:47.146 INFO:teuthology.orchestra.run.smithi082.stdout:/usr/bin/ceph: stderr
