2023-11-13T12:07:57.494+0000 7f2fa1cb8700 1 --2- >> [v2:172.21.15.181:3300/0,v1:172.21.15.181:6789/0] conn(0x7f2f9c077bd0 0x7f2f9c0760e0 unknown :-1 s=HELLO_CONNECTING pgs=0 cs=0 l=0 rev1=1 crypto rx=0 tx=0 comp rx=0 tx=0).handle_hello peer v2:172.21.15.181:3300/0 says I am v2:172.21.15.181:60158/0 (socket says 172.21.15.181:60158)
2023-11-13T12:07:58.046 INFO:teuthology.orchestra.run.smithi181.stdout:/usr/bin/ceph: stderr
2023-11-13T12:07:57.494+0000 7f2fa1cb8700 1 -- 172.21.15.181:0/124204904 learned_addr learned my addr 172.21.15.181:0/124204904 (peer_addr_for_me v2:172.21.15.181:0/0)
2023-11-13T12:07:58.046 INFO:teuthology.orchestra.run.smithi181.stdout:/usr/bin/ceph: stderr
2023-11-13T12:07:57.494+0000 7f2fa1cb8700 1 -- 172.21.15.181:0/124204904 --> [v2:172.21.15.181:3300/0,v1:172.21.15.181:6789/0] -- mon_subscribe({config=0+,monmap=0+}) v3 -- 0x7f2f9c076620 con 0x7f2f9c077bd0
2023-11-13T12:07:58.046 INFO:teuthology.orchestra.run.smithi181.stdout:/usr/bin/ceph: stderr
2023-11-13T12:07:57.494+0000 7f2fa1cb8700 1 --2- 172.21.15.181:0/124204904 >> [v2:172.21.15.181:3300/0,v1:172.21.15.181:6789/0] conn(0x7f2f9c077bd0 0x7f2f9c0760e0 secure :-1 s=READY pgs=41 cs=0 l=1 rev1=1 crypto rx=0x7f2f980098e0 tx=0x7f2f98009250 comp rx=0 tx=0).ready entity=mon.0 client_cookie=9bc3b8792dfbeaf1 server_cookie=0 in_seq=0 out_seq=0
2023-11-13T12:07:58.047 INFO:teuthology.orchestra.run.smithi181.stdout:/usr/bin/ceph: stderr
2023-11-13T12:07:57.495+0000 7f2fa0cb6700 1 -- 172.21.15.181:0/124204904 <== mon.0 v2:172.21.15.181:3300/0 1 ==== mon_map magic: 0 v1 ==== 229+0+0 (secure 0 0 0) 0x7f2f9800b860 con 0x7f2f9c077bd0
2023-11-13T12:07:58.047 INFO:teuthology.orchestra.run.smithi181.stdout:/usr/bin/ceph: stderr
2023-11-13T12:07:57.495+0000 7f2fa0cb6700 1 -- 172.21.15.181:0/124204904 <== mon.0 v2:172.21.15.181:3300/0 2 ==== config(26 keys) v1 ==== 1009+0+0 (secure 0 0 0) 0x7f2f9800be30 con 0x7f2f9c077bd0
2023-11-13T12:07:58.047 INFO:teuthology.orchestra.run.smithi181.stdout:/usr/bin/ceph: stderr
2023-11-13T12:07:57.495+0000 7f2fa0cb6700 1 -- 172.21.15.181:0/124204904 <== mon.0 v2:172.21.15.181:3300/0 3 ==== mon_map magic: 0 v1 ==== 229+0+0 (secure 0 0 0) 0x7f2f98010380 con 0x7f2f9c077bd0
2023-11-13T12:07:58.047 INFO:teuthology.orchestra.run.smithi181.stdout:/usr/bin/ceph: stderr
2023-11-13T12:07:57.495+0000 7f2fa3f1c700 1 -- 172.21.15.181:0/124204904 >> [v2:172.21.15.181:3300/0,v1:172.21.15.181:6789/0] conn(0x7f2f9c077bd0 msgr2=0x7f2f9c0760e0 secure :-1 s=STATE_CONNECTION_ESTABLISHED l=1).mark_down
2023-11-13T12:07:58.047 INFO:teuthology.orchestra.run.smithi181.stdout:/usr/bin/ceph: stderr
2023-11-13T12:07:57.495+0000 7f2fa3f1c700 1 --2- 172.21.15.181:0/124204904 >> [v2:172.21.15.181:3300/0,v1:172.21.15.181:6789/0] conn(0x7f2f9c077bd0 0x7f2f9c0760e0 secure :-1 s=READY pgs=41 cs=0 l=1 rev1=1 crypto rx=0x7f2f980098e0 tx=0x7f2f98009250 comp rx=0 tx=0).stop
2023-11-13T12:07:58.048 INFO:teuthology.orchestra.run.smithi181.stdout:/usr/bin/ceph: stderr
2023-11-13T12:07:57.495+0000 7f2fa3f1c700 1 -- 172.21.15.181:0/124204904 shutdown_connections
2023-11-13T12:07:58.048 INFO:teuthology.orchestra.run.smithi181.stdout:/usr/bin/ceph: stderr
2023-11-13T12:07:57.495+0000 7f2fa3f1c700 1 --2- 172.21.15.181:0/124204904 >> [v2:172.21.15.181:3300/0,v1:172.21.15.181:6789/0] conn(0x7f2f9c077bd0 0x7f2f9c0760e0 unknown :-1 s=CLOSED pgs=41 cs=0 l=1 rev1=1 crypto rx=0 tx=0 comp rx=0 tx=0).stop
2023-11-13T12:07:58.048 INFO:teuthology.orchestra.run.smithi181.stdout:/usr/bin/ceph: stderr
2023-11-13T12:07:57.495+0000 7f2fa3f1c700 1 -- 172.21.15.181:0/124204904 >> 172.21.15.181:0/124204904 conn(0x7f2f9c0fda50 msgr2=0x7f2f9c0ffe60 unknown :-1 s=STATE_NONE l=0).mark_down
2023-11-13T12:07:58.048 INFO:teuthology.orchestra.run.smithi181.stdout:/usr/bin/ceph: stderr
2023-11-13T12:07:57.495+0000 7f2fa3f1c700 1 -- 172.21.15.181:0/124204904 shutdown_connections
2023-11-13T12:07:58.049 INFO:teuthology.orchestra.run.smithi181.stdout:/usr/bin/ceph: stderr
2023-11-13T12:07:57.495+0000 7f2fa3f1c700 1 -- 172.21.15.181:0/124204904 wait complete.
2023-11-13T12:07:58.049 INFO:teuthology.orchestra.run.smithi181.stdout:/usr/bin/ceph: stderr
2023-11-13T12:07:57.496+0000 7f2fa3f1c700 1 Processor -- start
2023-11-13T12:07:58.049 INFO:teuthology.orchestra.run.smithi181.stdout:/usr/bin/ceph: stderr
2023-11-13T12:07:57.496+0000 7f2fa3f1c700 1 -- start start
2023-11-13T12:07:58.049 INFO:teuthology.orchestra.run.smithi181.stdout:/usr/bin/ceph: stderr
2023-11-13T12:07:57.497+0000 7f2fa3f1c700 1 --2- >> [v2:172.21.15.181:3300/0,v1:172.21.15.181:6789/0] conn(0x7f2f9c077bd0 0x7f2f9c1133c0 unknown :-1 s=NONE pgs=0 cs=0 l=1 rev1=0 crypto rx=0 tx=0 comp rx=0 tx=0).connect
2023-11-13T12:07:58.049 INFO:teuthology.orchestra.run.smithi181.stdout:/usr/bin/ceph: stderr
2023-11-13T12:07:57.497+0000 7f2fa3f1c700 1 -- --> [v2:172.21.15.181:3300/0,v1:172.21.15.181:6789/0] -- mon_getmap magic: 0 v1 -- 0x7f2f9c113900 con 0x7f2f9c077bd0
2023-11-13T12:07:58.050 INFO:teuthology.orchestra.run.smithi181.stdout:/usr/bin/ceph: stderr
2023-11-13T12:07:57.497+0000 7f2fa1cb8700 1 --2- >> [v2:172.21.15.181:3300/0,v1:172.21.15.181:6789/0] conn(0x7f2f9c077bd0 0x7f2f9c1133c0 unknown :-1 s=BANNER_CONNECTING pgs=0 cs=0 l=1 rev1=0 crypto rx=0 tx=0 comp rx=0 tx=0)._handle_peer_banner_payload supported=3 required=0
2023-11-13T12:07:58.050 INFO:teuthology.orchestra.run.smithi181.stdout:/usr/bin/ceph: stderr
2023-11-13T12:07:57.497+0000 7f2fa1cb8700 1 --2- >> [v2:172.21.15.181:3300/0,v1:172.21.15.181:6789/0] conn(0x7f2f9c077bd0 0x7f2f9c1133c0 unknown :-1 s=HELLO_CONNECTING pgs=0 cs=0 l=1 rev1=1 crypto rx=0 tx=0 comp rx=0 tx=0).handle_hello peer v2:172.21.15.181:3300/0 says I am v2:172.21.15.181:60172/0 (socket says 172.21.15.181:60172)
2023-11-13T12:07:58.050 INFO:teuthology.orchestra.run.smithi181.stdout:/usr/bin/ceph: stderr
2023-11-13T12:07:57.497+0000 7f2fa1cb8700 1 -- 172.21.15.181:0/2134410900 learned_addr learned my addr 172.21.15.181:0/2134410900 (peer_addr_for_me v2:172.21.15.181:0/0)
2023-11-13T12:07:58.050 INFO:teuthology.orchestra.run.smithi181.stdout:/usr/bin/ceph: stderr
2023-11-13T12:07:57.497+0000 7f2fa1cb8700 1 -- 172.21.15.181:0/2134410900 --> [v2:172.21.15.181:3300/0,v1:172.21.15.181:6789/0] -- mon_subscribe({config=0+,monmap=0+}) v3 -- 0x7f2f980094f0 con 0x7f2f9c077bd0
2023-11-13T12:07:58.050 INFO:teuthology.orchestra.run.smithi181.stdout:/usr/bin/ceph: stderr
2023-11-13T12:07:57.497+0000 7f2fa1cb8700 1 --2- 172.21.15.181:0/2134410900 >> [v2:172.21.15.181:3300/0,v1:172.21.15.181:6789/0] conn(0x7f2f9c077bd0 0x7f2f9c1133c0 secure :-1 s=READY pgs=42 cs=0 l=1 rev1=1 crypto rx=0x7f2f98006fd0 tx=0x7f2f98009250 comp rx=0 tx=0).ready entity=mon.0 client_cookie=0 server_cookie=0 in_seq=0 out_seq=0
2023-11-13T12:07:58.051 INFO:teuthology.orchestra.run.smithi181.stdout:/usr/bin/ceph: stderr
2023-11-13T12:07:57.498+0000 7f2f927fc700 1 -- 172.21.15.181:0/2134410900 <== mon.0 v2:172.21.15.181:3300/0 1 ==== mon_map magic: 0 v1 ==== 229+0+0 (secure 0 0 0) 0x7f2f98010750 con 0x7f2f9c077bd0
2023-11-13T12:07:58.051 INFO:teuthology.orchestra.run.smithi181.stdout:/usr/bin/ceph: stderr
2023-11-13T12:07:57.498+0000 7f2f927fc700 1 -- 172.21.15.181:0/2134410900 <== mon.0 v2:172.21.15.181:3300/0 2 ==== config(26 keys) v1 ==== 1009+0+0 (secure 0 0 0) 0x7f2f98010d20 con 0x7f2f9c077bd0
2023-11-13T12:07:58.051 INFO:teuthology.orchestra.run.smithi181.stdout:/usr/bin/ceph: stderr
2023-11-13T12:07:57.498+0000 7f2f927fc700 1 -- 172.21.15.181:0/2134410900 <== mon.0 v2:172.21.15.181:3300/0 3 ==== mon_map magic: 0 v1 ==== 229+0+0 (secure 0 0 0) 0x7f2f9801ada0 con 0x7f2f9c077bd0
2023-11-13T12:07:58.051 INFO:teuthology.orchestra.run.smithi181.stdout:/usr/bin/ceph: stderr
2023-11-13T12:07:57.498+0000 7f2fa3f1c700 1 -- 172.21.15.181:0/2134410900 --> [v2:172.21.15.181:3300/0,v1:172.21.15.181:6789/0] -- mon_subscribe({mgrmap=0+}) v3 -- 0x7f2f9c113b00 con 0x7f2f9c077bd0
2023-11-13T12:07:58.051 INFO:teuthology.orchestra.run.smithi181.stdout:/usr/bin/ceph: stderr
2023-11-13T12:07:57.498+0000 7f2fa3f1c700 1 -- 172.21.15.181:0/2134410900 --> [v2:172.21.15.181:3300/0,v1:172.21.15.181:6789/0] -- mon_subscribe({osdmap=0}) v3 -- 0x7f2f9c113f10 con 0x7f2f9c077bd0
2023-11-13T12:07:58.052 INFO:teuthology.orchestra.run.smithi181.stdout:/usr/bin/ceph: stderr
2023-11-13T12:07:57.499+0000 7f2f927fc700 1 -- 172.21.15.181:0/2134410900 <== mon.0 v2:172.21.15.181:3300/0 4 ==== mgrmap(e 8) v1 ==== 43280+0+0 (secure 0 0 0) 0x7f2f980108b0 con 0x7f2f9c077bd0
2023-11-13T12:07:58.052 INFO:teuthology.orchestra.run.smithi181.stdout:/usr/bin/ceph: stderr
2023-11-13T12:07:57.499+0000 7f2fa3f1c700 1 -- 172.21.15.181:0/2134410900 --> [v2:172.21.15.181:3300/0,v1:172.21.15.181:6789/0] -- mon_command({"prefix": "get_command_descriptions"} v 0) v1 -- 0x7f2f9c04bb80 con 0x7f2f9c077bd0
2023-11-13T12:07:58.052 INFO:teuthology.orchestra.run.smithi181.stdout:/usr/bin/ceph: stderr
2023-11-13T12:07:57.499+0000 7f2f927fc700 1 --2- 172.21.15.181:0/2134410900 >> [v2:172.21.15.181:6800/3817254504,v1:172.21.15.181:6801/3817254504] conn(0x7f2f880365f0 0x7f2f88038aa0 unknown :-1 s=NONE pgs=0 cs=0 l=1 rev1=0 crypto rx=0 tx=0 comp rx=0 tx=0).connect
2023-11-13T12:07:58.052 INFO:teuthology.orchestra.run.smithi181.stdout:/usr/bin/ceph: stderr
2023-11-13T12:07:57.499+0000 7f2f927fc700 1 -- 172.21.15.181:0/2134410900 <== mon.0 v2:172.21.15.181:3300/0 5 ==== osd_map(2..2 src has 1..2) v4 ==== 936+0+0 (secure 0 0 0) 0x7f2f98049bf0 con 0x7f2f9c077bd0
2023-11-13T12:07:58.052 INFO:teuthology.orchestra.run.smithi181.stdout:/usr/bin/ceph: stderr
2023-11-13T12:07:57.500+0000 7f2fa14b7700 1 --2- 172.21.15.181:0/2134410900 >> [v2:172.21.15.181:6800/3817254504,v1:172.21.15.181:6801/3817254504] conn(0x7f2f880365f0 0x7f2f88038aa0 unknown :-1 s=BANNER_CONNECTING pgs=0 cs=0 l=1 rev1=0 crypto rx=0 tx=0 comp rx=0 tx=0)._handle_peer_banner_payload supported=3 required=0
2023-11-13T12:07:58.053 INFO:teuthology.orchestra.run.smithi181.stdout:/usr/bin/ceph: stderr
2023-11-13T12:07:57.500+0000 7f2fa14b7700 1 --2- 172.21.15.181:0/2134410900 >> [v2:172.21.15.181:6800/3817254504,v1:172.21.15.181:6801/3817254504] conn(0x7f2f880365f0 0x7f2f88038aa0 secure :-1 s=READY pgs=10 cs=0 l=1 rev1=1 crypto rx=0x7f2f8c009990 tx=0x7f2f8c006e40 comp rx=0 tx=0).ready entity=mgr.14118 client_cookie=0 server_cookie=0 in_seq=0 out_seq=0
2023-11-13T12:07:58.053 INFO:teuthology.orchestra.run.smithi181.stdout:/usr/bin/ceph: stderr
2023-11-13T12:07:57.504+0000 7f2f927fc700 1 -- 172.21.15.181:0/2134410900 <== mon.0 v2:172.21.15.181:3300/0 6 ==== mon_command_ack([{"prefix": "get_command_descriptions"}]=0 v0) v1 ==== 72+0+174570 (secure 0 0 0) 0x7f2f9802c350 con 0x7f2f9c077bd0
2023-11-13T12:07:58.053 INFO:teuthology.orchestra.run.smithi181.stdout:/usr/bin/ceph: stderr
2023-11-13T12:07:57.699+0000 7f2fa3f1c700 1 -- 172.21.15.181:0/2134410900 --> [v2:172.21.15.181:6800/3817254504,v1:172.21.15.181:6801/3817254504] -- mgr_command(tid 0: {"prefix": "cephadm get-pub-key", "target": ["mon-mgr", ""]}) v1 -- 0x7f2f9c0008d0 con 0x7f2f880365f0
2023-11-13T12:07:58.053 INFO:teuthology.orchestra.run.smithi181.stdout:/usr/bin/ceph: stderr
2023-11-13T12:07:57.700+0000 7f2f927fc700 1 -- 172.21.15.181:0/2134410900 <== mgr.14118 v2:172.21.15.181:6800/3817254504 1 ==== mgr_command_reply(tid 0: 0 ) v1 ==== 8+0+595 (secure 0 0 0) 0x7f2f9c0008d0 con 0x7f2f880365f0
2023-11-13T12:07:58.053 INFO:teuthology.orchestra.run.smithi181.stdout:/usr/bin/ceph: stderr
2023-11-13T12:07:57.702+0000 7f2fa3f1c700 1 -- 172.21.15.181:0/2134410900 >> [v2:172.21.15.181:6800/3817254504,v1:172.21.15.181:6801/3817254504] conn(0x7f2f880365f0 msgr2=0x7f2f88038aa0 secure :-1 s=STATE_CONNECTION_ESTABLISHED l=1).mark_down
2023-11-13T12:07:58.054 INFO:teuthology.orchestra.run.smithi181.stdout:/usr/bin/ceph: stderr
2023-11-13T12:07:57.702+0000 7f2fa3f1c700 1 --2- 172.21.15.181:0/2134410900 >> [v2:172.21.15.181:6800/3817254504,v1:172.21.15.181:6801/3817254504] conn(0x7f2f880365f0 0x7f2f88038aa0 secure :-1 s=READY pgs=10 cs=0 l=1 rev1=1 crypto rx=0x7f2f8c009990 tx=0x7f2f8c006e40 comp rx=0 tx=0).stop
2023-11-13T12:07:58.054 INFO:teuthology.orchestra.run.smithi181.stdout:/usr/bin/ceph: stderr
2023-11-13T12:07:57.702+0000 7f2fa3f1c700 1 -- 172.21.15.181:0/2134410900 >> [v2:172.21.15.181:3300/0,v1:172.21.15.181:6789/0] conn(0x7f2f9c077bd0 msgr2=0x7f2f9c1133c0 secure :-1 s=STATE_CONNECTION_ESTABLISHED l=1).mark_down
2023-11-13T12:07:58.054 INFO:teuthology.orchestra.run.smithi181.stdout:/usr/bin/ceph: stderr
2023-11-13T12:07:57.702+0000 7f2fa3f1c700 1 --2- 172.21.15.181:0/2134410900 >> [v2:172.21.15.181:3300/0,v1:172.21.15.181:6789/0] conn(0x7f2f9c077bd0 0x7f2f9c1133c0 secure :-1 s=READY pgs=42 cs=0 l=1 rev1=1 crypto rx=0x7f2f98006fd0 tx=0x7f2f98009250 comp rx=0 tx=0).stop
2023-11-13T12:07:58.054 INFO:teuthology.orchestra.run.smithi181.stdout:/usr/bin/ceph: stderr
2023-11-13T12:07:57.702+0000 7f2fa3f1c700 1 -- 172.21.15.181:0/2134410900 shutdown_connections
2023-11-13T12:07:58.054 INFO:teuthology.orchestra.run.smithi181.stdout:/usr/bin/ceph: stderr
2023-11-13T12:07:57.702+0000 7f2fa3f1c700 1 --2- 172.21.15.181:0/2134410900 >> [v2:172.21.15.181:6800/3817254504,v1:172.21.15.181:6801/3817254504] conn(0x7f2f880365f0 0x7f2f88038aa0 unknown :-1 s=CLOSED pgs=10 cs=0 l=1 rev1=1 crypto rx=0 tx=0 comp rx=0 tx=0).stop
2023-11-13T12:07:58.054 INFO:teuthology.orchestra.run.smithi181.stdout:/usr/bin/ceph: stderr
2023-11-13T12:07:57.702+0000 7f2fa3f1c700 1 --2- 172.21.15.181:0/2134410900 >> [v2:172.21.15.181:3300/0,v1:172.21.15.181:6789/0] conn(0x7f2f9c077bd0 0x7f2f9c1133c0 unknown :-1 s=CLOSED pgs=42 cs=0 l=1 rev1=1 crypto rx=0 tx=0 comp rx=0 tx=0).stop
2023-11-13T12:07:58.055 INFO:teuthology.orchestra.run.smithi181.stdout:/usr/bin/ceph: stderr
2023-11-13T12:07:57.702+0000 7f2fa3f1c700 1 -- 172.21.15.181:0/2134410900 >> 172.21.15.181:0/2134410900 conn(0x7f2f9c0fda50 msgr2=0x7f2f9c0ff250 unknown :-1 s=STATE_NONE l=0).mark_down
2023-11-13T12:07:58.055 INFO:teuthology.orchestra.run.smithi181.stdout:/usr/bin/ceph: stderr
2023-11-13T12:07:57.703+0000 7f2fa3f1c700 1 -- 172.21.15.181:0/2134410900 shutdown_connections
2023-11-13T12:07:58.055 INFO:teuthology.orchestra.run.smithi181.stdout:/usr/bin/ceph: stderr
2023-11-13T12:07:57.703+0000 7f2fa3f1c700 1 -- 172.21.15.181:0/2134410900 wait complete.
2023-11-13T12:07:58.055 INFO:teuthology.orchestra.run.smithi181.stdout:Wrote public SSH key to /home/ubuntu/cephtest/ceph.pub
2023-11-13T12:07:58.055 INFO:teuthology.orchestra.run.smithi181.stdout:Adding key to root@localhost authorized_keys...
2023-11-13T12:07:58.056 INFO:teuthology.orchestra.run.smithi181.stdout:Adding host smithi181...
2023-11-13T12:07:58.987 INFO:journalctl@ceph.mon.smithi181.smithi181.stdout:Nov 13 12:07:58 smithi181 ceph-mon[107827]: from='client.14136 -' entity='client.admin' cmd=[{"prefix": "cephadm get-pub-key", "target": ["mon-mgr", ""]}]: dispatch
2023-11-13T12:07:59.955 INFO:journalctl@ceph.mon.smithi181.smithi181.stdout:Nov 13 12:07:59 smithi181 ceph-mon[107827]: from='client.14138 -' entity='client.admin' cmd=[{"prefix": "orch host add", "hostname": "smithi181", "addr": "172.21.15.181", "target": ["mon-mgr", ""]}]: dispatch
2023-11-13T12:08:00.794 INFO:journalctl@ceph.mon.smithi181.smithi181.stdout:Nov 13 12:08:00 smithi181 ceph-mon[107827]: Deploying cephadm binary to smithi181
2023-11-13T12:08:01.607 INFO:teuthology.orchestra.run.smithi181.stdout:/usr/bin/ceph: stdout Added host 'smithi181' with addr '172.21.15.181'
2023-11-13T12:08:01.608 INFO:teuthology.orchestra.run.smithi181.stdout:/usr/bin/ceph: stderr
2023-11-13T12:07:58.462+0000 7fdb68fcc700 1 Processor -- start
2023-11-13T12:08:01.608 INFO:teuthology.orchestra.run.smithi181.stdout:/usr/bin/ceph: stderr
2023-11-13T12:07:58.462+0000 7fdb68fcc700 1 -- start start
2023-11-13T12:08:01.608 INFO:teuthology.orchestra.run.smithi181.stdout:/usr/bin/ceph: stderr
2023-11-13T12:07:58.463+0000 7fdb68fcc700 1 --2- >> [v2:172.21.15.181:3300/0,v1:172.21.15.181:6789/0] conn(0x7fdb641022d0 0x7fdb641026e0 unknown :-1 s=NONE pgs=0 cs=0 l=0 rev1=0 crypto rx=0 tx=0 comp rx=0 tx=0).connect
2023-11-13T12:08:01.608 INFO:teuthology.orchestra.run.smithi181.stdout:/usr/bin/ceph: stderr
2023-11-13T12:07:58.463+0000 7fdb68fcc700 1 -- --> [v2:172.21.15.181:3300/0,v1:172.21.15.181:6789/0] -- mon_getmap magic: 0 v1 -- 0x7fdb64102c20 con 0x7fdb641022d0
2023-11-13T12:08:01.609 INFO:teuthology.orchestra.run.smithi181.stdout:/usr/bin/ceph: stderr
2023-11-13T12:07:58.463+0000 7fdb6259c700 1 --2- >> [v2:172.21.15.181:3300/0,v1:172.21.15.181:6789/0] conn(0x7fdb641022d0 0x7fdb641026e0 unknown :-1 s=BANNER_CONNECTING pgs=0 cs=0 l=0 rev1=0 crypto rx=0 tx=0 comp rx=0 tx=0)._handle_peer_banner_payload supported=3 required=0
2023-11-13T12:08:01.609 INFO:teuthology.orchestra.run.smithi181.stdout:/usr/bin/ceph: stderr
2023-11-13T12:07:58.463+0000 7fdb6259c700 1 --2- >> [v2:172.21.15.181:3300/0,v1:172.21.15.181:6789/0] conn(0x7fdb641022d0 0x7fdb641026e0 unknown :-1 s=HELLO_CONNECTING pgs=0 cs=0 l=0 rev1=1 crypto rx=0 tx=0 comp rx=0 tx=0).handle_hello peer v2:172.21.15.181:3300/0 says I am v2:172.21.15.181:57956/0 (socket says 172.21.15.181:57956)
2023-11-13T12:08:01.609 INFO:teuthology.orchestra.run.smithi181.stdout:/usr/bin/ceph: stderr
2023-11-13T12:07:58.463+0000 7fdb6259c700 1 -- 172.21.15.181:0/849915964 learned_addr learned my addr 172.21.15.181:0/849915964 (peer_addr_for_me v2:172.21.15.181:0/0)
2023-11-13T12:08:01.609 INFO:teuthology.orchestra.run.smithi181.stdout:/usr/bin/ceph: stderr
2023-11-13T12:07:58.463+0000 7fdb6259c700 1 -- 172.21.15.181:0/849915964 --> [v2:172.21.15.181:3300/0,v1:172.21.15.181:6789/0] -- mon_subscribe({config=0+,monmap=0+}) v3 -- 0x7fdb64102d60 con 0x7fdb641022d0
2023-11-13T12:08:01.609 INFO:teuthology.orchestra.run.smithi181.stdout:/usr/bin/ceph: stderr
2023-11-13T12:07:58.464+0000 7fdb6259c700 1 --2- 172.21.15.181:0/849915964 >> [v2:172.21.15.181:3300/0,v1:172.21.15.181:6789/0] conn(0x7fdb641022d0 0x7fdb641026e0 secure :-1 s=READY pgs=43 cs=0 l=1 rev1=1 crypto rx=0x7fdb540098e0 tx=0x7fdb54009250 comp rx=0 tx=0).ready entity=mon.0 client_cookie=29adab9b6b04db80 server_cookie=0 in_seq=0 out_seq=0
2023-11-13T12:08:01.610 INFO:teuthology.orchestra.run.smithi181.stdout:/usr/bin/ceph: stderr
2023-11-13T12:07:58.464+0000 7fdb6159a700 1 -- 172.21.15.181:0/849915964 <== mon.0 v2:172.21.15.181:3300/0 1 ==== mon_map magic: 0 v1 ==== 229+0+0 (secure 0 0 0) 0x7fdb5400b860 con 0x7fdb641022d0
2023-11-13T12:08:01.610 INFO:teuthology.orchestra.run.smithi181.stdout:/usr/bin/ceph: stderr
2023-11-13T12:07:58.464+0000 7fdb6159a700 1 -- 172.21.15.181:0/849915964 <== mon.0 v2:172.21.15.181:3300/0 2 ==== config(26 keys) v1 ==== 1009+0+0 (secure 0 0 0) 0x7fdb5400be30 con 0x7fdb641022d0
2023-11-13T12:08:01.610 INFO:teuthology.orchestra.run.smithi181.stdout:/usr/bin/ceph: stderr
2023-11-13T12:07:58.464+0000 7fdb6159a700 1 -- 172.21.15.181:0/849915964 <== mon.0 v2:172.21.15.181:3300/0 3 ==== mon_map magic: 0 v1 ==== 229+0+0 (secure 0 0 0) 0x7fdb54010380 con 0x7fdb641022d0
2023-11-13T12:08:01.610 INFO:teuthology.orchestra.run.smithi181.stdout:/usr/bin/ceph: stderr
2023-11-13T12:07:58.464+0000 7fdb68fcc700 1 -- 172.21.15.181:0/849915964 >> [v2:172.21.15.181:3300/0,v1:172.21.15.181:6789/0] conn(0x7fdb641022d0 msgr2=0x7fdb641026e0 secure :-1 s=STATE_CONNECTION_ESTABLISHED l=1).mark_down
2023-11-13T12:08:01.610 INFO:teuthology.orchestra.run.smithi181.stdout:/usr/bin/ceph: stderr
2023-11-13T12:07:58.464+0000 7fdb68fcc700 1 --2- 172.21.15.181:0/849915964 >> [v2:172.21.15.181:3300/0,v1:172.21.15.181:6789/0] conn(0x7fdb641022d0 0x7fdb641026e0 secure :-1 s=READY pgs=43 cs=0 l=1 rev1=1 crypto rx=0x7fdb540098e0 tx=0x7fdb54009250 comp rx=0 tx=0).stop
2023-11-13T12:08:01.611 INFO:teuthology.orchestra.run.smithi181.stdout:/usr/bin/ceph: stderr
2023-11-13T12:07:58.464+0000 7fdb68fcc700 1 -- 172.21.15.181:0/849915964 shutdown_connections
2023-11-13T12:08:01.611 INFO:teuthology.orchestra.run.smithi181.stdout:/usr/bin/ceph: stderr
2023-11-13T12:07:58.464+0000 7fdb68fcc700 1 --2- 172.21.15.181:0/849915964 >> [v2:172.21.15.181:3300/0,v1:172.21.15.181:6789/0] conn(0x7fdb641022d0 0x7fdb641026e0 unknown :-1 s=CLOSED pgs=43 cs=0 l=1 rev1=1 crypto rx=0 tx=0 comp rx=0 tx=0).stop
2023-11-13T12:08:01.611 INFO:teuthology.orchestra.run.smithi181.stdout:/usr/bin/ceph: stderr
2023-11-13T12:07:58.464+0000 7fdb68fcc700 1 -- 172.21.15.181:0/849915964 >> 172.21.15.181:0/849915964 conn(0x7fdb640fda50 msgr2=0x7fdb640ffe60 unknown :-1 s=STATE_NONE l=0).mark_down
2023-11-13T12:08:01.611 INFO:teuthology.orchestra.run.smithi181.stdout:/usr/bin/ceph: stderr
2023-11-13T12:07:58.465+0000 7fdb68fcc700 1 -- 172.21.15.181:0/849915964 shutdown_connections
2023-11-13T12:08:01.611 INFO:teuthology.orchestra.run.smithi181.stdout:/usr/bin/ceph: stderr
2023-11-13T12:07:58.465+0000 7fdb68fcc700 1 -- 172.21.15.181:0/849915964 wait complete.
2023-11-13T12:08:01.612 INFO:teuthology.orchestra.run.smithi181.stdout:/usr/bin/ceph: stderr
2023-11-13T12:07:58.466+0000 7fdb68fcc700 1 Processor -- start
2023-11-13T12:08:01.612 INFO:teuthology.orchestra.run.smithi181.stdout:/usr/bin/ceph: stderr
2023-11-13T12:07:58.466+0000 7fdb68fcc700 1 -- start start
2023-11-13T12:08:01.612 INFO:teuthology.orchestra.run.smithi181.stdout:/usr/bin/ceph: stderr
2023-11-13T12:07:58.466+0000 7fdb68fcc700 1 --2- >> [v2:172.21.15.181:3300/0,v1:172.21.15.181:6789/0] conn(0x7fdb641022d0 0x7fdb64077c00 unknown :-1 s=NONE pgs=0 cs=0 l=1 rev1=0 crypto rx=0 tx=0 comp rx=0 tx=0).connect
2023-11-13T12:08:01.612 INFO:teuthology.orchestra.run.smithi181.stdout:/usr/bin/ceph: stderr
2023-11-13T12:07:58.466+0000 7fdb68fcc700 1 -- --> [v2:172.21.15.181:3300/0,v1:172.21.15.181:6789/0] -- mon_getmap magic: 0 v1 -- 0x7fdb64076080 con 0x7fdb641022d0
2023-11-13T12:08:01.612 INFO:teuthology.orchestra.run.smithi181.stdout:/usr/bin/ceph: stderr
2023-11-13T12:07:58.467+0000 7fdb6259c700 1 --2- >> [v2:172.21.15.181:3300/0,v1:172.21.15.181:6789/0] conn(0x7fdb641022d0 0x7fdb64077c00 unknown :-1 s=BANNER_CONNECTING pgs=0 cs=0 l=1 rev1=0 crypto rx=0 tx=0 comp rx=0 tx=0)._handle_peer_banner_payload supported=3 required=0
2023-11-13T12:08:01.613 INFO:teuthology.orchestra.run.smithi181.stdout:/usr/bin/ceph: stderr
2023-11-13T12:07:58.467+0000 7fdb6259c700 1 --2- >> [v2:172.21.15.181:3300/0,v1:172.21.15.181:6789/0] conn(0x7fdb641022d0 0x7fdb64077c00 unknown :-1 s=HELLO_CONNECTING pgs=0 cs=0 l=1 rev1=1 crypto rx=0 tx=0 comp rx=0 tx=0).handle_hello peer v2:172.21.15.181:3300/0 says I am v2:172.21.15.181:57968/0 (socket says 172.21.15.181:57968)
2023-11-13T12:08:01.613 INFO:teuthology.orchestra.run.smithi181.stdout:/usr/bin/ceph: stderr
2023-11-13T12:07:58.467+0000 7fdb6259c700 1 -- 172.21.15.181:0/608361354 learned_addr learned my addr 172.21.15.181:0/608361354 (peer_addr_for_me v2:172.21.15.181:0/0)
2023-11-13T12:08:01.613 INFO:teuthology.orchestra.run.smithi181.stdout:/usr/bin/ceph: stderr
2023-11-13T12:07:58.467+0000 7fdb6259c700 1 -- 172.21.15.181:0/608361354 --> [v2:172.21.15.181:3300/0,v1:172.21.15.181:6789/0] -- mon_subscribe({config=0+,monmap=0+}) v3 -- 0x7fdb540094f0 con 0x7fdb641022d0
2023-11-13T12:08:01.613 INFO:teuthology.orchestra.run.smithi181.stdout:/usr/bin/ceph: stderr
2023-11-13T12:07:58.467+0000 7fdb6259c700 1 --2- 172.21.15.181:0/608361354 >> [v2:172.21.15.181:3300/0,v1:172.21.15.181:6789/0] conn(0x7fdb641022d0 0x7fdb64077c00 secure :-1 s=READY pgs=44 cs=0 l=1 rev1=1 crypto rx=0x7fdb54000c00 tx=0x7fdb54009250 comp rx=0 tx=0).ready entity=mon.0 client_cookie=0 server_cookie=0 in_seq=0 out_seq=0
2023-11-13T12:08:01.613 INFO:teuthology.orchestra.run.smithi181.stdout:/usr/bin/ceph: stderr
2023-11-13T12:07:58.467+0000 7fdb52ffd700 1 -- 172.21.15.181:0/608361354 <== mon.0 v2:172.21.15.181:3300/0 1 ==== mon_map magic: 0 v1 ==== 229+0+0 (secure 0 0 0) 0x7fdb54010a80 con 0x7fdb641022d0
2023-11-13T12:08:01.613 INFO:teuthology.orchestra.run.smithi181.stdout:/usr/bin/ceph: stderr
2023-11-13T12:07:58.467+0000 7fdb52ffd700 1 -- 172.21.15.181:0/608361354 <== mon.0 v2:172.21.15.181:3300/0 2 ==== config(26 keys) v1 ==== 1009+0+0 (secure 0 0 0) 0x7fdb5401a430 con 0x7fdb641022d0
2023-11-13T12:08:01.614 INFO:teuthology.orchestra.run.smithi181.stdout:/usr/bin/ceph: stderr
2023-11-13T12:07:58.467+0000 7fdb68fcc700 1 -- 172.21.15.181:0/608361354 --> [v2:172.21.15.181:3300/0,v1:172.21.15.181:6789/0] -- mon_subscribe({mgrmap=0+}) v3 -- 0x7fdb64076280 con 0x7fdb641022d0
2023-11-13T12:08:01.614 INFO:teuthology.orchestra.run.smithi181.stdout:/usr/bin/ceph: stderr
2023-11-13T12:07:58.467+0000 7fdb52ffd700 1 -- 172.21.15.181:0/608361354 <== mon.0 v2:172.21.15.181:3300/0 3 ==== mon_map magic: 0 v1 ==== 229+0+0 (secure 0 0 0) 0x7fdb540245b0 con 0x7fdb641022d0
2023-11-13T12:08:01.614 INFO:teuthology.orchestra.run.smithi181.stdout:/usr/bin/ceph: stderr
2023-11-13T12:07:58.468+0000 7fdb68fcc700 1 -- 172.21.15.181:0/608361354 --> [v2:172.21.15.181:3300/0,v1:172.21.15.181:6789/0] -- mon_subscribe({osdmap=0}) v3 -- 0x7fdb64076690 con 0x7fdb641022d0
2023-11-13T12:08:01.614 INFO:teuthology.orchestra.run.smithi181.stdout:/usr/bin/ceph: stderr
2023-11-13T12:07:58.468+0000 7fdb52ffd700 1 -- 172.21.15.181:0/608361354 <== mon.0 v2:172.21.15.181:3300/0 4 ==== mgrmap(e 8) v1 ==== 43280+0+0 (secure 0 0 0) 0x7fdb5401a5a0 con 0x7fdb641022d0
2023-11-13T12:08:01.614 INFO:teuthology.orchestra.run.smithi181.stdout:/usr/bin/ceph: stderr
2023-11-13T12:07:58.469+0000 7fdb68fcc700 1 -- 172.21.15.181:0/608361354 --> [v2:172.21.15.181:3300/0,v1:172.21.15.181:6789/0] -- mon_command({"prefix": "get_command_descriptions"} v 0) v1 -- 0x7fdb6404bb80 con 0x7fdb641022d0
2023-11-13T12:08:01.615 INFO:teuthology.orchestra.run.smithi181.stdout:/usr/bin/ceph: stderr
2023-11-13T12:07:58.469+0000 7fdb52ffd700 1 --2- 172.21.15.181:0/608361354 >> [v2:172.21.15.181:6800/3817254504,v1:172.21.15.181:6801/3817254504] conn(0x7fdb4c036640 0x7fdb4c038af0 unknown :-1 s=NONE pgs=0 cs=0 l=1 rev1=0 crypto rx=0 tx=0 comp rx=0 tx=0).connect
2023-11-13T12:08:01.615 INFO:teuthology.orchestra.run.smithi181.stdout:/usr/bin/ceph: stderr
2023-11-13T12:07:58.469+0000 7fdb52ffd700 1 -- 172.21.15.181:0/608361354 <== mon.0 v2:172.21.15.181:3300/0 5 ==== osd_map(2..2 src has 1..2) v4 ==== 936+0+0 (secure 0 0 0) 0x7fdb5404aae0 con 0x7fdb641022d0
2023-11-13T12:08:01.615 INFO:teuthology.orchestra.run.smithi181.stdout:/usr/bin/ceph: stderr
2023-11-13T12:07:58.469+0000 7fdb61d9b700 1 --2- 172.21.15.181:0/608361354 >> [v2:172.21.15.181:6800/3817254504,v1:172.21.15.181:6801/3817254504] conn(0x7fdb4c036640 0x7fdb4c038af0 unknown :-1 s=BANNER_CONNECTING pgs=0 cs=0 l=1 rev1=0 crypto rx=0 tx=0 comp rx=0 tx=0)._handle_peer_banner_payload supported=3 required=0
2023-11-13T12:08:01.615 INFO:teuthology.orchestra.run.smithi181.stdout:/usr/bin/ceph: stderr
2023-11-13T12:07:58.470+0000 7fdb61d9b700 1 --2- 172.21.15.181:0/608361354 >> [v2:172.21.15.181:6800/3817254504,v1:172.21.15.181:6801/3817254504] conn(0x7fdb4c036640 0x7fdb4c038af0 secure :-1 s=READY pgs=11 cs=0 l=1 rev1=1 crypto rx=0x7fdb58009990 tx=0x7fdb58006e40 comp rx=0 tx=0).ready entity=mgr.14118 client_cookie=0 server_cookie=0 in_seq=0 out_seq=0
2023-11-13T12:08:01.615 INFO:teuthology.orchestra.run.smithi181.stdout:/usr/bin/ceph: stderr
2023-11-13T12:07:58.474+0000 7fdb52ffd700 1 -- 172.21.15.181:0/608361354 <== mon.0 v2:172.21.15.181:3300/0 6 ==== mon_command_ack([{"prefix": "get_command_descriptions"}]=0 v0) v1 ==== 72+0+174570 (secure 0 0 0) 0x7fdb54023dd0 con 0x7fdb641022d0
2023-11-13T12:08:01.616 INFO:teuthology.orchestra.run.smithi181.stdout:/usr/bin/ceph: stderr
2023-11-13T12:07:58.672+0000 7fdb68fcc700 1 -- 172.21.15.181:0/608361354 --> [v2:172.21.15.181:6800/3817254504,v1:172.21.15.181:6801/3817254504] -- mgr_command(tid 0: {"prefix": "orch host add", "hostname": "smithi181", "addr": "172.21.15.181", "target": ["mon-mgr", ""]}) v1 -- 0x7fdb6410adc0 con 0x7fdb4c036640
2023-11-13T12:08:01.616 INFO:teuthology.orchestra.run.smithi181.stdout:/usr/bin/ceph: stderr
2023-11-13T12:08:01.251+0000 7fdb52ffd700 1 -- 172.21.15.181:0/608361354 <== mgr.14118 v2:172.21.15.181:6800/3817254504 1 ==== mgr_command_reply(tid 0: 0 ) v1 ==== 8+0+49 (secure 0 0 0) 0x7fdb6410adc0 con 0x7fdb4c036640
2023-11-13T12:08:01.616 INFO:teuthology.orchestra.run.smithi181.stdout:/usr/bin/ceph: stderr
2023-11-13T12:08:01.253+0000 7fdb68fcc700 1 -- 172.21.15.181:0/608361354 >> [v2:172.21.15.181:6800/3817254504,v1:172.21.15.181:6801/3817254504] conn(0x7fdb4c036640 msgr2=0x7fdb4c038af0 secure :-1 s=STATE_CONNECTION_ESTABLISHED l=1).mark_down
2023-11-13T12:08:01.616 INFO:teuthology.orchestra.run.smithi181.stdout:/usr/bin/ceph: stderr
2023-11-13T12:08:01.253+0000 7fdb68fcc700 1 --2- 172.21.15.181:0/608361354 >> [v2:172.21.15.181:6800/3817254504,v1:172.21.15.181:6801/3817254504] conn(0x7fdb4c036640 0x7fdb4c038af0 secure :-1 s=READY pgs=11 cs=0 l=1 rev1=1 crypto rx=0x7fdb58009990 tx=0x7fdb58006e40 comp rx=0 tx=0).stop
2023-11-13T12:08:01.616 INFO:teuthology.orchestra.run.smithi181.stdout:/usr/bin/ceph: stderr
2023-11-13T12:08:01.254+0000 7fdb68fcc700 1 -- 172.21.15.181:0/608361354 >> [v2:172.21.15.181:3300/0,v1:172.21.15.181:6789/0] conn(0x7fdb641022d0 msgr2=0x7fdb64077c00 secure :-1 s=STATE_CONNECTION_ESTABLISHED l=1).mark_down
2023-11-13T12:08:01.617 INFO:teuthology.orchestra.run.smithi181.stdout:/usr/bin/ceph: stderr
2023-11-13T12:08:01.254+0000 7fdb68fcc700 1 --2- 172.21.15.181:0/608361354 >> [v2:172.21.15.181:3300/0,v1:172.21.15.181:6789/0] conn(0x7fdb641022d0 0x7fdb64077c00 secure :-1 s=READY pgs=44 cs=0 l=1 rev1=1 crypto rx=0x7fdb54000c00 tx=0x7fdb54009250 comp rx=0 tx=0).stop
2023-11-13T12:08:01.617 INFO:teuthology.orchestra.run.smithi181.stdout:/usr/bin/ceph: stderr
2023-11-13T12:08:01.254+0000 7fdb68fcc700 1 -- 172.21.15.181:0/608361354 shutdown_connections
2023-11-13T12:08:01.617 INFO:teuthology.orchestra.run.smithi181.stdout:/usr/bin/ceph: stderr
2023-11-13T12:08:01.254+0000 7fdb68fcc700 1 --2- 172.21.15.181:0/608361354 >> [v2:172.21.15.181:6800/3817254504,v1:172.21.15.181:6801/3817254504] conn(0x7fdb4c036640 0x7fdb4c038af0 unknown :-1 s=CLOSED pgs=11 cs=0 l=1 rev1=1 crypto rx=0 tx=0 comp rx=0 tx=0).stop
2023-11-13T12:08:01.617 INFO:teuthology.orchestra.run.smithi181.stdout:/usr/bin/ceph: stderr
2023-11-13T12:08:01.254+0000 7fdb68fcc700 1 --2- 172.21.15.181:0/608361354 >> [v2:172.21.15.181:3300/0,v1:172.21.15.181:6789/0] conn(0x7fdb641022d0 0x7fdb64077c00 unknown :-1 s=CLOSED pgs=44 cs=0 l=1 rev1=1 crypto rx=0 tx=0 comp rx=0 tx=0).stop
2023-11-13T12:08:01.617 INFO:teuthology.orchestra.run.smithi181.stdout:/usr/bin/ceph: stderr
2023-11-13T12:08:01.254+0000 7fdb68fcc700 1 -- 172.21.15.181:0/608361354 >> 172.21.15.181:0/608361354 conn(0x7fdb640fda50 msgr2=0x7fdb640ff250 unknown :-1 s=STATE_NONE l=0).mark_down
2023-11-13T12:08:01.618 INFO:teuthology.orchestra.run.smithi181.stdout:/usr/bin/ceph: stderr
2023-11-13T12:08:01.254+0000 7fdb68fcc700 1 -- 172.21.15.181:0/608361354 shutdown_connections
2023-11-13T12:08:01.618 INFO:teuthology.orchestra.run.smithi181.stdout:/usr/bin/ceph: stderr
2023-11-13T12:08:01.254+0000 7fdb68fcc700 1 -- 172.21.15.181:0/608361354 wait complete.
2023-11-13T12:08:01.618 INFO:teuthology.orchestra.run.smithi181.stdout:Deploying mon service with default placement...
2023-11-13T12:08:02.511 INFO:journalctl@ceph.mon.smithi181.smithi181.stdout:Nov 13 12:08:02 smithi181 ceph-mon[107827]: from='mgr.14118 172.21.15.181:0/1817602145' entity='mgr.smithi181.nqhzcj'
2023-11-13T12:08:02.512 INFO:journalctl@ceph.mon.smithi181.smithi181.stdout:Nov 13 12:08:02 smithi181 ceph-mon[107827]: Added host smithi181
2023-11-13T12:08:02.512 INFO:journalctl@ceph.mon.smithi181.smithi181.stdout:Nov 13 12:08:02 smithi181 ceph-mon[107827]: from='mgr.14118 172.21.15.181:0/1817602145' entity='mgr.smithi181.nqhzcj' cmd=[{"prefix": "config dump", "format": "json"}]: dispatch
2023-11-13T12:08:02.820 INFO:teuthology.orchestra.run.smithi181.stdout:/usr/bin/ceph: stdout Scheduled mon update...
2023-11-13T12:08:02.820 INFO:teuthology.orchestra.run.smithi181.stdout:/usr/bin/ceph: stderr
2023-11-13T12:08:02.028+0000 7f5c24145700 1 Processor -- start
2023-11-13T12:08:02.820 INFO:teuthology.orchestra.run.smithi181.stdout:/usr/bin/ceph: stderr
2023-11-13T12:08:02.028+0000 7f5c24145700 1 -- start start
2023-11-13T12:08:02.821 INFO:teuthology.orchestra.run.smithi181.stdout:/usr/bin/ceph: stderr
2023-11-13T12:08:02.028+0000 7f5c24145700 1 --2- >> [v2:172.21.15.181:3300/0,v1:172.21.15.181:6789/0] conn(0x7f5c1c077bd0 0x7f5c1c0760e0 unknown :-1 s=NONE pgs=0 cs=0 l=0 rev1=0 crypto rx=0 tx=0 comp rx=0 tx=0).connect
2023-11-13T12:08:02.821 INFO:teuthology.orchestra.run.smithi181.stdout:/usr/bin/ceph: stderr
2023-11-13T12:08:02.028+0000 7f5c24145700 1 -- --> [v2:172.21.15.181:3300/0,v1:172.21.15.181:6789/0] -- mon_getmap magic: 0 v1 -- 0x7f5c1c077fe0 con 0x7f5c1c077bd0
2023-11-13T12:08:02.821 INFO:teuthology.orchestra.run.smithi181.stdout:/usr/bin/ceph: stderr
2023-11-13T12:08:02.028+0000 7f5c21ee1700 1 --2- >> [v2:172.21.15.181:3300/0,v1:172.21.15.181:6789/0] conn(0x7f5c1c077bd0 0x7f5c1c0760e0 unknown :-1 s=BANNER_CONNECTING pgs=0 cs=0 l=0 rev1=0 crypto rx=0 tx=0 comp rx=0 tx=0)._handle_peer_banner_payload supported=3 required=0
2023-11-13T12:08:02.821 INFO:teuthology.orchestra.run.smithi181.stdout:/usr/bin/ceph: stderr
2023-11-13T12:08:02.028+0000 7f5c21ee1700 1 --2- >> [v2:172.21.15.181:3300/0,v1:172.21.15.181:6789/0] conn(0x7f5c1c077bd0 0x7f5c1c0760e0 unknown :-1 s=HELLO_CONNECTING pgs=0 cs=0 l=0 rev1=1 crypto rx=0 tx=0 comp rx=0 tx=0).handle_hello peer v2:172.21.15.181:3300/0 says I am v2:172.21.15.181:57982/0 (socket says 172.21.15.181:57982)
2023-11-13T12:08:02.821 INFO:teuthology.orchestra.run.smithi181.stdout:/usr/bin/ceph: stderr
2023-11-13T12:08:02.029+0000 7f5c21ee1700 1 -- 172.21.15.181:0/953011558 learned_addr learned my addr 172.21.15.181:0/953011558 (peer_addr_for_me v2:172.21.15.181:0/0)
2023-11-13T12:08:02.822 INFO:teuthology.orchestra.run.smithi181.stdout:/usr/bin/ceph: stderr
2023-11-13T12:08:02.029+0000 7f5c21ee1700 1 -- 172.21.15.181:0/953011558 --> [v2:172.21.15.181:3300/0,v1:172.21.15.181:6789/0] -- mon_subscribe({config=0+,monmap=0+}) v3 -- 0x7f5c1c076620 con 0x7f5c1c077bd0
2023-11-13T12:08:02.822 INFO:teuthology.orchestra.run.smithi181.stdout:/usr/bin/ceph: stderr
2023-11-13T12:08:02.029+0000 7f5c21ee1700 1 --2- 172.21.15.181:0/953011558 >> [v2:172.21.15.181:3300/0,v1:172.21.15.181:6789/0] conn(0x7f5c1c077bd0 0x7f5c1c0760e0 secure :-1 s=READY pgs=45 cs=0 l=1 rev1=1 crypto rx=0x7f5c180098e0 tx=0x7f5c18009250 comp rx=0 tx=0).ready entity=mon.0 client_cookie=7ae7a5ea90debb99 server_cookie=0 in_seq=0 out_seq=0
2023-11-13T12:08:02.822 INFO:teuthology.orchestra.run.smithi181.stdout:/usr/bin/ceph: stderr
2023-11-13T12:08:02.029+0000 7f5c20edf700 1 -- 172.21.15.181:0/953011558 <== mon.0 v2:172.21.15.181:3300/0 1 ==== mon_map magic: 0 v1 ==== 229+0+0 (secure 0 0 0) 0x7f5c1800b860 con 0x7f5c1c077bd0
2023-11-13T12:08:02.822 INFO:teuthology.orchestra.run.smithi181.stdout:/usr/bin/ceph: stderr
2023-11-13T12:08:02.029+0000 7f5c20edf700 1 -- 172.21.15.181:0/953011558 <== mon.0 v2:172.21.15.181:3300/0 2 ==== config(26 keys) v1 ==== 1009+0+0 (secure 0 0 0) 0x7f5c1800be30 con 0x7f5c1c077bd0
2023-11-13T12:08:02.823 INFO:teuthology.orchestra.run.smithi181.stdout:/usr/bin/ceph: stderr
2023-11-13T12:08:02.029+0000 7f5c20edf700 1 -- 172.21.15.181:0/953011558 <== mon.0 v2:172.21.15.181:3300/0 3 ==== mon_map magic: 0 v1 ==== 229+0+0 (secure 0 0 0) 0x7f5c18010380 con 0x7f5c1c077bd0
2023-11-13T12:08:02.823 INFO:teuthology.orchestra.run.smithi181.stdout:/usr/bin/ceph: stderr
2023-11-13T12:08:02.030+0000 7f5c24145700 1 -- 172.21.15.181:0/953011558 >> [v2:172.21.15.181:3300/0,v1:172.21.15.181:6789/0] conn(0x7f5c1c077bd0 msgr2=0x7f5c1c0760e0 secure :-1 s=STATE_CONNECTION_ESTABLISHED l=1).mark_down
2023-11-13T12:08:02.823 INFO:teuthology.orchestra.run.smithi181.stdout:/usr/bin/ceph: stderr
2023-11-13T12:08:02.030+0000 7f5c24145700 1 --2- 172.21.15.181:0/953011558 >> [v2:172.21.15.181:3300/0,v1:172.21.15.181:6789/0] conn(0x7f5c1c077bd0 0x7f5c1c0760e0 secure :-1 s=READY pgs=45 cs=0 l=1 rev1=1 crypto rx=0x7f5c180098e0 tx=0x7f5c18009250 comp rx=0 tx=0).stop
2023-11-13T12:08:02.823 INFO:teuthology.orchestra.run.smithi181.stdout:/usr/bin/ceph: stderr
2023-11-13T12:08:02.030+0000 7f5c24145700 1 -- 172.21.15.181:0/953011558 shutdown_connections
2023-11-13T12:08:02.823 INFO:teuthology.orchestra.run.smithi181.stdout:/usr/bin/ceph: stderr
2023-11-13T12:08:02.030+0000 7f5c24145700 1 --2- 172.21.15.181:0/953011558 >> [v2:172.21.15.181:3300/0,v1:172.21.15.181:6789/0] conn(0x7f5c1c077bd0 0x7f5c1c0760e0 unknown :-1 s=CLOSED pgs=45 cs=0 l=1 rev1=1 crypto rx=0 tx=0 comp rx=0 tx=0).stop
2023-11-13T12:08:02.824 INFO:teuthology.orchestra.run.smithi181.stdout:/usr/bin/ceph: stderr
2023-11-13T12:08:02.030+0000 7f5c24145700 1 -- 172.21.15.181:0/953011558 >> 172.21.15.181:0/953011558 conn(0x7f5c1c0fda50 msgr2=0x7f5c1c0ffe60 unknown :-1 s=STATE_NONE l=0).mark_down
2023-11-13T12:08:02.824 INFO:teuthology.orchestra.run.smithi181.stdout:/usr/bin/ceph: stderr
2023-11-13T12:08:02.030+0000 7f5c24145700 1 -- 172.21.15.181:0/953011558 shutdown_connections
2023-11-13T12:08:02.824 INFO:teuthology.orchestra.run.smithi181.stdout:/usr/bin/ceph: stderr
2023-11-13T12:08:02.030+0000 7f5c24145700 1 -- 172.21.15.181:0/953011558 wait complete.
2023-11-13T12:08:02.824 INFO:teuthology.orchestra.run.smithi181.stdout:/usr/bin/ceph: stderr
2023-11-13T12:08:02.031+0000 7f5c24145700 1 Processor -- start
2023-11-13T12:08:02.824 INFO:teuthology.orchestra.run.smithi181.stdout:/usr/bin/ceph: stderr
2023-11-13T12:08:02.031+0000 7f5c24145700 1 -- start start
2023-11-13T12:08:02.825 INFO:teuthology.orchestra.run.smithi181.stdout:/usr/bin/ceph: stderr
2023-11-13T12:08:02.031+0000 7f5c24145700 1 --2- >> [v2:172.21.15.181:3300/0,v1:172.21.15.181:6789/0] conn(0x7f5c1c077bd0 0x7f5c1c1133c0 unknown :-1 s=NONE pgs=0 cs=0 l=1 rev1=0 crypto rx=0 tx=0 comp rx=0 tx=0).connect
2023-11-13T12:08:02.825 INFO:teuthology.orchestra.run.smithi181.stdout:/usr/bin/ceph: stderr
2023-11-13T12:08:02.031+0000 7f5c24145700 1 -- --> [v2:172.21.15.181:3300/0,v1:172.21.15.181:6789/0] -- mon_getmap magic: 0 v1 -- 0x7f5c1c113900 con 0x7f5c1c077bd0
2023-11-13T12:08:02.825 INFO:teuthology.orchestra.run.smithi181.stdout:/usr/bin/ceph: stderr
2023-11-13T12:08:02.031+0000 7f5c21ee1700 1 --2- >> [v2:172.21.15.181:3300/0,v1:172.21.15.181:6789/0] conn(0x7f5c1c077bd0 0x7f5c1c1133c0 unknown :-1 s=BANNER_CONNECTING pgs=0 cs=0 l=1 rev1=0 crypto rx=0 tx=0 comp rx=0 tx=0)._handle_peer_banner_payload supported=3 required=0
2023-11-13T12:08:02.825 INFO:teuthology.orchestra.run.smithi181.stdout:/usr/bin/ceph: stderr
2023-11-13T12:08:02.031+0000 7f5c21ee1700 1 --2- >> [v2:172.21.15.181:3300/0,v1:172.21.15.181:6789/0] conn(0x7f5c1c077bd0 0x7f5c1c1133c0 unknown :-1 s=HELLO_CONNECTING pgs=0 cs=0 l=1 rev1=1 crypto rx=0 tx=0 comp rx=0 tx=0).handle_hello peer v2:172.21.15.181:3300/0 says I am v2:172.21.15.181:57988/0 (socket says 172.21.15.181:57988)
2023-11-13T12:08:02.825 INFO:teuthology.orchestra.run.smithi181.stdout:/usr/bin/ceph: stderr
2023-11-13T12:08:02.031+0000 7f5c21ee1700 1 -- 172.21.15.181:0/1106622826 learned_addr learned my addr 172.21.15.181:0/1106622826 (peer_addr_for_me v2:172.21.15.181:0/0)
2023-11-13T12:08:02.826 INFO:teuthology.orchestra.run.smithi181.stdout:/usr/bin/ceph: stderr
2023-11-13T12:08:02.032+0000 7f5c21ee1700 1 -- 172.21.15.181:0/1106622826 --> [v2:172.21.15.181:3300/0,v1:172.21.15.181:6789/0] -- mon_subscribe({config=0+,monmap=0+}) v3 -- 0x7f5c180094f0 con 0x7f5c1c077bd0
2023-11-13T12:08:02.826 INFO:teuthology.orchestra.run.smithi181.stdout:/usr/bin/ceph: stderr
2023-11-13T12:08:02.032+0000 7f5c21ee1700 1 --2- 172.21.15.181:0/1106622826 >> [v2:172.21.15.181:3300/0,v1:172.21.15.181:6789/0] conn(0x7f5c1c077bd0 0x7f5c1c1133c0 secure :-1 s=READY pgs=46 cs=0 l=1 rev1=1 crypto rx=0x7f5c18006fd0 tx=0x7f5c18009250 comp rx=0 tx=0).ready entity=mon.0 client_cookie=0 server_cookie=0 in_seq=0 out_seq=0
2023-11-13T12:08:02.826 INFO:teuthology.orchestra.run.smithi181.stdout:/usr/bin/ceph: stderr
2023-11-13T12:08:02.032+0000 7f5c127fc700 1 -- 172.21.15.181:0/1106622826 <== mon.0 v2:172.21.15.181:3300/0 1 ==== mon_map magic: 0 v1 ==== 229+0+0 (secure 0 0 0) 0x7f5c18010750 con 0x7f5c1c077bd0
2023-11-13T12:08:02.826 INFO:teuthology.orchestra.run.smithi181.stdout:/usr/bin/ceph: stderr
2023-11-13T12:08:02.032+0000 7f5c127fc700 1 -- 172.21.15.181:0/1106622826 <== mon.0 v2:172.21.15.181:3300/0 2 ==== config(26 keys) v1 ==== 1009+0+0 (secure 0 0 0) 0x7f5c18010d20 con 0x7f5c1c077bd0
2023-11-13T12:08:02.827 INFO:teuthology.orchestra.run.smithi181.stdout:/usr/bin/ceph: stderr
2023-11-13T12:08:02.032+0000 7f5c127fc700 1 -- 172.21.15.181:0/1106622826 <== mon.0 v2:172.21.15.181:3300/0 3 ==== mon_map magic: 0 v1 ==== 229+0+0 (secure 0 0 0) 0x7f5c1801ada0 con 0x7f5c1c077bd0
2023-11-13T12:08:02.827 INFO:teuthology.orchestra.run.smithi181.stdout:/usr/bin/ceph: stderr
2023-11-13T12:08:02.033+0000 7f5c24145700 1 -- 172.21.15.181:0/1106622826 --> [v2:172.21.15.181:3300/0,v1:172.21.15.181:6789/0] -- mon_subscribe({mgrmap=0+}) v3 -- 0x7f5c1c113b00 con 0x7f5c1c077bd0
2023-11-13T12:08:02.827 INFO:teuthology.orchestra.run.smithi181.stdout:/usr/bin/ceph: stderr
2023-11-13T12:08:02.033+0000 7f5c24145700 1 -- 172.21.15.181:0/1106622826 --> [v2:172.21.15.181:3300/0,v1:172.21.15.181:6789/0] -- mon_subscribe({osdmap=0}) v3 -- 0x7f5c1c113f10 con 0x7f5c1c077bd0
2023-11-13T12:08:02.827 INFO:teuthology.orchestra.run.smithi181.stdout:/usr/bin/ceph: stderr
2023-11-13T12:08:02.034+0000 7f5c24145700 1 -- 172.21.15.181:0/1106622826 --> [v2:172.21.15.181:3300/0,v1:172.21.15.181:6789/0] -- mon_command({"prefix": "get_command_descriptions"} v 0) v1 -- 0x7f5c1c04bb80 con 0x7f5c1c077bd0
2023-11-13T12:08:02.828 INFO:teuthology.orchestra.run.smithi181.stdout:/usr/bin/ceph: stderr
2023-11-13T12:08:02.034+0000 7f5c127fc700 1 -- 172.21.15.181:0/1106622826 <== mon.0 v2:172.21.15.181:3300/0 4 ==== mgrmap(e 8) v1 ==== 43280+0+0 (secure 0 0 0) 0x7f5c180108b0 con 0x7f5c1c077bd0
2023-11-13T12:08:02.828 INFO:teuthology.orchestra.run.smithi181.stdout:/usr/bin/ceph: stderr
2023-11-13T12:08:02.034+0000 7f5c127fc700 1 --2- 172.21.15.181:0/1106622826 >> [v2:172.21.15.181:6800/3817254504,v1:172.21.15.181:6801/3817254504] conn(0x7f5c08036640 0x7f5c08038af0 unknown :-1 s=NONE pgs=0 cs=0 l=1 rev1=0 crypto rx=0 tx=0 comp rx=0 tx=0).connect
2023-11-13T12:08:02.828 INFO:teuthology.orchestra.run.smithi181.stdout:/usr/bin/ceph: stderr
2023-11-13T12:08:02.034+0000 7f5c127fc700 1 -- 172.21.15.181:0/1106622826 <== mon.0 v2:172.21.15.181:3300/0 5 ==== osd_map(2..2 src has 1..2) v4 ==== 936+0+0 (secure 0 0 0) 0x7f5c18049bf0 con 0x7f5c1c077bd0
2023-11-13T12:08:02.828 INFO:teuthology.orchestra.run.smithi181.stdout:/usr/bin/ceph: stderr
2023-11-13T12:08:02.035+0000 7f5c216e0700 1 --2- 172.21.15.181:0/1106622826 >> [v2:172.21.15.181:6800/3817254504,v1:172.21.15.181:6801/3817254504] conn(0x7f5c08036640 0x7f5c08038af0 unknown :-1 s=BANNER_CONNECTING pgs=0 cs=0 l=1 rev1=0 crypto rx=0 tx=0 comp rx=0 tx=0)._handle_peer_banner_payload supported=3 required=0
2023-11-13T12:08:02.828 INFO:teuthology.orchestra.run.smithi181.stdout:/usr/bin/ceph: stderr
2023-11-13T12:08:02.035+0000 7f5c216e0700 1 --2- 172.21.15.181:0/1106622826 >> [v2:172.21.15.181:6800/3817254504,v1:172.21.15.181:6801/3817254504] conn(0x7f5c08036640 0x7f5c08038af0 secure :-1 s=READY pgs=12 cs=0 l=1 rev1=1 crypto rx=0x7f5c0c009990 tx=0x7f5c0c006e40 comp rx=0 tx=0).ready entity=mgr.14118 client_cookie=0 server_cookie=0 in_seq=0 out_seq=0
2023-11-13T12:08:02.829 INFO:teuthology.orchestra.run.smithi181.stdout:/usr/bin/ceph: stderr
2023-11-13T12:08:02.039+0000 7f5c127fc700 1 -- 172.21.15.181:0/1106622826 <== mon.0 v2:172.21.15.181:3300/0 6 ==== mon_command_ack([{"prefix": "get_command_descriptions"}]=0 v0) v1 ==== 72+0+174570 (secure 0 0 0) 0x7f5c1801a5d0 con 0x7f5c1c077bd0
2023-11-13T12:08:02.829 INFO:teuthology.orchestra.run.smithi181.stdout:/usr/bin/ceph: stderr
2023-11-13T12:08:02.247+0000 7f5c24145700 1 -- 172.21.15.181:0/1106622826 --> [v2:172.21.15.181:6800/3817254504,v1:172.21.15.181:6801/3817254504] -- mgr_command(tid 0: {"prefix": "orch apply", "service_type": "mon", "target": ["mon-mgr", ""]}) v1 -- 0x7f5c1c0008d0 con 0x7f5c08036640
2023-11-13T12:08:02.829 INFO:teuthology.orchestra.run.smithi181.stdout:/usr/bin/ceph: stderr
2023-11-13T12:08:02.255+0000 7f5c127fc700 1 -- 172.21.15.181:0/1106622826 <== mgr.14118 v2:172.21.15.181:6800/3817254504 1 ==== mgr_command_reply(tid 0: 0 ) v1 ==== 8+0+24 (secure 0 0 0) 0x7f5c1c0008d0 con 0x7f5c08036640
2023-11-13T12:08:02.829 INFO:teuthology.orchestra.run.smithi181.stdout:/usr/bin/ceph: stderr
2023-11-13T12:08:02.258+0000 7f5c24145700 1 -- 172.21.15.181:0/1106622826 >> [v2:172.21.15.181:6800/3817254504,v1:172.21.15.181:6801/3817254504] conn(0x7f5c08036640 msgr2=0x7f5c08038af0 secure :-1 s=STATE_CONNECTION_ESTABLISHED l=1).mark_down
2023-11-13T12:08:02.829 INFO:teuthology.orchestra.run.smithi181.stdout:/usr/bin/ceph: stderr
2023-11-13T12:08:02.258+0000 7f5c24145700 1 --2- 172.21.15.181:0/1106622826 >> [v2:172.21.15.181:6800/3817254504,v1:172.21.15.181:6801/3817254504] conn(0x7f5c08036640 0x7f5c08038af0 secure :-1 s=READY pgs=12 cs=0 l=1 rev1=1 crypto rx=0x7f5c0c009990 tx=0x7f5c0c006e40 comp rx=0 tx=0).stop
2023-11-13T12:08:02.830 INFO:teuthology.orchestra.run.smithi181.stdout:/usr/bin/ceph: stderr
2023-11-13T12:08:02.258+0000 7f5c24145700 1 -- 172.21.15.181:0/1106622826 >> [v2:172.21.15.181:3300/0,v1:172.21.15.181:6789/0] conn(0x7f5c1c077bd0 msgr2=0x7f5c1c1133c0 secure :-1 s=STATE_CONNECTION_ESTABLISHED l=1).mark_down
2023-11-13T12:08:02.830 INFO:teuthology.orchestra.run.smithi181.stdout:/usr/bin/ceph: stderr
2023-11-13T12:08:02.258+0000 7f5c24145700 1 --2- 172.21.15.181:0/1106622826 >> [v2:172.21.15.181:3300/0,v1:172.21.15.181:6789/0] conn(0x7f5c1c077bd0 0x7f5c1c1133c0 secure :-1 s=READY pgs=46 cs=0 l=1 rev1=1 crypto rx=0x7f5c18006fd0 tx=0x7f5c18009250 comp rx=0 tx=0).stop
2023-11-13T12:08:02.830 INFO:teuthology.orchestra.run.smithi181.stdout:/usr/bin/ceph: stderr
2023-11-13T12:08:02.258+0000 7f5c24145700 1 -- 172.21.15.181:0/1106622826 shutdown_connections
2023-11-13T12:08:02.830 INFO:teuthology.orchestra.run.smithi181.stdout:/usr/bin/ceph: stderr
2023-11-13T12:08:02.258+0000 7f5c24145700 1 --2- 172.21.15.181:0/1106622826 >> [v2:172.21.15.181:6800/3817254504,v1:172.21.15.181:6801/3817254504] conn(0x7f5c08036640 0x7f5c08038af0 unknown :-1 s=CLOSED pgs=12 cs=0 l=1 rev1=1 crypto rx=0 tx=0 comp rx=0 tx=0).stop
2023-11-13T12:08:02.831 INFO:teuthology.orchestra.run.smithi181.stdout:/usr/bin/ceph: stderr
2023-11-13T12:08:02.258+0000 7f5c24145700 1 --2- 172.21.15.181:0/1106622826 >> [v2:172.21.15.181:3300/0,v1:172.21.15.181:6789/0] conn(0x7f5c1c077bd0 0x7f5c1c1133c0 unknown :-1 s=CLOSED pgs=46 cs=0 l=1 rev1=1 crypto rx=0 tx=0 comp rx=0 tx=0).stop
2023-11-13T12:08:02.831 INFO:teuthology.orchestra.run.smithi181.stdout:/usr/bin/ceph: stderr
2023-11-13T12:08:02.258+0000 7f5c24145700 1 -- 172.21.15.181:0/1106622826 >> 172.21.15.181:0/1106622826 conn(0x7f5c1c0fda50 msgr2=0x7f5c1c0ff250 unknown :-1 s=STATE_NONE l=0).mark_down
2023-11-13T12:08:02.831 INFO:teuthology.orchestra.run.smithi181.stdout:/usr/bin/ceph: stderr
2023-11-13T12:08:02.258+0000 7f5c24145700 1 -- 172.21.15.181:0/1106622826 shutdown_connections
2023-11-13T12:08:02.831 INFO:teuthology.orchestra.run.smithi181.stdout:/usr/bin/ceph: stderr
2023-11-13T12:08:02.258+0000 7f5c24145700 1 -- 172.21.15.181:0/1106622826 wait complete.
2023-11-13T12:08:02.831 INFO:teuthology.orchestra.run.smithi181.stdout:Deploying mgr service with default placement...
2023-11-13T12:08:03.487 INFO:journalctl@ceph.mon.smithi181.smithi181.stdout:Nov 13 12:08:03 smithi181 ceph-mon[107827]: from='client.14140 -' entity='client.admin' cmd=[{"prefix": "orch apply", "service_type": "mon", "target": ["mon-mgr", ""]}]: dispatch
2023-11-13T12:08:03.487 INFO:journalctl@ceph.mon.smithi181.smithi181.stdout:Nov 13 12:08:03 smithi181 ceph-mon[107827]: Saving service mon spec with placement count:5
2023-11-13T12:08:03.487 INFO:journalctl@ceph.mon.smithi181.smithi181.stdout:Nov 13 12:08:03 smithi181 ceph-mon[107827]: from='mgr.14118 172.21.15.181:0/1817602145' entity='mgr.smithi181.nqhzcj'
2023-11-13T12:08:03.487 INFO:journalctl@ceph.mon.smithi181.smithi181.stdout:Nov 13 12:08:03 smithi181 ceph-mon[107827]: from='mgr.14118 172.21.15.181:0/1817602145' entity='mgr.smithi181.nqhzcj'
2023-11-13T12:08:04.112 INFO:teuthology.orchestra.run.smithi181.stdout:/usr/bin/ceph: stdout Scheduled mgr update...
2023-11-13T12:08:04.113 INFO:teuthology.orchestra.run.smithi181.stdout:/usr/bin/ceph: stderr
2023-11-13T12:08:03.525+0000 7fdb39701700 1 Processor -- start
2023-11-13T12:08:04.113 INFO:teuthology.orchestra.run.smithi181.stdout:/usr/bin/ceph: stderr
2023-11-13T12:08:03.525+0000 7fdb39701700 1 -- start start
2023-11-13T12:08:04.113 INFO:teuthology.orchestra.run.smithi181.stdout:/usr/bin/ceph: stderr
2023-11-13T12:08:03.525+0000 7fdb39701700 1 --2- >> [v2:172.21.15.181:3300/0,v1:172.21.15.181:6789/0] conn(0x7fdb341011d0 0x7fdb341015e0 unknown :-1 s=NONE pgs=0 cs=0 l=0 rev1=0 crypto rx=0 tx=0 comp rx=0 tx=0).connect
2023-11-13T12:08:04.113 INFO:teuthology.orchestra.run.smithi181.stdout:/usr/bin/ceph: stderr
2023-11-13T12:08:03.525+0000 7fdb39701700 1 -- --> [v2:172.21.15.181:3300/0,v1:172.21.15.181:6789/0] -- mon_getmap magic: 0 v1 -- 0x7fdb34101b20 con 0x7fdb341011d0
2023-11-13T12:08:04.114 INFO:teuthology.orchestra.run.smithi181.stdout:/usr/bin/ceph: stderr
2023-11-13T12:08:03.526+0000 7fdb32ffd700 1 --2- >> [v2:172.21.15.181:3300/0,v1:172.21.15.181:6789/0] conn(0x7fdb341011d0 0x7fdb341015e0 unknown :-1 s=BANNER_CONNECTING pgs=0 cs=0 l=0 rev1=0 crypto rx=0 tx=0 comp rx=0 tx=0)._handle_peer_banner_payload supported=3 required=0
2023-11-13T12:08:04.114 INFO:teuthology.orchestra.run.smithi181.stdout:/usr/bin/ceph: stderr
