2023-11-13T12:08:03.526+0000 7fdb32ffd700 1 --2- >> [v2:172.21.15.181:3300/0,v1:172.21.15.181:6789/0] conn(0x7fdb341011d0 0x7fdb341015e0 unknown :-1 s=HELLO_CONNECTING pgs=0 cs=0 l=0 rev1=1 crypto rx=0 tx=0 comp rx=0 tx=0).handle_hello peer v2:172.21.15.181:3300/0 says I am v2:172.21.15.181:57990/0 (socket says 172.21.15.181:57990)
2023-11-13T12:08:04.114 INFO:teuthology.orchestra.run.smithi181.stdout:/usr/bin/ceph: stderr
2023-11-13T12:08:03.526+0000 7fdb32ffd700 1 -- 172.21.15.181:0/194019832 learned_addr learned my addr 172.21.15.181:0/194019832 (peer_addr_for_me v2:172.21.15.181:0/0)
2023-11-13T12:08:04.114 INFO:teuthology.orchestra.run.smithi181.stdout:/usr/bin/ceph: stderr
2023-11-13T12:08:03.526+0000 7fdb32ffd700 1 -- 172.21.15.181:0/194019832 --> [v2:172.21.15.181:3300/0,v1:172.21.15.181:6789/0] -- mon_subscribe({config=0+,monmap=0+}) v3 -- 0x7fdb34101c60 con 0x7fdb341011d0
2023-11-13T12:08:04.115 INFO:teuthology.orchestra.run.smithi181.stdout:/usr/bin/ceph: stderr
2023-11-13T12:08:03.526+0000 7fdb32ffd700 1 --2- 172.21.15.181:0/194019832 >> [v2:172.21.15.181:3300/0,v1:172.21.15.181:6789/0] conn(0x7fdb341011d0 0x7fdb341015e0 secure :-1 s=READY pgs=47 cs=0 l=1 rev1=1 crypto rx=0x7fdb2400bb80 tx=0x7fdb2400b4f0 comp rx=0 tx=0).ready entity=mon.0 client_cookie=ffdd8942d34acef5 server_cookie=0 in_seq=0 out_seq=0
2023-11-13T12:08:04.115 INFO:teuthology.orchestra.run.smithi181.stdout:/usr/bin/ceph: stderr
2023-11-13T12:08:03.527+0000 7fdb31ffb700 1 -- 172.21.15.181:0/194019832 <== mon.0 v2:172.21.15.181:3300/0 1 ==== mon_map magic: 0 v1 ==== 229+0+0 (secure 0 0 0) 0x7fdb2400dd00 con 0x7fdb341011d0
2023-11-13T12:08:04.115 INFO:teuthology.orchestra.run.smithi181.stdout:/usr/bin/ceph: stderr
2023-11-13T12:08:03.527+0000 7fdb31ffb700 1 -- 172.21.15.181:0/194019832 <== mon.0 v2:172.21.15.181:3300/0 2 ==== config(26 keys) v1 ==== 1074+0+0 (secure 0 0 0) 0x7fdb2400de60 con 0x7fdb341011d0
2023-11-13T12:08:04.115 INFO:teuthology.orchestra.run.smithi181.stdout:/usr/bin/ceph: stderr
2023-11-13T12:08:03.527+0000 7fdb31ffb700 1 -- 172.21.15.181:0/194019832 <== mon.0 v2:172.21.15.181:3300/0 3 ==== mon_map magic: 0 v1 ==== 229+0+0 (secure 0 0 0) 0x7fdb240188d0 con 0x7fdb341011d0
2023-11-13T12:08:04.115 INFO:teuthology.orchestra.run.smithi181.stdout:/usr/bin/ceph: stderr
2023-11-13T12:08:03.527+0000 7fdb39701700 1 -- 172.21.15.181:0/194019832 >> [v2:172.21.15.181:3300/0,v1:172.21.15.181:6789/0] conn(0x7fdb341011d0 msgr2=0x7fdb341015e0 secure :-1 s=STATE_CONNECTION_ESTABLISHED l=1).mark_down
2023-11-13T12:08:04.116 INFO:teuthology.orchestra.run.smithi181.stdout:/usr/bin/ceph: stderr
2023-11-13T12:08:03.527+0000 7fdb39701700 1 --2- 172.21.15.181:0/194019832 >> [v2:172.21.15.181:3300/0,v1:172.21.15.181:6789/0] conn(0x7fdb341011d0 0x7fdb341015e0 secure :-1 s=READY pgs=47 cs=0 l=1 rev1=1 crypto rx=0x7fdb2400bb80 tx=0x7fdb2400b4f0 comp rx=0 tx=0).stop
2023-11-13T12:08:04.116 INFO:teuthology.orchestra.run.smithi181.stdout:/usr/bin/ceph: stderr
2023-11-13T12:08:03.527+0000 7fdb39701700 1 -- 172.21.15.181:0/194019832 shutdown_connections
2023-11-13T12:08:04.116 INFO:teuthology.orchestra.run.smithi181.stdout:/usr/bin/ceph: stderr
2023-11-13T12:08:03.527+0000 7fdb39701700 1 --2- 172.21.15.181:0/194019832 >> [v2:172.21.15.181:3300/0,v1:172.21.15.181:6789/0] conn(0x7fdb341011d0 0x7fdb341015e0 unknown :-1 s=CLOSED pgs=47 cs=0 l=1 rev1=1 crypto rx=0 tx=0 comp rx=0 tx=0).stop
2023-11-13T12:08:04.116 INFO:teuthology.orchestra.run.smithi181.stdout:/usr/bin/ceph: stderr
2023-11-13T12:08:03.527+0000 7fdb39701700 1 -- 172.21.15.181:0/194019832 >> 172.21.15.181:0/194019832 conn(0x7fdb340fc970 msgr2=0x7fdb340fed80 unknown :-1 s=STATE_NONE l=0).mark_down
2023-11-13T12:08:04.116 INFO:teuthology.orchestra.run.smithi181.stdout:/usr/bin/ceph: stderr
2023-11-13T12:08:03.527+0000 7fdb39701700 1 -- 172.21.15.181:0/194019832 shutdown_connections
2023-11-13T12:08:04.117 INFO:teuthology.orchestra.run.smithi181.stdout:/usr/bin/ceph: stderr
2023-11-13T12:08:03.528+0000 7fdb39701700 1 -- 172.21.15.181:0/194019832 wait complete.
2023-11-13T12:08:04.117 INFO:teuthology.orchestra.run.smithi181.stdout:/usr/bin/ceph: stderr
2023-11-13T12:08:03.529+0000 7fdb39701700 1 Processor -- start
2023-11-13T12:08:04.117 INFO:teuthology.orchestra.run.smithi181.stdout:/usr/bin/ceph: stderr
2023-11-13T12:08:03.529+0000 7fdb39701700 1 -- start start
2023-11-13T12:08:04.117 INFO:teuthology.orchestra.run.smithi181.stdout:/usr/bin/ceph: stderr
2023-11-13T12:08:03.529+0000 7fdb39701700 1 --2- >> [v2:172.21.15.181:3300/0,v1:172.21.15.181:6789/0] conn(0x7fdb341011d0 0x7fdb3410ef60 unknown :-1 s=NONE pgs=0 cs=0 l=1 rev1=0 crypto rx=0 tx=0 comp rx=0 tx=0).connect
2023-11-13T12:08:04.117 INFO:teuthology.orchestra.run.smithi181.stdout:/usr/bin/ceph: stderr
2023-11-13T12:08:03.529+0000 7fdb39701700 1 -- --> [v2:172.21.15.181:3300/0,v1:172.21.15.181:6789/0] -- mon_getmap magic: 0 v1 -- 0x7fdb3410f4a0 con 0x7fdb341011d0
2023-11-13T12:08:04.118 INFO:teuthology.orchestra.run.smithi181.stdout:/usr/bin/ceph: stderr
2023-11-13T12:08:03.530+0000 7fdb32ffd700 1 --2- >> [v2:172.21.15.181:3300/0,v1:172.21.15.181:6789/0] conn(0x7fdb341011d0 0x7fdb3410ef60 unknown :-1 s=BANNER_CONNECTING pgs=0 cs=0 l=1 rev1=0 crypto rx=0 tx=0 comp rx=0 tx=0)._handle_peer_banner_payload supported=3 required=0
2023-11-13T12:08:04.118 INFO:teuthology.orchestra.run.smithi181.stdout:/usr/bin/ceph: stderr
2023-11-13T12:08:03.530+0000 7fdb32ffd700 1 --2- >> [v2:172.21.15.181:3300/0,v1:172.21.15.181:6789/0] conn(0x7fdb341011d0 0x7fdb3410ef60 unknown :-1 s=HELLO_CONNECTING pgs=0 cs=0 l=1 rev1=1 crypto rx=0 tx=0 comp rx=0 tx=0).handle_hello peer v2:172.21.15.181:3300/0 says I am v2:172.21.15.181:58006/0 (socket says 172.21.15.181:58006)
2023-11-13T12:08:04.118 INFO:teuthology.orchestra.run.smithi181.stdout:/usr/bin/ceph: stderr
2023-11-13T12:08:03.530+0000 7fdb32ffd700 1 -- 172.21.15.181:0/197808395 learned_addr learned my addr 172.21.15.181:0/197808395 (peer_addr_for_me v2:172.21.15.181:0/0)
2023-11-13T12:08:04.118 INFO:teuthology.orchestra.run.smithi181.stdout:/usr/bin/ceph: stderr
2023-11-13T12:08:03.530+0000 7fdb32ffd700 1 -- 172.21.15.181:0/197808395 --> [v2:172.21.15.181:3300/0,v1:172.21.15.181:6789/0] -- mon_subscribe({config=0+,monmap=0+}) v3 -- 0x7fdb2400b790 con 0x7fdb341011d0
2023-11-13T12:08:04.118 INFO:teuthology.orchestra.run.smithi181.stdout:/usr/bin/ceph: stderr
2023-11-13T12:08:03.530+0000 7fdb32ffd700 1 --2- 172.21.15.181:0/197808395 >> [v2:172.21.15.181:3300/0,v1:172.21.15.181:6789/0] conn(0x7fdb341011d0 0x7fdb3410ef60 secure :-1 s=READY pgs=48 cs=0 l=1 rev1=1 crypto rx=0x7fdb240184f0 tx=0x7fdb2400b4f0 comp rx=0 tx=0).ready entity=mon.0 client_cookie=0 server_cookie=0 in_seq=0 out_seq=0
2023-11-13T12:08:04.119 INFO:teuthology.orchestra.run.smithi181.stdout:/usr/bin/ceph: stderr
2023-11-13T12:08:03.530+0000 7fdb1b7fe700 1 -- 172.21.15.181:0/197808395 <== mon.0 v2:172.21.15.181:3300/0 1 ==== mon_map magic: 0 v1 ==== 229+0+0 (secure 0 0 0) 0x7fdb24010b90 con 0x7fdb341011d0
2023-11-13T12:08:04.119 INFO:teuthology.orchestra.run.smithi181.stdout:/usr/bin/ceph: stderr
2023-11-13T12:08:03.530+0000 7fdb1b7fe700 1 -- 172.21.15.181:0/197808395 <== mon.0 v2:172.21.15.181:3300/0 2 ==== config(26 keys) v1 ==== 1074+0+0 (secure 0 0 0) 0x7fdb2401d050 con 0x7fdb341011d0
2023-11-13T12:08:04.119 INFO:teuthology.orchestra.run.smithi181.stdout:/usr/bin/ceph: stderr
2023-11-13T12:08:03.530+0000 7fdb39701700 1 -- 172.21.15.181:0/197808395 --> [v2:172.21.15.181:3300/0,v1:172.21.15.181:6789/0] -- mon_subscribe({mgrmap=0+}) v3 -- 0x7fdb3410f6a0 con 0x7fdb341011d0
2023-11-13T12:08:04.119 INFO:teuthology.orchestra.run.smithi181.stdout:/usr/bin/ceph: stderr
2023-11-13T12:08:03.531+0000 7fdb1b7fe700 1 -- 172.21.15.181:0/197808395 <== mon.0 v2:172.21.15.181:3300/0 3 ==== mon_map magic: 0 v1 ==== 229+0+0 (secure 0 0 0) 0x7fdb24022590 con 0x7fdb341011d0
2023-11-13T12:08:04.119 INFO:teuthology.orchestra.run.smithi181.stdout:/usr/bin/ceph: stderr
2023-11-13T12:08:03.531+0000 7fdb39701700 1 -- 172.21.15.181:0/197808395 --> [v2:172.21.15.181:3300/0,v1:172.21.15.181:6789/0] -- mon_subscribe({osdmap=0}) v3 -- 0x7fdb3410fab0 con 0x7fdb341011d0
2023-11-13T12:08:04.120 INFO:teuthology.orchestra.run.smithi181.stdout:/usr/bin/ceph: stderr
2023-11-13T12:08:03.532+0000 7fdb39701700 1 -- 172.21.15.181:0/197808395 --> [v2:172.21.15.181:3300/0,v1:172.21.15.181:6789/0] -- mon_command({"prefix": "get_command_descriptions"} v 0) v1 -- 0x7fdb3404bb80 con 0x7fdb341011d0
2023-11-13T12:08:04.120 INFO:teuthology.orchestra.run.smithi181.stdout:/usr/bin/ceph: stderr
2023-11-13T12:08:03.532+0000 7fdb1b7fe700 1 -- 172.21.15.181:0/197808395 <== mon.0 v2:172.21.15.181:3300/0 4 ==== mgrmap(e 8) v1 ==== 43280+0+0 (secure 0 0 0) 0x7fdb24010cf0 con 0x7fdb341011d0
2023-11-13T12:08:04.120 INFO:teuthology.orchestra.run.smithi181.stdout:/usr/bin/ceph: stderr
2023-11-13T12:08:03.532+0000 7fdb1b7fe700 1 --2- 172.21.15.181:0/197808395 >> [v2:172.21.15.181:6800/3817254504,v1:172.21.15.181:6801/3817254504] conn(0x7fdb1c036640 0x7fdb1c038af0 unknown :-1 s=NONE pgs=0 cs=0 l=1 rev1=0 crypto rx=0 tx=0 comp rx=0 tx=0).connect
2023-11-13T12:08:04.120 INFO:teuthology.orchestra.run.smithi181.stdout:/usr/bin/ceph: stderr
2023-11-13T12:08:03.532+0000 7fdb1b7fe700 1 -- 172.21.15.181:0/197808395 <== mon.0 v2:172.21.15.181:3300/0 5 ==== osd_map(2..2 src has 1..2) v4 ==== 936+0+0 (secure 0 0 0) 0x7fdb24014070 con 0x7fdb341011d0
2023-11-13T12:08:04.120 INFO:teuthology.orchestra.run.smithi181.stdout:/usr/bin/ceph: stderr
2023-11-13T12:08:03.533+0000 7fdb327fc700 1 --2- 172.21.15.181:0/197808395 >> [v2:172.21.15.181:6800/3817254504,v1:172.21.15.181:6801/3817254504] conn(0x7fdb1c036640 0x7fdb1c038af0 unknown :-1 s=BANNER_CONNECTING pgs=0 cs=0 l=1 rev1=0 crypto rx=0 tx=0 comp rx=0 tx=0)._handle_peer_banner_payload supported=3 required=0
2023-11-13T12:08:04.121 INFO:teuthology.orchestra.run.smithi181.stdout:/usr/bin/ceph: stderr
2023-11-13T12:08:03.533+0000 7fdb327fc700 1 --2- 172.21.15.181:0/197808395 >> [v2:172.21.15.181:6800/3817254504,v1:172.21.15.181:6801/3817254504] conn(0x7fdb1c036640 0x7fdb1c038af0 secure :-1 s=READY pgs=13 cs=0 l=1 rev1=1 crypto rx=0x7fdb28009990 tx=0x7fdb28006e40 comp rx=0 tx=0).ready entity=mgr.14118 client_cookie=0 server_cookie=0 in_seq=0 out_seq=0
2023-11-13T12:08:04.121 INFO:teuthology.orchestra.run.smithi181.stdout:/usr/bin/ceph: stderr
2023-11-13T12:08:03.537+0000 7fdb1b7fe700 1 -- 172.21.15.181:0/197808395 <== mon.0 v2:172.21.15.181:3300/0 6 ==== mon_command_ack([{"prefix": "get_command_descriptions"}]=0 v0) v1 ==== 72+0+174570 (secure 0 0 0) 0x7fdb24022b80 con 0x7fdb341011d0
2023-11-13T12:08:04.121 INFO:teuthology.orchestra.run.smithi181.stdout:/usr/bin/ceph: stderr
2023-11-13T12:08:03.760+0000 7fdb39701700 1 -- 172.21.15.181:0/197808395 --> [v2:172.21.15.181:6800/3817254504,v1:172.21.15.181:6801/3817254504] -- mgr_command(tid 0: {"prefix": "orch apply", "service_type": "mgr", "target": ["mon-mgr", ""]}) v1 -- 0x7fdb34108c30 con 0x7fdb1c036640
2023-11-13T12:08:04.121 INFO:teuthology.orchestra.run.smithi181.stdout:/usr/bin/ceph: stderr
2023-11-13T12:08:03.767+0000 7fdb1b7fe700 1 -- 172.21.15.181:0/197808395 <== mgr.14118 v2:172.21.15.181:6800/3817254504 1 ==== mgr_command_reply(tid 0: 0 ) v1 ==== 8+0+24 (secure 0 0 0) 0x7fdb34108c30 con 0x7fdb1c036640
2023-11-13T12:08:04.121 INFO:teuthology.orchestra.run.smithi181.stdout:/usr/bin/ceph: stderr
2023-11-13T12:08:03.770+0000 7fdb39701700 1 -- 172.21.15.181:0/197808395 >> [v2:172.21.15.181:6800/3817254504,v1:172.21.15.181:6801/3817254504] conn(0x7fdb1c036640 msgr2=0x7fdb1c038af0 secure :-1 s=STATE_CONNECTION_ESTABLISHED l=1).mark_down
2023-11-13T12:08:04.122 INFO:teuthology.orchestra.run.smithi181.stdout:/usr/bin/ceph: stderr
2023-11-13T12:08:03.770+0000 7fdb39701700 1 --2- 172.21.15.181:0/197808395 >> [v2:172.21.15.181:6800/3817254504,v1:172.21.15.181:6801/3817254504] conn(0x7fdb1c036640 0x7fdb1c038af0 secure :-1 s=READY pgs=13 cs=0 l=1 rev1=1 crypto rx=0x7fdb28009990 tx=0x7fdb28006e40 comp rx=0 tx=0).stop
2023-11-13T12:08:04.122 INFO:teuthology.orchestra.run.smithi181.stdout:/usr/bin/ceph: stderr
2023-11-13T12:08:03.770+0000 7fdb39701700 1 -- 172.21.15.181:0/197808395 >> [v2:172.21.15.181:3300/0,v1:172.21.15.181:6789/0] conn(0x7fdb341011d0 msgr2=0x7fdb3410ef60 secure :-1 s=STATE_CONNECTION_ESTABLISHED l=1).mark_down
2023-11-13T12:08:04.122 INFO:teuthology.orchestra.run.smithi181.stdout:/usr/bin/ceph: stderr
2023-11-13T12:08:03.770+0000 7fdb39701700 1 --2- 172.21.15.181:0/197808395 >> [v2:172.21.15.181:3300/0,v1:172.21.15.181:6789/0] conn(0x7fdb341011d0 0x7fdb3410ef60 secure :-1 s=READY pgs=48 cs=0 l=1 rev1=1 crypto rx=0x7fdb240184f0 tx=0x7fdb2400b4f0 comp rx=0 tx=0).stop
2023-11-13T12:08:04.122 INFO:teuthology.orchestra.run.smithi181.stdout:/usr/bin/ceph: stderr
2023-11-13T12:08:03.770+0000 7fdb39701700 1 -- 172.21.15.181:0/197808395 shutdown_connections
2023-11-13T12:08:04.122 INFO:teuthology.orchestra.run.smithi181.stdout:/usr/bin/ceph: stderr
2023-11-13T12:08:03.770+0000 7fdb39701700 1 --2- 172.21.15.181:0/197808395 >> [v2:172.21.15.181:6800/3817254504,v1:172.21.15.181:6801/3817254504] conn(0x7fdb1c036640 0x7fdb1c038af0 unknown :-1 s=CLOSED pgs=13 cs=0 l=1 rev1=1 crypto rx=0 tx=0 comp rx=0 tx=0).stop
2023-11-13T12:08:04.123 INFO:teuthology.orchestra.run.smithi181.stdout:/usr/bin/ceph: stderr
2023-11-13T12:08:03.770+0000 7fdb39701700 1 --2- 172.21.15.181:0/197808395 >> [v2:172.21.15.181:3300/0,v1:172.21.15.181:6789/0] conn(0x7fdb341011d0 0x7fdb3410ef60 unknown :-1 s=CLOSED pgs=48 cs=0 l=1 rev1=1 crypto rx=0 tx=0 comp rx=0 tx=0).stop
2023-11-13T12:08:04.123 INFO:teuthology.orchestra.run.smithi181.stdout:/usr/bin/ceph: stderr
2023-11-13T12:08:03.770+0000 7fdb39701700 1 -- 172.21.15.181:0/197808395 >> 172.21.15.181:0/197808395 conn(0x7fdb340fc970 msgr2=0x7fdb34105f40 unknown :-1 s=STATE_NONE l=0).mark_down
2023-11-13T12:08:04.123 INFO:teuthology.orchestra.run.smithi181.stdout:/usr/bin/ceph: stderr
2023-11-13T12:08:03.770+0000 7fdb39701700 1 -- 172.21.15.181:0/197808395 shutdown_connections
2023-11-13T12:08:04.123 INFO:teuthology.orchestra.run.smithi181.stdout:/usr/bin/ceph: stderr
2023-11-13T12:08:03.770+0000 7fdb39701700 1 -- 172.21.15.181:0/197808395 wait complete.
2023-11-13T12:08:04.123 INFO:teuthology.orchestra.run.smithi181.stdout:Deploying crash service with default placement...
2023-11-13T12:08:05.132 INFO:journalctl@ceph.mon.smithi181.smithi181.stdout:Nov 13 12:08:04 smithi181 ceph-mon[107827]: from='mgr.14118 172.21.15.181:0/1817602145' entity='mgr.smithi181.nqhzcj'
2023-11-13T12:08:05.132 INFO:journalctl@ceph.mon.smithi181.smithi181.stdout:Nov 13 12:08:04 smithi181 ceph-mon[107827]: from='client.14142 -' entity='client.admin' cmd=[{"prefix": "orch apply", "service_type": "mgr", "target": ["mon-mgr", ""]}]: dispatch
2023-11-13T12:08:05.133 INFO:journalctl@ceph.mon.smithi181.smithi181.stdout:Nov 13 12:08:04 smithi181 ceph-mon[107827]: Saving service mgr spec with placement count:2
2023-11-13T12:08:05.133 INFO:journalctl@ceph.mon.smithi181.smithi181.stdout:Nov 13 12:08:04 smithi181 ceph-mon[107827]: from='mgr.14118 172.21.15.181:0/1817602145' entity='mgr.smithi181.nqhzcj'
2023-11-13T12:08:05.303 INFO:teuthology.orchestra.run.smithi181.stdout:/usr/bin/ceph: stdout Scheduled crash update...
2023-11-13T12:08:05.303 INFO:teuthology.orchestra.run.smithi181.stdout:/usr/bin/ceph: stderr
2023-11-13T12:08:04.564+0000 7f50e7fff700 1 Processor -- start
2023-11-13T12:08:05.303 INFO:teuthology.orchestra.run.smithi181.stdout:/usr/bin/ceph: stderr
2023-11-13T12:08:04.564+0000 7f50e7fff700 1 -- start start
2023-11-13T12:08:05.304 INFO:teuthology.orchestra.run.smithi181.stdout:/usr/bin/ceph: stderr
2023-11-13T12:08:04.564+0000 7f50e7fff700 1 --2- >> [v2:172.21.15.181:3300/0,v1:172.21.15.181:6789/0] conn(0x7f50e8077bb0 0x7f50e80760c0 unknown :-1 s=NONE pgs=0 cs=0 l=0 rev1=0 crypto rx=0 tx=0 comp rx=0 tx=0).connect
2023-11-13T12:08:05.304 INFO:teuthology.orchestra.run.smithi181.stdout:/usr/bin/ceph: stderr
2023-11-13T12:08:04.564+0000 7f50e7fff700 1 -- --> [v2:172.21.15.181:3300/0,v1:172.21.15.181:6789/0] -- mon_getmap magic: 0 v1 -- 0x7f50e8077fc0 con 0x7f50e8077bb0
2023-11-13T12:08:05.304 INFO:teuthology.orchestra.run.smithi181.stdout:/usr/bin/ceph: stderr
2023-11-13T12:08:04.565+0000 7f50e6ffd700 1 --2- >> [v2:172.21.15.181:3300/0,v1:172.21.15.181:6789/0] conn(0x7f50e8077bb0 0x7f50e80760c0 unknown :-1 s=BANNER_CONNECTING pgs=0 cs=0 l=0 rev1=0 crypto rx=0 tx=0 comp rx=0 tx=0)._handle_peer_banner_payload supported=3 required=0
2023-11-13T12:08:05.304 INFO:teuthology.orchestra.run.smithi181.stdout:/usr/bin/ceph: stderr
2023-11-13T12:08:04.565+0000 7f50e6ffd700 1 --2- >> [v2:172.21.15.181:3300/0,v1:172.21.15.181:6789/0] conn(0x7f50e8077bb0 0x7f50e80760c0 unknown :-1 s=HELLO_CONNECTING pgs=0 cs=0 l=0 rev1=1 crypto rx=0 tx=0 comp rx=0 tx=0).handle_hello peer v2:172.21.15.181:3300/0 says I am v2:172.21.15.181:58022/0 (socket says 172.21.15.181:58022)
2023-11-13T12:08:05.305 INFO:teuthology.orchestra.run.smithi181.stdout:/usr/bin/ceph: stderr
2023-11-13T12:08:04.565+0000 7f50e6ffd700 1 -- 172.21.15.181:0/2854498725 learned_addr learned my addr 172.21.15.181:0/2854498725 (peer_addr_for_me v2:172.21.15.181:0/0)
2023-11-13T12:08:05.305 INFO:teuthology.orchestra.run.smithi181.stdout:/usr/bin/ceph: stderr
2023-11-13T12:08:04.565+0000 7f50e6ffd700 1 -- 172.21.15.181:0/2854498725 --> [v2:172.21.15.181:3300/0,v1:172.21.15.181:6789/0] -- mon_subscribe({config=0+,monmap=0+}) v3 -- 0x7f50e8076600 con 0x7f50e8077bb0
2023-11-13T12:08:05.305 INFO:teuthology.orchestra.run.smithi181.stdout:/usr/bin/ceph: stderr
2023-11-13T12:08:04.566+0000 7f50e6ffd700 1 --2- 172.21.15.181:0/2854498725 >> [v2:172.21.15.181:3300/0,v1:172.21.15.181:6789/0] conn(0x7f50e8077bb0 0x7f50e80760c0 secure :-1 s=READY pgs=49 cs=0 l=1 rev1=1 crypto rx=0x7f50d80098e0 tx=0x7f50d8009250 comp rx=0 tx=0).ready entity=mon.0 client_cookie=c203fbe71f115d46 server_cookie=0 in_seq=0 out_seq=0
2023-11-13T12:08:05.305 INFO:teuthology.orchestra.run.smithi181.stdout:/usr/bin/ceph: stderr
2023-11-13T12:08:04.566+0000 7f50e5ffb700 1 -- 172.21.15.181:0/2854498725 <== mon.0 v2:172.21.15.181:3300/0 1 ==== mon_map magic: 0 v1 ==== 229+0+0 (secure 0 0 0) 0x7f50d800b860 con 0x7f50e8077bb0
2023-11-13T12:08:05.305 INFO:teuthology.orchestra.run.smithi181.stdout:/usr/bin/ceph: stderr
2023-11-13T12:08:04.566+0000 7f50e5ffb700 1 -- 172.21.15.181:0/2854498725 <== mon.0 v2:172.21.15.181:3300/0 2 ==== config(26 keys) v1 ==== 1074+0+0 (secure 0 0 0) 0x7f50d800be70 con 0x7f50e8077bb0
2023-11-13T12:08:05.306 INFO:teuthology.orchestra.run.smithi181.stdout:/usr/bin/ceph: stderr
2023-11-13T12:08:04.566+0000 7f50e5ffb700 1 -- 172.21.15.181:0/2854498725 <== mon.0 v2:172.21.15.181:3300/0 3 ==== mon_map magic: 0 v1 ==== 229+0+0 (secure 0 0 0) 0x7f50d8010380 con 0x7f50e8077bb0
2023-11-13T12:08:05.306 INFO:teuthology.orchestra.run.smithi181.stdout:/usr/bin/ceph: stderr
2023-11-13T12:08:04.567+0000 7f50e7fff700 1 -- 172.21.15.181:0/2854498725 >> [v2:172.21.15.181:3300/0,v1:172.21.15.181:6789/0] conn(0x7f50e8077bb0 msgr2=0x7f50e80760c0 secure :-1 s=STATE_CONNECTION_ESTABLISHED l=1).mark_down
2023-11-13T12:08:05.306 INFO:teuthology.orchestra.run.smithi181.stdout:/usr/bin/ceph: stderr
2023-11-13T12:08:04.567+0000 7f50e7fff700 1 --2- 172.21.15.181:0/2854498725 >> [v2:172.21.15.181:3300/0,v1:172.21.15.181:6789/0] conn(0x7f50e8077bb0 0x7f50e80760c0 secure :-1 s=READY pgs=49 cs=0 l=1 rev1=1 crypto rx=0x7f50d80098e0 tx=0x7f50d8009250 comp rx=0 tx=0).stop
2023-11-13T12:08:05.306 INFO:teuthology.orchestra.run.smithi181.stdout:/usr/bin/ceph: stderr
2023-11-13T12:08:04.567+0000 7f50e7fff700 1 -- 172.21.15.181:0/2854498725 shutdown_connections
2023-11-13T12:08:05.306 INFO:teuthology.orchestra.run.smithi181.stdout:/usr/bin/ceph: stderr
2023-11-13T12:08:04.567+0000 7f50e7fff700 1 --2- 172.21.15.181:0/2854498725 >> [v2:172.21.15.181:3300/0,v1:172.21.15.181:6789/0] conn(0x7f50e8077bb0 0x7f50e80760c0 unknown :-1 s=CLOSED pgs=49 cs=0 l=1 rev1=1 crypto rx=0 tx=0 comp rx=0 tx=0).stop
2023-11-13T12:08:05.307 INFO:teuthology.orchestra.run.smithi181.stdout:/usr/bin/ceph: stderr
2023-11-13T12:08:04.567+0000 7f50e7fff700 1 -- 172.21.15.181:0/2854498725 >> 172.21.15.181:0/2854498725 conn(0x7f50e80fd880 msgr2=0x7f50e80ffcd0 unknown :-1 s=STATE_NONE l=0).mark_down
2023-11-13T12:08:05.307 INFO:teuthology.orchestra.run.smithi181.stdout:/usr/bin/ceph: stderr
2023-11-13T12:08:04.567+0000 7f50e7fff700 1 -- 172.21.15.181:0/2854498725 shutdown_connections
2023-11-13T12:08:05.307 INFO:teuthology.orchestra.run.smithi181.stdout:/usr/bin/ceph: stderr
2023-11-13T12:08:04.567+0000 7f50e7fff700 1 -- 172.21.15.181:0/2854498725 wait complete.
2023-11-13T12:08:05.307 INFO:teuthology.orchestra.run.smithi181.stdout:/usr/bin/ceph: stderr
2023-11-13T12:08:04.568+0000 7f50e7fff700 1 Processor -- start
2023-11-13T12:08:05.308 INFO:teuthology.orchestra.run.smithi181.stdout:/usr/bin/ceph: stderr
2023-11-13T12:08:04.568+0000 7f50e7fff700 1 -- start start
2023-11-13T12:08:05.308 INFO:teuthology.orchestra.run.smithi181.stdout:/usr/bin/ceph: stderr
2023-11-13T12:08:04.568+0000 7f50e7fff700 1 --2- >> [v2:172.21.15.181:3300/0,v1:172.21.15.181:6789/0] conn(0x7f50e8077bb0 0x7f50e8113200 unknown :-1 s=NONE pgs=0 cs=0 l=1 rev1=0 crypto rx=0 tx=0 comp rx=0 tx=0).connect
2023-11-13T12:08:05.308 INFO:teuthology.orchestra.run.smithi181.stdout:/usr/bin/ceph: stderr
2023-11-13T12:08:04.568+0000 7f50e7fff700 1 -- --> [v2:172.21.15.181:3300/0,v1:172.21.15.181:6789/0] -- mon_getmap magic: 0 v1 -- 0x7f50e8113740 con 0x7f50e8077bb0
2023-11-13T12:08:05.308 INFO:teuthology.orchestra.run.smithi181.stdout:/usr/bin/ceph: stderr
2023-11-13T12:08:04.568+0000 7f50e6ffd700 1 --2- >> [v2:172.21.15.181:3300/0,v1:172.21.15.181:6789/0] conn(0x7f50e8077bb0 0x7f50e8113200 unknown :-1 s=BANNER_CONNECTING pgs=0 cs=0 l=1 rev1=0 crypto rx=0 tx=0 comp rx=0 tx=0)._handle_peer_banner_payload supported=3 required=0
2023-11-13T12:08:05.308 INFO:teuthology.orchestra.run.smithi181.stdout:/usr/bin/ceph: stderr
2023-11-13T12:08:04.568+0000 7f50e6ffd700 1 --2- >> [v2:172.21.15.181:3300/0,v1:172.21.15.181:6789/0] conn(0x7f50e8077bb0 0x7f50e8113200 unknown :-1 s=HELLO_CONNECTING pgs=0 cs=0 l=1 rev1=1 crypto rx=0 tx=0 comp rx=0 tx=0).handle_hello peer v2:172.21.15.181:3300/0 says I am v2:172.21.15.181:58032/0 (socket says 172.21.15.181:58032)
2023-11-13T12:08:05.309 INFO:teuthology.orchestra.run.smithi181.stdout:/usr/bin/ceph: stderr
2023-11-13T12:08:04.568+0000 7f50e6ffd700 1 -- 172.21.15.181:0/1640879318 learned_addr learned my addr 172.21.15.181:0/1640879318 (peer_addr_for_me v2:172.21.15.181:0/0)
2023-11-13T12:08:05.309 INFO:teuthology.orchestra.run.smithi181.stdout:/usr/bin/ceph: stderr
2023-11-13T12:08:04.569+0000 7f50e6ffd700 1 -- 172.21.15.181:0/1640879318 --> [v2:172.21.15.181:3300/0,v1:172.21.15.181:6789/0] -- mon_subscribe({config=0+,monmap=0+}) v3 -- 0x7f50d80094f0 con 0x7f50e8077bb0
2023-11-13T12:08:05.309 INFO:teuthology.orchestra.run.smithi181.stdout:/usr/bin/ceph: stderr
2023-11-13T12:08:04.569+0000 7f50e6ffd700 1 --2- 172.21.15.181:0/1640879318 >> [v2:172.21.15.181:3300/0,v1:172.21.15.181:6789/0] conn(0x7f50e8077bb0 0x7f50e8113200 secure :-1 s=READY pgs=50 cs=0 l=1 rev1=1 crypto rx=0x7f50d8006d40 tx=0x7f50d8009250 comp rx=0 tx=0).ready entity=mon.0 client_cookie=0 server_cookie=0 in_seq=0 out_seq=0
2023-11-13T12:08:05.309 INFO:teuthology.orchestra.run.smithi181.stdout:/usr/bin/ceph: stderr
2023-11-13T12:08:04.569+0000 7f50cf7fe700 1 -- 172.21.15.181:0/1640879318 <== mon.0 v2:172.21.15.181:3300/0 1 ==== mon_map magic: 0 v1 ==== 229+0+0 (secure 0 0 0) 0x7f50d8010960 con 0x7f50e8077bb0
2023-11-13T12:08:05.309 INFO:teuthology.orchestra.run.smithi181.stdout:/usr/bin/ceph: stderr
2023-11-13T12:08:04.569+0000 7f50cf7fe700 1 -- 172.21.15.181:0/1640879318 <== mon.0 v2:172.21.15.181:3300/0 2 ==== config(26 keys) v1 ==== 1074+0+0 (secure 0 0 0) 0x7f50d801a430 con 0x7f50e8077bb0
2023-11-13T12:08:05.310 INFO:teuthology.orchestra.run.smithi181.stdout:/usr/bin/ceph: stderr
2023-11-13T12:08:04.569+0000 7f50e7fff700 1 -- 172.21.15.181:0/1640879318 --> [v2:172.21.15.181:3300/0,v1:172.21.15.181:6789/0] -- mon_subscribe({mgrmap=0+}) v3 -- 0x7f50e8113940 con 0x7f50e8077bb0
2023-11-13T12:08:05.310 INFO:teuthology.orchestra.run.smithi181.stdout:/usr/bin/ceph: stderr
2023-11-13T12:08:04.569+0000 7f50cf7fe700 1 -- 172.21.15.181:0/1640879318 <== mon.0 v2:172.21.15.181:3300/0 3 ==== mon_map magic: 0 v1 ==== 229+0+0 (secure 0 0 0) 0x7f50d80245b0 con 0x7f50e8077bb0
2023-11-13T12:08:05.310 INFO:teuthology.orchestra.run.smithi181.stdout:/usr/bin/ceph: stderr
2023-11-13T12:08:04.569+0000 7f50e7fff700 1 -- 172.21.15.181:0/1640879318 --> [v2:172.21.15.181:3300/0,v1:172.21.15.181:6789/0] -- mon_subscribe({osdmap=0}) v3 -- 0x7f50e8113d50 con 0x7f50e8077bb0
2023-11-13T12:08:05.310 INFO:teuthology.orchestra.run.smithi181.stdout:/usr/bin/ceph: stderr
2023-11-13T12:08:04.571+0000 7f50cf7fe700 1 -- 172.21.15.181:0/1640879318 <== mon.0 v2:172.21.15.181:3300/0 4 ==== mgrmap(e 8) v1 ==== 43280+0+0 (secure 0 0 0) 0x7f50d801a9f0 con 0x7f50e8077bb0
2023-11-13T12:08:05.310 INFO:teuthology.orchestra.run.smithi181.stdout:/usr/bin/ceph: stderr
2023-11-13T12:08:04.571+0000 7f50e7fff700 1 -- 172.21.15.181:0/1640879318 --> [v2:172.21.15.181:3300/0,v1:172.21.15.181:6789/0] -- mon_command({"prefix": "get_command_descriptions"} v 0) v1 -- 0x7f50e804bb80 con 0x7f50e8077bb0
2023-11-13T12:08:05.311 INFO:teuthology.orchestra.run.smithi181.stdout:/usr/bin/ceph: stderr
2023-11-13T12:08:04.571+0000 7f50cf7fe700 1 --2- 172.21.15.181:0/1640879318 >> [v2:172.21.15.181:6800/3817254504,v1:172.21.15.181:6801/3817254504] conn(0x7f50d0036640 0x7f50d0038af0 unknown :-1 s=NONE pgs=0 cs=0 l=1 rev1=0 crypto rx=0 tx=0 comp rx=0 tx=0).connect
2023-11-13T12:08:05.311 INFO:teuthology.orchestra.run.smithi181.stdout:/usr/bin/ceph: stderr
2023-11-13T12:08:04.572+0000 7f50cf7fe700 1 -- 172.21.15.181:0/1640879318 <== mon.0 v2:172.21.15.181:3300/0 5 ==== osd_map(2..2 src has 1..2) v4 ==== 936+0+0 (secure 0 0 0) 0x7f50d804a140 con 0x7f50e8077bb0
2023-11-13T12:08:05.311 INFO:teuthology.orchestra.run.smithi181.stdout:/usr/bin/ceph: stderr
2023-11-13T12:08:04.572+0000 7f50e67fc700 1 --2- 172.21.15.181:0/1640879318 >> [v2:172.21.15.181:6800/3817254504,v1:172.21.15.181:6801/3817254504] conn(0x7f50d0036640 0x7f50d0038af0 unknown :-1 s=BANNER_CONNECTING pgs=0 cs=0 l=1 rev1=0 crypto rx=0 tx=0 comp rx=0 tx=0)._handle_peer_banner_payload supported=3 required=0
2023-11-13T12:08:05.311 INFO:teuthology.orchestra.run.smithi181.stdout:/usr/bin/ceph: stderr
2023-11-13T12:08:04.573+0000 7f50e67fc700 1 --2- 172.21.15.181:0/1640879318 >> [v2:172.21.15.181:6800/3817254504,v1:172.21.15.181:6801/3817254504] conn(0x7f50d0036640 0x7f50d0038af0 secure :-1 s=READY pgs=14 cs=0 l=1 rev1=1 crypto rx=0x7f50dc009990 tx=0x7f50dc006e40 comp rx=0 tx=0).ready entity=mgr.14118 client_cookie=0 server_cookie=0 in_seq=0 out_seq=0
2023-11-13T12:08:05.311 INFO:teuthology.orchestra.run.smithi181.stdout:/usr/bin/ceph: stderr
2023-11-13T12:08:04.576+0000 7f50cf7fe700 1 -- 172.21.15.181:0/1640879318 <== mon.0 v2:172.21.15.181:3300/0 6 ==== mon_command_ack([{"prefix": "get_command_descriptions"}]=0 v0) v1 ==== 72+0+174570 (secure 0 0 0) 0x7f50d802b4d0 con 0x7f50e8077bb0
2023-11-13T12:08:05.312 INFO:teuthology.orchestra.run.smithi181.stdout:/usr/bin/ceph: stderr
2023-11-13T12:08:04.790+0000 7f50e7fff700 1 -- 172.21.15.181:0/1640879318 --> [v2:172.21.15.181:6800/3817254504,v1:172.21.15.181:6801/3817254504] -- mgr_command(tid 0: {"prefix": "orch apply", "service_type": "crash", "target": ["mon-mgr", ""]}) v1 -- 0x7f50e80008d0 con 0x7f50d0036640
2023-11-13T12:08:05.312 INFO:teuthology.orchestra.run.smithi181.stdout:/usr/bin/ceph: stderr
2023-11-13T12:08:04.798+0000 7f50cf7fe700 1 -- 172.21.15.181:0/1640879318 <== mgr.14118 v2:172.21.15.181:6800/3817254504 1 ==== mgr_command_reply(tid 0: 0 ) v1 ==== 8+0+26 (secure 0 0 0) 0x7f50e80008d0 con 0x7f50d0036640
2023-11-13T12:08:05.312 INFO:teuthology.orchestra.run.smithi181.stdout:/usr/bin/ceph: stderr
2023-11-13T12:08:04.800+0000 7f50e7fff700 1 -- 172.21.15.181:0/1640879318 >> [v2:172.21.15.181:6800/3817254504,v1:172.21.15.181:6801/3817254504] conn(0x7f50d0036640 msgr2=0x7f50d0038af0 secure :-1 s=STATE_CONNECTION_ESTABLISHED l=1).mark_down
2023-11-13T12:08:05.312 INFO:teuthology.orchestra.run.smithi181.stdout:/usr/bin/ceph: stderr
2023-11-13T12:08:04.801+0000 7f50e7fff700 1 --2- 172.21.15.181:0/1640879318 >> [v2:172.21.15.181:6800/3817254504,v1:172.21.15.181:6801/3817254504] conn(0x7f50d0036640 0x7f50d0038af0 secure :-1 s=READY pgs=14 cs=0 l=1 rev1=1 crypto rx=0x7f50dc009990 tx=0x7f50dc006e40 comp rx=0 tx=0).stop
2023-11-13T12:08:05.312 INFO:teuthology.orchestra.run.smithi181.stdout:/usr/bin/ceph: stderr
2023-11-13T12:08:04.801+0000 7f50e7fff700 1 -- 172.21.15.181:0/1640879318 >> [v2:172.21.15.181:3300/0,v1:172.21.15.181:6789/0] conn(0x7f50e8077bb0 msgr2=0x7f50e8113200 secure :-1 s=STATE_CONNECTION_ESTABLISHED l=1).mark_down
2023-11-13T12:08:05.313 INFO:teuthology.orchestra.run.smithi181.stdout:/usr/bin/ceph: stderr
2023-11-13T12:08:04.801+0000 7f50e7fff700 1 --2- 172.21.15.181:0/1640879318 >> [v2:172.21.15.181:3300/0,v1:172.21.15.181:6789/0] conn(0x7f50e8077bb0 0x7f50e8113200 secure :-1 s=READY pgs=50 cs=0 l=1 rev1=1 crypto rx=0x7f50d8006d40 tx=0x7f50d8009250 comp rx=0 tx=0).stop
2023-11-13T12:08:05.313 INFO:teuthology.orchestra.run.smithi181.stdout:/usr/bin/ceph: stderr
2023-11-13T12:08:04.801+0000 7f50e7fff700 1 -- 172.21.15.181:0/1640879318 shutdown_connections
2023-11-13T12:08:05.313 INFO:teuthology.orchestra.run.smithi181.stdout:/usr/bin/ceph: stderr
2023-11-13T12:08:04.801+0000 7f50e7fff700 1 --2- 172.21.15.181:0/1640879318 >> [v2:172.21.15.181:6800/3817254504,v1:172.21.15.181:6801/3817254504] conn(0x7f50d0036640 0x7f50d0038af0 unknown :-1 s=CLOSED pgs=14 cs=0 l=1 rev1=1 crypto rx=0 tx=0 comp rx=0 tx=0).stop
2023-11-13T12:08:05.313 INFO:teuthology.orchestra.run.smithi181.stdout:/usr/bin/ceph: stderr
2023-11-13T12:08:04.801+0000 7f50e7fff700 1 --2- 172.21.15.181:0/1640879318 >> [v2:172.21.15.181:3300/0,v1:172.21.15.181:6789/0] conn(0x7f50e8077bb0 0x7f50e8113200 unknown :-1 s=CLOSED pgs=50 cs=0 l=1 rev1=1 crypto rx=0 tx=0 comp rx=0 tx=0).stop
2023-11-13T12:08:05.313 INFO:teuthology.orchestra.run.smithi181.stdout:/usr/bin/ceph: stderr
2023-11-13T12:08:04.801+0000 7f50e7fff700 1 -- 172.21.15.181:0/1640879318 >> 172.21.15.181:0/1640879318 conn(0x7f50e80fd880 msgr2=0x7f50e80ff020 unknown :-1 s=STATE_NONE l=0).mark_down
2023-11-13T12:08:05.314 INFO:teuthology.orchestra.run.smithi181.stdout:/usr/bin/ceph: stderr
2023-11-13T12:08:04.801+0000 7f50e7fff700 1 -- 172.21.15.181:0/1640879318 shutdown_connections
2023-11-13T12:08:05.314 INFO:teuthology.orchestra.run.smithi181.stdout:/usr/bin/ceph: stderr
2023-11-13T12:08:04.801+0000 7f50e7fff700 1 -- 172.21.15.181:0/1640879318 wait complete.
2023-11-13T12:08:05.314 INFO:teuthology.orchestra.run.smithi181.stdout:Deploying prometheus service with default placement...
2023-11-13T12:08:05.973 INFO:journalctl@ceph.mon.smithi181.smithi181.stdout:Nov 13 12:08:05 smithi181 ceph-mon[107827]: from='client.14144 -' entity='client.admin' cmd=[{"prefix": "orch apply", "service_type": "crash", "target": ["mon-mgr", ""]}]: dispatch
2023-11-13T12:08:05.973 INFO:journalctl@ceph.mon.smithi181.smithi181.stdout:Nov 13 12:08:05 smithi181 ceph-mon[107827]: Saving service crash spec with placement *
2023-11-13T12:08:05.974 INFO:journalctl@ceph.mon.smithi181.smithi181.stdout:Nov 13 12:08:05 smithi181 ceph-mon[107827]: from='mgr.14118 172.21.15.181:0/1817602145' entity='mgr.smithi181.nqhzcj'
2023-11-13T12:08:05.974 INFO:journalctl@ceph.mon.smithi181.smithi181.stdout:Nov 13 12:08:05 smithi181 ceph-mon[107827]: from='mgr.14118 172.21.15.181:0/1817602145' entity='mgr.smithi181.nqhzcj'
2023-11-13T12:08:06.298 INFO:teuthology.orchestra.run.smithi181.stdout:/usr/bin/ceph: stdout Scheduled prometheus update...
2023-11-13T12:08:06.298 INFO:teuthology.orchestra.run.smithi181.stdout:/usr/bin/ceph: stderr
2023-11-13T12:08:05.715+0000 7fece1c9d700 1 Processor -- start
2023-11-13T12:08:06.299 INFO:teuthology.orchestra.run.smithi181.stdout:/usr/bin/ceph: stderr
2023-11-13T12:08:05.716+0000 7fece1c9d700 1 -- start start
2023-11-13T12:08:06.299 INFO:teuthology.orchestra.run.smithi181.stdout:/usr/bin/ceph: stderr
2023-11-13T12:08:05.716+0000 7fece1c9d700 1 --2- >> [v2:172.21.15.181:3300/0,v1:172.21.15.181:6789/0] conn(0x7fecdc070f80 0x7fecdc104f20 unknown :-1 s=NONE pgs=0 cs=0 l=0 rev1=0 crypto rx=0 tx=0 comp rx=0 tx=0).connect
2023-11-13T12:08:06.299 INFO:teuthology.orchestra.run.smithi181.stdout:/usr/bin/ceph: stderr
2023-11-13T12:08:05.716+0000 7fece1c9d700 1 -- --> [v2:172.21.15.181:3300/0,v1:172.21.15.181:6789/0] -- mon_getmap magic: 0 v1 -- 0x7fecdc105460 con 0x7fecdc070f80
2023-11-13T12:08:06.299 INFO:teuthology.orchestra.run.smithi181.stdout:/usr/bin/ceph: stderr
2023-11-13T12:08:05.716+0000 7fecdb7fe700 1 --2- >> [v2:172.21.15.181:3300/0,v1:172.21.15.181:6789/0] conn(0x7fecdc070f80 0x7fecdc104f20 unknown :-1 s=BANNER_CONNECTING pgs=0 cs=0 l=0 rev1=0 crypto rx=0 tx=0 comp rx=0 tx=0)._handle_peer_banner_payload supported=3 required=0
2023-11-13T12:08:06.300 INFO:teuthology.orchestra.run.smithi181.stdout:/usr/bin/ceph: stderr
2023-11-13T12:08:05.716+0000 7fecdb7fe700 1 --2- >> [v2:172.21.15.181:3300/0,v1:172.21.15.181:6789/0] conn(0x7fecdc070f80 0x7fecdc104f20 unknown :-1 s=HELLO_CONNECTING pgs=0 cs=0 l=0 rev1=1 crypto rx=0 tx=0 comp rx=0 tx=0).handle_hello peer v2:172.21.15.181:3300/0 says I am v2:172.21.15.181:58042/0 (socket says 172.21.15.181:58042)
2023-11-13T12:08:06.300 INFO:teuthology.orchestra.run.smithi181.stdout:/usr/bin/ceph: stderr
2023-11-13T12:08:05.716+0000 7fecdb7fe700 1 -- 172.21.15.181:0/3958690917 learned_addr learned my addr 172.21.15.181:0/3958690917 (peer_addr_for_me v2:172.21.15.181:0/0)
2023-11-13T12:08:06.300 INFO:teuthology.orchestra.run.smithi181.stdout:/usr/bin/ceph: stderr
2023-11-13T12:08:05.717+0000 7fecdb7fe700 1 -- 172.21.15.181:0/3958690917 --> [v2:172.21.15.181:3300/0,v1:172.21.15.181:6789/0] -- mon_subscribe({config=0+,monmap=0+}) v3 -- 0x7fecdc1055a0 con 0x7fecdc070f80
2023-11-13T12:08:06.300 INFO:teuthology.orchestra.run.smithi181.stdout:/usr/bin/ceph: stderr
2023-11-13T12:08:05.717+0000 7fecdb7fe700 1 --2- 172.21.15.181:0/3958690917 >> [v2:172.21.15.181:3300/0,v1:172.21.15.181:6789/0] conn(0x7fecdc070f80 0x7fecdc104f20 secure :-1 s=READY pgs=51 cs=0 l=1 rev1=1 crypto rx=0x7feccc0098e0 tx=0x7feccc009250 comp rx=0 tx=0).ready entity=mon.0 client_cookie=85e3de394e97bc5b server_cookie=0 in_seq=0 out_seq=0
2023-11-13T12:08:06.300 INFO:teuthology.orchestra.run.smithi181.stdout:/usr/bin/ceph: stderr
2023-11-13T12:08:05.717+0000 7fecda7fc700 1 -- 172.21.15.181:0/3958690917 <== mon.0 v2:172.21.15.181:3300/0 1 ==== mon_map magic: 0 v1 ==== 229+0+0 (secure 0 0 0) 0x7feccc00b860 con 0x7fecdc070f80
2023-11-13T12:08:06.301 INFO:teuthology.orchestra.run.smithi181.stdout:/usr/bin/ceph: stderr
2023-11-13T12:08:05.717+0000 7fecda7fc700 1 -- 172.21.15.181:0/3958690917 <== mon.0 v2:172.21.15.181:3300/0 2 ==== config(26 keys) v1 ==== 1074+0+0 (secure 0 0 0) 0x7feccc00be70 con 0x7fecdc070f80
2023-11-13T12:08:06.301 INFO:teuthology.orchestra.run.smithi181.stdout:/usr/bin/ceph: stderr
2023-11-13T12:08:05.717+0000 7fecda7fc700 1 -- 172.21.15.181:0/3958690917 <== mon.0 v2:172.21.15.181:3300/0 3 ==== mon_map magic: 0 v1 ==== 229+0+0 (secure 0 0 0) 0x7feccc010380 con 0x7fecdc070f80
2023-11-13T12:08:06.301 INFO:teuthology.orchestra.run.smithi181.stdout:/usr/bin/ceph: stderr
2023-11-13T12:08:05.718+0000 7fece1c9d700 1 -- 172.21.15.181:0/3958690917 >> [v2:172.21.15.181:3300/0,v1:172.21.15.181:6789/0] conn(0x7fecdc070f80 msgr2=0x7fecdc104f20 secure :-1 s=STATE_CONNECTION_ESTABLISHED l=1).mark_down
2023-11-13T12:08:06.301 INFO:teuthology.orchestra.run.smithi181.stdout:/usr/bin/ceph: stderr
2023-11-13T12:08:05.718+0000 7fece1c9d700 1 --2- 172.21.15.181:0/3958690917 >> [v2:172.21.15.181:3300/0,v1:172.21.15.181:6789/0] conn(0x7fecdc070f80 0x7fecdc104f20 secure :-1 s=READY pgs=51 cs=0 l=1 rev1=1 crypto rx=0x7feccc0098e0 tx=0x7feccc009250 comp rx=0 tx=0).stop
2023-11-13T12:08:06.302 INFO:teuthology.orchestra.run.smithi181.stdout:/usr/bin/ceph: stderr
2023-11-13T12:08:05.718+0000 7fece1c9d700 1 -- 172.21.15.181:0/3958690917 shutdown_connections
2023-11-13T12:08:06.302 INFO:teuthology.orchestra.run.smithi181.stdout:/usr/bin/ceph: stderr
2023-11-13T12:08:05.718+0000 7fece1c9d700 1 --2- 172.21.15.181:0/3958690917 >> [v2:172.21.15.181:3300/0,v1:172.21.15.181:6789/0] conn(0x7fecdc070f80 0x7fecdc104f20 unknown :-1 s=CLOSED pgs=51 cs=0 l=1 rev1=1 crypto rx=0 tx=0 comp rx=0 tx=0).stop
2023-11-13T12:08:06.302 INFO:teuthology.orchestra.run.smithi181.stdout:/usr/bin/ceph: stderr
2023-11-13T12:08:05.718+0000 7fece1c9d700 1 -- 172.21.15.181:0/3958690917 >> 172.21.15.181:0/3958690917 conn(0x7fecdc0fc970 msgr2=0x7fecdc0fed80 unknown :-1 s=STATE_NONE l=0).mark_down
2023-11-13T12:08:06.302 INFO:teuthology.orchestra.run.smithi181.stdout:/usr/bin/ceph: stderr
2023-11-13T12:08:05.718+0000 7fece1c9d700 1 -- 172.21.15.181:0/3958690917 shutdown_connections
2023-11-13T12:08:06.303 INFO:teuthology.orchestra.run.smithi181.stdout:/usr/bin/ceph: stderr
2023-11-13T12:08:05.718+0000 7fece1c9d700 1 -- 172.21.15.181:0/3958690917 wait complete.
2023-11-13T12:08:06.303 INFO:teuthology.orchestra.run.smithi181.stdout:/usr/bin/ceph: stderr
2023-11-13T12:08:05.719+0000 7fece1c9d700 1 Processor -- start
2023-11-13T12:08:06.303 INFO:teuthology.orchestra.run.smithi181.stdout:/usr/bin/ceph: stderr
2023-11-13T12:08:05.719+0000 7fece1c9d700 1 -- start start
2023-11-13T12:08:06.303 INFO:teuthology.orchestra.run.smithi181.stdout:/usr/bin/ceph: stderr
2023-11-13T12:08:05.720+0000 7fece1c9d700 1 --2- >> [v2:172.21.15.181:3300/0,v1:172.21.15.181:6789/0] conn(0x7fecdc070f80 0x7fecdc1111b0 unknown :-1 s=NONE pgs=0 cs=0 l=1 rev1=0 crypto rx=0 tx=0 comp rx=0 tx=0).connect
2023-11-13T12:08:06.304 INFO:teuthology.orchestra.run.smithi181.stdout:/usr/bin/ceph: stderr
2023-11-13T12:08:05.720+0000 7fece1c9d700 1 -- --> [v2:172.21.15.181:3300/0,v1:172.21.15.181:6789/0] -- mon_getmap magic: 0 v1 -- 0x7fecdc1116f0 con 0x7fecdc070f80
2023-11-13T12:08:06.304 INFO:teuthology.orchestra.run.smithi181.stdout:/usr/bin/ceph: stderr
2023-11-13T12:08:05.720+0000 7fecdb7fe700 1 --2- >> [v2:172.21.15.181:3300/0,v1:172.21.15.181:6789/0] conn(0x7fecdc070f80 0x7fecdc1111b0 unknown :-1 s=BANNER_CONNECTING pgs=0 cs=0 l=1 rev1=0 crypto rx=0 tx=0 comp rx=0 tx=0)._handle_peer_banner_payload supported=3 required=0
2023-11-13T12:08:06.304 INFO:teuthology.orchestra.run.smithi181.stdout:/usr/bin/ceph: stderr
2023-11-13T12:08:05.720+0000 7fecdb7fe700 1 --2- >> [v2:172.21.15.181:3300/0,v1:172.21.15.181:6789/0] conn(0x7fecdc070f80 0x7fecdc1111b0 unknown :-1 s=HELLO_CONNECTING pgs=0 cs=0 l=1 rev1=1 crypto rx=0 tx=0 comp rx=0 tx=0).handle_hello peer v2:172.21.15.181:3300/0 says I am v2:172.21.15.181:58046/0 (socket says 172.21.15.181:58046)
2023-11-13T12:08:06.304 INFO:teuthology.orchestra.run.smithi181.stdout:/usr/bin/ceph: stderr
2023-11-13T12:08:05.720+0000 7fecdb7fe700 1 -- 172.21.15.181:0/1167201552 learned_addr learned my addr 172.21.15.181:0/1167201552 (peer_addr_for_me v2:172.21.15.181:0/0)
2023-11-13T12:08:06.304 INFO:teuthology.orchestra.run.smithi181.stdout:/usr/bin/ceph: stderr
2023-11-13T12:08:05.720+0000 7fecdb7fe700 1 -- 172.21.15.181:0/1167201552 --> [v2:172.21.15.181:3300/0,v1:172.21.15.181:6789/0] -- mon_subscribe({config=0+,monmap=0+}) v3 -- 0x7feccc0094f0 con 0x7fecdc070f80
2023-11-13T12:08:06.305 INFO:teuthology.orchestra.run.smithi181.stdout:/usr/bin/ceph: stderr
2023-11-13T12:08:05.720+0000 7fecdb7fe700 1 --2- 172.21.15.181:0/1167201552 >> [v2:172.21.15.181:3300/0,v1:172.21.15.181:6789/0] conn(0x7fecdc070f80 0x7fecdc1111b0 secure :-1 s=READY pgs=52 cs=0 l=1 rev1=1 crypto rx=0x7feccc006d40 tx=0x7feccc009250 comp rx=0 tx=0).ready entity=mon.0 client_cookie=0 server_cookie=0 in_seq=0 out_seq=0
2023-11-13T12:08:06.305 INFO:teuthology.orchestra.run.smithi181.stdout:/usr/bin/ceph: stderr
2023-11-13T12:08:05.721+0000 7fecc3fff700 1 -- 172.21.15.181:0/1167201552 <== mon.0 v2:172.21.15.181:3300/0 1 ==== mon_map magic: 0 v1 ==== 229+0+0 (secure 0 0 0) 0x7feccc010960 con 0x7fecdc070f80
2023-11-13T12:08:06.305 INFO:teuthology.orchestra.run.smithi181.stdout:/usr/bin/ceph: stderr
2023-11-13T12:08:05.721+0000 7fecc3fff700 1 -- 172.21.15.181:0/1167201552 <== mon.0 v2:172.21.15.181:3300/0 2 ==== config(26 keys) v1 ==== 1074+0+0 (secure 0 0 0) 0x7feccc01a430 con 0x7fecdc070f80
2023-11-13T12:08:06.305 INFO:teuthology.orchestra.run.smithi181.stdout:/usr/bin/ceph: stderr
2023-11-13T12:08:05.721+0000 7fece1c9d700 1 -- 172.21.15.181:0/1167201552 --> [v2:172.21.15.181:3300/0,v1:172.21.15.181:6789/0] -- mon_subscribe({mgrmap=0+}) v3 -- 0x7fecdc1118f0 con 0x7fecdc070f80
2023-11-13T12:08:06.306 INFO:teuthology.orchestra.run.smithi181.stdout:/usr/bin/ceph: stderr
2023-11-13T12:08:05.721+0000 7fecc3fff700 1 -- 172.21.15.181:0/1167201552 <== mon.0 v2:172.21.15.181:3300/0 3 ==== mon_map magic: 0 v1 ==== 229+0+0 (secure 0 0 0) 0x7feccc0245b0 con 0x7fecdc070f80
2023-11-13T12:08:06.306 INFO:teuthology.orchestra.run.smithi181.stdout:/usr/bin/ceph: stderr
2023-11-13T12:08:05.721+0000 7fece1c9d700 1 -- 172.21.15.181:0/1167201552 --> [v2:172.21.15.181:3300/0,v1:172.21.15.181:6789/0] -- mon_subscribe({osdmap=0}) v3 -- 0x7fecdc111d00 con 0x7fecdc070f80
2023-11-13T12:08:06.306 INFO:teuthology.orchestra.run.smithi181.stdout:/usr/bin/ceph: stderr
2023-11-13T12:08:05.722+0000 7fecc3fff700 1 -- 172.21.15.181:0/1167201552 <== mon.0 v2:172.21.15.181:3300/0 4 ==== mgrmap(e 8) v1 ==== 43280+0+0 (secure 0 0 0) 0x7feccc01a9f0 con 0x7fecdc070f80
2023-11-13T12:08:06.306 INFO:teuthology.orchestra.run.smithi181.stdout:/usr/bin/ceph: stderr
2023-11-13T12:08:05.722+0000 7fece1c9d700 1 -- 172.21.15.181:0/1167201552 --> [v2:172.21.15.181:3300/0,v1:172.21.15.181:6789/0] -- mon_command({"prefix": "get_command_descriptions"} v 0) v1 -- 0x7fecdc04bb80 con 0x7fecdc070f80
2023-11-13T12:08:06.307 INFO:teuthology.orchestra.run.smithi181.stdout:/usr/bin/ceph: stderr
2023-11-13T12:08:05.723+0000 7fecc3fff700 1 --2- 172.21.15.181:0/1167201552 >> [v2:172.21.15.181:6800/3817254504,v1:172.21.15.181:6801/3817254504] conn(0x7fecc4036640 0x7fecc4038af0 unknown :-1 s=NONE pgs=0 cs=0 l=1 rev1=0 crypto rx=0 tx=0 comp rx=0 tx=0).connect
2023-11-13T12:08:06.307 INFO:teuthology.orchestra.run.smithi181.stdout:/usr/bin/ceph: stderr
2023-11-13T12:08:05.723+0000 7fecc3fff700 1 -- 172.21.15.181:0/1167201552 <== mon.0 v2:172.21.15.181:3300/0 5 ==== osd_map(2..2 src has 1..2) v4 ==== 936+0+0 (secure 0 0 0) 0x7feccc04a180 con 0x7fecdc070f80
2023-11-13T12:08:06.307 INFO:teuthology.orchestra.run.smithi181.stdout:/usr/bin/ceph: stderr
2023-11-13T12:08:05.723+0000 7fecdaffd700 1 --2- 172.21.15.181:0/1167201552 >> [v2:172.21.15.181:6800/3817254504,v1:172.21.15.181:6801/3817254504] conn(0x7fecc4036640 0x7fecc4038af0 unknown :-1 s=BANNER_CONNECTING pgs=0 cs=0 l=1 rev1=0 crypto rx=0 tx=0 comp rx=0 tx=0)._handle_peer_banner_payload supported=3 required=0
2023-11-13T12:08:06.307 INFO:teuthology.orchestra.run.smithi181.stdout:/usr/bin/ceph: stderr
2023-11-13T12:08:05.724+0000 7fecdaffd700 1 --2- 172.21.15.181:0/1167201552 >> [v2:172.21.15.181:6800/3817254504,v1:172.21.15.181:6801/3817254504] conn(0x7fecc4036640 0x7fecc4038af0 secure :-1 s=READY pgs=15 cs=0 l=1 rev1=1 crypto rx=0x7fecd0009990 tx=0x7fecd0006e40 comp rx=0 tx=0).ready entity=mgr.14118 client_cookie=0 server_cookie=0 in_seq=0 out_seq=0
2023-11-13T12:08:06.308 INFO:teuthology.orchestra.run.smithi181.stdout:/usr/bin/ceph: stderr
2023-11-13T12:08:05.727+0000 7fecc3fff700 1 -- 172.21.15.181:0/1167201552 <== mon.0 v2:172.21.15.181:3300/0 6 ==== mon_command_ack([{"prefix": "get_command_descriptions"}]=0 v0) v1 ==== 72+0+174570 (secure 0 0 0) 0x7feccc0228e0 con 0x7fecdc070f80
2023-11-13T12:08:06.308 INFO:teuthology.orchestra.run.smithi181.stdout:/usr/bin/ceph: stderr
2023-11-13T12:08:05.940+0000 7fece1c9d700 1 -- 172.21.15.181:0/1167201552 --> [v2:172.21.15.181:6800/3817254504,v1:172.21.15.181:6801/3817254504] -- mgr_command(tid 0: {"prefix": "orch apply", "service_type": "prometheus", "target": ["mon-mgr", ""]}) v1 -- 0x7fecdc0008d0 con 0x7fecc4036640
2023-11-13T12:08:06.308 INFO:teuthology.orchestra.run.smithi181.stdout:/usr/bin/ceph: stderr
2023-11-13T12:08:05.945+0000 7fecc3fff700 1 -- 172.21.15.181:0/1167201552 <== mgr.14118 v2:172.21.15.181:6800/3817254504 1 ==== mgr_command_reply(tid 0: 0 ) v1 ==== 8+0+31 (secure 0 0 0) 0x7fecdc0008d0 con 0x7fecc4036640
2023-11-13T12:08:06.309 INFO:teuthology.orchestra.run.smithi181.stdout:/usr/bin/ceph: stderr
2023-11-13T12:08:05.947+0000 7fece1c9d700 1 -- 172.21.15.181:0/1167201552 >> [v2:172.21.15.181:6800/3817254504,v1:172.21.15.181:6801/3817254504] conn(0x7fecc4036640 msgr2=0x7fecc4038af0 secure :-1 s=STATE_CONNECTION_ESTABLISHED l=1).mark_down
2023-11-13T12:08:06.309 INFO:teuthology.orchestra.run.smithi181.stdout:/usr/bin/ceph: stderr
2023-11-13T12:08:05.947+0000 7fece1c9d700 1 --2- 172.21.15.181:0/1167201552 >> [v2:172.21.15.181:6800/3817254504,v1:172.21.15.181:6801/3817254504] conn(0x7fecc4036640 0x7fecc4038af0 secure :-1 s=READY pgs=15 cs=0 l=1 rev1=1 crypto rx=0x7fecd0009990 tx=0x7fecd0006e40 comp rx=0 tx=0).stop
2023-11-13T12:08:06.309 INFO:teuthology.orchestra.run.smithi181.stdout:/usr/bin/ceph: stderr
2023-11-13T12:08:05.947+0000 7fece1c9d700 1 -- 172.21.15.181:0/1167201552 >> [v2:172.21.15.181:3300/0,v1:172.21.15.181:6789/0] conn(0x7fecdc070f80 msgr2=0x7fecdc1111b0 secure :-1 s=STATE_CONNECTION_ESTABLISHED l=1).mark_down
2023-11-13T12:08:06.310 INFO:teuthology.orchestra.run.smithi181.stdout:/usr/bin/ceph: stderr
2023-11-13T12:08:05.947+0000 7fece1c9d700 1 --2- 172.21.15.181:0/1167201552 >> [v2:172.21.15.181:3300/0,v1:172.21.15.181:6789/0] conn(0x7fecdc070f80 0x7fecdc1111b0 secure :-1 s=READY pgs=52 cs=0 l=1 rev1=1 crypto rx=0x7feccc006d40 tx=0x7feccc009250 comp rx=0 tx=0).stop
2023-11-13T12:08:06.311 INFO:teuthology.orchestra.run.smithi181.stdout:/usr/bin/ceph: stderr
2023-11-13T12:08:05.948+0000 7fece1c9d700 1 -- 172.21.15.181:0/1167201552 shutdown_connections
2023-11-13T12:08:06.311 INFO:teuthology.orchestra.run.smithi181.stdout:/usr/bin/ceph: stderr
2023-11-13T12:08:05.948+0000 7fece1c9d700 1 --2- 172.21.15.181:0/1167201552 >> [v2:172.21.15.181:6800/3817254504,v1:172.21.15.181:6801/3817254504] conn(0x7fecc4036640 0x7fecc4038af0 unknown :-1 s=CLOSED pgs=15 cs=0 l=1 rev1=1 crypto rx=0 tx=0 comp rx=0 tx=0).stop
2023-11-13T12:08:06.312 INFO:teuthology.orchestra.run.smithi181.stdout:/usr/bin/ceph: stderr
2023-11-13T12:08:05.948+0000 7fece1c9d700 1 --2- 172.21.15.181:0/1167201552 >> [v2:172.21.15.181:3300/0,v1:172.21.15.181:6789/0] conn(0x7fecdc070f80 0x7fecdc1111b0 unknown :-1 s=CLOSED pgs=52 cs=0 l=1 rev1=1 crypto rx=0 tx=0 comp rx=0 tx=0).stop
2023-11-13T12:08:06.312 INFO:teuthology.orchestra.run.smithi181.stdout:/usr/bin/ceph: stderr
2023-11-13T12:08:05.948+0000 7fece1c9d700 1 -- 172.21.15.181:0/1167201552 >> 172.21.15.181:0/1167201552 conn(0x7fecdc0fc970 msgr2=0x7fecdc0fe170 unknown :-1 s=STATE_NONE l=0).mark_down
2023-11-13T12:08:06.312 INFO:teuthology.orchestra.run.smithi181.stdout:/usr/bin/ceph: stderr
2023-11-13T12:08:05.948+0000 7fece1c9d700 1 -- 172.21.15.181:0/1167201552 shutdown_connections
2023-11-13T12:08:06.313 INFO:teuthology.orchestra.run.smithi181.stdout:/usr/bin/ceph: stderr
2023-11-13T12:08:05.948+0000 7fece1c9d700 1 -- 172.21.15.181:0/1167201552 wait complete.
2023-11-13T12:08:06.313 INFO:teuthology.orchestra.run.smithi181.stdout:Deploying grafana service with default placement...
2023-11-13T12:08:07.200 INFO:journalctl@ceph.mon.smithi181.smithi181.stdout:Nov 13 12:08:06 smithi181 ceph-mon[107827]: from='client.14146 -' entity='client.admin' cmd=[{"prefix": "orch apply", "service_type": "prometheus", "target": ["mon-mgr", ""]}]: dispatch
2023-11-13T12:08:07.200 INFO:journalctl@ceph.mon.smithi181.smithi181.stdout:Nov 13 12:08:06 smithi181 ceph-mon[107827]: Saving service prometheus spec with placement count:1
2023-11-13T12:08:07.200 INFO:journalctl@ceph.mon.smithi181.smithi181.stdout:Nov 13 12:08:06 smithi181 ceph-mon[107827]: from='mgr.14118 172.21.15.181:0/1817602145' entity='mgr.smithi181.nqhzcj'
2023-11-13T12:08:07.200 INFO:journalctl@ceph.mon.smithi181.smithi181.stdout:Nov 13 12:08:06 smithi181 ceph-mon[107827]: from='mgr.14118 172.21.15.181:0/1817602145' entity='mgr.smithi181.nqhzcj'
2023-11-13T12:08:07.319 INFO:teuthology.orchestra.run.smithi181.stdout:/usr/bin/ceph: stdout Scheduled grafana update...
2023-11-13T12:08:07.319 INFO:teuthology.orchestra.run.smithi181.stdout:/usr/bin/ceph: stderr
2023-11-13T12:08:06.720+0000 7fd53a2ce700 1 Processor -- start
2023-11-13T12:08:07.319 INFO:teuthology.orchestra.run.smithi181.stdout:/usr/bin/ceph: stderr
2023-11-13T12:08:06.720+0000 7fd53a2ce700 1 -- start start
2023-11-13T12:08:07.319 INFO:teuthology.orchestra.run.smithi181.stdout:/usr/bin/ceph: stderr
2023-11-13T12:08:06.721+0000 7fd53a2ce700 1 --2- >> [v2:172.21.15.181:3300/0,v1:172.21.15.181:6789/0] conn(0x7fd534070f80 0x7fd534107320 unknown :-1 s=NONE pgs=0 cs=0 l=0 rev1=0 crypto rx=0 tx=0 comp rx=0 tx=0).connect
2023-11-13T12:08:07.320 INFO:teuthology.orchestra.run.smithi181.stdout:/usr/bin/ceph: stderr
2023-11-13T12:08:06.721+0000 7fd53a2ce700 1 -- --> [v2:172.21.15.181:3300/0,v1:172.21.15.181:6789/0] -- mon_getmap magic: 0 v1 -- 0x7fd534102d10 con 0x7fd534070f80
2023-11-13T12:08:07.320 INFO:teuthology.orchestra.run.smithi181.stdout:/usr/bin/ceph: stderr
2023-11-13T12:08:06.721+0000 7fd533fff700 1 --2- >> [v2:172.21.15.181:3300/0,v1:172.21.15.181:6789/0] conn(0x7fd534070f80 0x7fd534107320 unknown :-1 s=BANNER_CONNECTING pgs=0 cs=0 l=0 rev1=0 crypto rx=0 tx=0 comp rx=0 tx=0)._handle_peer_banner_payload supported=3 required=0
2023-11-13T12:08:07.320 INFO:teuthology.orchestra.run.smithi181.stdout:/usr/bin/ceph: stderr
