2023-12-05T09:18:14.409 INFO:teuthology.orchestra.run.smithi067.stdout:/usr/bin/ceph: stderr
2023-12-05T09:18:13.947+0000 7fd0b67fc700 1 -- 172.21.15.67:0/2481218935 <== mon.0 v2:172.21.15.67:3300/0 1 ==== mon_map magic: 0 v1 ==== 229+0+0 (secure 0 0 0) 0x7fd0bc010960 con 0x7fd0c0077bf0
2023-12-05T09:18:14.409 INFO:teuthology.orchestra.run.smithi067.stdout:/usr/bin/ceph: stderr
2023-12-05T09:18:13.947+0000 7fd0b67fc700 1 -- 172.21.15.67:0/2481218935 <== mon.0 v2:172.21.15.67:3300/0 2 ==== config(26 keys) v1 ==== 1074+0+0 (secure 0 0 0) 0x7fd0bc01a430 con 0x7fd0c0077bf0
2023-12-05T09:18:14.409 INFO:teuthology.orchestra.run.smithi067.stdout:/usr/bin/ceph: stderr
2023-12-05T09:18:13.947+0000 7fd0c6e29700 1 -- 172.21.15.67:0/2481218935 --> [v2:172.21.15.67:3300/0,v1:172.21.15.67:6789/0] -- mon_subscribe({mgrmap=0+}) v3 -- 0x7fd0c0113970 con 0x7fd0c0077bf0
2023-12-05T09:18:14.409 INFO:teuthology.orchestra.run.smithi067.stdout:/usr/bin/ceph: stderr
2023-12-05T09:18:13.947+0000 7fd0b67fc700 1 -- 172.21.15.67:0/2481218935 <== mon.0 v2:172.21.15.67:3300/0 3 ==== mon_map magic: 0 v1 ==== 229+0+0 (secure 0 0 0) 0x7fd0bc0245b0 con 0x7fd0c0077bf0
2023-12-05T09:18:14.409 INFO:teuthology.orchestra.run.smithi067.stdout:/usr/bin/ceph: stderr
2023-12-05T09:18:13.947+0000 7fd0c6e29700 1 -- 172.21.15.67:0/2481218935 --> [v2:172.21.15.67:3300/0,v1:172.21.15.67:6789/0] -- mon_subscribe({osdmap=0}) v3 -- 0x7fd0c0113d80 con 0x7fd0c0077bf0
2023-12-05T09:18:14.409 INFO:teuthology.orchestra.run.smithi067.stdout:/usr/bin/ceph: stderr
2023-12-05T09:18:13.948+0000 7fd0c6e29700 1 -- 172.21.15.67:0/2481218935 --> [v2:172.21.15.67:3300/0,v1:172.21.15.67:6789/0] -- mon_command({"prefix": "get_command_descriptions"} v 0) v1 -- 0x7fd0c004bb80 con 0x7fd0c0077bf0
2023-12-05T09:18:14.409 INFO:teuthology.orchestra.run.smithi067.stdout:/usr/bin/ceph: stderr
2023-12-05T09:18:13.948+0000 7fd0b67fc700 1 -- 172.21.15.67:0/2481218935 <== mon.0 v2:172.21.15.67:3300/0 4 ==== mgrmap(e 8) v1 ==== 43281+0+0 (secure 0 0 0) 0x7fd0bc01a9f0 con 0x7fd0c0077bf0
2023-12-05T09:18:14.409 INFO:teuthology.orchestra.run.smithi067.stdout:/usr/bin/ceph: stderr
2023-12-05T09:18:13.949+0000 7fd0b67fc700 1 --2- 172.21.15.67:0/2481218935 >> [v2:172.21.15.67:6800/2543364948,v1:172.21.15.67:6801/2543364948] conn(0x7fd0ac036640 0x7fd0ac038af0 unknown :-1 s=NONE pgs=0 cs=0 l=1 rev1=0 crypto rx=0 tx=0 comp rx=0 tx=0).connect
2023-12-05T09:18:14.409 INFO:teuthology.orchestra.run.smithi067.stdout:/usr/bin/ceph: stderr
2023-12-05T09:18:13.949+0000 7fd0b67fc700 1 -- 172.21.15.67:0/2481218935 <== mon.0 v2:172.21.15.67:3300/0 5 ==== osd_map(2..2 src has 1..2) v4 ==== 936+0+0 (secure 0 0 0) 0x7fd0bc04a150 con 0x7fd0c0077bf0
2023-12-05T09:18:14.410 INFO:teuthology.orchestra.run.smithi067.stdout:/usr/bin/ceph: stderr
2023-12-05T09:18:13.949+0000 7fd0c5626700 1 --2- 172.21.15.67:0/2481218935 >> [v2:172.21.15.67:6800/2543364948,v1:172.21.15.67:6801/2543364948] conn(0x7fd0ac036640 0x7fd0ac038af0 unknown :-1 s=BANNER_CONNECTING pgs=0 cs=0 l=1 rev1=0 crypto rx=0 tx=0 comp rx=0 tx=0)._handle_peer_banner_payload supported=3 required=0
2023-12-05T09:18:14.410 INFO:teuthology.orchestra.run.smithi067.stdout:/usr/bin/ceph: stderr
2023-12-05T09:18:13.950+0000 7fd0c5626700 1 --2- 172.21.15.67:0/2481218935 >> [v2:172.21.15.67:6800/2543364948,v1:172.21.15.67:6801/2543364948] conn(0x7fd0ac036640 0x7fd0ac038af0 secure :-1 s=READY pgs=20 cs=0 l=1 rev1=1 crypto rx=0x7fd0b0009990 tx=0x7fd0b0006e40 comp rx=0 tx=0).ready entity=mgr.14122 client_cookie=0 server_cookie=0 in_seq=0 out_seq=0
2023-12-05T09:18:14.410 INFO:teuthology.orchestra.run.smithi067.stdout:/usr/bin/ceph: stderr
2023-12-05T09:18:13.953+0000 7fd0b67fc700 1 -- 172.21.15.67:0/2481218935 <== mon.0 v2:172.21.15.67:3300/0 6 ==== mon_command_ack([{"prefix": "get_command_descriptions"}]=0 v0) v1 ==== 72+0+174570 (secure 0 0 0) 0x7fd0bc02b8c0 con 0x7fd0c0077bf0
2023-12-05T09:18:14.410 INFO:teuthology.orchestra.run.smithi067.stdout:/usr/bin/ceph: stderr
2023-12-05T09:18:14.156+0000 7fd0c6e29700 1 -- 172.21.15.67:0/2481218935 --> [v2:172.21.15.67:3300/0,v1:172.21.15.67:6789/0] -- mon_command([{prefix=config set, name=mgr/dashboard/ssl_server_port}] v 0) v1 -- 0x7fd0c01083e0 con 0x7fd0c0077bf0
2023-12-05T09:18:14.410 INFO:teuthology.orchestra.run.smithi067.stdout:/usr/bin/ceph: stderr
2023-12-05T09:18:14.162+0000 7fd0b67fc700 1 -- 172.21.15.67:0/2481218935 <== mon.0 v2:172.21.15.67:3300/0 7 ==== mon_command_ack([{prefix=config set, name=mgr/dashboard/ssl_server_port}]=0 v8)=0 v8) v1 ==== 130+0+0 (secure 0 0 0) 0x7fd0bc02b2f0 con 0x7fd0c0077bf0
2023-12-05T09:18:14.410 INFO:teuthology.orchestra.run.smithi067.stdout:/usr/bin/ceph: stderr
2023-12-05T09:18:14.165+0000 7fd0c6e29700 1 -- 172.21.15.67:0/2481218935 >> [v2:172.21.15.67:6800/2543364948,v1:172.21.15.67:6801/2543364948] conn(0x7fd0ac036640 msgr2=0x7fd0ac038af0 secure :-1 s=STATE_CONNECTION_ESTABLISHED l=1).mark_down
2023-12-05T09:18:14.410 INFO:teuthology.orchestra.run.smithi067.stdout:/usr/bin/ceph: stderr
2023-12-05T09:18:14.165+0000 7fd0c6e29700 1 --2- 172.21.15.67:0/2481218935 >> [v2:172.21.15.67:6800/2543364948,v1:172.21.15.67:6801/2543364948] conn(0x7fd0ac036640 0x7fd0ac038af0 secure :-1 s=READY pgs=20 cs=0 l=1 rev1=1 crypto rx=0x7fd0b0009990 tx=0x7fd0b0006e40 comp rx=0 tx=0).stop
2023-12-05T09:18:14.410 INFO:teuthology.orchestra.run.smithi067.stdout:/usr/bin/ceph: stderr
2023-12-05T09:18:14.165+0000 7fd0c6e29700 1 -- 172.21.15.67:0/2481218935 >> [v2:172.21.15.67:3300/0,v1:172.21.15.67:6789/0] conn(0x7fd0c0077bf0 msgr2=0x7fd0c0113230 secure :-1 s=STATE_CONNECTION_ESTABLISHED l=1).mark_down
2023-12-05T09:18:14.410 INFO:teuthology.orchestra.run.smithi067.stdout:/usr/bin/ceph: stderr
2023-12-05T09:18:14.165+0000 7fd0c6e29700 1 --2- 172.21.15.67:0/2481218935 >> [v2:172.21.15.67:3300/0,v1:172.21.15.67:6789/0] conn(0x7fd0c0077bf0 0x7fd0c0113230 secure :-1 s=READY pgs=66 cs=0 l=1 rev1=1 crypto rx=0x7fd0bc006d40 tx=0x7fd0bc009250 comp rx=0 tx=0).stop
2023-12-05T09:18:14.410 INFO:teuthology.orchestra.run.smithi067.stdout:/usr/bin/ceph: stderr
2023-12-05T09:18:14.165+0000 7fd0c6e29700 1 -- 172.21.15.67:0/2481218935 shutdown_connections
2023-12-05T09:18:14.410 INFO:teuthology.orchestra.run.smithi067.stdout:/usr/bin/ceph: stderr
2023-12-05T09:18:14.165+0000 7fd0c6e29700 1 --2- 172.21.15.67:0/2481218935 >> [v2:172.21.15.67:6800/2543364948,v1:172.21.15.67:6801/2543364948] conn(0x7fd0ac036640 0x7fd0ac038af0 unknown :-1 s=CLOSED pgs=20 cs=0 l=1 rev1=1 crypto rx=0 tx=0 comp rx=0 tx=0).stop
2023-12-05T09:18:14.410 INFO:teuthology.orchestra.run.smithi067.stdout:/usr/bin/ceph: stderr
2023-12-05T09:18:14.165+0000 7fd0c6e29700 1 --2- 172.21.15.67:0/2481218935 >> [v2:172.21.15.67:3300/0,v1:172.21.15.67:6789/0] conn(0x7fd0c0077bf0 0x7fd0c0113230 unknown :-1 s=CLOSED pgs=66 cs=0 l=1 rev1=1 crypto rx=0 tx=0 comp rx=0 tx=0).stop
2023-12-05T09:18:14.410 INFO:teuthology.orchestra.run.smithi067.stdout:/usr/bin/ceph: stderr
2023-12-05T09:18:14.165+0000 7fd0c6e29700 1 -- 172.21.15.67:0/2481218935 >> 172.21.15.67:0/2481218935 conn(0x7fd0c00fd880 msgr2=0x7fd0c00ffcb0 unknown :-1 s=STATE_NONE l=0).mark_down
2023-12-05T09:18:14.410 INFO:teuthology.orchestra.run.smithi067.stdout:/usr/bin/ceph: stderr
2023-12-05T09:18:14.165+0000 7fd0c6e29700 1 -- 172.21.15.67:0/2481218935 shutdown_connections
2023-12-05T09:18:14.411 INFO:teuthology.orchestra.run.smithi067.stdout:/usr/bin/ceph: stderr
2023-12-05T09:18:14.165+0000 7fd0c6e29700 1 -- 172.21.15.67:0/2481218935 wait complete.
2023-12-05T09:18:14.411 INFO:teuthology.orchestra.run.smithi067.stdout:Enabling the dashboard module...
2023-12-05T09:18:15.464 INFO:journalctl@ceph.mon.smithi067.smithi067.stdout:Dec 05 09:18:15 smithi067 ceph-mon[107174]: from='client.? 172.21.15.67:0/2481218935' entity='client.admin'
2023-12-05T09:18:15.464 INFO:journalctl@ceph.mon.smithi067.smithi067.stdout:Dec 05 09:18:15 smithi067 ceph-mon[107174]: from='client.? 172.21.15.67:0/914973290' entity='client.admin' cmd=[{"prefix": "mgr module enable", "module": "dashboard"}]: dispatch
2023-12-05T09:18:15.501 INFO:teuthology.orchestra.run.smithi067.stdout:/usr/bin/ceph: stderr
2023-12-05T09:18:14.820+0000 7f8bb1c39700 1 Processor -- start
2023-12-05T09:18:15.501 INFO:teuthology.orchestra.run.smithi067.stdout:/usr/bin/ceph: stderr
2023-12-05T09:18:14.821+0000 7f8bb1c39700 1 -- start start
2023-12-05T09:18:15.501 INFO:teuthology.orchestra.run.smithi067.stdout:/usr/bin/ceph: stderr
2023-12-05T09:18:14.821+0000 7f8bb1c39700 1 --2- >> [v2:172.21.15.67:3300/0,v1:172.21.15.67:6789/0] conn(0x7f8bac1022d0 0x7f8bac1026e0 unknown :-1 s=NONE pgs=0 cs=0 l=0 rev1=0 crypto rx=0 tx=0 comp rx=0 tx=0).connect
2023-12-05T09:18:15.501 INFO:teuthology.orchestra.run.smithi067.stdout:/usr/bin/ceph: stderr
2023-12-05T09:18:14.821+0000 7f8bb1c39700 1 -- --> [v2:172.21.15.67:3300/0,v1:172.21.15.67:6789/0] -- mon_getmap magic: 0 v1 -- 0x7f8bac102c20 con 0x7f8bac1022d0
2023-12-05T09:18:15.501 INFO:teuthology.orchestra.run.smithi067.stdout:/usr/bin/ceph: stderr
2023-12-05T09:18:14.821+0000 7f8bab7fe700 1 --2- >> [v2:172.21.15.67:3300/0,v1:172.21.15.67:6789/0] conn(0x7f8bac1022d0 0x7f8bac1026e0 unknown :-1 s=BANNER_CONNECTING pgs=0 cs=0 l=0 rev1=0 crypto rx=0 tx=0 comp rx=0 tx=0)._handle_peer_banner_payload supported=3 required=0
2023-12-05T09:18:15.501 INFO:teuthology.orchestra.run.smithi067.stdout:/usr/bin/ceph: stderr
2023-12-05T09:18:14.821+0000 7f8bab7fe700 1 --2- >> [v2:172.21.15.67:3300/0,v1:172.21.15.67:6789/0] conn(0x7f8bac1022d0 0x7f8bac1026e0 unknown :-1 s=HELLO_CONNECTING pgs=0 cs=0 l=0 rev1=1 crypto rx=0 tx=0 comp rx=0 tx=0).handle_hello peer v2:172.21.15.67:3300/0 says I am v2:172.21.15.67:47100/0 (socket says 172.21.15.67:47100)
2023-12-05T09:18:15.502 INFO:teuthology.orchestra.run.smithi067.stdout:/usr/bin/ceph: stderr
2023-12-05T09:18:14.821+0000 7f8bab7fe700 1 -- 172.21.15.67:0/3283180267 learned_addr learned my addr 172.21.15.67:0/3283180267 (peer_addr_for_me v2:172.21.15.67:0/0)
2023-12-05T09:18:15.502 INFO:teuthology.orchestra.run.smithi067.stdout:/usr/bin/ceph: stderr
2023-12-05T09:18:14.822+0000 7f8bab7fe700 1 -- 172.21.15.67:0/3283180267 --> [v2:172.21.15.67:3300/0,v1:172.21.15.67:6789/0] -- mon_subscribe({config=0+,monmap=0+}) v3 -- 0x7f8bac102d60 con 0x7f8bac1022d0
2023-12-05T09:18:15.502 INFO:teuthology.orchestra.run.smithi067.stdout:/usr/bin/ceph: stderr
2023-12-05T09:18:14.822+0000 7f8bab7fe700 1 --2- 172.21.15.67:0/3283180267 >> [v2:172.21.15.67:3300/0,v1:172.21.15.67:6789/0] conn(0x7f8bac1022d0 0x7f8bac1026e0 secure :-1 s=READY pgs=67 cs=0 l=1 rev1=1 crypto rx=0x7f8b9c0098e0 tx=0x7f8b9c009250 comp rx=0 tx=0).ready entity=mon.0 client_cookie=a5cb3f01ee00f3d5 server_cookie=0 in_seq=0 out_seq=0
2023-12-05T09:18:15.502 INFO:teuthology.orchestra.run.smithi067.stdout:/usr/bin/ceph: stderr
2023-12-05T09:18:14.822+0000 7f8baa7fc700 1 -- 172.21.15.67:0/3283180267 <== mon.0 v2:172.21.15.67:3300/0 1 ==== mon_map magic: 0 v1 ==== 229+0+0 (secure 0 0 0) 0x7f8b9c00b860 con 0x7f8bac1022d0
2023-12-05T09:18:15.502 INFO:teuthology.orchestra.run.smithi067.stdout:/usr/bin/ceph: stderr
2023-12-05T09:18:14.822+0000 7f8baa7fc700 1 -- 172.21.15.67:0/3283180267 <== mon.0 v2:172.21.15.67:3300/0 2 ==== config(26 keys) v1 ==== 1074+0+0 (secure 0 0 0) 0x7f8b9c00be70 con 0x7f8bac1022d0
2023-12-05T09:18:15.502 INFO:teuthology.orchestra.run.smithi067.stdout:/usr/bin/ceph: stderr
2023-12-05T09:18:14.822+0000 7f8baa7fc700 1 -- 172.21.15.67:0/3283180267 <== mon.0 v2:172.21.15.67:3300/0 3 ==== mon_map magic: 0 v1 ==== 229+0+0 (secure 0 0 0) 0x7f8b9c010380 con 0x7f8bac1022d0
2023-12-05T09:18:15.502 INFO:teuthology.orchestra.run.smithi067.stdout:/usr/bin/ceph: stderr
2023-12-05T09:18:14.823+0000 7f8bb1c39700 1 -- 172.21.15.67:0/3283180267 >> [v2:172.21.15.67:3300/0,v1:172.21.15.67:6789/0] conn(0x7f8bac1022d0 msgr2=0x7f8bac1026e0 secure :-1 s=STATE_CONNECTION_ESTABLISHED l=1).mark_down
2023-12-05T09:18:15.502 INFO:teuthology.orchestra.run.smithi067.stdout:/usr/bin/ceph: stderr
2023-12-05T09:18:14.823+0000 7f8bb1c39700 1 --2- 172.21.15.67:0/3283180267 >> [v2:172.21.15.67:3300/0,v1:172.21.15.67:6789/0] conn(0x7f8bac1022d0 0x7f8bac1026e0 secure :-1 s=READY pgs=67 cs=0 l=1 rev1=1 crypto rx=0x7f8b9c0098e0 tx=0x7f8b9c009250 comp rx=0 tx=0).stop
2023-12-05T09:18:15.502 INFO:teuthology.orchestra.run.smithi067.stdout:/usr/bin/ceph: stderr
2023-12-05T09:18:14.823+0000 7f8bb1c39700 1 -- 172.21.15.67:0/3283180267 shutdown_connections
2023-12-05T09:18:15.502 INFO:teuthology.orchestra.run.smithi067.stdout:/usr/bin/ceph: stderr
2023-12-05T09:18:14.823+0000 7f8bb1c39700 1 --2- 172.21.15.67:0/3283180267 >> [v2:172.21.15.67:3300/0,v1:172.21.15.67:6789/0] conn(0x7f8bac1022d0 0x7f8bac1026e0 unknown :-1 s=CLOSED pgs=67 cs=0 l=1 rev1=1 crypto rx=0 tx=0 comp rx=0 tx=0).stop
2023-12-05T09:18:15.502 INFO:teuthology.orchestra.run.smithi067.stdout:/usr/bin/ceph: stderr
2023-12-05T09:18:14.823+0000 7f8bb1c39700 1 -- 172.21.15.67:0/3283180267 >> 172.21.15.67:0/3283180267 conn(0x7f8bac0fda50 msgr2=0x7f8bac0ffe60 unknown :-1 s=STATE_NONE l=0).mark_down
2023-12-05T09:18:15.503 INFO:teuthology.orchestra.run.smithi067.stdout:/usr/bin/ceph: stderr
2023-12-05T09:18:14.823+0000 7f8bb1c39700 1 -- 172.21.15.67:0/3283180267 shutdown_connections
2023-12-05T09:18:15.503 INFO:teuthology.orchestra.run.smithi067.stdout:/usr/bin/ceph: stderr
2023-12-05T09:18:14.823+0000 7f8bb1c39700 1 -- 172.21.15.67:0/3283180267 wait complete.
2023-12-05T09:18:15.503 INFO:teuthology.orchestra.run.smithi067.stdout:/usr/bin/ceph: stderr
2023-12-05T09:18:14.824+0000 7f8bb1c39700 1 Processor -- start
2023-12-05T09:18:15.503 INFO:teuthology.orchestra.run.smithi067.stdout:/usr/bin/ceph: stderr
2023-12-05T09:18:14.824+0000 7f8bb1c39700 1 -- start start
2023-12-05T09:18:15.503 INFO:teuthology.orchestra.run.smithi067.stdout:/usr/bin/ceph: stderr
2023-12-05T09:18:14.825+0000 7f8bb1c39700 1 --2- >> [v2:172.21.15.67:3300/0,v1:172.21.15.67:6789/0] conn(0x7f8bac1022d0 0x7f8bac111170 unknown :-1 s=NONE pgs=0 cs=0 l=1 rev1=0 crypto rx=0 tx=0 comp rx=0 tx=0).connect
2023-12-05T09:18:15.503 INFO:teuthology.orchestra.run.smithi067.stdout:/usr/bin/ceph: stderr
2023-12-05T09:18:14.825+0000 7f8bb1c39700 1 -- --> [v2:172.21.15.67:3300/0,v1:172.21.15.67:6789/0] -- mon_getmap magic: 0 v1 -- 0x7f8bac1116b0 con 0x7f8bac1022d0
2023-12-05T09:18:15.503 INFO:teuthology.orchestra.run.smithi067.stdout:/usr/bin/ceph: stderr
2023-12-05T09:18:14.825+0000 7f8bab7fe700 1 --2- >> [v2:172.21.15.67:3300/0,v1:172.21.15.67:6789/0] conn(0x7f8bac1022d0 0x7f8bac111170 unknown :-1 s=BANNER_CONNECTING pgs=0 cs=0 l=1 rev1=0 crypto rx=0 tx=0 comp rx=0 tx=0)._handle_peer_banner_payload supported=3 required=0
2023-12-05T09:18:15.503 INFO:teuthology.orchestra.run.smithi067.stdout:/usr/bin/ceph: stderr
2023-12-05T09:18:14.825+0000 7f8bab7fe700 1 --2- >> [v2:172.21.15.67:3300/0,v1:172.21.15.67:6789/0] conn(0x7f8bac1022d0 0x7f8bac111170 unknown :-1 s=HELLO_CONNECTING pgs=0 cs=0 l=1 rev1=1 crypto rx=0 tx=0 comp rx=0 tx=0).handle_hello peer v2:172.21.15.67:3300/0 says I am v2:172.21.15.67:47110/0 (socket says 172.21.15.67:47110)
2023-12-05T09:18:15.503 INFO:teuthology.orchestra.run.smithi067.stdout:/usr/bin/ceph: stderr
2023-12-05T09:18:14.825+0000 7f8bab7fe700 1 -- 172.21.15.67:0/914973290 learned_addr learned my addr 172.21.15.67:0/914973290 (peer_addr_for_me v2:172.21.15.67:0/0)
2023-12-05T09:18:15.503 INFO:teuthology.orchestra.run.smithi067.stdout:/usr/bin/ceph: stderr
2023-12-05T09:18:14.825+0000 7f8bab7fe700 1 -- 172.21.15.67:0/914973290 --> [v2:172.21.15.67:3300/0,v1:172.21.15.67:6789/0] -- mon_subscribe({config=0+,monmap=0+}) v3 -- 0x7f8b9c0094f0 con 0x7f8bac1022d0
2023-12-05T09:18:15.503 INFO:teuthology.orchestra.run.smithi067.stdout:/usr/bin/ceph: stderr
2023-12-05T09:18:14.826+0000 7f8bab7fe700 1 --2- 172.21.15.67:0/914973290 >> [v2:172.21.15.67:3300/0,v1:172.21.15.67:6789/0] conn(0x7f8bac1022d0 0x7f8bac111170 secure :-1 s=READY pgs=68 cs=0 l=1 rev1=1 crypto rx=0x7f8b9c00c010 tx=0x7f8b9c009250 comp rx=0 tx=0).ready entity=mon.0 client_cookie=0 server_cookie=0 in_seq=0 out_seq=0
2023-12-05T09:18:15.503 INFO:teuthology.orchestra.run.smithi067.stdout:/usr/bin/ceph: stderr
2023-12-05T09:18:14.826+0000 7f8b93fff700 1 -- 172.21.15.67:0/914973290 <== mon.0 v2:172.21.15.67:3300/0 1 ==== mon_map magic: 0 v1 ==== 229+0+0 (secure 0 0 0) 0x7f8b9c010960 con 0x7f8bac1022d0
2023-12-05T09:18:15.503 INFO:teuthology.orchestra.run.smithi067.stdout:/usr/bin/ceph: stderr
2023-12-05T09:18:14.826+0000 7f8b93fff700 1 -- 172.21.15.67:0/914973290 <== mon.0 v2:172.21.15.67:3300/0 2 ==== config(26 keys) v1 ==== 1074+0+0 (secure 0 0 0) 0x7f8b9c01a430 con 0x7f8bac1022d0
2023-12-05T09:18:15.503 INFO:teuthology.orchestra.run.smithi067.stdout:/usr/bin/ceph: stderr
2023-12-05T09:18:14.826+0000 7f8bb1c39700 1 -- 172.21.15.67:0/914973290 --> [v2:172.21.15.67:3300/0,v1:172.21.15.67:6789/0] -- mon_subscribe({mgrmap=0+}) v3 -- 0x7f8bac1118b0 con 0x7f8bac1022d0
2023-12-05T09:18:15.503 INFO:teuthology.orchestra.run.smithi067.stdout:/usr/bin/ceph: stderr
2023-12-05T09:18:14.826+0000 7f8b93fff700 1 -- 172.21.15.67:0/914973290 <== mon.0 v2:172.21.15.67:3300/0 3 ==== mon_map magic: 0 v1 ==== 229+0+0 (secure 0 0 0) 0x7f8b9c019580 con 0x7f8bac1022d0
2023-12-05T09:18:15.503 INFO:teuthology.orchestra.run.smithi067.stdout:/usr/bin/ceph: stderr
2023-12-05T09:18:14.826+0000 7f8bb1c39700 1 -- 172.21.15.67:0/914973290 --> [v2:172.21.15.67:3300/0,v1:172.21.15.67:6789/0] -- mon_subscribe({osdmap=0}) v3 -- 0x7f8bac111cc0 con 0x7f8bac1022d0
2023-12-05T09:18:15.504 INFO:teuthology.orchestra.run.smithi067.stdout:/usr/bin/ceph: stderr
2023-12-05T09:18:14.827+0000 7f8b93fff700 1 -- 172.21.15.67:0/914973290 <== mon.0 v2:172.21.15.67:3300/0 4 ==== mgrmap(e 8) v1 ==== 43281+0+0 (secure 0 0 0) 0x7f8b9c01a980 con 0x7f8bac1022d0
2023-12-05T09:18:15.504 INFO:teuthology.orchestra.run.smithi067.stdout:/usr/bin/ceph: stderr
2023-12-05T09:18:14.827+0000 7f8bb1c39700 1 -- 172.21.15.67:0/914973290 --> [v2:172.21.15.67:3300/0,v1:172.21.15.67:6789/0] -- mon_command({"prefix": "get_command_descriptions"} v 0) v1 -- 0x7f8bac04bb80 con 0x7f8bac1022d0
2023-12-05T09:18:15.504 INFO:teuthology.orchestra.run.smithi067.stdout:/usr/bin/ceph: stderr
2023-12-05T09:18:14.827+0000 7f8b93fff700 1 --2- 172.21.15.67:0/914973290 >> [v2:172.21.15.67:6800/2543364948,v1:172.21.15.67:6801/2543364948] conn(0x7f8b94036640 0x7f8b94038af0 unknown :-1 s=NONE pgs=0 cs=0 l=1 rev1=0 crypto rx=0 tx=0 comp rx=0 tx=0).connect
2023-12-05T09:18:15.504 INFO:teuthology.orchestra.run.smithi067.stdout:/usr/bin/ceph: stderr
2023-12-05T09:18:14.828+0000 7f8b93fff700 1 -- 172.21.15.67:0/914973290 <== mon.0 v2:172.21.15.67:3300/0 5 ==== osd_map(2..2 src has 1..2) v4 ==== 936+0+0 (secure 0 0 0) 0x7f8b9c04a420 con 0x7f8bac1022d0
2023-12-05T09:18:15.504 INFO:teuthology.orchestra.run.smithi067.stdout:/usr/bin/ceph: stderr
2023-12-05T09:18:14.828+0000 7f8baaffd700 1 --2- 172.21.15.67:0/914973290 >> [v2:172.21.15.67:6800/2543364948,v1:172.21.15.67:6801/2543364948] conn(0x7f8b94036640 0x7f8b94038af0 unknown :-1 s=BANNER_CONNECTING pgs=0 cs=0 l=1 rev1=0 crypto rx=0 tx=0 comp rx=0 tx=0)._handle_peer_banner_payload supported=3 required=0
2023-12-05T09:18:15.504 INFO:teuthology.orchestra.run.smithi067.stdout:/usr/bin/ceph: stderr
2023-12-05T09:18:14.828+0000 7f8baaffd700 1 --2- 172.21.15.67:0/914973290 >> [v2:172.21.15.67:6800/2543364948,v1:172.21.15.67:6801/2543364948] conn(0x7f8b94036640 0x7f8b94038af0 secure :-1 s=READY pgs=21 cs=0 l=1 rev1=1 crypto rx=0x7f8ba0009990 tx=0x7f8ba0006e40 comp rx=0 tx=0).ready entity=mgr.14122 client_cookie=0 server_cookie=0 in_seq=0 out_seq=0
2023-12-05T09:18:15.504 INFO:teuthology.orchestra.run.smithi067.stdout:/usr/bin/ceph: stderr
2023-12-05T09:18:14.832+0000 7f8b93fff700 1 -- 172.21.15.67:0/914973290 <== mon.0 v2:172.21.15.67:3300/0 6 ==== mon_command_ack([{"prefix": "get_command_descriptions"}]=0 v0) v1 ==== 72+0+174570 (secure 0 0 0) 0x7f8b9c02bb30 con 0x7f8bac1022d0
2023-12-05T09:18:15.504 INFO:teuthology.orchestra.run.smithi067.stdout:/usr/bin/ceph: stderr
2023-12-05T09:18:15.091+0000 7f8bb1c39700 1 -- 172.21.15.67:0/914973290 --> [v2:172.21.15.67:3300/0,v1:172.21.15.67:6789/0] -- mon_command({"prefix": "mgr module enable", "module": "dashboard"} v 0) v1 -- 0x7f8bac10af90 con 0x7f8bac1022d0
2023-12-05T09:18:15.504 INFO:teuthology.orchestra.run.smithi067.stdout:/usr/bin/ceph: stderr
2023-12-05T09:18:15.162+0000 7f8b93fff700 1 -- 172.21.15.67:0/914973290 <== mon.0 v2:172.21.15.67:3300/0 7 ==== mgrmap(e 9) v1 ==== 43294+0+0 (secure 0 0 0) 0x7f8b9c021d40 con 0x7f8bac1022d0
2023-12-05T09:18:15.504 INFO:teuthology.orchestra.run.smithi067.stdout:/usr/bin/ceph: stderr
2023-12-05T09:18:15.165+0000 7f8b93fff700 1 -- 172.21.15.67:0/914973290 <== mon.0 v2:172.21.15.67:3300/0 8 ==== mon_command_ack([{"prefix": "mgr module enable", "module": "dashboard"}]=0 v9) v1 ==== 88+0+0 (secure 0 0 0) 0x7f8b9c00f750 con 0x7f8bac1022d0
2023-12-05T09:18:15.504 INFO:teuthology.orchestra.run.smithi067.stdout:/usr/bin/ceph: stderr
2023-12-05T09:18:15.168+0000 7f8bb1c39700 1 -- 172.21.15.67:0/914973290 >> [v2:172.21.15.67:6800/2543364948,v1:172.21.15.67:6801/2543364948] conn(0x7f8b94036640 msgr2=0x7f8b94038af0 secure :-1 s=STATE_CONNECTION_ESTABLISHED l=1).mark_down
2023-12-05T09:18:15.504 INFO:teuthology.orchestra.run.smithi067.stdout:/usr/bin/ceph: stderr
2023-12-05T09:18:15.168+0000 7f8bb1c39700 1 --2- 172.21.15.67:0/914973290 >> [v2:172.21.15.67:6800/2543364948,v1:172.21.15.67:6801/2543364948] conn(0x7f8b94036640 0x7f8b94038af0 secure :-1 s=READY pgs=21 cs=0 l=1 rev1=1 crypto rx=0x7f8ba0009990 tx=0x7f8ba0006e40 comp rx=0 tx=0).stop
2023-12-05T09:18:15.504 INFO:teuthology.orchestra.run.smithi067.stdout:/usr/bin/ceph: stderr
2023-12-05T09:18:15.168+0000 7f8bb1c39700 1 -- 172.21.15.67:0/914973290 >> [v2:172.21.15.67:3300/0,v1:172.21.15.67:6789/0] conn(0x7f8bac1022d0 msgr2=0x7f8bac111170 secure :-1 s=STATE_CONNECTION_ESTABLISHED l=1).mark_down
2023-12-05T09:18:15.504 INFO:teuthology.orchestra.run.smithi067.stdout:/usr/bin/ceph: stderr
2023-12-05T09:18:15.168+0000 7f8bb1c39700 1 --2- 172.21.15.67:0/914973290 >> [v2:172.21.15.67:3300/0,v1:172.21.15.67:6789/0] conn(0x7f8bac1022d0 0x7f8bac111170 secure :-1 s=READY pgs=68 cs=0 l=1 rev1=1 crypto rx=0x7f8b9c00c010 tx=0x7f8b9c009250 comp rx=0 tx=0).stop
2023-12-05T09:18:15.505 INFO:teuthology.orchestra.run.smithi067.stdout:/usr/bin/ceph: stderr
2023-12-05T09:18:15.168+0000 7f8bb1c39700 1 -- 172.21.15.67:0/914973290 shutdown_connections
2023-12-05T09:18:15.505 INFO:teuthology.orchestra.run.smithi067.stdout:/usr/bin/ceph: stderr
2023-12-05T09:18:15.168+0000 7f8bb1c39700 1 --2- 172.21.15.67:0/914973290 >> [v2:172.21.15.67:6800/2543364948,v1:172.21.15.67:6801/2543364948] conn(0x7f8b94036640 0x7f8b94038af0 unknown :-1 s=CLOSED pgs=21 cs=0 l=1 rev1=1 crypto rx=0 tx=0 comp rx=0 tx=0).stop
2023-12-05T09:18:15.505 INFO:teuthology.orchestra.run.smithi067.stdout:/usr/bin/ceph: stderr
2023-12-05T09:18:15.168+0000 7f8bb1c39700 1 --2- 172.21.15.67:0/914973290 >> [v2:172.21.15.67:3300/0,v1:172.21.15.67:6789/0] conn(0x7f8bac1022d0 0x7f8bac111170 unknown :-1 s=CLOSED pgs=68 cs=0 l=1 rev1=1 crypto rx=0 tx=0 comp rx=0 tx=0).stop
2023-12-05T09:18:15.505 INFO:teuthology.orchestra.run.smithi067.stdout:/usr/bin/ceph: stderr
2023-12-05T09:18:15.168+0000 7f8bb1c39700 1 -- 172.21.15.67:0/914973290 >> 172.21.15.67:0/914973290 conn(0x7f8bac0fda50 msgr2=0x7f8bac0ff250 unknown :-1 s=STATE_NONE l=0).mark_down
2023-12-05T09:18:15.505 INFO:teuthology.orchestra.run.smithi067.stdout:/usr/bin/ceph: stderr
2023-12-05T09:18:15.168+0000 7f8bb1c39700 1 -- 172.21.15.67:0/914973290 shutdown_connections
2023-12-05T09:18:15.505 INFO:teuthology.orchestra.run.smithi067.stdout:/usr/bin/ceph: stderr
2023-12-05T09:18:15.168+0000 7f8bb1c39700 1 -- 172.21.15.67:0/914973290 wait complete.
2023-12-05T09:18:16.372 INFO:journalctl@ceph.mon.smithi067.smithi067.stdout:Dec 05 09:18:16 smithi067 ceph-mon[107174]: from='client.? 172.21.15.67:0/914973290' entity='client.admin' cmd='[{"prefix": "mgr module enable", "module": "dashboard"}]': finished
2023-12-05T09:18:16.372 INFO:journalctl@ceph.mon.smithi067.smithi067.stdout:Dec 05 09:18:16 smithi067 ceph-mon[107174]: mgrmap e9: smithi067.alxtvv(active, since 18s)
2023-12-05T09:18:16.711 INFO:teuthology.orchestra.run.smithi067.stdout:/usr/bin/ceph: stdout {
2023-12-05T09:18:16.711 INFO:teuthology.orchestra.run.smithi067.stdout:/usr/bin/ceph: stdout "epoch": 9,
2023-12-05T09:18:16.712 INFO:teuthology.orchestra.run.smithi067.stdout:/usr/bin/ceph: stdout "available": true,
2023-12-05T09:18:16.712 INFO:teuthology.orchestra.run.smithi067.stdout:/usr/bin/ceph: stdout "active_name": "smithi067.alxtvv",
2023-12-05T09:18:16.712 INFO:teuthology.orchestra.run.smithi067.stdout:/usr/bin/ceph: stdout "num_standby": 0
2023-12-05T09:18:16.712 INFO:teuthology.orchestra.run.smithi067.stdout:/usr/bin/ceph: stdout }
2023-12-05T09:18:16.712 INFO:teuthology.orchestra.run.smithi067.stdout:/usr/bin/ceph: stderr
2023-12-05T09:18:15.930+0000 7fd8cfed7700 1 Processor -- start
2023-12-05T09:18:16.712 INFO:teuthology.orchestra.run.smithi067.stdout:/usr/bin/ceph: stderr
2023-12-05T09:18:15.930+0000 7fd8cfed7700 1 -- start start
2023-12-05T09:18:16.712 INFO:teuthology.orchestra.run.smithi067.stdout:/usr/bin/ceph: stderr
2023-12-05T09:18:15.931+0000 7fd8cfed7700 1 --2- >> [v2:172.21.15.67:3300/0,v1:172.21.15.67:6789/0] conn(0x7fd8c8077bd0 0x7fd8c80760e0 unknown :-1 s=NONE pgs=0 cs=0 l=0 rev1=0 crypto rx=0 tx=0 comp rx=0 tx=0).connect
2023-12-05T09:18:16.712 INFO:teuthology.orchestra.run.smithi067.stdout:/usr/bin/ceph: stderr
2023-12-05T09:18:15.931+0000 7fd8cfed7700 1 -- --> [v2:172.21.15.67:3300/0,v1:172.21.15.67:6789/0] -- mon_getmap magic: 0 v1 -- 0x7fd8c8077fe0 con 0x7fd8c8077bd0
2023-12-05T09:18:16.712 INFO:teuthology.orchestra.run.smithi067.stdout:/usr/bin/ceph: stderr
2023-12-05T09:18:15.931+0000 7fd8cdc73700 1 --2- >> [v2:172.21.15.67:3300/0,v1:172.21.15.67:6789/0] conn(0x7fd8c8077bd0 0x7fd8c80760e0 unknown :-1 s=BANNER_CONNECTING pgs=0 cs=0 l=0 rev1=0 crypto rx=0 tx=0 comp rx=0 tx=0)._handle_peer_banner_payload supported=3 required=0
2023-12-05T09:18:16.712 INFO:teuthology.orchestra.run.smithi067.stdout:/usr/bin/ceph: stderr
2023-12-05T09:18:15.931+0000 7fd8cdc73700 1 --2- >> [v2:172.21.15.67:3300/0,v1:172.21.15.67:6789/0] conn(0x7fd8c8077bd0 0x7fd8c80760e0 unknown :-1 s=HELLO_CONNECTING pgs=0 cs=0 l=0 rev1=1 crypto rx=0 tx=0 comp rx=0 tx=0).handle_hello peer v2:172.21.15.67:3300/0 says I am v2:172.21.15.67:39976/0 (socket says 172.21.15.67:39976)
2023-12-05T09:18:16.712 INFO:teuthology.orchestra.run.smithi067.stdout:/usr/bin/ceph: stderr
2023-12-05T09:18:15.931+0000 7fd8cdc73700 1 -- 172.21.15.67:0/2820640189 learned_addr learned my addr 172.21.15.67:0/2820640189 (peer_addr_for_me v2:172.21.15.67:0/0)
2023-12-05T09:18:16.712 INFO:teuthology.orchestra.run.smithi067.stdout:/usr/bin/ceph: stderr
2023-12-05T09:18:15.932+0000 7fd8cdc73700 1 -- 172.21.15.67:0/2820640189 --> [v2:172.21.15.67:3300/0,v1:172.21.15.67:6789/0] -- mon_subscribe({config=0+,monmap=0+}) v3 -- 0x7fd8c8076620 con 0x7fd8c8077bd0
2023-12-05T09:18:16.712 INFO:teuthology.orchestra.run.smithi067.stdout:/usr/bin/ceph: stderr
2023-12-05T09:18:15.932+0000 7fd8cdc73700 1 --2- 172.21.15.67:0/2820640189 >> [v2:172.21.15.67:3300/0,v1:172.21.15.67:6789/0] conn(0x7fd8c8077bd0 0x7fd8c80760e0 secure :-1 s=READY pgs=71 cs=0 l=1 rev1=1 crypto rx=0x7fd8c40098e0 tx=0x7fd8c4009250 comp rx=0 tx=0).ready entity=mon.0 client_cookie=496a00c7770ba212 server_cookie=0 in_seq=0 out_seq=0
2023-12-05T09:18:16.713 INFO:teuthology.orchestra.run.smithi067.stdout:/usr/bin/ceph: stderr
2023-12-05T09:18:15.932+0000 7fd8ccc71700 1 -- 172.21.15.67:0/2820640189 <== mon.0 v2:172.21.15.67:3300/0 1 ==== mon_map magic: 0 v1 ==== 229+0+0 (secure 0 0 0) 0x7fd8c400b860 con 0x7fd8c8077bd0
2023-12-05T09:18:16.713 INFO:teuthology.orchestra.run.smithi067.stdout:/usr/bin/ceph: stderr
2023-12-05T09:18:15.932+0000 7fd8ccc71700 1 -- 172.21.15.67:0/2820640189 <== mon.0 v2:172.21.15.67:3300/0 2 ==== config(26 keys) v1 ==== 1074+0+0 (secure 0 0 0) 0x7fd8c400be70 con 0x7fd8c8077bd0
2023-12-05T09:18:16.713 INFO:teuthology.orchestra.run.smithi067.stdout:/usr/bin/ceph: stderr
2023-12-05T09:18:15.932+0000 7fd8ccc71700 1 -- 172.21.15.67:0/2820640189 <== mon.0 v2:172.21.15.67:3300/0 3 ==== mon_map magic: 0 v1 ==== 229+0+0 (secure 0 0 0) 0x7fd8c4010380 con 0x7fd8c8077bd0
2023-12-05T09:18:16.713 INFO:teuthology.orchestra.run.smithi067.stdout:/usr/bin/ceph: stderr
2023-12-05T09:18:15.933+0000 7fd8cfed7700 1 -- 172.21.15.67:0/2820640189 >> [v2:172.21.15.67:3300/0,v1:172.21.15.67:6789/0] conn(0x7fd8c8077bd0 msgr2=0x7fd8c80760e0 secure :-1 s=STATE_CONNECTION_ESTABLISHED l=1).mark_down
2023-12-05T09:18:16.713 INFO:teuthology.orchestra.run.smithi067.stdout:/usr/bin/ceph: stderr
2023-12-05T09:18:15.933+0000 7fd8cfed7700 1 --2- 172.21.15.67:0/2820640189 >> [v2:172.21.15.67:3300/0,v1:172.21.15.67:6789/0] conn(0x7fd8c8077bd0 0x7fd8c80760e0 secure :-1 s=READY pgs=71 cs=0 l=1 rev1=1 crypto rx=0x7fd8c40098e0 tx=0x7fd8c4009250 comp rx=0 tx=0).stop
2023-12-05T09:18:16.713 INFO:teuthology.orchestra.run.smithi067.stdout:/usr/bin/ceph: stderr
2023-12-05T09:18:15.933+0000 7fd8cfed7700 1 -- 172.21.15.67:0/2820640189 shutdown_connections
2023-12-05T09:18:16.713 INFO:teuthology.orchestra.run.smithi067.stdout:/usr/bin/ceph: stderr
2023-12-05T09:18:15.933+0000 7fd8cfed7700 1 --2- 172.21.15.67:0/2820640189 >> [v2:172.21.15.67:3300/0,v1:172.21.15.67:6789/0] conn(0x7fd8c8077bd0 0x7fd8c80760e0 unknown :-1 s=CLOSED pgs=71 cs=0 l=1 rev1=1 crypto rx=0 tx=0 comp rx=0 tx=0).stop
2023-12-05T09:18:16.713 INFO:teuthology.orchestra.run.smithi067.stdout:/usr/bin/ceph: stderr
2023-12-05T09:18:15.933+0000 7fd8cfed7700 1 -- 172.21.15.67:0/2820640189 >> 172.21.15.67:0/2820640189 conn(0x7fd8c80fda50 msgr2=0x7fd8c80ffe60 unknown :-1 s=STATE_NONE l=0).mark_down
2023-12-05T09:18:16.713 INFO:teuthology.orchestra.run.smithi067.stdout:/usr/bin/ceph: stderr
2023-12-05T09:18:15.933+0000 7fd8cfed7700 1 -- 172.21.15.67:0/2820640189 shutdown_connections
2023-12-05T09:18:16.713 INFO:teuthology.orchestra.run.smithi067.stdout:/usr/bin/ceph: stderr
2023-12-05T09:18:15.933+0000 7fd8cfed7700 1 -- 172.21.15.67:0/2820640189 wait complete.
2023-12-05T09:18:16.713 INFO:teuthology.orchestra.run.smithi067.stdout:/usr/bin/ceph: stderr
2023-12-05T09:18:15.934+0000 7fd8cfed7700 1 Processor -- start
2023-12-05T09:18:16.713 INFO:teuthology.orchestra.run.smithi067.stdout:/usr/bin/ceph: stderr
2023-12-05T09:18:15.934+0000 7fd8cfed7700 1 -- start start
2023-12-05T09:18:16.713 INFO:teuthology.orchestra.run.smithi067.stdout:/usr/bin/ceph: stderr
2023-12-05T09:18:15.935+0000 7fd8cfed7700 1 --2- >> [v2:172.21.15.67:3300/0,v1:172.21.15.67:6789/0] conn(0x7fd8c8077bd0 0x7fd8c81133c0 unknown :-1 s=NONE pgs=0 cs=0 l=1 rev1=0 crypto rx=0 tx=0 comp rx=0 tx=0).connect
2023-12-05T09:18:16.713 INFO:teuthology.orchestra.run.smithi067.stdout:/usr/bin/ceph: stderr
2023-12-05T09:18:15.935+0000 7fd8cfed7700 1 -- --> [v2:172.21.15.67:3300/0,v1:172.21.15.67:6789/0] -- mon_getmap magic: 0 v1 -- 0x7fd8c8113900 con 0x7fd8c8077bd0
2023-12-05T09:18:16.714 INFO:teuthology.orchestra.run.smithi067.stdout:/usr/bin/ceph: stderr
2023-12-05T09:18:15.935+0000 7fd8cdc73700 1 --2- >> [v2:172.21.15.67:3300/0,v1:172.21.15.67:6789/0] conn(0x7fd8c8077bd0 0x7fd8c81133c0 unknown :-1 s=BANNER_CONNECTING pgs=0 cs=0 l=1 rev1=0 crypto rx=0 tx=0 comp rx=0 tx=0)._handle_peer_banner_payload supported=3 required=0
2023-12-05T09:18:16.714 INFO:teuthology.orchestra.run.smithi067.stdout:/usr/bin/ceph: stderr
2023-12-05T09:18:15.935+0000 7fd8cdc73700 1 --2- >> [v2:172.21.15.67:3300/0,v1:172.21.15.67:6789/0] conn(0x7fd8c8077bd0 0x7fd8c81133c0 unknown :-1 s=HELLO_CONNECTING pgs=0 cs=0 l=1 rev1=1 crypto rx=0 tx=0 comp rx=0 tx=0).handle_hello peer v2:172.21.15.67:3300/0 says I am v2:172.21.15.67:39986/0 (socket says 172.21.15.67:39986)
2023-12-05T09:18:16.714 INFO:teuthology.orchestra.run.smithi067.stdout:/usr/bin/ceph: stderr
2023-12-05T09:18:15.935+0000 7fd8cdc73700 1 -- 172.21.15.67:0/1108890049 learned_addr learned my addr 172.21.15.67:0/1108890049 (peer_addr_for_me v2:172.21.15.67:0/0)
2023-12-05T09:18:16.714 INFO:teuthology.orchestra.run.smithi067.stdout:/usr/bin/ceph: stderr
2023-12-05T09:18:15.935+0000 7fd8cdc73700 1 -- 172.21.15.67:0/1108890049 --> [v2:172.21.15.67:3300/0,v1:172.21.15.67:6789/0] -- mon_subscribe({config=0+,monmap=0+}) v3 -- 0x7fd8c40094f0 con 0x7fd8c8077bd0
2023-12-05T09:18:16.714 INFO:teuthology.orchestra.run.smithi067.stdout:/usr/bin/ceph: stderr
2023-12-05T09:18:15.936+0000 7fd8cdc73700 1 --2- 172.21.15.67:0/1108890049 >> [v2:172.21.15.67:3300/0,v1:172.21.15.67:6789/0] conn(0x7fd8c8077bd0 0x7fd8c81133c0 secure :-1 s=READY pgs=72 cs=0 l=1 rev1=1 crypto rx=0x7fd8c4006d40 tx=0x7fd8c4009250 comp rx=0 tx=0).ready entity=mon.0 client_cookie=0 server_cookie=0 in_seq=0 out_seq=0
2023-12-05T09:18:16.714 INFO:teuthology.orchestra.run.smithi067.stdout:/usr/bin/ceph: stderr
2023-12-05T09:18:15.936+0000 7fd8be7fc700 1 -- 172.21.15.67:0/1108890049 <== mon.0 v2:172.21.15.67:3300/0 1 ==== mon_map magic: 0 v1 ==== 229+0+0 (secure 0 0 0) 0x7fd8c4010960 con 0x7fd8c8077bd0
2023-12-05T09:18:16.714 INFO:teuthology.orchestra.run.smithi067.stdout:/usr/bin/ceph: stderr
2023-12-05T09:18:15.936+0000 7fd8be7fc700 1 -- 172.21.15.67:0/1108890049 <== mon.0 v2:172.21.15.67:3300/0 2 ==== config(26 keys) v1 ==== 1074+0+0 (secure 0 0 0) 0x7fd8c401a430 con 0x7fd8c8077bd0
2023-12-05T09:18:16.714 INFO:teuthology.orchestra.run.smithi067.stdout:/usr/bin/ceph: stderr
2023-12-05T09:18:15.936+0000 7fd8cfed7700 1 -- 172.21.15.67:0/1108890049 --> [v2:172.21.15.67:3300/0,v1:172.21.15.67:6789/0] -- mon_subscribe({mgrmap=0+}) v3 -- 0x7fd8c8113b00 con 0x7fd8c8077bd0
2023-12-05T09:18:16.714 INFO:teuthology.orchestra.run.smithi067.stdout:/usr/bin/ceph: stderr
2023-12-05T09:18:15.936+0000 7fd8be7fc700 1 -- 172.21.15.67:0/1108890049 <== mon.0 v2:172.21.15.67:3300/0 3 ==== mon_map magic: 0 v1 ==== 229+0+0 (secure 0 0 0) 0x7fd8c40245b0 con 0x7fd8c8077bd0
2023-12-05T09:18:16.715 INFO:teuthology.orchestra.run.smithi067.stdout:/usr/bin/ceph: stderr
2023-12-05T09:18:15.936+0000 7fd8cfed7700 1 -- 172.21.15.67:0/1108890049 --> [v2:172.21.15.67:3300/0,v1:172.21.15.67:6789/0] -- mon_subscribe({osdmap=0}) v3 -- 0x7fd8c8113f10 con 0x7fd8c8077bd0
2023-12-05T09:18:16.715 INFO:teuthology.orchestra.run.smithi067.stdout:/usr/bin/ceph: stderr
2023-12-05T09:18:15.937+0000 7fd8cfed7700 1 -- 172.21.15.67:0/1108890049 --> [v2:172.21.15.67:3300/0,v1:172.21.15.67:6789/0] -- mon_command({"prefix": "get_command_descriptions"} v 0) v1 -- 0x7fd8c804bb80 con 0x7fd8c8077bd0
2023-12-05T09:18:16.715 INFO:teuthology.orchestra.run.smithi067.stdout:/usr/bin/ceph: stderr
2023-12-05T09:18:15.937+0000 7fd8be7fc700 1 -- 172.21.15.67:0/1108890049 <== mon.0 v2:172.21.15.67:3300/0 4 ==== mgrmap(e 9) v1 ==== 43294+0+0 (secure 0 0 0) 0x7fd8c4010ac0 con 0x7fd8c8077bd0
2023-12-05T09:18:16.715 INFO:teuthology.orchestra.run.smithi067.stdout:/usr/bin/ceph: stderr
2023-12-05T09:18:15.938+0000 7fd8be7fc700 1 --2- 172.21.15.67:0/1108890049 >> [v2:172.21.15.67:6800/2543364948,v1:172.21.15.67:6801/2543364948] conn(0x7fd8b4036690 0x7fd8b4038b40 unknown :-1 s=NONE pgs=0 cs=0 l=1 rev1=0 crypto rx=0 tx=0 comp rx=0 tx=0).connect
2023-12-05T09:18:16.715 INFO:teuthology.orchestra.run.smithi067.stdout:/usr/bin/ceph: stderr
2023-12-05T09:18:15.938+0000 7fd8be7fc700 1 -- 172.21.15.67:0/1108890049 <== mon.0 v2:172.21.15.67:3300/0 5 ==== osd_map(2..2 src has 1..2) v4 ==== 936+0+0 (secure 0 0 0) 0x7fd8c404a100 con 0x7fd8c8077bd0
2023-12-05T09:18:16.716 INFO:teuthology.orchestra.run.smithi067.stdout:/usr/bin/ceph: stderr
2023-12-05T09:18:15.938+0000 7fd8cd472700 1 -- 172.21.15.67:0/1108890049 >> [v2:172.21.15.67:6800/2543364948,v1:172.21.15.67:6801/2543364948] conn(0x7fd8b4036690 msgr2=0x7fd8b4038b40 unknown :-1 s=STATE_CONNECTING_RE l=1).process reconnect failed to v2:172.21.15.67:6800/2543364948
2023-12-05T09:18:16.716 INFO:teuthology.orchestra.run.smithi067.stdout:/usr/bin/ceph: stderr
2023-12-05T09:18:15.938+0000 7fd8cd472700 1 --2- 172.21.15.67:0/1108890049 >> [v2:172.21.15.67:6800/2543364948,v1:172.21.15.67:6801/2543364948] conn(0x7fd8b4036690 0x7fd8b4038b40 unknown :-1 s=START_CONNECT pgs=0 cs=0 l=1 rev1=0 crypto rx=0 tx=0 comp rx=0 tx=0)._fault waiting 0.200000
2023-12-05T09:18:16.716 INFO:teuthology.orchestra.run.smithi067.stdout:/usr/bin/ceph: stderr
2023-12-05T09:18:15.944+0000 7fd8be7fc700 1 -- 172.21.15.67:0/1108890049 <== mon.0 v2:172.21.15.67:3300/0 6 ==== mon_command_ack([{"prefix": "get_command_descriptions"}]=0 v0) v1 ==== 72+0+174570 (secure 0 0 0) 0x7fd8c402b4d0 con 0x7fd8c8077bd0
2023-12-05T09:18:16.716 INFO:teuthology.orchestra.run.smithi067.stdout:/usr/bin/ceph: stderr
2023-12-05T09:18:16.139+0000 7fd8cd472700 1 -- 172.21.15.67:0/1108890049 >> [v2:172.21.15.67:6800/2543364948,v1:172.21.15.67:6801/2543364948] conn(0x7fd8b4036690 msgr2=0x7fd8b4038b40 unknown :-1 s=STATE_CONNECTING_RE l=1).process reconnect failed to v2:172.21.15.67:6800/2543364948
2023-12-05T09:18:16.716 INFO:teuthology.orchestra.run.smithi067.stdout:/usr/bin/ceph: stderr
2023-12-05T09:18:16.139+0000 7fd8cd472700 1 --2- 172.21.15.67:0/1108890049 >> [v2:172.21.15.67:6800/2543364948,v1:172.21.15.67:6801/2543364948] conn(0x7fd8b4036690 0x7fd8b4038b40 unknown :-1 s=START_CONNECT pgs=0 cs=0 l=1 rev1=0 crypto rx=0 tx=0 comp rx=0 tx=0)._fault waiting 0.400000
2023-12-05T09:18:16.716 INFO:teuthology.orchestra.run.smithi067.stdout:/usr/bin/ceph: stderr
2023-12-05T09:18:16.205+0000 7fd8cfed7700 1 -- 172.21.15.67:0/1108890049 --> [v2:172.21.15.67:3300/0,v1:172.21.15.67:6789/0] -- mon_command({"prefix": "mgr stat"} v 0) v1 -- 0x7fd8c80008d0 con 0x7fd8c8077bd0
2023-12-05T09:18:16.716 INFO:teuthology.orchestra.run.smithi067.stdout:/usr/bin/ceph: stderr
2023-12-05T09:18:16.206+0000 7fd8be7fc700 1 -- 172.21.15.67:0/1108890049 <== mon.0 v2:172.21.15.67:3300/0 7 ==== mon_command_ack([{"prefix": "mgr stat"}]=0 v9) v1 ==== 56+0+103 (secure 0 0 0) 0x7fd8c402b2f0 con 0x7fd8c8077bd0
2023-12-05T09:18:16.716 INFO:teuthology.orchestra.run.smithi067.stdout:/usr/bin/ceph: stderr
2023-12-05T09:18:16.208+0000 7fd8cfed7700 1 -- 172.21.15.67:0/1108890049 >> [v2:172.21.15.67:6800/2543364948,v1:172.21.15.67:6801/2543364948] conn(0x7fd8b4036690 msgr2=0x7fd8b4038b40 unknown :-1 s=STATE_CONNECTING l=1).mark_down
2023-12-05T09:18:16.716 INFO:teuthology.orchestra.run.smithi067.stdout:/usr/bin/ceph: stderr
2023-12-05T09:18:16.208+0000 7fd8cfed7700 1 --2- 172.21.15.67:0/1108890049 >> [v2:172.21.15.67:6800/2543364948,v1:172.21.15.67:6801/2543364948] conn(0x7fd8b4036690 0x7fd8b4038b40 unknown :-1 s=START_CONNECT pgs=0 cs=0 l=1 rev1=0 crypto rx=0 tx=0 comp rx=0 tx=0).stop
2023-12-05T09:18:16.716 INFO:teuthology.orchestra.run.smithi067.stdout:/usr/bin/ceph: stderr
2023-12-05T09:18:16.208+0000 7fd8cfed7700 1 -- 172.21.15.67:0/1108890049 >> [v2:172.21.15.67:3300/0,v1:172.21.15.67:6789/0] conn(0x7fd8c8077bd0 msgr2=0x7fd8c81133c0 secure :-1 s=STATE_CONNECTION_ESTABLISHED l=1).mark_down
2023-12-05T09:18:16.716 INFO:teuthology.orchestra.run.smithi067.stdout:/usr/bin/ceph: stderr
2023-12-05T09:18:16.208+0000 7fd8cfed7700 1 --2- 172.21.15.67:0/1108890049 >> [v2:172.21.15.67:3300/0,v1:172.21.15.67:6789/0] conn(0x7fd8c8077bd0 0x7fd8c81133c0 secure :-1 s=READY pgs=72 cs=0 l=1 rev1=1 crypto rx=0x7fd8c4006d40 tx=0x7fd8c4009250 comp rx=0 tx=0).stop
2023-12-05T09:18:16.716 INFO:teuthology.orchestra.run.smithi067.stdout:/usr/bin/ceph: stderr
2023-12-05T09:18:16.209+0000 7fd8cfed7700 1 -- 172.21.15.67:0/1108890049 shutdown_connections
2023-12-05T09:18:16.716 INFO:teuthology.orchestra.run.smithi067.stdout:/usr/bin/ceph: stderr
2023-12-05T09:18:16.209+0000 7fd8cfed7700 1 --2- 172.21.15.67:0/1108890049 >> [v2:172.21.15.67:6800/2543364948,v1:172.21.15.67:6801/2543364948] conn(0x7fd8b4036690 0x7fd8b4038b40 unknown :-1 s=CLOSED pgs=0 cs=0 l=1 rev1=0 crypto rx=0 tx=0 comp rx=0 tx=0).stop
2023-12-05T09:18:16.716 INFO:teuthology.orchestra.run.smithi067.stdout:/usr/bin/ceph: stderr
2023-12-05T09:18:16.209+0000 7fd8cfed7700 1 --2- 172.21.15.67:0/1108890049 >> [v2:172.21.15.67:3300/0,v1:172.21.15.67:6789/0] conn(0x7fd8c8077bd0 0x7fd8c81133c0 unknown :-1 s=CLOSED pgs=72 cs=0 l=1 rev1=1 crypto rx=0 tx=0 comp rx=0 tx=0).stop
2023-12-05T09:18:16.716 INFO:teuthology.orchestra.run.smithi067.stdout:/usr/bin/ceph: stderr
2023-12-05T09:18:16.209+0000 7fd8cfed7700 1 -- 172.21.15.67:0/1108890049 >> 172.21.15.67:0/1108890049 conn(0x7fd8c80fda50 msgr2=0x7fd8c80ff250 unknown :-1 s=STATE_NONE l=0).mark_down
2023-12-05T09:18:16.717 INFO:teuthology.orchestra.run.smithi067.stdout:/usr/bin/ceph: stderr
2023-12-05T09:18:16.209+0000 7fd8cfed7700 1 -- 172.21.15.67:0/1108890049 shutdown_connections
2023-12-05T09:18:16.717 INFO:teuthology.orchestra.run.smithi067.stdout:/usr/bin/ceph: stderr
2023-12-05T09:18:16.209+0000 7fd8cfed7700 1 -- 172.21.15.67:0/1108890049 wait complete.
2023-12-05T09:18:16.717 INFO:teuthology.orchestra.run.smithi067.stdout:Waiting for the mgr to restart...
2023-12-05T09:18:16.717 INFO:teuthology.orchestra.run.smithi067.stdout:Waiting for mgr epoch 9...
2023-12-05T09:18:17.593 INFO:journalctl@ceph.mon.smithi067.smithi067.stdout:Dec 05 09:18:17 smithi067 ceph-mon[107174]: from='client.? 172.21.15.67:0/1108890049' entity='client.admin' cmd=[{"prefix": "mgr stat"}]: dispatch
2023-12-05T09:18:24.034 INFO:journalctl@ceph.mon.smithi067.smithi067.stdout:Dec 05 09:18:23 smithi067 ceph-mon[107174]: Active manager daemon smithi067.alxtvv restarted
2023-12-05T09:18:24.035 INFO:journalctl@ceph.mon.smithi067.smithi067.stdout:Dec 05 09:18:23 smithi067 ceph-mon[107174]: Activating manager daemon smithi067.alxtvv
2023-12-05T09:18:24.035 INFO:journalctl@ceph.mon.smithi067.smithi067.stdout:Dec 05 09:18:23 smithi067 ceph-mon[107174]: osdmap e3: 0 total, 0 up, 0 in
2023-12-05T09:18:24.035 INFO:journalctl@ceph.mon.smithi067.smithi067.stdout:Dec 05 09:18:23 smithi067 ceph-mon[107174]: mgrmap e10: smithi067.alxtvv(active, starting, since 0.00365188s)
2023-12-05T09:18:24.035 INFO:journalctl@ceph.mon.smithi067.smithi067.stdout:Dec 05 09:18:23 smithi067 ceph-mon[107174]: from='mgr.14164 172.21.15.67:0/2174850947' entity='mgr.smithi067.alxtvv' cmd=[{"prefix": "mon metadata", "id": "smithi067"}]: dispatch
2023-12-05T09:18:24.035 INFO:journalctl@ceph.mon.smithi067.smithi067.stdout:Dec 05 09:18:23 smithi067 ceph-mon[107174]: from='mgr.14164 172.21.15.67:0/2174850947' entity='mgr.smithi067.alxtvv' cmd=[{"prefix": "mgr metadata", "who": "smithi067.alxtvv", "id": "smithi067.alxtvv"}]: dispatch
2023-12-05T09:18:24.035 INFO:journalctl@ceph.mon.smithi067.smithi067.stdout:Dec 05 09:18:23 smithi067 ceph-mon[107174]: from='mgr.14164 172.21.15.67:0/2174850947' entity='mgr.smithi067.alxtvv' cmd=[{"prefix": "mds metadata"}]: dispatch
2023-12-05T09:18:24.035 INFO:journalctl@ceph.mon.smithi067.smithi067.stdout:Dec 05 09:18:23 smithi067 ceph-mon[107174]: from='mgr.14164 172.21.15.67:0/2174850947' entity='mgr.smithi067.alxtvv' cmd=[{"prefix": "osd metadata"}]: dispatch
2023-12-05T09:18:24.035 INFO:journalctl@ceph.mon.smithi067.smithi067.stdout:Dec 05 09:18:23 smithi067 ceph-mon[107174]: from='mgr.14164 172.21.15.67:0/2174850947' entity='mgr.smithi067.alxtvv' cmd=[{"prefix": "mon metadata"}]: dispatch
2023-12-05T09:18:24.035 INFO:journalctl@ceph.mon.smithi067.smithi067.stdout:Dec 05 09:18:23 smithi067 ceph-mon[107174]: Manager daemon smithi067.alxtvv is now available
2023-12-05T09:18:24.035 INFO:journalctl@ceph.mon.smithi067.smithi067.stdout:Dec 05 09:18:23 smithi067 ceph-mon[107174]: from='mgr.14164 172.21.15.67:0/2174850947' entity='mgr.smithi067.alxtvv' cmd=[{"prefix": "config dump", "format": "json"}]: dispatch
2023-12-05T09:18:24.035 INFO:journalctl@ceph.mon.smithi067.smithi067.stdout:Dec 05 09:18:23 smithi067 ceph-mon[107174]: from='mgr.14164 172.21.15.67:0/2174850947' entity='mgr.smithi067.alxtvv' cmd=[{"prefix": "config dump", "format": "json"}]: dispatch
2023-12-05T09:18:25.268 INFO:journalctl@ceph.mon.smithi067.smithi067.stdout:Dec 05 09:18:24 smithi067 ceph-mon[107174]: from='mgr.14164 172.21.15.67:0/2174850947' entity='mgr.smithi067.alxtvv' cmd=[{"prefix":"config rm","who":"mgr","name":"mgr/rbd_support/smithi067.alxtvv/mirror_snapshot_schedule"}]: dispatch
2023-12-05T09:18:25.268 INFO:journalctl@ceph.mon.smithi067.smithi067.stdout:Dec 05 09:18:24 smithi067 ceph-mon[107174]: from='mgr.14164 172.21.15.67:0/2174850947' entity='mgr.smithi067.alxtvv' cmd=[{"prefix":"config rm","who":"mgr","name":"mgr/rbd_support/smithi067.alxtvv/trash_purge_schedule"}]: dispatch
2023-12-05T09:18:25.268 INFO:journalctl@ceph.mon.smithi067.smithi067.stdout:Dec 05 09:18:24 smithi067 ceph-mon[107174]: [05/Dec/2023:09:18:24] ENGINE Bus STARTING
2023-12-05T09:18:25.268 INFO:journalctl@ceph.mon.smithi067.smithi067.stdout:Dec 05 09:18:24 smithi067 ceph-mon[107174]: [05/Dec/2023:09:18:24] ENGINE Serving on https://172.21.15.67:7150
2023-12-05T09:18:25.268 INFO:journalctl@ceph.mon.smithi067.smithi067.stdout:Dec 05 09:18:24 smithi067 ceph-mon[107174]: [05/Dec/2023:09:18:24] ENGINE Bus STARTED
2023-12-05T09:18:25.268 INFO:journalctl@ceph.mon.smithi067.smithi067.stdout:Dec 05 09:18:24 smithi067 ceph-mon[107174]: from='mgr.14164 172.21.15.67:0/2174850947' entity='mgr.smithi067.alxtvv'
2023-12-05T09:18:25.268 INFO:journalctl@ceph.mon.smithi067.smithi067.stdout:Dec 05 09:18:24 smithi067 ceph-mon[107174]: mgrmap e11: smithi067.alxtvv(active, since 1.00774s)
2023-12-05T09:18:25.431 INFO:teuthology.orchestra.run.smithi067.stdout:/usr/bin/ceph: stdout {
2023-12-05T09:18:25.432 INFO:teuthology.orchestra.run.smithi067.stdout:/usr/bin/ceph: stdout "mgrmap_epoch": 11,
2023-12-05T09:18:25.432 INFO:teuthology.orchestra.run.smithi067.stdout:/usr/bin/ceph: stdout "initialized": true
2023-12-05T09:18:25.432 INFO:teuthology.orchestra.run.smithi067.stdout:/usr/bin/ceph: stdout }
2023-12-05T09:18:25.432 INFO:teuthology.orchestra.run.smithi067.stdout:/usr/bin/ceph: stderr
2023-12-05T09:18:17.088+0000 7f3a6faee700 1 Processor -- start
2023-12-05T09:18:25.432 INFO:teuthology.orchestra.run.smithi067.stdout:/usr/bin/ceph: stderr
2023-12-05T09:18:17.089+0000 7f3a6faee700 1 -- start start
2023-12-05T09:18:25.432 INFO:teuthology.orchestra.run.smithi067.stdout:/usr/bin/ceph: stderr
2023-12-05T09:18:17.089+0000 7f3a6faee700 1 --2- >> [v2:172.21.15.67:3300/0,v1:172.21.15.67:6789/0] conn(0x7f3a68077bd0 0x7f3a680760e0 unknown :-1 s=NONE pgs=0 cs=0 l=0 rev1=0 crypto rx=0 tx=0 comp rx=0 tx=0).connect
2023-12-05T09:18:25.432 INFO:teuthology.orchestra.run.smithi067.stdout:/usr/bin/ceph: stderr
2023-12-05T09:18:17.089+0000 7f3a6faee700 1 -- --> [v2:172.21.15.67:3300/0,v1:172.21.15.67:6789/0] -- mon_getmap magic: 0 v1 -- 0x7f3a68077fe0 con 0x7f3a68077bd0
2023-12-05T09:18:25.432 INFO:teuthology.orchestra.run.smithi067.stdout:/usr/bin/ceph: stderr
2023-12-05T09:18:17.089+0000 7f3a6d88a700 1 --2- >> [v2:172.21.15.67:3300/0,v1:172.21.15.67:6789/0] conn(0x7f3a68077bd0 0x7f3a680760e0 unknown :-1 s=BANNER_CONNECTING pgs=0 cs=0 l=0 rev1=0 crypto rx=0 tx=0 comp rx=0 tx=0)._handle_peer_banner_payload supported=3 required=0
2023-12-05T09:18:25.432 INFO:teuthology.orchestra.run.smithi067.stdout:/usr/bin/ceph: stderr
2023-12-05T09:18:17.089+0000 7f3a6d88a700 1 --2- >> [v2:172.21.15.67:3300/0,v1:172.21.15.67:6789/0] conn(0x7f3a68077bd0 0x7f3a680760e0 unknown :-1 s=HELLO_CONNECTING pgs=0 cs=0 l=0 rev1=1 crypto rx=0 tx=0 comp rx=0 tx=0).handle_hello peer v2:172.21.15.67:3300/0 says I am v2:172.21.15.67:40000/0 (socket says 172.21.15.67:40000)
2023-12-05T09:18:25.432 INFO:teuthology.orchestra.run.smithi067.stdout:/usr/bin/ceph: stderr
2023-12-05T09:18:17.089+0000 7f3a6d88a700 1 -- 172.21.15.67:0/3120097374 learned_addr learned my addr 172.21.15.67:0/3120097374 (peer_addr_for_me v2:172.21.15.67:0/0)
2023-12-05T09:18:25.433 INFO:teuthology.orchestra.run.smithi067.stdout:/usr/bin/ceph: stderr
2023-12-05T09:18:17.090+0000 7f3a6d88a700 1 -- 172.21.15.67:0/3120097374 --> [v2:172.21.15.67:3300/0,v1:172.21.15.67:6789/0] -- mon_subscribe({config=0+,monmap=0+}) v3 -- 0x7f3a68076620 con 0x7f3a68077bd0
2023-12-05T09:18:25.433 INFO:teuthology.orchestra.run.smithi067.stdout:/usr/bin/ceph: stderr
2023-12-05T09:18:17.090+0000 7f3a6d88a700 1 --2- 172.21.15.67:0/3120097374 >> [v2:172.21.15.67:3300/0,v1:172.21.15.67:6789/0] conn(0x7f3a68077bd0 0x7f3a680760e0 secure :-1 s=READY pgs=73 cs=0 l=1 rev1=1 crypto rx=0x7f3a640098e0 tx=0x7f3a64009250 comp rx=0 tx=0).ready entity=mon.0 client_cookie=8e8b957aa1d942ab server_cookie=0 in_seq=0 out_seq=0
2023-12-05T09:18:25.433 INFO:teuthology.orchestra.run.smithi067.stdout:/usr/bin/ceph: stderr
2023-12-05T09:18:17.090+0000 7f3a6c888700 1 -- 172.21.15.67:0/3120097374 <== mon.0 v2:172.21.15.67:3300/0 1 ==== mon_map magic: 0 v1 ==== 229+0+0 (secure 0 0 0) 0x7f3a6400b860 con 0x7f3a68077bd0
2023-12-05T09:18:25.433 INFO:teuthology.orchestra.run.smithi067.stdout:/usr/bin/ceph: stderr
2023-12-05T09:18:17.090+0000 7f3a6c888700 1 -- 172.21.15.67:0/3120097374 <== mon.0 v2:172.21.15.67:3300/0 2 ==== config(26 keys) v1 ==== 1074+0+0 (secure 0 0 0) 0x7f3a6400be70 con 0x7f3a68077bd0
2023-12-05T09:18:25.433 INFO:teuthology.orchestra.run.smithi067.stdout:/usr/bin/ceph: stderr
2023-12-05T09:18:17.090+0000 7f3a6c888700 1 -- 172.21.15.67:0/3120097374 <== mon.0 v2:172.21.15.67:3300/0 3 ==== mon_map magic: 0 v1 ==== 229+0+0 (secure 0 0 0) 0x7f3a64010380 con 0x7f3a68077bd0
2023-12-05T09:18:25.433 INFO:teuthology.orchestra.run.smithi067.stdout:/usr/bin/ceph: stderr
2023-12-05T09:18:17.091+0000 7f3a6faee700 1 -- 172.21.15.67:0/3120097374 >> [v2:172.21.15.67:3300/0,v1:172.21.15.67:6789/0] conn(0x7f3a68077bd0 msgr2=0x7f3a680760e0 secure :-1 s=STATE_CONNECTION_ESTABLISHED l=1).mark_down
2023-12-05T09:18:25.433 INFO:teuthology.orchestra.run.smithi067.stdout:/usr/bin/ceph: stderr
