2023-12-05T09:17:59.101+0000 7fbbaa59c700 1 --2- >> [v2:172.21.15.67:3300/0,v1:172.21.15.67:6789/0] conn(0x7fbbac077b90 0x7fbbac113380 unknown :-1 s=BANNER_CONNECTING pgs=0 cs=0 l=1 rev1=0 crypto rx=0 tx=0 comp rx=0 tx=0)._handle_peer_banner_payload supported=3 required=0
2023-12-05T09:17:59.688 INFO:teuthology.orchestra.run.smithi067.stdout:/usr/bin/ceph: stderr
2023-12-05T09:17:59.101+0000 7fbbaa59c700 1 --2- >> [v2:172.21.15.67:3300/0,v1:172.21.15.67:6789/0] conn(0x7fbbac077b90 0x7fbbac113380 unknown :-1 s=HELLO_CONNECTING pgs=0 cs=0 l=1 rev1=1 crypto rx=0 tx=0 comp rx=0 tx=0).handle_hello peer v2:172.21.15.67:3300/0 says I am v2:172.21.15.67:45224/0 (socket says 172.21.15.67:45224)
2023-12-05T09:17:59.688 INFO:teuthology.orchestra.run.smithi067.stdout:/usr/bin/ceph: stderr
2023-12-05T09:17:59.101+0000 7fbbaa59c700 1 -- 172.21.15.67:0/1922800140 learned_addr learned my addr 172.21.15.67:0/1922800140 (peer_addr_for_me v2:172.21.15.67:0/0)
2023-12-05T09:17:59.688 INFO:teuthology.orchestra.run.smithi067.stdout:/usr/bin/ceph: stderr
2023-12-05T09:17:59.101+0000 7fbbaa59c700 1 -- 172.21.15.67:0/1922800140 --> [v2:172.21.15.67:3300/0,v1:172.21.15.67:6789/0] -- mon_subscribe({config=0+,monmap=0+}) v3 -- 0x7fbb9c0094f0 con 0x7fbbac077b90
2023-12-05T09:17:59.688 INFO:teuthology.orchestra.run.smithi067.stdout:/usr/bin/ceph: stderr
2023-12-05T09:17:59.101+0000 7fbbaa59c700 1 --2- 172.21.15.67:0/1922800140 >> [v2:172.21.15.67:3300/0,v1:172.21.15.67:6789/0] conn(0x7fbbac077b90 0x7fbbac113380 secure :-1 s=READY pgs=42 cs=0 l=1 rev1=1 crypto rx=0x7fbb9c006b00 tx=0x7fbb9c009250 comp rx=0 tx=0).ready entity=mon.0 client_cookie=0 server_cookie=0 in_seq=0 out_seq=0
2023-12-05T09:17:59.688 INFO:teuthology.orchestra.run.smithi067.stdout:/usr/bin/ceph: stderr
2023-12-05T09:17:59.102+0000 7fbb9affd700 1 -- 172.21.15.67:0/1922800140 <== mon.0 v2:172.21.15.67:3300/0 1 ==== mon_map magic: 0 v1 ==== 229+0+0 (secure 0 0 0) 0x7fbb9c010a80 con 0x7fbbac077b90
2023-12-05T09:17:59.689 INFO:teuthology.orchestra.run.smithi067.stdout:/usr/bin/ceph: stderr
2023-12-05T09:17:59.102+0000 7fbb9affd700 1 -- 172.21.15.67:0/1922800140 <== mon.0 v2:172.21.15.67:3300/0 2 ==== config(26 keys) v1 ==== 1009+0+0 (secure 0 0 0) 0x7fbb9c01a430 con 0x7fbbac077b90
2023-12-05T09:17:59.689 INFO:teuthology.orchestra.run.smithi067.stdout:/usr/bin/ceph: stderr
2023-12-05T09:17:59.102+0000 7fbb9affd700 1 -- 172.21.15.67:0/1922800140 <== mon.0 v2:172.21.15.67:3300/0 3 ==== mon_map magic: 0 v1 ==== 229+0+0 (secure 0 0 0) 0x7fbb9c0245b0 con 0x7fbbac077b90
2023-12-05T09:17:59.689 INFO:teuthology.orchestra.run.smithi067.stdout:/usr/bin/ceph: stderr
2023-12-05T09:17:59.102+0000 7fbbb0eb1700 1 -- 172.21.15.67:0/1922800140 --> [v2:172.21.15.67:3300/0,v1:172.21.15.67:6789/0] -- mon_subscribe({mgrmap=0+}) v3 -- 0x7fbbac113ac0 con 0x7fbbac077b90
2023-12-05T09:17:59.689 INFO:teuthology.orchestra.run.smithi067.stdout:/usr/bin/ceph: stderr
2023-12-05T09:17:59.102+0000 7fbbb0eb1700 1 -- 172.21.15.67:0/1922800140 --> [v2:172.21.15.67:3300/0,v1:172.21.15.67:6789/0] -- mon_subscribe({osdmap=0}) v3 -- 0x7fbbac113ed0 con 0x7fbbac077b90
2023-12-05T09:17:59.689 INFO:teuthology.orchestra.run.smithi067.stdout:/usr/bin/ceph: stderr
2023-12-05T09:17:59.103+0000 7fbbb0eb1700 1 -- 172.21.15.67:0/1922800140 --> [v2:172.21.15.67:3300/0,v1:172.21.15.67:6789/0] -- mon_command({"prefix": "get_command_descriptions"} v 0) v1 -- 0x7fbbac04bb80 con 0x7fbbac077b90
2023-12-05T09:17:59.689 INFO:teuthology.orchestra.run.smithi067.stdout:/usr/bin/ceph: stderr
2023-12-05T09:17:59.103+0000 7fbb9affd700 1 -- 172.21.15.67:0/1922800140 <== mon.0 v2:172.21.15.67:3300/0 4 ==== mgrmap(e 7) v1 ==== 43175+0+0 (secure 0 0 0) 0x7fbb9c010be0 con 0x7fbbac077b90
2023-12-05T09:17:59.689 INFO:teuthology.orchestra.run.smithi067.stdout:/usr/bin/ceph: stderr
2023-12-05T09:17:59.104+0000 7fbb9affd700 1 --2- 172.21.15.67:0/1922800140 >> [v2:172.21.15.67:6800/2543364948,v1:172.21.15.67:6801/2543364948] conn(0x7fbb94036510 0x7fbb940389c0 unknown :-1 s=NONE pgs=0 cs=0 l=1 rev1=0 crypto rx=0 tx=0 comp rx=0 tx=0).connect
2023-12-05T09:17:59.689 INFO:teuthology.orchestra.run.smithi067.stdout:/usr/bin/ceph: stderr
2023-12-05T09:17:59.104+0000 7fbb9affd700 1 -- 172.21.15.67:0/1922800140 <== mon.0 v2:172.21.15.67:3300/0 5 ==== osd_map(2..2 src has 1..2) v4 ==== 936+0+0 (secure 0 0 0) 0x7fbb9c04a960 con 0x7fbbac077b90
2023-12-05T09:17:59.689 INFO:teuthology.orchestra.run.smithi067.stdout:/usr/bin/ceph: stderr
2023-12-05T09:17:59.104+0000 7fbba9d9b700 1 --2- 172.21.15.67:0/1922800140 >> [v2:172.21.15.67:6800/2543364948,v1:172.21.15.67:6801/2543364948] conn(0x7fbb94036510 0x7fbb940389c0 unknown :-1 s=BANNER_CONNECTING pgs=0 cs=0 l=1 rev1=0 crypto rx=0 tx=0 comp rx=0 tx=0)._handle_peer_banner_payload supported=3 required=0
2023-12-05T09:17:59.689 INFO:teuthology.orchestra.run.smithi067.stdout:/usr/bin/ceph: stderr
2023-12-05T09:17:59.105+0000 7fbba9d9b700 1 --2- 172.21.15.67:0/1922800140 >> [v2:172.21.15.67:6800/2543364948,v1:172.21.15.67:6801/2543364948] conn(0x7fbb94036510 0x7fbb940389c0 secure :-1 s=READY pgs=8 cs=0 l=1 rev1=1 crypto rx=0x7fbba0009990 tx=0x7fbba0006e40 comp rx=0 tx=0).ready entity=mgr.14122 client_cookie=0 server_cookie=0 in_seq=0 out_seq=0
2023-12-05T09:17:59.689 INFO:teuthology.orchestra.run.smithi067.stdout:/usr/bin/ceph: stderr
2023-12-05T09:17:59.108+0000 7fbb9affd700 1 -- 172.21.15.67:0/1922800140 <== mon.0 v2:172.21.15.67:3300/0 6 ==== mon_command_ack([{"prefix": "get_command_descriptions"}]=0 v0) v1 ==== 72+0+174570 (secure 0 0 0) 0x7fbb9c01a5a0 con 0x7fbbac077b90
2023-12-05T09:17:59.689 INFO:teuthology.orchestra.run.smithi067.stdout:/usr/bin/ceph: stderr
2023-12-05T09:17:59.311+0000 7fbbb0eb1700 1 -- 172.21.15.67:0/1922800140 --> [v2:172.21.15.67:6800/2543364948,v1:172.21.15.67:6801/2543364948] -- mgr_command(tid 0: {"prefix": "cephadm set-user", "user": "root", "target": ["mon-mgr", ""]}) v1 -- 0x7fbbac0008d0 con 0x7fbb94036510
2023-12-05T09:17:59.689 INFO:teuthology.orchestra.run.smithi067.stdout:/usr/bin/ceph: stderr
2023-12-05T09:17:59.311+0000 7fbb9affd700 1 -- 172.21.15.67:0/1922800140 <== mgr.14122 v2:172.21.15.67:6800/2543364948 1 ==== mgr_command_reply(tid 0: 0 ) v1 ==== 8+0+16 (secure 0 0 0) 0x7fbbac0008d0 con 0x7fbb94036510
2023-12-05T09:17:59.689 INFO:teuthology.orchestra.run.smithi067.stdout:/usr/bin/ceph: stderr
2023-12-05T09:17:59.314+0000 7fbbb0eb1700 1 -- 172.21.15.67:0/1922800140 >> [v2:172.21.15.67:6800/2543364948,v1:172.21.15.67:6801/2543364948] conn(0x7fbb94036510 msgr2=0x7fbb940389c0 secure :-1 s=STATE_CONNECTION_ESTABLISHED l=1).mark_down
2023-12-05T09:17:59.690 INFO:teuthology.orchestra.run.smithi067.stdout:/usr/bin/ceph: stderr
2023-12-05T09:17:59.314+0000 7fbbb0eb1700 1 --2- 172.21.15.67:0/1922800140 >> [v2:172.21.15.67:6800/2543364948,v1:172.21.15.67:6801/2543364948] conn(0x7fbb94036510 0x7fbb940389c0 secure :-1 s=READY pgs=8 cs=0 l=1 rev1=1 crypto rx=0x7fbba0009990 tx=0x7fbba0006e40 comp rx=0 tx=0).stop
2023-12-05T09:17:59.690 INFO:teuthology.orchestra.run.smithi067.stdout:/usr/bin/ceph: stderr
2023-12-05T09:17:59.314+0000 7fbbb0eb1700 1 -- 172.21.15.67:0/1922800140 >> [v2:172.21.15.67:3300/0,v1:172.21.15.67:6789/0] conn(0x7fbbac077b90 msgr2=0x7fbbac113380 secure :-1 s=STATE_CONNECTION_ESTABLISHED l=1).mark_down
2023-12-05T09:17:59.690 INFO:teuthology.orchestra.run.smithi067.stdout:/usr/bin/ceph: stderr
2023-12-05T09:17:59.314+0000 7fbbb0eb1700 1 --2- 172.21.15.67:0/1922800140 >> [v2:172.21.15.67:3300/0,v1:172.21.15.67:6789/0] conn(0x7fbbac077b90 0x7fbbac113380 secure :-1 s=READY pgs=42 cs=0 l=1 rev1=1 crypto rx=0x7fbb9c006b00 tx=0x7fbb9c009250 comp rx=0 tx=0).stop
2023-12-05T09:17:59.690 INFO:teuthology.orchestra.run.smithi067.stdout:/usr/bin/ceph: stderr
2023-12-05T09:17:59.314+0000 7fbbb0eb1700 1 -- 172.21.15.67:0/1922800140 shutdown_connections
2023-12-05T09:17:59.690 INFO:teuthology.orchestra.run.smithi067.stdout:/usr/bin/ceph: stderr
2023-12-05T09:17:59.314+0000 7fbbb0eb1700 1 --2- 172.21.15.67:0/1922800140 >> [v2:172.21.15.67:6800/2543364948,v1:172.21.15.67:6801/2543364948] conn(0x7fbb94036510 0x7fbb940389c0 unknown :-1 s=CLOSED pgs=8 cs=0 l=1 rev1=1 crypto rx=0 tx=0 comp rx=0 tx=0).stop
2023-12-05T09:17:59.690 INFO:teuthology.orchestra.run.smithi067.stdout:/usr/bin/ceph: stderr
2023-12-05T09:17:59.314+0000 7fbbb0eb1700 1 --2- 172.21.15.67:0/1922800140 >> [v2:172.21.15.67:3300/0,v1:172.21.15.67:6789/0] conn(0x7fbbac077b90 0x7fbbac113380 unknown :-1 s=CLOSED pgs=42 cs=0 l=1 rev1=1 crypto rx=0 tx=0 comp rx=0 tx=0).stop
2023-12-05T09:17:59.690 INFO:teuthology.orchestra.run.smithi067.stdout:/usr/bin/ceph: stderr
2023-12-05T09:17:59.314+0000 7fbbb0eb1700 1 -- 172.21.15.67:0/1922800140 >> 172.21.15.67:0/1922800140 conn(0x7fbbac0fda50 msgr2=0x7fbbac0ffe50 unknown :-1 s=STATE_NONE l=0).mark_down
2023-12-05T09:17:59.690 INFO:teuthology.orchestra.run.smithi067.stdout:/usr/bin/ceph: stderr
2023-12-05T09:17:59.314+0000 7fbbb0eb1700 1 -- 172.21.15.67:0/1922800140 shutdown_connections
2023-12-05T09:17:59.690 INFO:teuthology.orchestra.run.smithi067.stdout:/usr/bin/ceph: stderr
2023-12-05T09:17:59.314+0000 7fbbb0eb1700 1 -- 172.21.15.67:0/1922800140 wait complete.
2023-12-05T09:17:59.690 INFO:teuthology.orchestra.run.smithi067.stdout:Generating ssh key...
2023-12-05T09:18:00.122 INFO:journalctl@ceph.mon.smithi067.smithi067.stdout:Dec 05 09:17:59 smithi067 ceph-mon[107174]: from='client.14134 -' entity='client.admin' cmd=[{"prefix": "orch set backend", "module_name": "cephadm", "target": ["mon-mgr", ""]}]: dispatch
2023-12-05T09:18:00.122 INFO:journalctl@ceph.mon.smithi067.smithi067.stdout:Dec 05 09:17:59 smithi067 ceph-mon[107174]: mgrmap e8: smithi067.alxtvv(active, since 2s)
2023-12-05T09:18:00.863 INFO:teuthology.orchestra.run.smithi067.stdout:/usr/bin/ceph: stderr
2023-12-05T09:18:00.113+0000 7f8474bdc700 1 Processor -- start
2023-12-05T09:18:00.863 INFO:teuthology.orchestra.run.smithi067.stdout:/usr/bin/ceph: stderr
2023-12-05T09:18:00.114+0000 7f8474bdc700 1 -- start start
2023-12-05T09:18:00.863 INFO:teuthology.orchestra.run.smithi067.stdout:/usr/bin/ceph: stderr
2023-12-05T09:18:00.114+0000 7f8474bdc700 1 --2- >> [v2:172.21.15.67:3300/0,v1:172.21.15.67:6789/0] conn(0x7f8470070f80 0x7f8470107320 unknown :-1 s=NONE pgs=0 cs=0 l=0 rev1=0 crypto rx=0 tx=0 comp rx=0 tx=0).connect
2023-12-05T09:18:00.863 INFO:teuthology.orchestra.run.smithi067.stdout:/usr/bin/ceph: stderr
2023-12-05T09:18:00.114+0000 7f8474bdc700 1 -- --> [v2:172.21.15.67:3300/0,v1:172.21.15.67:6789/0] -- mon_getmap magic: 0 v1 -- 0x7f8470102d10 con 0x7f8470070f80
2023-12-05T09:18:00.863 INFO:teuthology.orchestra.run.smithi067.stdout:/usr/bin/ceph: stderr
2023-12-05T09:18:00.114+0000 7f846e59c700 1 --2- >> [v2:172.21.15.67:3300/0,v1:172.21.15.67:6789/0] conn(0x7f8470070f80 0x7f8470107320 unknown :-1 s=BANNER_CONNECTING pgs=0 cs=0 l=0 rev1=0 crypto rx=0 tx=0 comp rx=0 tx=0)._handle_peer_banner_payload supported=3 required=0
2023-12-05T09:18:00.863 INFO:teuthology.orchestra.run.smithi067.stdout:/usr/bin/ceph: stderr
2023-12-05T09:18:00.114+0000 7f846e59c700 1 --2- >> [v2:172.21.15.67:3300/0,v1:172.21.15.67:6789/0] conn(0x7f8470070f80 0x7f8470107320 unknown :-1 s=HELLO_CONNECTING pgs=0 cs=0 l=0 rev1=1 crypto rx=0 tx=0 comp rx=0 tx=0).handle_hello peer v2:172.21.15.67:3300/0 says I am v2:172.21.15.67:45234/0 (socket says 172.21.15.67:45234)
2023-12-05T09:18:00.863 INFO:teuthology.orchestra.run.smithi067.stdout:/usr/bin/ceph: stderr
2023-12-05T09:18:00.114+0000 7f846e59c700 1 -- 172.21.15.67:0/1855634084 learned_addr learned my addr 172.21.15.67:0/1855634084 (peer_addr_for_me v2:172.21.15.67:0/0)
2023-12-05T09:18:00.863 INFO:teuthology.orchestra.run.smithi067.stdout:/usr/bin/ceph: stderr
2023-12-05T09:18:00.115+0000 7f846e59c700 1 -- 172.21.15.67:0/1855634084 --> [v2:172.21.15.67:3300/0,v1:172.21.15.67:6789/0] -- mon_subscribe({config=0+,monmap=0+}) v3 -- 0x7f8470107860 con 0x7f8470070f80
2023-12-05T09:18:00.863 INFO:teuthology.orchestra.run.smithi067.stdout:/usr/bin/ceph: stderr
2023-12-05T09:18:00.115+0000 7f846e59c700 1 --2- 172.21.15.67:0/1855634084 >> [v2:172.21.15.67:3300/0,v1:172.21.15.67:6789/0] conn(0x7f8470070f80 0x7f8470107320 secure :-1 s=READY pgs=43 cs=0 l=1 rev1=1 crypto rx=0x7f84600098e0 tx=0x7f8460009250 comp rx=0 tx=0).ready entity=mon.0 client_cookie=3d198284372a49c6 server_cookie=0 in_seq=0 out_seq=0
2023-12-05T09:18:00.863 INFO:teuthology.orchestra.run.smithi067.stdout:/usr/bin/ceph: stderr
2023-12-05T09:18:00.115+0000 7f846d59a700 1 -- 172.21.15.67:0/1855634084 <== mon.0 v2:172.21.15.67:3300/0 1 ==== mon_map magic: 0 v1 ==== 229+0+0 (secure 0 0 0) 0x7f846000b860 con 0x7f8470070f80
2023-12-05T09:18:00.863 INFO:teuthology.orchestra.run.smithi067.stdout:/usr/bin/ceph: stderr
2023-12-05T09:18:00.115+0000 7f846d59a700 1 -- 172.21.15.67:0/1855634084 <== mon.0 v2:172.21.15.67:3300/0 2 ==== config(26 keys) v1 ==== 1009+0+0 (secure 0 0 0) 0x7f846000be30 con 0x7f8470070f80
2023-12-05T09:18:00.863 INFO:teuthology.orchestra.run.smithi067.stdout:/usr/bin/ceph: stderr
2023-12-05T09:18:00.115+0000 7f846d59a700 1 -- 172.21.15.67:0/1855634084 <== mon.0 v2:172.21.15.67:3300/0 3 ==== mon_map magic: 0 v1 ==== 229+0+0 (secure 0 0 0) 0x7f8460010380 con 0x7f8470070f80
2023-12-05T09:18:00.864 INFO:teuthology.orchestra.run.smithi067.stdout:/usr/bin/ceph: stderr
2023-12-05T09:18:00.116+0000 7f8474bdc700 1 -- 172.21.15.67:0/1855634084 >> [v2:172.21.15.67:3300/0,v1:172.21.15.67:6789/0] conn(0x7f8470070f80 msgr2=0x7f8470107320 secure :-1 s=STATE_CONNECTION_ESTABLISHED l=1).mark_down
2023-12-05T09:18:00.864 INFO:teuthology.orchestra.run.smithi067.stdout:/usr/bin/ceph: stderr
2023-12-05T09:18:00.116+0000 7f8474bdc700 1 --2- 172.21.15.67:0/1855634084 >> [v2:172.21.15.67:3300/0,v1:172.21.15.67:6789/0] conn(0x7f8470070f80 0x7f8470107320 secure :-1 s=READY pgs=43 cs=0 l=1 rev1=1 crypto rx=0x7f84600098e0 tx=0x7f8460009250 comp rx=0 tx=0).stop
2023-12-05T09:18:00.864 INFO:journalctl@ceph.mon.smithi067.smithi067.stdout:Dec 05 09:18:00 smithi067 ceph-mon[107174]: from='client.14136 -' entity='client.admin' cmd=[{"prefix": "cephadm set-user", "user": "root", "target": ["mon-mgr", ""]}]: dispatch
2023-12-05T09:18:00.864 INFO:journalctl@ceph.mon.smithi067.smithi067.stdout:Dec 05 09:18:00 smithi067 ceph-mon[107174]: from='mgr.14122 172.21.15.67:0/2556597652' entity='mgr.smithi067.alxtvv'
2023-12-05T09:18:00.864 INFO:journalctl@ceph.mon.smithi067.smithi067.stdout:Dec 05 09:18:00 smithi067 ceph-mon[107174]: from='mgr.14122 172.21.15.67:0/2556597652' entity='mgr.smithi067.alxtvv' cmd=[{"prefix": "config dump", "format": "json"}]: dispatch
2023-12-05T09:18:00.864 INFO:journalctl@ceph.mon.smithi067.smithi067.stdout:Dec 05 09:18:00 smithi067 ceph-mon[107174]: from='mgr.14122 172.21.15.67:0/2556597652' entity='mgr.smithi067.alxtvv'
2023-12-05T09:18:00.864 INFO:journalctl@ceph.mon.smithi067.smithi067.stdout:Dec 05 09:18:00 smithi067 ceph-mon[107174]: from='mgr.14122 172.21.15.67:0/2556597652' entity='mgr.smithi067.alxtvv'
2023-12-05T09:18:00.868 INFO:teuthology.orchestra.run.smithi067.stdout:/usr/bin/ceph: stderr
2023-12-05T09:18:00.116+0000 7f8474bdc700 1 -- 172.21.15.67:0/1855634084 shutdown_connections
2023-12-05T09:18:00.868 INFO:teuthology.orchestra.run.smithi067.stdout:/usr/bin/ceph: stderr
2023-12-05T09:18:00.116+0000 7f8474bdc700 1 --2- 172.21.15.67:0/1855634084 >> [v2:172.21.15.67:3300/0,v1:172.21.15.67:6789/0] conn(0x7f8470070f80 0x7f8470107320 unknown :-1 s=CLOSED pgs=43 cs=0 l=1 rev1=1 crypto rx=0 tx=0 comp rx=0 tx=0).stop
2023-12-05T09:18:00.868 INFO:teuthology.orchestra.run.smithi067.stdout:/usr/bin/ceph: stderr
2023-12-05T09:18:00.116+0000 7f8474bdc700 1 -- 172.21.15.67:0/1855634084 >> 172.21.15.67:0/1855634084 conn(0x7f84700fc970 msgr2=0x7f84700fed80 unknown :-1 s=STATE_NONE l=0).mark_down
2023-12-05T09:18:00.868 INFO:teuthology.orchestra.run.smithi067.stdout:/usr/bin/ceph: stderr
2023-12-05T09:18:00.116+0000 7f8474bdc700 1 -- 172.21.15.67:0/1855634084 shutdown_connections
2023-12-05T09:18:00.868 INFO:teuthology.orchestra.run.smithi067.stdout:/usr/bin/ceph: stderr
2023-12-05T09:18:00.116+0000 7f8474bdc700 1 -- 172.21.15.67:0/1855634084 wait complete.
2023-12-05T09:18:00.868 INFO:teuthology.orchestra.run.smithi067.stdout:/usr/bin/ceph: stderr
2023-12-05T09:18:00.117+0000 7f8474bdc700 1 Processor -- start
2023-12-05T09:18:00.868 INFO:teuthology.orchestra.run.smithi067.stdout:/usr/bin/ceph: stderr
2023-12-05T09:18:00.117+0000 7f8474bdc700 1 -- start start
2023-12-05T09:18:00.868 INFO:teuthology.orchestra.run.smithi067.stdout:/usr/bin/ceph: stderr
2023-12-05T09:18:00.117+0000 7f8474bdc700 1 --2- >> [v2:172.21.15.67:3300/0,v1:172.21.15.67:6789/0] conn(0x7f8470070f80 0x7f8470113380 unknown :-1 s=NONE pgs=0 cs=0 l=1 rev1=0 crypto rx=0 tx=0 comp rx=0 tx=0).connect
2023-12-05T09:18:00.868 INFO:teuthology.orchestra.run.smithi067.stdout:/usr/bin/ceph: stderr
2023-12-05T09:18:00.117+0000 7f8474bdc700 1 -- --> [v2:172.21.15.67:3300/0,v1:172.21.15.67:6789/0] -- mon_getmap magic: 0 v1 -- 0x7f84701138c0 con 0x7f8470070f80
2023-12-05T09:18:00.868 INFO:teuthology.orchestra.run.smithi067.stdout:/usr/bin/ceph: stderr
2023-12-05T09:18:00.117+0000 7f846e59c700 1 --2- >> [v2:172.21.15.67:3300/0,v1:172.21.15.67:6789/0] conn(0x7f8470070f80 0x7f8470113380 unknown :-1 s=BANNER_CONNECTING pgs=0 cs=0 l=1 rev1=0 crypto rx=0 tx=0 comp rx=0 tx=0)._handle_peer_banner_payload supported=3 required=0
2023-12-05T09:18:00.868 INFO:teuthology.orchestra.run.smithi067.stdout:/usr/bin/ceph: stderr
2023-12-05T09:18:00.118+0000 7f846e59c700 1 --2- >> [v2:172.21.15.67:3300/0,v1:172.21.15.67:6789/0] conn(0x7f8470070f80 0x7f8470113380 unknown :-1 s=HELLO_CONNECTING pgs=0 cs=0 l=1 rev1=1 crypto rx=0 tx=0 comp rx=0 tx=0).handle_hello peer v2:172.21.15.67:3300/0 says I am v2:172.21.15.67:45250/0 (socket says 172.21.15.67:45250)
2023-12-05T09:18:00.868 INFO:teuthology.orchestra.run.smithi067.stdout:/usr/bin/ceph: stderr
2023-12-05T09:18:00.118+0000 7f846e59c700 1 -- 172.21.15.67:0/2397574135 learned_addr learned my addr 172.21.15.67:0/2397574135 (peer_addr_for_me v2:172.21.15.67:0/0)
2023-12-05T09:18:00.868 INFO:teuthology.orchestra.run.smithi067.stdout:/usr/bin/ceph: stderr
2023-12-05T09:18:00.118+0000 7f846e59c700 1 -- 172.21.15.67:0/2397574135 --> [v2:172.21.15.67:3300/0,v1:172.21.15.67:6789/0] -- mon_subscribe({config=0+,monmap=0+}) v3 -- 0x7f84600094f0 con 0x7f8470070f80
2023-12-05T09:18:00.869 INFO:teuthology.orchestra.run.smithi067.stdout:/usr/bin/ceph: stderr
2023-12-05T09:18:00.118+0000 7f846e59c700 1 --2- 172.21.15.67:0/2397574135 >> [v2:172.21.15.67:3300/0,v1:172.21.15.67:6789/0] conn(0x7f8470070f80 0x7f8470113380 secure :-1 s=READY pgs=44 cs=0 l=1 rev1=1 crypto rx=0x7f8460006d40 tx=0x7f8460009250 comp rx=0 tx=0).ready entity=mon.0 client_cookie=0 server_cookie=0 in_seq=0 out_seq=0
2023-12-05T09:18:00.869 INFO:teuthology.orchestra.run.smithi067.stdout:/usr/bin/ceph: stderr
2023-12-05T09:18:00.118+0000 7f845effd700 1 -- 172.21.15.67:0/2397574135 <== mon.0 v2:172.21.15.67:3300/0 1 ==== mon_map magic: 0 v1 ==== 229+0+0 (secure 0 0 0) 0x7f84600109b0 con 0x7f8470070f80
2023-12-05T09:18:00.869 INFO:teuthology.orchestra.run.smithi067.stdout:/usr/bin/ceph: stderr
2023-12-05T09:18:00.118+0000 7f845effd700 1 -- 172.21.15.67:0/2397574135 <== mon.0 v2:172.21.15.67:3300/0 2 ==== config(26 keys) v1 ==== 1009+0+0 (secure 0 0 0) 0x7f8460024440 con 0x7f8470070f80
2023-12-05T09:18:00.869 INFO:teuthology.orchestra.run.smithi067.stdout:/usr/bin/ceph: stderr
2023-12-05T09:18:00.118+0000 7f8474bdc700 1 -- 172.21.15.67:0/2397574135 --> [v2:172.21.15.67:3300/0,v1:172.21.15.67:6789/0] -- mon_subscribe({mgrmap=0+}) v3 -- 0x7f8470113ac0 con 0x7f8470070f80
2023-12-05T09:18:00.869 INFO:teuthology.orchestra.run.smithi067.stdout:/usr/bin/ceph: stderr
2023-12-05T09:18:00.118+0000 7f845effd700 1 -- 172.21.15.67:0/2397574135 <== mon.0 v2:172.21.15.67:3300/0 3 ==== mon_map magic: 0 v1 ==== 229+0+0 (secure 0 0 0) 0x7f846001a5f0 con 0x7f8470070f80
2023-12-05T09:18:00.869 INFO:teuthology.orchestra.run.smithi067.stdout:/usr/bin/ceph: stderr
2023-12-05T09:18:00.119+0000 7f8474bdc700 1 -- 172.21.15.67:0/2397574135 --> [v2:172.21.15.67:3300/0,v1:172.21.15.67:6789/0] -- mon_subscribe({osdmap=0}) v3 -- 0x7f8470113ed0 con 0x7f8470070f80
2023-12-05T09:18:00.869 INFO:teuthology.orchestra.run.smithi067.stdout:/usr/bin/ceph: stderr
2023-12-05T09:18:00.120+0000 7f845effd700 1 -- 172.21.15.67:0/2397574135 <== mon.0 v2:172.21.15.67:3300/0 4 ==== mgrmap(e 8) v1 ==== 43281+0+0 (secure 0 0 0) 0x7f846001a870 con 0x7f8470070f80
2023-12-05T09:18:00.869 INFO:teuthology.orchestra.run.smithi067.stdout:/usr/bin/ceph: stderr
2023-12-05T09:18:00.120+0000 7f8474bdc700 1 -- 172.21.15.67:0/2397574135 --> [v2:172.21.15.67:3300/0,v1:172.21.15.67:6789/0] -- mon_command({"prefix": "get_command_descriptions"} v 0) v1 -- 0x7f847004bb80 con 0x7f8470070f80
2023-12-05T09:18:00.869 INFO:teuthology.orchestra.run.smithi067.stdout:/usr/bin/ceph: stderr
2023-12-05T09:18:00.120+0000 7f845effd700 1 --2- 172.21.15.67:0/2397574135 >> [v2:172.21.15.67:6800/2543364948,v1:172.21.15.67:6801/2543364948] conn(0x7f84580365f0 0x7f8458038aa0 unknown :-1 s=NONE pgs=0 cs=0 l=1 rev1=0 crypto rx=0 tx=0 comp rx=0 tx=0).connect
2023-12-05T09:18:00.869 INFO:teuthology.orchestra.run.smithi067.stdout:/usr/bin/ceph: stderr
2023-12-05T09:18:00.120+0000 7f845effd700 1 -- 172.21.15.67:0/2397574135 <== mon.0 v2:172.21.15.67:3300/0 5 ==== osd_map(2..2 src has 1..2) v4 ==== 936+0+0 (secure 0 0 0) 0x7f846004a5b0 con 0x7f8470070f80
2023-12-05T09:18:00.869 INFO:teuthology.orchestra.run.smithi067.stdout:/usr/bin/ceph: stderr
2023-12-05T09:18:00.120+0000 7f846dd9b700 1 --2- 172.21.15.67:0/2397574135 >> [v2:172.21.15.67:6800/2543364948,v1:172.21.15.67:6801/2543364948] conn(0x7f84580365f0 0x7f8458038aa0 unknown :-1 s=BANNER_CONNECTING pgs=0 cs=0 l=1 rev1=0 crypto rx=0 tx=0 comp rx=0 tx=0)._handle_peer_banner_payload supported=3 required=0
2023-12-05T09:18:00.869 INFO:teuthology.orchestra.run.smithi067.stdout:/usr/bin/ceph: stderr
2023-12-05T09:18:00.121+0000 7f846dd9b700 1 --2- 172.21.15.67:0/2397574135 >> [v2:172.21.15.67:6800/2543364948,v1:172.21.15.67:6801/2543364948] conn(0x7f84580365f0 0x7f8458038aa0 secure :-1 s=READY pgs=9 cs=0 l=1 rev1=1 crypto rx=0x7f8464009990 tx=0x7f8464006e40 comp rx=0 tx=0).ready entity=mgr.14122 client_cookie=0 server_cookie=0 in_seq=0 out_seq=0
2023-12-05T09:18:00.869 INFO:teuthology.orchestra.run.smithi067.stdout:/usr/bin/ceph: stderr
2023-12-05T09:18:00.125+0000 7f845effd700 1 -- 172.21.15.67:0/2397574135 <== mon.0 v2:172.21.15.67:3300/0 6 ==== mon_command_ack([{"prefix": "get_command_descriptions"}]=0 v0) v1 ==== 72+0+174570 (secure 0 0 0) 0x7f8460018530 con 0x7f8470070f80
2023-12-05T09:18:00.869 INFO:teuthology.orchestra.run.smithi067.stdout:/usr/bin/ceph: stderr
2023-12-05T09:18:00.329+0000 7f8474bdc700 1 -- 172.21.15.67:0/2397574135 --> [v2:172.21.15.67:6800/2543364948,v1:172.21.15.67:6801/2543364948] -- mgr_command(tid 0: {"prefix": "cephadm generate-key", "target": ["mon-mgr", ""]}) v1 -- 0x7f847010d1b0 con 0x7f84580365f0
2023-12-05T09:18:00.870 INFO:teuthology.orchestra.run.smithi067.stdout:/usr/bin/ceph: stderr
2023-12-05T09:18:00.605+0000 7f845effd700 1 -- 172.21.15.67:0/2397574135 <== mgr.14122 v2:172.21.15.67:6800/2543364948 1 ==== mgr_command_reply(tid 0: 0 ) v1 ==== 8+0+0 (secure 0 0 0) 0x7f847010d1b0 con 0x7f84580365f0
2023-12-05T09:18:00.870 INFO:teuthology.orchestra.run.smithi067.stdout:/usr/bin/ceph: stderr
2023-12-05T09:18:00.608+0000 7f8474bdc700 1 -- 172.21.15.67:0/2397574135 >> [v2:172.21.15.67:6800/2543364948,v1:172.21.15.67:6801/2543364948] conn(0x7f84580365f0 msgr2=0x7f8458038aa0 secure :-1 s=STATE_CONNECTION_ESTABLISHED l=1).mark_down
2023-12-05T09:18:00.870 INFO:teuthology.orchestra.run.smithi067.stdout:/usr/bin/ceph: stderr
2023-12-05T09:18:00.608+0000 7f8474bdc700 1 --2- 172.21.15.67:0/2397574135 >> [v2:172.21.15.67:6800/2543364948,v1:172.21.15.67:6801/2543364948] conn(0x7f84580365f0 0x7f8458038aa0 secure :-1 s=READY pgs=9 cs=0 l=1 rev1=1 crypto rx=0x7f8464009990 tx=0x7f8464006e40 comp rx=0 tx=0).stop
2023-12-05T09:18:00.870 INFO:teuthology.orchestra.run.smithi067.stdout:/usr/bin/ceph: stderr
2023-12-05T09:18:00.608+0000 7f8474bdc700 1 -- 172.21.15.67:0/2397574135 >> [v2:172.21.15.67:3300/0,v1:172.21.15.67:6789/0] conn(0x7f8470070f80 msgr2=0x7f8470113380 secure :-1 s=STATE_CONNECTION_ESTABLISHED l=1).mark_down
2023-12-05T09:18:00.870 INFO:teuthology.orchestra.run.smithi067.stdout:/usr/bin/ceph: stderr
2023-12-05T09:18:00.608+0000 7f8474bdc700 1 --2- 172.21.15.67:0/2397574135 >> [v2:172.21.15.67:3300/0,v1:172.21.15.67:6789/0] conn(0x7f8470070f80 0x7f8470113380 secure :-1 s=READY pgs=44 cs=0 l=1 rev1=1 crypto rx=0x7f8460006d40 tx=0x7f8460009250 comp rx=0 tx=0).stop
2023-12-05T09:18:00.870 INFO:teuthology.orchestra.run.smithi067.stdout:/usr/bin/ceph: stderr
2023-12-05T09:18:00.608+0000 7f8474bdc700 1 -- 172.21.15.67:0/2397574135 shutdown_connections
2023-12-05T09:18:00.870 INFO:teuthology.orchestra.run.smithi067.stdout:/usr/bin/ceph: stderr
2023-12-05T09:18:00.608+0000 7f8474bdc700 1 --2- 172.21.15.67:0/2397574135 >> [v2:172.21.15.67:6800/2543364948,v1:172.21.15.67:6801/2543364948] conn(0x7f84580365f0 0x7f8458038aa0 unknown :-1 s=CLOSED pgs=9 cs=0 l=1 rev1=1 crypto rx=0 tx=0 comp rx=0 tx=0).stop
2023-12-05T09:18:00.870 INFO:teuthology.orchestra.run.smithi067.stdout:/usr/bin/ceph: stderr
2023-12-05T09:18:00.608+0000 7f8474bdc700 1 --2- 172.21.15.67:0/2397574135 >> [v2:172.21.15.67:3300/0,v1:172.21.15.67:6789/0] conn(0x7f8470070f80 0x7f8470113380 unknown :-1 s=CLOSED pgs=44 cs=0 l=1 rev1=1 crypto rx=0 tx=0 comp rx=0 tx=0).stop
2023-12-05T09:18:00.870 INFO:teuthology.orchestra.run.smithi067.stdout:/usr/bin/ceph: stderr
2023-12-05T09:18:00.608+0000 7f8474bdc700 1 -- 172.21.15.67:0/2397574135 >> 172.21.15.67:0/2397574135 conn(0x7f84700fc970 msgr2=0x7f84700fe1d0 unknown :-1 s=STATE_NONE l=0).mark_down
2023-12-05T09:18:00.870 INFO:teuthology.orchestra.run.smithi067.stdout:/usr/bin/ceph: stderr
2023-12-05T09:18:00.608+0000 7f8474bdc700 1 -- 172.21.15.67:0/2397574135 shutdown_connections
2023-12-05T09:18:00.870 INFO:teuthology.orchestra.run.smithi067.stdout:/usr/bin/ceph: stderr
2023-12-05T09:18:00.608+0000 7f8474bdc700 1 -- 172.21.15.67:0/2397574135 wait complete.
2023-12-05T09:18:01.828 INFO:teuthology.orchestra.run.smithi067.stdout:/usr/bin/ceph: stdout ssh-rsa AAAAB3NzaC1yc2EAAAADAQABAAABgQDQ75w/973i781ZUQfJnLmAZ7xFl39mSnzBpTE7TT3OD+bfpxF9gP+LnSNP/fvyCvsEu70B02gAOBXIpf7olv0CvzwC+V5HzdTQEXc7TuFdKFVC3rWv0DWjHORDp9wQO0Pej+1l0pu6pfL0miI1ZpITVW2wh/MHzGuoJ+yL8f9PC+YAeSs5S5O5FZcscNgmOLJk7klbxlwOFbhA7XGY3w7aPrBmBzBU06NYz1DO1NJVDdPqSSyJ6aZMoCfyyEQYbxZsgTTKWkOiwzSOFnIPmn+eSyZOUKyIiTTFUvC9O4mGj1mRM1B9Rjv1+VbfaIxhuuZyvU94KnXt5O0goFWFao1Wl6/sAgkgwykxa9KbvxAW54gofu4p+yevwCnbayRCmUvQtlN4tX0zky146O9OuBtDEookeSwUrQy39LqUO7AM0/xvII/0duWO6bWoki5U6FP5WIS99FcNzr3zeS9R++VYcnY+yeA/fMoCsBmMEkcxyZR1dyTHNj/okH+mo30mwdU= ceph-f6a41352-934e-11ee-95a2-87774f69a715
2023-12-05T09:18:01.828 INFO:teuthology.orchestra.run.smithi067.stdout:/usr/bin/ceph: stderr
2023-12-05T09:18:01.279+0000 7f3041502700 1 Processor -- start
2023-12-05T09:18:01.828 INFO:teuthology.orchestra.run.smithi067.stdout:/usr/bin/ceph: stderr
2023-12-05T09:18:01.279+0000 7f3041502700 1 -- start start
2023-12-05T09:18:01.828 INFO:teuthology.orchestra.run.smithi067.stdout:/usr/bin/ceph: stderr
2023-12-05T09:18:01.280+0000 7f3041502700 1 --2- >> [v2:172.21.15.67:3300/0,v1:172.21.15.67:6789/0] conn(0x7f303c077b90 0x7f303c0760a0 unknown :-1 s=NONE pgs=0 cs=0 l=0 rev1=0 crypto rx=0 tx=0 comp rx=0 tx=0).connect
2023-12-05T09:18:01.828 INFO:teuthology.orchestra.run.smithi067.stdout:/usr/bin/ceph: stderr
2023-12-05T09:18:01.280+0000 7f3041502700 1 -- --> [v2:172.21.15.67:3300/0,v1:172.21.15.67:6789/0] -- mon_getmap magic: 0 v1 -- 0x7f303c077fa0 con 0x7f303c077b90
2023-12-05T09:18:01.828 INFO:teuthology.orchestra.run.smithi067.stdout:/usr/bin/ceph: stderr
2023-12-05T09:18:01.280+0000 7f303affd700 1 --2- >> [v2:172.21.15.67:3300/0,v1:172.21.15.67:6789/0] conn(0x7f303c077b90 0x7f303c0760a0 unknown :-1 s=BANNER_CONNECTING pgs=0 cs=0 l=0 rev1=0 crypto rx=0 tx=0 comp rx=0 tx=0)._handle_peer_banner_payload supported=3 required=0
2023-12-05T09:18:01.828 INFO:teuthology.orchestra.run.smithi067.stdout:/usr/bin/ceph: stderr
2023-12-05T09:18:01.280+0000 7f303affd700 1 --2- >> [v2:172.21.15.67:3300/0,v1:172.21.15.67:6789/0] conn(0x7f303c077b90 0x7f303c0760a0 unknown :-1 s=HELLO_CONNECTING pgs=0 cs=0 l=0 rev1=1 crypto rx=0 tx=0 comp rx=0 tx=0).handle_hello peer v2:172.21.15.67:3300/0 says I am v2:172.21.15.67:45252/0 (socket says 172.21.15.67:45252)
2023-12-05T09:18:01.828 INFO:teuthology.orchestra.run.smithi067.stdout:/usr/bin/ceph: stderr
2023-12-05T09:18:01.280+0000 7f303affd700 1 -- 172.21.15.67:0/936454116 learned_addr learned my addr 172.21.15.67:0/936454116 (peer_addr_for_me v2:172.21.15.67:0/0)
2023-12-05T09:18:01.828 INFO:teuthology.orchestra.run.smithi067.stdout:/usr/bin/ceph: stderr
2023-12-05T09:18:01.280+0000 7f303affd700 1 -- 172.21.15.67:0/936454116 --> [v2:172.21.15.67:3300/0,v1:172.21.15.67:6789/0] -- mon_subscribe({config=0+,monmap=0+}) v3 -- 0x7f303c0765e0 con 0x7f303c077b90
2023-12-05T09:18:01.828 INFO:teuthology.orchestra.run.smithi067.stdout:/usr/bin/ceph: stderr
2023-12-05T09:18:01.281+0000 7f303affd700 1 --2- 172.21.15.67:0/936454116 >> [v2:172.21.15.67:3300/0,v1:172.21.15.67:6789/0] conn(0x7f303c077b90 0x7f303c0760a0 secure :-1 s=READY pgs=45 cs=0 l=1 rev1=1 crypto rx=0x7f302c0098e0 tx=0x7f302c009250 comp rx=0 tx=0).ready entity=mon.0 client_cookie=7536e5fe7991778b server_cookie=0 in_seq=0 out_seq=0
2023-12-05T09:18:01.828 INFO:teuthology.orchestra.run.smithi067.stdout:/usr/bin/ceph: stderr
2023-12-05T09:18:01.281+0000 7f3039ffb700 1 -- 172.21.15.67:0/936454116 <== mon.0 v2:172.21.15.67:3300/0 1 ==== mon_map magic: 0 v1 ==== 229+0+0 (secure 0 0 0) 0x7f302c00b860 con 0x7f303c077b90
2023-12-05T09:18:01.829 INFO:teuthology.orchestra.run.smithi067.stdout:/usr/bin/ceph: stderr
2023-12-05T09:18:01.281+0000 7f3039ffb700 1 -- 172.21.15.67:0/936454116 <== mon.0 v2:172.21.15.67:3300/0 2 ==== config(26 keys) v1 ==== 1009+0+0 (secure 0 0 0) 0x7f302c00be30 con 0x7f303c077b90
2023-12-05T09:18:01.829 INFO:teuthology.orchestra.run.smithi067.stdout:/usr/bin/ceph: stderr
2023-12-05T09:18:01.281+0000 7f3039ffb700 1 -- 172.21.15.67:0/936454116 <== mon.0 v2:172.21.15.67:3300/0 3 ==== mon_map magic: 0 v1 ==== 229+0+0 (secure 0 0 0) 0x7f302c010380 con 0x7f303c077b90
2023-12-05T09:18:01.829 INFO:teuthology.orchestra.run.smithi067.stdout:/usr/bin/ceph: stderr
2023-12-05T09:18:01.281+0000 7f3041502700 1 -- 172.21.15.67:0/936454116 >> [v2:172.21.15.67:3300/0,v1:172.21.15.67:6789/0] conn(0x7f303c077b90 msgr2=0x7f303c0760a0 secure :-1 s=STATE_CONNECTION_ESTABLISHED l=1).mark_down
2023-12-05T09:18:01.829 INFO:teuthology.orchestra.run.smithi067.stdout:/usr/bin/ceph: stderr
2023-12-05T09:18:01.281+0000 7f3041502700 1 --2- 172.21.15.67:0/936454116 >> [v2:172.21.15.67:3300/0,v1:172.21.15.67:6789/0] conn(0x7f303c077b90 0x7f303c0760a0 secure :-1 s=READY pgs=45 cs=0 l=1 rev1=1 crypto rx=0x7f302c0098e0 tx=0x7f302c009250 comp rx=0 tx=0).stop
2023-12-05T09:18:01.829 INFO:teuthology.orchestra.run.smithi067.stdout:/usr/bin/ceph: stderr
2023-12-05T09:18:01.282+0000 7f3041502700 1 -- 172.21.15.67:0/936454116 shutdown_connections
2023-12-05T09:18:01.829 INFO:teuthology.orchestra.run.smithi067.stdout:/usr/bin/ceph: stderr
2023-12-05T09:18:01.282+0000 7f3041502700 1 --2- 172.21.15.67:0/936454116 >> [v2:172.21.15.67:3300/0,v1:172.21.15.67:6789/0] conn(0x7f303c077b90 0x7f303c0760a0 unknown :-1 s=CLOSED pgs=45 cs=0 l=1 rev1=1 crypto rx=0 tx=0 comp rx=0 tx=0).stop
2023-12-05T09:18:01.829 INFO:teuthology.orchestra.run.smithi067.stdout:/usr/bin/ceph: stderr
2023-12-05T09:18:01.282+0000 7f3041502700 1 -- 172.21.15.67:0/936454116 >> 172.21.15.67:0/936454116 conn(0x7f303c0fda50 msgr2=0x7f303c0ffe60 unknown :-1 s=STATE_NONE l=0).mark_down
2023-12-05T09:18:01.829 INFO:teuthology.orchestra.run.smithi067.stdout:/usr/bin/ceph: stderr
2023-12-05T09:18:01.282+0000 7f3041502700 1 -- 172.21.15.67:0/936454116 shutdown_connections
2023-12-05T09:18:01.829 INFO:teuthology.orchestra.run.smithi067.stdout:/usr/bin/ceph: stderr
2023-12-05T09:18:01.282+0000 7f3041502700 1 -- 172.21.15.67:0/936454116 wait complete.
2023-12-05T09:18:01.829 INFO:teuthology.orchestra.run.smithi067.stdout:/usr/bin/ceph: stderr
2023-12-05T09:18:01.282+0000 7f3041502700 1 Processor -- start
2023-12-05T09:18:01.829 INFO:teuthology.orchestra.run.smithi067.stdout:/usr/bin/ceph: stderr
2023-12-05T09:18:01.283+0000 7f3041502700 1 -- start start
2023-12-05T09:18:01.829 INFO:teuthology.orchestra.run.smithi067.stdout:/usr/bin/ceph: stderr
2023-12-05T09:18:01.283+0000 7f3041502700 1 --2- >> [v2:172.21.15.67:3300/0,v1:172.21.15.67:6789/0] conn(0x7f303c077b90 0x7f303c113380 unknown :-1 s=NONE pgs=0 cs=0 l=1 rev1=0 crypto rx=0 tx=0 comp rx=0 tx=0).connect
2023-12-05T09:18:01.829 INFO:teuthology.orchestra.run.smithi067.stdout:/usr/bin/ceph: stderr
2023-12-05T09:18:01.283+0000 7f3041502700 1 -- --> [v2:172.21.15.67:3300/0,v1:172.21.15.67:6789/0] -- mon_getmap magic: 0 v1 -- 0x7f303c1138c0 con 0x7f303c077b90
2023-12-05T09:18:01.829 INFO:teuthology.orchestra.run.smithi067.stdout:/usr/bin/ceph: stderr
2023-12-05T09:18:01.283+0000 7f303affd700 1 --2- >> [v2:172.21.15.67:3300/0,v1:172.21.15.67:6789/0] conn(0x7f303c077b90 0x7f303c113380 unknown :-1 s=BANNER_CONNECTING pgs=0 cs=0 l=1 rev1=0 crypto rx=0 tx=0 comp rx=0 tx=0)._handle_peer_banner_payload supported=3 required=0
2023-12-05T09:18:01.829 INFO:teuthology.orchestra.run.smithi067.stdout:/usr/bin/ceph: stderr
2023-12-05T09:18:01.283+0000 7f303affd700 1 --2- >> [v2:172.21.15.67:3300/0,v1:172.21.15.67:6789/0] conn(0x7f303c077b90 0x7f303c113380 unknown :-1 s=HELLO_CONNECTING pgs=0 cs=0 l=1 rev1=1 crypto rx=0 tx=0 comp rx=0 tx=0).handle_hello peer v2:172.21.15.67:3300/0 says I am v2:172.21.15.67:45262/0 (socket says 172.21.15.67:45262)
2023-12-05T09:18:01.830 INFO:teuthology.orchestra.run.smithi067.stdout:/usr/bin/ceph: stderr
2023-12-05T09:18:01.283+0000 7f303affd700 1 -- 172.21.15.67:0/3810127895 learned_addr learned my addr 172.21.15.67:0/3810127895 (peer_addr_for_me v2:172.21.15.67:0/0)
2023-12-05T09:18:01.830 INFO:teuthology.orchestra.run.smithi067.stdout:/usr/bin/ceph: stderr
2023-12-05T09:18:01.284+0000 7f303affd700 1 -- 172.21.15.67:0/3810127895 --> [v2:172.21.15.67:3300/0,v1:172.21.15.67:6789/0] -- mon_subscribe({config=0+,monmap=0+}) v3 -- 0x7f302c0094f0 con 0x7f303c077b90
2023-12-05T09:18:01.830 INFO:teuthology.orchestra.run.smithi067.stdout:/usr/bin/ceph: stderr
2023-12-05T09:18:01.284+0000 7f303affd700 1 --2- 172.21.15.67:0/3810127895 >> [v2:172.21.15.67:3300/0,v1:172.21.15.67:6789/0] conn(0x7f303c077b90 0x7f303c113380 secure :-1 s=READY pgs=46 cs=0 l=1 rev1=1 crypto rx=0x7f302c006b00 tx=0x7f302c009250 comp rx=0 tx=0).ready entity=mon.0 client_cookie=0 server_cookie=0 in_seq=0 out_seq=0
2023-12-05T09:18:01.830 INFO:teuthology.orchestra.run.smithi067.stdout:/usr/bin/ceph: stderr
2023-12-05T09:18:01.284+0000 7f30237fe700 1 -- 172.21.15.67:0/3810127895 <== mon.0 v2:172.21.15.67:3300/0 1 ==== mon_map magic: 0 v1 ==== 229+0+0 (secure 0 0 0) 0x7f302c010a80 con 0x7f303c077b90
2023-12-05T09:18:01.830 INFO:teuthology.orchestra.run.smithi067.stdout:/usr/bin/ceph: stderr
2023-12-05T09:18:01.284+0000 7f30237fe700 1 -- 172.21.15.67:0/3810127895 <== mon.0 v2:172.21.15.67:3300/0 2 ==== config(26 keys) v1 ==== 1009+0+0 (secure 0 0 0) 0x7f302c01a430 con 0x7f303c077b90
2023-12-05T09:18:01.830 INFO:teuthology.orchestra.run.smithi067.stdout:/usr/bin/ceph: stderr
2023-12-05T09:18:01.284+0000 7f30237fe700 1 -- 172.21.15.67:0/3810127895 <== mon.0 v2:172.21.15.67:3300/0 3 ==== mon_map magic: 0 v1 ==== 229+0+0 (secure 0 0 0) 0x7f302c0245b0 con 0x7f303c077b90
2023-12-05T09:18:01.830 INFO:teuthology.orchestra.run.smithi067.stdout:/usr/bin/ceph: stderr
2023-12-05T09:18:01.284+0000 7f3041502700 1 -- 172.21.15.67:0/3810127895 --> [v2:172.21.15.67:3300/0,v1:172.21.15.67:6789/0] -- mon_subscribe({mgrmap=0+}) v3 -- 0x7f303c113ac0 con 0x7f303c077b90
2023-12-05T09:18:01.830 INFO:teuthology.orchestra.run.smithi067.stdout:/usr/bin/ceph: stderr
2023-12-05T09:18:01.284+0000 7f3041502700 1 -- 172.21.15.67:0/3810127895 --> [v2:172.21.15.67:3300/0,v1:172.21.15.67:6789/0] -- mon_subscribe({osdmap=0}) v3 -- 0x7f303c113ed0 con 0x7f303c077b90
2023-12-05T09:18:01.830 INFO:teuthology.orchestra.run.smithi067.stdout:/usr/bin/ceph: stderr
2023-12-05T09:18:01.285+0000 7f30237fe700 1 -- 172.21.15.67:0/3810127895 <== mon.0 v2:172.21.15.67:3300/0 4 ==== mgrmap(e 8) v1 ==== 43281+0+0 (secure 0 0 0) 0x7f302c010be0 con 0x7f303c077b90
2023-12-05T09:18:01.830 INFO:teuthology.orchestra.run.smithi067.stdout:/usr/bin/ceph: stderr
2023-12-05T09:18:01.285+0000 7f3041502700 1 -- 172.21.15.67:0/3810127895 --> [v2:172.21.15.67:3300/0,v1:172.21.15.67:6789/0] -- mon_command({"prefix": "get_command_descriptions"} v 0) v1 -- 0x7f303c04bb80 con 0x7f303c077b90
2023-12-05T09:18:01.830 INFO:teuthology.orchestra.run.smithi067.stdout:/usr/bin/ceph: stderr
2023-12-05T09:18:01.286+0000 7f30237fe700 1 --2- 172.21.15.67:0/3810127895 >> [v2:172.21.15.67:6800/2543364948,v1:172.21.15.67:6801/2543364948] conn(0x7f3024036640 0x7f3024038af0 unknown :-1 s=NONE pgs=0 cs=0 l=1 rev1=0 crypto rx=0 tx=0 comp rx=0 tx=0).connect
2023-12-05T09:18:01.830 INFO:teuthology.orchestra.run.smithi067.stdout:/usr/bin/ceph: stderr
2023-12-05T09:18:01.286+0000 7f30237fe700 1 -- 172.21.15.67:0/3810127895 <== mon.0 v2:172.21.15.67:3300/0 5 ==== osd_map(2..2 src has 1..2) v4 ==== 936+0+0 (secure 0 0 0) 0x7f302c04abb0 con 0x7f303c077b90
2023-12-05T09:18:01.830 INFO:teuthology.orchestra.run.smithi067.stdout:/usr/bin/ceph: stderr
2023-12-05T09:18:01.286+0000 7f303a7fc700 1 --2- 172.21.15.67:0/3810127895 >> [v2:172.21.15.67:6800/2543364948,v1:172.21.15.67:6801/2543364948] conn(0x7f3024036640 0x7f3024038af0 unknown :-1 s=BANNER_CONNECTING pgs=0 cs=0 l=1 rev1=0 crypto rx=0 tx=0 comp rx=0 tx=0)._handle_peer_banner_payload supported=3 required=0
2023-12-05T09:18:01.830 INFO:teuthology.orchestra.run.smithi067.stdout:/usr/bin/ceph: stderr
2023-12-05T09:18:01.287+0000 7f303a7fc700 1 --2- 172.21.15.67:0/3810127895 >> [v2:172.21.15.67:6800/2543364948,v1:172.21.15.67:6801/2543364948] conn(0x7f3024036640 0x7f3024038af0 secure :-1 s=READY pgs=10 cs=0 l=1 rev1=1 crypto rx=0x7f3030009990 tx=0x7f3030006e40 comp rx=0 tx=0).ready entity=mgr.14122 client_cookie=0 server_cookie=0 in_seq=0 out_seq=0
2023-12-05T09:18:01.830 INFO:teuthology.orchestra.run.smithi067.stdout:/usr/bin/ceph: stderr
2023-12-05T09:18:01.291+0000 7f30237fe700 1 -- 172.21.15.67:0/3810127895 <== mon.0 v2:172.21.15.67:3300/0 6 ==== mon_command_ack([{"prefix": "get_command_descriptions"}]=0 v0) v1 ==== 72+0+174570 (secure 0 0 0) 0x7f302c01a5a0 con 0x7f303c077b90
2023-12-05T09:18:01.831 INFO:teuthology.orchestra.run.smithi067.stdout:/usr/bin/ceph: stderr
2023-12-05T09:18:01.493+0000 7f3041502700 1 -- 172.21.15.67:0/3810127895 --> [v2:172.21.15.67:6800/2543364948,v1:172.21.15.67:6801/2543364948] -- mgr_command(tid 0: {"prefix": "cephadm get-pub-key", "target": ["mon-mgr", ""]}) v1 -- 0x7f303c0008d0 con 0x7f3024036640
2023-12-05T09:18:01.831 INFO:teuthology.orchestra.run.smithi067.stdout:/usr/bin/ceph: stderr
2023-12-05T09:18:01.493+0000 7f30237fe700 1 -- 172.21.15.67:0/3810127895 <== mgr.14122 v2:172.21.15.67:6800/2543364948 1 ==== mgr_command_reply(tid 0: 0 ) v1 ==== 8+0+595 (secure 0 0 0) 0x7f303c0008d0 con 0x7f3024036640
2023-12-05T09:18:01.831 INFO:teuthology.orchestra.run.smithi067.stdout:/usr/bin/ceph: stderr
2023-12-05T09:18:01.496+0000 7f3041502700 1 -- 172.21.15.67:0/3810127895 >> [v2:172.21.15.67:6800/2543364948,v1:172.21.15.67:6801/2543364948] conn(0x7f3024036640 msgr2=0x7f3024038af0 secure :-1 s=STATE_CONNECTION_ESTABLISHED l=1).mark_down
2023-12-05T09:18:01.831 INFO:teuthology.orchestra.run.smithi067.stdout:/usr/bin/ceph: stderr
2023-12-05T09:18:01.496+0000 7f3041502700 1 --2- 172.21.15.67:0/3810127895 >> [v2:172.21.15.67:6800/2543364948,v1:172.21.15.67:6801/2543364948] conn(0x7f3024036640 0x7f3024038af0 secure :-1 s=READY pgs=10 cs=0 l=1 rev1=1 crypto rx=0x7f3030009990 tx=0x7f3030006e40 comp rx=0 tx=0).stop
2023-12-05T09:18:01.831 INFO:teuthology.orchestra.run.smithi067.stdout:/usr/bin/ceph: stderr
2023-12-05T09:18:01.496+0000 7f3041502700 1 -- 172.21.15.67:0/3810127895 >> [v2:172.21.15.67:3300/0,v1:172.21.15.67:6789/0] conn(0x7f303c077b90 msgr2=0x7f303c113380 secure :-1 s=STATE_CONNECTION_ESTABLISHED l=1).mark_down
2023-12-05T09:18:01.831 INFO:teuthology.orchestra.run.smithi067.stdout:/usr/bin/ceph: stderr
2023-12-05T09:18:01.496+0000 7f3041502700 1 --2- 172.21.15.67:0/3810127895 >> [v2:172.21.15.67:3300/0,v1:172.21.15.67:6789/0] conn(0x7f303c077b90 0x7f303c113380 secure :-1 s=READY pgs=46 cs=0 l=1 rev1=1 crypto rx=0x7f302c006b00 tx=0x7f302c009250 comp rx=0 tx=0).stop
2023-12-05T09:18:01.831 INFO:teuthology.orchestra.run.smithi067.stdout:/usr/bin/ceph: stderr
2023-12-05T09:18:01.496+0000 7f3041502700 1 -- 172.21.15.67:0/3810127895 shutdown_connections
2023-12-05T09:18:01.831 INFO:teuthology.orchestra.run.smithi067.stdout:/usr/bin/ceph: stderr
2023-12-05T09:18:01.496+0000 7f3041502700 1 --2- 172.21.15.67:0/3810127895 >> [v2:172.21.15.67:6800/2543364948,v1:172.21.15.67:6801/2543364948] conn(0x7f3024036640 0x7f3024038af0 unknown :-1 s=CLOSED pgs=10 cs=0 l=1 rev1=1 crypto rx=0 tx=0 comp rx=0 tx=0).stop
2023-12-05T09:18:01.831 INFO:teuthology.orchestra.run.smithi067.stdout:/usr/bin/ceph: stderr
2023-12-05T09:18:01.496+0000 7f3041502700 1 --2- 172.21.15.67:0/3810127895 >> [v2:172.21.15.67:3300/0,v1:172.21.15.67:6789/0] conn(0x7f303c077b90 0x7f303c113380 unknown :-1 s=CLOSED pgs=46 cs=0 l=1 rev1=1 crypto rx=0 tx=0 comp rx=0 tx=0).stop
2023-12-05T09:18:01.831 INFO:teuthology.orchestra.run.smithi067.stdout:/usr/bin/ceph: stderr
2023-12-05T09:18:01.496+0000 7f3041502700 1 -- 172.21.15.67:0/3810127895 >> 172.21.15.67:0/3810127895 conn(0x7f303c0fda50 msgr2=0x7f303c0ffe50 unknown :-1 s=STATE_NONE l=0).mark_down
2023-12-05T09:18:01.831 INFO:teuthology.orchestra.run.smithi067.stdout:/usr/bin/ceph: stderr
2023-12-05T09:18:01.496+0000 7f3041502700 1 -- 172.21.15.67:0/3810127895 shutdown_connections
2023-12-05T09:18:01.831 INFO:teuthology.orchestra.run.smithi067.stdout:/usr/bin/ceph: stderr
2023-12-05T09:18:01.496+0000 7f3041502700 1 -- 172.21.15.67:0/3810127895 wait complete.
2023-12-05T09:18:01.831 INFO:teuthology.orchestra.run.smithi067.stdout:Wrote public SSH key to /home/ubuntu/cephtest/ceph.pub
2023-12-05T09:18:01.831 INFO:teuthology.orchestra.run.smithi067.stdout:Adding key to root@localhost authorized_keys...
2023-12-05T09:18:01.832 INFO:teuthology.orchestra.run.smithi067.stdout:Adding host smithi067...
2023-12-05T09:18:02.122 INFO:journalctl@ceph.mon.smithi067.smithi067.stdout:Dec 05 09:18:01 smithi067 ceph-mon[107174]: [05/Dec/2023:09:18:00] ENGINE Bus STARTING
2023-12-05T09:18:02.122 INFO:journalctl@ceph.mon.smithi067.smithi067.stdout:Dec 05 09:18:01 smithi067 ceph-mon[107174]: from='client.14138 -' entity='client.admin' cmd=[{"prefix": "cephadm generate-key", "target": ["mon-mgr", ""]}]: dispatch
2023-12-05T09:18:02.122 INFO:journalctl@ceph.mon.smithi067.smithi067.stdout:Dec 05 09:18:01 smithi067 ceph-mon[107174]: Generating ssh key...
2023-12-05T09:18:02.122 INFO:journalctl@ceph.mon.smithi067.smithi067.stdout:Dec 05 09:18:01 smithi067 ceph-mon[107174]: [05/Dec/2023:09:18:00] ENGINE Serving on https://172.21.15.67:7150
2023-12-05T09:18:02.122 INFO:journalctl@ceph.mon.smithi067.smithi067.stdout:Dec 05 09:18:01 smithi067 ceph-mon[107174]: [05/Dec/2023:09:18:00] ENGINE Bus STARTED
2023-12-05T09:18:03.090 INFO:journalctl@ceph.mon.smithi067.smithi067.stdout:Dec 05 09:18:02 smithi067 ceph-mon[107174]: from='client.14140 -' entity='client.admin' cmd=[{"prefix": "cephadm get-pub-key", "target": ["mon-mgr", ""]}]: dispatch
2023-12-05T09:18:03.974 INFO:journalctl@ceph.mon.smithi067.smithi067.stdout:Dec 05 09:18:03 smithi067 ceph-mon[107174]: from='client.14142 -' entity='client.admin' cmd=[{"prefix": "orch host add", "hostname": "smithi067", "addr": "172.21.15.67", "target": ["mon-mgr", ""]}]: dispatch
2023-12-05T09:18:05.122 INFO:journalctl@ceph.mon.smithi067.smithi067.stdout:Dec 05 09:18:04 smithi067 ceph-mon[107174]: Deploying cephadm binary to smithi067
2023-12-05T09:18:05.413 INFO:teuthology.orchestra.run.smithi067.stdout:/usr/bin/ceph: stdout Added host 'smithi067' with addr '172.21.15.67'
2023-12-05T09:18:05.413 INFO:teuthology.orchestra.run.smithi067.stdout:/usr/bin/ceph: stderr
2023-12-05T09:18:02.207+0000 7fa27a3cf700 1 Processor -- start
2023-12-05T09:18:05.413 INFO:teuthology.orchestra.run.smithi067.stdout:/usr/bin/ceph: stderr
2023-12-05T09:18:02.207+0000 7fa27a3cf700 1 -- start start
2023-12-05T09:18:05.413 INFO:teuthology.orchestra.run.smithi067.stdout:/usr/bin/ceph: stderr
2023-12-05T09:18:02.207+0000 7fa27a3cf700 1 --2- >> [v2:172.21.15.67:3300/0,v1:172.21.15.67:6789/0] conn(0x7fa274077bf0 0x7fa274076100 unknown :-1 s=NONE pgs=0 cs=0 l=0 rev1=0 crypto rx=0 tx=0 comp rx=0 tx=0).connect
2023-12-05T09:18:05.413 INFO:teuthology.orchestra.run.smithi067.stdout:/usr/bin/ceph: stderr
2023-12-05T09:18:02.207+0000 7fa27a3cf700 1 -- --> [v2:172.21.15.67:3300/0,v1:172.21.15.67:6789/0] -- mon_getmap magic: 0 v1 -- 0x7fa274078000 con 0x7fa274077bf0
2023-12-05T09:18:05.413 INFO:teuthology.orchestra.run.smithi067.stdout:/usr/bin/ceph: stderr
2023-12-05T09:18:02.208+0000 7fa273fff700 1 --2- >> [v2:172.21.15.67:3300/0,v1:172.21.15.67:6789/0] conn(0x7fa274077bf0 0x7fa274076100 unknown :-1 s=BANNER_CONNECTING pgs=0 cs=0 l=0 rev1=0 crypto rx=0 tx=0 comp rx=0 tx=0)._handle_peer_banner_payload supported=3 required=0
2023-12-05T09:18:05.413 INFO:teuthology.orchestra.run.smithi067.stdout:/usr/bin/ceph: stderr
2023-12-05T09:18:02.208+0000 7fa273fff700 1 --2- >> [v2:172.21.15.67:3300/0,v1:172.21.15.67:6789/0] conn(0x7fa274077bf0 0x7fa274076100 unknown :-1 s=HELLO_CONNECTING pgs=0 cs=0 l=0 rev1=1 crypto rx=0 tx=0 comp rx=0 tx=0).handle_hello peer v2:172.21.15.67:3300/0 says I am v2:172.21.15.67:45276/0 (socket says 172.21.15.67:45276)
2023-12-05T09:18:05.414 INFO:teuthology.orchestra.run.smithi067.stdout:/usr/bin/ceph: stderr
2023-12-05T09:18:02.208+0000 7fa273fff700 1 -- 172.21.15.67:0/1901716156 learned_addr learned my addr 172.21.15.67:0/1901716156 (peer_addr_for_me v2:172.21.15.67:0/0)
2023-12-05T09:18:05.414 INFO:teuthology.orchestra.run.smithi067.stdout:/usr/bin/ceph: stderr
2023-12-05T09:18:02.208+0000 7fa273fff700 1 -- 172.21.15.67:0/1901716156 --> [v2:172.21.15.67:3300/0,v1:172.21.15.67:6789/0] -- mon_subscribe({config=0+,monmap=0+}) v3 -- 0x7fa274076640 con 0x7fa274077bf0
2023-12-05T09:18:05.414 INFO:teuthology.orchestra.run.smithi067.stdout:/usr/bin/ceph: stderr
2023-12-05T09:18:02.208+0000 7fa273fff700 1 --2- 172.21.15.67:0/1901716156 >> [v2:172.21.15.67:3300/0,v1:172.21.15.67:6789/0] conn(0x7fa274077bf0 0x7fa274076100 secure :-1 s=READY pgs=47 cs=0 l=1 rev1=1 crypto rx=0x7fa2640098e0 tx=0x7fa264009250 comp rx=0 tx=0).ready entity=mon.0 client_cookie=50008a6ce6ff232b server_cookie=0 in_seq=0 out_seq=0
2023-12-05T09:18:05.414 INFO:teuthology.orchestra.run.smithi067.stdout:/usr/bin/ceph: stderr
2023-12-05T09:18:02.208+0000 7fa272ffd700 1 -- 172.21.15.67:0/1901716156 <== mon.0 v2:172.21.15.67:3300/0 1 ==== mon_map magic: 0 v1 ==== 229+0+0 (secure 0 0 0) 0x7fa26400b860 con 0x7fa274077bf0
2023-12-05T09:18:05.414 INFO:teuthology.orchestra.run.smithi067.stdout:/usr/bin/ceph: stderr
2023-12-05T09:18:02.208+0000 7fa272ffd700 1 -- 172.21.15.67:0/1901716156 <== mon.0 v2:172.21.15.67:3300/0 2 ==== config(26 keys) v1 ==== 1009+0+0 (secure 0 0 0) 0x7fa26400be30 con 0x7fa274077bf0
2023-12-05T09:18:05.414 INFO:teuthology.orchestra.run.smithi067.stdout:/usr/bin/ceph: stderr
2023-12-05T09:18:02.209+0000 7fa272ffd700 1 -- 172.21.15.67:0/1901716156 <== mon.0 v2:172.21.15.67:3300/0 3 ==== mon_map magic: 0 v1 ==== 229+0+0 (secure 0 0 0) 0x7fa264010380 con 0x7fa274077bf0
2023-12-05T09:18:05.414 INFO:teuthology.orchestra.run.smithi067.stdout:/usr/bin/ceph: stderr
2023-12-05T09:18:02.209+0000 7fa27a3cf700 1 -- 172.21.15.67:0/1901716156 >> [v2:172.21.15.67:3300/0,v1:172.21.15.67:6789/0] conn(0x7fa274077bf0 msgr2=0x7fa274076100 secure :-1 s=STATE_CONNECTION_ESTABLISHED l=1).mark_down
2023-12-05T09:18:05.414 INFO:teuthology.orchestra.run.smithi067.stdout:/usr/bin/ceph: stderr
2023-12-05T09:18:02.209+0000 7fa27a3cf700 1 --2- 172.21.15.67:0/1901716156 >> [v2:172.21.15.67:3300/0,v1:172.21.15.67:6789/0] conn(0x7fa274077bf0 0x7fa274076100 secure :-1 s=READY pgs=47 cs=0 l=1 rev1=1 crypto rx=0x7fa2640098e0 tx=0x7fa264009250 comp rx=0 tx=0).stop
2023-12-05T09:18:05.414 INFO:teuthology.orchestra.run.smithi067.stdout:/usr/bin/ceph: stderr
2023-12-05T09:18:02.209+0000 7fa27a3cf700 1 -- 172.21.15.67:0/1901716156 shutdown_connections
2023-12-05T09:18:05.414 INFO:teuthology.orchestra.run.smithi067.stdout:/usr/bin/ceph: stderr
2023-12-05T09:18:02.209+0000 7fa27a3cf700 1 --2- 172.21.15.67:0/1901716156 >> [v2:172.21.15.67:3300/0,v1:172.21.15.67:6789/0] conn(0x7fa274077bf0 0x7fa274076100 unknown :-1 s=CLOSED pgs=47 cs=0 l=1 rev1=1 crypto rx=0 tx=0 comp rx=0 tx=0).stop
2023-12-05T09:18:05.414 INFO:teuthology.orchestra.run.smithi067.stdout:/usr/bin/ceph: stderr
2023-12-05T09:18:02.209+0000 7fa27a3cf700 1 -- 172.21.15.67:0/1901716156 >> 172.21.15.67:0/1901716156 conn(0x7fa2740fda50 msgr2=0x7fa2740ffe60 unknown :-1 s=STATE_NONE l=0).mark_down
2023-12-05T09:18:05.414 INFO:teuthology.orchestra.run.smithi067.stdout:/usr/bin/ceph: stderr
2023-12-05T09:18:02.209+0000 7fa27a3cf700 1 -- 172.21.15.67:0/1901716156 shutdown_connections
2023-12-05T09:18:05.414 INFO:teuthology.orchestra.run.smithi067.stdout:/usr/bin/ceph: stderr
2023-12-05T09:18:02.209+0000 7fa27a3cf700 1 -- 172.21.15.67:0/1901716156 wait complete.
2023-12-05T09:18:05.415 INFO:teuthology.orchestra.run.smithi067.stdout:/usr/bin/ceph: stderr
2023-12-05T09:18:02.210+0000 7fa27a3cf700 1 Processor -- start
