2023-12-05T09:18:11.139+0000 7f3433fff700 1 --2- >> [v2:172.21.15.67:3300/0,v1:172.21.15.67:6789/0] conn(0x7f3434070f80 0x7f34341111b0 unknown :-1 s=HELLO_CONNECTING pgs=0 cs=0 l=1 rev1=1 crypto rx=0 tx=0 comp rx=0 tx=0).handle_hello peer v2:172.21.15.67:3300/0 says I am v2:172.21.15.67:47030/0 (socket says 172.21.15.67:47030)
2023-12-05T09:18:11.743 INFO:teuthology.orchestra.run.smithi067.stdout:/usr/bin/ceph: stderr
2023-12-05T09:18:11.139+0000 7f3433fff700 1 -- 172.21.15.67:0/3599483867 learned_addr learned my addr 172.21.15.67:0/3599483867 (peer_addr_for_me v2:172.21.15.67:0/0)
2023-12-05T09:18:11.743 INFO:teuthology.orchestra.run.smithi067.stdout:/usr/bin/ceph: stderr
2023-12-05T09:18:11.139+0000 7f3433fff700 1 -- 172.21.15.67:0/3599483867 --> [v2:172.21.15.67:3300/0,v1:172.21.15.67:6789/0] -- mon_subscribe({config=0+,monmap=0+}) v3 -- 0x7f34240094f0 con 0x7f3434070f80
2023-12-05T09:18:11.743 INFO:teuthology.orchestra.run.smithi067.stdout:/usr/bin/ceph: stderr
2023-12-05T09:18:11.140+0000 7f3433fff700 1 --2- 172.21.15.67:0/3599483867 >> [v2:172.21.15.67:3300/0,v1:172.21.15.67:6789/0] conn(0x7f3434070f80 0x7f34341111b0 secure :-1 s=READY pgs=60 cs=0 l=1 rev1=1 crypto rx=0x7f3424006d40 tx=0x7f3424009250 comp rx=0 tx=0).ready entity=mon.0 client_cookie=0 server_cookie=0 in_seq=0 out_seq=0
2023-12-05T09:18:11.743 INFO:teuthology.orchestra.run.smithi067.stdout:/usr/bin/ceph: stderr
2023-12-05T09:18:11.140+0000 7f3430ff9700 1 -- 172.21.15.67:0/3599483867 <== mon.0 v2:172.21.15.67:3300/0 1 ==== mon_map magic: 0 v1 ==== 229+0+0 (secure 0 0 0) 0x7f3424010960 con 0x7f3434070f80
2023-12-05T09:18:11.743 INFO:teuthology.orchestra.run.smithi067.stdout:/usr/bin/ceph: stderr
2023-12-05T09:18:11.140+0000 7f3430ff9700 1 -- 172.21.15.67:0/3599483867 <== mon.0 v2:172.21.15.67:3300/0 2 ==== config(26 keys) v1 ==== 1074+0+0 (secure 0 0 0) 0x7f342401a430 con 0x7f3434070f80
2023-12-05T09:18:11.743 INFO:teuthology.orchestra.run.smithi067.stdout:/usr/bin/ceph: stderr
2023-12-05T09:18:11.140+0000 7f343a342700 1 -- 172.21.15.67:0/3599483867 --> [v2:172.21.15.67:3300/0,v1:172.21.15.67:6789/0] -- mon_subscribe({mgrmap=0+}) v3 -- 0x7f34341118f0 con 0x7f3434070f80
2023-12-05T09:18:11.743 INFO:teuthology.orchestra.run.smithi067.stdout:/usr/bin/ceph: stderr
2023-12-05T09:18:11.140+0000 7f3430ff9700 1 -- 172.21.15.67:0/3599483867 <== mon.0 v2:172.21.15.67:3300/0 3 ==== mon_map magic: 0 v1 ==== 229+0+0 (secure 0 0 0) 0x7f34240245b0 con 0x7f3434070f80
2023-12-05T09:18:11.743 INFO:teuthology.orchestra.run.smithi067.stdout:/usr/bin/ceph: stderr
2023-12-05T09:18:11.140+0000 7f343a342700 1 -- 172.21.15.67:0/3599483867 --> [v2:172.21.15.67:3300/0,v1:172.21.15.67:6789/0] -- mon_subscribe({osdmap=0}) v3 -- 0x7f3434111d00 con 0x7f3434070f80
2023-12-05T09:18:11.743 INFO:teuthology.orchestra.run.smithi067.stdout:/usr/bin/ceph: stderr
2023-12-05T09:18:11.141+0000 7f3430ff9700 1 -- 172.21.15.67:0/3599483867 <== mon.0 v2:172.21.15.67:3300/0 4 ==== mgrmap(e 8) v1 ==== 43281+0+0 (secure 0 0 0) 0x7f342402d3f0 con 0x7f3434070f80
2023-12-05T09:18:11.743 INFO:teuthology.orchestra.run.smithi067.stdout:/usr/bin/ceph: stderr
2023-12-05T09:18:11.141+0000 7f343a342700 1 -- 172.21.15.67:0/3599483867 --> [v2:172.21.15.67:3300/0,v1:172.21.15.67:6789/0] -- mon_command({"prefix": "get_command_descriptions"} v 0) v1 -- 0x7f343404bb80 con 0x7f3434070f80
2023-12-05T09:18:11.743 INFO:teuthology.orchestra.run.smithi067.stdout:/usr/bin/ceph: stderr
2023-12-05T09:18:11.142+0000 7f3430ff9700 1 --2- 172.21.15.67:0/3599483867 >> [v2:172.21.15.67:6800/2543364948,v1:172.21.15.67:6801/2543364948] conn(0x7f341c036640 0x7f341c038af0 unknown :-1 s=NONE pgs=0 cs=0 l=1 rev1=0 crypto rx=0 tx=0 comp rx=0 tx=0).connect
2023-12-05T09:18:11.743 INFO:teuthology.orchestra.run.smithi067.stdout:/usr/bin/ceph: stderr
2023-12-05T09:18:11.142+0000 7f3430ff9700 1 -- 172.21.15.67:0/3599483867 <== mon.0 v2:172.21.15.67:3300/0 5 ==== osd_map(2..2 src has 1..2) v4 ==== 936+0+0 (secure 0 0 0) 0x7f342404a160 con 0x7f3434070f80
2023-12-05T09:18:11.743 INFO:teuthology.orchestra.run.smithi067.stdout:/usr/bin/ceph: stderr
2023-12-05T09:18:11.142+0000 7f34337fe700 1 --2- 172.21.15.67:0/3599483867 >> [v2:172.21.15.67:6800/2543364948,v1:172.21.15.67:6801/2543364948] conn(0x7f341c036640 0x7f341c038af0 unknown :-1 s=BANNER_CONNECTING pgs=0 cs=0 l=1 rev1=0 crypto rx=0 tx=0 comp rx=0 tx=0)._handle_peer_banner_payload supported=3 required=0
2023-12-05T09:18:11.744 INFO:teuthology.orchestra.run.smithi067.stdout:/usr/bin/ceph: stderr
2023-12-05T09:18:11.143+0000 7f34337fe700 1 --2- 172.21.15.67:0/3599483867 >> [v2:172.21.15.67:6800/2543364948,v1:172.21.15.67:6801/2543364948] conn(0x7f341c036640 0x7f341c038af0 secure :-1 s=READY pgs=17 cs=0 l=1 rev1=1 crypto rx=0x7f3428009990 tx=0x7f3428006e40 comp rx=0 tx=0).ready entity=mgr.14122 client_cookie=0 server_cookie=0 in_seq=0 out_seq=0
2023-12-05T09:18:11.744 INFO:teuthology.orchestra.run.smithi067.stdout:/usr/bin/ceph: stderr
2023-12-05T09:18:11.147+0000 7f3430ff9700 1 -- 172.21.15.67:0/3599483867 <== mon.0 v2:172.21.15.67:3300/0 6 ==== mon_command_ack([{"prefix": "get_command_descriptions"}]=0 v0) v1 ==== 72+0+174570 (secure 0 0 0) 0x7f342402b8e0 con 0x7f3434070f80
2023-12-05T09:18:11.744 INFO:teuthology.orchestra.run.smithi067.stdout:/usr/bin/ceph: stderr
2023-12-05T09:18:11.370+0000 7f343a342700 1 -- 172.21.15.67:0/3599483867 --> [v2:172.21.15.67:6800/2543364948,v1:172.21.15.67:6801/2543364948] -- mgr_command(tid 0: {"prefix": "orch apply", "service_type": "node-exporter", "target": ["mon-mgr", ""]}) v1 -- 0x7f343410aff0 con 0x7f341c036640
2023-12-05T09:18:11.744 INFO:teuthology.orchestra.run.smithi067.stdout:/usr/bin/ceph: stderr
2023-12-05T09:18:11.374+0000 7f3430ff9700 1 -- 172.21.15.67:0/3599483867 <== mgr.14122 v2:172.21.15.67:6800/2543364948 1 ==== mgr_command_reply(tid 0: 0 ) v1 ==== 8+0+34 (secure 0 0 0) 0x7f343410aff0 con 0x7f341c036640
2023-12-05T09:18:11.744 INFO:teuthology.orchestra.run.smithi067.stdout:/usr/bin/ceph: stderr
2023-12-05T09:18:11.377+0000 7f343a342700 1 -- 172.21.15.67:0/3599483867 >> [v2:172.21.15.67:6800/2543364948,v1:172.21.15.67:6801/2543364948] conn(0x7f341c036640 msgr2=0x7f341c038af0 secure :-1 s=STATE_CONNECTION_ESTABLISHED l=1).mark_down
2023-12-05T09:18:11.744 INFO:teuthology.orchestra.run.smithi067.stdout:/usr/bin/ceph: stderr
2023-12-05T09:18:11.377+0000 7f343a342700 1 --2- 172.21.15.67:0/3599483867 >> [v2:172.21.15.67:6800/2543364948,v1:172.21.15.67:6801/2543364948] conn(0x7f341c036640 0x7f341c038af0 secure :-1 s=READY pgs=17 cs=0 l=1 rev1=1 crypto rx=0x7f3428009990 tx=0x7f3428006e40 comp rx=0 tx=0).stop
2023-12-05T09:18:11.744 INFO:teuthology.orchestra.run.smithi067.stdout:/usr/bin/ceph: stderr
2023-12-05T09:18:11.377+0000 7f343a342700 1 -- 172.21.15.67:0/3599483867 >> [v2:172.21.15.67:3300/0,v1:172.21.15.67:6789/0] conn(0x7f3434070f80 msgr2=0x7f34341111b0 secure :-1 s=STATE_CONNECTION_ESTABLISHED l=1).mark_down
2023-12-05T09:18:11.744 INFO:teuthology.orchestra.run.smithi067.stdout:/usr/bin/ceph: stderr
2023-12-05T09:18:11.377+0000 7f343a342700 1 --2- 172.21.15.67:0/3599483867 >> [v2:172.21.15.67:3300/0,v1:172.21.15.67:6789/0] conn(0x7f3434070f80 0x7f34341111b0 secure :-1 s=READY pgs=60 cs=0 l=1 rev1=1 crypto rx=0x7f3424006d40 tx=0x7f3424009250 comp rx=0 tx=0).stop
2023-12-05T09:18:11.744 INFO:teuthology.orchestra.run.smithi067.stdout:/usr/bin/ceph: stderr
2023-12-05T09:18:11.377+0000 7f343a342700 1 -- 172.21.15.67:0/3599483867 shutdown_connections
2023-12-05T09:18:11.744 INFO:teuthology.orchestra.run.smithi067.stdout:/usr/bin/ceph: stderr
2023-12-05T09:18:11.377+0000 7f343a342700 1 --2- 172.21.15.67:0/3599483867 >> [v2:172.21.15.67:6800/2543364948,v1:172.21.15.67:6801/2543364948] conn(0x7f341c036640 0x7f341c038af0 unknown :-1 s=CLOSED pgs=17 cs=0 l=1 rev1=1 crypto rx=0 tx=0 comp rx=0 tx=0).stop
2023-12-05T09:18:11.744 INFO:teuthology.orchestra.run.smithi067.stdout:/usr/bin/ceph: stderr
2023-12-05T09:18:11.377+0000 7f343a342700 1 --2- 172.21.15.67:0/3599483867 >> [v2:172.21.15.67:3300/0,v1:172.21.15.67:6789/0] conn(0x7f3434070f80 0x7f34341111b0 unknown :-1 s=CLOSED pgs=60 cs=0 l=1 rev1=1 crypto rx=0 tx=0 comp rx=0 tx=0).stop
2023-12-05T09:18:11.744 INFO:teuthology.orchestra.run.smithi067.stdout:/usr/bin/ceph: stderr
2023-12-05T09:18:11.377+0000 7f343a342700 1 -- 172.21.15.67:0/3599483867 >> 172.21.15.67:0/3599483867 conn(0x7f34340fc970 msgr2=0x7f34340fe170 unknown :-1 s=STATE_NONE l=0).mark_down
2023-12-05T09:18:11.744 INFO:teuthology.orchestra.run.smithi067.stdout:/usr/bin/ceph: stderr
2023-12-05T09:18:11.377+0000 7f343a342700 1 -- 172.21.15.67:0/3599483867 shutdown_connections
2023-12-05T09:18:11.744 INFO:teuthology.orchestra.run.smithi067.stdout:/usr/bin/ceph: stderr
2023-12-05T09:18:11.377+0000 7f343a342700 1 -- 172.21.15.67:0/3599483867 wait complete.
2023-12-05T09:18:11.744 INFO:teuthology.orchestra.run.smithi067.stdout:Deploying alertmanager service with default placement...
2023-12-05T09:18:11.883 INFO:journalctl@ceph.mon.smithi067.smithi067.stdout:Dec 05 09:18:11 smithi067 ceph-mon[107174]: from='client.14152 -' entity='client.admin' cmd=[{"prefix": "orch apply", "service_type": "grafana", "target": ["mon-mgr", ""]}]: dispatch
2023-12-05T09:18:11.883 INFO:journalctl@ceph.mon.smithi067.smithi067.stdout:Dec 05 09:18:11 smithi067 ceph-mon[107174]: Saving service grafana spec with placement count:1
2023-12-05T09:18:11.883 INFO:journalctl@ceph.mon.smithi067.smithi067.stdout:Dec 05 09:18:11 smithi067 ceph-mon[107174]: from='mgr.14122 172.21.15.67:0/2556597652' entity='mgr.smithi067.alxtvv'
2023-12-05T09:18:12.641 INFO:teuthology.orchestra.run.smithi067.stdout:/usr/bin/ceph: stdout Scheduled alertmanager update...
2023-12-05T09:18:12.641 INFO:teuthology.orchestra.run.smithi067.stdout:/usr/bin/ceph: stderr
2023-12-05T09:18:12.113+0000 7fdb6bfff700 1 Processor -- start
2023-12-05T09:18:12.641 INFO:teuthology.orchestra.run.smithi067.stdout:/usr/bin/ceph: stderr
2023-12-05T09:18:12.113+0000 7fdb6bfff700 1 -- start start
2023-12-05T09:18:12.641 INFO:teuthology.orchestra.run.smithi067.stdout:/usr/bin/ceph: stderr
2023-12-05T09:18:12.113+0000 7fdb6bfff700 1 --2- >> [v2:172.21.15.67:3300/0,v1:172.21.15.67:6789/0] conn(0x7fdb6c102140 0x7fdb6c102550 unknown :-1 s=NONE pgs=0 cs=0 l=0 rev1=0 crypto rx=0 tx=0 comp rx=0 tx=0).connect
2023-12-05T09:18:12.641 INFO:teuthology.orchestra.run.smithi067.stdout:/usr/bin/ceph: stderr
2023-12-05T09:18:12.113+0000 7fdb6bfff700 1 -- --> [v2:172.21.15.67:3300/0,v1:172.21.15.67:6789/0] -- mon_getmap magic: 0 v1 -- 0x7fdb6c102a90 con 0x7fdb6c102140
2023-12-05T09:18:12.641 INFO:teuthology.orchestra.run.smithi067.stdout:/usr/bin/ceph: stderr
2023-12-05T09:18:12.113+0000 7fdb6affd700 1 --2- >> [v2:172.21.15.67:3300/0,v1:172.21.15.67:6789/0] conn(0x7fdb6c102140 0x7fdb6c102550 unknown :-1 s=BANNER_CONNECTING pgs=0 cs=0 l=0 rev1=0 crypto rx=0 tx=0 comp rx=0 tx=0)._handle_peer_banner_payload supported=3 required=0
2023-12-05T09:18:12.641 INFO:teuthology.orchestra.run.smithi067.stdout:/usr/bin/ceph: stderr
2023-12-05T09:18:12.114+0000 7fdb6affd700 1 --2- >> [v2:172.21.15.67:3300/0,v1:172.21.15.67:6789/0] conn(0x7fdb6c102140 0x7fdb6c102550 unknown :-1 s=HELLO_CONNECTING pgs=0 cs=0 l=0 rev1=1 crypto rx=0 tx=0 comp rx=0 tx=0).handle_hello peer v2:172.21.15.67:3300/0 says I am v2:172.21.15.67:47032/0 (socket says 172.21.15.67:47032)
2023-12-05T09:18:12.641 INFO:teuthology.orchestra.run.smithi067.stdout:/usr/bin/ceph: stderr
2023-12-05T09:18:12.114+0000 7fdb6affd700 1 -- 172.21.15.67:0/3231981815 learned_addr learned my addr 172.21.15.67:0/3231981815 (peer_addr_for_me v2:172.21.15.67:0/0)
2023-12-05T09:18:12.642 INFO:teuthology.orchestra.run.smithi067.stdout:/usr/bin/ceph: stderr
2023-12-05T09:18:12.114+0000 7fdb6affd700 1 -- 172.21.15.67:0/3231981815 --> [v2:172.21.15.67:3300/0,v1:172.21.15.67:6789/0] -- mon_subscribe({config=0+,monmap=0+}) v3 -- 0x7fdb6c102bd0 con 0x7fdb6c102140
2023-12-05T09:18:12.642 INFO:teuthology.orchestra.run.smithi067.stdout:/usr/bin/ceph: stderr
2023-12-05T09:18:12.114+0000 7fdb6affd700 1 --2- 172.21.15.67:0/3231981815 >> [v2:172.21.15.67:3300/0,v1:172.21.15.67:6789/0] conn(0x7fdb6c102140 0x7fdb6c102550 secure :-1 s=READY pgs=61 cs=0 l=1 rev1=1 crypto rx=0x7fdb5c0098e0 tx=0x7fdb5c009250 comp rx=0 tx=0).ready entity=mon.0 client_cookie=79b4cb28323a384b server_cookie=0 in_seq=0 out_seq=0
2023-12-05T09:18:12.642 INFO:teuthology.orchestra.run.smithi067.stdout:/usr/bin/ceph: stderr
2023-12-05T09:18:12.114+0000 7fdb69ffb700 1 -- 172.21.15.67:0/3231981815 <== mon.0 v2:172.21.15.67:3300/0 1 ==== mon_map magic: 0 v1 ==== 229+0+0 (secure 0 0 0) 0x7fdb5c00b860 con 0x7fdb6c102140
2023-12-05T09:18:12.642 INFO:teuthology.orchestra.run.smithi067.stdout:/usr/bin/ceph: stderr
2023-12-05T09:18:12.114+0000 7fdb69ffb700 1 -- 172.21.15.67:0/3231981815 <== mon.0 v2:172.21.15.67:3300/0 2 ==== config(26 keys) v1 ==== 1074+0+0 (secure 0 0 0) 0x7fdb5c00be70 con 0x7fdb6c102140
2023-12-05T09:18:12.642 INFO:teuthology.orchestra.run.smithi067.stdout:/usr/bin/ceph: stderr
2023-12-05T09:18:12.114+0000 7fdb69ffb700 1 -- 172.21.15.67:0/3231981815 <== mon.0 v2:172.21.15.67:3300/0 3 ==== mon_map magic: 0 v1 ==== 229+0+0 (secure 0 0 0) 0x7fdb5c010380 con 0x7fdb6c102140
2023-12-05T09:18:12.642 INFO:teuthology.orchestra.run.smithi067.stdout:/usr/bin/ceph: stderr
2023-12-05T09:18:12.115+0000 7fdb6bfff700 1 -- 172.21.15.67:0/3231981815 >> [v2:172.21.15.67:3300/0,v1:172.21.15.67:6789/0] conn(0x7fdb6c102140 msgr2=0x7fdb6c102550 secure :-1 s=STATE_CONNECTION_ESTABLISHED l=1).mark_down
2023-12-05T09:18:12.642 INFO:teuthology.orchestra.run.smithi067.stdout:/usr/bin/ceph: stderr
2023-12-05T09:18:12.115+0000 7fdb6bfff700 1 --2- 172.21.15.67:0/3231981815 >> [v2:172.21.15.67:3300/0,v1:172.21.15.67:6789/0] conn(0x7fdb6c102140 0x7fdb6c102550 secure :-1 s=READY pgs=61 cs=0 l=1 rev1=1 crypto rx=0x7fdb5c0098e0 tx=0x7fdb5c009250 comp rx=0 tx=0).stop
2023-12-05T09:18:12.642 INFO:teuthology.orchestra.run.smithi067.stdout:/usr/bin/ceph: stderr
2023-12-05T09:18:12.115+0000 7fdb6bfff700 1 -- 172.21.15.67:0/3231981815 shutdown_connections
2023-12-05T09:18:12.642 INFO:teuthology.orchestra.run.smithi067.stdout:/usr/bin/ceph: stderr
2023-12-05T09:18:12.115+0000 7fdb6bfff700 1 --2- 172.21.15.67:0/3231981815 >> [v2:172.21.15.67:3300/0,v1:172.21.15.67:6789/0] conn(0x7fdb6c102140 0x7fdb6c102550 unknown :-1 s=CLOSED pgs=61 cs=0 l=1 rev1=1 crypto rx=0 tx=0 comp rx=0 tx=0).stop
2023-12-05T09:18:12.642 INFO:teuthology.orchestra.run.smithi067.stdout:/usr/bin/ceph: stderr
2023-12-05T09:18:12.115+0000 7fdb6bfff700 1 -- 172.21.15.67:0/3231981815 >> 172.21.15.67:0/3231981815 conn(0x7fdb6c0fd880 msgr2=0x7fdb6c0ffcd0 unknown :-1 s=STATE_NONE l=0).mark_down
2023-12-05T09:18:12.642 INFO:teuthology.orchestra.run.smithi067.stdout:/usr/bin/ceph: stderr
2023-12-05T09:18:12.115+0000 7fdb6bfff700 1 -- 172.21.15.67:0/3231981815 shutdown_connections
2023-12-05T09:18:12.642 INFO:teuthology.orchestra.run.smithi067.stdout:/usr/bin/ceph: stderr
2023-12-05T09:18:12.115+0000 7fdb6bfff700 1 -- 172.21.15.67:0/3231981815 wait complete.
2023-12-05T09:18:12.642 INFO:teuthology.orchestra.run.smithi067.stdout:/usr/bin/ceph: stderr
2023-12-05T09:18:12.116+0000 7fdb6bfff700 1 Processor -- start
2023-12-05T09:18:12.642 INFO:teuthology.orchestra.run.smithi067.stdout:/usr/bin/ceph: stderr
2023-12-05T09:18:12.116+0000 7fdb6bfff700 1 -- start start
2023-12-05T09:18:12.642 INFO:teuthology.orchestra.run.smithi067.stdout:/usr/bin/ceph: stderr
2023-12-05T09:18:12.116+0000 7fdb6bfff700 1 --2- >> [v2:172.21.15.67:3300/0,v1:172.21.15.67:6789/0] conn(0x7fdb6c102140 0x7fdb6c077c00 unknown :-1 s=NONE pgs=0 cs=0 l=1 rev1=0 crypto rx=0 tx=0 comp rx=0 tx=0).connect
2023-12-05T09:18:12.643 INFO:teuthology.orchestra.run.smithi067.stdout:/usr/bin/ceph: stderr
2023-12-05T09:18:12.116+0000 7fdb6bfff700 1 -- --> [v2:172.21.15.67:3300/0,v1:172.21.15.67:6789/0] -- mon_getmap magic: 0 v1 -- 0x7fdb6c076080 con 0x7fdb6c102140
2023-12-05T09:18:12.643 INFO:teuthology.orchestra.run.smithi067.stdout:/usr/bin/ceph: stderr
2023-12-05T09:18:12.117+0000 7fdb6affd700 1 --2- >> [v2:172.21.15.67:3300/0,v1:172.21.15.67:6789/0] conn(0x7fdb6c102140 0x7fdb6c077c00 unknown :-1 s=BANNER_CONNECTING pgs=0 cs=0 l=1 rev1=0 crypto rx=0 tx=0 comp rx=0 tx=0)._handle_peer_banner_payload supported=3 required=0
2023-12-05T09:18:12.643 INFO:teuthology.orchestra.run.smithi067.stdout:/usr/bin/ceph: stderr
2023-12-05T09:18:12.117+0000 7fdb6affd700 1 --2- >> [v2:172.21.15.67:3300/0,v1:172.21.15.67:6789/0] conn(0x7fdb6c102140 0x7fdb6c077c00 unknown :-1 s=HELLO_CONNECTING pgs=0 cs=0 l=1 rev1=1 crypto rx=0 tx=0 comp rx=0 tx=0).handle_hello peer v2:172.21.15.67:3300/0 says I am v2:172.21.15.67:47046/0 (socket says 172.21.15.67:47046)
2023-12-05T09:18:12.643 INFO:teuthology.orchestra.run.smithi067.stdout:/usr/bin/ceph: stderr
2023-12-05T09:18:12.117+0000 7fdb6affd700 1 -- 172.21.15.67:0/2973722201 learned_addr learned my addr 172.21.15.67:0/2973722201 (peer_addr_for_me v2:172.21.15.67:0/0)
2023-12-05T09:18:12.643 INFO:teuthology.orchestra.run.smithi067.stdout:/usr/bin/ceph: stderr
2023-12-05T09:18:12.117+0000 7fdb6affd700 1 -- 172.21.15.67:0/2973722201 --> [v2:172.21.15.67:3300/0,v1:172.21.15.67:6789/0] -- mon_subscribe({config=0+,monmap=0+}) v3 -- 0x7fdb5c0094f0 con 0x7fdb6c102140
2023-12-05T09:18:12.643 INFO:teuthology.orchestra.run.smithi067.stdout:/usr/bin/ceph: stderr
2023-12-05T09:18:12.117+0000 7fdb6affd700 1 --2- 172.21.15.67:0/2973722201 >> [v2:172.21.15.67:3300/0,v1:172.21.15.67:6789/0] conn(0x7fdb6c102140 0x7fdb6c077c00 secure :-1 s=READY pgs=62 cs=0 l=1 rev1=1 crypto rx=0x7fdb5c00c010 tx=0x7fdb5c009250 comp rx=0 tx=0).ready entity=mon.0 client_cookie=0 server_cookie=0 in_seq=0 out_seq=0
2023-12-05T09:18:12.643 INFO:teuthology.orchestra.run.smithi067.stdout:/usr/bin/ceph: stderr
2023-12-05T09:18:12.117+0000 7fdb537fe700 1 -- 172.21.15.67:0/2973722201 <== mon.0 v2:172.21.15.67:3300/0 1 ==== mon_map magic: 0 v1 ==== 229+0+0 (secure 0 0 0) 0x7fdb5c010960 con 0x7fdb6c102140
2023-12-05T09:18:12.643 INFO:teuthology.orchestra.run.smithi067.stdout:/usr/bin/ceph: stderr
2023-12-05T09:18:12.117+0000 7fdb537fe700 1 -- 172.21.15.67:0/2973722201 <== mon.0 v2:172.21.15.67:3300/0 2 ==== config(26 keys) v1 ==== 1074+0+0 (secure 0 0 0) 0x7fdb5c01a430 con 0x7fdb6c102140
2023-12-05T09:18:12.643 INFO:teuthology.orchestra.run.smithi067.stdout:/usr/bin/ceph: stderr
2023-12-05T09:18:12.118+0000 7fdb537fe700 1 -- 172.21.15.67:0/2973722201 <== mon.0 v2:172.21.15.67:3300/0 3 ==== mon_map magic: 0 v1 ==== 229+0+0 (secure 0 0 0) 0x7fdb5c019580 con 0x7fdb6c102140
2023-12-05T09:18:12.643 INFO:teuthology.orchestra.run.smithi067.stdout:/usr/bin/ceph: stderr
2023-12-05T09:18:12.118+0000 7fdb6bfff700 1 -- 172.21.15.67:0/2973722201 --> [v2:172.21.15.67:3300/0,v1:172.21.15.67:6789/0] -- mon_subscribe({mgrmap=0+}) v3 -- 0x7fdb6c076280 con 0x7fdb6c102140
2023-12-05T09:18:12.643 INFO:teuthology.orchestra.run.smithi067.stdout:/usr/bin/ceph: stderr
2023-12-05T09:18:12.118+0000 7fdb6bfff700 1 -- 172.21.15.67:0/2973722201 --> [v2:172.21.15.67:3300/0,v1:172.21.15.67:6789/0] -- mon_subscribe({osdmap=0}) v3 -- 0x7fdb6c076690 con 0x7fdb6c102140
2023-12-05T09:18:12.643 INFO:teuthology.orchestra.run.smithi067.stdout:/usr/bin/ceph: stderr
2023-12-05T09:18:12.119+0000 7fdb537fe700 1 -- 172.21.15.67:0/2973722201 <== mon.0 v2:172.21.15.67:3300/0 4 ==== mgrmap(e 8) v1 ==== 43281+0+0 (secure 0 0 0) 0x7fdb5c01a980 con 0x7fdb6c102140
2023-12-05T09:18:12.643 INFO:teuthology.orchestra.run.smithi067.stdout:/usr/bin/ceph: stderr
2023-12-05T09:18:12.119+0000 7fdb6bfff700 1 -- 172.21.15.67:0/2973722201 --> [v2:172.21.15.67:3300/0,v1:172.21.15.67:6789/0] -- mon_command({"prefix": "get_command_descriptions"} v 0) v1 -- 0x7fdb6c04bb80 con 0x7fdb6c102140
2023-12-05T09:18:12.643 INFO:teuthology.orchestra.run.smithi067.stdout:/usr/bin/ceph: stderr
2023-12-05T09:18:12.119+0000 7fdb537fe700 1 --2- 172.21.15.67:0/2973722201 >> [v2:172.21.15.67:6800/2543364948,v1:172.21.15.67:6801/2543364948] conn(0x7fdb54036640 0x7fdb54038af0 unknown :-1 s=NONE pgs=0 cs=0 l=1 rev1=0 crypto rx=0 tx=0 comp rx=0 tx=0).connect
2023-12-05T09:18:12.643 INFO:teuthology.orchestra.run.smithi067.stdout:/usr/bin/ceph: stderr
2023-12-05T09:18:12.119+0000 7fdb537fe700 1 -- 172.21.15.67:0/2973722201 <== mon.0 v2:172.21.15.67:3300/0 5 ==== osd_map(2..2 src has 1..2) v4 ==== 936+0+0 (secure 0 0 0) 0x7fdb5c04a360 con 0x7fdb6c102140
2023-12-05T09:18:12.644 INFO:teuthology.orchestra.run.smithi067.stdout:/usr/bin/ceph: stderr
2023-12-05T09:18:12.119+0000 7fdb6a7fc700 1 --2- 172.21.15.67:0/2973722201 >> [v2:172.21.15.67:6800/2543364948,v1:172.21.15.67:6801/2543364948] conn(0x7fdb54036640 0x7fdb54038af0 unknown :-1 s=BANNER_CONNECTING pgs=0 cs=0 l=1 rev1=0 crypto rx=0 tx=0 comp rx=0 tx=0)._handle_peer_banner_payload supported=3 required=0
2023-12-05T09:18:12.644 INFO:teuthology.orchestra.run.smithi067.stdout:/usr/bin/ceph: stderr
2023-12-05T09:18:12.120+0000 7fdb6a7fc700 1 --2- 172.21.15.67:0/2973722201 >> [v2:172.21.15.67:6800/2543364948,v1:172.21.15.67:6801/2543364948] conn(0x7fdb54036640 0x7fdb54038af0 secure :-1 s=READY pgs=18 cs=0 l=1 rev1=1 crypto rx=0x7fdb60009990 tx=0x7fdb60006e40 comp rx=0 tx=0).ready entity=mgr.14122 client_cookie=0 server_cookie=0 in_seq=0 out_seq=0
2023-12-05T09:18:12.644 INFO:teuthology.orchestra.run.smithi067.stdout:/usr/bin/ceph: stderr
2023-12-05T09:18:12.124+0000 7fdb537fe700 1 -- 172.21.15.67:0/2973722201 <== mon.0 v2:172.21.15.67:3300/0 6 ==== mon_command_ack([{"prefix": "get_command_descriptions"}]=0 v0) v1 ==== 72+0+174570 (secure 0 0 0) 0x7fdb5c02bb30 con 0x7fdb6c102140
2023-12-05T09:18:12.644 INFO:teuthology.orchestra.run.smithi067.stdout:/usr/bin/ceph: stderr
2023-12-05T09:18:12.338+0000 7fdb6bfff700 1 -- 172.21.15.67:0/2973722201 --> [v2:172.21.15.67:6800/2543364948,v1:172.21.15.67:6801/2543364948] -- mgr_command(tid 0: {"prefix": "orch apply", "service_type": "alertmanager", "target": ["mon-mgr", ""]}) v1 -- 0x7fdb6c10ac70 con 0x7fdb54036640
2023-12-05T09:18:12.644 INFO:teuthology.orchestra.run.smithi067.stdout:/usr/bin/ceph: stderr
2023-12-05T09:18:12.342+0000 7fdb537fe700 1 -- 172.21.15.67:0/2973722201 <== mgr.14122 v2:172.21.15.67:6800/2543364948 1 ==== mgr_command_reply(tid 0: 0 ) v1 ==== 8+0+33 (secure 0 0 0) 0x7fdb6c10ac70 con 0x7fdb54036640
2023-12-05T09:18:12.644 INFO:teuthology.orchestra.run.smithi067.stdout:/usr/bin/ceph: stderr
2023-12-05T09:18:12.345+0000 7fdb6bfff700 1 -- 172.21.15.67:0/2973722201 >> [v2:172.21.15.67:6800/2543364948,v1:172.21.15.67:6801/2543364948] conn(0x7fdb54036640 msgr2=0x7fdb54038af0 secure :-1 s=STATE_CONNECTION_ESTABLISHED l=1).mark_down
2023-12-05T09:18:12.644 INFO:teuthology.orchestra.run.smithi067.stdout:/usr/bin/ceph: stderr
2023-12-05T09:18:12.345+0000 7fdb6bfff700 1 --2- 172.21.15.67:0/2973722201 >> [v2:172.21.15.67:6800/2543364948,v1:172.21.15.67:6801/2543364948] conn(0x7fdb54036640 0x7fdb54038af0 secure :-1 s=READY pgs=18 cs=0 l=1 rev1=1 crypto rx=0x7fdb60009990 tx=0x7fdb60006e40 comp rx=0 tx=0).stop
2023-12-05T09:18:12.644 INFO:teuthology.orchestra.run.smithi067.stdout:/usr/bin/ceph: stderr
2023-12-05T09:18:12.345+0000 7fdb6bfff700 1 -- 172.21.15.67:0/2973722201 >> [v2:172.21.15.67:3300/0,v1:172.21.15.67:6789/0] conn(0x7fdb6c102140 msgr2=0x7fdb6c077c00 secure :-1 s=STATE_CONNECTION_ESTABLISHED l=1).mark_down
2023-12-05T09:18:12.644 INFO:teuthology.orchestra.run.smithi067.stdout:/usr/bin/ceph: stderr
2023-12-05T09:18:12.345+0000 7fdb6bfff700 1 --2- 172.21.15.67:0/2973722201 >> [v2:172.21.15.67:3300/0,v1:172.21.15.67:6789/0] conn(0x7fdb6c102140 0x7fdb6c077c00 secure :-1 s=READY pgs=62 cs=0 l=1 rev1=1 crypto rx=0x7fdb5c00c010 tx=0x7fdb5c009250 comp rx=0 tx=0).stop
2023-12-05T09:18:12.644 INFO:teuthology.orchestra.run.smithi067.stdout:/usr/bin/ceph: stderr
2023-12-05T09:18:12.345+0000 7fdb6bfff700 1 -- 172.21.15.67:0/2973722201 shutdown_connections
2023-12-05T09:18:12.644 INFO:teuthology.orchestra.run.smithi067.stdout:/usr/bin/ceph: stderr
2023-12-05T09:18:12.345+0000 7fdb6bfff700 1 --2- 172.21.15.67:0/2973722201 >> [v2:172.21.15.67:6800/2543364948,v1:172.21.15.67:6801/2543364948] conn(0x7fdb54036640 0x7fdb54038af0 unknown :-1 s=CLOSED pgs=18 cs=0 l=1 rev1=1 crypto rx=0 tx=0 comp rx=0 tx=0).stop
2023-12-05T09:18:12.644 INFO:teuthology.orchestra.run.smithi067.stdout:/usr/bin/ceph: stderr
2023-12-05T09:18:12.345+0000 7fdb6bfff700 1 --2- 172.21.15.67:0/2973722201 >> [v2:172.21.15.67:3300/0,v1:172.21.15.67:6789/0] conn(0x7fdb6c102140 0x7fdb6c077c00 unknown :-1 s=CLOSED pgs=62 cs=0 l=1 rev1=1 crypto rx=0 tx=0 comp rx=0 tx=0).stop
2023-12-05T09:18:12.644 INFO:teuthology.orchestra.run.smithi067.stdout:/usr/bin/ceph: stderr
2023-12-05T09:18:12.345+0000 7fdb6bfff700 1 -- 172.21.15.67:0/2973722201 >> 172.21.15.67:0/2973722201 conn(0x7fdb6c0fd880 msgr2=0x7fdb6c0ff000 unknown :-1 s=STATE_NONE l=0).mark_down
2023-12-05T09:18:12.644 INFO:teuthology.orchestra.run.smithi067.stdout:/usr/bin/ceph: stderr
2023-12-05T09:18:12.345+0000 7fdb6bfff700 1 -- 172.21.15.67:0/2973722201 shutdown_connections
2023-12-05T09:18:12.644 INFO:teuthology.orchestra.run.smithi067.stdout:/usr/bin/ceph: stderr
2023-12-05T09:18:12.345+0000 7fdb6bfff700 1 -- 172.21.15.67:0/2973722201 wait complete.
2023-12-05T09:18:13.122 INFO:journalctl@ceph.mon.smithi067.smithi067.stdout:Dec 05 09:18:12 smithi067 ceph-mon[107174]: from='client.14154 -' entity='client.admin' cmd=[{"prefix": "orch apply", "service_type": "node-exporter", "target": ["mon-mgr", ""]}]: dispatch
2023-12-05T09:18:13.122 INFO:journalctl@ceph.mon.smithi067.smithi067.stdout:Dec 05 09:18:12 smithi067 ceph-mon[107174]: Saving service node-exporter spec with placement *
2023-12-05T09:18:13.122 INFO:journalctl@ceph.mon.smithi067.smithi067.stdout:Dec 05 09:18:12 smithi067 ceph-mon[107174]: from='mgr.14122 172.21.15.67:0/2556597652' entity='mgr.smithi067.alxtvv'
2023-12-05T09:18:13.552 INFO:teuthology.orchestra.run.smithi067.stdout:/usr/bin/ceph: stderr
2023-12-05T09:18:13.032+0000 7f99066e2700 1 Processor -- start
2023-12-05T09:18:13.552 INFO:teuthology.orchestra.run.smithi067.stdout:/usr/bin/ceph: stderr
2023-12-05T09:18:13.033+0000 7f99066e2700 1 -- start start
2023-12-05T09:18:13.553 INFO:teuthology.orchestra.run.smithi067.stdout:/usr/bin/ceph: stderr
2023-12-05T09:18:13.033+0000 7f99066e2700 1 --2- >> [v2:172.21.15.67:3300/0,v1:172.21.15.67:6789/0] conn(0x7f99001022d0 0x7f99001026e0 unknown :-1 s=NONE pgs=0 cs=0 l=0 rev1=0 crypto rx=0 tx=0 comp rx=0 tx=0).connect
2023-12-05T09:18:13.553 INFO:teuthology.orchestra.run.smithi067.stdout:/usr/bin/ceph: stderr
2023-12-05T09:18:13.033+0000 7f99066e2700 1 -- --> [v2:172.21.15.67:3300/0,v1:172.21.15.67:6789/0] -- mon_getmap magic: 0 v1 -- 0x7f9900102c20 con 0x7f99001022d0
2023-12-05T09:18:13.553 INFO:teuthology.orchestra.run.smithi067.stdout:/usr/bin/ceph: stderr
2023-12-05T09:18:13.033+0000 7f98fffff700 1 --2- >> [v2:172.21.15.67:3300/0,v1:172.21.15.67:6789/0] conn(0x7f99001022d0 0x7f99001026e0 unknown :-1 s=BANNER_CONNECTING pgs=0 cs=0 l=0 rev1=0 crypto rx=0 tx=0 comp rx=0 tx=0)._handle_peer_banner_payload supported=3 required=0
2023-12-05T09:18:13.553 INFO:teuthology.orchestra.run.smithi067.stdout:/usr/bin/ceph: stderr
2023-12-05T09:18:13.033+0000 7f98fffff700 1 --2- >> [v2:172.21.15.67:3300/0,v1:172.21.15.67:6789/0] conn(0x7f99001022d0 0x7f99001026e0 unknown :-1 s=HELLO_CONNECTING pgs=0 cs=0 l=0 rev1=1 crypto rx=0 tx=0 comp rx=0 tx=0).handle_hello peer v2:172.21.15.67:3300/0 says I am v2:172.21.15.67:47056/0 (socket says 172.21.15.67:47056)
2023-12-05T09:18:13.553 INFO:teuthology.orchestra.run.smithi067.stdout:/usr/bin/ceph: stderr
2023-12-05T09:18:13.033+0000 7f98fffff700 1 -- 172.21.15.67:0/2699790424 learned_addr learned my addr 172.21.15.67:0/2699790424 (peer_addr_for_me v2:172.21.15.67:0/0)
2023-12-05T09:18:13.553 INFO:teuthology.orchestra.run.smithi067.stdout:/usr/bin/ceph: stderr
2023-12-05T09:18:13.034+0000 7f98fffff700 1 -- 172.21.15.67:0/2699790424 --> [v2:172.21.15.67:3300/0,v1:172.21.15.67:6789/0] -- mon_subscribe({config=0+,monmap=0+}) v3 -- 0x7f9900102d60 con 0x7f99001022d0
2023-12-05T09:18:13.553 INFO:teuthology.orchestra.run.smithi067.stdout:/usr/bin/ceph: stderr
2023-12-05T09:18:13.034+0000 7f98fffff700 1 --2- 172.21.15.67:0/2699790424 >> [v2:172.21.15.67:3300/0,v1:172.21.15.67:6789/0] conn(0x7f99001022d0 0x7f99001026e0 secure :-1 s=READY pgs=63 cs=0 l=1 rev1=1 crypto rx=0x7f98f00098e0 tx=0x7f98f0009250 comp rx=0 tx=0).ready entity=mon.0 client_cookie=83a1f9716f79403a server_cookie=0 in_seq=0 out_seq=0
2023-12-05T09:18:13.553 INFO:teuthology.orchestra.run.smithi067.stdout:/usr/bin/ceph: stderr
2023-12-05T09:18:13.034+0000 7f98feffd700 1 -- 172.21.15.67:0/2699790424 <== mon.0 v2:172.21.15.67:3300/0 1 ==== mon_map magic: 0 v1 ==== 229+0+0 (secure 0 0 0) 0x7f98f000b860 con 0x7f99001022d0
2023-12-05T09:18:13.553 INFO:teuthology.orchestra.run.smithi067.stdout:/usr/bin/ceph: stderr
2023-12-05T09:18:13.034+0000 7f98feffd700 1 -- 172.21.15.67:0/2699790424 <== mon.0 v2:172.21.15.67:3300/0 2 ==== config(26 keys) v1 ==== 1074+0+0 (secure 0 0 0) 0x7f98f000be70 con 0x7f99001022d0
2023-12-05T09:18:13.553 INFO:teuthology.orchestra.run.smithi067.stdout:/usr/bin/ceph: stderr
2023-12-05T09:18:13.034+0000 7f98feffd700 1 -- 172.21.15.67:0/2699790424 <== mon.0 v2:172.21.15.67:3300/0 3 ==== mon_map magic: 0 v1 ==== 229+0+0 (secure 0 0 0) 0x7f98f0010380 con 0x7f99001022d0
2023-12-05T09:18:13.553 INFO:teuthology.orchestra.run.smithi067.stdout:/usr/bin/ceph: stderr
2023-12-05T09:18:13.035+0000 7f99066e2700 1 -- 172.21.15.67:0/2699790424 >> [v2:172.21.15.67:3300/0,v1:172.21.15.67:6789/0] conn(0x7f99001022d0 msgr2=0x7f99001026e0 secure :-1 s=STATE_CONNECTION_ESTABLISHED l=1).mark_down
2023-12-05T09:18:13.556 INFO:teuthology.orchestra.run.smithi067.stdout:/usr/bin/ceph: stderr
2023-12-05T09:18:13.035+0000 7f99066e2700 1 --2- 172.21.15.67:0/2699790424 >> [v2:172.21.15.67:3300/0,v1:172.21.15.67:6789/0] conn(0x7f99001022d0 0x7f99001026e0 secure :-1 s=READY pgs=63 cs=0 l=1 rev1=1 crypto rx=0x7f98f00098e0 tx=0x7f98f0009250 comp rx=0 tx=0).stop
2023-12-05T09:18:13.557 INFO:teuthology.orchestra.run.smithi067.stdout:/usr/bin/ceph: stderr
2023-12-05T09:18:13.035+0000 7f99066e2700 1 -- 172.21.15.67:0/2699790424 shutdown_connections
2023-12-05T09:18:13.557 INFO:teuthology.orchestra.run.smithi067.stdout:/usr/bin/ceph: stderr
2023-12-05T09:18:13.035+0000 7f99066e2700 1 --2- 172.21.15.67:0/2699790424 >> [v2:172.21.15.67:3300/0,v1:172.21.15.67:6789/0] conn(0x7f99001022d0 0x7f99001026e0 unknown :-1 s=CLOSED pgs=63 cs=0 l=1 rev1=1 crypto rx=0 tx=0 comp rx=0 tx=0).stop
2023-12-05T09:18:13.557 INFO:teuthology.orchestra.run.smithi067.stdout:/usr/bin/ceph: stderr
2023-12-05T09:18:13.035+0000 7f99066e2700 1 -- 172.21.15.67:0/2699790424 >> 172.21.15.67:0/2699790424 conn(0x7f99000fda50 msgr2=0x7f99000ffe60 unknown :-1 s=STATE_NONE l=0).mark_down
2023-12-05T09:18:13.557 INFO:teuthology.orchestra.run.smithi067.stdout:/usr/bin/ceph: stderr
2023-12-05T09:18:13.035+0000 7f99066e2700 1 -- 172.21.15.67:0/2699790424 shutdown_connections
2023-12-05T09:18:13.557 INFO:teuthology.orchestra.run.smithi067.stdout:/usr/bin/ceph: stderr
2023-12-05T09:18:13.035+0000 7f99066e2700 1 -- 172.21.15.67:0/2699790424 wait complete.
2023-12-05T09:18:13.557 INFO:teuthology.orchestra.run.smithi067.stdout:/usr/bin/ceph: stderr
2023-12-05T09:18:13.036+0000 7f99066e2700 1 Processor -- start
2023-12-05T09:18:13.557 INFO:teuthology.orchestra.run.smithi067.stdout:/usr/bin/ceph: stderr
2023-12-05T09:18:13.036+0000 7f99066e2700 1 -- start start
2023-12-05T09:18:13.557 INFO:teuthology.orchestra.run.smithi067.stdout:/usr/bin/ceph: stderr
2023-12-05T09:18:13.036+0000 7f99066e2700 1 --2- >> [v2:172.21.15.67:3300/0,v1:172.21.15.67:6789/0] conn(0x7f99001022d0 0x7f9900111170 unknown :-1 s=NONE pgs=0 cs=0 l=1 rev1=0 crypto rx=0 tx=0 comp rx=0 tx=0).connect
2023-12-05T09:18:13.557 INFO:teuthology.orchestra.run.smithi067.stdout:/usr/bin/ceph: stderr
2023-12-05T09:18:13.036+0000 7f99066e2700 1 -- --> [v2:172.21.15.67:3300/0,v1:172.21.15.67:6789/0] -- mon_getmap magic: 0 v1 -- 0x7f99001116b0 con 0x7f99001022d0
2023-12-05T09:18:13.557 INFO:teuthology.orchestra.run.smithi067.stdout:/usr/bin/ceph: stderr
2023-12-05T09:18:13.036+0000 7f98fffff700 1 --2- >> [v2:172.21.15.67:3300/0,v1:172.21.15.67:6789/0] conn(0x7f99001022d0 0x7f9900111170 unknown :-1 s=BANNER_CONNECTING pgs=0 cs=0 l=1 rev1=0 crypto rx=0 tx=0 comp rx=0 tx=0)._handle_peer_banner_payload supported=3 required=0
2023-12-05T09:18:13.557 INFO:teuthology.orchestra.run.smithi067.stdout:/usr/bin/ceph: stderr
2023-12-05T09:18:13.037+0000 7f98fffff700 1 --2- >> [v2:172.21.15.67:3300/0,v1:172.21.15.67:6789/0] conn(0x7f99001022d0 0x7f9900111170 unknown :-1 s=HELLO_CONNECTING pgs=0 cs=0 l=1 rev1=1 crypto rx=0 tx=0 comp rx=0 tx=0).handle_hello peer v2:172.21.15.67:3300/0 says I am v2:172.21.15.67:47062/0 (socket says 172.21.15.67:47062)
2023-12-05T09:18:13.557 INFO:teuthology.orchestra.run.smithi067.stdout:/usr/bin/ceph: stderr
2023-12-05T09:18:13.037+0000 7f98fffff700 1 -- 172.21.15.67:0/1303760647 learned_addr learned my addr 172.21.15.67:0/1303760647 (peer_addr_for_me v2:172.21.15.67:0/0)
2023-12-05T09:18:13.557 INFO:teuthology.orchestra.run.smithi067.stdout:/usr/bin/ceph: stderr
2023-12-05T09:18:13.037+0000 7f98fffff700 1 -- 172.21.15.67:0/1303760647 --> [v2:172.21.15.67:3300/0,v1:172.21.15.67:6789/0] -- mon_subscribe({config=0+,monmap=0+}) v3 -- 0x7f98f00094f0 con 0x7f99001022d0
2023-12-05T09:18:13.558 INFO:teuthology.orchestra.run.smithi067.stdout:/usr/bin/ceph: stderr
2023-12-05T09:18:13.037+0000 7f98fffff700 1 --2- 172.21.15.67:0/1303760647 >> [v2:172.21.15.67:3300/0,v1:172.21.15.67:6789/0] conn(0x7f99001022d0 0x7f9900111170 secure :-1 s=READY pgs=64 cs=0 l=1 rev1=1 crypto rx=0x7f98f000c010 tx=0x7f98f0009250 comp rx=0 tx=0).ready entity=mon.0 client_cookie=0 server_cookie=0 in_seq=0 out_seq=0
2023-12-05T09:18:13.558 INFO:teuthology.orchestra.run.smithi067.stdout:/usr/bin/ceph: stderr
2023-12-05T09:18:13.037+0000 7f98fcff9700 1 -- 172.21.15.67:0/1303760647 <== mon.0 v2:172.21.15.67:3300/0 1 ==== mon_map magic: 0 v1 ==== 229+0+0 (secure 0 0 0) 0x7f98f0010960 con 0x7f99001022d0
2023-12-05T09:18:13.558 INFO:teuthology.orchestra.run.smithi067.stdout:/usr/bin/ceph: stderr
2023-12-05T09:18:13.037+0000 7f98fcff9700 1 -- 172.21.15.67:0/1303760647 <== mon.0 v2:172.21.15.67:3300/0 2 ==== config(26 keys) v1 ==== 1074+0+0 (secure 0 0 0) 0x7f98f001a430 con 0x7f99001022d0
2023-12-05T09:18:13.558 INFO:teuthology.orchestra.run.smithi067.stdout:/usr/bin/ceph: stderr
2023-12-05T09:18:13.037+0000 7f98fcff9700 1 -- 172.21.15.67:0/1303760647 <== mon.0 v2:172.21.15.67:3300/0 3 ==== mon_map magic: 0 v1 ==== 229+0+0 (secure 0 0 0) 0x7f98f0019580 con 0x7f99001022d0
2023-12-05T09:18:13.558 INFO:teuthology.orchestra.run.smithi067.stdout:/usr/bin/ceph: stderr
2023-12-05T09:18:13.037+0000 7f99066e2700 1 -- 172.21.15.67:0/1303760647 --> [v2:172.21.15.67:3300/0,v1:172.21.15.67:6789/0] -- mon_subscribe({mgrmap=0+}) v3 -- 0x7f99001118b0 con 0x7f99001022d0
2023-12-05T09:18:13.558 INFO:teuthology.orchestra.run.smithi067.stdout:/usr/bin/ceph: stderr
2023-12-05T09:18:13.038+0000 7f99066e2700 1 -- 172.21.15.67:0/1303760647 --> [v2:172.21.15.67:3300/0,v1:172.21.15.67:6789/0] -- mon_subscribe({osdmap=0}) v3 -- 0x7f9900111cc0 con 0x7f99001022d0
2023-12-05T09:18:13.558 INFO:teuthology.orchestra.run.smithi067.stdout:/usr/bin/ceph: stderr
2023-12-05T09:18:13.039+0000 7f99066e2700 1 -- 172.21.15.67:0/1303760647 --> [v2:172.21.15.67:3300/0,v1:172.21.15.67:6789/0] -- mon_command({"prefix": "get_command_descriptions"} v 0) v1 -- 0x7f990004bb80 con 0x7f99001022d0
2023-12-05T09:18:13.558 INFO:teuthology.orchestra.run.smithi067.stdout:/usr/bin/ceph: stderr
2023-12-05T09:18:13.039+0000 7f98fcff9700 1 -- 172.21.15.67:0/1303760647 <== mon.0 v2:172.21.15.67:3300/0 4 ==== mgrmap(e 8) v1 ==== 43281+0+0 (secure 0 0 0) 0x7f98f001a980 con 0x7f99001022d0
2023-12-05T09:18:13.558 INFO:teuthology.orchestra.run.smithi067.stdout:/usr/bin/ceph: stderr
2023-12-05T09:18:13.040+0000 7f98fcff9700 1 --2- 172.21.15.67:0/1303760647 >> [v2:172.21.15.67:6800/2543364948,v1:172.21.15.67:6801/2543364948] conn(0x7f98e80365f0 0x7f98e8038aa0 unknown :-1 s=NONE pgs=0 cs=0 l=1 rev1=0 crypto rx=0 tx=0 comp rx=0 tx=0).connect
2023-12-05T09:18:13.558 INFO:teuthology.orchestra.run.smithi067.stdout:/usr/bin/ceph: stderr
2023-12-05T09:18:13.040+0000 7f98fcff9700 1 -- 172.21.15.67:0/1303760647 <== mon.0 v2:172.21.15.67:3300/0 5 ==== osd_map(2..2 src has 1..2) v4 ==== 936+0+0 (secure 0 0 0) 0x7f98f004a570 con 0x7f99001022d0
2023-12-05T09:18:13.558 INFO:teuthology.orchestra.run.smithi067.stdout:/usr/bin/ceph: stderr
2023-12-05T09:18:13.040+0000 7f98ff7fe700 1 --2- 172.21.15.67:0/1303760647 >> [v2:172.21.15.67:6800/2543364948,v1:172.21.15.67:6801/2543364948] conn(0x7f98e80365f0 0x7f98e8038aa0 unknown :-1 s=BANNER_CONNECTING pgs=0 cs=0 l=1 rev1=0 crypto rx=0 tx=0 comp rx=0 tx=0)._handle_peer_banner_payload supported=3 required=0
2023-12-05T09:18:13.558 INFO:teuthology.orchestra.run.smithi067.stdout:/usr/bin/ceph: stderr
2023-12-05T09:18:13.041+0000 7f98ff7fe700 1 --2- 172.21.15.67:0/1303760647 >> [v2:172.21.15.67:6800/2543364948,v1:172.21.15.67:6801/2543364948] conn(0x7f98e80365f0 0x7f98e8038aa0 secure :-1 s=READY pgs=19 cs=0 l=1 rev1=1 crypto rx=0x7f98f4009990 tx=0x7f98f4006e40 comp rx=0 tx=0).ready entity=mgr.14122 client_cookie=0 server_cookie=0 in_seq=0 out_seq=0
2023-12-05T09:18:13.558 INFO:teuthology.orchestra.run.smithi067.stdout:/usr/bin/ceph: stderr
2023-12-05T09:18:13.044+0000 7f98fcff9700 1 -- 172.21.15.67:0/1303760647 <== mon.0 v2:172.21.15.67:3300/0 6 ==== mon_command_ack([{"prefix": "get_command_descriptions"}]=0 v0) v1 ==== 72+0+174570 (secure 0 0 0) 0x7f98f0018d20 con 0x7f99001022d0
2023-12-05T09:18:13.558 INFO:teuthology.orchestra.run.smithi067.stdout:/usr/bin/ceph: stderr
2023-12-05T09:18:13.245+0000 7f99066e2700 1 -- 172.21.15.67:0/1303760647 --> [v2:172.21.15.67:3300/0,v1:172.21.15.67:6789/0] -- mon_command([{prefix=config set, name=mgr/cephadm/container_init}] v 0) v1 -- 0x7f99001040b0 con 0x7f99001022d0
2023-12-05T09:18:13.559 INFO:teuthology.orchestra.run.smithi067.stdout:/usr/bin/ceph: stderr
2023-12-05T09:18:13.251+0000 7f98fcff9700 1 -- 172.21.15.67:0/1303760647 <== mon.0 v2:172.21.15.67:3300/0 7 ==== mon_command_ack([{prefix=config set, name=mgr/cephadm/container_init}]=0 v7)=0 v7) v1 ==== 142+0+0 (secure 0 0 0) 0x7f98f0018b40 con 0x7f99001022d0
2023-12-05T09:18:13.559 INFO:teuthology.orchestra.run.smithi067.stdout:/usr/bin/ceph: stderr
2023-12-05T09:18:13.254+0000 7f99066e2700 1 -- 172.21.15.67:0/1303760647 >> [v2:172.21.15.67:6800/2543364948,v1:172.21.15.67:6801/2543364948] conn(0x7f98e80365f0 msgr2=0x7f98e8038aa0 secure :-1 s=STATE_CONNECTION_ESTABLISHED l=1).mark_down
2023-12-05T09:18:13.559 INFO:teuthology.orchestra.run.smithi067.stdout:/usr/bin/ceph: stderr
2023-12-05T09:18:13.254+0000 7f99066e2700 1 --2- 172.21.15.67:0/1303760647 >> [v2:172.21.15.67:6800/2543364948,v1:172.21.15.67:6801/2543364948] conn(0x7f98e80365f0 0x7f98e8038aa0 secure :-1 s=READY pgs=19 cs=0 l=1 rev1=1 crypto rx=0x7f98f4009990 tx=0x7f98f4006e40 comp rx=0 tx=0).stop
2023-12-05T09:18:13.559 INFO:teuthology.orchestra.run.smithi067.stdout:/usr/bin/ceph: stderr
2023-12-05T09:18:13.254+0000 7f99066e2700 1 -- 172.21.15.67:0/1303760647 >> [v2:172.21.15.67:3300/0,v1:172.21.15.67:6789/0] conn(0x7f99001022d0 msgr2=0x7f9900111170 secure :-1 s=STATE_CONNECTION_ESTABLISHED l=1).mark_down
2023-12-05T09:18:13.559 INFO:teuthology.orchestra.run.smithi067.stdout:/usr/bin/ceph: stderr
2023-12-05T09:18:13.254+0000 7f99066e2700 1 --2- 172.21.15.67:0/1303760647 >> [v2:172.21.15.67:3300/0,v1:172.21.15.67:6789/0] conn(0x7f99001022d0 0x7f9900111170 secure :-1 s=READY pgs=64 cs=0 l=1 rev1=1 crypto rx=0x7f98f000c010 tx=0x7f98f0009250 comp rx=0 tx=0).stop
2023-12-05T09:18:13.559 INFO:teuthology.orchestra.run.smithi067.stdout:/usr/bin/ceph: stderr
2023-12-05T09:18:13.254+0000 7f99066e2700 1 -- 172.21.15.67:0/1303760647 shutdown_connections
2023-12-05T09:18:13.559 INFO:teuthology.orchestra.run.smithi067.stdout:/usr/bin/ceph: stderr
2023-12-05T09:18:13.254+0000 7f99066e2700 1 --2- 172.21.15.67:0/1303760647 >> [v2:172.21.15.67:6800/2543364948,v1:172.21.15.67:6801/2543364948] conn(0x7f98e80365f0 0x7f98e8038aa0 unknown :-1 s=CLOSED pgs=19 cs=0 l=1 rev1=1 crypto rx=0 tx=0 comp rx=0 tx=0).stop
2023-12-05T09:18:13.559 INFO:teuthology.orchestra.run.smithi067.stdout:/usr/bin/ceph: stderr
2023-12-05T09:18:13.254+0000 7f99066e2700 1 --2- 172.21.15.67:0/1303760647 >> [v2:172.21.15.67:3300/0,v1:172.21.15.67:6789/0] conn(0x7f99001022d0 0x7f9900111170 unknown :-1 s=CLOSED pgs=64 cs=0 l=1 rev1=1 crypto rx=0 tx=0 comp rx=0 tx=0).stop
2023-12-05T09:18:13.559 INFO:teuthology.orchestra.run.smithi067.stdout:/usr/bin/ceph: stderr
2023-12-05T09:18:13.254+0000 7f99066e2700 1 -- 172.21.15.67:0/1303760647 >> 172.21.15.67:0/1303760647 conn(0x7f99000fda50 msgr2=0x7f99000ff250 unknown :-1 s=STATE_NONE l=0).mark_down
2023-12-05T09:18:13.559 INFO:teuthology.orchestra.run.smithi067.stdout:/usr/bin/ceph: stderr
2023-12-05T09:18:13.254+0000 7f99066e2700 1 -- 172.21.15.67:0/1303760647 shutdown_connections
2023-12-05T09:18:13.559 INFO:teuthology.orchestra.run.smithi067.stdout:/usr/bin/ceph: stderr
2023-12-05T09:18:13.254+0000 7f99066e2700 1 -- 172.21.15.67:0/1303760647 wait complete.
2023-12-05T09:18:14.122 INFO:journalctl@ceph.mon.smithi067.smithi067.stdout:Dec 05 09:18:13 smithi067 ceph-mon[107174]: from='client.14156 -' entity='client.admin' cmd=[{"prefix": "orch apply", "service_type": "alertmanager", "target": ["mon-mgr", ""]}]: dispatch
2023-12-05T09:18:14.122 INFO:journalctl@ceph.mon.smithi067.smithi067.stdout:Dec 05 09:18:13 smithi067 ceph-mon[107174]: Saving service alertmanager spec with placement count:1
2023-12-05T09:18:14.122 INFO:journalctl@ceph.mon.smithi067.smithi067.stdout:Dec 05 09:18:13 smithi067 ceph-mon[107174]: from='client.? 172.21.15.67:0/1303760647' entity='client.admin'
2023-12-05T09:18:14.407 INFO:teuthology.orchestra.run.smithi067.stdout:/usr/bin/ceph: stderr
2023-12-05T09:18:13.942+0000 7fd0c6e29700 1 Processor -- start
2023-12-05T09:18:14.407 INFO:teuthology.orchestra.run.smithi067.stdout:/usr/bin/ceph: stderr
2023-12-05T09:18:13.942+0000 7fd0c6e29700 1 -- start start
2023-12-05T09:18:14.407 INFO:teuthology.orchestra.run.smithi067.stdout:/usr/bin/ceph: stderr
2023-12-05T09:18:13.942+0000 7fd0c6e29700 1 --2- >> [v2:172.21.15.67:3300/0,v1:172.21.15.67:6789/0] conn(0x7fd0c0077bf0 0x7fd0c0076100 unknown :-1 s=NONE pgs=0 cs=0 l=0 rev1=0 crypto rx=0 tx=0 comp rx=0 tx=0).connect
2023-12-05T09:18:14.407 INFO:teuthology.orchestra.run.smithi067.stdout:/usr/bin/ceph: stderr
2023-12-05T09:18:13.942+0000 7fd0c6e29700 1 -- --> [v2:172.21.15.67:3300/0,v1:172.21.15.67:6789/0] -- mon_getmap magic: 0 v1 -- 0x7fd0c0078000 con 0x7fd0c0077bf0
2023-12-05T09:18:14.407 INFO:teuthology.orchestra.run.smithi067.stdout:/usr/bin/ceph: stderr
2023-12-05T09:18:13.943+0000 7fd0c5e27700 1 --2- >> [v2:172.21.15.67:3300/0,v1:172.21.15.67:6789/0] conn(0x7fd0c0077bf0 0x7fd0c0076100 unknown :-1 s=BANNER_CONNECTING pgs=0 cs=0 l=0 rev1=0 crypto rx=0 tx=0 comp rx=0 tx=0)._handle_peer_banner_payload supported=3 required=0
2023-12-05T09:18:14.407 INFO:teuthology.orchestra.run.smithi067.stdout:/usr/bin/ceph: stderr
2023-12-05T09:18:13.943+0000 7fd0c5e27700 1 --2- >> [v2:172.21.15.67:3300/0,v1:172.21.15.67:6789/0] conn(0x7fd0c0077bf0 0x7fd0c0076100 unknown :-1 s=HELLO_CONNECTING pgs=0 cs=0 l=0 rev1=1 crypto rx=0 tx=0 comp rx=0 tx=0).handle_hello peer v2:172.21.15.67:3300/0 says I am v2:172.21.15.67:47074/0 (socket says 172.21.15.67:47074)
2023-12-05T09:18:14.407 INFO:teuthology.orchestra.run.smithi067.stdout:/usr/bin/ceph: stderr
2023-12-05T09:18:13.943+0000 7fd0c5e27700 1 -- 172.21.15.67:0/827206304 learned_addr learned my addr 172.21.15.67:0/827206304 (peer_addr_for_me v2:172.21.15.67:0/0)
2023-12-05T09:18:14.407 INFO:teuthology.orchestra.run.smithi067.stdout:/usr/bin/ceph: stderr
2023-12-05T09:18:13.943+0000 7fd0c5e27700 1 -- 172.21.15.67:0/827206304 --> [v2:172.21.15.67:3300/0,v1:172.21.15.67:6789/0] -- mon_subscribe({config=0+,monmap=0+}) v3 -- 0x7fd0c0076640 con 0x7fd0c0077bf0
2023-12-05T09:18:14.408 INFO:teuthology.orchestra.run.smithi067.stdout:/usr/bin/ceph: stderr
2023-12-05T09:18:13.943+0000 7fd0c5e27700 1 --2- 172.21.15.67:0/827206304 >> [v2:172.21.15.67:3300/0,v1:172.21.15.67:6789/0] conn(0x7fd0c0077bf0 0x7fd0c0076100 secure :-1 s=READY pgs=65 cs=0 l=1 rev1=1 crypto rx=0x7fd0bc0098e0 tx=0x7fd0bc009250 comp rx=0 tx=0).ready entity=mon.0 client_cookie=43299f1cb674df3a server_cookie=0 in_seq=0 out_seq=0
2023-12-05T09:18:14.408 INFO:teuthology.orchestra.run.smithi067.stdout:/usr/bin/ceph: stderr
2023-12-05T09:18:13.944+0000 7fd0c4e25700 1 -- 172.21.15.67:0/827206304 <== mon.0 v2:172.21.15.67:3300/0 1 ==== mon_map magic: 0 v1 ==== 229+0+0 (secure 0 0 0) 0x7fd0bc00b860 con 0x7fd0c0077bf0
2023-12-05T09:18:14.408 INFO:teuthology.orchestra.run.smithi067.stdout:/usr/bin/ceph: stderr
2023-12-05T09:18:13.944+0000 7fd0c4e25700 1 -- 172.21.15.67:0/827206304 <== mon.0 v2:172.21.15.67:3300/0 2 ==== config(26 keys) v1 ==== 1074+0+0 (secure 0 0 0) 0x7fd0bc00be70 con 0x7fd0c0077bf0
2023-12-05T09:18:14.408 INFO:teuthology.orchestra.run.smithi067.stdout:/usr/bin/ceph: stderr
2023-12-05T09:18:13.944+0000 7fd0c4e25700 1 -- 172.21.15.67:0/827206304 <== mon.0 v2:172.21.15.67:3300/0 3 ==== mon_map magic: 0 v1 ==== 229+0+0 (secure 0 0 0) 0x7fd0bc010380 con 0x7fd0c0077bf0
2023-12-05T09:18:14.408 INFO:teuthology.orchestra.run.smithi067.stdout:/usr/bin/ceph: stderr
2023-12-05T09:18:13.944+0000 7fd0c6e29700 1 -- 172.21.15.67:0/827206304 >> [v2:172.21.15.67:3300/0,v1:172.21.15.67:6789/0] conn(0x7fd0c0077bf0 msgr2=0x7fd0c0076100 secure :-1 s=STATE_CONNECTION_ESTABLISHED l=1).mark_down
2023-12-05T09:18:14.408 INFO:teuthology.orchestra.run.smithi067.stdout:/usr/bin/ceph: stderr
2023-12-05T09:18:13.944+0000 7fd0c6e29700 1 --2- 172.21.15.67:0/827206304 >> [v2:172.21.15.67:3300/0,v1:172.21.15.67:6789/0] conn(0x7fd0c0077bf0 0x7fd0c0076100 secure :-1 s=READY pgs=65 cs=0 l=1 rev1=1 crypto rx=0x7fd0bc0098e0 tx=0x7fd0bc009250 comp rx=0 tx=0).stop
2023-12-05T09:18:14.408 INFO:teuthology.orchestra.run.smithi067.stdout:/usr/bin/ceph: stderr
2023-12-05T09:18:13.944+0000 7fd0c6e29700 1 -- 172.21.15.67:0/827206304 shutdown_connections
2023-12-05T09:18:14.408 INFO:teuthology.orchestra.run.smithi067.stdout:/usr/bin/ceph: stderr
2023-12-05T09:18:13.944+0000 7fd0c6e29700 1 --2- 172.21.15.67:0/827206304 >> [v2:172.21.15.67:3300/0,v1:172.21.15.67:6789/0] conn(0x7fd0c0077bf0 0x7fd0c0076100 unknown :-1 s=CLOSED pgs=65 cs=0 l=1 rev1=1 crypto rx=0 tx=0 comp rx=0 tx=0).stop
2023-12-05T09:18:14.408 INFO:teuthology.orchestra.run.smithi067.stdout:/usr/bin/ceph: stderr
2023-12-05T09:18:13.944+0000 7fd0c6e29700 1 -- 172.21.15.67:0/827206304 >> 172.21.15.67:0/827206304 conn(0x7fd0c00fd880 msgr2=0x7fd0c00ffcd0 unknown :-1 s=STATE_NONE l=0).mark_down
2023-12-05T09:18:14.408 INFO:teuthology.orchestra.run.smithi067.stdout:/usr/bin/ceph: stderr
2023-12-05T09:18:13.944+0000 7fd0c6e29700 1 -- 172.21.15.67:0/827206304 shutdown_connections
2023-12-05T09:18:14.408 INFO:teuthology.orchestra.run.smithi067.stdout:/usr/bin/ceph: stderr
2023-12-05T09:18:13.944+0000 7fd0c6e29700 1 -- 172.21.15.67:0/827206304 wait complete.
2023-12-05T09:18:14.408 INFO:teuthology.orchestra.run.smithi067.stdout:/usr/bin/ceph: stderr
2023-12-05T09:18:13.945+0000 7fd0c6e29700 1 Processor -- start
2023-12-05T09:18:14.408 INFO:teuthology.orchestra.run.smithi067.stdout:/usr/bin/ceph: stderr
2023-12-05T09:18:13.945+0000 7fd0c6e29700 1 -- start start
2023-12-05T09:18:14.408 INFO:teuthology.orchestra.run.smithi067.stdout:/usr/bin/ceph: stderr
2023-12-05T09:18:13.946+0000 7fd0c6e29700 1 --2- >> [v2:172.21.15.67:3300/0,v1:172.21.15.67:6789/0] conn(0x7fd0c0077bf0 0x7fd0c0113230 unknown :-1 s=NONE pgs=0 cs=0 l=1 rev1=0 crypto rx=0 tx=0 comp rx=0 tx=0).connect
2023-12-05T09:18:14.409 INFO:teuthology.orchestra.run.smithi067.stdout:/usr/bin/ceph: stderr
2023-12-05T09:18:13.946+0000 7fd0c6e29700 1 -- --> [v2:172.21.15.67:3300/0,v1:172.21.15.67:6789/0] -- mon_getmap magic: 0 v1 -- 0x7fd0c0113770 con 0x7fd0c0077bf0
2023-12-05T09:18:14.409 INFO:teuthology.orchestra.run.smithi067.stdout:/usr/bin/ceph: stderr
2023-12-05T09:18:13.946+0000 7fd0c5e27700 1 --2- >> [v2:172.21.15.67:3300/0,v1:172.21.15.67:6789/0] conn(0x7fd0c0077bf0 0x7fd0c0113230 unknown :-1 s=BANNER_CONNECTING pgs=0 cs=0 l=1 rev1=0 crypto rx=0 tx=0 comp rx=0 tx=0)._handle_peer_banner_payload supported=3 required=0
2023-12-05T09:18:14.409 INFO:teuthology.orchestra.run.smithi067.stdout:/usr/bin/ceph: stderr
2023-12-05T09:18:13.946+0000 7fd0c5e27700 1 --2- >> [v2:172.21.15.67:3300/0,v1:172.21.15.67:6789/0] conn(0x7fd0c0077bf0 0x7fd0c0113230 unknown :-1 s=HELLO_CONNECTING pgs=0 cs=0 l=1 rev1=1 crypto rx=0 tx=0 comp rx=0 tx=0).handle_hello peer v2:172.21.15.67:3300/0 says I am v2:172.21.15.67:47086/0 (socket says 172.21.15.67:47086)
2023-12-05T09:18:14.409 INFO:teuthology.orchestra.run.smithi067.stdout:/usr/bin/ceph: stderr
2023-12-05T09:18:13.946+0000 7fd0c5e27700 1 -- 172.21.15.67:0/2481218935 learned_addr learned my addr 172.21.15.67:0/2481218935 (peer_addr_for_me v2:172.21.15.67:0/0)
2023-12-05T09:18:14.409 INFO:teuthology.orchestra.run.smithi067.stdout:/usr/bin/ceph: stderr
2023-12-05T09:18:13.946+0000 7fd0c5e27700 1 -- 172.21.15.67:0/2481218935 --> [v2:172.21.15.67:3300/0,v1:172.21.15.67:6789/0] -- mon_subscribe({config=0+,monmap=0+}) v3 -- 0x7fd0bc0094f0 con 0x7fd0c0077bf0
2023-12-05T09:18:14.409 INFO:teuthology.orchestra.run.smithi067.stdout:/usr/bin/ceph: stderr
2023-12-05T09:18:13.946+0000 7fd0c5e27700 1 --2- 172.21.15.67:0/2481218935 >> [v2:172.21.15.67:3300/0,v1:172.21.15.67:6789/0] conn(0x7fd0c0077bf0 0x7fd0c0113230 secure :-1 s=READY pgs=66 cs=0 l=1 rev1=1 crypto rx=0x7fd0bc006d40 tx=0x7fd0bc009250 comp rx=0 tx=0).ready entity=mon.0 client_cookie=0 server_cookie=0 in_seq=0 out_seq=0
