2023-12-12T09:52:13.132+0000 7ff190ff9700 1 --2- 172.21.15.99:0/3720770013 >> [v2:172.21.15.99:6800/2456439729,v1:172.21.15.99:6801/2456439729] conn(0x7ff17c0365f0 0x7ff17c038aa0 unknown :-1 s=NONE pgs=0 cs=0 l=1 rev1=0 crypto rx=0 tx=0 comp rx=0 tx=0).connect
2023-12-12T09:52:19.483 INFO:teuthology.orchestra.run.smithi099.stdout:/usr/bin/ceph: stderr
2023-12-12T09:52:13.132+0000 7ff190ff9700 1 -- 172.21.15.99:0/3720770013 <== mon.0 v2:172.21.15.99:3300/0 5 ==== osd_map(1..1 src has 1..1) v4 ==== 721+0+0 (secure 0 0 0) 0x7ff18404aab0 con 0x7ff1941022d0
2023-12-12T09:52:19.483 INFO:teuthology.orchestra.run.smithi099.stdout:/usr/bin/ceph: stderr
2023-12-12T09:52:13.133+0000 7ff1937fe700 1 --2- 172.21.15.99:0/3720770013 >> [v2:172.21.15.99:6800/2456439729,v1:172.21.15.99:6801/2456439729] conn(0x7ff17c0365f0 0x7ff17c038aa0 unknown :-1 s=BANNER_CONNECTING pgs=0 cs=0 l=1 rev1=0 crypto rx=0 tx=0 comp rx=0 tx=0)._handle_peer_banner_payload supported=3 required=0
2023-12-12T09:52:19.483 INFO:teuthology.orchestra.run.smithi099.stdout:/usr/bin/ceph: stderr
2023-12-12T09:52:13.133+0000 7ff1937fe700 1 --2- 172.21.15.99:0/3720770013 >> [v2:172.21.15.99:6800/2456439729,v1:172.21.15.99:6801/2456439729] conn(0x7ff17c0365f0 0x7ff17c038aa0 secure :-1 s=READY pgs=8 cs=0 l=1 rev1=1 crypto rx=0x7ff188009990 tx=0x7ff188006e40 comp rx=0 tx=0).ready entity=mgr.14100 client_cookie=0 server_cookie=0 in_seq=0 out_seq=0
2023-12-12T09:52:19.483 INFO:teuthology.orchestra.run.smithi099.stdout:/usr/bin/ceph: stderr
2023-12-12T09:52:13.137+0000 7ff190ff9700 1 -- 172.21.15.99:0/3720770013 <== mon.0 v2:172.21.15.99:3300/0 6 ==== mon_command_ack([{"prefix": "get_command_descriptions"}]=0 v0) v1 ==== 72+0+174570 (secure 0 0 0) 0x7ff184023df0 con 0x7ff1941022d0
2023-12-12T09:52:19.483 INFO:teuthology.orchestra.run.smithi099.stdout:/usr/bin/ceph: stderr
2023-12-12T09:52:13.379+0000 7ff19a418700 1 -- 172.21.15.99:0/3720770013 --> [v2:172.21.15.99:3300/0,v1:172.21.15.99:6789/0] -- mon_command({"prefix": "mgr module enable", "module": "cephadm"} v 0) v1 -- 0x7ff1940008d0 con 0x7ff1941022d0
2023-12-12T09:52:19.483 INFO:teuthology.orchestra.run.smithi099.stdout:/usr/bin/ceph: stderr
2023-12-12T09:52:13.901+0000 7ff190ff9700 1 -- 172.21.15.99:0/3720770013 <== mon.0 v2:172.21.15.99:3300/0 7 ==== mgrmap(e 5) v1 ==== 43281+0+0 (secure 0 0 0) 0x7ff18400fd90 con 0x7ff1941022d0
2023-12-12T09:52:19.483 INFO:teuthology.orchestra.run.smithi099.stdout:/usr/bin/ceph: stderr
2023-12-12T09:52:13.903+0000 7ff190ff9700 1 -- 172.21.15.99:0/3720770013 <== mon.0 v2:172.21.15.99:3300/0 8 ==== mon_command_ack([{"prefix": "mgr module enable", "module": "cephadm"}]=0 v5) v1 ==== 86+0+0 (secure 0 0 0) 0x7ff184020240 con 0x7ff1941022d0
2023-12-12T09:52:19.483 INFO:teuthology.orchestra.run.smithi099.stdout:/usr/bin/ceph: stderr
2023-12-12T09:52:13.906+0000 7ff19a418700 1 -- 172.21.15.99:0/3720770013 >> [v2:172.21.15.99:6800/2456439729,v1:172.21.15.99:6801/2456439729] conn(0x7ff17c0365f0 msgr2=0x7ff17c038aa0 secure :-1 s=STATE_CONNECTION_ESTABLISHED l=1).mark_down
2023-12-12T09:52:19.483 INFO:teuthology.orchestra.run.smithi099.stdout:/usr/bin/ceph: stderr
2023-12-12T09:52:13.906+0000 7ff19a418700 1 --2- 172.21.15.99:0/3720770013 >> [v2:172.21.15.99:6800/2456439729,v1:172.21.15.99:6801/2456439729] conn(0x7ff17c0365f0 0x7ff17c038aa0 secure :-1 s=READY pgs=8 cs=0 l=1 rev1=1 crypto rx=0x7ff188009990 tx=0x7ff188006e40 comp rx=0 tx=0).stop
2023-12-12T09:52:19.483 INFO:teuthology.orchestra.run.smithi099.stdout:/usr/bin/ceph: stderr
2023-12-12T09:52:13.906+0000 7ff19a418700 1 -- 172.21.15.99:0/3720770013 >> [v2:172.21.15.99:3300/0,v1:172.21.15.99:6789/0] conn(0x7ff1941022d0 msgr2=0x7ff194113350 secure :-1 s=STATE_CONNECTION_ESTABLISHED l=1).mark_down
2023-12-12T09:52:19.483 INFO:teuthology.orchestra.run.smithi099.stdout:/usr/bin/ceph: stderr
2023-12-12T09:52:13.906+0000 7ff19a418700 1 --2- 172.21.15.99:0/3720770013 >> [v2:172.21.15.99:3300/0,v1:172.21.15.99:6789/0] conn(0x7ff1941022d0 0x7ff194113350 secure :-1 s=READY pgs=23 cs=0 l=1 rev1=1 crypto rx=0x7ff184000c00 tx=0x7ff184009250 comp rx=0 tx=0).stop
2023-12-12T09:52:19.483 INFO:teuthology.orchestra.run.smithi099.stdout:/usr/bin/ceph: stderr
2023-12-12T09:52:13.906+0000 7ff19a418700 1 -- 172.21.15.99:0/3720770013 shutdown_connections
2023-12-12T09:52:19.484 INFO:teuthology.orchestra.run.smithi099.stdout:/usr/bin/ceph: stderr
2023-12-12T09:52:13.906+0000 7ff19a418700 1 --2- 172.21.15.99:0/3720770013 >> [v2:172.21.15.99:6800/2456439729,v1:172.21.15.99:6801/2456439729] conn(0x7ff17c0365f0 0x7ff17c038aa0 unknown :-1 s=CLOSED pgs=8 cs=0 l=1 rev1=1 crypto rx=0 tx=0 comp rx=0 tx=0).stop
2023-12-12T09:52:19.484 INFO:teuthology.orchestra.run.smithi099.stdout:/usr/bin/ceph: stderr
2023-12-12T09:52:13.906+0000 7ff19a418700 1 --2- 172.21.15.99:0/3720770013 >> [v2:172.21.15.99:3300/0,v1:172.21.15.99:6789/0] conn(0x7ff1941022d0 0x7ff194113350 unknown :-1 s=CLOSED pgs=23 cs=0 l=1 rev1=1 crypto rx=0 tx=0 comp rx=0 tx=0).stop
2023-12-12T09:52:19.484 INFO:teuthology.orchestra.run.smithi099.stdout:/usr/bin/ceph: stderr
2023-12-12T09:52:13.906+0000 7ff19a418700 1 -- 172.21.15.99:0/3720770013 >> 172.21.15.99:0/3720770013 conn(0x7ff1940fda50 msgr2=0x7ff1940ffe30 unknown :-1 s=STATE_NONE l=0).mark_down
2023-12-12T09:52:19.484 INFO:teuthology.orchestra.run.smithi099.stdout:/usr/bin/ceph: stderr
2023-12-12T09:52:13.906+0000 7ff19a418700 1 -- 172.21.15.99:0/3720770013 shutdown_connections
2023-12-12T09:52:19.484 INFO:teuthology.orchestra.run.smithi099.stdout:/usr/bin/ceph: stderr
2023-12-12T09:52:13.906+0000 7ff19a418700 1 -- 172.21.15.99:0/3720770013 wait complete.
2023-12-12T09:52:20.448 INFO:journalctl@ceph.mon.smithi099.smithi099.stdout:Dec 12 09:52:20 smithi099 ceph-mon[107139]: from='client.? 172.21.15.99:0/3474441278' entity='client.admin' cmd=[{"prefix": "mgr stat"}]: dispatch
2023-12-12T09:52:20.544 INFO:teuthology.orchestra.run.smithi099.stdout:/usr/bin/ceph: stdout {
2023-12-12T09:52:20.544 INFO:teuthology.orchestra.run.smithi099.stdout:/usr/bin/ceph: stdout "epoch": 5,
2023-12-12T09:52:20.545 INFO:teuthology.orchestra.run.smithi099.stdout:/usr/bin/ceph: stdout "available": true,
2023-12-12T09:52:20.545 INFO:teuthology.orchestra.run.smithi099.stdout:/usr/bin/ceph: stdout "active_name": "smithi099.dydjzz",
2023-12-12T09:52:20.545 INFO:teuthology.orchestra.run.smithi099.stdout:/usr/bin/ceph: stdout "num_standby": 0
2023-12-12T09:52:20.545 INFO:teuthology.orchestra.run.smithi099.stdout:/usr/bin/ceph: stdout }
2023-12-12T09:52:20.545 INFO:teuthology.orchestra.run.smithi099.stdout:/usr/bin/ceph: stderr
2023-12-12T09:52:19.890+0000 7f64849d8700 1 Processor -- start
2023-12-12T09:52:20.545 INFO:teuthology.orchestra.run.smithi099.stdout:/usr/bin/ceph: stderr
2023-12-12T09:52:19.890+0000 7f64849d8700 1 -- start start
2023-12-12T09:52:20.545 INFO:teuthology.orchestra.run.smithi099.stdout:/usr/bin/ceph: stderr
2023-12-12T09:52:19.891+0000 7f64849d8700 1 --2- >> [v2:172.21.15.99:3300/0,v1:172.21.15.99:6789/0] conn(0x7f6480070f60 0x7f6480104f40 unknown :-1 s=NONE pgs=0 cs=0 l=0 rev1=0 crypto rx=0 tx=0 comp rx=0 tx=0).connect
2023-12-12T09:52:20.546 INFO:teuthology.orchestra.run.smithi099.stdout:/usr/bin/ceph: stderr
2023-12-12T09:52:19.891+0000 7f64849d8700 1 -- --> [v2:172.21.15.99:3300/0,v1:172.21.15.99:6789/0] -- mon_getmap magic: 0 v1 -- 0x7f6480105480 con 0x7f6480070f60
2023-12-12T09:52:20.546 INFO:teuthology.orchestra.run.smithi099.stdout:/usr/bin/ceph: stderr
2023-12-12T09:52:19.891+0000 7f647e59c700 1 --2- >> [v2:172.21.15.99:3300/0,v1:172.21.15.99:6789/0] conn(0x7f6480070f60 0x7f6480104f40 unknown :-1 s=BANNER_CONNECTING pgs=0 cs=0 l=0 rev1=0 crypto rx=0 tx=0 comp rx=0 tx=0)._handle_peer_banner_payload supported=3 required=0
2023-12-12T09:52:20.546 INFO:teuthology.orchestra.run.smithi099.stdout:/usr/bin/ceph: stderr
2023-12-12T09:52:19.891+0000 7f647e59c700 1 --2- >> [v2:172.21.15.99:3300/0,v1:172.21.15.99:6789/0] conn(0x7f6480070f60 0x7f6480104f40 unknown :-1 s=HELLO_CONNECTING pgs=0 cs=0 l=0 rev1=1 crypto rx=0 tx=0 comp rx=0 tx=0).handle_hello peer v2:172.21.15.99:3300/0 says I am v2:172.21.15.99:46190/0 (socket says 172.21.15.99:46190)
2023-12-12T09:52:20.549 INFO:teuthology.orchestra.run.smithi099.stdout:/usr/bin/ceph: stderr
2023-12-12T09:52:19.891+0000 7f647e59c700 1 -- 172.21.15.99:0/656073964 learned_addr learned my addr 172.21.15.99:0/656073964 (peer_addr_for_me v2:172.21.15.99:0/0)
2023-12-12T09:52:20.549 INFO:teuthology.orchestra.run.smithi099.stdout:/usr/bin/ceph: stderr
2023-12-12T09:52:19.892+0000 7f647e59c700 1 -- 172.21.15.99:0/656073964 --> [v2:172.21.15.99:3300/0,v1:172.21.15.99:6789/0] -- mon_subscribe({config=0+,monmap=0+}) v3 -- 0x7f64801055c0 con 0x7f6480070f60
2023-12-12T09:52:20.549 INFO:teuthology.orchestra.run.smithi099.stdout:/usr/bin/ceph: stderr
2023-12-12T09:52:19.892+0000 7f647e59c700 1 --2- 172.21.15.99:0/656073964 >> [v2:172.21.15.99:3300/0,v1:172.21.15.99:6789/0] conn(0x7f6480070f60 0x7f6480104f40 secure :-1 s=READY pgs=26 cs=0 l=1 rev1=1 crypto rx=0x7f64700098e0 tx=0x7f6470009250 comp rx=0 tx=0).ready entity=mon.0 client_cookie=2719cca1012c34f2 server_cookie=0 in_seq=0 out_seq=0
2023-12-12T09:52:20.549 INFO:teuthology.orchestra.run.smithi099.stdout:/usr/bin/ceph: stderr
2023-12-12T09:52:19.892+0000 7f647d59a700 1 -- 172.21.15.99:0/656073964 <== mon.0 v2:172.21.15.99:3300/0 1 ==== mon_map magic: 0 v1 ==== 229+0+0 (secure 0 0 0) 0x7f647000b860 con 0x7f6480070f60
2023-12-12T09:52:20.549 INFO:teuthology.orchestra.run.smithi099.stdout:/usr/bin/ceph: stderr
2023-12-12T09:52:19.892+0000 7f647d59a700 1 -- 172.21.15.99:0/656073964 <== mon.0 v2:172.21.15.99:3300/0 2 ==== config(26 keys) v1 ==== 1009+0+0 (secure 0 0 0) 0x7f647000be30 con 0x7f6480070f60
2023-12-12T09:52:20.549 INFO:teuthology.orchestra.run.smithi099.stdout:/usr/bin/ceph: stderr
2023-12-12T09:52:19.892+0000 7f647d59a700 1 -- 172.21.15.99:0/656073964 <== mon.0 v2:172.21.15.99:3300/0 3 ==== mon_map magic: 0 v1 ==== 229+0+0 (secure 0 0 0) 0x7f6470010380 con 0x7f6480070f60
2023-12-12T09:52:20.549 INFO:teuthology.orchestra.run.smithi099.stdout:/usr/bin/ceph: stderr
2023-12-12T09:52:19.893+0000 7f64849d8700 1 -- 172.21.15.99:0/656073964 >> [v2:172.21.15.99:3300/0,v1:172.21.15.99:6789/0] conn(0x7f6480070f60 msgr2=0x7f6480104f40 secure :-1 s=STATE_CONNECTION_ESTABLISHED l=1).mark_down
2023-12-12T09:52:20.549 INFO:teuthology.orchestra.run.smithi099.stdout:/usr/bin/ceph: stderr
2023-12-12T09:52:19.893+0000 7f64849d8700 1 --2- 172.21.15.99:0/656073964 >> [v2:172.21.15.99:3300/0,v1:172.21.15.99:6789/0] conn(0x7f6480070f60 0x7f6480104f40 secure :-1 s=READY pgs=26 cs=0 l=1 rev1=1 crypto rx=0x7f64700098e0 tx=0x7f6470009250 comp rx=0 tx=0).stop
2023-12-12T09:52:20.549 INFO:teuthology.orchestra.run.smithi099.stdout:/usr/bin/ceph: stderr
2023-12-12T09:52:19.893+0000 7f64849d8700 1 -- 172.21.15.99:0/656073964 shutdown_connections
2023-12-12T09:52:20.549 INFO:teuthology.orchestra.run.smithi099.stdout:/usr/bin/ceph: stderr
2023-12-12T09:52:19.893+0000 7f64849d8700 1 --2- 172.21.15.99:0/656073964 >> [v2:172.21.15.99:3300/0,v1:172.21.15.99:6789/0] conn(0x7f6480070f60 0x7f6480104f40 unknown :-1 s=CLOSED pgs=26 cs=0 l=1 rev1=1 crypto rx=0 tx=0 comp rx=0 tx=0).stop
2023-12-12T09:52:20.549 INFO:teuthology.orchestra.run.smithi099.stdout:/usr/bin/ceph: stderr
2023-12-12T09:52:19.893+0000 7f64849d8700 1 -- 172.21.15.99:0/656073964 >> 172.21.15.99:0/656073964 conn(0x7f64800fc970 msgr2=0x7f64800fed80 unknown :-1 s=STATE_NONE l=0).mark_down
2023-12-12T09:52:20.549 INFO:teuthology.orchestra.run.smithi099.stdout:/usr/bin/ceph: stderr
2023-12-12T09:52:19.893+0000 7f64849d8700 1 -- 172.21.15.99:0/656073964 shutdown_connections
2023-12-12T09:52:20.549 INFO:teuthology.orchestra.run.smithi099.stdout:/usr/bin/ceph: stderr
2023-12-12T09:52:19.893+0000 7f64849d8700 1 -- 172.21.15.99:0/656073964 wait complete.
2023-12-12T09:52:20.550 INFO:teuthology.orchestra.run.smithi099.stdout:/usr/bin/ceph: stderr
2023-12-12T09:52:19.894+0000 7f64849d8700 1 Processor -- start
2023-12-12T09:52:20.550 INFO:teuthology.orchestra.run.smithi099.stdout:/usr/bin/ceph: stderr
2023-12-12T09:52:19.894+0000 7f64849d8700 1 -- start start
2023-12-12T09:52:20.550 INFO:teuthology.orchestra.run.smithi099.stdout:/usr/bin/ceph: stderr
2023-12-12T09:52:19.894+0000 7f64849d8700 1 --2- >> [v2:172.21.15.99:3300/0,v1:172.21.15.99:6789/0] conn(0x7f6480070f60 0x7f6480113390 unknown :-1 s=NONE pgs=0 cs=0 l=1 rev1=0 crypto rx=0 tx=0 comp rx=0 tx=0).connect
2023-12-12T09:52:20.550 INFO:teuthology.orchestra.run.smithi099.stdout:/usr/bin/ceph: stderr
2023-12-12T09:52:19.894+0000 7f64849d8700 1 -- --> [v2:172.21.15.99:3300/0,v1:172.21.15.99:6789/0] -- mon_getmap magic: 0 v1 -- 0x7f64801138d0 con 0x7f6480070f60
2023-12-12T09:52:20.550 INFO:teuthology.orchestra.run.smithi099.stdout:/usr/bin/ceph: stderr
2023-12-12T09:52:19.894+0000 7f647e59c700 1 --2- >> [v2:172.21.15.99:3300/0,v1:172.21.15.99:6789/0] conn(0x7f6480070f60 0x7f6480113390 unknown :-1 s=BANNER_CONNECTING pgs=0 cs=0 l=1 rev1=0 crypto rx=0 tx=0 comp rx=0 tx=0)._handle_peer_banner_payload supported=3 required=0
2023-12-12T09:52:20.550 INFO:teuthology.orchestra.run.smithi099.stdout:/usr/bin/ceph: stderr
2023-12-12T09:52:19.894+0000 7f647e59c700 1 --2- >> [v2:172.21.15.99:3300/0,v1:172.21.15.99:6789/0] conn(0x7f6480070f60 0x7f6480113390 unknown :-1 s=HELLO_CONNECTING pgs=0 cs=0 l=1 rev1=1 crypto rx=0 tx=0 comp rx=0 tx=0).handle_hello peer v2:172.21.15.99:3300/0 says I am v2:172.21.15.99:46204/0 (socket says 172.21.15.99:46204)
2023-12-12T09:52:20.550 INFO:teuthology.orchestra.run.smithi099.stdout:/usr/bin/ceph: stderr
2023-12-12T09:52:19.895+0000 7f647e59c700 1 -- 172.21.15.99:0/3474441278 learned_addr learned my addr 172.21.15.99:0/3474441278 (peer_addr_for_me v2:172.21.15.99:0/0)
2023-12-12T09:52:20.550 INFO:teuthology.orchestra.run.smithi099.stdout:/usr/bin/ceph: stderr
2023-12-12T09:52:19.895+0000 7f647e59c700 1 -- 172.21.15.99:0/3474441278 --> [v2:172.21.15.99:3300/0,v1:172.21.15.99:6789/0] -- mon_subscribe({config=0+,monmap=0+}) v3 -- 0x7f64700094f0 con 0x7f6480070f60
2023-12-12T09:52:20.550 INFO:teuthology.orchestra.run.smithi099.stdout:/usr/bin/ceph: stderr
2023-12-12T09:52:19.895+0000 7f647e59c700 1 --2- 172.21.15.99:0/3474441278 >> [v2:172.21.15.99:3300/0,v1:172.21.15.99:6789/0] conn(0x7f6480070f60 0x7f6480113390 secure :-1 s=READY pgs=27 cs=0 l=1 rev1=1 crypto rx=0x7f6470006b00 tx=0x7f6470009250 comp rx=0 tx=0).ready entity=mon.0 client_cookie=0 server_cookie=0 in_seq=0 out_seq=0
2023-12-12T09:52:20.550 INFO:teuthology.orchestra.run.smithi099.stdout:/usr/bin/ceph: stderr
2023-12-12T09:52:19.895+0000 7f646effd700 1 -- 172.21.15.99:0/3474441278 <== mon.0 v2:172.21.15.99:3300/0 1 ==== mon_map magic: 0 v1 ==== 229+0+0 (secure 0 0 0) 0x7f6470010a80 con 0x7f6480070f60
2023-12-12T09:52:20.550 INFO:teuthology.orchestra.run.smithi099.stdout:/usr/bin/ceph: stderr
2023-12-12T09:52:19.895+0000 7f64849d8700 1 -- 172.21.15.99:0/3474441278 --> [v2:172.21.15.99:3300/0,v1:172.21.15.99:6789/0] -- mon_subscribe({mgrmap=0+}) v3 -- 0x7f6480113ad0 con 0x7f6480070f60
2023-12-12T09:52:20.550 INFO:teuthology.orchestra.run.smithi099.stdout:/usr/bin/ceph: stderr
2023-12-12T09:52:19.895+0000 7f646effd700 1 -- 172.21.15.99:0/3474441278 <== mon.0 v2:172.21.15.99:3300/0 2 ==== config(26 keys) v1 ==== 1009+0+0 (secure 0 0 0) 0x7f647001a430 con 0x7f6480070f60
2023-12-12T09:52:20.551 INFO:teuthology.orchestra.run.smithi099.stdout:/usr/bin/ceph: stderr
2023-12-12T09:52:19.896+0000 7f64849d8700 1 -- 172.21.15.99:0/3474441278 --> [v2:172.21.15.99:3300/0,v1:172.21.15.99:6789/0] -- mon_subscribe({osdmap=0}) v3 -- 0x7f6480113ee0 con 0x7f6480070f60
2023-12-12T09:52:20.551 INFO:teuthology.orchestra.run.smithi099.stdout:/usr/bin/ceph: stderr
2023-12-12T09:52:19.896+0000 7f646effd700 1 -- 172.21.15.99:0/3474441278 <== mon.0 v2:172.21.15.99:3300/0 3 ==== mon_map magic: 0 v1 ==== 229+0+0 (secure 0 0 0) 0x7f647002d550 con 0x7f6480070f60
2023-12-12T09:52:20.551 INFO:teuthology.orchestra.run.smithi099.stdout:/usr/bin/ceph: stderr
2023-12-12T09:52:19.897+0000 7f646effd700 1 -- 172.21.15.99:0/3474441278 <== mon.0 v2:172.21.15.99:3300/0 4 ==== mgrmap(e 5) v1 ==== 43281+0+0 (secure 0 0 0) 0x7f6470010be0 con 0x7f6480070f60
2023-12-12T09:52:20.551 INFO:teuthology.orchestra.run.smithi099.stdout:/usr/bin/ceph: stderr
2023-12-12T09:52:19.897+0000 7f64849d8700 1 -- 172.21.15.99:0/3474441278 --> [v2:172.21.15.99:3300/0,v1:172.21.15.99:6789/0] -- mon_command({"prefix": "get_command_descriptions"} v 0) v1 -- 0x7f648004bb80 con 0x7f6480070f60
2023-12-12T09:52:20.551 INFO:teuthology.orchestra.run.smithi099.stdout:/usr/bin/ceph: stderr
2023-12-12T09:52:19.897+0000 7f646effd700 1 --2- 172.21.15.99:0/3474441278 >> [v2:172.21.15.99:6800/2456439729,v1:172.21.15.99:6801/2456439729] conn(0x7f64680365f0 0x7f6468038aa0 unknown :-1 s=NONE pgs=0 cs=0 l=1 rev1=0 crypto rx=0 tx=0 comp rx=0 tx=0).connect
2023-12-12T09:52:20.551 INFO:teuthology.orchestra.run.smithi099.stdout:/usr/bin/ceph: stderr
2023-12-12T09:52:19.897+0000 7f646effd700 1 -- 172.21.15.99:0/3474441278 <== mon.0 v2:172.21.15.99:3300/0 5 ==== osd_map(1..1 src has 1..1) v4 ==== 721+0+0 (secure 0 0 0) 0x7f647004a6c0 con 0x7f6480070f60
2023-12-12T09:52:20.551 INFO:teuthology.orchestra.run.smithi099.stdout:/usr/bin/ceph: stderr
2023-12-12T09:52:19.897+0000 7f647dd9b700 1 -- 172.21.15.99:0/3474441278 >> [v2:172.21.15.99:6800/2456439729,v1:172.21.15.99:6801/2456439729] conn(0x7f64680365f0 msgr2=0x7f6468038aa0 unknown :-1 s=STATE_CONNECTING_RE l=1).process reconnect failed to v2:172.21.15.99:6800/2456439729
2023-12-12T09:52:20.551 INFO:teuthology.orchestra.run.smithi099.stdout:/usr/bin/ceph: stderr
2023-12-12T09:52:19.897+0000 7f647dd9b700 1 --2- 172.21.15.99:0/3474441278 >> [v2:172.21.15.99:6800/2456439729,v1:172.21.15.99:6801/2456439729] conn(0x7f64680365f0 0x7f6468038aa0 unknown :-1 s=START_CONNECT pgs=0 cs=0 l=1 rev1=0 crypto rx=0 tx=0 comp rx=0 tx=0)._fault waiting 0.200000
2023-12-12T09:52:20.551 INFO:teuthology.orchestra.run.smithi099.stdout:/usr/bin/ceph: stderr
2023-12-12T09:52:19.902+0000 7f646effd700 1 -- 172.21.15.99:0/3474441278 <== mon.0 v2:172.21.15.99:3300/0 6 ==== mon_command_ack([{"prefix": "get_command_descriptions"}]=0 v0) v1 ==== 72+0+174570 (secure 0 0 0) 0x7f6470018cd0 con 0x7f6480070f60
2023-12-12T09:52:20.551 INFO:teuthology.orchestra.run.smithi099.stdout:/usr/bin/ceph: stderr
2023-12-12T09:52:20.098+0000 7f647dd9b700 1 -- 172.21.15.99:0/3474441278 >> [v2:172.21.15.99:6800/2456439729,v1:172.21.15.99:6801/2456439729] conn(0x7f64680365f0 msgr2=0x7f6468038aa0 unknown :-1 s=STATE_CONNECTING_RE l=1).process reconnect failed to v2:172.21.15.99:6800/2456439729
2023-12-12T09:52:20.551 INFO:teuthology.orchestra.run.smithi099.stdout:/usr/bin/ceph: stderr
2023-12-12T09:52:20.098+0000 7f647dd9b700 1 --2- 172.21.15.99:0/3474441278 >> [v2:172.21.15.99:6800/2456439729,v1:172.21.15.99:6801/2456439729] conn(0x7f64680365f0 0x7f6468038aa0 unknown :-1 s=START_CONNECT pgs=0 cs=0 l=1 rev1=0 crypto rx=0 tx=0 comp rx=0 tx=0)._fault waiting 0.400000
2023-12-12T09:52:20.551 INFO:teuthology.orchestra.run.smithi099.stdout:/usr/bin/ceph: stderr
2023-12-12T09:52:20.153+0000 7f64849d8700 1 -- 172.21.15.99:0/3474441278 --> [v2:172.21.15.99:3300/0,v1:172.21.15.99:6789/0] -- mon_command({"prefix": "mgr stat"} v 0) v1 -- 0x7f64800008d0 con 0x7f6480070f60
2023-12-12T09:52:20.552 INFO:teuthology.orchestra.run.smithi099.stdout:/usr/bin/ceph: stderr
2023-12-12T09:52:20.153+0000 7f646effd700 1 -- 172.21.15.99:0/3474441278 <== mon.0 v2:172.21.15.99:3300/0 7 ==== mon_command_ack([{"prefix": "mgr stat"}]=0 v5) v1 ==== 56+0+103 (secure 0 0 0) 0x7f6470018af0 con 0x7f6480070f60
2023-12-12T09:52:20.552 INFO:teuthology.orchestra.run.smithi099.stdout:/usr/bin/ceph: stderr
2023-12-12T09:52:20.155+0000 7f64849d8700 1 -- 172.21.15.99:0/3474441278 >> [v2:172.21.15.99:6800/2456439729,v1:172.21.15.99:6801/2456439729] conn(0x7f64680365f0 msgr2=0x7f6468038aa0 unknown :-1 s=STATE_CONNECTING l=1).mark_down
2023-12-12T09:52:20.552 INFO:teuthology.orchestra.run.smithi099.stdout:/usr/bin/ceph: stderr
2023-12-12T09:52:20.155+0000 7f64849d8700 1 --2- 172.21.15.99:0/3474441278 >> [v2:172.21.15.99:6800/2456439729,v1:172.21.15.99:6801/2456439729] conn(0x7f64680365f0 0x7f6468038aa0 unknown :-1 s=START_CONNECT pgs=0 cs=0 l=1 rev1=0 crypto rx=0 tx=0 comp rx=0 tx=0).stop
2023-12-12T09:52:20.552 INFO:teuthology.orchestra.run.smithi099.stdout:/usr/bin/ceph: stderr
2023-12-12T09:52:20.155+0000 7f64849d8700 1 -- 172.21.15.99:0/3474441278 >> [v2:172.21.15.99:3300/0,v1:172.21.15.99:6789/0] conn(0x7f6480070f60 msgr2=0x7f6480113390 secure :-1 s=STATE_CONNECTION_ESTABLISHED l=1).mark_down
2023-12-12T09:52:20.552 INFO:teuthology.orchestra.run.smithi099.stdout:/usr/bin/ceph: stderr
2023-12-12T09:52:20.155+0000 7f64849d8700 1 --2- 172.21.15.99:0/3474441278 >> [v2:172.21.15.99:3300/0,v1:172.21.15.99:6789/0] conn(0x7f6480070f60 0x7f6480113390 secure :-1 s=READY pgs=27 cs=0 l=1 rev1=1 crypto rx=0x7f6470006b00 tx=0x7f6470009250 comp rx=0 tx=0).stop
2023-12-12T09:52:20.552 INFO:teuthology.orchestra.run.smithi099.stdout:/usr/bin/ceph: stderr
2023-12-12T09:52:20.156+0000 7f64849d8700 1 -- 172.21.15.99:0/3474441278 shutdown_connections
2023-12-12T09:52:20.552 INFO:teuthology.orchestra.run.smithi099.stdout:/usr/bin/ceph: stderr
2023-12-12T09:52:20.156+0000 7f64849d8700 1 --2- 172.21.15.99:0/3474441278 >> [v2:172.21.15.99:6800/2456439729,v1:172.21.15.99:6801/2456439729] conn(0x7f64680365f0 0x7f6468038aa0 unknown :-1 s=CLOSED pgs=0 cs=0 l=1 rev1=0 crypto rx=0 tx=0 comp rx=0 tx=0).stop
2023-12-12T09:52:20.552 INFO:teuthology.orchestra.run.smithi099.stdout:/usr/bin/ceph: stderr
2023-12-12T09:52:20.156+0000 7f64849d8700 1 --2- 172.21.15.99:0/3474441278 >> [v2:172.21.15.99:3300/0,v1:172.21.15.99:6789/0] conn(0x7f6480070f60 0x7f6480113390 unknown :-1 s=CLOSED pgs=27 cs=0 l=1 rev1=1 crypto rx=0 tx=0 comp rx=0 tx=0).stop
2023-12-12T09:52:20.553 INFO:teuthology.orchestra.run.smithi099.stdout:/usr/bin/ceph: stderr
2023-12-12T09:52:20.156+0000 7f64849d8700 1 -- 172.21.15.99:0/3474441278 >> 172.21.15.99:0/3474441278 conn(0x7f64800fc970 msgr2=0x7f64800fed20 unknown :-1 s=STATE_NONE l=0).mark_down
2023-12-12T09:52:20.553 INFO:teuthology.orchestra.run.smithi099.stdout:/usr/bin/ceph: stderr
2023-12-12T09:52:20.156+0000 7f64849d8700 1 -- 172.21.15.99:0/3474441278 shutdown_connections
2023-12-12T09:52:20.553 INFO:teuthology.orchestra.run.smithi099.stdout:/usr/bin/ceph: stderr
2023-12-12T09:52:20.156+0000 7f64849d8700 1 -- 172.21.15.99:0/3474441278 wait complete.
2023-12-12T09:52:20.553 INFO:teuthology.orchestra.run.smithi099.stdout:Waiting for the mgr to restart...
2023-12-12T09:52:20.553 INFO:teuthology.orchestra.run.smithi099.stdout:Waiting for mgr epoch 5...
2023-12-12T09:52:22.498 INFO:journalctl@ceph.mon.smithi099.smithi099.stdout:Dec 12 09:52:22 smithi099 ceph-mon[107139]: Active manager daemon smithi099.dydjzz restarted
2023-12-12T09:52:22.498 INFO:journalctl@ceph.mon.smithi099.smithi099.stdout:Dec 12 09:52:22 smithi099 ceph-mon[107139]: Activating manager daemon smithi099.dydjzz
2023-12-12T09:52:22.498 INFO:journalctl@ceph.mon.smithi099.smithi099.stdout:Dec 12 09:52:22 smithi099 ceph-mon[107139]: osdmap e2: 0 total, 0 up, 0 in
2023-12-12T09:52:22.498 INFO:journalctl@ceph.mon.smithi099.smithi099.stdout:Dec 12 09:52:22 smithi099 ceph-mon[107139]: mgrmap e6: smithi099.dydjzz(active, starting, since 0.00377927s)
2023-12-12T09:52:22.499 INFO:journalctl@ceph.mon.smithi099.smithi099.stdout:Dec 12 09:52:22 smithi099 ceph-mon[107139]: from='mgr.14120 172.21.15.99:0/1589008660' entity='mgr.smithi099.dydjzz' cmd=[{"prefix": "mon metadata", "id": "smithi099"}]: dispatch
2023-12-12T09:52:22.499 INFO:journalctl@ceph.mon.smithi099.smithi099.stdout:Dec 12 09:52:22 smithi099 ceph-mon[107139]: from='mgr.14120 172.21.15.99:0/1589008660' entity='mgr.smithi099.dydjzz' cmd=[{"prefix": "mgr metadata", "who": "smithi099.dydjzz", "id": "smithi099.dydjzz"}]: dispatch
2023-12-12T09:52:22.499 INFO:journalctl@ceph.mon.smithi099.smithi099.stdout:Dec 12 09:52:22 smithi099 ceph-mon[107139]: from='mgr.14120 172.21.15.99:0/1589008660' entity='mgr.smithi099.dydjzz' cmd=[{"prefix": "mds metadata"}]: dispatch
2023-12-12T09:52:22.499 INFO:journalctl@ceph.mon.smithi099.smithi099.stdout:Dec 12 09:52:22 smithi099 ceph-mon[107139]: from='mgr.14120 172.21.15.99:0/1589008660' entity='mgr.smithi099.dydjzz' cmd=[{"prefix": "osd metadata"}]: dispatch
2023-12-12T09:52:22.499 INFO:journalctl@ceph.mon.smithi099.smithi099.stdout:Dec 12 09:52:22 smithi099 ceph-mon[107139]: from='mgr.14120 172.21.15.99:0/1589008660' entity='mgr.smithi099.dydjzz' cmd=[{"prefix": "mon metadata"}]: dispatch
2023-12-12T09:52:22.499 INFO:journalctl@ceph.mon.smithi099.smithi099.stdout:Dec 12 09:52:22 smithi099 ceph-mon[107139]: Manager daemon smithi099.dydjzz is now available
2023-12-12T09:52:22.499 INFO:journalctl@ceph.mon.smithi099.smithi099.stdout:Dec 12 09:52:22 smithi099 ceph-mon[107139]: from='mgr.14120 172.21.15.99:0/1589008660' entity='mgr.smithi099.dydjzz'
2023-12-12T09:52:22.499 INFO:journalctl@ceph.mon.smithi099.smithi099.stdout:Dec 12 09:52:22 smithi099 ceph-mon[107139]: from='mgr.14120 172.21.15.99:0/1589008660' entity='mgr.smithi099.dydjzz'
2023-12-12T09:52:22.499 INFO:journalctl@ceph.mon.smithi099.smithi099.stdout:Dec 12 09:52:22 smithi099 ceph-mon[107139]: from='mgr.14120 172.21.15.99:0/1589008660' entity='mgr.smithi099.dydjzz' cmd=[{"prefix": "config dump", "format": "json"}]: dispatch
2023-12-12T09:52:22.499 INFO:journalctl@ceph.mon.smithi099.smithi099.stdout:Dec 12 09:52:22 smithi099 ceph-mon[107139]: from='mgr.14120 172.21.15.99:0/1589008660' entity='mgr.smithi099.dydjzz' cmd=[{"prefix": "config dump", "format": "json"}]: dispatch
2023-12-12T09:52:23.624 INFO:teuthology.orchestra.run.smithi099.stdout:/usr/bin/ceph: stdout {
2023-12-12T09:52:23.625 INFO:journalctl@ceph.mon.smithi099.smithi099.stdout:Dec 12 09:52:23 smithi099 ceph-mon[107139]: Found migration_current of "None". Setting to last migration.
2023-12-12T09:52:23.625 INFO:journalctl@ceph.mon.smithi099.smithi099.stdout:Dec 12 09:52:23 smithi099 ceph-mon[107139]: from='mgr.14120 172.21.15.99:0/1589008660' entity='mgr.smithi099.dydjzz' cmd=[{"prefix": "config dump", "format": "json"}]: dispatch
2023-12-12T09:52:23.625 INFO:journalctl@ceph.mon.smithi099.smithi099.stdout:Dec 12 09:52:23 smithi099 ceph-mon[107139]: from='mgr.14120 172.21.15.99:0/1589008660' entity='mgr.smithi099.dydjzz' cmd=[{"prefix":"config rm","who":"mgr","name":"mgr/rbd_support/smithi099.dydjzz/mirror_snapshot_schedule"}]: dispatch
2023-12-12T09:52:23.625 INFO:journalctl@ceph.mon.smithi099.smithi099.stdout:Dec 12 09:52:23 smithi099 ceph-mon[107139]: from='mgr.14120 172.21.15.99:0/1589008660' entity='mgr.smithi099.dydjzz' cmd=[{"prefix":"config rm","who":"mgr","name":"mgr/rbd_support/smithi099.dydjzz/trash_purge_schedule"}]: dispatch
2023-12-12T09:52:23.625 INFO:journalctl@ceph.mon.smithi099.smithi099.stdout:Dec 12 09:52:23 smithi099 ceph-mon[107139]: mgrmap e7: smithi099.dydjzz(active, since 1.0066s)
2023-12-12T09:52:23.632 INFO:teuthology.orchestra.run.smithi099.stdout:/usr/bin/ceph: stdout "mgrmap_epoch": 7,
2023-12-12T09:52:23.632 INFO:teuthology.orchestra.run.smithi099.stdout:/usr/bin/ceph: stdout "initialized": true
2023-12-12T09:52:23.632 INFO:teuthology.orchestra.run.smithi099.stdout:/usr/bin/ceph: stdout }
2023-12-12T09:52:23.632 INFO:teuthology.orchestra.run.smithi099.stdout:/usr/bin/ceph: stderr
2023-12-12T09:52:20.948+0000 7f1029de8700 1 Processor -- start
2023-12-12T09:52:23.632 INFO:teuthology.orchestra.run.smithi099.stdout:/usr/bin/ceph: stderr
2023-12-12T09:52:20.948+0000 7f1029de8700 1 -- start start
2023-12-12T09:52:23.632 INFO:teuthology.orchestra.run.smithi099.stdout:/usr/bin/ceph: stderr
2023-12-12T09:52:20.948+0000 7f1029de8700 1 --2- >> [v2:172.21.15.99:3300/0,v1:172.21.15.99:6789/0] conn(0x7f1024077bb0 0x7f10240760c0 unknown :-1 s=NONE pgs=0 cs=0 l=0 rev1=0 crypto rx=0 tx=0 comp rx=0 tx=0).connect
2023-12-12T09:52:23.632 INFO:teuthology.orchestra.run.smithi099.stdout:/usr/bin/ceph: stderr
2023-12-12T09:52:20.948+0000 7f1029de8700 1 -- --> [v2:172.21.15.99:3300/0,v1:172.21.15.99:6789/0] -- mon_getmap magic: 0 v1 -- 0x7f1024077fc0 con 0x7f1024077bb0
2023-12-12T09:52:23.632 INFO:teuthology.orchestra.run.smithi099.stdout:/usr/bin/ceph: stderr
2023-12-12T09:52:20.949+0000 7f10237fe700 1 --2- >> [v2:172.21.15.99:3300/0,v1:172.21.15.99:6789/0] conn(0x7f1024077bb0 0x7f10240760c0 unknown :-1 s=BANNER_CONNECTING pgs=0 cs=0 l=0 rev1=0 crypto rx=0 tx=0 comp rx=0 tx=0)._handle_peer_banner_payload supported=3 required=0
2023-12-12T09:52:23.633 INFO:teuthology.orchestra.run.smithi099.stdout:/usr/bin/ceph: stderr
2023-12-12T09:52:20.949+0000 7f10237fe700 1 --2- >> [v2:172.21.15.99:3300/0,v1:172.21.15.99:6789/0] conn(0x7f1024077bb0 0x7f10240760c0 unknown :-1 s=HELLO_CONNECTING pgs=0 cs=0 l=0 rev1=1 crypto rx=0 tx=0 comp rx=0 tx=0).handle_hello peer v2:172.21.15.99:3300/0 says I am v2:172.21.15.99:46220/0 (socket says 172.21.15.99:46220)
2023-12-12T09:52:23.633 INFO:teuthology.orchestra.run.smithi099.stdout:/usr/bin/ceph: stderr
2023-12-12T09:52:20.949+0000 7f10237fe700 1 -- 172.21.15.99:0/317808687 learned_addr learned my addr 172.21.15.99:0/317808687 (peer_addr_for_me v2:172.21.15.99:0/0)
2023-12-12T09:52:23.633 INFO:teuthology.orchestra.run.smithi099.stdout:/usr/bin/ceph: stderr
2023-12-12T09:52:20.949+0000 7f10237fe700 1 -- 172.21.15.99:0/317808687 --> [v2:172.21.15.99:3300/0,v1:172.21.15.99:6789/0] -- mon_subscribe({config=0+,monmap=0+}) v3 -- 0x7f1024076600 con 0x7f1024077bb0
2023-12-12T09:52:23.633 INFO:teuthology.orchestra.run.smithi099.stdout:/usr/bin/ceph: stderr
2023-12-12T09:52:20.949+0000 7f10237fe700 1 --2- 172.21.15.99:0/317808687 >> [v2:172.21.15.99:3300/0,v1:172.21.15.99:6789/0] conn(0x7f1024077bb0 0x7f10240760c0 secure :-1 s=READY pgs=28 cs=0 l=1 rev1=1 crypto rx=0x7f10140098e0 tx=0x7f1014009250 comp rx=0 tx=0).ready entity=mon.0 client_cookie=3a2eefc8d645ea15 server_cookie=0 in_seq=0 out_seq=0
2023-12-12T09:52:23.633 INFO:teuthology.orchestra.run.smithi099.stdout:/usr/bin/ceph: stderr
2023-12-12T09:52:20.950+0000 7f10227fc700 1 -- 172.21.15.99:0/317808687 <== mon.0 v2:172.21.15.99:3300/0 1 ==== mon_map magic: 0 v1 ==== 229+0+0 (secure 0 0 0) 0x7f101400b860 con 0x7f1024077bb0
2023-12-12T09:52:23.633 INFO:teuthology.orchestra.run.smithi099.stdout:/usr/bin/ceph: stderr
2023-12-12T09:52:20.950+0000 7f10227fc700 1 -- 172.21.15.99:0/317808687 <== mon.0 v2:172.21.15.99:3300/0 2 ==== config(26 keys) v1 ==== 1009+0+0 (secure 0 0 0) 0x7f101400be30 con 0x7f1024077bb0
2023-12-12T09:52:23.633 INFO:teuthology.orchestra.run.smithi099.stdout:/usr/bin/ceph: stderr
2023-12-12T09:52:20.950+0000 7f10227fc700 1 -- 172.21.15.99:0/317808687 <== mon.0 v2:172.21.15.99:3300/0 3 ==== mon_map magic: 0 v1 ==== 229+0+0 (secure 0 0 0) 0x7f1014010380 con 0x7f1024077bb0
2023-12-12T09:52:23.633 INFO:teuthology.orchestra.run.smithi099.stdout:/usr/bin/ceph: stderr
2023-12-12T09:52:20.950+0000 7f1029de8700 1 -- 172.21.15.99:0/317808687 >> [v2:172.21.15.99:3300/0,v1:172.21.15.99:6789/0] conn(0x7f1024077bb0 msgr2=0x7f10240760c0 secure :-1 s=STATE_CONNECTION_ESTABLISHED l=1).mark_down
2023-12-12T09:52:23.633 INFO:teuthology.orchestra.run.smithi099.stdout:/usr/bin/ceph: stderr
2023-12-12T09:52:20.950+0000 7f1029de8700 1 --2- 172.21.15.99:0/317808687 >> [v2:172.21.15.99:3300/0,v1:172.21.15.99:6789/0] conn(0x7f1024077bb0 0x7f10240760c0 secure :-1 s=READY pgs=28 cs=0 l=1 rev1=1 crypto rx=0x7f10140098e0 tx=0x7f1014009250 comp rx=0 tx=0).stop
2023-12-12T09:52:23.633 INFO:teuthology.orchestra.run.smithi099.stdout:/usr/bin/ceph: stderr
2023-12-12T09:52:20.950+0000 7f1029de8700 1 -- 172.21.15.99:0/317808687 shutdown_connections
2023-12-12T09:52:23.633 INFO:teuthology.orchestra.run.smithi099.stdout:/usr/bin/ceph: stderr
2023-12-12T09:52:20.950+0000 7f1029de8700 1 --2- 172.21.15.99:0/317808687 >> [v2:172.21.15.99:3300/0,v1:172.21.15.99:6789/0] conn(0x7f1024077bb0 0x7f10240760c0 unknown :-1 s=CLOSED pgs=28 cs=0 l=1 rev1=1 crypto rx=0 tx=0 comp rx=0 tx=0).stop
2023-12-12T09:52:23.633 INFO:teuthology.orchestra.run.smithi099.stdout:/usr/bin/ceph: stderr
2023-12-12T09:52:20.950+0000 7f1029de8700 1 -- 172.21.15.99:0/317808687 >> 172.21.15.99:0/317808687 conn(0x7f10240fda50 msgr2=0x7f10240ffe60 unknown :-1 s=STATE_NONE l=0).mark_down
2023-12-12T09:52:23.633 INFO:teuthology.orchestra.run.smithi099.stdout:/usr/bin/ceph: stderr
2023-12-12T09:52:20.950+0000 7f1029de8700 1 -- 172.21.15.99:0/317808687 shutdown_connections
2023-12-12T09:52:23.633 INFO:teuthology.orchestra.run.smithi099.stdout:/usr/bin/ceph: stderr
2023-12-12T09:52:20.950+0000 7f1029de8700 1 -- 172.21.15.99:0/317808687 wait complete.
2023-12-12T09:52:23.633 INFO:teuthology.orchestra.run.smithi099.stdout:/usr/bin/ceph: stderr
2023-12-12T09:52:20.951+0000 7f1029de8700 1 Processor -- start
2023-12-12T09:52:23.634 INFO:teuthology.orchestra.run.smithi099.stdout:/usr/bin/ceph: stderr
2023-12-12T09:52:20.951+0000 7f1029de8700 1 -- start start
2023-12-12T09:52:23.634 INFO:teuthology.orchestra.run.smithi099.stdout:/usr/bin/ceph: stderr
2023-12-12T09:52:20.952+0000 7f1029de8700 1 --2- >> [v2:172.21.15.99:3300/0,v1:172.21.15.99:6789/0] conn(0x7f1024077bb0 0x7f10241133d0 unknown :-1 s=NONE pgs=0 cs=0 l=1 rev1=0 crypto rx=0 tx=0 comp rx=0 tx=0).connect
2023-12-12T09:52:23.634 INFO:teuthology.orchestra.run.smithi099.stdout:/usr/bin/ceph: stderr
2023-12-12T09:52:20.952+0000 7f1029de8700 1 -- --> [v2:172.21.15.99:3300/0,v1:172.21.15.99:6789/0] -- mon_getmap magic: 0 v1 -- 0x7f1024113910 con 0x7f1024077bb0
2023-12-12T09:52:23.634 INFO:teuthology.orchestra.run.smithi099.stdout:/usr/bin/ceph: stderr
2023-12-12T09:52:20.952+0000 7f10237fe700 1 --2- >> [v2:172.21.15.99:3300/0,v1:172.21.15.99:6789/0] conn(0x7f1024077bb0 0x7f10241133d0 unknown :-1 s=BANNER_CONNECTING pgs=0 cs=0 l=1 rev1=0 crypto rx=0 tx=0 comp rx=0 tx=0)._handle_peer_banner_payload supported=3 required=0
2023-12-12T09:52:23.634 INFO:teuthology.orchestra.run.smithi099.stdout:/usr/bin/ceph: stderr
2023-12-12T09:52:20.952+0000 7f10237fe700 1 --2- >> [v2:172.21.15.99:3300/0,v1:172.21.15.99:6789/0] conn(0x7f1024077bb0 0x7f10241133d0 unknown :-1 s=HELLO_CONNECTING pgs=0 cs=0 l=1 rev1=1 crypto rx=0 tx=0 comp rx=0 tx=0).handle_hello peer v2:172.21.15.99:3300/0 says I am v2:172.21.15.99:46232/0 (socket says 172.21.15.99:46232)
2023-12-12T09:52:23.634 INFO:teuthology.orchestra.run.smithi099.stdout:/usr/bin/ceph: stderr
2023-12-12T09:52:20.952+0000 7f10237fe700 1 -- 172.21.15.99:0/1773402369 learned_addr learned my addr 172.21.15.99:0/1773402369 (peer_addr_for_me v2:172.21.15.99:0/0)
2023-12-12T09:52:23.634 INFO:teuthology.orchestra.run.smithi099.stdout:/usr/bin/ceph: stderr
2023-12-12T09:52:20.952+0000 7f10237fe700 1 -- 172.21.15.99:0/1773402369 --> [v2:172.21.15.99:3300/0,v1:172.21.15.99:6789/0] -- mon_subscribe({config=0+,monmap=0+}) v3 -- 0x7f10140094f0 con 0x7f1024077bb0
2023-12-12T09:52:23.634 INFO:teuthology.orchestra.run.smithi099.stdout:/usr/bin/ceph: stderr
2023-12-12T09:52:20.952+0000 7f10237fe700 1 --2- 172.21.15.99:0/1773402369 >> [v2:172.21.15.99:3300/0,v1:172.21.15.99:6789/0] conn(0x7f1024077bb0 0x7f10241133d0 secure :-1 s=READY pgs=29 cs=0 l=1 rev1=1 crypto rx=0x7f1014006fd0 tx=0x7f1014009250 comp rx=0 tx=0).ready entity=mon.0 client_cookie=0 server_cookie=0 in_seq=0 out_seq=0
2023-12-12T09:52:23.634 INFO:teuthology.orchestra.run.smithi099.stdout:/usr/bin/ceph: stderr
2023-12-12T09:52:20.953+0000 7f100bfff700 1 -- 172.21.15.99:0/1773402369 <== mon.0 v2:172.21.15.99:3300/0 1 ==== mon_map magic: 0 v1 ==== 229+0+0 (secure 0 0 0) 0x7f1014010750 con 0x7f1024077bb0
2023-12-12T09:52:23.634 INFO:teuthology.orchestra.run.smithi099.stdout:/usr/bin/ceph: stderr
2023-12-12T09:52:20.953+0000 7f100bfff700 1 -- 172.21.15.99:0/1773402369 <== mon.0 v2:172.21.15.99:3300/0 2 ==== config(26 keys) v1 ==== 1009+0+0 (secure 0 0 0) 0x7f1014010d20 con 0x7f1024077bb0
2023-12-12T09:52:23.634 INFO:teuthology.orchestra.run.smithi099.stdout:/usr/bin/ceph: stderr
2023-12-12T09:52:20.953+0000 7f1029de8700 1 -- 172.21.15.99:0/1773402369 --> [v2:172.21.15.99:3300/0,v1:172.21.15.99:6789/0] -- mon_subscribe({mgrmap=0+}) v3 -- 0x7f1024113b10 con 0x7f1024077bb0
2023-12-12T09:52:23.634 INFO:teuthology.orchestra.run.smithi099.stdout:/usr/bin/ceph: stderr
2023-12-12T09:52:20.953+0000 7f100bfff700 1 -- 172.21.15.99:0/1773402369 <== mon.0 v2:172.21.15.99:3300/0 3 ==== mon_map magic: 0 v1 ==== 229+0+0 (secure 0 0 0) 0x7f101401ada0 con 0x7f1024077bb0
2023-12-12T09:52:23.634 INFO:teuthology.orchestra.run.smithi099.stdout:/usr/bin/ceph: stderr
2023-12-12T09:52:20.953+0000 7f1029de8700 1 -- 172.21.15.99:0/1773402369 --> [v2:172.21.15.99:3300/0,v1:172.21.15.99:6789/0] -- mon_subscribe({osdmap=0}) v3 -- 0x7f1024113f20 con 0x7f1024077bb0
2023-12-12T09:52:23.634 INFO:teuthology.orchestra.run.smithi099.stdout:/usr/bin/ceph: stderr
2023-12-12T09:52:20.954+0000 7f100bfff700 1 -- 172.21.15.99:0/1773402369 <== mon.0 v2:172.21.15.99:3300/0 4 ==== mgrmap(e 5) v1 ==== 43281+0+0 (secure 0 0 0) 0x7f10140108b0 con 0x7f1024077bb0
2023-12-12T09:52:23.635 INFO:teuthology.orchestra.run.smithi099.stdout:/usr/bin/ceph: stderr
2023-12-12T09:52:20.954+0000 7f100bfff700 1 --2- 172.21.15.99:0/1773402369 >> [v2:172.21.15.99:6800/2456439729,v1:172.21.15.99:6801/2456439729] conn(0x7f100c036640 0x7f100c038af0 unknown :-1 s=NONE pgs=0 cs=0 l=1 rev1=0 crypto rx=0 tx=0 comp rx=0 tx=0).connect
2023-12-12T09:52:23.635 INFO:teuthology.orchestra.run.smithi099.stdout:/usr/bin/ceph: stderr
2023-12-12T09:52:20.954+0000 7f100bfff700 1 -- 172.21.15.99:0/1773402369 --> [v2:172.21.15.99:6800/2456439729,v1:172.21.15.99:6801/2456439729] -- command(tid 0: {"prefix": "get_command_descriptions"}) v1 -- 0x7f100c039200 con 0x7f100c036640
2023-12-12T09:52:23.635 INFO:teuthology.orchestra.run.smithi099.stdout:/usr/bin/ceph: stderr
2023-12-12T09:52:20.954+0000 7f100bfff700 1 -- 172.21.15.99:0/1773402369 <== mon.0 v2:172.21.15.99:3300/0 5 ==== osd_map(1..1 src has 1..1) v4 ==== 721+0+0 (secure 0 0 0) 0x7f1014049b10 con 0x7f1024077bb0
2023-12-12T09:52:23.635 INFO:teuthology.orchestra.run.smithi099.stdout:/usr/bin/ceph: stderr
2023-12-12T09:52:20.954+0000 7f1022ffd700 1 -- 172.21.15.99:0/1773402369 >> [v2:172.21.15.99:6800/2456439729,v1:172.21.15.99:6801/2456439729] conn(0x7f100c036640 msgr2=0x7f100c038af0 unknown :-1 s=STATE_CONNECTING_RE l=1).process reconnect failed to v2:172.21.15.99:6800/2456439729
2023-12-12T09:52:23.635 INFO:teuthology.orchestra.run.smithi099.stdout:/usr/bin/ceph: stderr
2023-12-12T09:52:20.954+0000 7f1022ffd700 1 --2- 172.21.15.99:0/1773402369 >> [v2:172.21.15.99:6800/2456439729,v1:172.21.15.99:6801/2456439729] conn(0x7f100c036640 0x7f100c038af0 unknown :-1 s=START_CONNECT pgs=0 cs=0 l=1 rev1=0 crypto rx=0 tx=0 comp rx=0 tx=0)._fault waiting 0.200000
2023-12-12T09:52:23.635 INFO:teuthology.orchestra.run.smithi099.stdout:/usr/bin/ceph: stderr
2023-12-12T09:52:21.155+0000 7f1022ffd700 1 -- 172.21.15.99:0/1773402369 >> [v2:172.21.15.99:6800/2456439729,v1:172.21.15.99:6801/2456439729] conn(0x7f100c036640 msgr2=0x7f100c038af0 unknown :-1 s=STATE_CONNECTING_RE l=1).process reconnect failed to v2:172.21.15.99:6800/2456439729
2023-12-12T09:52:23.635 INFO:teuthology.orchestra.run.smithi099.stdout:/usr/bin/ceph: stderr
2023-12-12T09:52:21.155+0000 7f1022ffd700 1 --2- 172.21.15.99:0/1773402369 >> [v2:172.21.15.99:6800/2456439729,v1:172.21.15.99:6801/2456439729] conn(0x7f100c036640 0x7f100c038af0 unknown :-1 s=START_CONNECT pgs=0 cs=0 l=1 rev1=0 crypto rx=0 tx=0 comp rx=0 tx=0)._fault waiting 0.400000
2023-12-12T09:52:23.635 INFO:teuthology.orchestra.run.smithi099.stdout:/usr/bin/ceph: stderr
2023-12-12T09:52:21.556+0000 7f1022ffd700 1 -- 172.21.15.99:0/1773402369 >> [v2:172.21.15.99:6800/2456439729,v1:172.21.15.99:6801/2456439729] conn(0x7f100c036640 msgr2=0x7f100c038af0 unknown :-1 s=STATE_CONNECTING_RE l=1).process reconnect failed to v2:172.21.15.99:6800/2456439729
2023-12-12T09:52:23.635 INFO:teuthology.orchestra.run.smithi099.stdout:/usr/bin/ceph: stderr
2023-12-12T09:52:21.556+0000 7f1022ffd700 1 --2- 172.21.15.99:0/1773402369 >> [v2:172.21.15.99:6800/2456439729,v1:172.21.15.99:6801/2456439729] conn(0x7f100c036640 0x7f100c038af0 unknown :-1 s=START_CONNECT pgs=0 cs=0 l=1 rev1=0 crypto rx=0 tx=0 comp rx=0 tx=0)._fault waiting 0.800000
2023-12-12T09:52:23.635 INFO:teuthology.orchestra.run.smithi099.stdout:/usr/bin/ceph: stderr
2023-12-12T09:52:22.289+0000 7f100bfff700 1 -- 172.21.15.99:0/1773402369 <== mon.0 v2:172.21.15.99:3300/0 6 ==== mgrmap(e 6) v1 ==== 43048+0+0 (secure 0 0 0) 0x7f1014048cc0 con 0x7f1024077bb0
2023-12-12T09:52:23.635 INFO:teuthology.orchestra.run.smithi099.stdout:/usr/bin/ceph: stderr
2023-12-12T09:52:22.289+0000 7f100bfff700 1 -- 172.21.15.99:0/1773402369 >> [v2:172.21.15.99:6800/2456439729,v1:172.21.15.99:6801/2456439729] conn(0x7f100c036640 msgr2=0x7f100c038af0 unknown :-1 s=STATE_CONNECTING l=1).mark_down
2023-12-12T09:52:23.635 INFO:teuthology.orchestra.run.smithi099.stdout:/usr/bin/ceph: stderr
2023-12-12T09:52:22.289+0000 7f100bfff700 1 --2- 172.21.15.99:0/1773402369 >> [v2:172.21.15.99:6800/2456439729,v1:172.21.15.99:6801/2456439729] conn(0x7f100c036640 0x7f100c038af0 unknown :-1 s=START_CONNECT pgs=0 cs=0 l=1 rev1=0 crypto rx=0 tx=0 comp rx=0 tx=0).stop
2023-12-12T09:52:23.635 INFO:teuthology.orchestra.run.smithi099.stdout:/usr/bin/ceph: stderr
2023-12-12T09:52:23.290+0000 7f100bfff700 1 -- 172.21.15.99:0/1773402369 <== mon.0 v2:172.21.15.99:3300/0 7 ==== mgrmap(e 7) v1 ==== 43175+0+0 (secure 0 0 0) 0x7f101402c350 con 0x7f1024077bb0
2023-12-12T09:52:23.635 INFO:teuthology.orchestra.run.smithi099.stdout:/usr/bin/ceph: stderr
2023-12-12T09:52:23.291+0000 7f100bfff700 1 --2- 172.21.15.99:0/1773402369 >> [v2:172.21.15.99:6800/3828177138,v1:172.21.15.99:6801/3828177138] conn(0x7f100c039f60 0x7f100c03c340 unknown :-1 s=NONE pgs=0 cs=0 l=1 rev1=0 crypto rx=0 tx=0 comp rx=0 tx=0).connect
2023-12-12T09:52:23.636 INFO:teuthology.orchestra.run.smithi099.stdout:/usr/bin/ceph: stderr
2023-12-12T09:52:23.291+0000 7f100bfff700 1 -- 172.21.15.99:0/1773402369 --> [v2:172.21.15.99:6800/3828177138,v1:172.21.15.99:6801/3828177138] -- command(tid 0: {"prefix": "get_command_descriptions"}) v1 -- 0x7f100c039200 con 0x7f100c039f60
2023-12-12T09:52:23.636 INFO:teuthology.orchestra.run.smithi099.stdout:/usr/bin/ceph: stderr
2023-12-12T09:52:23.291+0000 7f1022ffd700 1 --2- 172.21.15.99:0/1773402369 >> [v2:172.21.15.99:6800/3828177138,v1:172.21.15.99:6801/3828177138] conn(0x7f100c039f60 0x7f100c03c340 unknown :-1 s=BANNER_CONNECTING pgs=0 cs=0 l=1 rev1=0 crypto rx=0 tx=0 comp rx=0 tx=0)._handle_peer_banner_payload supported=3 required=0
2023-12-12T09:52:23.636 INFO:teuthology.orchestra.run.smithi099.stdout:/usr/bin/ceph: stderr
2023-12-12T09:52:23.293+0000 7f1022ffd700 1 --2- 172.21.15.99:0/1773402369 >> [v2:172.21.15.99:6800/3828177138,v1:172.21.15.99:6801/3828177138] conn(0x7f100c039f60 0x7f100c03c340 secure :-1 s=READY pgs=2 cs=0 l=1 rev1=1 crypto rx=0x7f10180039d0 tx=0x7f1018009350 comp rx=0 tx=0).ready entity=mgr.14120 client_cookie=0 server_cookie=0 in_seq=0 out_seq=0
2023-12-12T09:52:23.636 INFO:teuthology.orchestra.run.smithi099.stdout:/usr/bin/ceph: stderr
2023-12-12T09:52:23.294+0000 7f100bfff700 1 -- 172.21.15.99:0/1773402369 <== mgr.14120 v2:172.21.15.99:6800/3828177138 1 ==== command_reply(tid 0: 0 ) v1 ==== 8+0+6549 (secure 0 0 0) 0x7f100c039200 con 0x7f100c039f60
2023-12-12T09:52:23.636 INFO:teuthology.orchestra.run.smithi099.stdout:/usr/bin/ceph: stderr
2023-12-12T09:52:23.300+0000 7f1029de8700 1 -- 172.21.15.99:0/1773402369 --> [v2:172.21.15.99:6800/3828177138,v1:172.21.15.99:6801/3828177138] -- command(tid 1: {"prefix": "mgr_status"}) v1 -- 0x7f102404bb80 con 0x7f100c039f60
2023-12-12T09:52:23.636 INFO:teuthology.orchestra.run.smithi099.stdout:/usr/bin/ceph: stderr
2023-12-12T09:52:23.300+0000 7f100bfff700 1 -- 172.21.15.99:0/1773402369 <== mgr.14120 v2:172.21.15.99:6800/3828177138 2 ==== command_reply(tid 1: 0 ) v1 ==== 8+0+51 (secure 0 0 0) 0x7f102404bb80 con 0x7f100c039f60
2023-12-12T09:52:23.636 INFO:teuthology.orchestra.run.smithi099.stdout:/usr/bin/ceph: stderr
2023-12-12T09:52:23.300+0000 7f1029de8700 1 -- 172.21.15.99:0/1773402369 >> [v2:172.21.15.99:6800/3828177138,v1:172.21.15.99:6801/3828177138] conn(0x7f100c039f60 msgr2=0x7f100c03c340 secure :-1 s=STATE_CONNECTION_ESTABLISHED l=1).mark_down
2023-12-12T09:52:23.636 INFO:teuthology.orchestra.run.smithi099.stdout:/usr/bin/ceph: stderr
2023-12-12T09:52:23.300+0000 7f1029de8700 1 --2- 172.21.15.99:0/1773402369 >> [v2:172.21.15.99:6800/3828177138,v1:172.21.15.99:6801/3828177138] conn(0x7f100c039f60 0x7f100c03c340 secure :-1 s=READY pgs=2 cs=0 l=1 rev1=1 crypto rx=0x7f10180039d0 tx=0x7f1018009350 comp rx=0 tx=0).stop
2023-12-12T09:52:23.636 INFO:teuthology.orchestra.run.smithi099.stdout:/usr/bin/ceph: stderr
2023-12-12T09:52:23.301+0000 7f1029de8700 1 -- 172.21.15.99:0/1773402369 >> [v2:172.21.15.99:3300/0,v1:172.21.15.99:6789/0] conn(0x7f1024077bb0 msgr2=0x7f10241133d0 secure :-1 s=STATE_CONNECTION_ESTABLISHED l=1).mark_down
2023-12-12T09:52:23.636 INFO:teuthology.orchestra.run.smithi099.stdout:/usr/bin/ceph: stderr
2023-12-12T09:52:23.301+0000 7f1029de8700 1 --2- 172.21.15.99:0/1773402369 >> [v2:172.21.15.99:3300/0,v1:172.21.15.99:6789/0] conn(0x7f1024077bb0 0x7f10241133d0 secure :-1 s=READY pgs=29 cs=0 l=1 rev1=1 crypto rx=0x7f1014006fd0 tx=0x7f1014009250 comp rx=0 tx=0).stop
2023-12-12T09:52:23.636 INFO:teuthology.orchestra.run.smithi099.stdout:/usr/bin/ceph: stderr
2023-12-12T09:52:23.301+0000 7f1029de8700 1 -- 172.21.15.99:0/1773402369 shutdown_connections
2023-12-12T09:52:23.636 INFO:teuthology.orchestra.run.smithi099.stdout:/usr/bin/ceph: stderr
2023-12-12T09:52:23.301+0000 7f1029de8700 1 --2- 172.21.15.99:0/1773402369 >> [v2:172.21.15.99:6800/3828177138,v1:172.21.15.99:6801/3828177138] conn(0x7f100c039f60 0x7f100c03c340 unknown :-1 s=CLOSED pgs=2 cs=0 l=1 rev1=1 crypto rx=0 tx=0 comp rx=0 tx=0).stop
2023-12-12T09:52:23.636 INFO:teuthology.orchestra.run.smithi099.stdout:/usr/bin/ceph: stderr
2023-12-12T09:52:23.301+0000 7f1029de8700 1 --2- 172.21.15.99:0/1773402369 >> [v2:172.21.15.99:3300/0,v1:172.21.15.99:6789/0] conn(0x7f1024077bb0 0x7f10241133d0 unknown :-1 s=CLOSED pgs=29 cs=0 l=1 rev1=1 crypto rx=0 tx=0 comp rx=0 tx=0).stop
2023-12-12T09:52:23.636 INFO:teuthology.orchestra.run.smithi099.stdout:/usr/bin/ceph: stderr
2023-12-12T09:52:23.301+0000 7f1029de8700 1 --2- 172.21.15.99:0/1773402369 >> [v2:172.21.15.99:6800/2456439729,v1:172.21.15.99:6801/2456439729] conn(0x7f100c036640 0x7f100c038af0 unknown :-1 s=CLOSED pgs=0 cs=0 l=1 rev1=0 crypto rx=0 tx=0 comp rx=0 tx=0).stop
2023-12-12T09:52:23.636 INFO:teuthology.orchestra.run.smithi099.stdout:/usr/bin/ceph: stderr
2023-12-12T09:52:23.301+0000 7f1029de8700 1 -- 172.21.15.99:0/1773402369 >> 172.21.15.99:0/1773402369 conn(0x7f10240fda50 msgr2=0x7f10240ffe50 unknown :-1 s=STATE_NONE l=0).mark_down
2023-12-12T09:52:23.637 INFO:teuthology.orchestra.run.smithi099.stdout:/usr/bin/ceph: stderr
2023-12-12T09:52:23.301+0000 7f1029de8700 1 -- 172.21.15.99:0/1773402369 shutdown_connections
2023-12-12T09:52:23.637 INFO:teuthology.orchestra.run.smithi099.stdout:/usr/bin/ceph: stderr
2023-12-12T09:52:23.301+0000 7f1029de8700 1 -- 172.21.15.99:0/1773402369 wait complete.
2023-12-12T09:52:23.637 INFO:teuthology.orchestra.run.smithi099.stdout:mgr epoch 5 is available
2023-12-12T09:52:23.637 INFO:teuthology.orchestra.run.smithi099.stdout:Setting orchestrator backend to cephadm...
2023-12-12T09:52:24.603 INFO:teuthology.orchestra.run.smithi099.stdout:/usr/bin/ceph: stderr
2023-12-12T09:52:24.006+0000 7fa094c06700 1 Processor -- start
2023-12-12T09:52:24.604 INFO:teuthology.orchestra.run.smithi099.stdout:/usr/bin/ceph: stderr
2023-12-12T09:52:24.006+0000 7fa094c06700 1 -- start start
2023-12-12T09:52:24.604 INFO:teuthology.orchestra.run.smithi099.stdout:/usr/bin/ceph: stderr
2023-12-12T09:52:24.006+0000 7fa094c06700 1 --2- >> [v2:172.21.15.99:3300/0,v1:172.21.15.99:6789/0] conn(0x7fa0901022d0 0x7fa0901026e0 unknown :-1 s=NONE pgs=0 cs=0 l=0 rev1=0 crypto rx=0 tx=0 comp rx=0 tx=0).connect
2023-12-12T09:52:24.604 INFO:teuthology.orchestra.run.smithi099.stdout:/usr/bin/ceph: stderr
2023-12-12T09:52:24.006+0000 7fa094c06700 1 -- --> [v2:172.21.15.99:3300/0,v1:172.21.15.99:6789/0] -- mon_getmap magic: 0 v1 -- 0x7fa090102c20 con 0x7fa0901022d0
2023-12-12T09:52:24.604 INFO:teuthology.orchestra.run.smithi099.stdout:/usr/bin/ceph: stderr
2023-12-12T09:52:24.007+0000 7fa08e59c700 1 --2- >> [v2:172.21.15.99:3300/0,v1:172.21.15.99:6789/0] conn(0x7fa0901022d0 0x7fa0901026e0 unknown :-1 s=BANNER_CONNECTING pgs=0 cs=0 l=0 rev1=0 crypto rx=0 tx=0 comp rx=0 tx=0)._handle_peer_banner_payload supported=3 required=0
2023-12-12T09:52:24.604 INFO:teuthology.orchestra.run.smithi099.stdout:/usr/bin/ceph: stderr
2023-12-12T09:52:24.007+0000 7fa08e59c700 1 --2- >> [v2:172.21.15.99:3300/0,v1:172.21.15.99:6789/0] conn(0x7fa0901022d0 0x7fa0901026e0 unknown :-1 s=HELLO_CONNECTING pgs=0 cs=0 l=0 rev1=1 crypto rx=0 tx=0 comp rx=0 tx=0).handle_hello peer v2:172.21.15.99:3300/0 says I am v2:172.21.15.99:46300/0 (socket says 172.21.15.99:46300)
2023-12-12T09:52:24.604 INFO:teuthology.orchestra.run.smithi099.stdout:/usr/bin/ceph: stderr
2023-12-12T09:52:24.007+0000 7fa08e59c700 1 -- 172.21.15.99:0/780907451 learned_addr learned my addr 172.21.15.99:0/780907451 (peer_addr_for_me v2:172.21.15.99:0/0)
2023-12-12T09:52:24.604 INFO:teuthology.orchestra.run.smithi099.stdout:/usr/bin/ceph: stderr
2023-12-12T09:52:24.007+0000 7fa08e59c700 1 -- 172.21.15.99:0/780907451 --> [v2:172.21.15.99:3300/0,v1:172.21.15.99:6789/0] -- mon_subscribe({config=0+,monmap=0+}) v3 -- 0x7fa090102d60 con 0x7fa0901022d0
2023-12-12T09:52:24.604 INFO:teuthology.orchestra.run.smithi099.stdout:/usr/bin/ceph: stderr
