2023-12-12T09:50:27.728+0000 7fdd7bfff700 1 --2- 172.21.15.42:0/3860152919 >> [v2:172.21.15.42:6800/1525180467,v1:172.21.15.42:6801/1525180467] conn(0x7fdd7c038870 0x7fdd7c03ad30 unknown :-1 s=START_CONNECT pgs=0 cs=0 l=1 rev1=0 crypto rx=0 tx=0 comp rx=0 tx=0).stop
2023-12-12T09:50:29.124 INFO:teuthology.orchestra.run.smithi042.stdout:/usr/bin/ceph: stderr
2023-12-12T09:50:28.730+0000 7fdd7bfff700 1 -- 172.21.15.42:0/3860152919 <== mon.0 v2:172.21.15.42:3300/0 7 ==== mgrmap(e 11) v1 ==== 45487+0+0 (secure 0 0 0) 0x7fdd8404e770 con 0x7fdd9407ce30
2023-12-12T09:50:29.124 INFO:teuthology.orchestra.run.smithi042.stdout:/usr/bin/ceph: stderr
2023-12-12T09:50:28.730+0000 7fdd7bfff700 1 --2- 172.21.15.42:0/3860152919 >> [v2:172.21.15.42:6800/2637927159,v1:172.21.15.42:6801/2637927159] conn(0x7fdd7c03bfd0 0x7fdd7c03e3c0 unknown :-1 s=NONE pgs=0 cs=0 l=1 rev1=0 crypto rx=0 tx=0 comp rx=0 tx=0).connect
2023-12-12T09:50:29.124 INFO:teuthology.orchestra.run.smithi042.stdout:/usr/bin/ceph: stderr
2023-12-12T09:50:28.730+0000 7fdd7bfff700 1 -- 172.21.15.42:0/3860152919 --> [v2:172.21.15.42:6800/2637927159,v1:172.21.15.42:6801/2637927159] -- command(tid 0: {"prefix": "get_command_descriptions"}) v1 -- 0x7fdd9410d180 con 0x7fdd7c03bfd0
2023-12-12T09:50:29.124 INFO:teuthology.orchestra.run.smithi042.stdout:/usr/bin/ceph: stderr
2023-12-12T09:50:28.731+0000 7fdd9259c700 1 --2- 172.21.15.42:0/3860152919 >> [v2:172.21.15.42:6800/2637927159,v1:172.21.15.42:6801/2637927159] conn(0x7fdd7c03bfd0 0x7fdd7c03e3c0 unknown :-1 s=BANNER_CONNECTING pgs=0 cs=0 l=1 rev1=0 crypto rx=0 tx=0 comp rx=0 tx=0)._handle_peer_banner_payload supported=3 required=0
2023-12-12T09:50:29.124 INFO:teuthology.orchestra.run.smithi042.stdout:/usr/bin/ceph: stderr
2023-12-12T09:50:28.731+0000 7fdd9259c700 1 --2- 172.21.15.42:0/3860152919 >> [v2:172.21.15.42:6800/2637927159,v1:172.21.15.42:6801/2637927159] conn(0x7fdd7c03bfd0 0x7fdd7c03e3c0 secure :-1 s=READY pgs=1 cs=0 l=1 rev1=1 crypto rx=0x7fdd88003a10 tx=0x7fdd880092b0 comp rx=0 tx=0).ready entity=mgr.14152 client_cookie=0 server_cookie=0 in_seq=0 out_seq=0
2023-12-12T09:50:29.124 INFO:teuthology.orchestra.run.smithi042.stdout:/usr/bin/ceph: stderr
2023-12-12T09:50:28.732+0000 7fdd7bfff700 1 -- 172.21.15.42:0/3860152919 <== mgr.14152 v2:172.21.15.42:6800/2637927159 1 ==== command_reply(tid 0: 0 ) v1 ==== 8+0+7774 (secure 0 0 0) 0x7fdd9410d180 con 0x7fdd7c03bfd0
2023-12-12T09:50:29.124 INFO:teuthology.orchestra.run.smithi042.stdout:/usr/bin/ceph: stderr
2023-12-12T09:50:28.744+0000 7fdd990ba700 1 -- 172.21.15.42:0/3860152919 --> [v2:172.21.15.42:6800/2637927159,v1:172.21.15.42:6801/2637927159] -- command(tid 1: {"prefix": "mgr_status"}) v1 -- 0x7fdd9410d2f0 con 0x7fdd7c03bfd0
2023-12-12T09:50:29.124 INFO:teuthology.orchestra.run.smithi042.stdout:/usr/bin/ceph: stderr
2023-12-12T09:50:28.744+0000 7fdd7bfff700 1 -- 172.21.15.42:0/3860152919 <== mgr.14152 v2:172.21.15.42:6800/2637927159 2 ==== command_reply(tid 1: 0 ) v1 ==== 8+0+52 (secure 0 0 0) 0x7fdd9410d2f0 con 0x7fdd7c03bfd0
2023-12-12T09:50:29.124 INFO:teuthology.orchestra.run.smithi042.stdout:/usr/bin/ceph: stderr
2023-12-12T09:50:28.745+0000 7fdd990ba700 1 -- 172.21.15.42:0/3860152919 >> [v2:172.21.15.42:6800/2637927159,v1:172.21.15.42:6801/2637927159] conn(0x7fdd7c03bfd0 msgr2=0x7fdd7c03e3c0 secure :-1 s=STATE_CONNECTION_ESTABLISHED l=1).mark_down
2023-12-12T09:50:29.124 INFO:teuthology.orchestra.run.smithi042.stdout:/usr/bin/ceph: stderr
2023-12-12T09:50:28.745+0000 7fdd990ba700 1 --2- 172.21.15.42:0/3860152919 >> [v2:172.21.15.42:6800/2637927159,v1:172.21.15.42:6801/2637927159] conn(0x7fdd7c03bfd0 0x7fdd7c03e3c0 secure :-1 s=READY pgs=1 cs=0 l=1 rev1=1 crypto rx=0x7fdd88003a10 tx=0x7fdd880092b0 comp rx=0 tx=0).stop
2023-12-12T09:50:29.124 INFO:teuthology.orchestra.run.smithi042.stdout:/usr/bin/ceph: stderr
2023-12-12T09:50:28.745+0000 7fdd990ba700 1 -- 172.21.15.42:0/3860152919 >> [v2:172.21.15.42:3300/0,v1:172.21.15.42:6789/0] conn(0x7fdd9407ce30 msgr2=0x7fdd9419cc00 secure :-1 s=STATE_CONNECTION_ESTABLISHED l=1).mark_down
2023-12-12T09:50:29.124 INFO:teuthology.orchestra.run.smithi042.stdout:/usr/bin/ceph: stderr
2023-12-12T09:50:28.745+0000 7fdd990ba700 1 --2- 172.21.15.42:0/3860152919 >> [v2:172.21.15.42:3300/0,v1:172.21.15.42:6789/0] conn(0x7fdd9407ce30 0x7fdd9419cc00 secure :-1 s=READY pgs=62 cs=0 l=1 rev1=1 crypto rx=0x7fdd84011670 tx=0x7fdd84011a30 comp rx=0 tx=0).stop
2023-12-12T09:50:29.124 INFO:teuthology.orchestra.run.smithi042.stdout:/usr/bin/ceph: stderr
2023-12-12T09:50:28.745+0000 7fdd990ba700 1 -- 172.21.15.42:0/3860152919 shutdown_connections
2023-12-12T09:50:29.124 INFO:teuthology.orchestra.run.smithi042.stdout:/usr/bin/ceph: stderr
2023-12-12T09:50:28.745+0000 7fdd990ba700 1 --2- 172.21.15.42:0/3860152919 >> [v2:172.21.15.42:3300/0,v1:172.21.15.42:6789/0] conn(0x7fdd9407ce30 0x7fdd9419cc00 unknown :-1 s=CLOSED pgs=62 cs=0 l=1 rev1=1 crypto rx=0 tx=0 comp rx=0 tx=0).stop
2023-12-12T09:50:29.124 INFO:teuthology.orchestra.run.smithi042.stdout:/usr/bin/ceph: stderr
2023-12-12T09:50:28.745+0000 7fdd990ba700 1 --2- 172.21.15.42:0/3860152919 >> [v2:172.21.15.42:6800/2637927159,v1:172.21.15.42:6801/2637927159] conn(0x7fdd7c03bfd0 0x7fdd7c03e3c0 unknown :-1 s=CLOSED pgs=1 cs=0 l=1 rev1=1 crypto rx=0 tx=0 comp rx=0 tx=0).stop
2023-12-12T09:50:29.125 INFO:teuthology.orchestra.run.smithi042.stdout:/usr/bin/ceph: stderr
2023-12-12T09:50:28.745+0000 7fdd990ba700 1 --2- 172.21.15.42:0/3860152919 >> [v2:172.21.15.42:6800/1525180467,v1:172.21.15.42:6801/1525180467] conn(0x7fdd7c038870 0x7fdd7c03ad30 unknown :-1 s=CLOSED pgs=0 cs=0 l=1 rev1=0 crypto rx=0 tx=0 comp rx=0 tx=0).stop
2023-12-12T09:50:29.125 INFO:teuthology.orchestra.run.smithi042.stdout:/usr/bin/ceph: stderr
2023-12-12T09:50:28.745+0000 7fdd990ba700 1 -- 172.21.15.42:0/3860152919 >> 172.21.15.42:0/3860152919 conn(0x7fdd941022e0 msgr2=0x7fdd94102e20 unknown :-1 s=STATE_NONE l=0).mark_down
2023-12-12T09:50:29.125 INFO:teuthology.orchestra.run.smithi042.stdout:/usr/bin/ceph: stderr
2023-12-12T09:50:28.745+0000 7fdd990ba700 1 -- 172.21.15.42:0/3860152919 shutdown_connections
2023-12-12T09:50:29.125 INFO:teuthology.orchestra.run.smithi042.stdout:/usr/bin/ceph: stderr
2023-12-12T09:50:28.745+0000 7fdd990ba700 1 -- 172.21.15.42:0/3860152919 wait complete.
2023-12-12T09:50:29.125 INFO:teuthology.orchestra.run.smithi042.stdout:mgr epoch 9 is available
2023-12-12T09:50:29.125 INFO:teuthology.orchestra.run.smithi042.stdout:Generating a dashboard self-signed certificate...
2023-12-12T09:50:30.153 INFO:journalctl@ceph.mon.a.smithi042.stdout:Dec 12 09:50:29 smithi042 ceph-mon[98894]: [12/Dec/2023:09:50:28] ENGINE Serving on https://172.21.15.42:7150
2023-12-12T09:50:30.153 INFO:journalctl@ceph.mon.a.smithi042.stdout:Dec 12 09:50:29 smithi042 ceph-mon[98894]: [12/Dec/2023:09:50:28] ENGINE Bus STARTED
2023-12-12T09:50:30.153 INFO:journalctl@ceph.mon.a.smithi042.stdout:Dec 12 09:50:29 smithi042 ceph-mon[98894]: from='client.14156 -' entity='client.admin' cmd=[{"prefix": "get_command_descriptions"}]: dispatch
2023-12-12T09:50:30.153 INFO:journalctl@ceph.mon.a.smithi042.stdout:Dec 12 09:50:29 smithi042 ceph-mon[98894]: from='client.14156 -' entity='client.admin' cmd=[{"prefix": "mgr_status"}]: dispatch
2023-12-12T09:50:30.153 INFO:journalctl@ceph.mon.a.smithi042.stdout:Dec 12 09:50:29 smithi042 ceph-mon[98894]: from='mgr.14152 172.21.15.42:0/3920316820' entity='mgr.x'
2023-12-12T09:50:30.765 INFO:teuthology.orchestra.run.smithi042.stdout:/usr/bin/ceph: stdout Self-signed certificate created
2023-12-12T09:50:30.765 INFO:teuthology.orchestra.run.smithi042.stdout:/usr/bin/ceph: stderr
2023-12-12T09:50:29.805+0000 7f8501f9a700 1 Processor -- start
2023-12-12T09:50:30.765 INFO:teuthology.orchestra.run.smithi042.stdout:/usr/bin/ceph: stderr
2023-12-12T09:50:29.805+0000 7f8501f9a700 1 -- start start
2023-12-12T09:50:30.765 INFO:teuthology.orchestra.run.smithi042.stdout:/usr/bin/ceph: stderr
2023-12-12T09:50:29.805+0000 7f8501f9a700 1 --2- >> [v2:172.21.15.42:3300/0,v1:172.21.15.42:6789/0] conn(0x7f84fc1055d0 0x7f84fc1059f0 unknown :-1 s=NONE pgs=0 cs=0 l=0 rev1=0 crypto rx=0 tx=0 comp rx=0 tx=0).connect
2023-12-12T09:50:30.765 INFO:teuthology.orchestra.run.smithi042.stdout:/usr/bin/ceph: stderr
2023-12-12T09:50:29.805+0000 7f8501f9a700 1 -- --> [v2:172.21.15.42:3300/0,v1:172.21.15.42:6789/0] -- mon_getmap magic: 0 v1 -- 0x7f84fc07ae20 con 0x7f84fc1055d0
2023-12-12T09:50:30.766 INFO:teuthology.orchestra.run.smithi042.stdout:/usr/bin/ceph: stderr
2023-12-12T09:50:29.805+0000 7f84fb7fe700 1 --2- >> [v2:172.21.15.42:3300/0,v1:172.21.15.42:6789/0] conn(0x7f84fc1055d0 0x7f84fc1059f0 unknown :-1 s=BANNER_CONNECTING pgs=0 cs=0 l=0 rev1=0 crypto rx=0 tx=0 comp rx=0 tx=0)._handle_peer_banner_payload supported=3 required=0
2023-12-12T09:50:30.766 INFO:teuthology.orchestra.run.smithi042.stdout:/usr/bin/ceph: stderr
2023-12-12T09:50:29.805+0000 7f84fb7fe700 1 --2- >> [v2:172.21.15.42:3300/0,v1:172.21.15.42:6789/0] conn(0x7f84fc1055d0 0x7f84fc1059f0 unknown :-1 s=HELLO_CONNECTING pgs=0 cs=0 l=0 rev1=1 crypto rx=0 tx=0 comp rx=0 tx=0).handle_hello peer v2:172.21.15.42:3300/0 says I am v2:172.21.15.42:60610/0 (socket says 172.21.15.42:60610)
2023-12-12T09:50:30.766 INFO:teuthology.orchestra.run.smithi042.stdout:/usr/bin/ceph: stderr
2023-12-12T09:50:29.805+0000 7f84fb7fe700 1 -- 172.21.15.42:0/4082074936 learned_addr learned my addr 172.21.15.42:0/4082074936 (peer_addr_for_me v2:172.21.15.42:0/0)
2023-12-12T09:50:30.766 INFO:teuthology.orchestra.run.smithi042.stdout:/usr/bin/ceph: stderr
2023-12-12T09:50:29.806+0000 7f84fb7fe700 1 -- 172.21.15.42:0/4082074936 --> [v2:172.21.15.42:3300/0,v1:172.21.15.42:6789/0] -- mon_subscribe({config=0+,monmap=0+}) v3 -- 0x7f84fc105f30 con 0x7f84fc1055d0
2023-12-12T09:50:30.766 INFO:teuthology.orchestra.run.smithi042.stdout:/usr/bin/ceph: stderr
2023-12-12T09:50:29.806+0000 7f84fb7fe700 1 --2- 172.21.15.42:0/4082074936 >> [v2:172.21.15.42:3300/0,v1:172.21.15.42:6789/0] conn(0x7f84fc1055d0 0x7f84fc1059f0 secure :-1 s=READY pgs=70 cs=0 l=1 rev1=1 crypto rx=0x7f84ec0098a0 tx=0x7f84ec009bb0 comp rx=0 tx=0).ready entity=mon.0 client_cookie=8813b401ead165b4 server_cookie=0 in_seq=0 out_seq=0
2023-12-12T09:50:30.766 INFO:teuthology.orchestra.run.smithi042.stdout:/usr/bin/ceph: stderr
2023-12-12T09:50:29.806+0000 7f84fa7fc700 1 -- 172.21.15.42:0/4082074936 <== mon.0 v2:172.21.15.42:3300/0 1 ==== mon_map magic: 0 v1 ==== 205+0+0 (secure 0 0 0) 0x7f84ec004160 con 0x7f84fc1055d0
2023-12-12T09:50:30.766 INFO:teuthology.orchestra.run.smithi042.stdout:/usr/bin/ceph: stderr
2023-12-12T09:50:29.806+0000 7f84fa7fc700 1 -- 172.21.15.42:0/4082074936 <== mon.0 v2:172.21.15.42:3300/0 2 ==== config(26 keys) v1 ==== 1105+0+0 (secure 0 0 0) 0x7f84ec0042c0 con 0x7f84fc1055d0
2023-12-12T09:50:30.766 INFO:teuthology.orchestra.run.smithi042.stdout:/usr/bin/ceph: stderr
2023-12-12T09:50:29.806+0000 7f84fa7fc700 1 -- 172.21.15.42:0/4082074936 <== mon.0 v2:172.21.15.42:3300/0 3 ==== mon_map magic: 0 v1 ==== 205+0+0 (secure 0 0 0) 0x7f84ec0119b0 con 0x7f84fc1055d0
2023-12-12T09:50:30.766 INFO:teuthology.orchestra.run.smithi042.stdout:/usr/bin/ceph: stderr
2023-12-12T09:50:29.807+0000 7f8501f9a700 1 -- 172.21.15.42:0/4082074936 >> [v2:172.21.15.42:3300/0,v1:172.21.15.42:6789/0] conn(0x7f84fc1055d0 msgr2=0x7f84fc1059f0 secure :-1 s=STATE_CONNECTION_ESTABLISHED l=1).mark_down
2023-12-12T09:50:30.766 INFO:teuthology.orchestra.run.smithi042.stdout:/usr/bin/ceph: stderr
2023-12-12T09:50:29.807+0000 7f8501f9a700 1 --2- 172.21.15.42:0/4082074936 >> [v2:172.21.15.42:3300/0,v1:172.21.15.42:6789/0] conn(0x7f84fc1055d0 0x7f84fc1059f0 secure :-1 s=READY pgs=70 cs=0 l=1 rev1=1 crypto rx=0x7f84ec0098a0 tx=0x7f84ec009bb0 comp rx=0 tx=0).stop
2023-12-12T09:50:30.766 INFO:teuthology.orchestra.run.smithi042.stdout:/usr/bin/ceph: stderr
2023-12-12T09:50:29.807+0000 7f8501f9a700 1 -- 172.21.15.42:0/4082074936 shutdown_connections
2023-12-12T09:50:30.766 INFO:teuthology.orchestra.run.smithi042.stdout:/usr/bin/ceph: stderr
2023-12-12T09:50:29.807+0000 7f8501f9a700 1 --2- 172.21.15.42:0/4082074936 >> [v2:172.21.15.42:3300/0,v1:172.21.15.42:6789/0] conn(0x7f84fc1055d0 0x7f84fc1059f0 unknown :-1 s=CLOSED pgs=70 cs=0 l=1 rev1=1 crypto rx=0 tx=0 comp rx=0 tx=0).stop
2023-12-12T09:50:30.766 INFO:teuthology.orchestra.run.smithi042.stdout:/usr/bin/ceph: stderr
2023-12-12T09:50:29.807+0000 7f8501f9a700 1 -- 172.21.15.42:0/4082074936 >> 172.21.15.42:0/4082074936 conn(0x7f84fc1011d0 msgr2=0x7f84fc103610 unknown :-1 s=STATE_NONE l=0).mark_down
2023-12-12T09:50:30.767 INFO:teuthology.orchestra.run.smithi042.stdout:/usr/bin/ceph: stderr
2023-12-12T09:50:29.807+0000 7f8501f9a700 1 -- 172.21.15.42:0/4082074936 shutdown_connections
2023-12-12T09:50:30.767 INFO:teuthology.orchestra.run.smithi042.stdout:/usr/bin/ceph: stderr
2023-12-12T09:50:29.807+0000 7f8501f9a700 1 -- 172.21.15.42:0/4082074936 wait complete.
2023-12-12T09:50:30.767 INFO:teuthology.orchestra.run.smithi042.stdout:/usr/bin/ceph: stderr
2023-12-12T09:50:29.808+0000 7f8501f9a700 1 Processor -- start
2023-12-12T09:50:30.767 INFO:teuthology.orchestra.run.smithi042.stdout:/usr/bin/ceph: stderr
2023-12-12T09:50:29.808+0000 7f8501f9a700 1 -- start start
2023-12-12T09:50:30.767 INFO:teuthology.orchestra.run.smithi042.stdout:/usr/bin/ceph: stderr
2023-12-12T09:50:29.808+0000 7f8501f9a700 1 --2- >> [v2:172.21.15.42:3300/0,v1:172.21.15.42:6789/0] conn(0x7f84fc1055d0 0x7f84fc19cc20 unknown :-1 s=NONE pgs=0 cs=0 l=1 rev1=0 crypto rx=0 tx=0 comp rx=0 tx=0).connect
2023-12-12T09:50:30.767 INFO:teuthology.orchestra.run.smithi042.stdout:/usr/bin/ceph: stderr
2023-12-12T09:50:29.808+0000 7f8501f9a700 1 -- --> [v2:172.21.15.42:3300/0,v1:172.21.15.42:6789/0] -- mon_getmap magic: 0 v1 -- 0x7f84fc19d160 con 0x7f84fc1055d0
2023-12-12T09:50:30.767 INFO:teuthology.orchestra.run.smithi042.stdout:/usr/bin/ceph: stderr
2023-12-12T09:50:29.808+0000 7f84fb7fe700 1 --2- >> [v2:172.21.15.42:3300/0,v1:172.21.15.42:6789/0] conn(0x7f84fc1055d0 0x7f84fc19cc20 unknown :-1 s=BANNER_CONNECTING pgs=0 cs=0 l=1 rev1=0 crypto rx=0 tx=0 comp rx=0 tx=0)._handle_peer_banner_payload supported=3 required=0
2023-12-12T09:50:30.767 INFO:teuthology.orchestra.run.smithi042.stdout:/usr/bin/ceph: stderr
2023-12-12T09:50:29.809+0000 7f84fb7fe700 1 --2- >> [v2:172.21.15.42:3300/0,v1:172.21.15.42:6789/0] conn(0x7f84fc1055d0 0x7f84fc19cc20 unknown :-1 s=HELLO_CONNECTING pgs=0 cs=0 l=1 rev1=1 crypto rx=0 tx=0 comp rx=0 tx=0).handle_hello peer v2:172.21.15.42:3300/0 says I am v2:172.21.15.42:60612/0 (socket says 172.21.15.42:60612)
2023-12-12T09:50:30.767 INFO:teuthology.orchestra.run.smithi042.stdout:/usr/bin/ceph: stderr
2023-12-12T09:50:29.809+0000 7f84fb7fe700 1 -- 172.21.15.42:0/2510345322 learned_addr learned my addr 172.21.15.42:0/2510345322 (peer_addr_for_me v2:172.21.15.42:0/0)
2023-12-12T09:50:30.767 INFO:teuthology.orchestra.run.smithi042.stdout:/usr/bin/ceph: stderr
2023-12-12T09:50:29.809+0000 7f84fb7fe700 1 -- 172.21.15.42:0/2510345322 --> [v2:172.21.15.42:3300/0,v1:172.21.15.42:6789/0] -- mon_subscribe({config=0+,monmap=0+}) v3 -- 0x7f84ec009550 con 0x7f84fc1055d0
2023-12-12T09:50:30.767 INFO:teuthology.orchestra.run.smithi042.stdout:/usr/bin/ceph: stderr
2023-12-12T09:50:29.809+0000 7f84fb7fe700 1 --2- 172.21.15.42:0/2510345322 >> [v2:172.21.15.42:3300/0,v1:172.21.15.42:6789/0] conn(0x7f84fc1055d0 0x7f84fc19cc20 secure :-1 s=READY pgs=71 cs=0 l=1 rev1=1 crypto rx=0x7f84ec011670 tx=0x7f84ec011a30 comp rx=0 tx=0).ready entity=mon.0 client_cookie=0 server_cookie=0 in_seq=0 out_seq=0
2023-12-12T09:50:30.767 INFO:teuthology.orchestra.run.smithi042.stdout:/usr/bin/ceph: stderr
2023-12-12T09:50:29.809+0000 7f84f8ff9700 1 -- 172.21.15.42:0/2510345322 <== mon.0 v2:172.21.15.42:3300/0 1 ==== mon_map magic: 0 v1 ==== 205+0+0 (secure 0 0 0) 0x7f84ec003b20 con 0x7f84fc1055d0
2023-12-12T09:50:30.767 INFO:teuthology.orchestra.run.smithi042.stdout:/usr/bin/ceph: stderr
2023-12-12T09:50:29.809+0000 7f84f8ff9700 1 -- 172.21.15.42:0/2510345322 <== mon.0 v2:172.21.15.42:3300/0 2 ==== config(26 keys) v1 ==== 1105+0+0 (secure 0 0 0) 0x7f84ec003c80 con 0x7f84fc1055d0
2023-12-12T09:50:30.767 INFO:teuthology.orchestra.run.smithi042.stdout:/usr/bin/ceph: stderr
2023-12-12T09:50:29.809+0000 7f8501f9a700 1 -- 172.21.15.42:0/2510345322 --> [v2:172.21.15.42:3300/0,v1:172.21.15.42:6789/0] -- mon_subscribe({mgrmap=0+}) v3 -- 0x7f84fc19d360 con 0x7f84fc1055d0
2023-12-12T09:50:30.767 INFO:teuthology.orchestra.run.smithi042.stdout:/usr/bin/ceph: stderr
2023-12-12T09:50:29.809+0000 7f84f8ff9700 1 -- 172.21.15.42:0/2510345322 <== mon.0 v2:172.21.15.42:3300/0 3 ==== mon_map magic: 0 v1 ==== 205+0+0 (secure 0 0 0) 0x7f84ec019770 con 0x7f84fc1055d0
2023-12-12T09:50:30.768 INFO:teuthology.orchestra.run.smithi042.stdout:/usr/bin/ceph: stderr
2023-12-12T09:50:29.809+0000 7f8501f9a700 1 -- 172.21.15.42:0/2510345322 --> [v2:172.21.15.42:3300/0,v1:172.21.15.42:6789/0] -- mon_subscribe({osdmap=0}) v3 -- 0x7f84fc19d800 con 0x7f84fc1055d0
2023-12-12T09:50:30.768 INFO:teuthology.orchestra.run.smithi042.stdout:/usr/bin/ceph: stderr
2023-12-12T09:50:29.810+0000 7f84f8ff9700 1 -- 172.21.15.42:0/2510345322 <== mon.0 v2:172.21.15.42:3300/0 4 ==== mgrmap(e 12) v1 ==== 45593+0+0 (secure 0 0 0) 0x7f84ec019a50 con 0x7f84fc1055d0
2023-12-12T09:50:30.768 INFO:teuthology.orchestra.run.smithi042.stdout:/usr/bin/ceph: stderr
2023-12-12T09:50:29.811+0000 7f84f8ff9700 1 --2- 172.21.15.42:0/2510345322 >> [v2:172.21.15.42:6800/2637927159,v1:172.21.15.42:6801/2637927159] conn(0x7f84e4038870 0x7f84e403ad30 unknown :-1 s=NONE pgs=0 cs=0 l=1 rev1=0 crypto rx=0 tx=0 comp rx=0 tx=0).connect
2023-12-12T09:50:30.768 INFO:teuthology.orchestra.run.smithi042.stdout:/usr/bin/ceph: stderr
2023-12-12T09:50:29.811+0000 7f84f8ff9700 1 -- 172.21.15.42:0/2510345322 <== mon.0 v2:172.21.15.42:3300/0 5 ==== osd_map(3..3 src has 1..3) v4 ==== 1155+0+0 (secure 0 0 0) 0x7f84ec04cbd0 con 0x7f84fc1055d0
2023-12-12T09:50:30.768 INFO:teuthology.orchestra.run.smithi042.stdout:/usr/bin/ceph: stderr
2023-12-12T09:50:29.811+0000 7f84faffd700 1 --2- 172.21.15.42:0/2510345322 >> [v2:172.21.15.42:6800/2637927159,v1:172.21.15.42:6801/2637927159] conn(0x7f84e4038870 0x7f84e403ad30 unknown :-1 s=BANNER_CONNECTING pgs=0 cs=0 l=1 rev1=0 crypto rx=0 tx=0 comp rx=0 tx=0)._handle_peer_banner_payload supported=3 required=0
2023-12-12T09:50:30.768 INFO:teuthology.orchestra.run.smithi042.stdout:/usr/bin/ceph: stderr
2023-12-12T09:50:29.811+0000 7f8501f9a700 1 -- 172.21.15.42:0/2510345322 --> [v2:172.21.15.42:3300/0,v1:172.21.15.42:6789/0] -- mon_command({"prefix": "get_command_descriptions"} v 0) v1 -- 0x7f84fc196950 con 0x7f84fc1055d0
2023-12-12T09:50:30.768 INFO:teuthology.orchestra.run.smithi042.stdout:/usr/bin/ceph: stderr
2023-12-12T09:50:29.811+0000 7f84faffd700 1 --2- 172.21.15.42:0/2510345322 >> [v2:172.21.15.42:6800/2637927159,v1:172.21.15.42:6801/2637927159] conn(0x7f84e4038870 0x7f84e403ad30 secure :-1 s=READY pgs=7 cs=0 l=1 rev1=1 crypto rx=0x7f84f0006fd0 tx=0x7f84f0006e40 comp rx=0 tx=0).ready entity=mgr.14152 client_cookie=0 server_cookie=0 in_seq=0 out_seq=0
2023-12-12T09:50:30.768 INFO:teuthology.orchestra.run.smithi042.stdout:/usr/bin/ceph: stderr
2023-12-12T09:50:29.816+0000 7f84f8ff9700 1 -- 172.21.15.42:0/2510345322 <== mon.0 v2:172.21.15.42:3300/0 6 ==== mon_command_ack([{"prefix": "get_command_descriptions"}]=0 v0) v1 ==== 72+0+180949 (secure 0 0 0) 0x7f84ec018800 con 0x7f84fc1055d0
2023-12-12T09:50:30.768 INFO:teuthology.orchestra.run.smithi042.stdout:/usr/bin/ceph: stderr
2023-12-12T09:50:30.196+0000 7f8501f9a700 1 -- 172.21.15.42:0/2510345322 --> [v2:172.21.15.42:6800/2637927159,v1:172.21.15.42:6801/2637927159] -- mgr_command(tid 0: {"prefix": "dashboard create-self-signed-cert", "target": ["mon-mgr", ""]}) v1 -- 0x7f84fc061a10 con 0x7f84e4038870
2023-12-12T09:50:30.768 INFO:teuthology.orchestra.run.smithi042.stdout:/usr/bin/ceph: stderr
2023-12-12T09:50:30.274+0000 7f84f8ff9700 1 -- 172.21.15.42:0/2510345322 <== mgr.14152 v2:172.21.15.42:6800/2637927159 1 ==== mgr_command_reply(tid 0: 0 ) v1 ==== 8+0+32 (secure 0 0 0) 0x7f84fc061a10 con 0x7f84e4038870
2023-12-12T09:50:30.768 INFO:teuthology.orchestra.run.smithi042.stdout:/usr/bin/ceph: stderr
2023-12-12T09:50:30.276+0000 7f8501f9a700 1 -- 172.21.15.42:0/2510345322 >> [v2:172.21.15.42:6800/2637927159,v1:172.21.15.42:6801/2637927159] conn(0x7f84e4038870 msgr2=0x7f84e403ad30 secure :-1 s=STATE_CONNECTION_ESTABLISHED l=1).mark_down
2023-12-12T09:50:30.768 INFO:teuthology.orchestra.run.smithi042.stdout:/usr/bin/ceph: stderr
2023-12-12T09:50:30.276+0000 7f8501f9a700 1 --2- 172.21.15.42:0/2510345322 >> [v2:172.21.15.42:6800/2637927159,v1:172.21.15.42:6801/2637927159] conn(0x7f84e4038870 0x7f84e403ad30 secure :-1 s=READY pgs=7 cs=0 l=1 rev1=1 crypto rx=0x7f84f0006fd0 tx=0x7f84f0006e40 comp rx=0 tx=0).stop
2023-12-12T09:50:30.768 INFO:teuthology.orchestra.run.smithi042.stdout:/usr/bin/ceph: stderr
2023-12-12T09:50:30.276+0000 7f8501f9a700 1 -- 172.21.15.42:0/2510345322 >> [v2:172.21.15.42:3300/0,v1:172.21.15.42:6789/0] conn(0x7f84fc1055d0 msgr2=0x7f84fc19cc20 secure :-1 s=STATE_CONNECTION_ESTABLISHED l=1).mark_down
2023-12-12T09:50:30.768 INFO:teuthology.orchestra.run.smithi042.stdout:/usr/bin/ceph: stderr
2023-12-12T09:50:30.276+0000 7f8501f9a700 1 --2- 172.21.15.42:0/2510345322 >> [v2:172.21.15.42:3300/0,v1:172.21.15.42:6789/0] conn(0x7f84fc1055d0 0x7f84fc19cc20 secure :-1 s=READY pgs=71 cs=0 l=1 rev1=1 crypto rx=0x7f84ec011670 tx=0x7f84ec011a30 comp rx=0 tx=0).stop
2023-12-12T09:50:30.768 INFO:teuthology.orchestra.run.smithi042.stdout:/usr/bin/ceph: stderr
2023-12-12T09:50:30.276+0000 7f8501f9a700 1 -- 172.21.15.42:0/2510345322 shutdown_connections
2023-12-12T09:50:30.769 INFO:teuthology.orchestra.run.smithi042.stdout:/usr/bin/ceph: stderr
2023-12-12T09:50:30.276+0000 7f8501f9a700 1 --2- 172.21.15.42:0/2510345322 >> [v2:172.21.15.42:6800/2637927159,v1:172.21.15.42:6801/2637927159] conn(0x7f84e4038870 0x7f84e403ad30 unknown :-1 s=CLOSED pgs=7 cs=0 l=1 rev1=1 crypto rx=0 tx=0 comp rx=0 tx=0).stop
2023-12-12T09:50:30.769 INFO:teuthology.orchestra.run.smithi042.stdout:/usr/bin/ceph: stderr
2023-12-12T09:50:30.276+0000 7f8501f9a700 1 --2- 172.21.15.42:0/2510345322 >> [v2:172.21.15.42:3300/0,v1:172.21.15.42:6789/0] conn(0x7f84fc1055d0 0x7f84fc19cc20 unknown :-1 s=CLOSED pgs=71 cs=0 l=1 rev1=1 crypto rx=0 tx=0 comp rx=0 tx=0).stop
2023-12-12T09:50:30.769 INFO:teuthology.orchestra.run.smithi042.stdout:/usr/bin/ceph: stderr
2023-12-12T09:50:30.276+0000 7f8501f9a700 1 -- 172.21.15.42:0/2510345322 >> 172.21.15.42:0/2510345322 conn(0x7f84fc1011d0 msgr2=0x7f84fc193a90 unknown :-1 s=STATE_NONE l=0).mark_down
2023-12-12T09:50:30.769 INFO:teuthology.orchestra.run.smithi042.stdout:/usr/bin/ceph: stderr
2023-12-12T09:50:30.276+0000 7f8501f9a700 1 -- 172.21.15.42:0/2510345322 shutdown_connections
2023-12-12T09:50:30.769 INFO:teuthology.orchestra.run.smithi042.stdout:/usr/bin/ceph: stderr
2023-12-12T09:50:30.276+0000 7f8501f9a700 1 -- 172.21.15.42:0/2510345322 wait complete.
2023-12-12T09:50:30.769 INFO:teuthology.orchestra.run.smithi042.stdout:Creating initial admin user...
2023-12-12T09:50:31.027 INFO:journalctl@ceph.mon.a.smithi042.stdout:Dec 12 09:50:30 smithi042 ceph-mon[98894]: mgrmap e12: x(active, since 2s)
2023-12-12T09:50:31.027 INFO:journalctl@ceph.mon.a.smithi042.stdout:Dec 12 09:50:30 smithi042 ceph-mon[98894]: from='client.14164 -' entity='client.admin' cmd=[{"prefix": "dashboard create-self-signed-cert", "target": ["mon-mgr", ""]}]: dispatch
2023-12-12T09:50:31.028 INFO:journalctl@ceph.mon.a.smithi042.stdout:Dec 12 09:50:30 smithi042 ceph-mon[98894]: from='mgr.14152 172.21.15.42:0/3920316820' entity='mgr.x'
2023-12-12T09:50:31.028 INFO:journalctl@ceph.mon.a.smithi042.stdout:Dec 12 09:50:30 smithi042 ceph-mon[98894]: from='mgr.14152 172.21.15.42:0/3920316820' entity='mgr.x'
2023-12-12T09:50:32.018 INFO:journalctl@ceph.mon.a.smithi042.stdout:Dec 12 09:50:31 smithi042 ceph-mon[98894]: from='mgr.14152 172.21.15.42:0/3920316820' entity='mgr.x'
2023-12-12T09:50:32.516 INFO:teuthology.orchestra.run.smithi042.stdout:/usr/bin/ceph: stdout {"username": "admin", "password": "$2b$12$zGaWDwvBteAXjy52oWv1ketfT.Eei.nBhDa0rnPxuxkRLtP50/yXu", "roles": ["administrator"], "name": null, "email": null, "lastUpdate": 1702374631, "enabled": true, "pwdExpirationDate": null, "pwdUpdateRequired": true}
2023-12-12T09:50:32.516 INFO:teuthology.orchestra.run.smithi042.stdout:/usr/bin/ceph: stderr
2023-12-12T09:50:31.325+0000 7fd7e13b3700 1 Processor -- start
2023-12-12T09:50:32.516 INFO:teuthology.orchestra.run.smithi042.stdout:/usr/bin/ceph: stderr
2023-12-12T09:50:31.325+0000 7fd7e13b3700 1 -- start start
2023-12-12T09:50:32.517 INFO:teuthology.orchestra.run.smithi042.stdout:/usr/bin/ceph: stderr
2023-12-12T09:50:31.325+0000 7fd7e13b3700 1 --2- >> [v2:172.21.15.42:3300/0,v1:172.21.15.42:6789/0] conn(0x7fd7dc105630 0x7fd7dc105a50 unknown :-1 s=NONE pgs=0 cs=0 l=0 rev1=0 crypto rx=0 tx=0 comp rx=0 tx=0).connect
2023-12-12T09:50:32.517 INFO:teuthology.orchestra.run.smithi042.stdout:/usr/bin/ceph: stderr
2023-12-12T09:50:31.325+0000 7fd7e13b3700 1 -- --> [v2:172.21.15.42:3300/0,v1:172.21.15.42:6789/0] -- mon_getmap magic: 0 v1 -- 0x7fd7dc07adc0 con 0x7fd7dc105630
2023-12-12T09:50:32.517 INFO:teuthology.orchestra.run.smithi042.stdout:/usr/bin/ceph: stderr
2023-12-12T09:50:31.325+0000 7fd7daffd700 1 --2- >> [v2:172.21.15.42:3300/0,v1:172.21.15.42:6789/0] conn(0x7fd7dc105630 0x7fd7dc105a50 unknown :-1 s=BANNER_CONNECTING pgs=0 cs=0 l=0 rev1=0 crypto rx=0 tx=0 comp rx=0 tx=0)._handle_peer_banner_payload supported=3 required=0
2023-12-12T09:50:32.517 INFO:teuthology.orchestra.run.smithi042.stdout:/usr/bin/ceph: stderr
2023-12-12T09:50:31.325+0000 7fd7daffd700 1 --2- >> [v2:172.21.15.42:3300/0,v1:172.21.15.42:6789/0] conn(0x7fd7dc105630 0x7fd7dc105a50 unknown :-1 s=HELLO_CONNECTING pgs=0 cs=0 l=0 rev1=1 crypto rx=0 tx=0 comp rx=0 tx=0).handle_hello peer v2:172.21.15.42:3300/0 says I am v2:172.21.15.42:60616/0 (socket says 172.21.15.42:60616)
2023-12-12T09:50:32.517 INFO:teuthology.orchestra.run.smithi042.stdout:/usr/bin/ceph: stderr
2023-12-12T09:50:31.325+0000 7fd7daffd700 1 -- 172.21.15.42:0/3525812911 learned_addr learned my addr 172.21.15.42:0/3525812911 (peer_addr_for_me v2:172.21.15.42:0/0)
2023-12-12T09:50:32.517 INFO:teuthology.orchestra.run.smithi042.stdout:/usr/bin/ceph: stderr
2023-12-12T09:50:31.325+0000 7fd7daffd700 1 -- 172.21.15.42:0/3525812911 --> [v2:172.21.15.42:3300/0,v1:172.21.15.42:6789/0] -- mon_subscribe({config=0+,monmap=0+}) v3 -- 0x7fd7dc07af00 con 0x7fd7dc105630
2023-12-12T09:50:32.517 INFO:teuthology.orchestra.run.smithi042.stdout:/usr/bin/ceph: stderr
2023-12-12T09:50:31.326+0000 7fd7daffd700 1 --2- 172.21.15.42:0/3525812911 >> [v2:172.21.15.42:3300/0,v1:172.21.15.42:6789/0] conn(0x7fd7dc105630 0x7fd7dc105a50 secure :-1 s=READY pgs=72 cs=0 l=1 rev1=1 crypto rx=0x7fd7cc0098a0 tx=0x7fd7cc009bb0 comp rx=0 tx=0).ready entity=mon.0 client_cookie=804d6f12363aa05a server_cookie=0 in_seq=0 out_seq=0
2023-12-12T09:50:32.517 INFO:teuthology.orchestra.run.smithi042.stdout:/usr/bin/ceph: stderr
2023-12-12T09:50:31.326+0000 7fd7d9ffb700 1 -- 172.21.15.42:0/3525812911 <== mon.0 v2:172.21.15.42:3300/0 1 ==== mon_map magic: 0 v1 ==== 205+0+0 (secure 0 0 0) 0x7fd7cc004160 con 0x7fd7dc105630
2023-12-12T09:50:32.517 INFO:teuthology.orchestra.run.smithi042.stdout:/usr/bin/ceph: stderr
2023-12-12T09:50:31.326+0000 7fd7d9ffb700 1 -- 172.21.15.42:0/3525812911 <== mon.0 v2:172.21.15.42:3300/0 2 ==== config(26 keys) v1 ==== 1105+0+0 (secure 0 0 0) 0x7fd7cc0042c0 con 0x7fd7dc105630
2023-12-12T09:50:32.517 INFO:teuthology.orchestra.run.smithi042.stdout:/usr/bin/ceph: stderr
2023-12-12T09:50:31.326+0000 7fd7d9ffb700 1 -- 172.21.15.42:0/3525812911 <== mon.0 v2:172.21.15.42:3300/0 3 ==== mon_map magic: 0 v1 ==== 205+0+0 (secure 0 0 0) 0x7fd7cc0119b0 con 0x7fd7dc105630
2023-12-12T09:50:32.517 INFO:teuthology.orchestra.run.smithi042.stdout:/usr/bin/ceph: stderr
2023-12-12T09:50:31.326+0000 7fd7e13b3700 1 -- 172.21.15.42:0/3525812911 >> [v2:172.21.15.42:3300/0,v1:172.21.15.42:6789/0] conn(0x7fd7dc105630 msgr2=0x7fd7dc105a50 secure :-1 s=STATE_CONNECTION_ESTABLISHED l=1).mark_down
2023-12-12T09:50:32.517 INFO:teuthology.orchestra.run.smithi042.stdout:/usr/bin/ceph: stderr
2023-12-12T09:50:31.326+0000 7fd7e13b3700 1 --2- 172.21.15.42:0/3525812911 >> [v2:172.21.15.42:3300/0,v1:172.21.15.42:6789/0] conn(0x7fd7dc105630 0x7fd7dc105a50 secure :-1 s=READY pgs=72 cs=0 l=1 rev1=1 crypto rx=0x7fd7cc0098a0 tx=0x7fd7cc009bb0 comp rx=0 tx=0).stop
2023-12-12T09:50:32.517 INFO:teuthology.orchestra.run.smithi042.stdout:/usr/bin/ceph: stderr
2023-12-12T09:50:31.326+0000 7fd7e13b3700 1 -- 172.21.15.42:0/3525812911 shutdown_connections
2023-12-12T09:50:32.518 INFO:teuthology.orchestra.run.smithi042.stdout:/usr/bin/ceph: stderr
2023-12-12T09:50:31.326+0000 7fd7e13b3700 1 --2- 172.21.15.42:0/3525812911 >> [v2:172.21.15.42:3300/0,v1:172.21.15.42:6789/0] conn(0x7fd7dc105630 0x7fd7dc105a50 unknown :-1 s=CLOSED pgs=72 cs=0 l=1 rev1=1 crypto rx=0 tx=0 comp rx=0 tx=0).stop
2023-12-12T09:50:32.518 INFO:teuthology.orchestra.run.smithi042.stdout:/usr/bin/ceph: stderr
2023-12-12T09:50:31.326+0000 7fd7e13b3700 1 -- 172.21.15.42:0/3525812911 >> 172.21.15.42:0/3525812911 conn(0x7fd7dc1011d0 msgr2=0x7fd7dc103610 unknown :-1 s=STATE_NONE l=0).mark_down
2023-12-12T09:50:32.518 INFO:teuthology.orchestra.run.smithi042.stdout:/usr/bin/ceph: stderr
2023-12-12T09:50:31.327+0000 7fd7e13b3700 1 -- 172.21.15.42:0/3525812911 shutdown_connections
2023-12-12T09:50:32.518 INFO:teuthology.orchestra.run.smithi042.stdout:/usr/bin/ceph: stderr
2023-12-12T09:50:31.327+0000 7fd7e13b3700 1 -- 172.21.15.42:0/3525812911 wait complete.
2023-12-12T09:50:32.518 INFO:teuthology.orchestra.run.smithi042.stdout:/usr/bin/ceph: stderr
2023-12-12T09:50:31.327+0000 7fd7e13b3700 1 Processor -- start
2023-12-12T09:50:32.518 INFO:teuthology.orchestra.run.smithi042.stdout:/usr/bin/ceph: stderr
2023-12-12T09:50:31.328+0000 7fd7e13b3700 1 -- start start
2023-12-12T09:50:32.518 INFO:teuthology.orchestra.run.smithi042.stdout:/usr/bin/ceph: stderr
2023-12-12T09:50:31.328+0000 7fd7e13b3700 1 --2- >> [v2:172.21.15.42:3300/0,v1:172.21.15.42:6789/0] conn(0x7fd7dc105630 0x7fd7dc19cc10 unknown :-1 s=NONE pgs=0 cs=0 l=1 rev1=0 crypto rx=0 tx=0 comp rx=0 tx=0).connect
2023-12-12T09:50:32.518 INFO:teuthology.orchestra.run.smithi042.stdout:/usr/bin/ceph: stderr
2023-12-12T09:50:31.328+0000 7fd7e13b3700 1 -- --> [v2:172.21.15.42:3300/0,v1:172.21.15.42:6789/0] -- mon_getmap magic: 0 v1 -- 0x7fd7dc19d150 con 0x7fd7dc105630
2023-12-12T09:50:32.518 INFO:teuthology.orchestra.run.smithi042.stdout:/usr/bin/ceph: stderr
2023-12-12T09:50:31.328+0000 7fd7daffd700 1 --2- >> [v2:172.21.15.42:3300/0,v1:172.21.15.42:6789/0] conn(0x7fd7dc105630 0x7fd7dc19cc10 unknown :-1 s=BANNER_CONNECTING pgs=0 cs=0 l=1 rev1=0 crypto rx=0 tx=0 comp rx=0 tx=0)._handle_peer_banner_payload supported=3 required=0
2023-12-12T09:50:32.518 INFO:teuthology.orchestra.run.smithi042.stdout:/usr/bin/ceph: stderr
2023-12-12T09:50:31.328+0000 7fd7daffd700 1 --2- >> [v2:172.21.15.42:3300/0,v1:172.21.15.42:6789/0] conn(0x7fd7dc105630 0x7fd7dc19cc10 unknown :-1 s=HELLO_CONNECTING pgs=0 cs=0 l=1 rev1=1 crypto rx=0 tx=0 comp rx=0 tx=0).handle_hello peer v2:172.21.15.42:3300/0 says I am v2:172.21.15.42:60618/0 (socket says 172.21.15.42:60618)
2023-12-12T09:50:32.518 INFO:teuthology.orchestra.run.smithi042.stdout:/usr/bin/ceph: stderr
2023-12-12T09:50:31.328+0000 7fd7daffd700 1 -- 172.21.15.42:0/604480531 learned_addr learned my addr 172.21.15.42:0/604480531 (peer_addr_for_me v2:172.21.15.42:0/0)
2023-12-12T09:50:32.518 INFO:teuthology.orchestra.run.smithi042.stdout:/usr/bin/ceph: stderr
2023-12-12T09:50:31.328+0000 7fd7daffd700 1 -- 172.21.15.42:0/604480531 --> [v2:172.21.15.42:3300/0,v1:172.21.15.42:6789/0] -- mon_subscribe({config=0+,monmap=0+}) v3 -- 0x7fd7cc009550 con 0x7fd7dc105630
2023-12-12T09:50:32.519 INFO:teuthology.orchestra.run.smithi042.stdout:/usr/bin/ceph: stderr
2023-12-12T09:50:31.328+0000 7fd7daffd700 1 --2- 172.21.15.42:0/604480531 >> [v2:172.21.15.42:3300/0,v1:172.21.15.42:6789/0] conn(0x7fd7dc105630 0x7fd7dc19cc10 secure :-1 s=READY pgs=73 cs=0 l=1 rev1=1 crypto rx=0x7fd7cc006af0 tx=0x7fd7cc011a10 comp rx=0 tx=0).ready entity=mon.0 client_cookie=0 server_cookie=0 in_seq=0 out_seq=0
2023-12-12T09:50:32.519 INFO:teuthology.orchestra.run.smithi042.stdout:/usr/bin/ceph: stderr
2023-12-12T09:50:31.329+0000 7fd7c3fff700 1 -- 172.21.15.42:0/604480531 <== mon.0 v2:172.21.15.42:3300/0 1 ==== mon_map magic: 0 v1 ==== 205+0+0 (secure 0 0 0) 0x7fd7cc003a40 con 0x7fd7dc105630
2023-12-12T09:50:32.519 INFO:teuthology.orchestra.run.smithi042.stdout:/usr/bin/ceph: stderr
2023-12-12T09:50:31.329+0000 7fd7c3fff700 1 -- 172.21.15.42:0/604480531 <== mon.0 v2:172.21.15.42:3300/0 2 ==== config(26 keys) v1 ==== 1105+0+0 (secure 0 0 0) 0x7fd7cc003ba0 con 0x7fd7dc105630
2023-12-12T09:50:32.519 INFO:teuthology.orchestra.run.smithi042.stdout:/usr/bin/ceph: stderr
2023-12-12T09:50:31.329+0000 7fd7c3fff700 1 -- 172.21.15.42:0/604480531 <== mon.0 v2:172.21.15.42:3300/0 3 ==== mon_map magic: 0 v1 ==== 205+0+0 (secure 0 0 0) 0x7fd7cc0196c0 con 0x7fd7dc105630
2023-12-12T09:50:32.519 INFO:teuthology.orchestra.run.smithi042.stdout:/usr/bin/ceph: stderr
2023-12-12T09:50:31.329+0000 7fd7e13b3700 1 -- 172.21.15.42:0/604480531 --> [v2:172.21.15.42:3300/0,v1:172.21.15.42:6789/0] -- mon_subscribe({mgrmap=0+}) v3 -- 0x7fd7dc19d350 con 0x7fd7dc105630
2023-12-12T09:50:32.519 INFO:teuthology.orchestra.run.smithi042.stdout:/usr/bin/ceph: stderr
2023-12-12T09:50:31.329+0000 7fd7e13b3700 1 -- 172.21.15.42:0/604480531 --> [v2:172.21.15.42:3300/0,v1:172.21.15.42:6789/0] -- mon_subscribe({osdmap=0}) v3 -- 0x7fd7dc19d7f0 con 0x7fd7dc105630
2023-12-12T09:50:32.519 INFO:teuthology.orchestra.run.smithi042.stdout:/usr/bin/ceph: stderr
2023-12-12T09:50:31.330+0000 7fd7c3fff700 1 -- 172.21.15.42:0/604480531 <== mon.0 v2:172.21.15.42:3300/0 4 ==== mgrmap(e 12) v1 ==== 45593+0+0 (secure 0 0 0) 0x7fd7cc01aa80 con 0x7fd7dc105630
2023-12-12T09:50:32.519 INFO:teuthology.orchestra.run.smithi042.stdout:/usr/bin/ceph: stderr
2023-12-12T09:50:31.330+0000 7fd7c3fff700 1 --2- 172.21.15.42:0/604480531 >> [v2:172.21.15.42:6800/2637927159,v1:172.21.15.42:6801/2637927159] conn(0x7fd7c4038870 0x7fd7c403ad30 unknown :-1 s=NONE pgs=0 cs=0 l=1 rev1=0 crypto rx=0 tx=0 comp rx=0 tx=0).connect
2023-12-12T09:50:32.519 INFO:teuthology.orchestra.run.smithi042.stdout:/usr/bin/ceph: stderr
2023-12-12T09:50:31.330+0000 7fd7c3fff700 1 -- 172.21.15.42:0/604480531 <== mon.0 v2:172.21.15.42:3300/0 5 ==== osd_map(3..3 src has 1..3) v4 ==== 1155+0+0 (secure 0 0 0) 0x7fd7cc04cd20 con 0x7fd7dc105630
2023-12-12T09:50:32.519 INFO:teuthology.orchestra.run.smithi042.stdout:/usr/bin/ceph: stderr
2023-12-12T09:50:31.330+0000 7fd7da7fc700 1 --2- 172.21.15.42:0/604480531 >> [v2:172.21.15.42:6800/2637927159,v1:172.21.15.42:6801/2637927159] conn(0x7fd7c4038870 0x7fd7c403ad30 unknown :-1 s=BANNER_CONNECTING pgs=0 cs=0 l=1 rev1=0 crypto rx=0 tx=0 comp rx=0 tx=0)._handle_peer_banner_payload supported=3 required=0
2023-12-12T09:50:32.519 INFO:teuthology.orchestra.run.smithi042.stdout:/usr/bin/ceph: stderr
2023-12-12T09:50:31.330+0000 7fd7e13b3700 1 -- 172.21.15.42:0/604480531 --> [v2:172.21.15.42:3300/0,v1:172.21.15.42:6789/0] -- mon_command({"prefix": "get_command_descriptions"} v 0) v1 -- 0x7fd7dc196960 con 0x7fd7dc105630
2023-12-12T09:50:32.519 INFO:teuthology.orchestra.run.smithi042.stdout:/usr/bin/ceph: stderr
2023-12-12T09:50:31.330+0000 7fd7da7fc700 1 --2- 172.21.15.42:0/604480531 >> [v2:172.21.15.42:6800/2637927159,v1:172.21.15.42:6801/2637927159] conn(0x7fd7c4038870 0x7fd7c403ad30 secure :-1 s=READY pgs=8 cs=0 l=1 rev1=1 crypto rx=0x7fd7d0006fd0 tx=0x7fd7d0006e40 comp rx=0 tx=0).ready entity=mgr.14152 client_cookie=0 server_cookie=0 in_seq=0 out_seq=0
2023-12-12T09:50:32.520 INFO:teuthology.orchestra.run.smithi042.stdout:/usr/bin/ceph: stderr
2023-12-12T09:50:31.335+0000 7fd7c3fff700 1 -- 172.21.15.42:0/604480531 <== mon.0 v2:172.21.15.42:3300/0 6 ==== mon_command_ack([{"prefix": "get_command_descriptions"}]=0 v0) v1 ==== 72+0+180949 (secure 0 0 0) 0x7fd7cc02d430 con 0x7fd7dc105630
2023-12-12T09:50:32.520 INFO:teuthology.orchestra.run.smithi042.stdout:/usr/bin/ceph: stderr
2023-12-12T09:50:31.744+0000 7fd7e13b3700 1 -- 172.21.15.42:0/604480531 --> [v2:172.21.15.42:6800/2637927159,v1:172.21.15.42:6801/2637927159] -- mgr_command(tid 0: {"prefix": "dashboard ac-user-create", "username": "admin", "rolename": "administrator", "force_password": true, "pwd_update_required": true, "target": ["mon-mgr", ""]}) v1 -- 0x7fd7dc106cb0 con 0x7fd7c4038870
2023-12-12T09:50:32.520 INFO:teuthology.orchestra.run.smithi042.stdout:/usr/bin/ceph: stderr
2023-12-12T09:50:31.991+0000 7fd7c3fff700 1 -- 172.21.15.42:0/604480531 <== mgr.14152 v2:172.21.15.42:6800/2637927159 1 ==== mgr_command_reply(tid 0: 0 ) v1 ==== 8+0+252 (secure 0 0 0) 0x7fd7dc106cb0 con 0x7fd7c4038870
2023-12-12T09:50:32.520 INFO:teuthology.orchestra.run.smithi042.stdout:/usr/bin/ceph: stderr
2023-12-12T09:50:31.993+0000 7fd7e13b3700 1 -- 172.21.15.42:0/604480531 >> [v2:172.21.15.42:6800/2637927159,v1:172.21.15.42:6801/2637927159] conn(0x7fd7c4038870 msgr2=0x7fd7c403ad30 secure :-1 s=STATE_CONNECTION_ESTABLISHED l=1).mark_down
2023-12-12T09:50:32.520 INFO:teuthology.orchestra.run.smithi042.stdout:/usr/bin/ceph: stderr
2023-12-12T09:50:31.993+0000 7fd7e13b3700 1 --2- 172.21.15.42:0/604480531 >> [v2:172.21.15.42:6800/2637927159,v1:172.21.15.42:6801/2637927159] conn(0x7fd7c4038870 0x7fd7c403ad30 secure :-1 s=READY pgs=8 cs=0 l=1 rev1=1 crypto rx=0x7fd7d0006fd0 tx=0x7fd7d0006e40 comp rx=0 tx=0).stop
2023-12-12T09:50:32.520 INFO:teuthology.orchestra.run.smithi042.stdout:/usr/bin/ceph: stderr
2023-12-12T09:50:31.993+0000 7fd7e13b3700 1 -- 172.21.15.42:0/604480531 >> [v2:172.21.15.42:3300/0,v1:172.21.15.42:6789/0] conn(0x7fd7dc105630 msgr2=0x7fd7dc19cc10 secure :-1 s=STATE_CONNECTION_ESTABLISHED l=1).mark_down
2023-12-12T09:50:32.520 INFO:teuthology.orchestra.run.smithi042.stdout:/usr/bin/ceph: stderr
2023-12-12T09:50:31.993+0000 7fd7e13b3700 1 --2- 172.21.15.42:0/604480531 >> [v2:172.21.15.42:3300/0,v1:172.21.15.42:6789/0] conn(0x7fd7dc105630 0x7fd7dc19cc10 secure :-1 s=READY pgs=73 cs=0 l=1 rev1=1 crypto rx=0x7fd7cc006af0 tx=0x7fd7cc011a10 comp rx=0 tx=0).stop
2023-12-12T09:50:32.520 INFO:teuthology.orchestra.run.smithi042.stdout:/usr/bin/ceph: stderr
2023-12-12T09:50:31.994+0000 7fd7e13b3700 1 -- 172.21.15.42:0/604480531 shutdown_connections
2023-12-12T09:50:32.520 INFO:teuthology.orchestra.run.smithi042.stdout:/usr/bin/ceph: stderr
2023-12-12T09:50:31.994+0000 7fd7e13b3700 1 --2- 172.21.15.42:0/604480531 >> [v2:172.21.15.42:6800/2637927159,v1:172.21.15.42:6801/2637927159] conn(0x7fd7c4038870 0x7fd7c403ad30 unknown :-1 s=CLOSED pgs=8 cs=0 l=1 rev1=1 crypto rx=0 tx=0 comp rx=0 tx=0).stop
2023-12-12T09:50:32.520 INFO:teuthology.orchestra.run.smithi042.stdout:/usr/bin/ceph: stderr
2023-12-12T09:50:31.994+0000 7fd7e13b3700 1 --2- 172.21.15.42:0/604480531 >> [v2:172.21.15.42:3300/0,v1:172.21.15.42:6789/0] conn(0x7fd7dc105630 0x7fd7dc19cc10 unknown :-1 s=CLOSED pgs=73 cs=0 l=1 rev1=1 crypto rx=0 tx=0 comp rx=0 tx=0).stop
2023-12-12T09:50:32.520 INFO:teuthology.orchestra.run.smithi042.stdout:/usr/bin/ceph: stderr
2023-12-12T09:50:31.994+0000 7fd7e13b3700 1 -- 172.21.15.42:0/604480531 >> 172.21.15.42:0/604480531 conn(0x7fd7dc1011d0 msgr2=0x7fd7dc193aa0 unknown :-1 s=STATE_NONE l=0).mark_down
2023-12-12T09:50:32.520 INFO:teuthology.orchestra.run.smithi042.stdout:/usr/bin/ceph: stderr
2023-12-12T09:50:31.994+0000 7fd7e13b3700 1 -- 172.21.15.42:0/604480531 shutdown_connections
2023-12-12T09:50:32.521 INFO:teuthology.orchestra.run.smithi042.stdout:/usr/bin/ceph: stderr
2023-12-12T09:50:31.994+0000 7fd7e13b3700 1 -- 172.21.15.42:0/604480531 wait complete.
2023-12-12T09:50:32.521 INFO:teuthology.orchestra.run.smithi042.stdout:Fetching dashboard port number...
2023-12-12T09:50:33.402 INFO:journalctl@ceph.mon.a.smithi042.stdout:Dec 12 09:50:32 smithi042 ceph-mon[98894]: from='client.14166 -' entity='client.admin' cmd=[{"prefix": "dashboard ac-user-create", "username": "admin", "rolename": "administrator", "force_password": true, "pwd_update_required": true, "target": ["mon-mgr", ""]}]: dispatch
2023-12-12T09:50:33.403 INFO:journalctl@ceph.mon.a.smithi042.stdout:Dec 12 09:50:32 smithi042 ceph-mon[98894]: from='mgr.14152 172.21.15.42:0/3920316820' entity='mgr.x'
2023-12-12T09:50:33.863 INFO:teuthology.orchestra.run.smithi042.stdout:/usr/bin/ceph: stdout 8443
2023-12-12T09:50:33.863 INFO:teuthology.orchestra.run.smithi042.stdout:/usr/bin/ceph: stderr
2023-12-12T09:50:33.011+0000 7f823f710700 1 Processor -- start
2023-12-12T09:50:33.864 INFO:teuthology.orchestra.run.smithi042.stdout:/usr/bin/ceph: stderr
2023-12-12T09:50:33.011+0000 7f823f710700 1 -- start start
2023-12-12T09:50:33.864 INFO:teuthology.orchestra.run.smithi042.stdout:/usr/bin/ceph: stderr
2023-12-12T09:50:33.012+0000 7f823f710700 1 --2- >> [v2:172.21.15.42:3300/0,v1:172.21.15.42:6789/0] conn(0x7f8238106ce0 0x7f8238107100 unknown :-1 s=NONE pgs=0 cs=0 l=0 rev1=0 crypto rx=0 tx=0 comp rx=0 tx=0).connect
2023-12-12T09:50:33.864 INFO:teuthology.orchestra.run.smithi042.stdout:/usr/bin/ceph: stderr
2023-12-12T09:50:33.012+0000 7f823f710700 1 -- --> [v2:172.21.15.42:3300/0,v1:172.21.15.42:6789/0] -- mon_getmap magic: 0 v1 -- 0x7f82381076d0 con 0x7f8238106ce0
2023-12-12T09:50:33.864 INFO:teuthology.orchestra.run.smithi042.stdout:/usr/bin/ceph: stderr
2023-12-12T09:50:33.012+0000 7f823d4ac700 1 --2- >> [v2:172.21.15.42:3300/0,v1:172.21.15.42:6789/0] conn(0x7f8238106ce0 0x7f8238107100 unknown :-1 s=BANNER_CONNECTING pgs=0 cs=0 l=0 rev1=0 crypto rx=0 tx=0 comp rx=0 tx=0)._handle_peer_banner_payload supported=3 required=0
2023-12-12T09:50:33.864 INFO:teuthology.orchestra.run.smithi042.stdout:/usr/bin/ceph: stderr
2023-12-12T09:50:33.012+0000 7f823d4ac700 1 --2- >> [v2:172.21.15.42:3300/0,v1:172.21.15.42:6789/0] conn(0x7f8238106ce0 0x7f8238107100 unknown :-1 s=HELLO_CONNECTING pgs=0 cs=0 l=0 rev1=1 crypto rx=0 tx=0 comp rx=0 tx=0).handle_hello peer v2:172.21.15.42:3300/0 says I am v2:172.21.15.42:60622/0 (socket says 172.21.15.42:60622)
2023-12-12T09:50:33.864 INFO:teuthology.orchestra.run.smithi042.stdout:/usr/bin/ceph: stderr
2023-12-12T09:50:33.012+0000 7f823d4ac700 1 -- 172.21.15.42:0/889955910 learned_addr learned my addr 172.21.15.42:0/889955910 (peer_addr_for_me v2:172.21.15.42:0/0)
2023-12-12T09:50:33.864 INFO:teuthology.orchestra.run.smithi042.stdout:/usr/bin/ceph: stderr
2023-12-12T09:50:33.012+0000 7f823d4ac700 1 -- 172.21.15.42:0/889955910 --> [v2:172.21.15.42:3300/0,v1:172.21.15.42:6789/0] -- mon_subscribe({config=0+,monmap=0+}) v3 -- 0x7f8238107ee0 con 0x7f8238106ce0
2023-12-12T09:50:33.864 INFO:teuthology.orchestra.run.smithi042.stdout:/usr/bin/ceph: stderr
2023-12-12T09:50:33.012+0000 7f823d4ac700 1 --2- 172.21.15.42:0/889955910 >> [v2:172.21.15.42:3300/0,v1:172.21.15.42:6789/0] conn(0x7f8238106ce0 0x7f8238107100 secure :-1 s=READY pgs=74 cs=0 l=1 rev1=1 crypto rx=0x7f82340098a0 tx=0x7f8234009bb0 comp rx=0 tx=0).ready entity=mon.0 client_cookie=fc374643b0f2f081 server_cookie=0 in_seq=0 out_seq=0
2023-12-12T09:50:33.864 INFO:teuthology.orchestra.run.smithi042.stdout:/usr/bin/ceph: stderr
2023-12-12T09:50:33.012+0000 7f822ffff700 1 -- 172.21.15.42:0/889955910 <== mon.0 v2:172.21.15.42:3300/0 1 ==== mon_map magic: 0 v1 ==== 205+0+0 (secure 0 0 0) 0x7f8234004160 con 0x7f8238106ce0
2023-12-12T09:50:33.864 INFO:teuthology.orchestra.run.smithi042.stdout:/usr/bin/ceph: stderr
2023-12-12T09:50:33.013+0000 7f822ffff700 1 -- 172.21.15.42:0/889955910 <== mon.0 v2:172.21.15.42:3300/0 2 ==== config(26 keys) v1 ==== 1105+0+0 (secure 0 0 0) 0x7f82340042c0 con 0x7f8238106ce0
2023-12-12T09:50:33.864 INFO:teuthology.orchestra.run.smithi042.stdout:/usr/bin/ceph: stderr
2023-12-12T09:50:33.013+0000 7f822ffff700 1 -- 172.21.15.42:0/889955910 <== mon.0 v2:172.21.15.42:3300/0 3 ==== mon_map magic: 0 v1 ==== 205+0+0 (secure 0 0 0) 0x7f82340119b0 con 0x7f8238106ce0
2023-12-12T09:50:33.864 INFO:teuthology.orchestra.run.smithi042.stdout:/usr/bin/ceph: stderr
2023-12-12T09:50:33.013+0000 7f823f710700 1 -- 172.21.15.42:0/889955910 >> [v2:172.21.15.42:3300/0,v1:172.21.15.42:6789/0] conn(0x7f8238106ce0 msgr2=0x7f8238107100 secure :-1 s=STATE_CONNECTION_ESTABLISHED l=1).mark_down
2023-12-12T09:50:33.864 INFO:teuthology.orchestra.run.smithi042.stdout:/usr/bin/ceph: stderr
2023-12-12T09:50:33.013+0000 7f823f710700 1 --2- 172.21.15.42:0/889955910 >> [v2:172.21.15.42:3300/0,v1:172.21.15.42:6789/0] conn(0x7f8238106ce0 0x7f8238107100 secure :-1 s=READY pgs=74 cs=0 l=1 rev1=1 crypto rx=0x7f82340098a0 tx=0x7f8234009bb0 comp rx=0 tx=0).stop
2023-12-12T09:50:33.864 INFO:teuthology.orchestra.run.smithi042.stdout:/usr/bin/ceph: stderr
2023-12-12T09:50:33.013+0000 7f823f710700 1 -- 172.21.15.42:0/889955910 shutdown_connections
2023-12-12T09:50:33.865 INFO:teuthology.orchestra.run.smithi042.stdout:/usr/bin/ceph: stderr
2023-12-12T09:50:33.013+0000 7f823f710700 1 --2- 172.21.15.42:0/889955910 >> [v2:172.21.15.42:3300/0,v1:172.21.15.42:6789/0] conn(0x7f8238106ce0 0x7f8238107100 unknown :-1 s=CLOSED pgs=74 cs=0 l=1 rev1=1 crypto rx=0 tx=0 comp rx=0 tx=0).stop
2023-12-12T09:50:33.865 INFO:teuthology.orchestra.run.smithi042.stdout:/usr/bin/ceph: stderr
2023-12-12T09:50:33.013+0000 7f823f710700 1 -- 172.21.15.42:0/889955910 >> 172.21.15.42:0/889955910 conn(0x7f8238102280 msgr2=0x7f82381046c0 unknown :-1 s=STATE_NONE l=0).mark_down
2023-12-12T09:50:33.865 INFO:teuthology.orchestra.run.smithi042.stdout:/usr/bin/ceph: stderr
2023-12-12T09:50:33.013+0000 7f823f710700 1 -- 172.21.15.42:0/889955910 shutdown_connections
2023-12-12T09:50:33.865 INFO:teuthology.orchestra.run.smithi042.stdout:/usr/bin/ceph: stderr
2023-12-12T09:50:33.014+0000 7f823f710700 1 -- 172.21.15.42:0/889955910 wait complete.
2023-12-12T09:50:33.865 INFO:teuthology.orchestra.run.smithi042.stdout:/usr/bin/ceph: stderr
2023-12-12T09:50:33.014+0000 7f823f710700 1 Processor -- start
2023-12-12T09:50:33.865 INFO:teuthology.orchestra.run.smithi042.stdout:/usr/bin/ceph: stderr
2023-12-12T09:50:33.014+0000 7f823f710700 1 -- start start
2023-12-12T09:50:33.865 INFO:teuthology.orchestra.run.smithi042.stdout:/usr/bin/ceph: stderr
2023-12-12T09:50:33.014+0000 7f823f710700 1 --2- >> [v2:172.21.15.42:3300/0,v1:172.21.15.42:6789/0] conn(0x7f8238106ce0 0x7f823807ccb0 unknown :-1 s=NONE pgs=0 cs=0 l=1 rev1=0 crypto rx=0 tx=0 comp rx=0 tx=0).connect
2023-12-12T09:50:33.865 INFO:teuthology.orchestra.run.smithi042.stdout:/usr/bin/ceph: stderr
2023-12-12T09:50:33.014+0000 7f823f710700 1 -- --> [v2:172.21.15.42:3300/0,v1:172.21.15.42:6789/0] -- mon_getmap magic: 0 v1 -- 0x7f823807b250 con 0x7f8238106ce0
2023-12-12T09:50:33.865 INFO:teuthology.orchestra.run.smithi042.stdout:/usr/bin/ceph: stderr
2023-12-12T09:50:33.014+0000 7f823d4ac700 1 --2- >> [v2:172.21.15.42:3300/0,v1:172.21.15.42:6789/0] conn(0x7f8238106ce0 0x7f823807ccb0 unknown :-1 s=BANNER_CONNECTING pgs=0 cs=0 l=1 rev1=0 crypto rx=0 tx=0 comp rx=0 tx=0)._handle_peer_banner_payload supported=3 required=0
2023-12-12T09:50:33.865 INFO:teuthology.orchestra.run.smithi042.stdout:/usr/bin/ceph: stderr
2023-12-12T09:50:33.014+0000 7f823d4ac700 1 --2- >> [v2:172.21.15.42:3300/0,v1:172.21.15.42:6789/0] conn(0x7f8238106ce0 0x7f823807ccb0 unknown :-1 s=HELLO_CONNECTING pgs=0 cs=0 l=1 rev1=1 crypto rx=0 tx=0 comp rx=0 tx=0).handle_hello peer v2:172.21.15.42:3300/0 says I am v2:172.21.15.42:60624/0 (socket says 172.21.15.42:60624)
2023-12-12T09:50:33.865 INFO:teuthology.orchestra.run.smithi042.stdout:/usr/bin/ceph: stderr
2023-12-12T09:50:33.014+0000 7f823d4ac700 1 -- 172.21.15.42:0/1200165857 learned_addr learned my addr 172.21.15.42:0/1200165857 (peer_addr_for_me v2:172.21.15.42:0/0)
2023-12-12T09:50:33.866 INFO:teuthology.orchestra.run.smithi042.stdout:/usr/bin/ceph: stderr
2023-12-12T09:50:33.015+0000 7f823d4ac700 1 -- 172.21.15.42:0/1200165857 --> [v2:172.21.15.42:3300/0,v1:172.21.15.42:6789/0] -- mon_subscribe({config=0+,monmap=0+}) v3 -- 0x7f8234009550 con 0x7f8238106ce0
2023-12-12T09:50:33.866 INFO:teuthology.orchestra.run.smithi042.stdout:/usr/bin/ceph: stderr
2023-12-12T09:50:33.015+0000 7f823d4ac700 1 --2- 172.21.15.42:0/1200165857 >> [v2:172.21.15.42:3300/0,v1:172.21.15.42:6789/0] conn(0x7f8238106ce0 0x7f823807ccb0 secure :-1 s=READY pgs=75 cs=0 l=1 rev1=1 crypto rx=0x7f8234003e60 tx=0x7f8234011a30 comp rx=0 tx=0).ready entity=mon.0 client_cookie=0 server_cookie=0 in_seq=0 out_seq=0
2023-12-12T09:50:33.866 INFO:teuthology.orchestra.run.smithi042.stdout:/usr/bin/ceph: stderr
2023-12-12T09:50:33.015+0000 7f822e7fc700 1 -- 172.21.15.42:0/1200165857 <== mon.0 v2:172.21.15.42:3300/0 1 ==== mon_map magic: 0 v1 ==== 205+0+0 (secure 0 0 0) 0x7f8234003a60 con 0x7f8238106ce0
2023-12-12T09:50:33.866 INFO:teuthology.orchestra.run.smithi042.stdout:/usr/bin/ceph: stderr
2023-12-12T09:50:33.015+0000 7f822e7fc700 1 -- 172.21.15.42:0/1200165857 <== mon.0 v2:172.21.15.42:3300/0 2 ==== config(26 keys) v1 ==== 1105+0+0 (secure 0 0 0) 0x7f8234003bc0 con 0x7f8238106ce0
2023-12-12T09:50:33.866 INFO:teuthology.orchestra.run.smithi042.stdout:/usr/bin/ceph: stderr
2023-12-12T09:50:33.015+0000 7f823f710700 1 -- 172.21.15.42:0/1200165857 --> [v2:172.21.15.42:3300/0,v1:172.21.15.42:6789/0] -- mon_subscribe({mgrmap=0+}) v3 -- 0x7f823807b450 con 0x7f8238106ce0
2023-12-12T09:50:33.866 INFO:teuthology.orchestra.run.smithi042.stdout:/usr/bin/ceph: stderr
2023-12-12T09:50:33.015+0000 7f822e7fc700 1 -- 172.21.15.42:0/1200165857 <== mon.0 v2:172.21.15.42:3300/0 3 ==== mon_map magic: 0 v1 ==== 205+0+0 (secure 0 0 0) 0x7f82340196c0 con 0x7f8238106ce0
2023-12-12T09:50:33.866 INFO:teuthology.orchestra.run.smithi042.stdout:/usr/bin/ceph: stderr
