2023-12-12T09:50:18.557+0000 7f256effd700 1 -- 172.21.15.42:0/1792197001 <== mon.0 v2:172.21.15.42:3300/0 3 ==== mon_map magic: 0 v1 ==== 205+0+0 (secure 0 0 0) 0x7f2574019c90 con 0x7f2578105c00
2023-12-12T09:50:19.997 INFO:teuthology.orchestra.run.smithi042.stdout:/usr/bin/ceph: stderr
2023-12-12T09:50:18.557+0000 7f257fbfd700 1 -- 172.21.15.42:0/1792197001 --> [v2:172.21.15.42:3300/0,v1:172.21.15.42:6789/0] -- mon_subscribe({mgrmap=0+}) v3 -- 0x7f257819d450 con 0x7f2578105c00
2023-12-12T09:50:19.997 INFO:teuthology.orchestra.run.smithi042.stdout:/usr/bin/ceph: stderr
2023-12-12T09:50:18.557+0000 7f257fbfd700 1 -- 172.21.15.42:0/1792197001 --> [v2:172.21.15.42:3300/0,v1:172.21.15.42:6789/0] -- mon_subscribe({osdmap=0}) v3 -- 0x7f257819d890 con 0x7f2578105c00
2023-12-12T09:50:19.997 INFO:teuthology.orchestra.run.smithi042.stdout:/usr/bin/ceph: stderr
2023-12-12T09:50:18.558+0000 7f256effd700 1 -- 172.21.15.42:0/1792197001 <== mon.0 v2:172.21.15.42:3300/0 4 ==== mgrmap(e 8) v1 ==== 45580+0+0 (secure 0 0 0) 0x7f25740194f0 con 0x7f2578105c00
2023-12-12T09:50:19.997 INFO:teuthology.orchestra.run.smithi042.stdout:/usr/bin/ceph: stderr
2023-12-12T09:50:18.558+0000 7f257fbfd700 1 -- 172.21.15.42:0/1792197001 --> [v2:172.21.15.42:3300/0,v1:172.21.15.42:6789/0] -- mon_command({"prefix": "get_command_descriptions"} v 0) v1 -- 0x7f2578067940 con 0x7f2578105c00
2023-12-12T09:50:19.997 INFO:teuthology.orchestra.run.smithi042.stdout:/usr/bin/ceph: stderr
2023-12-12T09:50:18.558+0000 7f256effd700 1 --2- 172.21.15.42:0/1792197001 >> [v2:172.21.15.42:6800/1525180467,v1:172.21.15.42:6801/1525180467] conn(0x7f2564038870 0x7f256403ad30 unknown :-1 s=NONE pgs=0 cs=0 l=1 rev1=0 crypto rx=0 tx=0 comp rx=0 tx=0).connect
2023-12-12T09:50:19.997 INFO:teuthology.orchestra.run.smithi042.stdout:/usr/bin/ceph: stderr
2023-12-12T09:50:18.559+0000 7f256effd700 1 -- 172.21.15.42:0/1792197001 <== mon.0 v2:172.21.15.42:3300/0 5 ==== osd_map(2..2 src has 1..2) v4 ==== 940+0+0 (secure 0 0 0) 0x7f257404c6d0 con 0x7f2578105c00
2023-12-12T09:50:19.997 INFO:teuthology.orchestra.run.smithi042.stdout:/usr/bin/ceph: stderr
2023-12-12T09:50:18.559+0000 7f257d198700 1 --2- 172.21.15.42:0/1792197001 >> [v2:172.21.15.42:6800/1525180467,v1:172.21.15.42:6801/1525180467] conn(0x7f2564038870 0x7f256403ad30 unknown :-1 s=BANNER_CONNECTING pgs=0 cs=0 l=1 rev1=0 crypto rx=0 tx=0 comp rx=0 tx=0)._handle_peer_banner_payload supported=3 required=0
2023-12-12T09:50:19.997 INFO:teuthology.orchestra.run.smithi042.stdout:/usr/bin/ceph: stderr
2023-12-12T09:50:18.559+0000 7f257d198700 1 --2- 172.21.15.42:0/1792197001 >> [v2:172.21.15.42:6800/1525180467,v1:172.21.15.42:6801/1525180467] conn(0x7f2564038870 0x7f256403ad30 secure :-1 s=READY pgs=16 cs=0 l=1 rev1=1 crypto rx=0x7f2568006fd0 tx=0x7f2568006e40 comp rx=0 tx=0).ready entity=mgr.14120 client_cookie=0 server_cookie=0 in_seq=0 out_seq=0
2023-12-12T09:50:19.998 INFO:teuthology.orchestra.run.smithi042.stdout:/usr/bin/ceph: stderr
2023-12-12T09:50:18.564+0000 7f256effd700 1 -- 172.21.15.42:0/1792197001 <== mon.0 v2:172.21.15.42:3300/0 6 ==== mon_command_ack([{"prefix": "get_command_descriptions"}]=0 v0) v1 ==== 72+0+180949 (secure 0 0 0) 0x7f2574028530 con 0x7f2578105c00
2023-12-12T09:50:19.998 INFO:teuthology.orchestra.run.smithi042.stdout:/usr/bin/ceph: stderr
2023-12-12T09:50:19.051+0000 7f257fbfd700 1 -- 172.21.15.42:0/1792197001 --> [v2:172.21.15.42:3300/0,v1:172.21.15.42:6789/0] -- mon_command({"prefix": "mgr module enable", "module": "dashboard"} v 0) v1 -- 0x7f2578079f80 con 0x7f2578105c00
2023-12-12T09:50:19.998 INFO:teuthology.orchestra.run.smithi042.stdout:/usr/bin/ceph: stderr
2023-12-12T09:50:19.527+0000 7f256effd700 1 -- 172.21.15.42:0/1792197001 <== mon.0 v2:172.21.15.42:3300/0 7 ==== mon_command_ack([{"prefix": "mgr module enable", "module": "dashboard"}]=0 v9) v1 ==== 88+0+0 (secure 0 0 0) 0x7f2574028350 con 0x7f2578105c00
2023-12-12T09:50:19.998 INFO:teuthology.orchestra.run.smithi042.stdout:/usr/bin/ceph: stderr
2023-12-12T09:50:19.529+0000 7f256effd700 1 -- 172.21.15.42:0/1792197001 <== mon.0 v2:172.21.15.42:3300/0 8 ==== mgrmap(e 9) v1 ==== 45593+0+0 (secure 0 0 0) 0x7f25740293f0 con 0x7f2578105c00
2023-12-12T09:50:19.998 INFO:teuthology.orchestra.run.smithi042.stdout:/usr/bin/ceph: stderr
2023-12-12T09:50:19.530+0000 7f257fbfd700 1 -- 172.21.15.42:0/1792197001 >> [v2:172.21.15.42:6800/1525180467,v1:172.21.15.42:6801/1525180467] conn(0x7f2564038870 msgr2=0x7f256403ad30 secure :-1 s=STATE_CONNECTION_ESTABLISHED l=1).mark_down
2023-12-12T09:50:19.998 INFO:teuthology.orchestra.run.smithi042.stdout:/usr/bin/ceph: stderr
2023-12-12T09:50:19.530+0000 7f257fbfd700 1 --2- 172.21.15.42:0/1792197001 >> [v2:172.21.15.42:6800/1525180467,v1:172.21.15.42:6801/1525180467] conn(0x7f2564038870 0x7f256403ad30 secure :-1 s=READY pgs=16 cs=0 l=1 rev1=1 crypto rx=0x7f2568006fd0 tx=0x7f2568006e40 comp rx=0 tx=0).stop
2023-12-12T09:50:19.998 INFO:teuthology.orchestra.run.smithi042.stdout:/usr/bin/ceph: stderr
2023-12-12T09:50:19.530+0000 7f257fbfd700 1 -- 172.21.15.42:0/1792197001 >> [v2:172.21.15.42:3300/0,v1:172.21.15.42:6789/0] conn(0x7f2578105c00 msgr2=0x7f257819cd10 secure :-1 s=STATE_CONNECTION_ESTABLISHED l=1).mark_down
2023-12-12T09:50:19.998 INFO:teuthology.orchestra.run.smithi042.stdout:/usr/bin/ceph: stderr
2023-12-12T09:50:19.530+0000 7f257fbfd700 1 --2- 172.21.15.42:0/1792197001 >> [v2:172.21.15.42:3300/0,v1:172.21.15.42:6789/0] conn(0x7f2578105c00 0x7f257819cd10 secure :-1 s=READY pgs=56 cs=0 l=1 rev1=1 crypto rx=0x7f25740104d0 tx=0x7f2574004020 comp rx=0 tx=0).stop
2023-12-12T09:50:19.998 INFO:teuthology.orchestra.run.smithi042.stdout:/usr/bin/ceph: stderr
2023-12-12T09:50:19.530+0000 7f257fbfd700 1 -- 172.21.15.42:0/1792197001 shutdown_connections
2023-12-12T09:50:19.998 INFO:teuthology.orchestra.run.smithi042.stdout:/usr/bin/ceph: stderr
2023-12-12T09:50:19.530+0000 7f257fbfd700 1 --2- 172.21.15.42:0/1792197001 >> [v2:172.21.15.42:6800/1525180467,v1:172.21.15.42:6801/1525180467] conn(0x7f2564038870 0x7f256403ad30 unknown :-1 s=CLOSED pgs=16 cs=0 l=1 rev1=1 crypto rx=0 tx=0 comp rx=0 tx=0).stop
2023-12-12T09:50:19.998 INFO:teuthology.orchestra.run.smithi042.stdout:/usr/bin/ceph: stderr
2023-12-12T09:50:19.530+0000 7f257fbfd700 1 --2- 172.21.15.42:0/1792197001 >> [v2:172.21.15.42:3300/0,v1:172.21.15.42:6789/0] conn(0x7f2578105c00 0x7f257819cd10 unknown :-1 s=CLOSED pgs=56 cs=0 l=1 rev1=1 crypto rx=0 tx=0 comp rx=0 tx=0).stop
2023-12-12T09:50:19.998 INFO:teuthology.orchestra.run.smithi042.stdout:/usr/bin/ceph: stderr
2023-12-12T09:50:19.530+0000 7f257fbfd700 1 -- 172.21.15.42:0/1792197001 >> 172.21.15.42:0/1792197001 conn(0x7f2578101200 msgr2=0x7f2578193450 unknown :-1 s=STATE_NONE l=0).mark_down
2023-12-12T09:50:19.998 INFO:teuthology.orchestra.run.smithi042.stdout:/usr/bin/ceph: stderr
2023-12-12T09:50:19.530+0000 7f257fbfd700 1 -- 172.21.15.42:0/1792197001 shutdown_connections
2023-12-12T09:50:19.998 INFO:teuthology.orchestra.run.smithi042.stdout:/usr/bin/ceph: stderr
2023-12-12T09:50:19.530+0000 7f257fbfd700 1 -- 172.21.15.42:0/1792197001 wait complete.
2023-12-12T09:50:20.074 INFO:journalctl@ceph.mgr.x.smithi042.stdout:Dec 12 09:50:19 smithi042 ceph-968ccaec-98d3-11ee-95a3-87774f69a715-mgr-x[99135]:
2023-12-12T09:50:19.739+0000 7f8e8eff2200 -1 mgr[py] Module devicehealth has missing NOTIFY_TYPES member
2023-12-12T09:50:20.074 INFO:journalctl@ceph.mgr.x.smithi042.stdout:Dec 12 09:50:19 smithi042 ceph-968ccaec-98d3-11ee-95a3-87774f69a715-mgr-x[99135]:
2023-12-12T09:50:19.836+0000 7f8e8eff2200 -1 mgr[py] Module osd_support has missing NOTIFY_TYPES member
2023-12-12T09:50:20.074 INFO:journalctl@ceph.mgr.x.smithi042.stdout:Dec 12 09:50:19 smithi042 ceph-968ccaec-98d3-11ee-95a3-87774f69a715-mgr-x[99135]:
2023-12-12T09:50:19.945+0000 7f8e8eff2200 -1 mgr[py] Module snap_schedule has missing NOTIFY_TYPES member
2023-12-12T09:50:20.344 INFO:journalctl@ceph.mgr.x.smithi042.stdout:Dec 12 09:50:20 smithi042 ceph-968ccaec-98d3-11ee-95a3-87774f69a715-mgr-x[99135]:
2023-12-12T09:50:20.072+0000 7f8e8eff2200 -1 mgr[py] Module zabbix has missing NOTIFY_TYPES member
2023-12-12T09:50:20.344 INFO:journalctl@ceph.mgr.x.smithi042.stdout:Dec 12 09:50:20 smithi042 ceph-968ccaec-98d3-11ee-95a3-87774f69a715-mgr-x[99135]:
2023-12-12T09:50:20.281+0000 7f8e8eff2200 -1 mgr[py] Module crash has missing NOTIFY_TYPES member
2023-12-12T09:50:20.652 INFO:journalctl@ceph.mon.a.smithi042.stdout:Dec 12 09:50:20 smithi042 ceph-mon[98894]: from='client.? 172.21.15.42:0/1792197001' entity='client.admin' cmd='[{"prefix": "mgr module enable", "module": "dashboard"}]': finished
2023-12-12T09:50:20.652 INFO:journalctl@ceph.mon.a.smithi042.stdout:Dec 12 09:50:20 smithi042 ceph-mon[98894]: mgrmap e9: x(active, since 21s)
2023-12-12T09:50:21.030 INFO:journalctl@ceph.mgr.x.smithi042.stdout:Dec 12 09:50:20 smithi042 ceph-968ccaec-98d3-11ee-95a3-87774f69a715-mgr-x[99135]:
2023-12-12T09:50:20.768+0000 7f8e8eff2200 -1 mgr[py] Module prometheus has missing NOTIFY_TYPES member
2023-12-12T09:50:21.030 INFO:journalctl@ceph.mgr.x.smithi042.stdout:Dec 12 09:50:20 smithi042 ceph-968ccaec-98d3-11ee-95a3-87774f69a715-mgr-x[99135]:
2023-12-12T09:50:20.920+0000 7f8e8eff2200 -1 mgr[py] Module status has missing NOTIFY_TYPES member
2023-12-12T09:50:21.402 INFO:journalctl@ceph.mgr.x.smithi042.stdout:Dec 12 09:50:21 smithi042 ceph-968ccaec-98d3-11ee-95a3-87774f69a715-mgr-x[99135]:
2023-12-12T09:50:21.028+0000 7f8e8eff2200 -1 mgr[py] Module selftest has missing NOTIFY_TYPES member
2023-12-12T09:50:21.403 INFO:journalctl@ceph.mgr.x.smithi042.stdout:Dec 12 09:50:21 smithi042 ceph-968ccaec-98d3-11ee-95a3-87774f69a715-mgr-x[99135]:
2023-12-12T09:50:21.145+0000 7f8e8eff2200 -1 mgr[py] Module alerts has missing NOTIFY_TYPES member
2023-12-12T09:50:21.457 INFO:teuthology.orchestra.run.smithi042.stdout:/usr/bin/ceph: stdout {
2023-12-12T09:50:21.457 INFO:teuthology.orchestra.run.smithi042.stdout:/usr/bin/ceph: stdout "epoch": 9,
2023-12-12T09:50:21.457 INFO:teuthology.orchestra.run.smithi042.stdout:/usr/bin/ceph: stdout "available": true,
2023-12-12T09:50:21.457 INFO:teuthology.orchestra.run.smithi042.stdout:/usr/bin/ceph: stdout "active_name": "x",
2023-12-12T09:50:21.457 INFO:teuthology.orchestra.run.smithi042.stdout:/usr/bin/ceph: stdout "num_standby": 0
2023-12-12T09:50:21.457 INFO:teuthology.orchestra.run.smithi042.stdout:/usr/bin/ceph: stdout }
2023-12-12T09:50:21.457 INFO:teuthology.orchestra.run.smithi042.stdout:/usr/bin/ceph: stderr
2023-12-12T09:50:20.590+0000 7fc094107700 1 Processor -- start
2023-12-12T09:50:21.458 INFO:teuthology.orchestra.run.smithi042.stdout:/usr/bin/ceph: stderr
2023-12-12T09:50:20.590+0000 7fc094107700 1 -- start start
2023-12-12T09:50:21.458 INFO:teuthology.orchestra.run.smithi042.stdout:/usr/bin/ceph: stderr
2023-12-12T09:50:20.591+0000 7fc094107700 1 --2- >> [v2:172.21.15.42:3300/0,v1:172.21.15.42:6789/0] conn(0x7fc08c105590 0x7fc08c1059b0 unknown :-1 s=NONE pgs=0 cs=0 l=0 rev1=0 crypto rx=0 tx=0 comp rx=0 tx=0).connect
2023-12-12T09:50:21.458 INFO:teuthology.orchestra.run.smithi042.stdout:/usr/bin/ceph: stderr
2023-12-12T09:50:20.591+0000 7fc094107700 1 -- --> [v2:172.21.15.42:3300/0,v1:172.21.15.42:6789/0] -- mon_getmap magic: 0 v1 -- 0x7fc08c07ae60 con 0x7fc08c105590
2023-12-12T09:50:21.458 INFO:teuthology.orchestra.run.smithi042.stdout:/usr/bin/ceph: stderr
2023-12-12T09:50:20.591+0000 7fc091ea3700 1 --2- >> [v2:172.21.15.42:3300/0,v1:172.21.15.42:6789/0] conn(0x7fc08c105590 0x7fc08c1059b0 unknown :-1 s=BANNER_CONNECTING pgs=0 cs=0 l=0 rev1=0 crypto rx=0 tx=0 comp rx=0 tx=0)._handle_peer_banner_payload supported=3 required=0
2023-12-12T09:50:21.458 INFO:teuthology.orchestra.run.smithi042.stdout:/usr/bin/ceph: stderr
2023-12-12T09:50:20.591+0000 7fc091ea3700 1 --2- >> [v2:172.21.15.42:3300/0,v1:172.21.15.42:6789/0] conn(0x7fc08c105590 0x7fc08c1059b0 unknown :-1 s=HELLO_CONNECTING pgs=0 cs=0 l=0 rev1=1 crypto rx=0 tx=0 comp rx=0 tx=0).handle_hello peer v2:172.21.15.42:3300/0 says I am v2:172.21.15.42:60544/0 (socket says 172.21.15.42:60544)
2023-12-12T09:50:21.458 INFO:teuthology.orchestra.run.smithi042.stdout:/usr/bin/ceph: stderr
2023-12-12T09:50:20.591+0000 7fc091ea3700 1 -- 172.21.15.42:0/1466457907 learned_addr learned my addr 172.21.15.42:0/1466457907 (peer_addr_for_me v2:172.21.15.42:0/0)
2023-12-12T09:50:21.458 INFO:teuthology.orchestra.run.smithi042.stdout:/usr/bin/ceph: stderr
2023-12-12T09:50:20.591+0000 7fc091ea3700 1 -- 172.21.15.42:0/1466457907 --> [v2:172.21.15.42:3300/0,v1:172.21.15.42:6789/0] -- mon_subscribe({config=0+,monmap=0+}) v3 -- 0x7fc08c105ef0 con 0x7fc08c105590
2023-12-12T09:50:21.458 INFO:teuthology.orchestra.run.smithi042.stdout:/usr/bin/ceph: stderr
2023-12-12T09:50:20.591+0000 7fc091ea3700 1 --2- 172.21.15.42:0/1466457907 >> [v2:172.21.15.42:3300/0,v1:172.21.15.42:6789/0] conn(0x7fc08c105590 0x7fc08c1059b0 secure :-1 s=READY pgs=59 cs=0 l=1 rev1=1 crypto rx=0x7fc07c0098a0 tx=0x7fc07c009bb0 comp rx=0 tx=0).ready entity=mon.0 client_cookie=6fec847ae22af79b server_cookie=0 in_seq=0 out_seq=0
2023-12-12T09:50:21.458 INFO:teuthology.orchestra.run.smithi042.stdout:/usr/bin/ceph: stderr
2023-12-12T09:50:20.591+0000 7fc090ea1700 1 -- 172.21.15.42:0/1466457907 <== mon.0 v2:172.21.15.42:3300/0 1 ==== mon_map magic: 0 v1 ==== 205+0+0 (secure 0 0 0) 0x7fc07c004160 con 0x7fc08c105590
2023-12-12T09:50:21.458 INFO:teuthology.orchestra.run.smithi042.stdout:/usr/bin/ceph: stderr
2023-12-12T09:50:20.592+0000 7fc090ea1700 1 -- 172.21.15.42:0/1466457907 <== mon.0 v2:172.21.15.42:3300/0 2 ==== config(26 keys) v1 ==== 1105+0+0 (secure 0 0 0) 0x7fc07c0042c0 con 0x7fc08c105590
2023-12-12T09:50:21.458 INFO:teuthology.orchestra.run.smithi042.stdout:/usr/bin/ceph: stderr
2023-12-12T09:50:20.592+0000 7fc090ea1700 1 -- 172.21.15.42:0/1466457907 <== mon.0 v2:172.21.15.42:3300/0 3 ==== mon_map magic: 0 v1 ==== 205+0+0 (secure 0 0 0) 0x7fc07c0119b0 con 0x7fc08c105590
2023-12-12T09:50:21.458 INFO:teuthology.orchestra.run.smithi042.stdout:/usr/bin/ceph: stderr
2023-12-12T09:50:20.592+0000 7fc094107700 1 -- 172.21.15.42:0/1466457907 >> [v2:172.21.15.42:3300/0,v1:172.21.15.42:6789/0] conn(0x7fc08c105590 msgr2=0x7fc08c1059b0 secure :-1 s=STATE_CONNECTION_ESTABLISHED l=1).mark_down
2023-12-12T09:50:21.458 INFO:teuthology.orchestra.run.smithi042.stdout:/usr/bin/ceph: stderr
2023-12-12T09:50:20.592+0000 7fc094107700 1 --2- 172.21.15.42:0/1466457907 >> [v2:172.21.15.42:3300/0,v1:172.21.15.42:6789/0] conn(0x7fc08c105590 0x7fc08c1059b0 secure :-1 s=READY pgs=59 cs=0 l=1 rev1=1 crypto rx=0x7fc07c0098a0 tx=0x7fc07c009bb0 comp rx=0 tx=0).stop
2023-12-12T09:50:21.458 INFO:teuthology.orchestra.run.smithi042.stdout:/usr/bin/ceph: stderr
2023-12-12T09:50:20.593+0000 7fc094107700 1 -- 172.21.15.42:0/1466457907 shutdown_connections
2023-12-12T09:50:21.459 INFO:teuthology.orchestra.run.smithi042.stdout:/usr/bin/ceph: stderr
2023-12-12T09:50:20.593+0000 7fc094107700 1 --2- 172.21.15.42:0/1466457907 >> [v2:172.21.15.42:3300/0,v1:172.21.15.42:6789/0] conn(0x7fc08c105590 0x7fc08c1059b0 unknown :-1 s=CLOSED pgs=59 cs=0 l=1 rev1=1 crypto rx=0 tx=0 comp rx=0 tx=0).stop
2023-12-12T09:50:21.459 INFO:teuthology.orchestra.run.smithi042.stdout:/usr/bin/ceph: stderr
2023-12-12T09:50:20.593+0000 7fc094107700 1 -- 172.21.15.42:0/1466457907 >> 172.21.15.42:0/1466457907 conn(0x7fc08c1011d0 msgr2=0x7fc08c103610 unknown :-1 s=STATE_NONE l=0).mark_down
2023-12-12T09:50:21.459 INFO:teuthology.orchestra.run.smithi042.stdout:/usr/bin/ceph: stderr
2023-12-12T09:50:20.593+0000 7fc094107700 1 -- 172.21.15.42:0/1466457907 shutdown_connections
2023-12-12T09:50:21.459 INFO:teuthology.orchestra.run.smithi042.stdout:/usr/bin/ceph: stderr
2023-12-12T09:50:20.593+0000 7fc094107700 1 -- 172.21.15.42:0/1466457907 wait complete.
2023-12-12T09:50:21.459 INFO:teuthology.orchestra.run.smithi042.stdout:/usr/bin/ceph: stderr
2023-12-12T09:50:20.593+0000 7fc094107700 1 Processor -- start
2023-12-12T09:50:21.459 INFO:teuthology.orchestra.run.smithi042.stdout:/usr/bin/ceph: stderr
2023-12-12T09:50:20.593+0000 7fc094107700 1 -- start start
2023-12-12T09:50:21.459 INFO:teuthology.orchestra.run.smithi042.stdout:/usr/bin/ceph: stderr
2023-12-12T09:50:20.594+0000 7fc094107700 1 --2- >> [v2:172.21.15.42:3300/0,v1:172.21.15.42:6789/0] conn(0x7fc08c105590 0x7fc08c19cc00 unknown :-1 s=NONE pgs=0 cs=0 l=1 rev1=0 crypto rx=0 tx=0 comp rx=0 tx=0).connect
2023-12-12T09:50:21.459 INFO:teuthology.orchestra.run.smithi042.stdout:/usr/bin/ceph: stderr
2023-12-12T09:50:20.594+0000 7fc094107700 1 -- --> [v2:172.21.15.42:3300/0,v1:172.21.15.42:6789/0] -- mon_getmap magic: 0 v1 -- 0x7fc08c19d140 con 0x7fc08c105590
2023-12-12T09:50:21.459 INFO:teuthology.orchestra.run.smithi042.stdout:/usr/bin/ceph: stderr
2023-12-12T09:50:20.594+0000 7fc091ea3700 1 --2- >> [v2:172.21.15.42:3300/0,v1:172.21.15.42:6789/0] conn(0x7fc08c105590 0x7fc08c19cc00 unknown :-1 s=BANNER_CONNECTING pgs=0 cs=0 l=1 rev1=0 crypto rx=0 tx=0 comp rx=0 tx=0)._handle_peer_banner_payload supported=3 required=0
2023-12-12T09:50:21.459 INFO:teuthology.orchestra.run.smithi042.stdout:/usr/bin/ceph: stderr
2023-12-12T09:50:20.594+0000 7fc091ea3700 1 --2- >> [v2:172.21.15.42:3300/0,v1:172.21.15.42:6789/0] conn(0x7fc08c105590 0x7fc08c19cc00 unknown :-1 s=HELLO_CONNECTING pgs=0 cs=0 l=1 rev1=1 crypto rx=0 tx=0 comp rx=0 tx=0).handle_hello peer v2:172.21.15.42:3300/0 says I am v2:172.21.15.42:60546/0 (socket says 172.21.15.42:60546)
2023-12-12T09:50:21.459 INFO:teuthology.orchestra.run.smithi042.stdout:/usr/bin/ceph: stderr
2023-12-12T09:50:20.594+0000 7fc091ea3700 1 -- 172.21.15.42:0/1654758861 learned_addr learned my addr 172.21.15.42:0/1654758861 (peer_addr_for_me v2:172.21.15.42:0/0)
2023-12-12T09:50:21.459 INFO:teuthology.orchestra.run.smithi042.stdout:/usr/bin/ceph: stderr
2023-12-12T09:50:20.594+0000 7fc091ea3700 1 -- 172.21.15.42:0/1654758861 --> [v2:172.21.15.42:3300/0,v1:172.21.15.42:6789/0] -- mon_subscribe({config=0+,monmap=0+}) v3 -- 0x7fc07c009550 con 0x7fc08c105590
2023-12-12T09:50:21.459 INFO:teuthology.orchestra.run.smithi042.stdout:/usr/bin/ceph: stderr
2023-12-12T09:50:20.594+0000 7fc091ea3700 1 --2- 172.21.15.42:0/1654758861 >> [v2:172.21.15.42:3300/0,v1:172.21.15.42:6789/0] conn(0x7fc08c105590 0x7fc08c19cc00 secure :-1 s=READY pgs=60 cs=0 l=1 rev1=1 crypto rx=0x7fc07c006af0 tx=0x7fc07c011a10 comp rx=0 tx=0).ready entity=mon.0 client_cookie=0 server_cookie=0 in_seq=0 out_seq=0
2023-12-12T09:50:21.459 INFO:teuthology.orchestra.run.smithi042.stdout:/usr/bin/ceph: stderr
2023-12-12T09:50:20.594+0000 7fc082ffd700 1 -- 172.21.15.42:0/1654758861 <== mon.0 v2:172.21.15.42:3300/0 1 ==== mon_map magic: 0 v1 ==== 205+0+0 (secure 0 0 0) 0x7fc07c003a40 con 0x7fc08c105590
2023-12-12T09:50:21.459 INFO:teuthology.orchestra.run.smithi042.stdout:/usr/bin/ceph: stderr
2023-12-12T09:50:20.594+0000 7fc082ffd700 1 -- 172.21.15.42:0/1654758861 <== mon.0 v2:172.21.15.42:3300/0 2 ==== config(26 keys) v1 ==== 1105+0+0 (secure 0 0 0) 0x7fc07c003ba0 con 0x7fc08c105590
2023-12-12T09:50:21.460 INFO:teuthology.orchestra.run.smithi042.stdout:/usr/bin/ceph: stderr
2023-12-12T09:50:20.594+0000 7fc082ffd700 1 -- 172.21.15.42:0/1654758861 <== mon.0 v2:172.21.15.42:3300/0 3 ==== mon_map magic: 0 v1 ==== 205+0+0 (secure 0 0 0) 0x7fc07c0196c0 con 0x7fc08c105590
2023-12-12T09:50:21.460 INFO:teuthology.orchestra.run.smithi042.stdout:/usr/bin/ceph: stderr
2023-12-12T09:50:20.594+0000 7fc094107700 1 -- 172.21.15.42:0/1654758861 --> [v2:172.21.15.42:3300/0,v1:172.21.15.42:6789/0] -- mon_subscribe({mgrmap=0+}) v3 -- 0x7fc08c19d340 con 0x7fc08c105590
2023-12-12T09:50:21.460 INFO:teuthology.orchestra.run.smithi042.stdout:/usr/bin/ceph: stderr
2023-12-12T09:50:20.595+0000 7fc094107700 1 -- 172.21.15.42:0/1654758861 --> [v2:172.21.15.42:3300/0,v1:172.21.15.42:6789/0] -- mon_subscribe({osdmap=0}) v3 -- 0x7fc08c19d7e0 con 0x7fc08c105590
2023-12-12T09:50:21.460 INFO:teuthology.orchestra.run.smithi042.stdout:/usr/bin/ceph: stderr
2023-12-12T09:50:20.595+0000 7fc082ffd700 1 -- 172.21.15.42:0/1654758861 <== mon.0 v2:172.21.15.42:3300/0 4 ==== mgrmap(e 9) v1 ==== 45593+0+0 (secure 0 0 0) 0x7fc07c019930 con 0x7fc08c105590
2023-12-12T09:50:21.460 INFO:teuthology.orchestra.run.smithi042.stdout:/usr/bin/ceph: stderr
2023-12-12T09:50:20.596+0000 7fc082ffd700 1 --2- 172.21.15.42:0/1654758861 >> [v2:172.21.15.42:6800/1525180467,v1:172.21.15.42:6801/1525180467] conn(0x7fc078038870 0x7fc07803ad30 unknown :-1 s=NONE pgs=0 cs=0 l=1 rev1=0 crypto rx=0 tx=0 comp rx=0 tx=0).connect
2023-12-12T09:50:21.460 INFO:teuthology.orchestra.run.smithi042.stdout:/usr/bin/ceph: stderr
2023-12-12T09:50:20.596+0000 7fc082ffd700 1 -- 172.21.15.42:0/1654758861 <== mon.0 v2:172.21.15.42:3300/0 5 ==== osd_map(2..2 src has 1..2) v4 ==== 940+0+0 (secure 0 0 0) 0x7fc07c04d9f0 con 0x7fc08c105590
2023-12-12T09:50:21.460 INFO:teuthology.orchestra.run.smithi042.stdout:/usr/bin/ceph: stderr
2023-12-12T09:50:20.596+0000 7fc0916a2700 1 -- 172.21.15.42:0/1654758861 >> [v2:172.21.15.42:6800/1525180467,v1:172.21.15.42:6801/1525180467] conn(0x7fc078038870 msgr2=0x7fc07803ad30 unknown :-1 s=STATE_CONNECTING_RE l=1).process reconnect failed to v2:172.21.15.42:6800/1525180467
2023-12-12T09:50:21.460 INFO:teuthology.orchestra.run.smithi042.stdout:/usr/bin/ceph: stderr
2023-12-12T09:50:20.596+0000 7fc0916a2700 1 --2- 172.21.15.42:0/1654758861 >> [v2:172.21.15.42:6800/1525180467,v1:172.21.15.42:6801/1525180467] conn(0x7fc078038870 0x7fc07803ad30 unknown :-1 s=START_CONNECT pgs=0 cs=0 l=1 rev1=0 crypto rx=0 tx=0 comp rx=0 tx=0)._fault waiting 0.200000
2023-12-12T09:50:21.460 INFO:teuthology.orchestra.run.smithi042.stdout:/usr/bin/ceph: stderr
2023-12-12T09:50:20.596+0000 7fc094107700 1 -- 172.21.15.42:0/1654758861 --> [v2:172.21.15.42:3300/0,v1:172.21.15.42:6789/0] -- mon_command({"prefix": "get_command_descriptions"} v 0) v1 -- 0x7fc08c196900 con 0x7fc08c105590
2023-12-12T09:50:21.460 INFO:teuthology.orchestra.run.smithi042.stdout:/usr/bin/ceph: stderr
2023-12-12T09:50:20.601+0000 7fc082ffd700 1 -- 172.21.15.42:0/1654758861 <== mon.0 v2:172.21.15.42:3300/0 6 ==== mon_command_ack([{"prefix": "get_command_descriptions"}]=0 v0) v1 ==== 72+0+180949 (secure 0 0 0) 0x7fc07c019e60 con 0x7fc08c105590
2023-12-12T09:50:21.460 INFO:teuthology.orchestra.run.smithi042.stdout:/usr/bin/ceph: stderr
2023-12-12T09:50:20.797+0000 7fc0916a2700 1 -- 172.21.15.42:0/1654758861 >> [v2:172.21.15.42:6800/1525180467,v1:172.21.15.42:6801/1525180467] conn(0x7fc078038870 msgr2=0x7fc07803ad30 unknown :-1 s=STATE_CONNECTING_RE l=1).process reconnect failed to v2:172.21.15.42:6800/1525180467
2023-12-12T09:50:21.460 INFO:teuthology.orchestra.run.smithi042.stdout:/usr/bin/ceph: stderr
2023-12-12T09:50:20.797+0000 7fc0916a2700 1 --2- 172.21.15.42:0/1654758861 >> [v2:172.21.15.42:6800/1525180467,v1:172.21.15.42:6801/1525180467] conn(0x7fc078038870 0x7fc07803ad30 unknown :-1 s=START_CONNECT pgs=0 cs=0 l=1 rev1=0 crypto rx=0 tx=0 comp rx=0 tx=0)._fault waiting 0.400000
2023-12-12T09:50:21.460 INFO:teuthology.orchestra.run.smithi042.stdout:/usr/bin/ceph: stderr
2023-12-12T09:50:21.079+0000 7fc094107700 1 -- 172.21.15.42:0/1654758861 --> [v2:172.21.15.42:3300/0,v1:172.21.15.42:6789/0] -- mon_command({"prefix": "mgr stat"} v 0) v1 -- 0x7fc08c106da0 con 0x7fc08c105590
2023-12-12T09:50:21.460 INFO:teuthology.orchestra.run.smithi042.stdout:/usr/bin/ceph: stderr
2023-12-12T09:50:21.080+0000 7fc082ffd700 1 -- 172.21.15.42:0/1654758861 <== mon.0 v2:172.21.15.42:3300/0 7 ==== mon_command_ack([{"prefix": "mgr stat"}]=0 v9) v1 ==== 56+0+88 (secure 0 0 0) 0x7fc07c0172b0 con 0x7fc08c105590
2023-12-12T09:50:21.461 INFO:teuthology.orchestra.run.smithi042.stdout:/usr/bin/ceph: stderr
2023-12-12T09:50:21.082+0000 7fc094107700 1 -- 172.21.15.42:0/1654758861 >> [v2:172.21.15.42:6800/1525180467,v1:172.21.15.42:6801/1525180467] conn(0x7fc078038870 msgr2=0x7fc07803ad30 unknown :-1 s=STATE_CONNECTING l=1).mark_down
2023-12-12T09:50:21.461 INFO:teuthology.orchestra.run.smithi042.stdout:/usr/bin/ceph: stderr
2023-12-12T09:50:21.082+0000 7fc094107700 1 --2- 172.21.15.42:0/1654758861 >> [v2:172.21.15.42:6800/1525180467,v1:172.21.15.42:6801/1525180467] conn(0x7fc078038870 0x7fc07803ad30 unknown :-1 s=START_CONNECT pgs=0 cs=0 l=1 rev1=0 crypto rx=0 tx=0 comp rx=0 tx=0).stop
2023-12-12T09:50:21.461 INFO:teuthology.orchestra.run.smithi042.stdout:/usr/bin/ceph: stderr
2023-12-12T09:50:21.082+0000 7fc094107700 1 -- 172.21.15.42:0/1654758861 >> [v2:172.21.15.42:3300/0,v1:172.21.15.42:6789/0] conn(0x7fc08c105590 msgr2=0x7fc08c19cc00 secure :-1 s=STATE_CONNECTION_ESTABLISHED l=1).mark_down
2023-12-12T09:50:21.461 INFO:teuthology.orchestra.run.smithi042.stdout:/usr/bin/ceph: stderr
2023-12-12T09:50:21.082+0000 7fc094107700 1 --2- 172.21.15.42:0/1654758861 >> [v2:172.21.15.42:3300/0,v1:172.21.15.42:6789/0] conn(0x7fc08c105590 0x7fc08c19cc00 secure :-1 s=READY pgs=60 cs=0 l=1 rev1=1 crypto rx=0x7fc07c006af0 tx=0x7fc07c011a10 comp rx=0 tx=0).stop
2023-12-12T09:50:21.461 INFO:teuthology.orchestra.run.smithi042.stdout:/usr/bin/ceph: stderr
2023-12-12T09:50:21.082+0000 7fc094107700 1 -- 172.21.15.42:0/1654758861 shutdown_connections
2023-12-12T09:50:21.461 INFO:teuthology.orchestra.run.smithi042.stdout:/usr/bin/ceph: stderr
2023-12-12T09:50:21.082+0000 7fc094107700 1 --2- 172.21.15.42:0/1654758861 >> [v2:172.21.15.42:6800/1525180467,v1:172.21.15.42:6801/1525180467] conn(0x7fc078038870 0x7fc07803ad30 unknown :-1 s=CLOSED pgs=0 cs=0 l=1 rev1=0 crypto rx=0 tx=0 comp rx=0 tx=0).stop
2023-12-12T09:50:21.461 INFO:teuthology.orchestra.run.smithi042.stdout:/usr/bin/ceph: stderr
2023-12-12T09:50:21.082+0000 7fc094107700 1 --2- 172.21.15.42:0/1654758861 >> [v2:172.21.15.42:3300/0,v1:172.21.15.42:6789/0] conn(0x7fc08c105590 0x7fc08c19cc00 unknown :-1 s=CLOSED pgs=60 cs=0 l=1 rev1=1 crypto rx=0 tx=0 comp rx=0 tx=0).stop
2023-12-12T09:50:21.461 INFO:teuthology.orchestra.run.smithi042.stdout:/usr/bin/ceph: stderr
2023-12-12T09:50:21.082+0000 7fc094107700 1 -- 172.21.15.42:0/1654758861 >> 172.21.15.42:0/1654758861 conn(0x7fc08c1011d0 msgr2=0x7fc08c193a40 unknown :-1 s=STATE_NONE l=0).mark_down
2023-12-12T09:50:21.461 INFO:teuthology.orchestra.run.smithi042.stdout:/usr/bin/ceph: stderr
2023-12-12T09:50:21.082+0000 7fc094107700 1 -- 172.21.15.42:0/1654758861 shutdown_connections
2023-12-12T09:50:21.461 INFO:teuthology.orchestra.run.smithi042.stdout:/usr/bin/ceph: stderr
2023-12-12T09:50:21.082+0000 7fc094107700 1 -- 172.21.15.42:0/1654758861 wait complete.
2023-12-12T09:50:21.461 INFO:teuthology.orchestra.run.smithi042.stdout:Waiting for the mgr to restart...
2023-12-12T09:50:21.461 INFO:teuthology.orchestra.run.smithi042.stdout:Waiting for mgr epoch 9...
2023-12-12T09:50:21.744 INFO:journalctl@ceph.mon.a.smithi042.stdout:Dec 12 09:50:21 smithi042 ceph-mon[98894]: from='client.? 172.21.15.42:0/1654758861' entity='client.admin' cmd=[{"prefix": "mgr stat"}]: dispatch
2023-12-12T09:50:21.745 INFO:journalctl@ceph.mgr.x.smithi042.stdout:Dec 12 09:50:21 smithi042 ceph-968ccaec-98d3-11ee-95a3-87774f69a715-mgr-x[99135]:
2023-12-12T09:50:21.672+0000 7f8e8eff2200 -1 mgr[py] Module progress has missing NOTIFY_TYPES member
2023-12-12T09:50:22.902 INFO:journalctl@ceph.mgr.x.smithi042.stdout:Dec 12 09:50:22 smithi042 ceph-968ccaec-98d3-11ee-95a3-87774f69a715-mgr-x[99135]:
2023-12-12T09:50:22.465+0000 7f8e8eff2200 -1 mgr[py] Module rook has missing NOTIFY_TYPES member
2023-12-12T09:50:22.903 INFO:journalctl@ceph.mgr.x.smithi042.stdout:Dec 12 09:50:22 smithi042 ceph-968ccaec-98d3-11ee-95a3-87774f69a715-mgr-x[99135]:
2023-12-12T09:50:22.563+0000 7f8e8eff2200 -1 mgr[py] Module iostat has missing NOTIFY_TYPES member
2023-12-12T09:50:23.882 INFO:journalctl@ceph.mgr.x.smithi042.stdout:Dec 12 09:50:23 smithi042 ceph-968ccaec-98d3-11ee-95a3-87774f69a715-mgr-x[99135]:
2023-12-12T09:50:23.544+0000 7f8e8eff2200 -1 mgr[py] Module test_orchestrator has missing NOTIFY_TYPES member
2023-12-12T09:50:23.882 INFO:journalctl@ceph.mgr.x.smithi042.stdout:Dec 12 09:50:23 smithi042 ceph-968ccaec-98d3-11ee-95a3-87774f69a715-mgr-x[99135]:
2023-12-12T09:50:23.655+0000 7f8e8eff2200 -1 mgr[py] Module osd_perf_query has missing NOTIFY_TYPES member
2023-12-12T09:50:24.152 INFO:journalctl@ceph.mgr.x.smithi042.stdout:Dec 12 09:50:23 smithi042 ceph-968ccaec-98d3-11ee-95a3-87774f69a715-mgr-x[99135]:
2023-12-12T09:50:23.880+0000 7f8e8eff2200 -1 mgr[py] Module orchestrator has missing NOTIFY_TYPES member
2023-12-12T09:50:24.652 INFO:journalctl@ceph.mgr.x.smithi042.stdout:Dec 12 09:50:24 smithi042 ceph-968ccaec-98d3-11ee-95a3-87774f69a715-mgr-x[99135]:
2023-12-12T09:50:24.378+0000 7f8e8eff2200 -1 mgr[py] Module rgw has missing NOTIFY_TYPES member
2023-12-12T09:50:24.652 INFO:journalctl@ceph.mgr.x.smithi042.stdout:Dec 12 09:50:24 smithi042 ceph-968ccaec-98d3-11ee-95a3-87774f69a715-mgr-x[99135]:
2023-12-12T09:50:24.483+0000 7f8e8eff2200 -1 mgr[py] Module influx has missing NOTIFY_TYPES member
2023-12-12T09:50:24.999 INFO:journalctl@ceph.mgr.x.smithi042.stdout:Dec 12 09:50:24 smithi042 ceph-968ccaec-98d3-11ee-95a3-87774f69a715-mgr-x[99135]:
2023-12-12T09:50:24.666+0000 7f8e8eff2200 -1 mgr[py] Module telemetry has missing NOTIFY_TYPES member
2023-12-12T09:50:25.402 INFO:journalctl@ceph.mgr.x.smithi042.stdout:Dec 12 09:50:24 smithi042 ceph-968ccaec-98d3-11ee-95a3-87774f69a715-mgr-x[99135]:
2023-12-12T09:50:24.998+0000 7f8e8eff2200 -1 mgr[py] Module telegraf has missing NOTIFY_TYPES member
2023-12-12T09:50:26.152 INFO:journalctl@ceph.mgr.x.smithi042.stdout:Dec 12 09:50:25 smithi042 ceph-968ccaec-98d3-11ee-95a3-87774f69a715-mgr-x[99135]:
2023-12-12T09:50:25.820+0000 7f8e8eff2200 -1 mgr[py] Module balancer has missing NOTIFY_TYPES member
2023-12-12T09:50:26.153 INFO:journalctl@ceph.mgr.x.smithi042.stdout:Dec 12 09:50:25 smithi042 ceph-968ccaec-98d3-11ee-95a3-87774f69a715-mgr-x[99135]:
2023-12-12T09:50:25.978+0000 7f8e8eff2200 -1 mgr[py] Module diskprediction_local has missing NOTIFY_TYPES member
2023-12-12T09:50:26.644 INFO:journalctl@ceph.mgr.x.smithi042.stdout:Dec 12 09:50:26 smithi042 ceph-968ccaec-98d3-11ee-95a3-87774f69a715-mgr-x[99135]:
2023-12-12T09:50:26.228+0000 7f8e8eff2200 -1 mgr[py] Module nfs has missing NOTIFY_TYPES member
2023-12-12T09:50:26.644 INFO:journalctl@ceph.mgr.x.smithi042.stdout:Dec 12 09:50:26 smithi042 ceph-968ccaec-98d3-11ee-95a3-87774f69a715-mgr-x[99135]:
2023-12-12T09:50:26.364+0000 7f8e8eff2200 -1 mgr[py] Module rbd_support has missing NOTIFY_TYPES member
2023-12-12T09:50:26.902 INFO:journalctl@ceph.mgr.x.smithi042.stdout:Dec 12 09:50:26 smithi042 ceph-968ccaec-98d3-11ee-95a3-87774f69a715-mgr-x[99135]:
2023-12-12T09:50:26.641+0000 7f8e8eff2200 -1 mgr[py] Module volumes has missing NOTIFY_TYPES member
2023-12-12T09:50:28.153 INFO:journalctl@ceph.mgr.x.smithi042.stdout:Dec 12 09:50:27 smithi042 ceph-968ccaec-98d3-11ee-95a3-87774f69a715-mgr-x[99135]:
2023-12-12T09:50:27.713+0000 7f8e8eff2200 -1 mgr[py] Module pg_autoscaler has missing NOTIFY_TYPES member
2023-12-12T09:50:28.153 INFO:journalctl@ceph.mon.a.smithi042.stdout:Dec 12 09:50:27 smithi042 ceph-mon[98894]: Active manager daemon x restarted
2023-12-12T09:50:28.153 INFO:journalctl@ceph.mon.a.smithi042.stdout:Dec 12 09:50:27 smithi042 ceph-mon[98894]: Activating manager daemon x
2023-12-12T09:50:28.153 INFO:journalctl@ceph.mon.a.smithi042.stdout:Dec 12 09:50:27 smithi042 ceph-mon[98894]: osdmap e3: 0 total, 0 up, 0 in
2023-12-12T09:50:28.153 INFO:journalctl@ceph.mon.a.smithi042.stdout:Dec 12 09:50:27 smithi042 ceph-mon[98894]: mgrmap e10: x(active, starting, since 0.00330959s)
2023-12-12T09:50:28.154 INFO:journalctl@ceph.mon.a.smithi042.stdout:Dec 12 09:50:27 smithi042 ceph-mon[98894]: from='mgr.14152 172.21.15.42:0/3920316820' entity='mgr.x' cmd=[{"prefix": "mon metadata", "id": "a"}]: dispatch
2023-12-12T09:50:28.154 INFO:journalctl@ceph.mon.a.smithi042.stdout:Dec 12 09:50:27 smithi042 ceph-mon[98894]: from='mgr.14152 172.21.15.42:0/3920316820' entity='mgr.x' cmd=[{"prefix": "mgr metadata", "who": "x", "id": "x"}]: dispatch
2023-12-12T09:50:28.154 INFO:journalctl@ceph.mon.a.smithi042.stdout:Dec 12 09:50:27 smithi042 ceph-mon[98894]: from='mgr.14152 172.21.15.42:0/3920316820' entity='mgr.x' cmd=[{"prefix": "mds metadata"}]: dispatch
2023-12-12T09:50:28.154 INFO:journalctl@ceph.mon.a.smithi042.stdout:Dec 12 09:50:27 smithi042 ceph-mon[98894]: from='mgr.14152 172.21.15.42:0/3920316820' entity='mgr.x' cmd=[{"prefix": "osd metadata"}]: dispatch
2023-12-12T09:50:28.154 INFO:journalctl@ceph.mon.a.smithi042.stdout:Dec 12 09:50:27 smithi042 ceph-mon[98894]: from='mgr.14152 172.21.15.42:0/3920316820' entity='mgr.x' cmd=[{"prefix": "mon metadata"}]: dispatch
2023-12-12T09:50:28.154 INFO:journalctl@ceph.mon.a.smithi042.stdout:Dec 12 09:50:27 smithi042 ceph-mon[98894]: Manager daemon x is now available
2023-12-12T09:50:28.154 INFO:journalctl@ceph.mon.a.smithi042.stdout:Dec 12 09:50:27 smithi042 ceph-mon[98894]: from='mgr.14152 172.21.15.42:0/3920316820' entity='mgr.x' cmd=[{"prefix": "config dump", "format": "json"}]: dispatch
2023-12-12T09:50:28.154 INFO:journalctl@ceph.mon.a.smithi042.stdout:Dec 12 09:50:27 smithi042 ceph-mon[98894]: from='mgr.14152 172.21.15.42:0/3920316820' entity='mgr.x' cmd=[{"prefix": "config dump", "format": "json"}]: dispatch
2023-12-12T09:50:29.035 INFO:journalctl@ceph.mon.a.smithi042.stdout:Dec 12 09:50:28 smithi042 ceph-mon[98894]: from='mgr.14152 172.21.15.42:0/3920316820' entity='mgr.x' cmd=[{"prefix":"config rm","who":"mgr","name":"mgr/rbd_support/x/mirror_snapshot_schedule"}]: dispatch
2023-12-12T09:50:29.035 INFO:journalctl@ceph.mon.a.smithi042.stdout:Dec 12 09:50:28 smithi042 ceph-mon[98894]: from='mgr.14152 172.21.15.42:0/3920316820' entity='mgr.x' cmd=[{"prefix":"config rm","who":"mgr","name":"mgr/rbd_support/x/trash_purge_schedule"}]: dispatch
2023-12-12T09:50:29.035 INFO:journalctl@ceph.mon.a.smithi042.stdout:Dec 12 09:50:28 smithi042 ceph-mon[98894]: [12/Dec/2023:09:50:28] ENGINE Bus STARTING
2023-12-12T09:50:29.035 INFO:journalctl@ceph.mon.a.smithi042.stdout:Dec 12 09:50:28 smithi042 ceph-mon[98894]: [12/Dec/2023:09:50:28] ENGINE Serving on http://172.21.15.42:8765
2023-12-12T09:50:29.035 INFO:journalctl@ceph.mon.a.smithi042.stdout:Dec 12 09:50:28 smithi042 ceph-mon[98894]: mgrmap e11: x(active, since 1.00664s)
2023-12-12T09:50:29.120 INFO:teuthology.orchestra.run.smithi042.stdout:/usr/bin/ceph: stdout {
2023-12-12T09:50:29.120 INFO:teuthology.orchestra.run.smithi042.stdout:/usr/bin/ceph: stdout "mgrmap_epoch": 11,
2023-12-12T09:50:29.120 INFO:teuthology.orchestra.run.smithi042.stdout:/usr/bin/ceph: stdout "initialized": true
2023-12-12T09:50:29.120 INFO:teuthology.orchestra.run.smithi042.stdout:/usr/bin/ceph: stdout }
2023-12-12T09:50:29.120 INFO:teuthology.orchestra.run.smithi042.stdout:/usr/bin/ceph: stderr
2023-12-12T09:50:22.001+0000 7fdd990ba700 1 Processor -- start
2023-12-12T09:50:29.120 INFO:teuthology.orchestra.run.smithi042.stdout:/usr/bin/ceph: stderr
2023-12-12T09:50:22.001+0000 7fdd990ba700 1 -- start start
2023-12-12T09:50:29.120 INFO:teuthology.orchestra.run.smithi042.stdout:/usr/bin/ceph: stderr
2023-12-12T09:50:22.001+0000 7fdd990ba700 1 --2- >> [v2:172.21.15.42:3300/0,v1:172.21.15.42:6789/0] conn(0x7fdd9407ce30 0x7fdd9407b290 unknown :-1 s=NONE pgs=0 cs=0 l=0 rev1=0 crypto rx=0 tx=0 comp rx=0 tx=0).connect
2023-12-12T09:50:29.120 INFO:teuthology.orchestra.run.smithi042.stdout:/usr/bin/ceph: stderr
2023-12-12T09:50:22.001+0000 7fdd990ba700 1 -- --> [v2:172.21.15.42:3300/0,v1:172.21.15.42:6789/0] -- mon_getmap magic: 0 v1 -- 0x7fdd9407b860 con 0x7fdd9407ce30
2023-12-12T09:50:29.120 INFO:teuthology.orchestra.run.smithi042.stdout:/usr/bin/ceph: stderr
2023-12-12T09:50:22.001+0000 7fdd92d9d700 1 --2- >> [v2:172.21.15.42:3300/0,v1:172.21.15.42:6789/0] conn(0x7fdd9407ce30 0x7fdd9407b290 unknown :-1 s=BANNER_CONNECTING pgs=0 cs=0 l=0 rev1=0 crypto rx=0 tx=0 comp rx=0 tx=0)._handle_peer_banner_payload supported=3 required=0
2023-12-12T09:50:29.120 INFO:teuthology.orchestra.run.smithi042.stdout:/usr/bin/ceph: stderr
2023-12-12T09:50:22.001+0000 7fdd92d9d700 1 --2- >> [v2:172.21.15.42:3300/0,v1:172.21.15.42:6789/0] conn(0x7fdd9407ce30 0x7fdd9407b290 unknown :-1 s=HELLO_CONNECTING pgs=0 cs=0 l=0 rev1=1 crypto rx=0 tx=0 comp rx=0 tx=0).handle_hello peer v2:172.21.15.42:3300/0 says I am v2:172.21.15.42:60554/0 (socket says 172.21.15.42:60554)
2023-12-12T09:50:29.120 INFO:teuthology.orchestra.run.smithi042.stdout:/usr/bin/ceph: stderr
2023-12-12T09:50:22.001+0000 7fdd92d9d700 1 -- 172.21.15.42:0/1300455683 learned_addr learned my addr 172.21.15.42:0/1300455683 (peer_addr_for_me v2:172.21.15.42:0/0)
2023-12-12T09:50:29.121 INFO:teuthology.orchestra.run.smithi042.stdout:/usr/bin/ceph: stderr
2023-12-12T09:50:22.002+0000 7fdd92d9d700 1 -- 172.21.15.42:0/1300455683 --> [v2:172.21.15.42:3300/0,v1:172.21.15.42:6789/0] -- mon_subscribe({config=0+,monmap=0+}) v3 -- 0x7fdd9407b9a0 con 0x7fdd9407ce30
2023-12-12T09:50:29.121 INFO:teuthology.orchestra.run.smithi042.stdout:/usr/bin/ceph: stderr
2023-12-12T09:50:22.002+0000 7fdd92d9d700 1 --2- 172.21.15.42:0/1300455683 >> [v2:172.21.15.42:3300/0,v1:172.21.15.42:6789/0] conn(0x7fdd9407ce30 0x7fdd9407b290 secure :-1 s=READY pgs=61 cs=0 l=1 rev1=1 crypto rx=0x7fdd840098a0 tx=0x7fdd84009bb0 comp rx=0 tx=0).ready entity=mon.0 client_cookie=8808b3b5c67c2a0b server_cookie=0 in_seq=0 out_seq=0
2023-12-12T09:50:29.121 INFO:teuthology.orchestra.run.smithi042.stdout:/usr/bin/ceph: stderr
2023-12-12T09:50:22.002+0000 7fdd91d9b700 1 -- 172.21.15.42:0/1300455683 <== mon.0 v2:172.21.15.42:3300/0 1 ==== mon_map magic: 0 v1 ==== 205+0+0 (secure 0 0 0) 0x7fdd84004160 con 0x7fdd9407ce30
2023-12-12T09:50:29.121 INFO:teuthology.orchestra.run.smithi042.stdout:/usr/bin/ceph: stderr
2023-12-12T09:50:22.002+0000 7fdd91d9b700 1 -- 172.21.15.42:0/1300455683 <== mon.0 v2:172.21.15.42:3300/0 2 ==== config(26 keys) v1 ==== 1105+0+0 (secure 0 0 0) 0x7fdd840042c0 con 0x7fdd9407ce30
2023-12-12T09:50:29.121 INFO:teuthology.orchestra.run.smithi042.stdout:/usr/bin/ceph: stderr
2023-12-12T09:50:22.002+0000 7fdd91d9b700 1 -- 172.21.15.42:0/1300455683 <== mon.0 v2:172.21.15.42:3300/0 3 ==== mon_map magic: 0 v1 ==== 205+0+0 (secure 0 0 0) 0x7fdd840119b0 con 0x7fdd9407ce30
2023-12-12T09:50:29.121 INFO:teuthology.orchestra.run.smithi042.stdout:/usr/bin/ceph: stderr
2023-12-12T09:50:22.003+0000 7fdd990ba700 1 -- 172.21.15.42:0/1300455683 >> [v2:172.21.15.42:3300/0,v1:172.21.15.42:6789/0] conn(0x7fdd9407ce30 msgr2=0x7fdd9407b290 secure :-1 s=STATE_CONNECTION_ESTABLISHED l=1).mark_down
2023-12-12T09:50:29.121 INFO:teuthology.orchestra.run.smithi042.stdout:/usr/bin/ceph: stderr
2023-12-12T09:50:22.003+0000 7fdd990ba700 1 --2- 172.21.15.42:0/1300455683 >> [v2:172.21.15.42:3300/0,v1:172.21.15.42:6789/0] conn(0x7fdd9407ce30 0x7fdd9407b290 secure :-1 s=READY pgs=61 cs=0 l=1 rev1=1 crypto rx=0x7fdd840098a0 tx=0x7fdd84009bb0 comp rx=0 tx=0).stop
2023-12-12T09:50:29.121 INFO:teuthology.orchestra.run.smithi042.stdout:/usr/bin/ceph: stderr
2023-12-12T09:50:22.003+0000 7fdd990ba700 1 -- 172.21.15.42:0/1300455683 shutdown_connections
2023-12-12T09:50:29.121 INFO:teuthology.orchestra.run.smithi042.stdout:/usr/bin/ceph: stderr
2023-12-12T09:50:22.003+0000 7fdd990ba700 1 --2- 172.21.15.42:0/1300455683 >> [v2:172.21.15.42:3300/0,v1:172.21.15.42:6789/0] conn(0x7fdd9407ce30 0x7fdd9407b290 unknown :-1 s=CLOSED pgs=61 cs=0 l=1 rev1=1 crypto rx=0 tx=0 comp rx=0 tx=0).stop
2023-12-12T09:50:29.121 INFO:teuthology.orchestra.run.smithi042.stdout:/usr/bin/ceph: stderr
2023-12-12T09:50:22.003+0000 7fdd990ba700 1 -- 172.21.15.42:0/1300455683 >> 172.21.15.42:0/1300455683 conn(0x7fdd941022e0 msgr2=0x7fdd94104720 unknown :-1 s=STATE_NONE l=0).mark_down
2023-12-12T09:50:29.121 INFO:teuthology.orchestra.run.smithi042.stdout:/usr/bin/ceph: stderr
2023-12-12T09:50:22.003+0000 7fdd990ba700 1 -- 172.21.15.42:0/1300455683 shutdown_connections
2023-12-12T09:50:29.121 INFO:teuthology.orchestra.run.smithi042.stdout:/usr/bin/ceph: stderr
2023-12-12T09:50:22.003+0000 7fdd990ba700 1 -- 172.21.15.42:0/1300455683 wait complete.
2023-12-12T09:50:29.121 INFO:teuthology.orchestra.run.smithi042.stdout:/usr/bin/ceph: stderr
2023-12-12T09:50:22.004+0000 7fdd990ba700 1 Processor -- start
2023-12-12T09:50:29.121 INFO:teuthology.orchestra.run.smithi042.stdout:/usr/bin/ceph: stderr
2023-12-12T09:50:22.004+0000 7fdd990ba700 1 -- start start
2023-12-12T09:50:29.122 INFO:teuthology.orchestra.run.smithi042.stdout:/usr/bin/ceph: stderr
2023-12-12T09:50:22.004+0000 7fdd990ba700 1 --2- >> [v2:172.21.15.42:3300/0,v1:172.21.15.42:6789/0] conn(0x7fdd9407ce30 0x7fdd9419cc00 unknown :-1 s=NONE pgs=0 cs=0 l=1 rev1=0 crypto rx=0 tx=0 comp rx=0 tx=0).connect
2023-12-12T09:50:29.122 INFO:teuthology.orchestra.run.smithi042.stdout:/usr/bin/ceph: stderr
2023-12-12T09:50:22.004+0000 7fdd990ba700 1 -- --> [v2:172.21.15.42:3300/0,v1:172.21.15.42:6789/0] -- mon_getmap magic: 0 v1 -- 0x7fdd9419d140 con 0x7fdd9407ce30
2023-12-12T09:50:29.122 INFO:teuthology.orchestra.run.smithi042.stdout:/usr/bin/ceph: stderr
2023-12-12T09:50:22.004+0000 7fdd92d9d700 1 --2- >> [v2:172.21.15.42:3300/0,v1:172.21.15.42:6789/0] conn(0x7fdd9407ce30 0x7fdd9419cc00 unknown :-1 s=BANNER_CONNECTING pgs=0 cs=0 l=1 rev1=0 crypto rx=0 tx=0 comp rx=0 tx=0)._handle_peer_banner_payload supported=3 required=0
2023-12-12T09:50:29.122 INFO:teuthology.orchestra.run.smithi042.stdout:/usr/bin/ceph: stderr
2023-12-12T09:50:22.004+0000 7fdd92d9d700 1 --2- >> [v2:172.21.15.42:3300/0,v1:172.21.15.42:6789/0] conn(0x7fdd9407ce30 0x7fdd9419cc00 unknown :-1 s=HELLO_CONNECTING pgs=0 cs=0 l=1 rev1=1 crypto rx=0 tx=0 comp rx=0 tx=0).handle_hello peer v2:172.21.15.42:3300/0 says I am v2:172.21.15.42:60556/0 (socket says 172.21.15.42:60556)
2023-12-12T09:50:29.122 INFO:teuthology.orchestra.run.smithi042.stdout:/usr/bin/ceph: stderr
2023-12-12T09:50:22.004+0000 7fdd92d9d700 1 -- 172.21.15.42:0/3860152919 learned_addr learned my addr 172.21.15.42:0/3860152919 (peer_addr_for_me v2:172.21.15.42:0/0)
2023-12-12T09:50:29.122 INFO:teuthology.orchestra.run.smithi042.stdout:/usr/bin/ceph: stderr
2023-12-12T09:50:22.004+0000 7fdd92d9d700 1 -- 172.21.15.42:0/3860152919 --> [v2:172.21.15.42:3300/0,v1:172.21.15.42:6789/0] -- mon_subscribe({config=0+,monmap=0+}) v3 -- 0x7fdd84009550 con 0x7fdd9407ce30
2023-12-12T09:50:29.122 INFO:teuthology.orchestra.run.smithi042.stdout:/usr/bin/ceph: stderr
2023-12-12T09:50:22.005+0000 7fdd92d9d700 1 --2- 172.21.15.42:0/3860152919 >> [v2:172.21.15.42:3300/0,v1:172.21.15.42:6789/0] conn(0x7fdd9407ce30 0x7fdd9419cc00 secure :-1 s=READY pgs=62 cs=0 l=1 rev1=1 crypto rx=0x7fdd84011670 tx=0x7fdd84011a30 comp rx=0 tx=0).ready entity=mon.0 client_cookie=0 server_cookie=0 in_seq=0 out_seq=0
2023-12-12T09:50:29.122 INFO:teuthology.orchestra.run.smithi042.stdout:/usr/bin/ceph: stderr
2023-12-12T09:50:22.005+0000 7fdd7bfff700 1 -- 172.21.15.42:0/3860152919 <== mon.0 v2:172.21.15.42:3300/0 1 ==== mon_map magic: 0 v1 ==== 205+0+0 (secure 0 0 0) 0x7fdd84003b20 con 0x7fdd9407ce30
2023-12-12T09:50:29.122 INFO:teuthology.orchestra.run.smithi042.stdout:/usr/bin/ceph: stderr
2023-12-12T09:50:22.005+0000 7fdd7bfff700 1 -- 172.21.15.42:0/3860152919 <== mon.0 v2:172.21.15.42:3300/0 2 ==== config(26 keys) v1 ==== 1105+0+0 (secure 0 0 0) 0x7fdd84003c80 con 0x7fdd9407ce30
2023-12-12T09:50:29.122 INFO:teuthology.orchestra.run.smithi042.stdout:/usr/bin/ceph: stderr
2023-12-12T09:50:22.005+0000 7fdd990ba700 1 -- 172.21.15.42:0/3860152919 --> [v2:172.21.15.42:3300/0,v1:172.21.15.42:6789/0] -- mon_subscribe({mgrmap=0+}) v3 -- 0x7fdd9419d340 con 0x7fdd9407ce30
2023-12-12T09:50:29.122 INFO:teuthology.orchestra.run.smithi042.stdout:/usr/bin/ceph: stderr
2023-12-12T09:50:22.005+0000 7fdd7bfff700 1 -- 172.21.15.42:0/3860152919 <== mon.0 v2:172.21.15.42:3300/0 3 ==== mon_map magic: 0 v1 ==== 205+0+0 (secure 0 0 0) 0x7fdd84019770 con 0x7fdd9407ce30
2023-12-12T09:50:29.122 INFO:teuthology.orchestra.run.smithi042.stdout:/usr/bin/ceph: stderr
2023-12-12T09:50:22.005+0000 7fdd990ba700 1 -- 172.21.15.42:0/3860152919 --> [v2:172.21.15.42:3300/0,v1:172.21.15.42:6789/0] -- mon_subscribe({osdmap=0}) v3 -- 0x7fdd9419d7e0 con 0x7fdd9407ce30
2023-12-12T09:50:29.122 INFO:teuthology.orchestra.run.smithi042.stdout:/usr/bin/ceph: stderr
2023-12-12T09:50:22.006+0000 7fdd7bfff700 1 -- 172.21.15.42:0/3860152919 <== mon.0 v2:172.21.15.42:3300/0 4 ==== mgrmap(e 9) v1 ==== 45593+0+0 (secure 0 0 0) 0x7fdd84019a30 con 0x7fdd9407ce30
2023-12-12T09:50:29.122 INFO:teuthology.orchestra.run.smithi042.stdout:/usr/bin/ceph: stderr
2023-12-12T09:50:22.006+0000 7fdd7bfff700 1 --2- 172.21.15.42:0/3860152919 >> [v2:172.21.15.42:6800/1525180467,v1:172.21.15.42:6801/1525180467] conn(0x7fdd7c038870 0x7fdd7c03ad30 unknown :-1 s=NONE pgs=0 cs=0 l=1 rev1=0 crypto rx=0 tx=0 comp rx=0 tx=0).connect
2023-12-12T09:50:29.122 INFO:teuthology.orchestra.run.smithi042.stdout:/usr/bin/ceph: stderr
2023-12-12T09:50:22.006+0000 7fdd990ba700 1 -- 172.21.15.42:0/3860152919 --> [v2:172.21.15.42:6800/1525180467,v1:172.21.15.42:6801/1525180467] -- command(tid 0: {"prefix": "get_command_descriptions"}) v1 -- 0x7fdd9410d180 con 0x7fdd7c038870
2023-12-12T09:50:29.123 INFO:teuthology.orchestra.run.smithi042.stdout:/usr/bin/ceph: stderr
2023-12-12T09:50:22.006+0000 7fdd7bfff700 1 -- 172.21.15.42:0/3860152919 <== mon.0 v2:172.21.15.42:3300/0 5 ==== osd_map(2..2 src has 1..2) v4 ==== 940+0+0 (secure 0 0 0) 0x7fdd8404daa0 con 0x7fdd9407ce30
2023-12-12T09:50:29.123 INFO:teuthology.orchestra.run.smithi042.stdout:/usr/bin/ceph: stderr
2023-12-12T09:50:22.006+0000 7fdd9259c700 1 -- 172.21.15.42:0/3860152919 >> [v2:172.21.15.42:6800/1525180467,v1:172.21.15.42:6801/1525180467] conn(0x7fdd7c038870 msgr2=0x7fdd7c03ad30 unknown :-1 s=STATE_CONNECTING_RE l=1).process reconnect failed to v2:172.21.15.42:6800/1525180467
2023-12-12T09:50:29.123 INFO:teuthology.orchestra.run.smithi042.stdout:/usr/bin/ceph: stderr
2023-12-12T09:50:22.006+0000 7fdd9259c700 1 --2- 172.21.15.42:0/3860152919 >> [v2:172.21.15.42:6800/1525180467,v1:172.21.15.42:6801/1525180467] conn(0x7fdd7c038870 0x7fdd7c03ad30 unknown :-1 s=START_CONNECT pgs=0 cs=0 l=1 rev1=0 crypto rx=0 tx=0 comp rx=0 tx=0)._fault waiting 0.200000
2023-12-12T09:50:29.123 INFO:teuthology.orchestra.run.smithi042.stdout:/usr/bin/ceph: stderr
2023-12-12T09:50:22.207+0000 7fdd9259c700 1 -- 172.21.15.42:0/3860152919 >> [v2:172.21.15.42:6800/1525180467,v1:172.21.15.42:6801/1525180467] conn(0x7fdd7c038870 msgr2=0x7fdd7c03ad30 unknown :-1 s=STATE_CONNECTING_RE l=1).process reconnect failed to v2:172.21.15.42:6800/1525180467
2023-12-12T09:50:29.123 INFO:teuthology.orchestra.run.smithi042.stdout:/usr/bin/ceph: stderr
2023-12-12T09:50:22.207+0000 7fdd9259c700 1 --2- 172.21.15.42:0/3860152919 >> [v2:172.21.15.42:6800/1525180467,v1:172.21.15.42:6801/1525180467] conn(0x7fdd7c038870 0x7fdd7c03ad30 unknown :-1 s=START_CONNECT pgs=0 cs=0 l=1 rev1=0 crypto rx=0 tx=0 comp rx=0 tx=0)._fault waiting 0.400000
2023-12-12T09:50:29.123 INFO:teuthology.orchestra.run.smithi042.stdout:/usr/bin/ceph: stderr
2023-12-12T09:50:22.608+0000 7fdd9259c700 1 -- 172.21.15.42:0/3860152919 >> [v2:172.21.15.42:6800/1525180467,v1:172.21.15.42:6801/1525180467] conn(0x7fdd7c038870 msgr2=0x7fdd7c03ad30 unknown :-1 s=STATE_CONNECTING_RE l=1).process reconnect failed to v2:172.21.15.42:6800/1525180467
2023-12-12T09:50:29.123 INFO:teuthology.orchestra.run.smithi042.stdout:/usr/bin/ceph: stderr
2023-12-12T09:50:22.608+0000 7fdd9259c700 1 --2- 172.21.15.42:0/3860152919 >> [v2:172.21.15.42:6800/1525180467,v1:172.21.15.42:6801/1525180467] conn(0x7fdd7c038870 0x7fdd7c03ad30 unknown :-1 s=START_CONNECT pgs=0 cs=0 l=1 rev1=0 crypto rx=0 tx=0 comp rx=0 tx=0)._fault waiting 0.800000
2023-12-12T09:50:29.123 INFO:teuthology.orchestra.run.smithi042.stdout:/usr/bin/ceph: stderr
2023-12-12T09:50:23.409+0000 7fdd9259c700 1 -- 172.21.15.42:0/3860152919 >> [v2:172.21.15.42:6800/1525180467,v1:172.21.15.42:6801/1525180467] conn(0x7fdd7c038870 msgr2=0x7fdd7c03ad30 unknown :-1 s=STATE_CONNECTING_RE l=1).process reconnect failed to v2:172.21.15.42:6800/1525180467
2023-12-12T09:50:29.123 INFO:teuthology.orchestra.run.smithi042.stdout:/usr/bin/ceph: stderr
2023-12-12T09:50:23.409+0000 7fdd9259c700 1 --2- 172.21.15.42:0/3860152919 >> [v2:172.21.15.42:6800/1525180467,v1:172.21.15.42:6801/1525180467] conn(0x7fdd7c038870 0x7fdd7c03ad30 unknown :-1 s=START_CONNECT pgs=0 cs=0 l=1 rev1=0 crypto rx=0 tx=0 comp rx=0 tx=0)._fault waiting 1.600000
2023-12-12T09:50:29.123 INFO:teuthology.orchestra.run.smithi042.stdout:/usr/bin/ceph: stderr
2023-12-12T09:50:25.010+0000 7fdd9259c700 1 -- 172.21.15.42:0/3860152919 >> [v2:172.21.15.42:6800/1525180467,v1:172.21.15.42:6801/1525180467] conn(0x7fdd7c038870 msgr2=0x7fdd7c03ad30 unknown :-1 s=STATE_CONNECTING_RE l=1).process reconnect failed to v2:172.21.15.42:6800/1525180467
2023-12-12T09:50:29.123 INFO:teuthology.orchestra.run.smithi042.stdout:/usr/bin/ceph: stderr
2023-12-12T09:50:25.010+0000 7fdd9259c700 1 --2- 172.21.15.42:0/3860152919 >> [v2:172.21.15.42:6800/1525180467,v1:172.21.15.42:6801/1525180467] conn(0x7fdd7c038870 0x7fdd7c03ad30 unknown :-1 s=START_CONNECT pgs=0 cs=0 l=1 rev1=0 crypto rx=0 tx=0 comp rx=0 tx=0)._fault waiting 3.200000
2023-12-12T09:50:29.123 INFO:teuthology.orchestra.run.smithi042.stdout:/usr/bin/ceph: stderr
2023-12-12T09:50:27.728+0000 7fdd7bfff700 1 -- 172.21.15.42:0/3860152919 <== mon.0 v2:172.21.15.42:3300/0 6 ==== mgrmap(e 10) v1 ==== 45360+0+0 (secure 0 0 0) 0x7fdd8400b9a0 con 0x7fdd9407ce30
2023-12-12T09:50:29.123 INFO:teuthology.orchestra.run.smithi042.stdout:/usr/bin/ceph: stderr
2023-12-12T09:50:27.728+0000 7fdd7bfff700 1 -- 172.21.15.42:0/3860152919 >> [v2:172.21.15.42:6800/1525180467,v1:172.21.15.42:6801/1525180467] conn(0x7fdd7c038870 msgr2=0x7fdd7c03ad30 unknown :-1 s=STATE_CONNECTING l=1).mark_down
2023-12-12T09:50:29.123 INFO:teuthology.orchestra.run.smithi042.stdout:/usr/bin/ceph: stderr
