2023-12-12T12:51:49.578 INFO:teuthology.orchestra.run.smithi038.stdout:/usr/bin/ceph: stderr
2023-12-12T12:51:49.247+0000 7fe6ba920700 1 -- 172.21.15.38:0/428172615 shutdown_connections
2023-12-12T12:51:49.578 INFO:teuthology.orchestra.run.smithi038.stdout:/usr/bin/ceph: stderr
2023-12-12T12:51:49.248+0000 7fe6ba920700 1 -- 172.21.15.38:0/428172615 wait complete.
2023-12-12T12:51:49.578 INFO:teuthology.orchestra.run.smithi038.stdout:Enabling the dashboard module...
2023-12-12T12:51:50.678 INFO:journalctl@ceph.mon.smithi038.smithi038.stdout:Dec 12 12:51:50 smithi038 ceph-mon[107133]: from='client.? 172.21.15.38:0/428172615' entity='client.admin'
2023-12-12T12:51:51.554 INFO:journalctl@ceph.mon.smithi038.smithi038.stdout:Dec 12 12:51:51 smithi038 ceph-mon[107133]: from='client.? 172.21.15.38:0/449895719' entity='client.admin' cmd=[{"prefix": "mgr module enable", "module": "dashboard"}]: dispatch
2023-12-12T12:51:51.571 INFO:teuthology.orchestra.run.smithi038.stdout:/usr/bin/ceph: stderr
2023-12-12T12:51:49.983+0000 7ff0a1529700 1 Processor -- start
2023-12-12T12:51:51.576 INFO:teuthology.orchestra.run.smithi038.stdout:/usr/bin/ceph: stderr
2023-12-12T12:51:49.983+0000 7ff0a1529700 1 -- start start
2023-12-12T12:51:51.577 INFO:teuthology.orchestra.run.smithi038.stdout:/usr/bin/ceph: stderr
2023-12-12T12:51:49.983+0000 7ff0a1529700 1 --2- >> [v2:172.21.15.38:3300/0,v1:172.21.15.38:6789/0] conn(0x7ff09c1022d0 0x7ff09c1026e0 unknown :-1 s=NONE pgs=0 cs=0 l=0 rev1=0 crypto rx=0 tx=0 comp rx=0 tx=0).connect
2023-12-12T12:51:51.577 INFO:teuthology.orchestra.run.smithi038.stdout:/usr/bin/ceph: stderr
2023-12-12T12:51:49.983+0000 7ff0a1529700 1 -- --> [v2:172.21.15.38:3300/0,v1:172.21.15.38:6789/0] -- mon_getmap magic: 0 v1 -- 0x7ff09c102c20 con 0x7ff09c1022d0
2023-12-12T12:51:51.577 INFO:teuthology.orchestra.run.smithi038.stdout:/usr/bin/ceph: stderr
2023-12-12T12:51:49.984+0000 7ff09affd700 1 --2- >> [v2:172.21.15.38:3300/0,v1:172.21.15.38:6789/0] conn(0x7ff09c1022d0 0x7ff09c1026e0 unknown :-1 s=BANNER_CONNECTING pgs=0 cs=0 l=0 rev1=0 crypto rx=0 tx=0 comp rx=0 tx=0)._handle_peer_banner_payload supported=3 required=0
2023-12-12T12:51:51.577 INFO:teuthology.orchestra.run.smithi038.stdout:/usr/bin/ceph: stderr
2023-12-12T12:51:49.984+0000 7ff09affd700 1 --2- >> [v2:172.21.15.38:3300/0,v1:172.21.15.38:6789/0] conn(0x7ff09c1022d0 0x7ff09c1026e0 unknown :-1 s=HELLO_CONNECTING pgs=0 cs=0 l=0 rev1=1 crypto rx=0 tx=0 comp rx=0 tx=0).handle_hello peer v2:172.21.15.38:3300/0 says I am v2:172.21.15.38:34730/0 (socket says 172.21.15.38:34730)
2023-12-12T12:51:51.577 INFO:teuthology.orchestra.run.smithi038.stdout:/usr/bin/ceph: stderr
2023-12-12T12:51:49.984+0000 7ff09affd700 1 -- 172.21.15.38:0/1660717778 learned_addr learned my addr 172.21.15.38:0/1660717778 (peer_addr_for_me v2:172.21.15.38:0/0)
2023-12-12T12:51:51.577 INFO:teuthology.orchestra.run.smithi038.stdout:/usr/bin/ceph: stderr
2023-12-12T12:51:49.984+0000 7ff09affd700 1 -- 172.21.15.38:0/1660717778 --> [v2:172.21.15.38:3300/0,v1:172.21.15.38:6789/0] -- mon_subscribe({config=0+,monmap=0+}) v3 -- 0x7ff09c102d60 con 0x7ff09c1022d0
2023-12-12T12:51:51.577 INFO:teuthology.orchestra.run.smithi038.stdout:/usr/bin/ceph: stderr
2023-12-12T12:51:49.984+0000 7ff09affd700 1 --2- 172.21.15.38:0/1660717778 >> [v2:172.21.15.38:3300/0,v1:172.21.15.38:6789/0] conn(0x7ff09c1022d0 0x7ff09c1026e0 secure :-1 s=READY pgs=67 cs=0 l=1 rev1=1 crypto rx=0x7ff08c0098e0 tx=0x7ff08c009250 comp rx=0 tx=0).ready entity=mon.0 client_cookie=a5bf31f1bfd5bb83 server_cookie=0 in_seq=0 out_seq=0
2023-12-12T12:51:51.577 INFO:teuthology.orchestra.run.smithi038.stdout:/usr/bin/ceph: stderr
2023-12-12T12:51:49.985+0000 7ff099ffb700 1 -- 172.21.15.38:0/1660717778 <== mon.0 v2:172.21.15.38:3300/0 1 ==== mon_map magic: 0 v1 ==== 229+0+0 (secure 0 0 0) 0x7ff08c00b860 con 0x7ff09c1022d0
2023-12-12T12:51:51.577 INFO:teuthology.orchestra.run.smithi038.stdout:/usr/bin/ceph: stderr
2023-12-12T12:51:49.985+0000 7ff099ffb700 1 -- 172.21.15.38:0/1660717778 <== mon.0 v2:172.21.15.38:3300/0 2 ==== config(26 keys) v1 ==== 1074+0+0 (secure 0 0 0) 0x7ff08c00be70 con 0x7ff09c1022d0
2023-12-12T12:51:51.577 INFO:teuthology.orchestra.run.smithi038.stdout:/usr/bin/ceph: stderr
2023-12-12T12:51:49.985+0000 7ff099ffb700 1 -- 172.21.15.38:0/1660717778 <== mon.0 v2:172.21.15.38:3300/0 3 ==== mon_map magic: 0 v1 ==== 229+0+0 (secure 0 0 0) 0x7ff08c010380 con 0x7ff09c1022d0
2023-12-12T12:51:51.577 INFO:teuthology.orchestra.run.smithi038.stdout:/usr/bin/ceph: stderr
2023-12-12T12:51:49.985+0000 7ff0a1529700 1 -- 172.21.15.38:0/1660717778 >> [v2:172.21.15.38:3300/0,v1:172.21.15.38:6789/0] conn(0x7ff09c1022d0 msgr2=0x7ff09c1026e0 secure :-1 s=STATE_CONNECTION_ESTABLISHED l=1).mark_down
2023-12-12T12:51:51.577 INFO:teuthology.orchestra.run.smithi038.stdout:/usr/bin/ceph: stderr
2023-12-12T12:51:49.985+0000 7ff0a1529700 1 --2- 172.21.15.38:0/1660717778 >> [v2:172.21.15.38:3300/0,v1:172.21.15.38:6789/0] conn(0x7ff09c1022d0 0x7ff09c1026e0 secure :-1 s=READY pgs=67 cs=0 l=1 rev1=1 crypto rx=0x7ff08c0098e0 tx=0x7ff08c009250 comp rx=0 tx=0).stop
2023-12-12T12:51:51.577 INFO:teuthology.orchestra.run.smithi038.stdout:/usr/bin/ceph: stderr
2023-12-12T12:51:49.985+0000 7ff0a1529700 1 -- 172.21.15.38:0/1660717778 shutdown_connections
2023-12-12T12:51:51.577 INFO:teuthology.orchestra.run.smithi038.stdout:/usr/bin/ceph: stderr
2023-12-12T12:51:49.985+0000 7ff0a1529700 1 --2- 172.21.15.38:0/1660717778 >> [v2:172.21.15.38:3300/0,v1:172.21.15.38:6789/0] conn(0x7ff09c1022d0 0x7ff09c1026e0 unknown :-1 s=CLOSED pgs=67 cs=0 l=1 rev1=1 crypto rx=0 tx=0 comp rx=0 tx=0).stop
2023-12-12T12:51:51.577 INFO:teuthology.orchestra.run.smithi038.stdout:/usr/bin/ceph: stderr
2023-12-12T12:51:49.985+0000 7ff0a1529700 1 -- 172.21.15.38:0/1660717778 >> 172.21.15.38:0/1660717778 conn(0x7ff09c0fda50 msgr2=0x7ff09c0ffe60 unknown :-1 s=STATE_NONE l=0).mark_down
2023-12-12T12:51:51.578 INFO:teuthology.orchestra.run.smithi038.stdout:/usr/bin/ceph: stderr
2023-12-12T12:51:49.985+0000 7ff0a1529700 1 -- 172.21.15.38:0/1660717778 shutdown_connections
2023-12-12T12:51:51.578 INFO:teuthology.orchestra.run.smithi038.stdout:/usr/bin/ceph: stderr
2023-12-12T12:51:49.986+0000 7ff0a1529700 1 -- 172.21.15.38:0/1660717778 wait complete.
2023-12-12T12:51:51.578 INFO:teuthology.orchestra.run.smithi038.stdout:/usr/bin/ceph: stderr
2023-12-12T12:51:49.986+0000 7ff0a1529700 1 Processor -- start
2023-12-12T12:51:51.578 INFO:teuthology.orchestra.run.smithi038.stdout:/usr/bin/ceph: stderr
2023-12-12T12:51:49.986+0000 7ff0a1529700 1 -- start start
2023-12-12T12:51:51.578 INFO:teuthology.orchestra.run.smithi038.stdout:/usr/bin/ceph: stderr
2023-12-12T12:51:49.987+0000 7ff0a1529700 1 --2- >> [v2:172.21.15.38:3300/0,v1:172.21.15.38:6789/0] conn(0x7ff09c1022d0 0x7ff09c077c00 unknown :-1 s=NONE pgs=0 cs=0 l=1 rev1=0 crypto rx=0 tx=0 comp rx=0 tx=0).connect
2023-12-12T12:51:51.578 INFO:teuthology.orchestra.run.smithi038.stdout:/usr/bin/ceph: stderr
2023-12-12T12:51:49.987+0000 7ff0a1529700 1 -- --> [v2:172.21.15.38:3300/0,v1:172.21.15.38:6789/0] -- mon_getmap magic: 0 v1 -- 0x7ff09c076080 con 0x7ff09c1022d0
2023-12-12T12:51:51.578 INFO:teuthology.orchestra.run.smithi038.stdout:/usr/bin/ceph: stderr
2023-12-12T12:51:49.987+0000 7ff09affd700 1 --2- >> [v2:172.21.15.38:3300/0,v1:172.21.15.38:6789/0] conn(0x7ff09c1022d0 0x7ff09c077c00 unknown :-1 s=BANNER_CONNECTING pgs=0 cs=0 l=1 rev1=0 crypto rx=0 tx=0 comp rx=0 tx=0)._handle_peer_banner_payload supported=3 required=0
2023-12-12T12:51:51.578 INFO:teuthology.orchestra.run.smithi038.stdout:/usr/bin/ceph: stderr
2023-12-12T12:51:49.987+0000 7ff09affd700 1 --2- >> [v2:172.21.15.38:3300/0,v1:172.21.15.38:6789/0] conn(0x7ff09c1022d0 0x7ff09c077c00 unknown :-1 s=HELLO_CONNECTING pgs=0 cs=0 l=1 rev1=1 crypto rx=0 tx=0 comp rx=0 tx=0).handle_hello peer v2:172.21.15.38:3300/0 says I am v2:172.21.15.38:34744/0 (socket says 172.21.15.38:34744)
2023-12-12T12:51:51.578 INFO:teuthology.orchestra.run.smithi038.stdout:/usr/bin/ceph: stderr
2023-12-12T12:51:49.987+0000 7ff09affd700 1 -- 172.21.15.38:0/449895719 learned_addr learned my addr 172.21.15.38:0/449895719 (peer_addr_for_me v2:172.21.15.38:0/0)
2023-12-12T12:51:51.578 INFO:teuthology.orchestra.run.smithi038.stdout:/usr/bin/ceph: stderr
2023-12-12T12:51:49.987+0000 7ff09affd700 1 -- 172.21.15.38:0/449895719 --> [v2:172.21.15.38:3300/0,v1:172.21.15.38:6789/0] -- mon_subscribe({config=0+,monmap=0+}) v3 -- 0x7ff08c0094f0 con 0x7ff09c1022d0
2023-12-12T12:51:51.578 INFO:teuthology.orchestra.run.smithi038.stdout:/usr/bin/ceph: stderr
2023-12-12T12:51:49.988+0000 7ff09affd700 1 --2- 172.21.15.38:0/449895719 >> [v2:172.21.15.38:3300/0,v1:172.21.15.38:6789/0] conn(0x7ff09c1022d0 0x7ff09c077c00 secure :-1 s=READY pgs=68 cs=0 l=1 rev1=1 crypto rx=0x7ff08c011b60 tx=0x7ff08c009250 comp rx=0 tx=0).ready entity=mon.0 client_cookie=0 server_cookie=0 in_seq=0 out_seq=0
2023-12-12T12:51:51.578 INFO:teuthology.orchestra.run.smithi038.stdout:/usr/bin/ceph: stderr
2023-12-12T12:51:49.988+0000 7ff0837fe700 1 -- 172.21.15.38:0/449895719 <== mon.0 v2:172.21.15.38:3300/0 1 ==== mon_map magic: 0 v1 ==== 229+0+0 (secure 0 0 0) 0x7ff08c010850 con 0x7ff09c1022d0
2023-12-12T12:51:51.578 INFO:teuthology.orchestra.run.smithi038.stdout:/usr/bin/ceph: stderr
2023-12-12T12:51:49.988+0000 7ff0837fe700 1 -- 172.21.15.38:0/449895719 <== mon.0 v2:172.21.15.38:3300/0 2 ==== config(26 keys) v1 ==== 1074+0+0 (secure 0 0 0) 0x7ff08c010e60 con 0x7ff09c1022d0
2023-12-12T12:51:51.578 INFO:teuthology.orchestra.run.smithi038.stdout:/usr/bin/ceph: stderr
2023-12-12T12:51:49.988+0000 7ff0837fe700 1 -- 172.21.15.38:0/449895719 <== mon.0 v2:172.21.15.38:3300/0 3 ==== mon_map magic: 0 v1 ==== 229+0+0 (secure 0 0 0) 0x7ff08c01ae20 con 0x7ff09c1022d0
2023-12-12T12:51:51.579 INFO:teuthology.orchestra.run.smithi038.stdout:/usr/bin/ceph: stderr
2023-12-12T12:51:49.988+0000 7ff0a1529700 1 -- 172.21.15.38:0/449895719 --> [v2:172.21.15.38:3300/0,v1:172.21.15.38:6789/0] -- mon_subscribe({mgrmap=0+}) v3 -- 0x7ff09c076280 con 0x7ff09c1022d0
2023-12-12T12:51:51.579 INFO:teuthology.orchestra.run.smithi038.stdout:/usr/bin/ceph: stderr
2023-12-12T12:51:49.988+0000 7ff0a1529700 1 -- 172.21.15.38:0/449895719 --> [v2:172.21.15.38:3300/0,v1:172.21.15.38:6789/0] -- mon_subscribe({osdmap=0}) v3 -- 0x7ff09c076690 con 0x7ff09c1022d0
2023-12-12T12:51:51.579 INFO:teuthology.orchestra.run.smithi038.stdout:/usr/bin/ceph: stderr
2023-12-12T12:51:49.989+0000 7ff0837fe700 1 -- 172.21.15.38:0/449895719 <== mon.0 v2:172.21.15.38:3300/0 4 ==== mgrmap(e 8) v1 ==== 43281+0+0 (secure 0 0 0) 0x7ff08c0109b0 con 0x7ff09c1022d0
2023-12-12T12:51:51.579 INFO:teuthology.orchestra.run.smithi038.stdout:/usr/bin/ceph: stderr
2023-12-12T12:51:49.989+0000 7ff0a1529700 1 -- 172.21.15.38:0/449895719 --> [v2:172.21.15.38:3300/0,v1:172.21.15.38:6789/0] -- mon_command({"prefix": "get_command_descriptions"} v 0) v1 -- 0x7ff09c04bb80 con 0x7ff09c1022d0
2023-12-12T12:51:51.579 INFO:teuthology.orchestra.run.smithi038.stdout:/usr/bin/ceph: stderr
2023-12-12T12:51:49.989+0000 7ff0837fe700 1 --2- 172.21.15.38:0/449895719 >> [v2:172.21.15.38:6800/1931877590,v1:172.21.15.38:6801/1931877590] conn(0x7ff084036640 0x7ff084038af0 unknown :-1 s=NONE pgs=0 cs=0 l=1 rev1=0 crypto rx=0 tx=0 comp rx=0 tx=0).connect
2023-12-12T12:51:51.579 INFO:teuthology.orchestra.run.smithi038.stdout:/usr/bin/ceph: stderr
2023-12-12T12:51:49.990+0000 7ff0837fe700 1 -- 172.21.15.38:0/449895719 <== mon.0 v2:172.21.15.38:3300/0 5 ==== osd_map(2..2 src has 1..2) v4 ==== 936+0+0 (secure 0 0 0) 0x7ff08c04a1c0 con 0x7ff09c1022d0
2023-12-12T12:51:51.579 INFO:teuthology.orchestra.run.smithi038.stdout:/usr/bin/ceph: stderr
2023-12-12T12:51:49.990+0000 7ff09a7fc700 1 --2- 172.21.15.38:0/449895719 >> [v2:172.21.15.38:6800/1931877590,v1:172.21.15.38:6801/1931877590] conn(0x7ff084036640 0x7ff084038af0 unknown :-1 s=BANNER_CONNECTING pgs=0 cs=0 l=1 rev1=0 crypto rx=0 tx=0 comp rx=0 tx=0)._handle_peer_banner_payload supported=3 required=0
2023-12-12T12:51:51.579 INFO:teuthology.orchestra.run.smithi038.stdout:/usr/bin/ceph: stderr
2023-12-12T12:51:49.990+0000 7ff09a7fc700 1 --2- 172.21.15.38:0/449895719 >> [v2:172.21.15.38:6800/1931877590,v1:172.21.15.38:6801/1931877590] conn(0x7ff084036640 0x7ff084038af0 secure :-1 s=READY pgs=21 cs=0 l=1 rev1=1 crypto rx=0x7ff090009990 tx=0x7ff090006e40 comp rx=0 tx=0).ready entity=mgr.14122 client_cookie=0 server_cookie=0 in_seq=0 out_seq=0
2023-12-12T12:51:51.579 INFO:teuthology.orchestra.run.smithi038.stdout:/usr/bin/ceph: stderr
2023-12-12T12:51:49.994+0000 7ff0837fe700 1 -- 172.21.15.38:0/449895719 <== mon.0 v2:172.21.15.38:3300/0 6 ==== mon_command_ack([{"prefix": "get_command_descriptions"}]=0 v0) v1 ==== 72+0+174570 (secure 0 0 0) 0x7ff08c02b670 con 0x7ff09c1022d0
2023-12-12T12:51:51.579 INFO:teuthology.orchestra.run.smithi038.stdout:/usr/bin/ceph: stderr
2023-12-12T12:51:50.251+0000 7ff0a1529700 1 -- 172.21.15.38:0/449895719 --> [v2:172.21.15.38:3300/0,v1:172.21.15.38:6789/0] -- mon_command({"prefix": "mgr module enable", "module": "dashboard"} v 0) v1 -- 0x7ff09c1040b0 con 0x7ff09c1022d0
2023-12-12T12:51:51.579 INFO:teuthology.orchestra.run.smithi038.stdout:/usr/bin/ceph: stderr
2023-12-12T12:51:51.258+0000 7ff0837fe700 1 -- 172.21.15.38:0/449895719 <== mon.0 v2:172.21.15.38:3300/0 7 ==== mgrmap(e 9) v1 ==== 43294+0+0 (secure 0 0 0) 0x7ff08c02d770 con 0x7ff09c1022d0
2023-12-12T12:51:51.579 INFO:teuthology.orchestra.run.smithi038.stdout:/usr/bin/ceph: stderr
2023-12-12T12:51:51.260+0000 7ff0837fe700 1 -- 172.21.15.38:0/449895719 <== mon.0 v2:172.21.15.38:3300/0 8 ==== mon_command_ack([{"prefix": "mgr module enable", "module": "dashboard"}]=0 v9) v1 ==== 88+0+0 (secure 0 0 0) 0x7ff08c00e440 con 0x7ff09c1022d0
2023-12-12T12:51:51.579 INFO:teuthology.orchestra.run.smithi038.stdout:/usr/bin/ceph: stderr
2023-12-12T12:51:51.263+0000 7ff0a1529700 1 -- 172.21.15.38:0/449895719 >> [v2:172.21.15.38:6800/1931877590,v1:172.21.15.38:6801/1931877590] conn(0x7ff084036640 msgr2=0x7ff084038af0 secure :-1 s=STATE_CONNECTION_ESTABLISHED l=1).mark_down
2023-12-12T12:51:51.579 INFO:teuthology.orchestra.run.smithi038.stdout:/usr/bin/ceph: stderr
2023-12-12T12:51:51.263+0000 7ff0a1529700 1 --2- 172.21.15.38:0/449895719 >> [v2:172.21.15.38:6800/1931877590,v1:172.21.15.38:6801/1931877590] conn(0x7ff084036640 0x7ff084038af0 secure :-1 s=READY pgs=21 cs=0 l=1 rev1=1 crypto rx=0x7ff090009990 tx=0x7ff090006e40 comp rx=0 tx=0).stop
2023-12-12T12:51:51.579 INFO:teuthology.orchestra.run.smithi038.stdout:/usr/bin/ceph: stderr
2023-12-12T12:51:51.263+0000 7ff0a1529700 1 -- 172.21.15.38:0/449895719 >> [v2:172.21.15.38:3300/0,v1:172.21.15.38:6789/0] conn(0x7ff09c1022d0 msgr2=0x7ff09c077c00 secure :-1 s=STATE_CONNECTION_ESTABLISHED l=1).mark_down
2023-12-12T12:51:51.579 INFO:teuthology.orchestra.run.smithi038.stdout:/usr/bin/ceph: stderr
2023-12-12T12:51:51.263+0000 7ff0a1529700 1 --2- 172.21.15.38:0/449895719 >> [v2:172.21.15.38:3300/0,v1:172.21.15.38:6789/0] conn(0x7ff09c1022d0 0x7ff09c077c00 secure :-1 s=READY pgs=68 cs=0 l=1 rev1=1 crypto rx=0x7ff08c011b60 tx=0x7ff08c009250 comp rx=0 tx=0).stop
2023-12-12T12:51:51.580 INFO:teuthology.orchestra.run.smithi038.stdout:/usr/bin/ceph: stderr
2023-12-12T12:51:51.263+0000 7ff0a1529700 1 -- 172.21.15.38:0/449895719 shutdown_connections
2023-12-12T12:51:51.580 INFO:teuthology.orchestra.run.smithi038.stdout:/usr/bin/ceph: stderr
2023-12-12T12:51:51.263+0000 7ff0a1529700 1 --2- 172.21.15.38:0/449895719 >> [v2:172.21.15.38:6800/1931877590,v1:172.21.15.38:6801/1931877590] conn(0x7ff084036640 0x7ff084038af0 unknown :-1 s=CLOSED pgs=21 cs=0 l=1 rev1=1 crypto rx=0 tx=0 comp rx=0 tx=0).stop
2023-12-12T12:51:51.580 INFO:teuthology.orchestra.run.smithi038.stdout:/usr/bin/ceph: stderr
2023-12-12T12:51:51.263+0000 7ff0a1529700 1 --2- 172.21.15.38:0/449895719 >> [v2:172.21.15.38:3300/0,v1:172.21.15.38:6789/0] conn(0x7ff09c1022d0 0x7ff09c077c00 unknown :-1 s=CLOSED pgs=68 cs=0 l=1 rev1=1 crypto rx=0 tx=0 comp rx=0 tx=0).stop
2023-12-12T12:51:51.580 INFO:teuthology.orchestra.run.smithi038.stdout:/usr/bin/ceph: stderr
2023-12-12T12:51:51.263+0000 7ff0a1529700 1 -- 172.21.15.38:0/449895719 >> 172.21.15.38:0/449895719 conn(0x7ff09c0fda50 msgr2=0x7ff09c0ff250 unknown :-1 s=STATE_NONE l=0).mark_down
2023-12-12T12:51:51.580 INFO:teuthology.orchestra.run.smithi038.stdout:/usr/bin/ceph: stderr
2023-12-12T12:51:51.263+0000 7ff0a1529700 1 -- 172.21.15.38:0/449895719 shutdown_connections
2023-12-12T12:51:51.580 INFO:teuthology.orchestra.run.smithi038.stdout:/usr/bin/ceph: stderr
2023-12-12T12:51:51.263+0000 7ff0a1529700 1 -- 172.21.15.38:0/449895719 wait complete.
2023-12-12T12:51:52.651 INFO:journalctl@ceph.mon.smithi038.smithi038.stdout:Dec 12 12:51:52 smithi038 ceph-mon[107133]: from='client.? 172.21.15.38:0/449895719' entity='client.admin' cmd='[{"prefix": "mgr module enable", "module": "dashboard"}]': finished
2023-12-12T12:51:52.651 INFO:journalctl@ceph.mon.smithi038.smithi038.stdout:Dec 12 12:51:52 smithi038 ceph-mon[107133]: mgrmap e9: smithi038.hdoprv(active, since 19s)
2023-12-12T12:51:52.791 INFO:teuthology.orchestra.run.smithi038.stdout:/usr/bin/ceph: stdout {
2023-12-12T12:51:52.791 INFO:teuthology.orchestra.run.smithi038.stdout:/usr/bin/ceph: stdout "epoch": 9,
2023-12-12T12:51:52.791 INFO:teuthology.orchestra.run.smithi038.stdout:/usr/bin/ceph: stdout "available": true,
2023-12-12T12:51:52.791 INFO:teuthology.orchestra.run.smithi038.stdout:/usr/bin/ceph: stdout "active_name": "smithi038.hdoprv",
2023-12-12T12:51:52.791 INFO:teuthology.orchestra.run.smithi038.stdout:/usr/bin/ceph: stdout "num_standby": 0
2023-12-12T12:51:52.792 INFO:teuthology.orchestra.run.smithi038.stdout:/usr/bin/ceph: stdout }
2023-12-12T12:51:52.792 INFO:teuthology.orchestra.run.smithi038.stdout:/usr/bin/ceph: stderr
2023-12-12T12:51:52.000+0000 7f2752ccd700 1 Processor -- start
2023-12-12T12:51:52.792 INFO:teuthology.orchestra.run.smithi038.stdout:/usr/bin/ceph: stderr
2023-12-12T12:51:52.000+0000 7f2752ccd700 1 -- start start
2023-12-12T12:51:52.792 INFO:teuthology.orchestra.run.smithi038.stdout:/usr/bin/ceph: stderr
2023-12-12T12:51:52.000+0000 7f2752ccd700 1 --2- >> [v2:172.21.15.38:3300/0,v1:172.21.15.38:6789/0] conn(0x7f274c077bb0 0x7f274c0760c0 unknown :-1 s=NONE pgs=0 cs=0 l=0 rev1=0 crypto rx=0 tx=0 comp rx=0 tx=0).connect
2023-12-12T12:51:52.792 INFO:teuthology.orchestra.run.smithi038.stdout:/usr/bin/ceph: stderr
2023-12-12T12:51:52.000+0000 7f2752ccd700 1 -- --> [v2:172.21.15.38:3300/0,v1:172.21.15.38:6789/0] -- mon_getmap magic: 0 v1 -- 0x7f274c077fc0 con 0x7f274c077bb0
2023-12-12T12:51:52.792 INFO:teuthology.orchestra.run.smithi038.stdout:/usr/bin/ceph: stderr
2023-12-12T12:51:52.001+0000 7f2750a69700 1 --2- >> [v2:172.21.15.38:3300/0,v1:172.21.15.38:6789/0] conn(0x7f274c077bb0 0x7f274c0760c0 unknown :-1 s=BANNER_CONNECTING pgs=0 cs=0 l=0 rev1=0 crypto rx=0 tx=0 comp rx=0 tx=0)._handle_peer_banner_payload supported=3 required=0
2023-12-12T12:51:52.792 INFO:teuthology.orchestra.run.smithi038.stdout:/usr/bin/ceph: stderr
2023-12-12T12:51:52.001+0000 7f2750a69700 1 --2- >> [v2:172.21.15.38:3300/0,v1:172.21.15.38:6789/0] conn(0x7f274c077bb0 0x7f274c0760c0 unknown :-1 s=HELLO_CONNECTING pgs=0 cs=0 l=0 rev1=1 crypto rx=0 tx=0 comp rx=0 tx=0).handle_hello peer v2:172.21.15.38:3300/0 says I am v2:172.21.15.38:34776/0 (socket says 172.21.15.38:34776)
2023-12-12T12:51:52.792 INFO:teuthology.orchestra.run.smithi038.stdout:/usr/bin/ceph: stderr
2023-12-12T12:51:52.001+0000 7f2750a69700 1 -- 172.21.15.38:0/173979760 learned_addr learned my addr 172.21.15.38:0/173979760 (peer_addr_for_me v2:172.21.15.38:0/0)
2023-12-12T12:51:52.792 INFO:teuthology.orchestra.run.smithi038.stdout:/usr/bin/ceph: stderr
2023-12-12T12:51:52.001+0000 7f2750a69700 1 -- 172.21.15.38:0/173979760 --> [v2:172.21.15.38:3300/0,v1:172.21.15.38:6789/0] -- mon_subscribe({config=0+,monmap=0+}) v3 -- 0x7f274c076600 con 0x7f274c077bb0
2023-12-12T12:51:52.792 INFO:teuthology.orchestra.run.smithi038.stdout:/usr/bin/ceph: stderr
2023-12-12T12:51:52.002+0000 7f2750a69700 1 --2- 172.21.15.38:0/173979760 >> [v2:172.21.15.38:3300/0,v1:172.21.15.38:6789/0] conn(0x7f274c077bb0 0x7f274c0760c0 secure :-1 s=READY pgs=71 cs=0 l=1 rev1=1 crypto rx=0x7f27400098e0 tx=0x7f2740009250 comp rx=0 tx=0).ready entity=mon.0 client_cookie=182549f38f9f554e server_cookie=0 in_seq=0 out_seq=0
2023-12-12T12:51:52.792 INFO:teuthology.orchestra.run.smithi038.stdout:/usr/bin/ceph: stderr
2023-12-12T12:51:52.002+0000 7f274b7fe700 1 -- 172.21.15.38:0/173979760 <== mon.0 v2:172.21.15.38:3300/0 1 ==== mon_map magic: 0 v1 ==== 229+0+0 (secure 0 0 0) 0x7f274000b860 con 0x7f274c077bb0
2023-12-12T12:51:52.792 INFO:teuthology.orchestra.run.smithi038.stdout:/usr/bin/ceph: stderr
2023-12-12T12:51:52.002+0000 7f274b7fe700 1 -- 172.21.15.38:0/173979760 <== mon.0 v2:172.21.15.38:3300/0 2 ==== config(26 keys) v1 ==== 1074+0+0 (secure 0 0 0) 0x7f274000be70 con 0x7f274c077bb0
2023-12-12T12:51:52.792 INFO:teuthology.orchestra.run.smithi038.stdout:/usr/bin/ceph: stderr
2023-12-12T12:51:52.002+0000 7f274b7fe700 1 -- 172.21.15.38:0/173979760 <== mon.0 v2:172.21.15.38:3300/0 3 ==== mon_map magic: 0 v1 ==== 229+0+0 (secure 0 0 0) 0x7f2740010380 con 0x7f274c077bb0
2023-12-12T12:51:52.792 INFO:teuthology.orchestra.run.smithi038.stdout:/usr/bin/ceph: stderr
2023-12-12T12:51:52.002+0000 7f2752ccd700 1 -- 172.21.15.38:0/173979760 >> [v2:172.21.15.38:3300/0,v1:172.21.15.38:6789/0] conn(0x7f274c077bb0 msgr2=0x7f274c0760c0 secure :-1 s=STATE_CONNECTION_ESTABLISHED l=1).mark_down
2023-12-12T12:51:52.792 INFO:teuthology.orchestra.run.smithi038.stdout:/usr/bin/ceph: stderr
2023-12-12T12:51:52.002+0000 7f2752ccd700 1 --2- 172.21.15.38:0/173979760 >> [v2:172.21.15.38:3300/0,v1:172.21.15.38:6789/0] conn(0x7f274c077bb0 0x7f274c0760c0 secure :-1 s=READY pgs=71 cs=0 l=1 rev1=1 crypto rx=0x7f27400098e0 tx=0x7f2740009250 comp rx=0 tx=0).stop
2023-12-12T12:51:52.792 INFO:teuthology.orchestra.run.smithi038.stdout:/usr/bin/ceph: stderr
2023-12-12T12:51:52.003+0000 7f2752ccd700 1 -- 172.21.15.38:0/173979760 shutdown_connections
2023-12-12T12:51:52.793 INFO:teuthology.orchestra.run.smithi038.stdout:/usr/bin/ceph: stderr
2023-12-12T12:51:52.003+0000 7f2752ccd700 1 --2- 172.21.15.38:0/173979760 >> [v2:172.21.15.38:3300/0,v1:172.21.15.38:6789/0] conn(0x7f274c077bb0 0x7f274c0760c0 unknown :-1 s=CLOSED pgs=71 cs=0 l=1 rev1=1 crypto rx=0 tx=0 comp rx=0 tx=0).stop
2023-12-12T12:51:52.793 INFO:teuthology.orchestra.run.smithi038.stdout:/usr/bin/ceph: stderr
2023-12-12T12:51:52.003+0000 7f2752ccd700 1 -- 172.21.15.38:0/173979760 >> 172.21.15.38:0/173979760 conn(0x7f274c0fda50 msgr2=0x7f274c0ffe60 unknown :-1 s=STATE_NONE l=0).mark_down
2023-12-12T12:51:52.793 INFO:teuthology.orchestra.run.smithi038.stdout:/usr/bin/ceph: stderr
2023-12-12T12:51:52.003+0000 7f2752ccd700 1 -- 172.21.15.38:0/173979760 shutdown_connections
2023-12-12T12:51:52.793 INFO:teuthology.orchestra.run.smithi038.stdout:/usr/bin/ceph: stderr
2023-12-12T12:51:52.003+0000 7f2752ccd700 1 -- 172.21.15.38:0/173979760 wait complete.
2023-12-12T12:51:52.793 INFO:teuthology.orchestra.run.smithi038.stdout:/usr/bin/ceph: stderr
2023-12-12T12:51:52.003+0000 7f2752ccd700 1 Processor -- start
2023-12-12T12:51:52.793 INFO:teuthology.orchestra.run.smithi038.stdout:/usr/bin/ceph: stderr
2023-12-12T12:51:52.004+0000 7f2752ccd700 1 -- start start
2023-12-12T12:51:52.793 INFO:teuthology.orchestra.run.smithi038.stdout:/usr/bin/ceph: stderr
2023-12-12T12:51:52.004+0000 7f2752ccd700 1 --2- >> [v2:172.21.15.38:3300/0,v1:172.21.15.38:6789/0] conn(0x7f274c077bb0 0x7f274c1133d0 unknown :-1 s=NONE pgs=0 cs=0 l=1 rev1=0 crypto rx=0 tx=0 comp rx=0 tx=0).connect
2023-12-12T12:51:52.793 INFO:teuthology.orchestra.run.smithi038.stdout:/usr/bin/ceph: stderr
2023-12-12T12:51:52.004+0000 7f2752ccd700 1 -- --> [v2:172.21.15.38:3300/0,v1:172.21.15.38:6789/0] -- mon_getmap magic: 0 v1 -- 0x7f274c113910 con 0x7f274c077bb0
2023-12-12T12:51:52.793 INFO:teuthology.orchestra.run.smithi038.stdout:/usr/bin/ceph: stderr
2023-12-12T12:51:52.004+0000 7f2750a69700 1 --2- >> [v2:172.21.15.38:3300/0,v1:172.21.15.38:6789/0] conn(0x7f274c077bb0 0x7f274c1133d0 unknown :-1 s=BANNER_CONNECTING pgs=0 cs=0 l=1 rev1=0 crypto rx=0 tx=0 comp rx=0 tx=0)._handle_peer_banner_payload supported=3 required=0
2023-12-12T12:51:52.793 INFO:teuthology.orchestra.run.smithi038.stdout:/usr/bin/ceph: stderr
2023-12-12T12:51:52.004+0000 7f2750a69700 1 --2- >> [v2:172.21.15.38:3300/0,v1:172.21.15.38:6789/0] conn(0x7f274c077bb0 0x7f274c1133d0 unknown :-1 s=HELLO_CONNECTING pgs=0 cs=0 l=1 rev1=1 crypto rx=0 tx=0 comp rx=0 tx=0).handle_hello peer v2:172.21.15.38:3300/0 says I am v2:172.21.15.38:34782/0 (socket says 172.21.15.38:34782)
2023-12-12T12:51:52.793 INFO:teuthology.orchestra.run.smithi038.stdout:/usr/bin/ceph: stderr
2023-12-12T12:51:52.004+0000 7f2750a69700 1 -- 172.21.15.38:0/75801346 learned_addr learned my addr 172.21.15.38:0/75801346 (peer_addr_for_me v2:172.21.15.38:0/0)
2023-12-12T12:51:52.793 INFO:teuthology.orchestra.run.smithi038.stdout:/usr/bin/ceph: stderr
2023-12-12T12:51:52.005+0000 7f2750a69700 1 -- 172.21.15.38:0/75801346 --> [v2:172.21.15.38:3300/0,v1:172.21.15.38:6789/0] -- mon_subscribe({config=0+,monmap=0+}) v3 -- 0x7f27400094f0 con 0x7f274c077bb0
2023-12-12T12:51:52.793 INFO:teuthology.orchestra.run.smithi038.stdout:/usr/bin/ceph: stderr
2023-12-12T12:51:52.005+0000 7f2750a69700 1 --2- 172.21.15.38:0/75801346 >> [v2:172.21.15.38:3300/0,v1:172.21.15.38:6789/0] conn(0x7f274c077bb0 0x7f274c1133d0 secure :-1 s=READY pgs=72 cs=0 l=1 rev1=1 crypto rx=0x7f2740006d40 tx=0x7f2740009250 comp rx=0 tx=0).ready entity=mon.0 client_cookie=0 server_cookie=0 in_seq=0 out_seq=0
2023-12-12T12:51:52.793 INFO:teuthology.orchestra.run.smithi038.stdout:/usr/bin/ceph: stderr
2023-12-12T12:51:52.005+0000 7f27497fa700 1 -- 172.21.15.38:0/75801346 <== mon.0 v2:172.21.15.38:3300/0 1 ==== mon_map magic: 0 v1 ==== 229+0+0 (secure 0 0 0) 0x7f2740010960 con 0x7f274c077bb0
2023-12-12T12:51:52.793 INFO:teuthology.orchestra.run.smithi038.stdout:/usr/bin/ceph: stderr
2023-12-12T12:51:52.005+0000 7f27497fa700 1 -- 172.21.15.38:0/75801346 <== mon.0 v2:172.21.15.38:3300/0 2 ==== config(26 keys) v1 ==== 1074+0+0 (secure 0 0 0) 0x7f274001a430 con 0x7f274c077bb0
2023-12-12T12:51:52.793 INFO:teuthology.orchestra.run.smithi038.stdout:/usr/bin/ceph: stderr
2023-12-12T12:51:52.005+0000 7f2752ccd700 1 -- 172.21.15.38:0/75801346 --> [v2:172.21.15.38:3300/0,v1:172.21.15.38:6789/0] -- mon_subscribe({mgrmap=0+}) v3 -- 0x7f274c113b10 con 0x7f274c077bb0
2023-12-12T12:51:52.793 INFO:teuthology.orchestra.run.smithi038.stdout:/usr/bin/ceph: stderr
2023-12-12T12:51:52.005+0000 7f27497fa700 1 -- 172.21.15.38:0/75801346 <== mon.0 v2:172.21.15.38:3300/0 3 ==== mon_map magic: 0 v1 ==== 229+0+0 (secure 0 0 0) 0x7f27400245b0 con 0x7f274c077bb0
2023-12-12T12:51:52.794 INFO:teuthology.orchestra.run.smithi038.stdout:/usr/bin/ceph: stderr
2023-12-12T12:51:52.005+0000 7f2752ccd700 1 -- 172.21.15.38:0/75801346 --> [v2:172.21.15.38:3300/0,v1:172.21.15.38:6789/0] -- mon_subscribe({osdmap=0}) v3 -- 0x7f274c113f20 con 0x7f274c077bb0
2023-12-12T12:51:52.794 INFO:teuthology.orchestra.run.smithi038.stdout:/usr/bin/ceph: stderr
2023-12-12T12:51:52.006+0000 7f27497fa700 1 -- 172.21.15.38:0/75801346 <== mon.0 v2:172.21.15.38:3300/0 4 ==== mgrmap(e 9) v1 ==== 43294+0+0 (secure 0 0 0) 0x7f274001a9f0 con 0x7f274c077bb0
2023-12-12T12:51:52.794 INFO:teuthology.orchestra.run.smithi038.stdout:/usr/bin/ceph: stderr
2023-12-12T12:51:52.006+0000 7f2752ccd700 1 -- 172.21.15.38:0/75801346 --> [v2:172.21.15.38:3300/0,v1:172.21.15.38:6789/0] -- mon_command({"prefix": "get_command_descriptions"} v 0) v1 -- 0x7f274c04bb80 con 0x7f274c077bb0
2023-12-12T12:51:52.794 INFO:teuthology.orchestra.run.smithi038.stdout:/usr/bin/ceph: stderr
2023-12-12T12:51:52.007+0000 7f27497fa700 1 --2- 172.21.15.38:0/75801346 >> [v2:172.21.15.38:6800/1931877590,v1:172.21.15.38:6801/1931877590] conn(0x7f273c036640 0x7f273c038af0 unknown :-1 s=NONE pgs=0 cs=0 l=1 rev1=0 crypto rx=0 tx=0 comp rx=0 tx=0).connect
2023-12-12T12:51:52.794 INFO:teuthology.orchestra.run.smithi038.stdout:/usr/bin/ceph: stderr
2023-12-12T12:51:52.007+0000 7f27497fa700 1 -- 172.21.15.38:0/75801346 <== mon.0 v2:172.21.15.38:3300/0 5 ==== osd_map(2..2 src has 1..2) v4 ==== 936+0+0 (secure 0 0 0) 0x7f274004a260 con 0x7f274c077bb0
2023-12-12T12:51:52.794 INFO:teuthology.orchestra.run.smithi038.stdout:/usr/bin/ceph: stderr
2023-12-12T12:51:52.007+0000 7f274bfff700 1 -- 172.21.15.38:0/75801346 >> [v2:172.21.15.38:6800/1931877590,v1:172.21.15.38:6801/1931877590] conn(0x7f273c036640 msgr2=0x7f273c038af0 unknown :-1 s=STATE_CONNECTING_RE l=1).process reconnect failed to v2:172.21.15.38:6800/1931877590
2023-12-12T12:51:52.794 INFO:teuthology.orchestra.run.smithi038.stdout:/usr/bin/ceph: stderr
2023-12-12T12:51:52.007+0000 7f274bfff700 1 --2- 172.21.15.38:0/75801346 >> [v2:172.21.15.38:6800/1931877590,v1:172.21.15.38:6801/1931877590] conn(0x7f273c036640 0x7f273c038af0 unknown :-1 s=START_CONNECT pgs=0 cs=0 l=1 rev1=0 crypto rx=0 tx=0 comp rx=0 tx=0)._fault waiting 0.200000
2023-12-12T12:51:52.794 INFO:teuthology.orchestra.run.smithi038.stdout:/usr/bin/ceph: stderr
2023-12-12T12:51:52.012+0000 7f27497fa700 1 -- 172.21.15.38:0/75801346 <== mon.0 v2:172.21.15.38:3300/0 6 ==== mon_command_ack([{"prefix": "get_command_descriptions"}]=0 v0) v1 ==== 72+0+174570 (secure 0 0 0) 0x7f274002b8e0 con 0x7f274c077bb0
2023-12-12T12:51:52.794 INFO:teuthology.orchestra.run.smithi038.stdout:/usr/bin/ceph: stderr
2023-12-12T12:51:52.208+0000 7f274bfff700 1 -- 172.21.15.38:0/75801346 >> [v2:172.21.15.38:6800/1931877590,v1:172.21.15.38:6801/1931877590] conn(0x7f273c036640 msgr2=0x7f273c038af0 unknown :-1 s=STATE_CONNECTING_RE l=1).process reconnect failed to v2:172.21.15.38:6800/1931877590
2023-12-12T12:51:52.794 INFO:teuthology.orchestra.run.smithi038.stdout:/usr/bin/ceph: stderr
2023-12-12T12:51:52.208+0000 7f274bfff700 1 --2- 172.21.15.38:0/75801346 >> [v2:172.21.15.38:6800/1931877590,v1:172.21.15.38:6801/1931877590] conn(0x7f273c036640 0x7f273c038af0 unknown :-1 s=START_CONNECT pgs=0 cs=0 l=1 rev1=0 crypto rx=0 tx=0 comp rx=0 tx=0)._fault waiting 0.400000
2023-12-12T12:51:52.794 INFO:teuthology.orchestra.run.smithi038.stdout:/usr/bin/ceph: stderr
2023-12-12T12:51:52.275+0000 7f2752ccd700 1 -- 172.21.15.38:0/75801346 --> [v2:172.21.15.38:3300/0,v1:172.21.15.38:6789/0] -- mon_command({"prefix": "mgr stat"} v 0) v1 -- 0x7f274c0008d0 con 0x7f274c077bb0
2023-12-12T12:51:52.794 INFO:teuthology.orchestra.run.smithi038.stdout:/usr/bin/ceph: stderr
2023-12-12T12:51:52.275+0000 7f27497fa700 1 -- 172.21.15.38:0/75801346 <== mon.0 v2:172.21.15.38:3300/0 7 ==== mon_command_ack([{"prefix": "mgr stat"}]=0 v9) v1 ==== 56+0+103 (secure 0 0 0) 0x7f274002b2f0 con 0x7f274c077bb0
2023-12-12T12:51:52.794 INFO:teuthology.orchestra.run.smithi038.stdout:/usr/bin/ceph: stderr
2023-12-12T12:51:52.278+0000 7f2752ccd700 1 -- 172.21.15.38:0/75801346 >> [v2:172.21.15.38:6800/1931877590,v1:172.21.15.38:6801/1931877590] conn(0x7f273c036640 msgr2=0x7f273c038af0 unknown :-1 s=STATE_CONNECTING l=1).mark_down
2023-12-12T12:51:52.794 INFO:teuthology.orchestra.run.smithi038.stdout:/usr/bin/ceph: stderr
2023-12-12T12:51:52.278+0000 7f2752ccd700 1 --2- 172.21.15.38:0/75801346 >> [v2:172.21.15.38:6800/1931877590,v1:172.21.15.38:6801/1931877590] conn(0x7f273c036640 0x7f273c038af0 unknown :-1 s=START_CONNECT pgs=0 cs=0 l=1 rev1=0 crypto rx=0 tx=0 comp rx=0 tx=0).stop
2023-12-12T12:51:52.794 INFO:teuthology.orchestra.run.smithi038.stdout:/usr/bin/ceph: stderr
2023-12-12T12:51:52.278+0000 7f2752ccd700 1 -- 172.21.15.38:0/75801346 >> [v2:172.21.15.38:3300/0,v1:172.21.15.38:6789/0] conn(0x7f274c077bb0 msgr2=0x7f274c1133d0 secure :-1 s=STATE_CONNECTION_ESTABLISHED l=1).mark_down
2023-12-12T12:51:52.794 INFO:teuthology.orchestra.run.smithi038.stdout:/usr/bin/ceph: stderr
2023-12-12T12:51:52.278+0000 7f2752ccd700 1 --2- 172.21.15.38:0/75801346 >> [v2:172.21.15.38:3300/0,v1:172.21.15.38:6789/0] conn(0x7f274c077bb0 0x7f274c1133d0 secure :-1 s=READY pgs=72 cs=0 l=1 rev1=1 crypto rx=0x7f2740006d40 tx=0x7f2740009250 comp rx=0 tx=0).stop
2023-12-12T12:51:52.795 INFO:teuthology.orchestra.run.smithi038.stdout:/usr/bin/ceph: stderr
2023-12-12T12:51:52.278+0000 7f2752ccd700 1 -- 172.21.15.38:0/75801346 shutdown_connections
2023-12-12T12:51:52.795 INFO:teuthology.orchestra.run.smithi038.stdout:/usr/bin/ceph: stderr
2023-12-12T12:51:52.278+0000 7f2752ccd700 1 --2- 172.21.15.38:0/75801346 >> [v2:172.21.15.38:6800/1931877590,v1:172.21.15.38:6801/1931877590] conn(0x7f273c036640 0x7f273c038af0 unknown :-1 s=CLOSED pgs=0 cs=0 l=1 rev1=0 crypto rx=0 tx=0 comp rx=0 tx=0).stop
2023-12-12T12:51:52.795 INFO:teuthology.orchestra.run.smithi038.stdout:/usr/bin/ceph: stderr
2023-12-12T12:51:52.278+0000 7f2752ccd700 1 --2- 172.21.15.38:0/75801346 >> [v2:172.21.15.38:3300/0,v1:172.21.15.38:6789/0] conn(0x7f274c077bb0 0x7f274c1133d0 unknown :-1 s=CLOSED pgs=72 cs=0 l=1 rev1=1 crypto rx=0 tx=0 comp rx=0 tx=0).stop
2023-12-12T12:51:52.795 INFO:teuthology.orchestra.run.smithi038.stdout:/usr/bin/ceph: stderr
2023-12-12T12:51:52.278+0000 7f2752ccd700 1 -- 172.21.15.38:0/75801346 >> 172.21.15.38:0/75801346 conn(0x7f274c0fda50 msgr2=0x7f274c0ffe50 unknown :-1 s=STATE_NONE l=0).mark_down
2023-12-12T12:51:52.795 INFO:teuthology.orchestra.run.smithi038.stdout:/usr/bin/ceph: stderr
2023-12-12T12:51:52.278+0000 7f2752ccd700 1 -- 172.21.15.38:0/75801346 shutdown_connections
2023-12-12T12:51:52.795 INFO:teuthology.orchestra.run.smithi038.stdout:/usr/bin/ceph: stderr
2023-12-12T12:51:52.278+0000 7f2752ccd700 1 -- 172.21.15.38:0/75801346 wait complete.
2023-12-12T12:51:52.795 INFO:teuthology.orchestra.run.smithi038.stdout:Waiting for the mgr to restart...
2023-12-12T12:51:52.795 INFO:teuthology.orchestra.run.smithi038.stdout:Waiting for mgr epoch 9...
2023-12-12T12:51:53.669 INFO:journalctl@ceph.mon.smithi038.smithi038.stdout:Dec 12 12:51:53 smithi038 ceph-mon[107133]: from='client.? 172.21.15.38:0/75801346' entity='client.admin' cmd=[{"prefix": "mgr stat"}]: dispatch
2023-12-12T12:52:00.072 INFO:journalctl@ceph.mon.smithi038.smithi038.stdout:Dec 12 12:51:59 smithi038 ceph-mon[107133]: Active manager daemon smithi038.hdoprv restarted
2023-12-12T12:52:00.073 INFO:journalctl@ceph.mon.smithi038.smithi038.stdout:Dec 12 12:51:59 smithi038 ceph-mon[107133]: Activating manager daemon smithi038.hdoprv
2023-12-12T12:52:00.073 INFO:journalctl@ceph.mon.smithi038.smithi038.stdout:Dec 12 12:51:59 smithi038 ceph-mon[107133]: osdmap e3: 0 total, 0 up, 0 in
2023-12-12T12:52:00.073 INFO:journalctl@ceph.mon.smithi038.smithi038.stdout:Dec 12 12:51:59 smithi038 ceph-mon[107133]: mgrmap e10: smithi038.hdoprv(active, starting, since 0.0137016s)
2023-12-12T12:52:00.073 INFO:journalctl@ceph.mon.smithi038.smithi038.stdout:Dec 12 12:51:59 smithi038 ceph-mon[107133]: from='mgr.14164 172.21.15.38:0/1005027644' entity='mgr.smithi038.hdoprv' cmd=[{"prefix": "mon metadata", "id": "smithi038"}]: dispatch
2023-12-12T12:52:00.073 INFO:journalctl@ceph.mon.smithi038.smithi038.stdout:Dec 12 12:51:59 smithi038 ceph-mon[107133]: from='mgr.14164 172.21.15.38:0/1005027644' entity='mgr.smithi038.hdoprv' cmd=[{"prefix": "mgr metadata", "who": "smithi038.hdoprv", "id": "smithi038.hdoprv"}]: dispatch
2023-12-12T12:52:00.073 INFO:journalctl@ceph.mon.smithi038.smithi038.stdout:Dec 12 12:51:59 smithi038 ceph-mon[107133]: from='mgr.14164 172.21.15.38:0/1005027644' entity='mgr.smithi038.hdoprv' cmd=[{"prefix": "mds metadata"}]: dispatch
2023-12-12T12:52:00.073 INFO:journalctl@ceph.mon.smithi038.smithi038.stdout:Dec 12 12:51:59 smithi038 ceph-mon[107133]: from='mgr.14164 172.21.15.38:0/1005027644' entity='mgr.smithi038.hdoprv' cmd=[{"prefix": "osd metadata"}]: dispatch
2023-12-12T12:52:00.073 INFO:journalctl@ceph.mon.smithi038.smithi038.stdout:Dec 12 12:51:59 smithi038 ceph-mon[107133]: from='mgr.14164 172.21.15.38:0/1005027644' entity='mgr.smithi038.hdoprv' cmd=[{"prefix": "mon metadata"}]: dispatch
2023-12-12T12:52:00.073 INFO:journalctl@ceph.mon.smithi038.smithi038.stdout:Dec 12 12:51:59 smithi038 ceph-mon[107133]: Manager daemon smithi038.hdoprv is now available
2023-12-12T12:52:00.073 INFO:journalctl@ceph.mon.smithi038.smithi038.stdout:Dec 12 12:51:59 smithi038 ceph-mon[107133]: from='mgr.14164 172.21.15.38:0/1005027644' entity='mgr.smithi038.hdoprv' cmd=[{"prefix": "config dump", "format": "json"}]: dispatch
2023-12-12T12:52:01.259 INFO:teuthology.orchestra.run.smithi038.stdout:/usr/bin/ceph: stdout {
2023-12-12T12:52:01.259 INFO:teuthology.orchestra.run.smithi038.stdout:/usr/bin/ceph: stdout "mgrmap_epoch": 11,
2023-12-12T12:52:01.259 INFO:teuthology.orchestra.run.smithi038.stdout:/usr/bin/ceph: stdout "initialized": true
2023-12-12T12:52:01.259 INFO:teuthology.orchestra.run.smithi038.stdout:/usr/bin/ceph: stdout }
2023-12-12T12:52:01.259 INFO:teuthology.orchestra.run.smithi038.stdout:/usr/bin/ceph: stderr
2023-12-12T12:51:53.210+0000 7fb630183700 1 Processor -- start
2023-12-12T12:52:01.259 INFO:teuthology.orchestra.run.smithi038.stdout:/usr/bin/ceph: stderr
2023-12-12T12:51:53.211+0000 7fb630183700 1 -- start start
2023-12-12T12:52:01.259 INFO:teuthology.orchestra.run.smithi038.stdout:/usr/bin/ceph: stderr
2023-12-12T12:51:53.211+0000 7fb630183700 1 --2- >> [v2:172.21.15.38:3300/0,v1:172.21.15.38:6789/0] conn(0x7fb628077bf0 0x7fb628076100 unknown :-1 s=NONE pgs=0 cs=0 l=0 rev1=0 crypto rx=0 tx=0 comp rx=0 tx=0).connect
2023-12-12T12:52:01.259 INFO:teuthology.orchestra.run.smithi038.stdout:/usr/bin/ceph: stderr
2023-12-12T12:51:53.211+0000 7fb630183700 1 -- --> [v2:172.21.15.38:3300/0,v1:172.21.15.38:6789/0] -- mon_getmap magic: 0 v1 -- 0x7fb628078000 con 0x7fb628077bf0
2023-12-12T12:52:01.259 INFO:teuthology.orchestra.run.smithi038.stdout:/usr/bin/ceph: stderr
2023-12-12T12:51:53.211+0000 7fb62df1f700 1 --2- >> [v2:172.21.15.38:3300/0,v1:172.21.15.38:6789/0] conn(0x7fb628077bf0 0x7fb628076100 unknown :-1 s=BANNER_CONNECTING pgs=0 cs=0 l=0 rev1=0 crypto rx=0 tx=0 comp rx=0 tx=0)._handle_peer_banner_payload supported=3 required=0
2023-12-12T12:52:01.259 INFO:teuthology.orchestra.run.smithi038.stdout:/usr/bin/ceph: stderr
2023-12-12T12:51:53.211+0000 7fb62df1f700 1 --2- >> [v2:172.21.15.38:3300/0,v1:172.21.15.38:6789/0] conn(0x7fb628077bf0 0x7fb628076100 unknown :-1 s=HELLO_CONNECTING pgs=0 cs=0 l=0 rev1=1 crypto rx=0 tx=0 comp rx=0 tx=0).handle_hello peer v2:172.21.15.38:3300/0 says I am v2:172.21.15.38:34786/0 (socket says 172.21.15.38:34786)
2023-12-12T12:52:01.259 INFO:teuthology.orchestra.run.smithi038.stdout:/usr/bin/ceph: stderr
2023-12-12T12:51:53.211+0000 7fb62df1f700 1 -- 172.21.15.38:0/3412240663 learned_addr learned my addr 172.21.15.38:0/3412240663 (peer_addr_for_me v2:172.21.15.38:0/0)
2023-12-12T12:52:01.259 INFO:teuthology.orchestra.run.smithi038.stdout:/usr/bin/ceph: stderr
2023-12-12T12:51:53.212+0000 7fb62df1f700 1 -- 172.21.15.38:0/3412240663 --> [v2:172.21.15.38:3300/0,v1:172.21.15.38:6789/0] -- mon_subscribe({config=0+,monmap=0+}) v3 -- 0x7fb628076640 con 0x7fb628077bf0
2023-12-12T12:52:01.259 INFO:teuthology.orchestra.run.smithi038.stdout:/usr/bin/ceph: stderr
2023-12-12T12:51:53.212+0000 7fb62df1f700 1 --2- 172.21.15.38:0/3412240663 >> [v2:172.21.15.38:3300/0,v1:172.21.15.38:6789/0] conn(0x7fb628077bf0 0x7fb628076100 secure :-1 s=READY pgs=73 cs=0 l=1 rev1=1 crypto rx=0x7fb6240098e0 tx=0x7fb624009250 comp rx=0 tx=0).ready entity=mon.0 client_cookie=ea7f46e3ea14ec94 server_cookie=0 in_seq=0 out_seq=0
2023-12-12T12:52:01.260 INFO:teuthology.orchestra.run.smithi038.stdout:/usr/bin/ceph: stderr
2023-12-12T12:51:53.212+0000 7fb62cf1d700 1 -- 172.21.15.38:0/3412240663 <== mon.0 v2:172.21.15.38:3300/0 1 ==== mon_map magic: 0 v1 ==== 229+0+0 (secure 0 0 0) 0x7fb62400b860 con 0x7fb628077bf0
2023-12-12T12:52:01.260 INFO:teuthology.orchestra.run.smithi038.stdout:/usr/bin/ceph: stderr
2023-12-12T12:51:53.212+0000 7fb62cf1d700 1 -- 172.21.15.38:0/3412240663 <== mon.0 v2:172.21.15.38:3300/0 2 ==== config(26 keys) v1 ==== 1074+0+0 (secure 0 0 0) 0x7fb62400be70 con 0x7fb628077bf0
2023-12-12T12:52:01.260 INFO:teuthology.orchestra.run.smithi038.stdout:/usr/bin/ceph: stderr
2023-12-12T12:51:53.212+0000 7fb62cf1d700 1 -- 172.21.15.38:0/3412240663 <== mon.0 v2:172.21.15.38:3300/0 3 ==== mon_map magic: 0 v1 ==== 229+0+0 (secure 0 0 0) 0x7fb624010380 con 0x7fb628077bf0
2023-12-12T12:52:01.260 INFO:teuthology.orchestra.run.smithi038.stdout:/usr/bin/ceph: stderr
2023-12-12T12:51:53.213+0000 7fb630183700 1 -- 172.21.15.38:0/3412240663 >> [v2:172.21.15.38:3300/0,v1:172.21.15.38:6789/0] conn(0x7fb628077bf0 msgr2=0x7fb628076100 secure :-1 s=STATE_CONNECTION_ESTABLISHED l=1).mark_down
2023-12-12T12:52:01.260 INFO:teuthology.orchestra.run.smithi038.stdout:/usr/bin/ceph: stderr
2023-12-12T12:51:53.213+0000 7fb630183700 1 --2- 172.21.15.38:0/3412240663 >> [v2:172.21.15.38:3300/0,v1:172.21.15.38:6789/0] conn(0x7fb628077bf0 0x7fb628076100 secure :-1 s=READY pgs=73 cs=0 l=1 rev1=1 crypto rx=0x7fb6240098e0 tx=0x7fb624009250 comp rx=0 tx=0).stop
2023-12-12T12:52:01.260 INFO:teuthology.orchestra.run.smithi038.stdout:/usr/bin/ceph: stderr
2023-12-12T12:51:53.213+0000 7fb630183700 1 -- 172.21.15.38:0/3412240663 shutdown_connections
2023-12-12T12:52:01.260 INFO:teuthology.orchestra.run.smithi038.stdout:/usr/bin/ceph: stderr
2023-12-12T12:51:53.213+0000 7fb630183700 1 --2- 172.21.15.38:0/3412240663 >> [v2:172.21.15.38:3300/0,v1:172.21.15.38:6789/0] conn(0x7fb628077bf0 0x7fb628076100 unknown :-1 s=CLOSED pgs=73 cs=0 l=1 rev1=1 crypto rx=0 tx=0 comp rx=0 tx=0).stop
2023-12-12T12:52:01.260 INFO:teuthology.orchestra.run.smithi038.stdout:/usr/bin/ceph: stderr
2023-12-12T12:51:53.213+0000 7fb630183700 1 -- 172.21.15.38:0/3412240663 >> 172.21.15.38:0/3412240663 conn(0x7fb6280fda50 msgr2=0x7fb6280ffe60 unknown :-1 s=STATE_NONE l=0).mark_down
2023-12-12T12:52:01.260 INFO:teuthology.orchestra.run.smithi038.stdout:/usr/bin/ceph: stderr
2023-12-12T12:51:53.213+0000 7fb630183700 1 -- 172.21.15.38:0/3412240663 shutdown_connections
2023-12-12T12:52:01.260 INFO:teuthology.orchestra.run.smithi038.stdout:/usr/bin/ceph: stderr
2023-12-12T12:51:53.213+0000 7fb630183700 1 -- 172.21.15.38:0/3412240663 wait complete.
2023-12-12T12:52:01.260 INFO:teuthology.orchestra.run.smithi038.stdout:/usr/bin/ceph: stderr
2023-12-12T12:51:53.215+0000 7fb630183700 1 Processor -- start
2023-12-12T12:52:01.260 INFO:teuthology.orchestra.run.smithi038.stdout:/usr/bin/ceph: stderr
2023-12-12T12:51:53.215+0000 7fb630183700 1 -- start start
2023-12-12T12:52:01.260 INFO:teuthology.orchestra.run.smithi038.stdout:/usr/bin/ceph: stderr
2023-12-12T12:51:53.215+0000 7fb630183700 1 --2- >> [v2:172.21.15.38:3300/0,v1:172.21.15.38:6789/0] conn(0x7fb628077bf0 0x7fb6281133c0 unknown :-1 s=NONE pgs=0 cs=0 l=1 rev1=0 crypto rx=0 tx=0 comp rx=0 tx=0).connect
2023-12-12T12:52:01.260 INFO:teuthology.orchestra.run.smithi038.stdout:/usr/bin/ceph: stderr
2023-12-12T12:51:53.215+0000 7fb630183700 1 -- --> [v2:172.21.15.38:3300/0,v1:172.21.15.38:6789/0] -- mon_getmap magic: 0 v1 -- 0x7fb628113900 con 0x7fb628077bf0
2023-12-12T12:52:01.260 INFO:teuthology.orchestra.run.smithi038.stdout:/usr/bin/ceph: stderr
2023-12-12T12:51:53.215+0000 7fb62df1f700 1 --2- >> [v2:172.21.15.38:3300/0,v1:172.21.15.38:6789/0] conn(0x7fb628077bf0 0x7fb6281133c0 unknown :-1 s=BANNER_CONNECTING pgs=0 cs=0 l=1 rev1=0 crypto rx=0 tx=0 comp rx=0 tx=0)._handle_peer_banner_payload supported=3 required=0
2023-12-12T12:52:01.261 INFO:teuthology.orchestra.run.smithi038.stdout:/usr/bin/ceph: stderr
2023-12-12T12:51:53.215+0000 7fb62df1f700 1 --2- >> [v2:172.21.15.38:3300/0,v1:172.21.15.38:6789/0] conn(0x7fb628077bf0 0x7fb6281133c0 unknown :-1 s=HELLO_CONNECTING pgs=0 cs=0 l=1 rev1=1 crypto rx=0 tx=0 comp rx=0 tx=0).handle_hello peer v2:172.21.15.38:3300/0 says I am v2:172.21.15.38:34798/0 (socket says 172.21.15.38:34798)
2023-12-12T12:52:01.261 INFO:teuthology.orchestra.run.smithi038.stdout:/usr/bin/ceph: stderr
2023-12-12T12:51:53.215+0000 7fb62df1f700 1 -- 172.21.15.38:0/1134443072 learned_addr learned my addr 172.21.15.38:0/1134443072 (peer_addr_for_me v2:172.21.15.38:0/0)
2023-12-12T12:52:01.261 INFO:teuthology.orchestra.run.smithi038.stdout:/usr/bin/ceph: stderr
2023-12-12T12:51:53.216+0000 7fb62df1f700 1 -- 172.21.15.38:0/1134443072 --> [v2:172.21.15.38:3300/0,v1:172.21.15.38:6789/0] -- mon_subscribe({config=0+,monmap=0+}) v3 -- 0x7fb6240094f0 con 0x7fb628077bf0
2023-12-12T12:52:01.261 INFO:journalctl@ceph.mon.smithi038.smithi038.stdout:Dec 12 12:52:00 smithi038 ceph-mon[107133]: from='mgr.14164 172.21.15.38:0/1005027644' entity='mgr.smithi038.hdoprv' cmd=[{"prefix": "config dump", "format": "json"}]: dispatch
2023-12-12T12:52:01.261 INFO:journalctl@ceph.mon.smithi038.smithi038.stdout:Dec 12 12:52:00 smithi038 ceph-mon[107133]: from='mgr.14164 172.21.15.38:0/1005027644' entity='mgr.smithi038.hdoprv' cmd=[{"prefix":"config rm","who":"mgr","name":"mgr/rbd_support/smithi038.hdoprv/mirror_snapshot_schedule"}]: dispatch
2023-12-12T12:52:01.261 INFO:journalctl@ceph.mon.smithi038.smithi038.stdout:Dec 12 12:52:00 smithi038 ceph-mon[107133]: from='mgr.14164 172.21.15.38:0/1005027644' entity='mgr.smithi038.hdoprv' cmd=[{"prefix":"config rm","who":"mgr","name":"mgr/rbd_support/smithi038.hdoprv/trash_purge_schedule"}]: dispatch
2023-12-12T12:52:01.261 INFO:journalctl@ceph.mon.smithi038.smithi038.stdout:Dec 12 12:52:00 smithi038 ceph-mon[107133]: [12/Dec/2023:12:52:00] ENGINE Bus STARTING
2023-12-12T12:52:01.261 INFO:journalctl@ceph.mon.smithi038.smithi038.stdout:Dec 12 12:52:00 smithi038 ceph-mon[107133]: from='mgr.14164 172.21.15.38:0/1005027644' entity='mgr.smithi038.hdoprv'
2023-12-12T12:52:01.261 INFO:journalctl@ceph.mon.smithi038.smithi038.stdout:Dec 12 12:52:00 smithi038 ceph-mon[107133]: mgrmap e11: smithi038.hdoprv(active, since 1.01194s)
2023-12-12T12:52:01.265 INFO:teuthology.orchestra.run.smithi038.stdout:/usr/bin/ceph: stderr
2023-12-12T12:51:53.216+0000 7fb62df1f700 1 --2- 172.21.15.38:0/1134443072 >> [v2:172.21.15.38:3300/0,v1:172.21.15.38:6789/0] conn(0x7fb628077bf0 0x7fb6281133c0 secure :-1 s=READY pgs=74 cs=0 l=1 rev1=1 crypto rx=0x7fb624006d40 tx=0x7fb624009250 comp rx=0 tx=0).ready entity=mon.0 client_cookie=0 server_cookie=0 in_seq=0 out_seq=0
2023-12-12T12:52:01.265 INFO:teuthology.orchestra.run.smithi038.stdout:/usr/bin/ceph: stderr
2023-12-12T12:51:53.216+0000 7fb61e7fc700 1 -- 172.21.15.38:0/1134443072 <== mon.0 v2:172.21.15.38:3300/0 1 ==== mon_map magic: 0 v1 ==== 229+0+0 (secure 0 0 0) 0x7fb624010960 con 0x7fb628077bf0
2023-12-12T12:52:01.265 INFO:teuthology.orchestra.run.smithi038.stdout:/usr/bin/ceph: stderr
2023-12-12T12:51:53.216+0000 7fb61e7fc700 1 -- 172.21.15.38:0/1134443072 <== mon.0 v2:172.21.15.38:3300/0 2 ==== config(26 keys) v1 ==== 1074+0+0 (secure 0 0 0) 0x7fb62401a430 con 0x7fb628077bf0
2023-12-12T12:52:01.265 INFO:teuthology.orchestra.run.smithi038.stdout:/usr/bin/ceph: stderr
2023-12-12T12:51:53.216+0000 7fb630183700 1 -- 172.21.15.38:0/1134443072 --> [v2:172.21.15.38:3300/0,v1:172.21.15.38:6789/0] -- mon_subscribe({mgrmap=0+}) v3 -- 0x7fb628113b00 con 0x7fb628077bf0
2023-12-12T12:52:01.265 INFO:teuthology.orchestra.run.smithi038.stdout:/usr/bin/ceph: stderr
2023-12-12T12:51:53.216+0000 7fb61e7fc700 1 -- 172.21.15.38:0/1134443072 <== mon.0 v2:172.21.15.38:3300/0 3 ==== mon_map magic: 0 v1 ==== 229+0+0 (secure 0 0 0) 0x7fb6240245b0 con 0x7fb628077bf0
2023-12-12T12:52:01.266 INFO:teuthology.orchestra.run.smithi038.stdout:/usr/bin/ceph: stderr
2023-12-12T12:51:53.217+0000 7fb630183700 1 -- 172.21.15.38:0/1134443072 --> [v2:172.21.15.38:3300/0,v1:172.21.15.38:6789/0] -- mon_subscribe({osdmap=0}) v3 -- 0x7fb628113f10 con 0x7fb628077bf0
2023-12-12T12:52:01.266 INFO:teuthology.orchestra.run.smithi038.stdout:/usr/bin/ceph: stderr
2023-12-12T12:51:53.218+0000 7fb61e7fc700 1 -- 172.21.15.38:0/1134443072 <== mon.0 v2:172.21.15.38:3300/0 4 ==== mgrmap(e 9) v1 ==== 43294+0+0 (secure 0 0 0) 0x7fb62402d3f0 con 0x7fb628077bf0
2023-12-12T12:52:01.266 INFO:teuthology.orchestra.run.smithi038.stdout:/usr/bin/ceph: stderr
2023-12-12T12:51:53.218+0000 7fb61e7fc700 1 --2- 172.21.15.38:0/1134443072 >> [v2:172.21.15.38:6800/1931877590,v1:172.21.15.38:6801/1931877590] conn(0x7fb614036690 0x7fb614038b40 unknown :-1 s=NONE pgs=0 cs=0 l=1 rev1=0 crypto rx=0 tx=0 comp rx=0 tx=0).connect
2023-12-12T12:52:01.266 INFO:teuthology.orchestra.run.smithi038.stdout:/usr/bin/ceph: stderr
2023-12-12T12:51:53.218+0000 7fb61e7fc700 1 -- 172.21.15.38:0/1134443072 --> [v2:172.21.15.38:6800/1931877590,v1:172.21.15.38:6801/1931877590] -- command(tid 0: {"prefix": "get_command_descriptions"}) v1 -- 0x7fb614039250 con 0x7fb614036690
2023-12-12T12:52:01.266 INFO:teuthology.orchestra.run.smithi038.stdout:/usr/bin/ceph: stderr
2023-12-12T12:51:53.218+0000 7fb61e7fc700 1 -- 172.21.15.38:0/1134443072 <== mon.0 v2:172.21.15.38:3300/0 5 ==== osd_map(2..2 src has 1..2) v4 ==== 936+0+0 (secure 0 0 0) 0x7fb62404a330 con 0x7fb628077bf0
2023-12-12T12:52:01.266 INFO:teuthology.orchestra.run.smithi038.stdout:/usr/bin/ceph: stderr
2023-12-12T12:51:53.218+0000 7fb62d71e700 1 -- 172.21.15.38:0/1134443072 >> [v2:172.21.15.38:6800/1931877590,v1:172.21.15.38:6801/1931877590] conn(0x7fb614036690 msgr2=0x7fb614038b40 unknown :-1 s=STATE_CONNECTING_RE l=1).process reconnect failed to v2:172.21.15.38:6800/1931877590
2023-12-12T12:52:01.266 INFO:teuthology.orchestra.run.smithi038.stdout:/usr/bin/ceph: stderr
2023-12-12T12:51:53.218+0000 7fb62d71e700 1 --2- 172.21.15.38:0/1134443072 >> [v2:172.21.15.38:6800/1931877590,v1:172.21.15.38:6801/1931877590] conn(0x7fb614036690 0x7fb614038b40 unknown :-1 s=START_CONNECT pgs=0 cs=0 l=1 rev1=0 crypto rx=0 tx=0 comp rx=0 tx=0)._fault waiting 0.200000
2023-12-12T12:52:01.266 INFO:teuthology.orchestra.run.smithi038.stdout:/usr/bin/ceph: stderr
