2023-12-12T12:51:22.354+0000 7f89c9bfd700 1 --2- >> [v2:172.21.15.38:3300/0,v1:172.21.15.38:6789/0] conn(0x7f89c4077b90 0x7f89c41131c0 unknown :-1 s=HELLO_CONNECTING pgs=0 cs=0 l=1 rev1=1 crypto rx=0 tx=0 comp rx=0 tx=0).handle_hello peer v2:172.21.15.38:3300/0 says I am v2:172.21.15.38:53224/0 (socket says 172.21.15.38:53224)
2023-12-12T12:51:22.837 INFO:teuthology.orchestra.run.smithi038.stdout:/usr/bin/ceph: stderr
2023-12-12T12:51:22.354+0000 7f89c9bfd700 1 -- 172.21.15.38:0/3575995125 learned_addr learned my addr 172.21.15.38:0/3575995125 (peer_addr_for_me v2:172.21.15.38:0/0)
2023-12-12T12:51:22.837 INFO:teuthology.orchestra.run.smithi038.stdout:/usr/bin/ceph: stderr
2023-12-12T12:51:22.354+0000 7f89c9bfd700 1 -- 172.21.15.38:0/3575995125 --> [v2:172.21.15.38:3300/0,v1:172.21.15.38:6789/0] -- mon_subscribe({config=0+,monmap=0+}) v3 -- 0x7f89c00094f0 con 0x7f89c4077b90
2023-12-12T12:51:22.837 INFO:teuthology.orchestra.run.smithi038.stdout:/usr/bin/ceph: stderr
2023-12-12T12:51:22.354+0000 7f89c9bfd700 1 --2- 172.21.15.38:0/3575995125 >> [v2:172.21.15.38:3300/0,v1:172.21.15.38:6789/0] conn(0x7f89c4077b90 0x7f89c41131c0 secure :-1 s=READY pgs=23 cs=0 l=1 rev1=1 crypto rx=0x7f89c0006b00 tx=0x7f89c0009250 comp rx=0 tx=0).ready entity=mon.0 client_cookie=0 server_cookie=0 in_seq=0 out_seq=0
2023-12-12T12:51:22.837 INFO:teuthology.orchestra.run.smithi038.stdout:/usr/bin/ceph: stderr
2023-12-12T12:51:22.354+0000 7f89ba7fc700 1 -- 172.21.15.38:0/3575995125 <== mon.0 v2:172.21.15.38:3300/0 1 ==== mon_map magic: 0 v1 ==== 229+0+0 (secure 0 0 0) 0x7f89c0010a80 con 0x7f89c4077b90
2023-12-12T12:51:22.837 INFO:teuthology.orchestra.run.smithi038.stdout:/usr/bin/ceph: stderr
2023-12-12T12:51:22.354+0000 7f89ba7fc700 1 -- 172.21.15.38:0/3575995125 <== mon.0 v2:172.21.15.38:3300/0 2 ==== config(26 keys) v1 ==== 1009+0+0 (secure 0 0 0) 0x7f89c001a430 con 0x7f89c4077b90
2023-12-12T12:51:22.837 INFO:teuthology.orchestra.run.smithi038.stdout:/usr/bin/ceph: stderr
2023-12-12T12:51:22.354+0000 7f89ba7fc700 1 -- 172.21.15.38:0/3575995125 <== mon.0 v2:172.21.15.38:3300/0 3 ==== mon_map magic: 0 v1 ==== 229+0+0 (secure 0 0 0) 0x7f89c00245b0 con 0x7f89c4077b90
2023-12-12T12:51:22.837 INFO:teuthology.orchestra.run.smithi038.stdout:/usr/bin/ceph: stderr
2023-12-12T12:51:22.355+0000 7f89cabff700 1 -- 172.21.15.38:0/3575995125 --> [v2:172.21.15.38:3300/0,v1:172.21.15.38:6789/0] -- mon_subscribe({mgrmap=0+}) v3 -- 0x7f89c4113900 con 0x7f89c4077b90
2023-12-12T12:51:22.837 INFO:teuthology.orchestra.run.smithi038.stdout:/usr/bin/ceph: stderr
2023-12-12T12:51:22.355+0000 7f89cabff700 1 -- 172.21.15.38:0/3575995125 --> [v2:172.21.15.38:3300/0,v1:172.21.15.38:6789/0] -- mon_subscribe({osdmap=0}) v3 -- 0x7f89c4113d10 con 0x7f89c4077b90
2023-12-12T12:51:22.837 INFO:teuthology.orchestra.run.smithi038.stdout:/usr/bin/ceph: stderr
2023-12-12T12:51:22.356+0000 7f89ba7fc700 1 -- 172.21.15.38:0/3575995125 <== mon.0 v2:172.21.15.38:3300/0 4 ==== mgrmap(e 4) v1 ==== 43270+0+0 (secure 0 0 0) 0x7f89c0010be0 con 0x7f89c4077b90
2023-12-12T12:51:22.838 INFO:teuthology.orchestra.run.smithi038.stdout:/usr/bin/ceph: stderr
2023-12-12T12:51:22.356+0000 7f89cabff700 1 -- 172.21.15.38:0/3575995125 --> [v2:172.21.15.38:3300/0,v1:172.21.15.38:6789/0] -- mon_command({"prefix": "get_command_descriptions"} v 0) v1 -- 0x7f89c404bb80 con 0x7f89c4077b90
2023-12-12T12:51:22.838 INFO:teuthology.orchestra.run.smithi038.stdout:/usr/bin/ceph: stderr
2023-12-12T12:51:22.356+0000 7f89ba7fc700 1 --2- 172.21.15.38:0/3575995125 >> [v2:172.21.15.38:6800/2922986718,v1:172.21.15.38:6801/2922986718] conn(0x7f89b00365f0 0x7f89b0038aa0 unknown :-1 s=NONE pgs=0 cs=0 l=1 rev1=0 crypto rx=0 tx=0 comp rx=0 tx=0).connect
2023-12-12T12:51:22.838 INFO:teuthology.orchestra.run.smithi038.stdout:/usr/bin/ceph: stderr
2023-12-12T12:51:22.356+0000 7f89ba7fc700 1 -- 172.21.15.38:0/3575995125 <== mon.0 v2:172.21.15.38:3300/0 5 ==== osd_map(1..1 src has 1..1) v4 ==== 721+0+0 (secure 0 0 0) 0x7f89c004aa50 con 0x7f89c4077b90
2023-12-12T12:51:22.838 INFO:teuthology.orchestra.run.smithi038.stdout:/usr/bin/ceph: stderr
2023-12-12T12:51:22.356+0000 7f89c93fc700 1 --2- 172.21.15.38:0/3575995125 >> [v2:172.21.15.38:6800/2922986718,v1:172.21.15.38:6801/2922986718] conn(0x7f89b00365f0 0x7f89b0038aa0 unknown :-1 s=BANNER_CONNECTING pgs=0 cs=0 l=1 rev1=0 crypto rx=0 tx=0 comp rx=0 tx=0)._handle_peer_banner_payload supported=3 required=0
2023-12-12T12:51:22.838 INFO:teuthology.orchestra.run.smithi038.stdout:/usr/bin/ceph: stderr
2023-12-12T12:51:22.357+0000 7f89c93fc700 1 --2- 172.21.15.38:0/3575995125 >> [v2:172.21.15.38:6800/2922986718,v1:172.21.15.38:6801/2922986718] conn(0x7f89b00365f0 0x7f89b0038aa0 secure :-1 s=READY pgs=7 cs=0 l=1 rev1=1 crypto rx=0x7f89b4009990 tx=0x7f89b4006e40 comp rx=0 tx=0).ready entity=mgr.14100 client_cookie=0 server_cookie=0 in_seq=0 out_seq=0
2023-12-12T12:51:22.838 INFO:teuthology.orchestra.run.smithi038.stdout:/usr/bin/ceph: stderr
2023-12-12T12:51:22.361+0000 7f89ba7fc700 1 -- 172.21.15.38:0/3575995125 <== mon.0 v2:172.21.15.38:3300/0 6 ==== mon_command_ack([{"prefix": "get_command_descriptions"}]=0 v0) v1 ==== 72+0+174570 (secure 0 0 0) 0x7f89c002e440 con 0x7f89c4077b90
2023-12-12T12:51:22.838 INFO:teuthology.orchestra.run.smithi038.stdout:/usr/bin/ceph: stderr
2023-12-12T12:51:22.562+0000 7f89cabff700 1 -- 172.21.15.38:0/3575995125 --> [v2:172.21.15.38:3300/0,v1:172.21.15.38:6789/0] -- mon_command({"prefix": "config assimilate-conf"} v 0) v1 -- 0x7f89c410ce10 con 0x7f89c4077b90
2023-12-12T12:51:22.838 INFO:teuthology.orchestra.run.smithi038.stdout:/usr/bin/ceph: stderr
2023-12-12T12:51:22.563+0000 7f89ba7fc700 1 -- 172.21.15.38:0/3575995125 <== mon.0 v2:172.21.15.38:3300/0 7 ==== mon_command_ack([{"prefix": "config assimilate-conf"}]=0 v3) v1 ==== 70+0+373 (secure 0 0 0) 0x7f89c0023390 con 0x7f89c4077b90
2023-12-12T12:51:22.838 INFO:teuthology.orchestra.run.smithi038.stdout:/usr/bin/ceph: stderr
2023-12-12T12:51:22.565+0000 7f89cabff700 1 -- 172.21.15.38:0/3575995125 >> [v2:172.21.15.38:6800/2922986718,v1:172.21.15.38:6801/2922986718] conn(0x7f89b00365f0 msgr2=0x7f89b0038aa0 secure :-1 s=STATE_CONNECTION_ESTABLISHED l=1).mark_down
2023-12-12T12:51:22.838 INFO:teuthology.orchestra.run.smithi038.stdout:/usr/bin/ceph: stderr
2023-12-12T12:51:22.565+0000 7f89cabff700 1 --2- 172.21.15.38:0/3575995125 >> [v2:172.21.15.38:6800/2922986718,v1:172.21.15.38:6801/2922986718] conn(0x7f89b00365f0 0x7f89b0038aa0 secure :-1 s=READY pgs=7 cs=0 l=1 rev1=1 crypto rx=0x7f89b4009990 tx=0x7f89b4006e40 comp rx=0 tx=0).stop
2023-12-12T12:51:22.838 INFO:teuthology.orchestra.run.smithi038.stdout:/usr/bin/ceph: stderr
2023-12-12T12:51:22.565+0000 7f89cabff700 1 -- 172.21.15.38:0/3575995125 >> [v2:172.21.15.38:3300/0,v1:172.21.15.38:6789/0] conn(0x7f89c4077b90 msgr2=0x7f89c41131c0 secure :-1 s=STATE_CONNECTION_ESTABLISHED l=1).mark_down
2023-12-12T12:51:22.838 INFO:teuthology.orchestra.run.smithi038.stdout:/usr/bin/ceph: stderr
2023-12-12T12:51:22.565+0000 7f89cabff700 1 --2- 172.21.15.38:0/3575995125 >> [v2:172.21.15.38:3300/0,v1:172.21.15.38:6789/0] conn(0x7f89c4077b90 0x7f89c41131c0 secure :-1 s=READY pgs=23 cs=0 l=1 rev1=1 crypto rx=0x7f89c0006b00 tx=0x7f89c0009250 comp rx=0 tx=0).stop
2023-12-12T12:51:22.838 INFO:teuthology.orchestra.run.smithi038.stdout:/usr/bin/ceph: stderr
2023-12-12T12:51:22.565+0000 7f89cabff700 1 -- 172.21.15.38:0/3575995125 shutdown_connections
2023-12-12T12:51:22.838 INFO:teuthology.orchestra.run.smithi038.stdout:/usr/bin/ceph: stderr
2023-12-12T12:51:22.565+0000 7f89cabff700 1 --2- 172.21.15.38:0/3575995125 >> [v2:172.21.15.38:6800/2922986718,v1:172.21.15.38:6801/2922986718] conn(0x7f89b00365f0 0x7f89b0038aa0 unknown :-1 s=CLOSED pgs=7 cs=0 l=1 rev1=1 crypto rx=0 tx=0 comp rx=0 tx=0).stop
2023-12-12T12:51:22.838 INFO:teuthology.orchestra.run.smithi038.stdout:/usr/bin/ceph: stderr
2023-12-12T12:51:22.565+0000 7f89cabff700 1 --2- 172.21.15.38:0/3575995125 >> [v2:172.21.15.38:3300/0,v1:172.21.15.38:6789/0] conn(0x7f89c4077b90 0x7f89c41131c0 unknown :-1 s=CLOSED pgs=23 cs=0 l=1 rev1=1 crypto rx=0 tx=0 comp rx=0 tx=0).stop
2023-12-12T12:51:22.839 INFO:teuthology.orchestra.run.smithi038.stdout:/usr/bin/ceph: stderr
2023-12-12T12:51:22.565+0000 7f89cabff700 1 -- 172.21.15.38:0/3575995125 >> 172.21.15.38:0/3575995125 conn(0x7f89c40fd880 msgr2=0x7f89c40ffca0 unknown :-1 s=STATE_NONE l=0).mark_down
2023-12-12T12:51:22.839 INFO:teuthology.orchestra.run.smithi038.stdout:/usr/bin/ceph: stderr
2023-12-12T12:51:22.566+0000 7f89cabff700 1 -- 172.21.15.38:0/3575995125 shutdown_connections
2023-12-12T12:51:22.839 INFO:teuthology.orchestra.run.smithi038.stdout:/usr/bin/ceph: stderr
2023-12-12T12:51:22.566+0000 7f89cabff700 1 -- 172.21.15.38:0/3575995125 wait complete.
2023-12-12T12:51:22.839 INFO:teuthology.orchestra.run.smithi038.stdout:Enabling cephadm module...
2023-12-12T12:51:22.928 INFO:journalctl@ceph.mon.smithi038.smithi038.stdout:Dec 12 12:51:22 smithi038 ceph-mon[107133]: from='client.? 172.21.15.38:0/3575995125' entity='client.admin' cmd=[{"prefix": "config assimilate-conf"}]: dispatch
2023-12-12T12:51:23.887 INFO:journalctl@ceph.mon.smithi038.smithi038.stdout:Dec 12 12:51:23 smithi038 ceph-mon[107133]: from='client.? 172.21.15.38:0/3238092329' entity='client.admin' cmd=[{"prefix": "mgr module enable", "module": "cephadm"}]: dispatch
2023-12-12T12:51:23.890 INFO:teuthology.orchestra.run.smithi038.stdout:/usr/bin/ceph: stderr
2023-12-12T12:51:23.201+0000 7fcaf0ee9700 1 Processor -- start
2023-12-12T12:51:23.895 INFO:teuthology.orchestra.run.smithi038.stdout:/usr/bin/ceph: stderr
2023-12-12T12:51:23.202+0000 7fcaf0ee9700 1 -- start start
2023-12-12T12:51:23.895 INFO:teuthology.orchestra.run.smithi038.stdout:/usr/bin/ceph: stderr
2023-12-12T12:51:23.202+0000 7fcaf0ee9700 1 --2- >> [v2:172.21.15.38:3300/0,v1:172.21.15.38:6789/0] conn(0x7fcaec077bd0 0x7fcaec0760e0 unknown :-1 s=NONE pgs=0 cs=0 l=0 rev1=0 crypto rx=0 tx=0 comp rx=0 tx=0).connect
2023-12-12T12:51:23.895 INFO:teuthology.orchestra.run.smithi038.stdout:/usr/bin/ceph: stderr
2023-12-12T12:51:23.202+0000 7fcaf0ee9700 1 -- --> [v2:172.21.15.38:3300/0,v1:172.21.15.38:6789/0] -- mon_getmap magic: 0 v1 -- 0x7fcaec077fe0 con 0x7fcaec077bd0
2023-12-12T12:51:23.895 INFO:teuthology.orchestra.run.smithi038.stdout:/usr/bin/ceph: stderr
2023-12-12T12:51:23.202+0000 7fcaea59c700 1 --2- >> [v2:172.21.15.38:3300/0,v1:172.21.15.38:6789/0] conn(0x7fcaec077bd0 0x7fcaec0760e0 unknown :-1 s=BANNER_CONNECTING pgs=0 cs=0 l=0 rev1=0 crypto rx=0 tx=0 comp rx=0 tx=0)._handle_peer_banner_payload supported=3 required=0
2023-12-12T12:51:23.895 INFO:teuthology.orchestra.run.smithi038.stdout:/usr/bin/ceph: stderr
2023-12-12T12:51:23.202+0000 7fcaea59c700 1 --2- >> [v2:172.21.15.38:3300/0,v1:172.21.15.38:6789/0] conn(0x7fcaec077bd0 0x7fcaec0760e0 unknown :-1 s=HELLO_CONNECTING pgs=0 cs=0 l=0 rev1=1 crypto rx=0 tx=0 comp rx=0 tx=0).handle_hello peer v2:172.21.15.38:3300/0 says I am v2:172.21.15.38:53238/0 (socket says 172.21.15.38:53238)
2023-12-12T12:51:23.895 INFO:teuthology.orchestra.run.smithi038.stdout:/usr/bin/ceph: stderr
2023-12-12T12:51:23.202+0000 7fcaea59c700 1 -- 172.21.15.38:0/33607779 learned_addr learned my addr 172.21.15.38:0/33607779 (peer_addr_for_me v2:172.21.15.38:0/0)
2023-12-12T12:51:23.895 INFO:teuthology.orchestra.run.smithi038.stdout:/usr/bin/ceph: stderr
2023-12-12T12:51:23.203+0000 7fcaea59c700 1 -- 172.21.15.38:0/33607779 --> [v2:172.21.15.38:3300/0,v1:172.21.15.38:6789/0] -- mon_subscribe({config=0+,monmap=0+}) v3 -- 0x7fcaec076620 con 0x7fcaec077bd0
2023-12-12T12:51:23.895 INFO:teuthology.orchestra.run.smithi038.stdout:/usr/bin/ceph: stderr
2023-12-12T12:51:23.203+0000 7fcaea59c700 1 --2- 172.21.15.38:0/33607779 >> [v2:172.21.15.38:3300/0,v1:172.21.15.38:6789/0] conn(0x7fcaec077bd0 0x7fcaec0760e0 secure :-1 s=READY pgs=24 cs=0 l=1 rev1=1 crypto rx=0x7fcadc0098e0 tx=0x7fcadc009250 comp rx=0 tx=0).ready entity=mon.0 client_cookie=b263c91520c0a33e server_cookie=0 in_seq=0 out_seq=0
2023-12-12T12:51:23.895 INFO:teuthology.orchestra.run.smithi038.stdout:/usr/bin/ceph: stderr
2023-12-12T12:51:23.203+0000 7fcae959a700 1 -- 172.21.15.38:0/33607779 <== mon.0 v2:172.21.15.38:3300/0 1 ==== mon_map magic: 0 v1 ==== 229+0+0 (secure 0 0 0) 0x7fcadc00b860 con 0x7fcaec077bd0
2023-12-12T12:51:23.896 INFO:teuthology.orchestra.run.smithi038.stdout:/usr/bin/ceph: stderr
2023-12-12T12:51:23.203+0000 7fcae959a700 1 -- 172.21.15.38:0/33607779 <== mon.0 v2:172.21.15.38:3300/0 2 ==== config(26 keys) v1 ==== 1009+0+0 (secure 0 0 0) 0x7fcadc00be30 con 0x7fcaec077bd0
2023-12-12T12:51:23.896 INFO:teuthology.orchestra.run.smithi038.stdout:/usr/bin/ceph: stderr
2023-12-12T12:51:23.203+0000 7fcae959a700 1 -- 172.21.15.38:0/33607779 <== mon.0 v2:172.21.15.38:3300/0 3 ==== mon_map magic: 0 v1 ==== 229+0+0 (secure 0 0 0) 0x7fcadc010380 con 0x7fcaec077bd0
2023-12-12T12:51:23.896 INFO:teuthology.orchestra.run.smithi038.stdout:/usr/bin/ceph: stderr
2023-12-12T12:51:23.204+0000 7fcaf0ee9700 1 -- 172.21.15.38:0/33607779 >> [v2:172.21.15.38:3300/0,v1:172.21.15.38:6789/0] conn(0x7fcaec077bd0 msgr2=0x7fcaec0760e0 secure :-1 s=STATE_CONNECTION_ESTABLISHED l=1).mark_down
2023-12-12T12:51:23.896 INFO:teuthology.orchestra.run.smithi038.stdout:/usr/bin/ceph: stderr
2023-12-12T12:51:23.204+0000 7fcaf0ee9700 1 --2- 172.21.15.38:0/33607779 >> [v2:172.21.15.38:3300/0,v1:172.21.15.38:6789/0] conn(0x7fcaec077bd0 0x7fcaec0760e0 secure :-1 s=READY pgs=24 cs=0 l=1 rev1=1 crypto rx=0x7fcadc0098e0 tx=0x7fcadc009250 comp rx=0 tx=0).stop
2023-12-12T12:51:23.896 INFO:teuthology.orchestra.run.smithi038.stdout:/usr/bin/ceph: stderr
2023-12-12T12:51:23.204+0000 7fcaf0ee9700 1 -- 172.21.15.38:0/33607779 shutdown_connections
2023-12-12T12:51:23.896 INFO:teuthology.orchestra.run.smithi038.stdout:/usr/bin/ceph: stderr
2023-12-12T12:51:23.204+0000 7fcaf0ee9700 1 --2- 172.21.15.38:0/33607779 >> [v2:172.21.15.38:3300/0,v1:172.21.15.38:6789/0] conn(0x7fcaec077bd0 0x7fcaec0760e0 unknown :-1 s=CLOSED pgs=24 cs=0 l=1 rev1=1 crypto rx=0 tx=0 comp rx=0 tx=0).stop
2023-12-12T12:51:23.896 INFO:teuthology.orchestra.run.smithi038.stdout:/usr/bin/ceph: stderr
2023-12-12T12:51:23.204+0000 7fcaf0ee9700 1 -- 172.21.15.38:0/33607779 >> 172.21.15.38:0/33607779 conn(0x7fcaec0fda50 msgr2=0x7fcaec0ffe60 unknown :-1 s=STATE_NONE l=0).mark_down
2023-12-12T12:51:23.896 INFO:teuthology.orchestra.run.smithi038.stdout:/usr/bin/ceph: stderr
2023-12-12T12:51:23.204+0000 7fcaf0ee9700 1 -- 172.21.15.38:0/33607779 shutdown_connections
2023-12-12T12:51:23.896 INFO:teuthology.orchestra.run.smithi038.stdout:/usr/bin/ceph: stderr
2023-12-12T12:51:23.204+0000 7fcaf0ee9700 1 -- 172.21.15.38:0/33607779 wait complete.
2023-12-12T12:51:23.896 INFO:teuthology.orchestra.run.smithi038.stdout:/usr/bin/ceph: stderr
2023-12-12T12:51:23.205+0000 7fcaf0ee9700 1 Processor -- start
2023-12-12T12:51:23.896 INFO:teuthology.orchestra.run.smithi038.stdout:/usr/bin/ceph: stderr
2023-12-12T12:51:23.205+0000 7fcaf0ee9700 1 -- start start
2023-12-12T12:51:23.896 INFO:teuthology.orchestra.run.smithi038.stdout:/usr/bin/ceph: stderr
2023-12-12T12:51:23.205+0000 7fcaf0ee9700 1 --2- >> [v2:172.21.15.38:3300/0,v1:172.21.15.38:6789/0] conn(0x7fcaec077bd0 0x7fcaec113370 unknown :-1 s=NONE pgs=0 cs=0 l=1 rev1=0 crypto rx=0 tx=0 comp rx=0 tx=0).connect
2023-12-12T12:51:23.896 INFO:teuthology.orchestra.run.smithi038.stdout:/usr/bin/ceph: stderr
2023-12-12T12:51:23.205+0000 7fcaf0ee9700 1 -- --> [v2:172.21.15.38:3300/0,v1:172.21.15.38:6789/0] -- mon_getmap magic: 0 v1 -- 0x7fcaec1138b0 con 0x7fcaec077bd0
2023-12-12T12:51:23.896 INFO:teuthology.orchestra.run.smithi038.stdout:/usr/bin/ceph: stderr
2023-12-12T12:51:23.206+0000 7fcaea59c700 1 --2- >> [v2:172.21.15.38:3300/0,v1:172.21.15.38:6789/0] conn(0x7fcaec077bd0 0x7fcaec113370 unknown :-1 s=BANNER_CONNECTING pgs=0 cs=0 l=1 rev1=0 crypto rx=0 tx=0 comp rx=0 tx=0)._handle_peer_banner_payload supported=3 required=0
2023-12-12T12:51:23.896 INFO:teuthology.orchestra.run.smithi038.stdout:/usr/bin/ceph: stderr
2023-12-12T12:51:23.206+0000 7fcaea59c700 1 --2- >> [v2:172.21.15.38:3300/0,v1:172.21.15.38:6789/0] conn(0x7fcaec077bd0 0x7fcaec113370 unknown :-1 s=HELLO_CONNECTING pgs=0 cs=0 l=1 rev1=1 crypto rx=0 tx=0 comp rx=0 tx=0).handle_hello peer v2:172.21.15.38:3300/0 says I am v2:172.21.15.38:53244/0 (socket says 172.21.15.38:53244)
2023-12-12T12:51:23.896 INFO:teuthology.orchestra.run.smithi038.stdout:/usr/bin/ceph: stderr
2023-12-12T12:51:23.206+0000 7fcaea59c700 1 -- 172.21.15.38:0/3238092329 learned_addr learned my addr 172.21.15.38:0/3238092329 (peer_addr_for_me v2:172.21.15.38:0/0)
2023-12-12T12:51:23.897 INFO:teuthology.orchestra.run.smithi038.stdout:/usr/bin/ceph: stderr
2023-12-12T12:51:23.206+0000 7fcaea59c700 1 -- 172.21.15.38:0/3238092329 --> [v2:172.21.15.38:3300/0,v1:172.21.15.38:6789/0] -- mon_subscribe({config=0+,monmap=0+}) v3 -- 0x7fcadc0094f0 con 0x7fcaec077bd0
2023-12-12T12:51:23.897 INFO:teuthology.orchestra.run.smithi038.stdout:/usr/bin/ceph: stderr
2023-12-12T12:51:23.206+0000 7fcaea59c700 1 --2- 172.21.15.38:0/3238092329 >> [v2:172.21.15.38:3300/0,v1:172.21.15.38:6789/0] conn(0x7fcaec077bd0 0x7fcaec113370 secure :-1 s=READY pgs=25 cs=0 l=1 rev1=1 crypto rx=0x7fcadc006fd0 tx=0x7fcadc009250 comp rx=0 tx=0).ready entity=mon.0 client_cookie=0 server_cookie=0 in_seq=0 out_seq=0
2023-12-12T12:51:23.897 INFO:teuthology.orchestra.run.smithi038.stdout:/usr/bin/ceph: stderr
2023-12-12T12:51:23.206+0000 7fcadaffd700 1 -- 172.21.15.38:0/3238092329 <== mon.0 v2:172.21.15.38:3300/0 1 ==== mon_map magic: 0 v1 ==== 229+0+0 (secure 0 0 0) 0x7fcadc010750 con 0x7fcaec077bd0
2023-12-12T12:51:23.897 INFO:teuthology.orchestra.run.smithi038.stdout:/usr/bin/ceph: stderr
2023-12-12T12:51:23.206+0000 7fcadaffd700 1 -- 172.21.15.38:0/3238092329 <== mon.0 v2:172.21.15.38:3300/0 2 ==== config(26 keys) v1 ==== 1009+0+0 (secure 0 0 0) 0x7fcadc010d20 con 0x7fcaec077bd0
2023-12-12T12:51:23.897 INFO:teuthology.orchestra.run.smithi038.stdout:/usr/bin/ceph: stderr
2023-12-12T12:51:23.206+0000 7fcaf0ee9700 1 -- 172.21.15.38:0/3238092329 --> [v2:172.21.15.38:3300/0,v1:172.21.15.38:6789/0] -- mon_subscribe({mgrmap=0+}) v3 -- 0x7fcaec113ab0 con 0x7fcaec077bd0
2023-12-12T12:51:23.897 INFO:teuthology.orchestra.run.smithi038.stdout:/usr/bin/ceph: stderr
2023-12-12T12:51:23.206+0000 7fcadaffd700 1 -- 172.21.15.38:0/3238092329 <== mon.0 v2:172.21.15.38:3300/0 3 ==== mon_map magic: 0 v1 ==== 229+0+0 (secure 0 0 0) 0x7fcadc01ada0 con 0x7fcaec077bd0
2023-12-12T12:51:23.897 INFO:teuthology.orchestra.run.smithi038.stdout:/usr/bin/ceph: stderr
2023-12-12T12:51:23.207+0000 7fcaf0ee9700 1 -- 172.21.15.38:0/3238092329 --> [v2:172.21.15.38:3300/0,v1:172.21.15.38:6789/0] -- mon_subscribe({osdmap=0}) v3 -- 0x7fcaec113ec0 con 0x7fcaec077bd0
2023-12-12T12:51:23.897 INFO:teuthology.orchestra.run.smithi038.stdout:/usr/bin/ceph: stderr
2023-12-12T12:51:23.208+0000 7fcaf0ee9700 1 -- 172.21.15.38:0/3238092329 --> [v2:172.21.15.38:3300/0,v1:172.21.15.38:6789/0] -- mon_command({"prefix": "get_command_descriptions"} v 0) v1 -- 0x7fcaec04bb80 con 0x7fcaec077bd0
2023-12-12T12:51:23.897 INFO:teuthology.orchestra.run.smithi038.stdout:/usr/bin/ceph: stderr
2023-12-12T12:51:23.208+0000 7fcadaffd700 1 -- 172.21.15.38:0/3238092329 <== mon.0 v2:172.21.15.38:3300/0 4 ==== mgrmap(e 4) v1 ==== 43270+0+0 (secure 0 0 0) 0x7fcadc0108b0 con 0x7fcaec077bd0
2023-12-12T12:51:23.897 INFO:teuthology.orchestra.run.smithi038.stdout:/usr/bin/ceph: stderr
2023-12-12T12:51:23.208+0000 7fcadaffd700 1 --2- 172.21.15.38:0/3238092329 >> [v2:172.21.15.38:6800/2922986718,v1:172.21.15.38:6801/2922986718] conn(0x7fcad40365f0 0x7fcad4038aa0 unknown :-1 s=NONE pgs=0 cs=0 l=1 rev1=0 crypto rx=0 tx=0 comp rx=0 tx=0).connect
2023-12-12T12:51:23.897 INFO:teuthology.orchestra.run.smithi038.stdout:/usr/bin/ceph: stderr
2023-12-12T12:51:23.208+0000 7fcadaffd700 1 -- 172.21.15.38:0/3238092329 <== mon.0 v2:172.21.15.38:3300/0 5 ==== osd_map(1..1 src has 1..1) v4 ==== 721+0+0 (secure 0 0 0) 0x7fcadc049ab0 con 0x7fcaec077bd0
2023-12-12T12:51:23.897 INFO:teuthology.orchestra.run.smithi038.stdout:/usr/bin/ceph: stderr
2023-12-12T12:51:23.208+0000 7fcae9d9b700 1 --2- 172.21.15.38:0/3238092329 >> [v2:172.21.15.38:6800/2922986718,v1:172.21.15.38:6801/2922986718] conn(0x7fcad40365f0 0x7fcad4038aa0 unknown :-1 s=BANNER_CONNECTING pgs=0 cs=0 l=1 rev1=0 crypto rx=0 tx=0 comp rx=0 tx=0)._handle_peer_banner_payload supported=3 required=0
2023-12-12T12:51:23.897 INFO:teuthology.orchestra.run.smithi038.stdout:/usr/bin/ceph: stderr
2023-12-12T12:51:23.209+0000 7fcae9d9b700 1 --2- 172.21.15.38:0/3238092329 >> [v2:172.21.15.38:6800/2922986718,v1:172.21.15.38:6801/2922986718] conn(0x7fcad40365f0 0x7fcad4038aa0 secure :-1 s=READY pgs=8 cs=0 l=1 rev1=1 crypto rx=0x7fcae0009990 tx=0x7fcae0006e40 comp rx=0 tx=0).ready entity=mgr.14100 client_cookie=0 server_cookie=0 in_seq=0 out_seq=0
2023-12-12T12:51:23.897 INFO:teuthology.orchestra.run.smithi038.stdout:/usr/bin/ceph: stderr
2023-12-12T12:51:23.213+0000 7fcadaffd700 1 -- 172.21.15.38:0/3238092329 <== mon.0 v2:172.21.15.38:3300/0 6 ==== mon_command_ack([{"prefix": "get_command_descriptions"}]=0 v0) v1 ==== 72+0+174570 (secure 0 0 0) 0x7fcadc02c350 con 0x7fcaec077bd0
2023-12-12T12:51:23.897 INFO:teuthology.orchestra.run.smithi038.stdout:/usr/bin/ceph: stderr
2023-12-12T12:51:23.469+0000 7fcaf0ee9700 1 -- 172.21.15.38:0/3238092329 --> [v2:172.21.15.38:3300/0,v1:172.21.15.38:6789/0] -- mon_command({"prefix": "mgr module enable", "module": "cephadm"} v 0) v1 -- 0x7fcaec10d180 con 0x7fcaec077bd0
2023-12-12T12:51:23.897 INFO:teuthology.orchestra.run.smithi038.stdout:/usr/bin/ceph: stderr
2023-12-12T12:51:23.621+0000 7fcadaffd700 1 -- 172.21.15.38:0/3238092329 <== mon.0 v2:172.21.15.38:3300/0 7 ==== mgrmap(e 5) v1 ==== 43281+0+0 (secure 0 0 0) 0x7fcadc02a260 con 0x7fcaec077bd0
2023-12-12T12:51:23.898 INFO:teuthology.orchestra.run.smithi038.stdout:/usr/bin/ceph: stderr
2023-12-12T12:51:23.623+0000 7fcadaffd700 1 -- 172.21.15.38:0/3238092329 <== mon.0 v2:172.21.15.38:3300/0 8 ==== mon_command_ack([{"prefix": "mgr module enable", "module": "cephadm"}]=0 v5) v1 ==== 86+0+0 (secure 0 0 0) 0x7fcadc022700 con 0x7fcaec077bd0
2023-12-12T12:51:23.898 INFO:teuthology.orchestra.run.smithi038.stdout:/usr/bin/ceph: stderr
2023-12-12T12:51:23.625+0000 7fcaf0ee9700 1 -- 172.21.15.38:0/3238092329 >> [v2:172.21.15.38:6800/2922986718,v1:172.21.15.38:6801/2922986718] conn(0x7fcad40365f0 msgr2=0x7fcad4038aa0 secure :-1 s=STATE_CONNECTION_ESTABLISHED l=1).mark_down
2023-12-12T12:51:23.898 INFO:teuthology.orchestra.run.smithi038.stdout:/usr/bin/ceph: stderr
2023-12-12T12:51:23.625+0000 7fcaf0ee9700 1 --2- 172.21.15.38:0/3238092329 >> [v2:172.21.15.38:6800/2922986718,v1:172.21.15.38:6801/2922986718] conn(0x7fcad40365f0 0x7fcad4038aa0 secure :-1 s=READY pgs=8 cs=0 l=1 rev1=1 crypto rx=0x7fcae0009990 tx=0x7fcae0006e40 comp rx=0 tx=0).stop
2023-12-12T12:51:23.898 INFO:teuthology.orchestra.run.smithi038.stdout:/usr/bin/ceph: stderr
2023-12-12T12:51:23.625+0000 7fcaf0ee9700 1 -- 172.21.15.38:0/3238092329 >> [v2:172.21.15.38:3300/0,v1:172.21.15.38:6789/0] conn(0x7fcaec077bd0 msgr2=0x7fcaec113370 secure :-1 s=STATE_CONNECTION_ESTABLISHED l=1).mark_down
2023-12-12T12:51:23.898 INFO:teuthology.orchestra.run.smithi038.stdout:/usr/bin/ceph: stderr
2023-12-12T12:51:23.625+0000 7fcaf0ee9700 1 --2- 172.21.15.38:0/3238092329 >> [v2:172.21.15.38:3300/0,v1:172.21.15.38:6789/0] conn(0x7fcaec077bd0 0x7fcaec113370 secure :-1 s=READY pgs=25 cs=0 l=1 rev1=1 crypto rx=0x7fcadc006fd0 tx=0x7fcadc009250 comp rx=0 tx=0).stop
2023-12-12T12:51:23.898 INFO:teuthology.orchestra.run.smithi038.stdout:/usr/bin/ceph: stderr
2023-12-12T12:51:23.625+0000 7fcaf0ee9700 1 -- 172.21.15.38:0/3238092329 shutdown_connections
2023-12-12T12:51:23.898 INFO:teuthology.orchestra.run.smithi038.stdout:/usr/bin/ceph: stderr
2023-12-12T12:51:23.625+0000 7fcaf0ee9700 1 --2- 172.21.15.38:0/3238092329 >> [v2:172.21.15.38:6800/2922986718,v1:172.21.15.38:6801/2922986718] conn(0x7fcad40365f0 0x7fcad4038aa0 unknown :-1 s=CLOSED pgs=8 cs=0 l=1 rev1=1 crypto rx=0 tx=0 comp rx=0 tx=0).stop
2023-12-12T12:51:23.898 INFO:teuthology.orchestra.run.smithi038.stdout:/usr/bin/ceph: stderr
2023-12-12T12:51:23.625+0000 7fcaf0ee9700 1 --2- 172.21.15.38:0/3238092329 >> [v2:172.21.15.38:3300/0,v1:172.21.15.38:6789/0] conn(0x7fcaec077bd0 0x7fcaec113370 unknown :-1 s=CLOSED pgs=25 cs=0 l=1 rev1=1 crypto rx=0 tx=0 comp rx=0 tx=0).stop
2023-12-12T12:51:23.898 INFO:teuthology.orchestra.run.smithi038.stdout:/usr/bin/ceph: stderr
2023-12-12T12:51:23.625+0000 7fcaf0ee9700 1 -- 172.21.15.38:0/3238092329 >> 172.21.15.38:0/3238092329 conn(0x7fcaec0fda50 msgr2=0x7fcaec0ffe10 unknown :-1 s=STATE_NONE l=0).mark_down
2023-12-12T12:51:23.898 INFO:teuthology.orchestra.run.smithi038.stdout:/usr/bin/ceph: stderr
2023-12-12T12:51:23.626+0000 7fcaf0ee9700 1 -- 172.21.15.38:0/3238092329 shutdown_connections
2023-12-12T12:51:23.898 INFO:teuthology.orchestra.run.smithi038.stdout:/usr/bin/ceph: stderr
2023-12-12T12:51:23.626+0000 7fcaf0ee9700 1 -- 172.21.15.38:0/3238092329 wait complete.
2023-12-12T12:51:24.795 INFO:journalctl@ceph.mon.smithi038.smithi038.stdout:Dec 12 12:51:24 smithi038 ceph-mon[107133]: from='client.? 172.21.15.38:0/3238092329' entity='client.admin' cmd='[{"prefix": "mgr module enable", "module": "cephadm"}]': finished
2023-12-12T12:51:24.795 INFO:journalctl@ceph.mon.smithi038.smithi038.stdout:Dec 12 12:51:24 smithi038 ceph-mon[107133]: mgrmap e5: smithi038.hdoprv(active, since 12s)
2023-12-12T12:51:24.795 INFO:journalctl@ceph.mon.smithi038.smithi038.stdout:Dec 12 12:51:24 smithi038 ceph-mon[107133]: from='client.? 172.21.15.38:0/4153226278' entity='client.admin' cmd=[{"prefix": "mgr stat"}]: dispatch
2023-12-12T12:51:24.926 INFO:teuthology.orchestra.run.smithi038.stdout:/usr/bin/ceph: stdout {
2023-12-12T12:51:24.926 INFO:teuthology.orchestra.run.smithi038.stdout:/usr/bin/ceph: stdout "epoch": 5,
2023-12-12T12:51:24.926 INFO:teuthology.orchestra.run.smithi038.stdout:/usr/bin/ceph: stdout "available": true,
2023-12-12T12:51:24.926 INFO:teuthology.orchestra.run.smithi038.stdout:/usr/bin/ceph: stdout "active_name": "smithi038.hdoprv",
2023-12-12T12:51:24.926 INFO:teuthology.orchestra.run.smithi038.stdout:/usr/bin/ceph: stdout "num_standby": 0
2023-12-12T12:51:24.926 INFO:teuthology.orchestra.run.smithi038.stdout:/usr/bin/ceph: stdout }
2023-12-12T12:51:24.927 INFO:teuthology.orchestra.run.smithi038.stdout:/usr/bin/ceph: stderr
2023-12-12T12:51:24.310+0000 7f5c01164700 1 Processor -- start
2023-12-12T12:51:24.927 INFO:teuthology.orchestra.run.smithi038.stdout:/usr/bin/ceph: stderr
2023-12-12T12:51:24.310+0000 7f5c01164700 1 -- start start
2023-12-12T12:51:24.927 INFO:teuthology.orchestra.run.smithi038.stdout:/usr/bin/ceph: stderr
2023-12-12T12:51:24.310+0000 7f5c01164700 1 --2- >> [v2:172.21.15.38:3300/0,v1:172.21.15.38:6789/0] conn(0x7f5bfc077bb0 0x7f5bfc0760c0 unknown :-1 s=NONE pgs=0 cs=0 l=0 rev1=0 crypto rx=0 tx=0 comp rx=0 tx=0).connect
2023-12-12T12:51:24.927 INFO:teuthology.orchestra.run.smithi038.stdout:/usr/bin/ceph: stderr
2023-12-12T12:51:24.310+0000 7f5c01164700 1 -- --> [v2:172.21.15.38:3300/0,v1:172.21.15.38:6789/0] -- mon_getmap magic: 0 v1 -- 0x7f5bfc077fc0 con 0x7f5bfc077bb0
2023-12-12T12:51:24.927 INFO:teuthology.orchestra.run.smithi038.stdout:/usr/bin/ceph: stderr
2023-12-12T12:51:24.310+0000 7f5bfad9d700 1 --2- >> [v2:172.21.15.38:3300/0,v1:172.21.15.38:6789/0] conn(0x7f5bfc077bb0 0x7f5bfc0760c0 unknown :-1 s=BANNER_CONNECTING pgs=0 cs=0 l=0 rev1=0 crypto rx=0 tx=0 comp rx=0 tx=0)._handle_peer_banner_payload supported=3 required=0
2023-12-12T12:51:24.927 INFO:teuthology.orchestra.run.smithi038.stdout:/usr/bin/ceph: stderr
2023-12-12T12:51:24.311+0000 7f5bfad9d700 1 --2- >> [v2:172.21.15.38:3300/0,v1:172.21.15.38:6789/0] conn(0x7f5bfc077bb0 0x7f5bfc0760c0 unknown :-1 s=HELLO_CONNECTING pgs=0 cs=0 l=0 rev1=1 crypto rx=0 tx=0 comp rx=0 tx=0).handle_hello peer v2:172.21.15.38:3300/0 says I am v2:172.21.15.38:53266/0 (socket says 172.21.15.38:53266)
2023-12-12T12:51:24.927 INFO:teuthology.orchestra.run.smithi038.stdout:/usr/bin/ceph: stderr
2023-12-12T12:51:24.311+0000 7f5bfad9d700 1 -- 172.21.15.38:0/570402037 learned_addr learned my addr 172.21.15.38:0/570402037 (peer_addr_for_me v2:172.21.15.38:0/0)
2023-12-12T12:51:24.927 INFO:teuthology.orchestra.run.smithi038.stdout:/usr/bin/ceph: stderr
2023-12-12T12:51:24.311+0000 7f5bfad9d700 1 -- 172.21.15.38:0/570402037 --> [v2:172.21.15.38:3300/0,v1:172.21.15.38:6789/0] -- mon_subscribe({config=0+,monmap=0+}) v3 -- 0x7f5bfc076600 con 0x7f5bfc077bb0
2023-12-12T12:51:24.927 INFO:teuthology.orchestra.run.smithi038.stdout:/usr/bin/ceph: stderr
2023-12-12T12:51:24.311+0000 7f5bfad9d700 1 --2- 172.21.15.38:0/570402037 >> [v2:172.21.15.38:3300/0,v1:172.21.15.38:6789/0] conn(0x7f5bfc077bb0 0x7f5bfc0760c0 secure :-1 s=READY pgs=28 cs=0 l=1 rev1=1 crypto rx=0x7f5bec0098e0 tx=0x7f5bec009250 comp rx=0 tx=0).ready entity=mon.0 client_cookie=ac1857d934002d71 server_cookie=0 in_seq=0 out_seq=0
2023-12-12T12:51:24.927 INFO:teuthology.orchestra.run.smithi038.stdout:/usr/bin/ceph: stderr
2023-12-12T12:51:24.311+0000 7f5bf9d9b700 1 -- 172.21.15.38:0/570402037 <== mon.0 v2:172.21.15.38:3300/0 1 ==== mon_map magic: 0 v1 ==== 229+0+0 (secure 0 0 0) 0x7f5bec00b860 con 0x7f5bfc077bb0
2023-12-12T12:51:24.927 INFO:teuthology.orchestra.run.smithi038.stdout:/usr/bin/ceph: stderr
2023-12-12T12:51:24.312+0000 7f5bf9d9b700 1 -- 172.21.15.38:0/570402037 <== mon.0 v2:172.21.15.38:3300/0 2 ==== config(26 keys) v1 ==== 1009+0+0 (secure 0 0 0) 0x7f5bec00be30 con 0x7f5bfc077bb0
2023-12-12T12:51:24.927 INFO:teuthology.orchestra.run.smithi038.stdout:/usr/bin/ceph: stderr
2023-12-12T12:51:24.312+0000 7f5bf9d9b700 1 -- 172.21.15.38:0/570402037 <== mon.0 v2:172.21.15.38:3300/0 3 ==== mon_map magic: 0 v1 ==== 229+0+0 (secure 0 0 0) 0x7f5bec010380 con 0x7f5bfc077bb0
2023-12-12T12:51:24.927 INFO:teuthology.orchestra.run.smithi038.stdout:/usr/bin/ceph: stderr
2023-12-12T12:51:24.312+0000 7f5c01164700 1 -- 172.21.15.38:0/570402037 >> [v2:172.21.15.38:3300/0,v1:172.21.15.38:6789/0] conn(0x7f5bfc077bb0 msgr2=0x7f5bfc0760c0 secure :-1 s=STATE_CONNECTION_ESTABLISHED l=1).mark_down
2023-12-12T12:51:24.927 INFO:teuthology.orchestra.run.smithi038.stdout:/usr/bin/ceph: stderr
2023-12-12T12:51:24.312+0000 7f5c01164700 1 --2- 172.21.15.38:0/570402037 >> [v2:172.21.15.38:3300/0,v1:172.21.15.38:6789/0] conn(0x7f5bfc077bb0 0x7f5bfc0760c0 secure :-1 s=READY pgs=28 cs=0 l=1 rev1=1 crypto rx=0x7f5bec0098e0 tx=0x7f5bec009250 comp rx=0 tx=0).stop
2023-12-12T12:51:24.927 INFO:teuthology.orchestra.run.smithi038.stdout:/usr/bin/ceph: stderr
2023-12-12T12:51:24.312+0000 7f5c01164700 1 -- 172.21.15.38:0/570402037 shutdown_connections
2023-12-12T12:51:24.928 INFO:teuthology.orchestra.run.smithi038.stdout:/usr/bin/ceph: stderr
2023-12-12T12:51:24.312+0000 7f5c01164700 1 --2- 172.21.15.38:0/570402037 >> [v2:172.21.15.38:3300/0,v1:172.21.15.38:6789/0] conn(0x7f5bfc077bb0 0x7f5bfc0760c0 unknown :-1 s=CLOSED pgs=28 cs=0 l=1 rev1=1 crypto rx=0 tx=0 comp rx=0 tx=0).stop
2023-12-12T12:51:24.928 INFO:teuthology.orchestra.run.smithi038.stdout:/usr/bin/ceph: stderr
2023-12-12T12:51:24.312+0000 7f5c01164700 1 -- 172.21.15.38:0/570402037 >> 172.21.15.38:0/570402037 conn(0x7f5bfc0fda50 msgr2=0x7f5bfc0ffe60 unknown :-1 s=STATE_NONE l=0).mark_down
2023-12-12T12:51:24.928 INFO:teuthology.orchestra.run.smithi038.stdout:/usr/bin/ceph: stderr
2023-12-12T12:51:24.312+0000 7f5c01164700 1 -- 172.21.15.38:0/570402037 shutdown_connections
2023-12-12T12:51:24.928 INFO:teuthology.orchestra.run.smithi038.stdout:/usr/bin/ceph: stderr
2023-12-12T12:51:24.312+0000 7f5c01164700 1 -- 172.21.15.38:0/570402037 wait complete.
2023-12-12T12:51:24.928 INFO:teuthology.orchestra.run.smithi038.stdout:/usr/bin/ceph: stderr
2023-12-12T12:51:24.313+0000 7f5c01164700 1 Processor -- start
2023-12-12T12:51:24.928 INFO:teuthology.orchestra.run.smithi038.stdout:/usr/bin/ceph: stderr
2023-12-12T12:51:24.313+0000 7f5c01164700 1 -- start start
2023-12-12T12:51:24.928 INFO:teuthology.orchestra.run.smithi038.stdout:/usr/bin/ceph: stderr
2023-12-12T12:51:24.314+0000 7f5c01164700 1 --2- >> [v2:172.21.15.38:3300/0,v1:172.21.15.38:6789/0] conn(0x7f5bfc077bb0 0x7f5bfc1133d0 unknown :-1 s=NONE pgs=0 cs=0 l=1 rev1=0 crypto rx=0 tx=0 comp rx=0 tx=0).connect
2023-12-12T12:51:24.928 INFO:teuthology.orchestra.run.smithi038.stdout:/usr/bin/ceph: stderr
2023-12-12T12:51:24.314+0000 7f5c01164700 1 -- --> [v2:172.21.15.38:3300/0,v1:172.21.15.38:6789/0] -- mon_getmap magic: 0 v1 -- 0x7f5bfc113910 con 0x7f5bfc077bb0
2023-12-12T12:51:24.928 INFO:teuthology.orchestra.run.smithi038.stdout:/usr/bin/ceph: stderr
2023-12-12T12:51:24.314+0000 7f5bfad9d700 1 --2- >> [v2:172.21.15.38:3300/0,v1:172.21.15.38:6789/0] conn(0x7f5bfc077bb0 0x7f5bfc1133d0 unknown :-1 s=BANNER_CONNECTING pgs=0 cs=0 l=1 rev1=0 crypto rx=0 tx=0 comp rx=0 tx=0)._handle_peer_banner_payload supported=3 required=0
2023-12-12T12:51:24.928 INFO:teuthology.orchestra.run.smithi038.stdout:/usr/bin/ceph: stderr
2023-12-12T12:51:24.314+0000 7f5bfad9d700 1 --2- >> [v2:172.21.15.38:3300/0,v1:172.21.15.38:6789/0] conn(0x7f5bfc077bb0 0x7f5bfc1133d0 unknown :-1 s=HELLO_CONNECTING pgs=0 cs=0 l=1 rev1=1 crypto rx=0 tx=0 comp rx=0 tx=0).handle_hello peer v2:172.21.15.38:3300/0 says I am v2:172.21.15.38:53282/0 (socket says 172.21.15.38:53282)
2023-12-12T12:51:24.928 INFO:teuthology.orchestra.run.smithi038.stdout:/usr/bin/ceph: stderr
2023-12-12T12:51:24.314+0000 7f5bfad9d700 1 -- 172.21.15.38:0/4153226278 learned_addr learned my addr 172.21.15.38:0/4153226278 (peer_addr_for_me v2:172.21.15.38:0/0)
2023-12-12T12:51:24.928 INFO:teuthology.orchestra.run.smithi038.stdout:/usr/bin/ceph: stderr
2023-12-12T12:51:24.314+0000 7f5bfad9d700 1 -- 172.21.15.38:0/4153226278 --> [v2:172.21.15.38:3300/0,v1:172.21.15.38:6789/0] -- mon_subscribe({config=0+,monmap=0+}) v3 -- 0x7f5bec0094f0 con 0x7f5bfc077bb0
2023-12-12T12:51:24.928 INFO:teuthology.orchestra.run.smithi038.stdout:/usr/bin/ceph: stderr
2023-12-12T12:51:24.314+0000 7f5bfad9d700 1 --2- 172.21.15.38:0/4153226278 >> [v2:172.21.15.38:3300/0,v1:172.21.15.38:6789/0] conn(0x7f5bfc077bb0 0x7f5bfc1133d0 secure :-1 s=READY pgs=29 cs=0 l=1 rev1=1 crypto rx=0x7f5bec00b440 tx=0x7f5bec009250 comp rx=0 tx=0).ready entity=mon.0 client_cookie=0 server_cookie=0 in_seq=0 out_seq=0
2023-12-12T12:51:24.928 INFO:teuthology.orchestra.run.smithi038.stdout:/usr/bin/ceph: stderr
2023-12-12T12:51:24.315+0000 7f5be37fe700 1 -- 172.21.15.38:0/4153226278 <== mon.0 v2:172.21.15.38:3300/0 1 ==== mon_map magic: 0 v1 ==== 229+0+0 (secure 0 0 0) 0x7f5bec0107a0 con 0x7f5bfc077bb0
2023-12-12T12:51:24.928 INFO:teuthology.orchestra.run.smithi038.stdout:/usr/bin/ceph: stderr
2023-12-12T12:51:24.315+0000 7f5be37fe700 1 -- 172.21.15.38:0/4153226278 <== mon.0 v2:172.21.15.38:3300/0 2 ==== config(26 keys) v1 ==== 1009+0+0 (secure 0 0 0) 0x7f5bec010d70 con 0x7f5bfc077bb0
2023-12-12T12:51:24.928 INFO:teuthology.orchestra.run.smithi038.stdout:/usr/bin/ceph: stderr
2023-12-12T12:51:24.315+0000 7f5be37fe700 1 -- 172.21.15.38:0/4153226278 <== mon.0 v2:172.21.15.38:3300/0 3 ==== mon_map magic: 0 v1 ==== 229+0+0 (secure 0 0 0) 0x7f5bec01adc0 con 0x7f5bfc077bb0
2023-12-12T12:51:24.929 INFO:teuthology.orchestra.run.smithi038.stdout:/usr/bin/ceph: stderr
2023-12-12T12:51:24.315+0000 7f5c01164700 1 -- 172.21.15.38:0/4153226278 --> [v2:172.21.15.38:3300/0,v1:172.21.15.38:6789/0] -- mon_subscribe({mgrmap=0+}) v3 -- 0x7f5bfc113b10 con 0x7f5bfc077bb0
2023-12-12T12:51:24.929 INFO:teuthology.orchestra.run.smithi038.stdout:/usr/bin/ceph: stderr
2023-12-12T12:51:24.315+0000 7f5c01164700 1 -- 172.21.15.38:0/4153226278 --> [v2:172.21.15.38:3300/0,v1:172.21.15.38:6789/0] -- mon_subscribe({osdmap=0}) v3 -- 0x7f5bfc113f20 con 0x7f5bfc077bb0
2023-12-12T12:51:24.929 INFO:teuthology.orchestra.run.smithi038.stdout:/usr/bin/ceph: stderr
2023-12-12T12:51:24.316+0000 7f5be37fe700 1 -- 172.21.15.38:0/4153226278 <== mon.0 v2:172.21.15.38:3300/0 4 ==== mgrmap(e 5) v1 ==== 43281+0+0 (secure 0 0 0) 0x7f5bec010900 con 0x7f5bfc077bb0
2023-12-12T12:51:24.929 INFO:teuthology.orchestra.run.smithi038.stdout:/usr/bin/ceph: stderr
2023-12-12T12:51:24.316+0000 7f5c01164700 1 -- 172.21.15.38:0/4153226278 --> [v2:172.21.15.38:3300/0,v1:172.21.15.38:6789/0] -- mon_command({"prefix": "get_command_descriptions"} v 0) v1 -- 0x7f5bfc04bb80 con 0x7f5bfc077bb0
2023-12-12T12:51:24.929 INFO:teuthology.orchestra.run.smithi038.stdout:/usr/bin/ceph: stderr
2023-12-12T12:51:24.316+0000 7f5be37fe700 1 --2- 172.21.15.38:0/4153226278 >> [v2:172.21.15.38:6800/2922986718,v1:172.21.15.38:6801/2922986718] conn(0x7f5be4036640 0x7f5be4038af0 unknown :-1 s=NONE pgs=0 cs=0 l=1 rev1=0 crypto rx=0 tx=0 comp rx=0 tx=0).connect
2023-12-12T12:51:24.929 INFO:teuthology.orchestra.run.smithi038.stdout:/usr/bin/ceph: stderr
2023-12-12T12:51:24.316+0000 7f5be37fe700 1 -- 172.21.15.38:0/4153226278 <== mon.0 v2:172.21.15.38:3300/0 5 ==== osd_map(1..1 src has 1..1) v4 ==== 721+0+0 (secure 0 0 0) 0x7f5bec049c60 con 0x7f5bfc077bb0
2023-12-12T12:51:24.929 INFO:teuthology.orchestra.run.smithi038.stdout:/usr/bin/ceph: stderr
2023-12-12T12:51:24.317+0000 7f5bfa59c700 1 -- 172.21.15.38:0/4153226278 >> [v2:172.21.15.38:6800/2922986718,v1:172.21.15.38:6801/2922986718] conn(0x7f5be4036640 msgr2=0x7f5be4038af0 unknown :-1 s=STATE_CONNECTING_RE l=1).process reconnect failed to v2:172.21.15.38:6800/2922986718
2023-12-12T12:51:24.929 INFO:teuthology.orchestra.run.smithi038.stdout:/usr/bin/ceph: stderr
2023-12-12T12:51:24.317+0000 7f5bfa59c700 1 --2- 172.21.15.38:0/4153226278 >> [v2:172.21.15.38:6800/2922986718,v1:172.21.15.38:6801/2922986718] conn(0x7f5be4036640 0x7f5be4038af0 unknown :-1 s=START_CONNECT pgs=0 cs=0 l=1 rev1=0 crypto rx=0 tx=0 comp rx=0 tx=0)._fault waiting 0.200000
2023-12-12T12:51:24.929 INFO:teuthology.orchestra.run.smithi038.stdout:/usr/bin/ceph: stderr
2023-12-12T12:51:24.321+0000 7f5be37fe700 1 -- 172.21.15.38:0/4153226278 <== mon.0 v2:172.21.15.38:3300/0 6 ==== mon_command_ack([{"prefix": "get_command_descriptions"}]=0 v0) v1 ==== 72+0+174570 (secure 0 0 0) 0x7f5bec02c350 con 0x7f5bfc077bb0
2023-12-12T12:51:24.929 INFO:teuthology.orchestra.run.smithi038.stdout:/usr/bin/ceph: stderr
2023-12-12T12:51:24.518+0000 7f5bfa59c700 1 -- 172.21.15.38:0/4153226278 >> [v2:172.21.15.38:6800/2922986718,v1:172.21.15.38:6801/2922986718] conn(0x7f5be4036640 msgr2=0x7f5be4038af0 unknown :-1 s=STATE_CONNECTING_RE l=1).process reconnect failed to v2:172.21.15.38:6800/2922986718
2023-12-12T12:51:24.929 INFO:teuthology.orchestra.run.smithi038.stdout:/usr/bin/ceph: stderr
2023-12-12T12:51:24.518+0000 7f5bfa59c700 1 --2- 172.21.15.38:0/4153226278 >> [v2:172.21.15.38:6800/2922986718,v1:172.21.15.38:6801/2922986718] conn(0x7f5be4036640 0x7f5be4038af0 unknown :-1 s=START_CONNECT pgs=0 cs=0 l=1 rev1=0 crypto rx=0 tx=0 comp rx=0 tx=0)._fault waiting 0.400000
2023-12-12T12:51:24.929 INFO:teuthology.orchestra.run.smithi038.stdout:/usr/bin/ceph: stderr
2023-12-12T12:51:24.604+0000 7f5c01164700 1 -- 172.21.15.38:0/4153226278 --> [v2:172.21.15.38:3300/0,v1:172.21.15.38:6789/0] -- mon_command({"prefix": "mgr stat"} v 0) v1 -- 0x7f5bfc10d190 con 0x7f5bfc077bb0
2023-12-12T12:51:24.929 INFO:teuthology.orchestra.run.smithi038.stdout:/usr/bin/ceph: stderr
2023-12-12T12:51:24.605+0000 7f5be37fe700 1 -- 172.21.15.38:0/4153226278 <== mon.0 v2:172.21.15.38:3300/0 7 ==== mon_command_ack([{"prefix": "mgr stat"}]=0 v5) v1 ==== 56+0+103 (secure 0 0 0) 0x7f5bec023350 con 0x7f5bfc077bb0
2023-12-12T12:51:24.929 INFO:teuthology.orchestra.run.smithi038.stdout:/usr/bin/ceph: stderr
2023-12-12T12:51:24.607+0000 7f5c01164700 1 -- 172.21.15.38:0/4153226278 >> [v2:172.21.15.38:6800/2922986718,v1:172.21.15.38:6801/2922986718] conn(0x7f5be4036640 msgr2=0x7f5be4038af0 unknown :-1 s=STATE_CONNECTING l=1).mark_down
2023-12-12T12:51:24.929 INFO:teuthology.orchestra.run.smithi038.stdout:/usr/bin/ceph: stderr
2023-12-12T12:51:24.607+0000 7f5c01164700 1 --2- 172.21.15.38:0/4153226278 >> [v2:172.21.15.38:6800/2922986718,v1:172.21.15.38:6801/2922986718] conn(0x7f5be4036640 0x7f5be4038af0 unknown :-1 s=START_CONNECT pgs=0 cs=0 l=1 rev1=0 crypto rx=0 tx=0 comp rx=0 tx=0).stop
2023-12-12T12:51:24.929 INFO:teuthology.orchestra.run.smithi038.stdout:/usr/bin/ceph: stderr
2023-12-12T12:51:24.607+0000 7f5c01164700 1 -- 172.21.15.38:0/4153226278 >> [v2:172.21.15.38:3300/0,v1:172.21.15.38:6789/0] conn(0x7f5bfc077bb0 msgr2=0x7f5bfc1133d0 secure :-1 s=STATE_CONNECTION_ESTABLISHED l=1).mark_down
2023-12-12T12:51:24.930 INFO:teuthology.orchestra.run.smithi038.stdout:/usr/bin/ceph: stderr
2023-12-12T12:51:24.607+0000 7f5c01164700 1 --2- 172.21.15.38:0/4153226278 >> [v2:172.21.15.38:3300/0,v1:172.21.15.38:6789/0] conn(0x7f5bfc077bb0 0x7f5bfc1133d0 secure :-1 s=READY pgs=29 cs=0 l=1 rev1=1 crypto rx=0x7f5bec00b440 tx=0x7f5bec009250 comp rx=0 tx=0).stop
2023-12-12T12:51:24.930 INFO:teuthology.orchestra.run.smithi038.stdout:/usr/bin/ceph: stderr
2023-12-12T12:51:24.607+0000 7f5c01164700 1 -- 172.21.15.38:0/4153226278 shutdown_connections
2023-12-12T12:51:24.930 INFO:teuthology.orchestra.run.smithi038.stdout:/usr/bin/ceph: stderr
2023-12-12T12:51:24.607+0000 7f5c01164700 1 --2- 172.21.15.38:0/4153226278 >> [v2:172.21.15.38:6800/2922986718,v1:172.21.15.38:6801/2922986718] conn(0x7f5be4036640 0x7f5be4038af0 unknown :-1 s=CLOSED pgs=0 cs=0 l=1 rev1=0 crypto rx=0 tx=0 comp rx=0 tx=0).stop
2023-12-12T12:51:24.930 INFO:teuthology.orchestra.run.smithi038.stdout:/usr/bin/ceph: stderr
2023-12-12T12:51:24.607+0000 7f5c01164700 1 --2- 172.21.15.38:0/4153226278 >> [v2:172.21.15.38:3300/0,v1:172.21.15.38:6789/0] conn(0x7f5bfc077bb0 0x7f5bfc1133d0 unknown :-1 s=CLOSED pgs=29 cs=0 l=1 rev1=1 crypto rx=0 tx=0 comp rx=0 tx=0).stop
2023-12-12T12:51:24.930 INFO:teuthology.orchestra.run.smithi038.stdout:/usr/bin/ceph: stderr
2023-12-12T12:51:24.607+0000 7f5c01164700 1 -- 172.21.15.38:0/4153226278 >> 172.21.15.38:0/4153226278 conn(0x7f5bfc0fda50 msgr2=0x7f5bfc0ffe50 unknown :-1 s=STATE_NONE l=0).mark_down
2023-12-12T12:51:24.930 INFO:teuthology.orchestra.run.smithi038.stdout:/usr/bin/ceph: stderr
2023-12-12T12:51:24.607+0000 7f5c01164700 1 -- 172.21.15.38:0/4153226278 shutdown_connections
2023-12-12T12:51:24.930 INFO:teuthology.orchestra.run.smithi038.stdout:/usr/bin/ceph: stderr
2023-12-12T12:51:24.607+0000 7f5c01164700 1 -- 172.21.15.38:0/4153226278 wait complete.
2023-12-12T12:51:24.930 INFO:teuthology.orchestra.run.smithi038.stdout:Waiting for the mgr to restart...
2023-12-12T12:51:24.930 INFO:teuthology.orchestra.run.smithi038.stdout:Waiting for mgr epoch 5...
2023-12-12T12:51:32.428 INFO:journalctl@ceph.mon.smithi038.smithi038.stdout:Dec 12 12:51:32 smithi038 ceph-mon[107133]: Active manager daemon smithi038.hdoprv restarted
2023-12-12T12:51:32.428 INFO:journalctl@ceph.mon.smithi038.smithi038.stdout:Dec 12 12:51:32 smithi038 ceph-mon[107133]: Activating manager daemon smithi038.hdoprv
2023-12-12T12:51:32.428 INFO:journalctl@ceph.mon.smithi038.smithi038.stdout:Dec 12 12:51:32 smithi038 ceph-mon[107133]: osdmap e2: 0 total, 0 up, 0 in
2023-12-12T12:51:32.429 INFO:journalctl@ceph.mon.smithi038.smithi038.stdout:Dec 12 12:51:32 smithi038 ceph-mon[107133]: mgrmap e6: smithi038.hdoprv(active, starting, since 0.00533509s)
2023-12-12T12:51:32.429 INFO:journalctl@ceph.mon.smithi038.smithi038.stdout:Dec 12 12:51:32 smithi038 ceph-mon[107133]: from='mgr.14122 172.21.15.38:0/180367293' entity='mgr.smithi038.hdoprv' cmd=[{"prefix": "mon metadata", "id": "smithi038"}]: dispatch
2023-12-12T12:51:32.429 INFO:journalctl@ceph.mon.smithi038.smithi038.stdout:Dec 12 12:51:32 smithi038 ceph-mon[107133]: from='mgr.14122 172.21.15.38:0/180367293' entity='mgr.smithi038.hdoprv' cmd=[{"prefix": "mgr metadata", "who": "smithi038.hdoprv", "id": "smithi038.hdoprv"}]: dispatch
2023-12-12T12:51:32.429 INFO:journalctl@ceph.mon.smithi038.smithi038.stdout:Dec 12 12:51:32 smithi038 ceph-mon[107133]: from='mgr.14122 172.21.15.38:0/180367293' entity='mgr.smithi038.hdoprv' cmd=[{"prefix": "mds metadata"}]: dispatch
2023-12-12T12:51:32.429 INFO:journalctl@ceph.mon.smithi038.smithi038.stdout:Dec 12 12:51:32 smithi038 ceph-mon[107133]: from='mgr.14122 172.21.15.38:0/180367293' entity='mgr.smithi038.hdoprv' cmd=[{"prefix": "osd metadata"}]: dispatch
2023-12-12T12:51:32.429 INFO:journalctl@ceph.mon.smithi038.smithi038.stdout:Dec 12 12:51:32 smithi038 ceph-mon[107133]: from='mgr.14122 172.21.15.38:0/180367293' entity='mgr.smithi038.hdoprv' cmd=[{"prefix": "mon metadata"}]: dispatch
2023-12-12T12:51:32.429 INFO:journalctl@ceph.mon.smithi038.smithi038.stdout:Dec 12 12:51:32 smithi038 ceph-mon[107133]: Manager daemon smithi038.hdoprv is now available
2023-12-12T12:51:32.429 INFO:journalctl@ceph.mon.smithi038.smithi038.stdout:Dec 12 12:51:32 smithi038 ceph-mon[107133]: from='mgr.14122 172.21.15.38:0/180367293' entity='mgr.smithi038.hdoprv'
2023-12-12T12:51:32.429 INFO:journalctl@ceph.mon.smithi038.smithi038.stdout:Dec 12 12:51:32 smithi038 ceph-mon[107133]: from='mgr.14122 172.21.15.38:0/180367293' entity='mgr.smithi038.hdoprv'
2023-12-12T12:51:32.429 INFO:journalctl@ceph.mon.smithi038.smithi038.stdout:Dec 12 12:51:32 smithi038 ceph-mon[107133]: from='mgr.14122 172.21.15.38:0/180367293' entity='mgr.smithi038.hdoprv' cmd=[{"prefix": "config dump", "format": "json"}]: dispatch
2023-12-12T12:51:33.553 INFO:teuthology.orchestra.run.smithi038.stdout:/usr/bin/ceph: stdout {
2023-12-12T12:51:33.553 INFO:teuthology.orchestra.run.smithi038.stdout:/usr/bin/ceph: stdout "mgrmap_epoch": 7,
2023-12-12T12:51:33.553 INFO:teuthology.orchestra.run.smithi038.stdout:/usr/bin/ceph: stdout "initialized": true
2023-12-12T12:51:33.553 INFO:teuthology.orchestra.run.smithi038.stdout:/usr/bin/ceph: stdout }
2023-12-12T12:51:33.553 INFO:teuthology.orchestra.run.smithi038.stdout:/usr/bin/ceph: stderr
2023-12-12T12:51:25.337+0000 7f7bb27b3700 1 Processor -- start
2023-12-12T12:51:33.553 INFO:teuthology.orchestra.run.smithi038.stdout:/usr/bin/ceph: stderr
2023-12-12T12:51:25.337+0000 7f7bb27b3700 1 -- start start
2023-12-12T12:51:33.553 INFO:teuthology.orchestra.run.smithi038.stdout:/usr/bin/ceph: stderr
2023-12-12T12:51:25.338+0000 7f7bb27b3700 1 --2- >> [v2:172.21.15.38:3300/0,v1:172.21.15.38:6789/0] conn(0x7f7bac1022d0 0x7f7bac1026e0 unknown :-1 s=NONE pgs=0 cs=0 l=0 rev1=0 crypto rx=0 tx=0 comp rx=0 tx=0).connect
2023-12-12T12:51:33.554 INFO:journalctl@ceph.mon.smithi038.smithi038.stdout:Dec 12 12:51:33 smithi038 ceph-mon[107133]: Found migration_current of "None". Setting to last migration.
2023-12-12T12:51:33.554 INFO:journalctl@ceph.mon.smithi038.smithi038.stdout:Dec 12 12:51:33 smithi038 ceph-mon[107133]: from='mgr.14122 172.21.15.38:0/180367293' entity='mgr.smithi038.hdoprv' cmd=[{"prefix": "config dump", "format": "json"}]: dispatch
2023-12-12T12:51:33.554 INFO:journalctl@ceph.mon.smithi038.smithi038.stdout:Dec 12 12:51:33 smithi038 ceph-mon[107133]: from='mgr.14122 172.21.15.38:0/180367293' entity='mgr.smithi038.hdoprv' cmd=[{"prefix": "config dump", "format": "json"}]: dispatch
2023-12-12T12:51:33.554 INFO:journalctl@ceph.mon.smithi038.smithi038.stdout:Dec 12 12:51:33 smithi038 ceph-mon[107133]: from='mgr.14122 172.21.15.38:0/180367293' entity='mgr.smithi038.hdoprv' cmd=[{"prefix":"config rm","who":"mgr","name":"mgr/rbd_support/smithi038.hdoprv/mirror_snapshot_schedule"}]: dispatch
2023-12-12T12:51:33.554 INFO:journalctl@ceph.mon.smithi038.smithi038.stdout:Dec 12 12:51:33 smithi038 ceph-mon[107133]: from='mgr.14122 172.21.15.38:0/180367293' entity='mgr.smithi038.hdoprv' cmd=[{"prefix":"config rm","who":"mgr","name":"mgr/rbd_support/smithi038.hdoprv/trash_purge_schedule"}]: dispatch
2023-12-12T12:51:33.554 INFO:journalctl@ceph.mon.smithi038.smithi038.stdout:Dec 12 12:51:33 smithi038 ceph-mon[107133]: from='mgr.14122 172.21.15.38:0/180367293' entity='mgr.smithi038.hdoprv'
2023-12-12T12:51:33.554 INFO:journalctl@ceph.mon.smithi038.smithi038.stdout:Dec 12 12:51:33 smithi038 ceph-mon[107133]: from='mgr.14122 172.21.15.38:0/180367293' entity='mgr.smithi038.hdoprv' cmd=[{"prefix": "config dump", "format": "json"}]: dispatch
2023-12-12T12:51:33.554 INFO:journalctl@ceph.mon.smithi038.smithi038.stdout:Dec 12 12:51:33 smithi038 ceph-mon[107133]: mgrmap e7: smithi038.hdoprv(active, since 1.00939s)
2023-12-12T12:51:33.560 INFO:teuthology.orchestra.run.smithi038.stdout:/usr/bin/ceph: stderr
2023-12-12T12:51:25.338+0000 7f7bb27b3700 1 -- --> [v2:172.21.15.38:3300/0,v1:172.21.15.38:6789/0] -- mon_getmap magic: 0 v1 -- 0x7f7bac102c20 con 0x7f7bac1022d0
2023-12-12T12:51:33.560 INFO:teuthology.orchestra.run.smithi038.stdout:/usr/bin/ceph: stderr
2023-12-12T12:51:25.338+0000 7f7babfff700 1 --2- >> [v2:172.21.15.38:3300/0,v1:172.21.15.38:6789/0] conn(0x7f7bac1022d0 0x7f7bac1026e0 unknown :-1 s=BANNER_CONNECTING pgs=0 cs=0 l=0 rev1=0 crypto rx=0 tx=0 comp rx=0 tx=0)._handle_peer_banner_payload supported=3 required=0
2023-12-12T12:51:33.560 INFO:teuthology.orchestra.run.smithi038.stdout:/usr/bin/ceph: stderr
2023-12-12T12:51:25.338+0000 7f7babfff700 1 --2- >> [v2:172.21.15.38:3300/0,v1:172.21.15.38:6789/0] conn(0x7f7bac1022d0 0x7f7bac1026e0 unknown :-1 s=HELLO_CONNECTING pgs=0 cs=0 l=0 rev1=1 crypto rx=0 tx=0 comp rx=0 tx=0).handle_hello peer v2:172.21.15.38:3300/0 says I am v2:172.21.15.38:57576/0 (socket says 172.21.15.38:57576)
2023-12-12T12:51:33.560 INFO:teuthology.orchestra.run.smithi038.stdout:/usr/bin/ceph: stderr
2023-12-12T12:51:25.338+0000 7f7babfff700 1 -- 172.21.15.38:0/2273391173 learned_addr learned my addr 172.21.15.38:0/2273391173 (peer_addr_for_me v2:172.21.15.38:0/0)
2023-12-12T12:51:33.560 INFO:teuthology.orchestra.run.smithi038.stdout:/usr/bin/ceph: stderr
2023-12-12T12:51:25.338+0000 7f7babfff700 1 -- 172.21.15.38:0/2273391173 --> [v2:172.21.15.38:3300/0,v1:172.21.15.38:6789/0] -- mon_subscribe({config=0+,monmap=0+}) v3 -- 0x7f7bac102d60 con 0x7f7bac1022d0
2023-12-12T12:51:33.560 INFO:teuthology.orchestra.run.smithi038.stdout:/usr/bin/ceph: stderr
