2023-12-12T12:51:43.275+0000 7fa97ce61700 1 -- 172.21.15.38:0/1754940349 >> [v2:172.21.15.38:6800/1931877590,v1:172.21.15.38:6801/1931877590] conn(0x7fa960036640 msgr2=0x7fa960038af0 secure :-1 s=STATE_CONNECTION_ESTABLISHED l=1).mark_down
2023-12-12T12:51:43.561 INFO:teuthology.orchestra.run.smithi038.stdout:/usr/bin/ceph: stderr
2023-12-12T12:51:43.275+0000 7fa97ce61700 1 --2- 172.21.15.38:0/1754940349 >> [v2:172.21.15.38:6800/1931877590,v1:172.21.15.38:6801/1931877590] conn(0x7fa960036640 0x7fa960038af0 secure :-1 s=READY pgs=14 cs=0 l=1 rev1=1 crypto rx=0x7fa96c009990 tx=0x7fa96c006e40 comp rx=0 tx=0).stop
2023-12-12T12:51:43.561 INFO:teuthology.orchestra.run.smithi038.stdout:/usr/bin/ceph: stderr
2023-12-12T12:51:43.275+0000 7fa97ce61700 1 -- 172.21.15.38:0/1754940349 >> [v2:172.21.15.38:3300/0,v1:172.21.15.38:6789/0] conn(0x7fa9781022d0 msgr2=0x7fa978077c00 secure :-1 s=STATE_CONNECTION_ESTABLISHED l=1).mark_down
2023-12-12T12:51:43.561 INFO:teuthology.orchestra.run.smithi038.stdout:/usr/bin/ceph: stderr
2023-12-12T12:51:43.275+0000 7fa97ce61700 1 --2- 172.21.15.38:0/1754940349 >> [v2:172.21.15.38:3300/0,v1:172.21.15.38:6789/0] conn(0x7fa9781022d0 0x7fa978077c00 secure :-1 s=READY pgs=54 cs=0 l=1 rev1=1 crypto rx=0x7fa96800c010 tx=0x7fa968009250 comp rx=0 tx=0).stop
2023-12-12T12:51:43.561 INFO:teuthology.orchestra.run.smithi038.stdout:/usr/bin/ceph: stderr
2023-12-12T12:51:43.275+0000 7fa97ce61700 1 -- 172.21.15.38:0/1754940349 shutdown_connections
2023-12-12T12:51:43.561 INFO:teuthology.orchestra.run.smithi038.stdout:/usr/bin/ceph: stderr
2023-12-12T12:51:43.275+0000 7fa97ce61700 1 --2- 172.21.15.38:0/1754940349 >> [v2:172.21.15.38:6800/1931877590,v1:172.21.15.38:6801/1931877590] conn(0x7fa960036640 0x7fa960038af0 unknown :-1 s=CLOSED pgs=14 cs=0 l=1 rev1=1 crypto rx=0 tx=0 comp rx=0 tx=0).stop
2023-12-12T12:51:43.561 INFO:teuthology.orchestra.run.smithi038.stdout:/usr/bin/ceph: stderr
2023-12-12T12:51:43.275+0000 7fa97ce61700 1 --2- 172.21.15.38:0/1754940349 >> [v2:172.21.15.38:3300/0,v1:172.21.15.38:6789/0] conn(0x7fa9781022d0 0x7fa978077c00 unknown :-1 s=CLOSED pgs=54 cs=0 l=1 rev1=1 crypto rx=0 tx=0 comp rx=0 tx=0).stop
2023-12-12T12:51:43.561 INFO:teuthology.orchestra.run.smithi038.stdout:/usr/bin/ceph: stderr
2023-12-12T12:51:43.275+0000 7fa97ce61700 1 -- 172.21.15.38:0/1754940349 >> 172.21.15.38:0/1754940349 conn(0x7fa9780fda50 msgr2=0x7fa9780ffe50 unknown :-1 s=STATE_NONE l=0).mark_down
2023-12-12T12:51:43.561 INFO:teuthology.orchestra.run.smithi038.stdout:/usr/bin/ceph: stderr
2023-12-12T12:51:43.275+0000 7fa97ce61700 1 -- 172.21.15.38:0/1754940349 shutdown_connections
2023-12-12T12:51:43.561 INFO:teuthology.orchestra.run.smithi038.stdout:/usr/bin/ceph: stderr
2023-12-12T12:51:43.275+0000 7fa97ce61700 1 -- 172.21.15.38:0/1754940349 wait complete.
2023-12-12T12:51:43.561 INFO:teuthology.orchestra.run.smithi038.stdout:Deploying prometheus service with default placement...
2023-12-12T12:51:44.535 INFO:teuthology.orchestra.run.smithi038.stdout:/usr/bin/ceph: stdout Scheduled prometheus update...
2023-12-12T12:51:44.536 INFO:teuthology.orchestra.run.smithi038.stdout:/usr/bin/ceph: stderr
2023-12-12T12:51:43.935+0000 7f775341c700 1 Processor -- start
2023-12-12T12:51:44.536 INFO:teuthology.orchestra.run.smithi038.stdout:/usr/bin/ceph: stderr
2023-12-12T12:51:43.936+0000 7f775341c700 1 -- start start
2023-12-12T12:51:44.536 INFO:teuthology.orchestra.run.smithi038.stdout:/usr/bin/ceph: stderr
2023-12-12T12:51:43.936+0000 7f775341c700 1 --2- >> [v2:172.21.15.38:3300/0,v1:172.21.15.38:6789/0] conn(0x7f774c1022d0 0x7f774c1026e0 unknown :-1 s=NONE pgs=0 cs=0 l=0 rev1=0 crypto rx=0 tx=0 comp rx=0 tx=0).connect
2023-12-12T12:51:44.536 INFO:teuthology.orchestra.run.smithi038.stdout:/usr/bin/ceph: stderr
2023-12-12T12:51:43.936+0000 7f775341c700 1 -- --> [v2:172.21.15.38:3300/0,v1:172.21.15.38:6789/0] -- mon_getmap magic: 0 v1 -- 0x7f774c102c20 con 0x7f774c1022d0
2023-12-12T12:51:44.536 INFO:teuthology.orchestra.run.smithi038.stdout:/usr/bin/ceph: stderr
2023-12-12T12:51:43.936+0000 7f77511b8700 1 --2- >> [v2:172.21.15.38:3300/0,v1:172.21.15.38:6789/0] conn(0x7f774c1022d0 0x7f774c1026e0 unknown :-1 s=BANNER_CONNECTING pgs=0 cs=0 l=0 rev1=0 crypto rx=0 tx=0 comp rx=0 tx=0)._handle_peer_banner_payload supported=3 required=0
2023-12-12T12:51:44.536 INFO:teuthology.orchestra.run.smithi038.stdout:/usr/bin/ceph: stderr
2023-12-12T12:51:43.936+0000 7f77511b8700 1 --2- >> [v2:172.21.15.38:3300/0,v1:172.21.15.38:6789/0] conn(0x7f774c1022d0 0x7f774c1026e0 unknown :-1 s=HELLO_CONNECTING pgs=0 cs=0 l=0 rev1=1 crypto rx=0 tx=0 comp rx=0 tx=0).handle_hello peer v2:172.21.15.38:3300/0 says I am v2:172.21.15.38:47908/0 (socket says 172.21.15.38:47908)
2023-12-12T12:51:44.536 INFO:teuthology.orchestra.run.smithi038.stdout:/usr/bin/ceph: stderr
2023-12-12T12:51:43.936+0000 7f77511b8700 1 -- 172.21.15.38:0/118672849 learned_addr learned my addr 172.21.15.38:0/118672849 (peer_addr_for_me v2:172.21.15.38:0/0)
2023-12-12T12:51:44.536 INFO:teuthology.orchestra.run.smithi038.stdout:/usr/bin/ceph: stderr
2023-12-12T12:51:43.937+0000 7f77511b8700 1 -- 172.21.15.38:0/118672849 --> [v2:172.21.15.38:3300/0,v1:172.21.15.38:6789/0] -- mon_subscribe({config=0+,monmap=0+}) v3 -- 0x7f774c102d60 con 0x7f774c1022d0
2023-12-12T12:51:44.536 INFO:teuthology.orchestra.run.smithi038.stdout:/usr/bin/ceph: stderr
2023-12-12T12:51:43.937+0000 7f77511b8700 1 --2- 172.21.15.38:0/118672849 >> [v2:172.21.15.38:3300/0,v1:172.21.15.38:6789/0] conn(0x7f774c1022d0 0x7f774c1026e0 secure :-1 s=READY pgs=55 cs=0 l=1 rev1=1 crypto rx=0x7f77480098e0 tx=0x7f7748009250 comp rx=0 tx=0).ready entity=mon.0 client_cookie=2f479f57513e8997 server_cookie=0 in_seq=0 out_seq=0
2023-12-12T12:51:44.536 INFO:teuthology.orchestra.run.smithi038.stdout:/usr/bin/ceph: stderr
2023-12-12T12:51:43.937+0000 7f7743fff700 1 -- 172.21.15.38:0/118672849 <== mon.0 v2:172.21.15.38:3300/0 1 ==== mon_map magic: 0 v1 ==== 229+0+0 (secure 0 0 0) 0x7f774800b860 con 0x7f774c1022d0
2023-12-12T12:51:44.536 INFO:teuthology.orchestra.run.smithi038.stdout:/usr/bin/ceph: stderr
2023-12-12T12:51:43.937+0000 7f7743fff700 1 -- 172.21.15.38:0/118672849 <== mon.0 v2:172.21.15.38:3300/0 2 ==== config(26 keys) v1 ==== 1074+0+0 (secure 0 0 0) 0x7f774800be70 con 0x7f774c1022d0
2023-12-12T12:51:44.536 INFO:teuthology.orchestra.run.smithi038.stdout:/usr/bin/ceph: stderr
2023-12-12T12:51:43.937+0000 7f7743fff700 1 -- 172.21.15.38:0/118672849 <== mon.0 v2:172.21.15.38:3300/0 3 ==== mon_map magic: 0 v1 ==== 229+0+0 (secure 0 0 0) 0x7f7748010380 con 0x7f774c1022d0
2023-12-12T12:51:44.536 INFO:teuthology.orchestra.run.smithi038.stdout:/usr/bin/ceph: stderr
2023-12-12T12:51:43.938+0000 7f775341c700 1 -- 172.21.15.38:0/118672849 >> [v2:172.21.15.38:3300/0,v1:172.21.15.38:6789/0] conn(0x7f774c1022d0 msgr2=0x7f774c1026e0 secure :-1 s=STATE_CONNECTION_ESTABLISHED l=1).mark_down
2023-12-12T12:51:44.536 INFO:teuthology.orchestra.run.smithi038.stdout:/usr/bin/ceph: stderr
2023-12-12T12:51:43.938+0000 7f775341c700 1 --2- 172.21.15.38:0/118672849 >> [v2:172.21.15.38:3300/0,v1:172.21.15.38:6789/0] conn(0x7f774c1022d0 0x7f774c1026e0 secure :-1 s=READY pgs=55 cs=0 l=1 rev1=1 crypto rx=0x7f77480098e0 tx=0x7f7748009250 comp rx=0 tx=0).stop
2023-12-12T12:51:44.536 INFO:teuthology.orchestra.run.smithi038.stdout:/usr/bin/ceph: stderr
2023-12-12T12:51:43.938+0000 7f775341c700 1 -- 172.21.15.38:0/118672849 shutdown_connections
2023-12-12T12:51:44.536 INFO:teuthology.orchestra.run.smithi038.stdout:/usr/bin/ceph: stderr
2023-12-12T12:51:43.938+0000 7f775341c700 1 --2- 172.21.15.38:0/118672849 >> [v2:172.21.15.38:3300/0,v1:172.21.15.38:6789/0] conn(0x7f774c1022d0 0x7f774c1026e0 unknown :-1 s=CLOSED pgs=55 cs=0 l=1 rev1=1 crypto rx=0 tx=0 comp rx=0 tx=0).stop
2023-12-12T12:51:44.537 INFO:teuthology.orchestra.run.smithi038.stdout:/usr/bin/ceph: stderr
2023-12-12T12:51:43.938+0000 7f775341c700 1 -- 172.21.15.38:0/118672849 >> 172.21.15.38:0/118672849 conn(0x7f774c0fda50 msgr2=0x7f774c0ffe60 unknown :-1 s=STATE_NONE l=0).mark_down
2023-12-12T12:51:44.537 INFO:teuthology.orchestra.run.smithi038.stdout:/usr/bin/ceph: stderr
2023-12-12T12:51:43.938+0000 7f775341c700 1 -- 172.21.15.38:0/118672849 shutdown_connections
2023-12-12T12:51:44.537 INFO:teuthology.orchestra.run.smithi038.stdout:/usr/bin/ceph: stderr
2023-12-12T12:51:43.938+0000 7f775341c700 1 -- 172.21.15.38:0/118672849 wait complete.
2023-12-12T12:51:44.537 INFO:teuthology.orchestra.run.smithi038.stdout:/usr/bin/ceph: stderr
2023-12-12T12:51:43.939+0000 7f775341c700 1 Processor -- start
2023-12-12T12:51:44.537 INFO:teuthology.orchestra.run.smithi038.stdout:/usr/bin/ceph: stderr
2023-12-12T12:51:43.940+0000 7f775341c700 1 -- start start
2023-12-12T12:51:44.537 INFO:teuthology.orchestra.run.smithi038.stdout:/usr/bin/ceph: stderr
2023-12-12T12:51:43.940+0000 7f775341c700 1 --2- >> [v2:172.21.15.38:3300/0,v1:172.21.15.38:6789/0] conn(0x7f774c1022d0 0x7f774c077c00 unknown :-1 s=NONE pgs=0 cs=0 l=1 rev1=0 crypto rx=0 tx=0 comp rx=0 tx=0).connect
2023-12-12T12:51:44.537 INFO:teuthology.orchestra.run.smithi038.stdout:/usr/bin/ceph: stderr
2023-12-12T12:51:43.940+0000 7f775341c700 1 -- --> [v2:172.21.15.38:3300/0,v1:172.21.15.38:6789/0] -- mon_getmap magic: 0 v1 -- 0x7f774c076080 con 0x7f774c1022d0
2023-12-12T12:51:44.537 INFO:teuthology.orchestra.run.smithi038.stdout:/usr/bin/ceph: stderr
2023-12-12T12:51:43.940+0000 7f77511b8700 1 --2- >> [v2:172.21.15.38:3300/0,v1:172.21.15.38:6789/0] conn(0x7f774c1022d0 0x7f774c077c00 unknown :-1 s=BANNER_CONNECTING pgs=0 cs=0 l=1 rev1=0 crypto rx=0 tx=0 comp rx=0 tx=0)._handle_peer_banner_payload supported=3 required=0
2023-12-12T12:51:44.537 INFO:teuthology.orchestra.run.smithi038.stdout:/usr/bin/ceph: stderr
2023-12-12T12:51:43.940+0000 7f77511b8700 1 --2- >> [v2:172.21.15.38:3300/0,v1:172.21.15.38:6789/0] conn(0x7f774c1022d0 0x7f774c077c00 unknown :-1 s=HELLO_CONNECTING pgs=0 cs=0 l=1 rev1=1 crypto rx=0 tx=0 comp rx=0 tx=0).handle_hello peer v2:172.21.15.38:3300/0 says I am v2:172.21.15.38:47920/0 (socket says 172.21.15.38:47920)
2023-12-12T12:51:44.537 INFO:teuthology.orchestra.run.smithi038.stdout:/usr/bin/ceph: stderr
2023-12-12T12:51:43.940+0000 7f77511b8700 1 -- 172.21.15.38:0/1655313884 learned_addr learned my addr 172.21.15.38:0/1655313884 (peer_addr_for_me v2:172.21.15.38:0/0)
2023-12-12T12:51:44.537 INFO:teuthology.orchestra.run.smithi038.stdout:/usr/bin/ceph: stderr
2023-12-12T12:51:43.941+0000 7f77511b8700 1 -- 172.21.15.38:0/1655313884 --> [v2:172.21.15.38:3300/0,v1:172.21.15.38:6789/0] -- mon_subscribe({config=0+,monmap=0+}) v3 -- 0x7f77480094f0 con 0x7f774c1022d0
2023-12-12T12:51:44.537 INFO:teuthology.orchestra.run.smithi038.stdout:/usr/bin/ceph: stderr
2023-12-12T12:51:43.941+0000 7f77511b8700 1 --2- 172.21.15.38:0/1655313884 >> [v2:172.21.15.38:3300/0,v1:172.21.15.38:6789/0] conn(0x7f774c1022d0 0x7f774c077c00 secure :-1 s=READY pgs=56 cs=0 l=1 rev1=1 crypto rx=0x7f774800c010 tx=0x7f7748009250 comp rx=0 tx=0).ready entity=mon.0 client_cookie=0 server_cookie=0 in_seq=0 out_seq=0
2023-12-12T12:51:44.537 INFO:teuthology.orchestra.run.smithi038.stdout:/usr/bin/ceph: stderr
2023-12-12T12:51:43.941+0000 7f7741ffb700 1 -- 172.21.15.38:0/1655313884 <== mon.0 v2:172.21.15.38:3300/0 1 ==== mon_map magic: 0 v1 ==== 229+0+0 (secure 0 0 0) 0x7f7748010960 con 0x7f774c1022d0
2023-12-12T12:51:44.537 INFO:teuthology.orchestra.run.smithi038.stdout:/usr/bin/ceph: stderr
2023-12-12T12:51:43.941+0000 7f7741ffb700 1 -- 172.21.15.38:0/1655313884 <== mon.0 v2:172.21.15.38:3300/0 2 ==== config(26 keys) v1 ==== 1074+0+0 (secure 0 0 0) 0x7f774801a430 con 0x7f774c1022d0
2023-12-12T12:51:44.537 INFO:teuthology.orchestra.run.smithi038.stdout:/usr/bin/ceph: stderr
2023-12-12T12:51:43.941+0000 7f775341c700 1 -- 172.21.15.38:0/1655313884 --> [v2:172.21.15.38:3300/0,v1:172.21.15.38:6789/0] -- mon_subscribe({mgrmap=0+}) v3 -- 0x7f774c076280 con 0x7f774c1022d0
2023-12-12T12:51:44.537 INFO:teuthology.orchestra.run.smithi038.stdout:/usr/bin/ceph: stderr
2023-12-12T12:51:43.942+0000 7f775341c700 1 -- 172.21.15.38:0/1655313884 --> [v2:172.21.15.38:3300/0,v1:172.21.15.38:6789/0] -- mon_subscribe({osdmap=0}) v3 -- 0x7f774c076690 con 0x7f774c1022d0
2023-12-12T12:51:44.538 INFO:teuthology.orchestra.run.smithi038.stdout:/usr/bin/ceph: stderr
2023-12-12T12:51:43.942+0000 7f7741ffb700 1 -- 172.21.15.38:0/1655313884 <== mon.0 v2:172.21.15.38:3300/0 3 ==== mon_map magic: 0 v1 ==== 229+0+0 (secure 0 0 0) 0x7f7748019580 con 0x7f774c1022d0
2023-12-12T12:51:44.538 INFO:teuthology.orchestra.run.smithi038.stdout:/usr/bin/ceph: stderr
2023-12-12T12:51:43.943+0000 7f7741ffb700 1 -- 172.21.15.38:0/1655313884 <== mon.0 v2:172.21.15.38:3300/0 4 ==== mgrmap(e 8) v1 ==== 43281+0+0 (secure 0 0 0) 0x7f77480197b0 con 0x7f774c1022d0
2023-12-12T12:51:44.538 INFO:teuthology.orchestra.run.smithi038.stdout:/usr/bin/ceph: stderr
2023-12-12T12:51:43.943+0000 7f775341c700 1 -- 172.21.15.38:0/1655313884 --> [v2:172.21.15.38:3300/0,v1:172.21.15.38:6789/0] -- mon_command({"prefix": "get_command_descriptions"} v 0) v1 -- 0x7f77300052e0 con 0x7f774c1022d0
2023-12-12T12:51:44.538 INFO:teuthology.orchestra.run.smithi038.stdout:/usr/bin/ceph: stderr
2023-12-12T12:51:43.943+0000 7f7741ffb700 1 --2- 172.21.15.38:0/1655313884 >> [v2:172.21.15.38:6800/1931877590,v1:172.21.15.38:6801/1931877590] conn(0x7f7738036640 0x7f7738038af0 unknown :-1 s=NONE pgs=0 cs=0 l=1 rev1=0 crypto rx=0 tx=0 comp rx=0 tx=0).connect
2023-12-12T12:51:44.538 INFO:teuthology.orchestra.run.smithi038.stdout:/usr/bin/ceph: stderr
2023-12-12T12:51:43.943+0000 7f7741ffb700 1 -- 172.21.15.38:0/1655313884 <== mon.0 v2:172.21.15.38:3300/0 5 ==== osd_map(2..2 src has 1..2) v4 ==== 936+0+0 (secure 0 0 0) 0x7f774804b430 con 0x7f774c1022d0
2023-12-12T12:51:44.538 INFO:teuthology.orchestra.run.smithi038.stdout:/usr/bin/ceph: stderr
2023-12-12T12:51:43.943+0000 7f77509b7700 1 --2- 172.21.15.38:0/1655313884 >> [v2:172.21.15.38:6800/1931877590,v1:172.21.15.38:6801/1931877590] conn(0x7f7738036640 0x7f7738038af0 unknown :-1 s=BANNER_CONNECTING pgs=0 cs=0 l=1 rev1=0 crypto rx=0 tx=0 comp rx=0 tx=0)._handle_peer_banner_payload supported=3 required=0
2023-12-12T12:51:44.538 INFO:teuthology.orchestra.run.smithi038.stdout:/usr/bin/ceph: stderr
2023-12-12T12:51:43.944+0000 7f77509b7700 1 --2- 172.21.15.38:0/1655313884 >> [v2:172.21.15.38:6800/1931877590,v1:172.21.15.38:6801/1931877590] conn(0x7f7738036640 0x7f7738038af0 secure :-1 s=READY pgs=15 cs=0 l=1 rev1=1 crypto rx=0x7f773c009990 tx=0x7f773c006e40 comp rx=0 tx=0).ready entity=mgr.14122 client_cookie=0 server_cookie=0 in_seq=0 out_seq=0
2023-12-12T12:51:44.538 INFO:teuthology.orchestra.run.smithi038.stdout:/usr/bin/ceph: stderr
2023-12-12T12:51:43.950+0000 7f7741ffb700 1 -- 172.21.15.38:0/1655313884 <== mon.0 v2:172.21.15.38:3300/0 6 ==== mon_command_ack([{"prefix": "get_command_descriptions"}]=0 v0) v1 ==== 72+0+174570 (secure 0 0 0) 0x7f774802b910 con 0x7f774c1022d0
2023-12-12T12:51:44.538 INFO:teuthology.orchestra.run.smithi038.stdout:/usr/bin/ceph: stderr
2023-12-12T12:51:44.172+0000 7f775341c700 1 -- 172.21.15.38:0/1655313884 --> [v2:172.21.15.38:6800/1931877590,v1:172.21.15.38:6801/1931877590] -- mgr_command(tid 0: {"prefix": "orch apply", "service_type": "prometheus", "target": ["mon-mgr", ""]}) v1 -- 0x7f7730000bf0 con 0x7f7738036640
2023-12-12T12:51:44.538 INFO:teuthology.orchestra.run.smithi038.stdout:/usr/bin/ceph: stderr
2023-12-12T12:51:44.177+0000 7f7741ffb700 1 -- 172.21.15.38:0/1655313884 <== mgr.14122 v2:172.21.15.38:6800/1931877590 1 ==== mgr_command_reply(tid 0: 0 ) v1 ==== 8+0+31 (secure 0 0 0) 0x7f7730000bf0 con 0x7f7738036640
2023-12-12T12:51:44.538 INFO:teuthology.orchestra.run.smithi038.stdout:/usr/bin/ceph: stderr
2023-12-12T12:51:44.179+0000 7f775341c700 1 -- 172.21.15.38:0/1655313884 >> [v2:172.21.15.38:6800/1931877590,v1:172.21.15.38:6801/1931877590] conn(0x7f7738036640 msgr2=0x7f7738038af0 secure :-1 s=STATE_CONNECTION_ESTABLISHED l=1).mark_down
2023-12-12T12:51:44.538 INFO:teuthology.orchestra.run.smithi038.stdout:/usr/bin/ceph: stderr
2023-12-12T12:51:44.179+0000 7f775341c700 1 --2- 172.21.15.38:0/1655313884 >> [v2:172.21.15.38:6800/1931877590,v1:172.21.15.38:6801/1931877590] conn(0x7f7738036640 0x7f7738038af0 secure :-1 s=READY pgs=15 cs=0 l=1 rev1=1 crypto rx=0x7f773c009990 tx=0x7f773c006e40 comp rx=0 tx=0).stop
2023-12-12T12:51:44.538 INFO:teuthology.orchestra.run.smithi038.stdout:/usr/bin/ceph: stderr
2023-12-12T12:51:44.179+0000 7f775341c700 1 -- 172.21.15.38:0/1655313884 >> [v2:172.21.15.38:3300/0,v1:172.21.15.38:6789/0] conn(0x7f774c1022d0 msgr2=0x7f774c077c00 secure :-1 s=STATE_CONNECTION_ESTABLISHED l=1).mark_down
2023-12-12T12:51:44.538 INFO:teuthology.orchestra.run.smithi038.stdout:/usr/bin/ceph: stderr
2023-12-12T12:51:44.179+0000 7f775341c700 1 --2- 172.21.15.38:0/1655313884 >> [v2:172.21.15.38:3300/0,v1:172.21.15.38:6789/0] conn(0x7f774c1022d0 0x7f774c077c00 secure :-1 s=READY pgs=56 cs=0 l=1 rev1=1 crypto rx=0x7f774800c010 tx=0x7f7748009250 comp rx=0 tx=0).stop
2023-12-12T12:51:44.538 INFO:teuthology.orchestra.run.smithi038.stdout:/usr/bin/ceph: stderr
2023-12-12T12:51:44.179+0000 7f775341c700 1 -- 172.21.15.38:0/1655313884 shutdown_connections
2023-12-12T12:51:44.538 INFO:teuthology.orchestra.run.smithi038.stdout:/usr/bin/ceph: stderr
2023-12-12T12:51:44.179+0000 7f775341c700 1 --2- 172.21.15.38:0/1655313884 >> [v2:172.21.15.38:6800/1931877590,v1:172.21.15.38:6801/1931877590] conn(0x7f7738036640 0x7f7738038af0 unknown :-1 s=CLOSED pgs=15 cs=0 l=1 rev1=1 crypto rx=0 tx=0 comp rx=0 tx=0).stop
2023-12-12T12:51:44.539 INFO:teuthology.orchestra.run.smithi038.stdout:/usr/bin/ceph: stderr
2023-12-12T12:51:44.179+0000 7f775341c700 1 --2- 172.21.15.38:0/1655313884 >> [v2:172.21.15.38:3300/0,v1:172.21.15.38:6789/0] conn(0x7f774c1022d0 0x7f774c077c00 unknown :-1 s=CLOSED pgs=56 cs=0 l=1 rev1=1 crypto rx=0 tx=0 comp rx=0 tx=0).stop
2023-12-12T12:51:44.539 INFO:teuthology.orchestra.run.smithi038.stdout:/usr/bin/ceph: stderr
2023-12-12T12:51:44.179+0000 7f775341c700 1 -- 172.21.15.38:0/1655313884 >> 172.21.15.38:0/1655313884 conn(0x7f774c0fda50 msgr2=0x7f774c0ffe50 unknown :-1 s=STATE_NONE l=0).mark_down
2023-12-12T12:51:44.539 INFO:teuthology.orchestra.run.smithi038.stdout:/usr/bin/ceph: stderr
2023-12-12T12:51:44.179+0000 7f775341c700 1 -- 172.21.15.38:0/1655313884 shutdown_connections
2023-12-12T12:51:44.539 INFO:teuthology.orchestra.run.smithi038.stdout:/usr/bin/ceph: stderr
2023-12-12T12:51:44.179+0000 7f775341c700 1 -- 172.21.15.38:0/1655313884 wait complete.
2023-12-12T12:51:44.539 INFO:teuthology.orchestra.run.smithi038.stdout:Deploying grafana service with default placement...
2023-12-12T12:51:44.539 INFO:journalctl@ceph.mon.smithi038.smithi038.stdout:Dec 12 12:51:44 smithi038 ceph-mon[107133]: from='client.14148 -' entity='client.admin' cmd=[{"prefix": "orch apply", "service_type": "crash", "target": ["mon-mgr", ""]}]: dispatch
2023-12-12T12:51:44.539 INFO:journalctl@ceph.mon.smithi038.smithi038.stdout:Dec 12 12:51:44 smithi038 ceph-mon[107133]: Saving service crash spec with placement *
2023-12-12T12:51:44.539 INFO:journalctl@ceph.mon.smithi038.smithi038.stdout:Dec 12 12:51:44 smithi038 ceph-mon[107133]: from='mgr.14122 172.21.15.38:0/180367293' entity='mgr.smithi038.hdoprv'
2023-12-12T12:51:45.491 INFO:teuthology.orchestra.run.smithi038.stdout:/usr/bin/ceph: stdout Scheduled grafana update...
2023-12-12T12:51:45.491 INFO:teuthology.orchestra.run.smithi038.stdout:/usr/bin/ceph: stderr
2023-12-12T12:51:44.934+0000 7fbab1d45700 1 Processor -- start
2023-12-12T12:51:45.491 INFO:teuthology.orchestra.run.smithi038.stdout:/usr/bin/ceph: stderr
2023-12-12T12:51:44.935+0000 7fbab1d45700 1 -- start start
2023-12-12T12:51:45.491 INFO:teuthology.orchestra.run.smithi038.stdout:/usr/bin/ceph: stderr
2023-12-12T12:51:44.935+0000 7fbab1d45700 1 --2- >> [v2:172.21.15.38:3300/0,v1:172.21.15.38:6789/0] conn(0x7fbaac077b90 0x7fbaac0760a0 unknown :-1 s=NONE pgs=0 cs=0 l=0 rev1=0 crypto rx=0 tx=0 comp rx=0 tx=0).connect
2023-12-12T12:51:45.491 INFO:teuthology.orchestra.run.smithi038.stdout:/usr/bin/ceph: stderr
2023-12-12T12:51:44.935+0000 7fbab1d45700 1 -- --> [v2:172.21.15.38:3300/0,v1:172.21.15.38:6789/0] -- mon_getmap magic: 0 v1 -- 0x7fbaac077fa0 con 0x7fbaac077b90
2023-12-12T12:51:45.491 INFO:teuthology.orchestra.run.smithi038.stdout:/usr/bin/ceph: stderr
2023-12-12T12:51:44.935+0000 7fbaab7fe700 1 --2- >> [v2:172.21.15.38:3300/0,v1:172.21.15.38:6789/0] conn(0x7fbaac077b90 0x7fbaac0760a0 unknown :-1 s=BANNER_CONNECTING pgs=0 cs=0 l=0 rev1=0 crypto rx=0 tx=0 comp rx=0 tx=0)._handle_peer_banner_payload supported=3 required=0
2023-12-12T12:51:45.492 INFO:teuthology.orchestra.run.smithi038.stdout:/usr/bin/ceph: stderr
2023-12-12T12:51:44.935+0000 7fbaab7fe700 1 --2- >> [v2:172.21.15.38:3300/0,v1:172.21.15.38:6789/0] conn(0x7fbaac077b90 0x7fbaac0760a0 unknown :-1 s=HELLO_CONNECTING pgs=0 cs=0 l=0 rev1=1 crypto rx=0 tx=0 comp rx=0 tx=0).handle_hello peer v2:172.21.15.38:3300/0 says I am v2:172.21.15.38:47924/0 (socket says 172.21.15.38:47924)
2023-12-12T12:51:45.492 INFO:teuthology.orchestra.run.smithi038.stdout:/usr/bin/ceph: stderr
2023-12-12T12:51:44.935+0000 7fbaab7fe700 1 -- 172.21.15.38:0/3874560745 learned_addr learned my addr 172.21.15.38:0/3874560745 (peer_addr_for_me v2:172.21.15.38:0/0)
2023-12-12T12:51:45.492 INFO:teuthology.orchestra.run.smithi038.stdout:/usr/bin/ceph: stderr
2023-12-12T12:51:44.936+0000 7fbaab7fe700 1 -- 172.21.15.38:0/3874560745 --> [v2:172.21.15.38:3300/0,v1:172.21.15.38:6789/0] -- mon_subscribe({config=0+,monmap=0+}) v3 -- 0x7fbaac0765e0 con 0x7fbaac077b90
2023-12-12T12:51:45.492 INFO:teuthology.orchestra.run.smithi038.stdout:/usr/bin/ceph: stderr
2023-12-12T12:51:44.936+0000 7fbaab7fe700 1 --2- 172.21.15.38:0/3874560745 >> [v2:172.21.15.38:3300/0,v1:172.21.15.38:6789/0] conn(0x7fbaac077b90 0x7fbaac0760a0 secure :-1 s=READY pgs=57 cs=0 l=1 rev1=1 crypto rx=0x7fba9c0098e0 tx=0x7fba9c009250 comp rx=0 tx=0).ready entity=mon.0 client_cookie=44fdeb51e0d2076c server_cookie=0 in_seq=0 out_seq=0
2023-12-12T12:51:45.492 INFO:teuthology.orchestra.run.smithi038.stdout:/usr/bin/ceph: stderr
2023-12-12T12:51:44.936+0000 7fbaaa7fc700 1 -- 172.21.15.38:0/3874560745 <== mon.0 v2:172.21.15.38:3300/0 1 ==== mon_map magic: 0 v1 ==== 229+0+0 (secure 0 0 0) 0x7fba9c00b860 con 0x7fbaac077b90
2023-12-12T12:51:45.492 INFO:teuthology.orchestra.run.smithi038.stdout:/usr/bin/ceph: stderr
2023-12-12T12:51:44.936+0000 7fbaaa7fc700 1 -- 172.21.15.38:0/3874560745 <== mon.0 v2:172.21.15.38:3300/0 2 ==== config(26 keys) v1 ==== 1074+0+0 (secure 0 0 0) 0x7fba9c00be70 con 0x7fbaac077b90
2023-12-12T12:51:45.492 INFO:teuthology.orchestra.run.smithi038.stdout:/usr/bin/ceph: stderr
2023-12-12T12:51:44.936+0000 7fbaaa7fc700 1 -- 172.21.15.38:0/3874560745 <== mon.0 v2:172.21.15.38:3300/0 3 ==== mon_map magic: 0 v1 ==== 229+0+0 (secure 0 0 0) 0x7fba9c010380 con 0x7fbaac077b90
2023-12-12T12:51:45.492 INFO:teuthology.orchestra.run.smithi038.stdout:/usr/bin/ceph: stderr
2023-12-12T12:51:44.937+0000 7fbab1d45700 1 -- 172.21.15.38:0/3874560745 >> [v2:172.21.15.38:3300/0,v1:172.21.15.38:6789/0] conn(0x7fbaac077b90 msgr2=0x7fbaac0760a0 secure :-1 s=STATE_CONNECTION_ESTABLISHED l=1).mark_down
2023-12-12T12:51:45.492 INFO:teuthology.orchestra.run.smithi038.stdout:/usr/bin/ceph: stderr
2023-12-12T12:51:44.937+0000 7fbab1d45700 1 --2- 172.21.15.38:0/3874560745 >> [v2:172.21.15.38:3300/0,v1:172.21.15.38:6789/0] conn(0x7fbaac077b90 0x7fbaac0760a0 secure :-1 s=READY pgs=57 cs=0 l=1 rev1=1 crypto rx=0x7fba9c0098e0 tx=0x7fba9c009250 comp rx=0 tx=0).stop
2023-12-12T12:51:45.492 INFO:teuthology.orchestra.run.smithi038.stdout:/usr/bin/ceph: stderr
2023-12-12T12:51:44.937+0000 7fbab1d45700 1 -- 172.21.15.38:0/3874560745 shutdown_connections
2023-12-12T12:51:45.492 INFO:teuthology.orchestra.run.smithi038.stdout:/usr/bin/ceph: stderr
2023-12-12T12:51:44.937+0000 7fbab1d45700 1 --2- 172.21.15.38:0/3874560745 >> [v2:172.21.15.38:3300/0,v1:172.21.15.38:6789/0] conn(0x7fbaac077b90 0x7fbaac0760a0 unknown :-1 s=CLOSED pgs=57 cs=0 l=1 rev1=1 crypto rx=0 tx=0 comp rx=0 tx=0).stop
2023-12-12T12:51:45.492 INFO:teuthology.orchestra.run.smithi038.stdout:/usr/bin/ceph: stderr
2023-12-12T12:51:44.937+0000 7fbab1d45700 1 -- 172.21.15.38:0/3874560745 >> 172.21.15.38:0/3874560745 conn(0x7fbaac0fda50 msgr2=0x7fbaac0ffe60 unknown :-1 s=STATE_NONE l=0).mark_down
2023-12-12T12:51:45.492 INFO:teuthology.orchestra.run.smithi038.stdout:/usr/bin/ceph: stderr
2023-12-12T12:51:44.937+0000 7fbab1d45700 1 -- 172.21.15.38:0/3874560745 shutdown_connections
2023-12-12T12:51:45.492 INFO:teuthology.orchestra.run.smithi038.stdout:/usr/bin/ceph: stderr
2023-12-12T12:51:44.937+0000 7fbab1d45700 1 -- 172.21.15.38:0/3874560745 wait complete.
2023-12-12T12:51:45.492 INFO:teuthology.orchestra.run.smithi038.stdout:/usr/bin/ceph: stderr
2023-12-12T12:51:44.938+0000 7fbab1d45700 1 Processor -- start
2023-12-12T12:51:45.493 INFO:teuthology.orchestra.run.smithi038.stdout:/usr/bin/ceph: stderr
2023-12-12T12:51:44.939+0000 7fbab1d45700 1 -- start start
2023-12-12T12:51:45.493 INFO:teuthology.orchestra.run.smithi038.stdout:/usr/bin/ceph: stderr
2023-12-12T12:51:44.939+0000 7fbab1d45700 1 --2- >> [v2:172.21.15.38:3300/0,v1:172.21.15.38:6789/0] conn(0x7fbaac077b90 0x7fbaac1133c0 unknown :-1 s=NONE pgs=0 cs=0 l=1 rev1=0 crypto rx=0 tx=0 comp rx=0 tx=0).connect
2023-12-12T12:51:45.493 INFO:teuthology.orchestra.run.smithi038.stdout:/usr/bin/ceph: stderr
2023-12-12T12:51:44.939+0000 7fbab1d45700 1 -- --> [v2:172.21.15.38:3300/0,v1:172.21.15.38:6789/0] -- mon_getmap magic: 0 v1 -- 0x7fbaac113900 con 0x7fbaac077b90
2023-12-12T12:51:45.493 INFO:teuthology.orchestra.run.smithi038.stdout:/usr/bin/ceph: stderr
2023-12-12T12:51:44.939+0000 7fbaab7fe700 1 --2- >> [v2:172.21.15.38:3300/0,v1:172.21.15.38:6789/0] conn(0x7fbaac077b90 0x7fbaac1133c0 unknown :-1 s=BANNER_CONNECTING pgs=0 cs=0 l=1 rev1=0 crypto rx=0 tx=0 comp rx=0 tx=0)._handle_peer_banner_payload supported=3 required=0
2023-12-12T12:51:45.493 INFO:teuthology.orchestra.run.smithi038.stdout:/usr/bin/ceph: stderr
2023-12-12T12:51:44.939+0000 7fbaab7fe700 1 --2- >> [v2:172.21.15.38:3300/0,v1:172.21.15.38:6789/0] conn(0x7fbaac077b90 0x7fbaac1133c0 unknown :-1 s=HELLO_CONNECTING pgs=0 cs=0 l=1 rev1=1 crypto rx=0 tx=0 comp rx=0 tx=0).handle_hello peer v2:172.21.15.38:3300/0 says I am v2:172.21.15.38:47936/0 (socket says 172.21.15.38:47936)
2023-12-12T12:51:45.493 INFO:teuthology.orchestra.run.smithi038.stdout:/usr/bin/ceph: stderr
2023-12-12T12:51:44.939+0000 7fbaab7fe700 1 -- 172.21.15.38:0/361243910 learned_addr learned my addr 172.21.15.38:0/361243910 (peer_addr_for_me v2:172.21.15.38:0/0)
2023-12-12T12:51:45.493 INFO:teuthology.orchestra.run.smithi038.stdout:/usr/bin/ceph: stderr
2023-12-12T12:51:44.940+0000 7fbaab7fe700 1 -- 172.21.15.38:0/361243910 --> [v2:172.21.15.38:3300/0,v1:172.21.15.38:6789/0] -- mon_subscribe({config=0+,monmap=0+}) v3 -- 0x7fba9c0094f0 con 0x7fbaac077b90
2023-12-12T12:51:45.493 INFO:teuthology.orchestra.run.smithi038.stdout:/usr/bin/ceph: stderr
2023-12-12T12:51:44.940+0000 7fbaab7fe700 1 --2- 172.21.15.38:0/361243910 >> [v2:172.21.15.38:3300/0,v1:172.21.15.38:6789/0] conn(0x7fbaac077b90 0x7fbaac1133c0 secure :-1 s=READY pgs=58 cs=0 l=1 rev1=1 crypto rx=0x7fba9c006d40 tx=0x7fba9c009250 comp rx=0 tx=0).ready entity=mon.0 client_cookie=0 server_cookie=0 in_seq=0 out_seq=0
2023-12-12T12:51:45.493 INFO:teuthology.orchestra.run.smithi038.stdout:/usr/bin/ceph: stderr
2023-12-12T12:51:44.940+0000 7fba93fff700 1 -- 172.21.15.38:0/361243910 <== mon.0 v2:172.21.15.38:3300/0 1 ==== mon_map magic: 0 v1 ==== 229+0+0 (secure 0 0 0) 0x7fba9c010960 con 0x7fbaac077b90
2023-12-12T12:51:45.493 INFO:teuthology.orchestra.run.smithi038.stdout:/usr/bin/ceph: stderr
2023-12-12T12:51:44.940+0000 7fba93fff700 1 -- 172.21.15.38:0/361243910 <== mon.0 v2:172.21.15.38:3300/0 2 ==== config(26 keys) v1 ==== 1074+0+0 (secure 0 0 0) 0x7fba9c01a430 con 0x7fbaac077b90
2023-12-12T12:51:45.493 INFO:teuthology.orchestra.run.smithi038.stdout:/usr/bin/ceph: stderr
2023-12-12T12:51:44.940+0000 7fbab1d45700 1 -- 172.21.15.38:0/361243910 --> [v2:172.21.15.38:3300/0,v1:172.21.15.38:6789/0] -- mon_subscribe({mgrmap=0+}) v3 -- 0x7fbaac113b00 con 0x7fbaac077b90
2023-12-12T12:51:45.493 INFO:teuthology.orchestra.run.smithi038.stdout:/usr/bin/ceph: stderr
2023-12-12T12:51:44.940+0000 7fba93fff700 1 -- 172.21.15.38:0/361243910 <== mon.0 v2:172.21.15.38:3300/0 3 ==== mon_map magic: 0 v1 ==== 229+0+0 (secure 0 0 0) 0x7fba9c0245b0 con 0x7fbaac077b90
2023-12-12T12:51:45.493 INFO:teuthology.orchestra.run.smithi038.stdout:/usr/bin/ceph: stderr
2023-12-12T12:51:44.940+0000 7fbab1d45700 1 -- 172.21.15.38:0/361243910 --> [v2:172.21.15.38:3300/0,v1:172.21.15.38:6789/0] -- mon_subscribe({osdmap=0}) v3 -- 0x7fbaac113f10 con 0x7fbaac077b90
2023-12-12T12:51:45.493 INFO:teuthology.orchestra.run.smithi038.stdout:/usr/bin/ceph: stderr
2023-12-12T12:51:44.941+0000 7fba93fff700 1 -- 172.21.15.38:0/361243910 <== mon.0 v2:172.21.15.38:3300/0 4 ==== mgrmap(e 8) v1 ==== 43281+0+0 (secure 0 0 0) 0x7fba9c02d3f0 con 0x7fbaac077b90
2023-12-12T12:51:45.493 INFO:teuthology.orchestra.run.smithi038.stdout:/usr/bin/ceph: stderr
2023-12-12T12:51:44.942+0000 7fbab1d45700 1 -- 172.21.15.38:0/361243910 --> [v2:172.21.15.38:3300/0,v1:172.21.15.38:6789/0] -- mon_command({"prefix": "get_command_descriptions"} v 0) v1 -- 0x7fbaac04bb80 con 0x7fbaac077b90
2023-12-12T12:51:45.493 INFO:teuthology.orchestra.run.smithi038.stdout:/usr/bin/ceph: stderr
2023-12-12T12:51:44.942+0000 7fba93fff700 1 --2- 172.21.15.38:0/361243910 >> [v2:172.21.15.38:6800/1931877590,v1:172.21.15.38:6801/1931877590] conn(0x7fba940365f0 0x7fba94038aa0 unknown :-1 s=NONE pgs=0 cs=0 l=1 rev1=0 crypto rx=0 tx=0 comp rx=0 tx=0).connect
2023-12-12T12:51:45.494 INFO:teuthology.orchestra.run.smithi038.stdout:/usr/bin/ceph: stderr
2023-12-12T12:51:44.942+0000 7fba93fff700 1 -- 172.21.15.38:0/361243910 <== mon.0 v2:172.21.15.38:3300/0 5 ==== osd_map(2..2 src has 1..2) v4 ==== 936+0+0 (secure 0 0 0) 0x7fba9c04a360 con 0x7fbaac077b90
2023-12-12T12:51:45.494 INFO:teuthology.orchestra.run.smithi038.stdout:/usr/bin/ceph: stderr
2023-12-12T12:51:44.942+0000 7fbaaaffd700 1 --2- 172.21.15.38:0/361243910 >> [v2:172.21.15.38:6800/1931877590,v1:172.21.15.38:6801/1931877590] conn(0x7fba940365f0 0x7fba94038aa0 unknown :-1 s=BANNER_CONNECTING pgs=0 cs=0 l=1 rev1=0 crypto rx=0 tx=0 comp rx=0 tx=0)._handle_peer_banner_payload supported=3 required=0
2023-12-12T12:51:45.494 INFO:teuthology.orchestra.run.smithi038.stdout:/usr/bin/ceph: stderr
2023-12-12T12:51:44.943+0000 7fbaaaffd700 1 --2- 172.21.15.38:0/361243910 >> [v2:172.21.15.38:6800/1931877590,v1:172.21.15.38:6801/1931877590] conn(0x7fba940365f0 0x7fba94038aa0 secure :-1 s=READY pgs=16 cs=0 l=1 rev1=1 crypto rx=0x7fbaa0009990 tx=0x7fbaa0006e40 comp rx=0 tx=0).ready entity=mgr.14122 client_cookie=0 server_cookie=0 in_seq=0 out_seq=0
2023-12-12T12:51:45.494 INFO:teuthology.orchestra.run.smithi038.stdout:/usr/bin/ceph: stderr
2023-12-12T12:51:44.947+0000 7fba93fff700 1 -- 172.21.15.38:0/361243910 <== mon.0 v2:172.21.15.38:3300/0 6 ==== mon_command_ack([{"prefix": "get_command_descriptions"}]=0 v0) v1 ==== 72+0+174570 (secure 0 0 0) 0x7fba9c018b40 con 0x7fbaac077b90
2023-12-12T12:51:45.494 INFO:teuthology.orchestra.run.smithi038.stdout:/usr/bin/ceph: stderr
2023-12-12T12:51:45.164+0000 7fbab1d45700 1 -- 172.21.15.38:0/361243910 --> [v2:172.21.15.38:6800/1931877590,v1:172.21.15.38:6801/1931877590] -- mgr_command(tid 0: {"prefix": "orch apply", "service_type": "grafana", "target": ["mon-mgr", ""]}) v1 -- 0x7fbaac10d1f0 con 0x7fba940365f0
2023-12-12T12:51:45.494 INFO:teuthology.orchestra.run.smithi038.stdout:/usr/bin/ceph: stderr
2023-12-12T12:51:45.171+0000 7fba93fff700 1 -- 172.21.15.38:0/361243910 <== mgr.14122 v2:172.21.15.38:6800/1931877590 1 ==== mgr_command_reply(tid 0: 0 ) v1 ==== 8+0+28 (secure 0 0 0) 0x7fbaac10d1f0 con 0x7fba940365f0
2023-12-12T12:51:45.494 INFO:teuthology.orchestra.run.smithi038.stdout:/usr/bin/ceph: stderr
2023-12-12T12:51:45.174+0000 7fbab1d45700 1 -- 172.21.15.38:0/361243910 >> [v2:172.21.15.38:6800/1931877590,v1:172.21.15.38:6801/1931877590] conn(0x7fba940365f0 msgr2=0x7fba94038aa0 secure :-1 s=STATE_CONNECTION_ESTABLISHED l=1).mark_down
2023-12-12T12:51:45.494 INFO:teuthology.orchestra.run.smithi038.stdout:/usr/bin/ceph: stderr
2023-12-12T12:51:45.174+0000 7fbab1d45700 1 --2- 172.21.15.38:0/361243910 >> [v2:172.21.15.38:6800/1931877590,v1:172.21.15.38:6801/1931877590] conn(0x7fba940365f0 0x7fba94038aa0 secure :-1 s=READY pgs=16 cs=0 l=1 rev1=1 crypto rx=0x7fbaa0009990 tx=0x7fbaa0006e40 comp rx=0 tx=0).stop
2023-12-12T12:51:45.494 INFO:teuthology.orchestra.run.smithi038.stdout:/usr/bin/ceph: stderr
2023-12-12T12:51:45.174+0000 7fbab1d45700 1 -- 172.21.15.38:0/361243910 >> [v2:172.21.15.38:3300/0,v1:172.21.15.38:6789/0] conn(0x7fbaac077b90 msgr2=0x7fbaac1133c0 secure :-1 s=STATE_CONNECTION_ESTABLISHED l=1).mark_down
2023-12-12T12:51:45.494 INFO:teuthology.orchestra.run.smithi038.stdout:/usr/bin/ceph: stderr
2023-12-12T12:51:45.174+0000 7fbab1d45700 1 --2- 172.21.15.38:0/361243910 >> [v2:172.21.15.38:3300/0,v1:172.21.15.38:6789/0] conn(0x7fbaac077b90 0x7fbaac1133c0 secure :-1 s=READY pgs=58 cs=0 l=1 rev1=1 crypto rx=0x7fba9c006d40 tx=0x7fba9c009250 comp rx=0 tx=0).stop
2023-12-12T12:51:45.494 INFO:teuthology.orchestra.run.smithi038.stdout:/usr/bin/ceph: stderr
2023-12-12T12:51:45.174+0000 7fbab1d45700 1 -- 172.21.15.38:0/361243910 shutdown_connections
2023-12-12T12:51:45.494 INFO:teuthology.orchestra.run.smithi038.stdout:/usr/bin/ceph: stderr
2023-12-12T12:51:45.174+0000 7fbab1d45700 1 --2- 172.21.15.38:0/361243910 >> [v2:172.21.15.38:6800/1931877590,v1:172.21.15.38:6801/1931877590] conn(0x7fba940365f0 0x7fba94038aa0 unknown :-1 s=CLOSED pgs=16 cs=0 l=1 rev1=1 crypto rx=0 tx=0 comp rx=0 tx=0).stop
2023-12-12T12:51:45.494 INFO:teuthology.orchestra.run.smithi038.stdout:/usr/bin/ceph: stderr
2023-12-12T12:51:45.174+0000 7fbab1d45700 1 --2- 172.21.15.38:0/361243910 >> [v2:172.21.15.38:3300/0,v1:172.21.15.38:6789/0] conn(0x7fbaac077b90 0x7fbaac1133c0 unknown :-1 s=CLOSED pgs=58 cs=0 l=1 rev1=1 crypto rx=0 tx=0 comp rx=0 tx=0).stop
2023-12-12T12:51:45.494 INFO:teuthology.orchestra.run.smithi038.stdout:/usr/bin/ceph: stderr
2023-12-12T12:51:45.174+0000 7fbab1d45700 1 -- 172.21.15.38:0/361243910 >> 172.21.15.38:0/361243910 conn(0x7fbaac0fda50 msgr2=0x7fbaac0ffe50 unknown :-1 s=STATE_NONE l=0).mark_down
2023-12-12T12:51:45.495 INFO:teuthology.orchestra.run.smithi038.stdout:/usr/bin/ceph: stderr
2023-12-12T12:51:45.174+0000 7fbab1d45700 1 -- 172.21.15.38:0/361243910 shutdown_connections
2023-12-12T12:51:45.495 INFO:teuthology.orchestra.run.smithi038.stdout:/usr/bin/ceph: stderr
2023-12-12T12:51:45.174+0000 7fbab1d45700 1 -- 172.21.15.38:0/361243910 wait complete.
2023-12-12T12:51:45.495 INFO:teuthology.orchestra.run.smithi038.stdout:Deploying node-exporter service with default placement...
2023-12-12T12:51:45.928 INFO:journalctl@ceph.mon.smithi038.smithi038.stdout:Dec 12 12:51:45 smithi038 ceph-mon[107133]: from='client.14150 -' entity='client.admin' cmd=[{"prefix": "orch apply", "service_type": "prometheus", "target": ["mon-mgr", ""]}]: dispatch
2023-12-12T12:51:45.928 INFO:journalctl@ceph.mon.smithi038.smithi038.stdout:Dec 12 12:51:45 smithi038 ceph-mon[107133]: Saving service prometheus spec with placement count:1
2023-12-12T12:51:45.928 INFO:journalctl@ceph.mon.smithi038.smithi038.stdout:Dec 12 12:51:45 smithi038 ceph-mon[107133]: from='mgr.14122 172.21.15.38:0/180367293' entity='mgr.smithi038.hdoprv'
2023-12-12T12:51:45.928 INFO:journalctl@ceph.mon.smithi038.smithi038.stdout:Dec 12 12:51:45 smithi038 ceph-mon[107133]: from='mgr.14122 172.21.15.38:0/180367293' entity='mgr.smithi038.hdoprv'
2023-12-12T12:51:46.480 INFO:teuthology.orchestra.run.smithi038.stdout:/usr/bin/ceph: stdout Scheduled node-exporter update...
2023-12-12T12:51:46.480 INFO:teuthology.orchestra.run.smithi038.stdout:/usr/bin/ceph: stderr
2023-12-12T12:51:45.904+0000 7feef1789700 1 Processor -- start
2023-12-12T12:51:46.481 INFO:teuthology.orchestra.run.smithi038.stdout:/usr/bin/ceph: stderr
2023-12-12T12:51:45.904+0000 7feef1789700 1 -- start start
2023-12-12T12:51:46.481 INFO:teuthology.orchestra.run.smithi038.stdout:/usr/bin/ceph: stderr
2023-12-12T12:51:45.905+0000 7feef1789700 1 --2- >> [v2:172.21.15.38:3300/0,v1:172.21.15.38:6789/0] conn(0x7feeec077bd0 0x7feeec0760e0 unknown :-1 s=NONE pgs=0 cs=0 l=0 rev1=0 crypto rx=0 tx=0 comp rx=0 tx=0).connect
2023-12-12T12:51:46.481 INFO:teuthology.orchestra.run.smithi038.stdout:/usr/bin/ceph: stderr
2023-12-12T12:51:45.905+0000 7feef1789700 1 -- --> [v2:172.21.15.38:3300/0,v1:172.21.15.38:6789/0] -- mon_getmap magic: 0 v1 -- 0x7feeec077fe0 con 0x7feeec077bd0
2023-12-12T12:51:46.481 INFO:teuthology.orchestra.run.smithi038.stdout:/usr/bin/ceph: stderr
2023-12-12T12:51:45.905+0000 7feeeaffd700 1 --2- >> [v2:172.21.15.38:3300/0,v1:172.21.15.38:6789/0] conn(0x7feeec077bd0 0x7feeec0760e0 unknown :-1 s=BANNER_CONNECTING pgs=0 cs=0 l=0 rev1=0 crypto rx=0 tx=0 comp rx=0 tx=0)._handle_peer_banner_payload supported=3 required=0
2023-12-12T12:51:46.481 INFO:teuthology.orchestra.run.smithi038.stdout:/usr/bin/ceph: stderr
2023-12-12T12:51:45.905+0000 7feeeaffd700 1 --2- >> [v2:172.21.15.38:3300/0,v1:172.21.15.38:6789/0] conn(0x7feeec077bd0 0x7feeec0760e0 unknown :-1 s=HELLO_CONNECTING pgs=0 cs=0 l=0 rev1=1 crypto rx=0 tx=0 comp rx=0 tx=0).handle_hello peer v2:172.21.15.38:3300/0 says I am v2:172.21.15.38:34658/0 (socket says 172.21.15.38:34658)
2023-12-12T12:51:46.481 INFO:teuthology.orchestra.run.smithi038.stdout:/usr/bin/ceph: stderr
2023-12-12T12:51:45.905+0000 7feeeaffd700 1 -- 172.21.15.38:0/3280465975 learned_addr learned my addr 172.21.15.38:0/3280465975 (peer_addr_for_me v2:172.21.15.38:0/0)
2023-12-12T12:51:46.481 INFO:teuthology.orchestra.run.smithi038.stdout:/usr/bin/ceph: stderr
2023-12-12T12:51:45.905+0000 7feeeaffd700 1 -- 172.21.15.38:0/3280465975 --> [v2:172.21.15.38:3300/0,v1:172.21.15.38:6789/0] -- mon_subscribe({config=0+,monmap=0+}) v3 -- 0x7feeec076620 con 0x7feeec077bd0
2023-12-12T12:51:46.481 INFO:teuthology.orchestra.run.smithi038.stdout:/usr/bin/ceph: stderr
2023-12-12T12:51:45.906+0000 7feeeaffd700 1 --2- 172.21.15.38:0/3280465975 >> [v2:172.21.15.38:3300/0,v1:172.21.15.38:6789/0] conn(0x7feeec077bd0 0x7feeec0760e0 secure :-1 s=READY pgs=59 cs=0 l=1 rev1=1 crypto rx=0x7feedc0098e0 tx=0x7feedc009250 comp rx=0 tx=0).ready entity=mon.0 client_cookie=dcdc49e591818186 server_cookie=0 in_seq=0 out_seq=0
2023-12-12T12:51:46.481 INFO:teuthology.orchestra.run.smithi038.stdout:/usr/bin/ceph: stderr
2023-12-12T12:51:45.906+0000 7feee9ffb700 1 -- 172.21.15.38:0/3280465975 <== mon.0 v2:172.21.15.38:3300/0 1 ==== mon_map magic: 0 v1 ==== 229+0+0 (secure 0 0 0) 0x7feedc00b860 con 0x7feeec077bd0
2023-12-12T12:51:46.481 INFO:teuthology.orchestra.run.smithi038.stdout:/usr/bin/ceph: stderr
2023-12-12T12:51:45.906+0000 7feee9ffb700 1 -- 172.21.15.38:0/3280465975 <== mon.0 v2:172.21.15.38:3300/0 2 ==== config(26 keys) v1 ==== 1074+0+0 (secure 0 0 0) 0x7feedc00be70 con 0x7feeec077bd0
2023-12-12T12:51:46.481 INFO:teuthology.orchestra.run.smithi038.stdout:/usr/bin/ceph: stderr
2023-12-12T12:51:45.906+0000 7feee9ffb700 1 -- 172.21.15.38:0/3280465975 <== mon.0 v2:172.21.15.38:3300/0 3 ==== mon_map magic: 0 v1 ==== 229+0+0 (secure 0 0 0) 0x7feedc010380 con 0x7feeec077bd0
2023-12-12T12:51:46.481 INFO:teuthology.orchestra.run.smithi038.stdout:/usr/bin/ceph: stderr
2023-12-12T12:51:45.906+0000 7feef1789700 1 -- 172.21.15.38:0/3280465975 >> [v2:172.21.15.38:3300/0,v1:172.21.15.38:6789/0] conn(0x7feeec077bd0 msgr2=0x7feeec0760e0 secure :-1 s=STATE_CONNECTION_ESTABLISHED l=1).mark_down
2023-12-12T12:51:46.481 INFO:teuthology.orchestra.run.smithi038.stdout:/usr/bin/ceph: stderr
2023-12-12T12:51:45.906+0000 7feef1789700 1 --2- 172.21.15.38:0/3280465975 >> [v2:172.21.15.38:3300/0,v1:172.21.15.38:6789/0] conn(0x7feeec077bd0 0x7feeec0760e0 secure :-1 s=READY pgs=59 cs=0 l=1 rev1=1 crypto rx=0x7feedc0098e0 tx=0x7feedc009250 comp rx=0 tx=0).stop
2023-12-12T12:51:46.481 INFO:teuthology.orchestra.run.smithi038.stdout:/usr/bin/ceph: stderr
2023-12-12T12:51:45.907+0000 7feef1789700 1 -- 172.21.15.38:0/3280465975 shutdown_connections
2023-12-12T12:51:46.481 INFO:teuthology.orchestra.run.smithi038.stdout:/usr/bin/ceph: stderr
2023-12-12T12:51:45.907+0000 7feef1789700 1 --2- 172.21.15.38:0/3280465975 >> [v2:172.21.15.38:3300/0,v1:172.21.15.38:6789/0] conn(0x7feeec077bd0 0x7feeec0760e0 unknown :-1 s=CLOSED pgs=59 cs=0 l=1 rev1=1 crypto rx=0 tx=0 comp rx=0 tx=0).stop
2023-12-12T12:51:46.482 INFO:teuthology.orchestra.run.smithi038.stdout:/usr/bin/ceph: stderr
2023-12-12T12:51:45.907+0000 7feef1789700 1 -- 172.21.15.38:0/3280465975 >> 172.21.15.38:0/3280465975 conn(0x7feeec0fda50 msgr2=0x7feeec0ffe60 unknown :-1 s=STATE_NONE l=0).mark_down
2023-12-12T12:51:46.482 INFO:teuthology.orchestra.run.smithi038.stdout:/usr/bin/ceph: stderr
2023-12-12T12:51:45.907+0000 7feef1789700 1 -- 172.21.15.38:0/3280465975 shutdown_connections
2023-12-12T12:51:46.482 INFO:teuthology.orchestra.run.smithi038.stdout:/usr/bin/ceph: stderr
2023-12-12T12:51:45.907+0000 7feef1789700 1 -- 172.21.15.38:0/3280465975 wait complete.
2023-12-12T12:51:46.482 INFO:teuthology.orchestra.run.smithi038.stdout:/usr/bin/ceph: stderr
2023-12-12T12:51:45.907+0000 7feef1789700 1 Processor -- start
2023-12-12T12:51:46.482 INFO:teuthology.orchestra.run.smithi038.stdout:/usr/bin/ceph: stderr
2023-12-12T12:51:45.908+0000 7feef1789700 1 -- start start
2023-12-12T12:51:46.482 INFO:teuthology.orchestra.run.smithi038.stdout:/usr/bin/ceph: stderr
2023-12-12T12:51:45.908+0000 7feef1789700 1 --2- >> [v2:172.21.15.38:3300/0,v1:172.21.15.38:6789/0] conn(0x7feeec077bd0 0x7feeec1133c0 unknown :-1 s=NONE pgs=0 cs=0 l=1 rev1=0 crypto rx=0 tx=0 comp rx=0 tx=0).connect
2023-12-12T12:51:46.482 INFO:teuthology.orchestra.run.smithi038.stdout:/usr/bin/ceph: stderr
2023-12-12T12:51:45.908+0000 7feef1789700 1 -- --> [v2:172.21.15.38:3300/0,v1:172.21.15.38:6789/0] -- mon_getmap magic: 0 v1 -- 0x7feeec113900 con 0x7feeec077bd0
2023-12-12T12:51:46.482 INFO:teuthology.orchestra.run.smithi038.stdout:/usr/bin/ceph: stderr
2023-12-12T12:51:45.908+0000 7feeeaffd700 1 --2- >> [v2:172.21.15.38:3300/0,v1:172.21.15.38:6789/0] conn(0x7feeec077bd0 0x7feeec1133c0 unknown :-1 s=BANNER_CONNECTING pgs=0 cs=0 l=1 rev1=0 crypto rx=0 tx=0 comp rx=0 tx=0)._handle_peer_banner_payload supported=3 required=0
2023-12-12T12:51:46.482 INFO:teuthology.orchestra.run.smithi038.stdout:/usr/bin/ceph: stderr
2023-12-12T12:51:45.908+0000 7feeeaffd700 1 --2- >> [v2:172.21.15.38:3300/0,v1:172.21.15.38:6789/0] conn(0x7feeec077bd0 0x7feeec1133c0 unknown :-1 s=HELLO_CONNECTING pgs=0 cs=0 l=1 rev1=1 crypto rx=0 tx=0 comp rx=0 tx=0).handle_hello peer v2:172.21.15.38:3300/0 says I am v2:172.21.15.38:34670/0 (socket says 172.21.15.38:34670)
2023-12-12T12:51:46.482 INFO:teuthology.orchestra.run.smithi038.stdout:/usr/bin/ceph: stderr
2023-12-12T12:51:45.908+0000 7feeeaffd700 1 -- 172.21.15.38:0/3993962472 learned_addr learned my addr 172.21.15.38:0/3993962472 (peer_addr_for_me v2:172.21.15.38:0/0)
2023-12-12T12:51:46.482 INFO:teuthology.orchestra.run.smithi038.stdout:/usr/bin/ceph: stderr
2023-12-12T12:51:45.908+0000 7feeeaffd700 1 -- 172.21.15.38:0/3993962472 --> [v2:172.21.15.38:3300/0,v1:172.21.15.38:6789/0] -- mon_subscribe({config=0+,monmap=0+}) v3 -- 0x7feedc0094f0 con 0x7feeec077bd0
2023-12-12T12:51:46.482 INFO:teuthology.orchestra.run.smithi038.stdout:/usr/bin/ceph: stderr
2023-12-12T12:51:45.909+0000 7feeeaffd700 1 --2- 172.21.15.38:0/3993962472 >> [v2:172.21.15.38:3300/0,v1:172.21.15.38:6789/0] conn(0x7feeec077bd0 0x7feeec1133c0 secure :-1 s=READY pgs=60 cs=0 l=1 rev1=1 crypto rx=0x7feedc006d40 tx=0x7feedc009250 comp rx=0 tx=0).ready entity=mon.0 client_cookie=0 server_cookie=0 in_seq=0 out_seq=0
2023-12-12T12:51:46.482 INFO:teuthology.orchestra.run.smithi038.stdout:/usr/bin/ceph: stderr
2023-12-12T12:51:45.909+0000 7feed37fe700 1 -- 172.21.15.38:0/3993962472 <== mon.0 v2:172.21.15.38:3300/0 1 ==== mon_map magic: 0 v1 ==== 229+0+0 (secure 0 0 0) 0x7feedc010960 con 0x7feeec077bd0
2023-12-12T12:51:46.482 INFO:teuthology.orchestra.run.smithi038.stdout:/usr/bin/ceph: stderr
2023-12-12T12:51:45.909+0000 7feed37fe700 1 -- 172.21.15.38:0/3993962472 <== mon.0 v2:172.21.15.38:3300/0 2 ==== config(26 keys) v1 ==== 1074+0+0 (secure 0 0 0) 0x7feedc01a430 con 0x7feeec077bd0
2023-12-12T12:51:46.482 INFO:teuthology.orchestra.run.smithi038.stdout:/usr/bin/ceph: stderr
2023-12-12T12:51:45.909+0000 7feef1789700 1 -- 172.21.15.38:0/3993962472 --> [v2:172.21.15.38:3300/0,v1:172.21.15.38:6789/0] -- mon_subscribe({mgrmap=0+}) v3 -- 0x7feeec113b00 con 0x7feeec077bd0
2023-12-12T12:51:46.483 INFO:teuthology.orchestra.run.smithi038.stdout:/usr/bin/ceph: stderr
2023-12-12T12:51:45.909+0000 7feed37fe700 1 -- 172.21.15.38:0/3993962472 <== mon.0 v2:172.21.15.38:3300/0 3 ==== mon_map magic: 0 v1 ==== 229+0+0 (secure 0 0 0) 0x7feedc0245b0 con 0x7feeec077bd0
2023-12-12T12:51:46.483 INFO:teuthology.orchestra.run.smithi038.stdout:/usr/bin/ceph: stderr
2023-12-12T12:51:45.909+0000 7feef1789700 1 -- 172.21.15.38:0/3993962472 --> [v2:172.21.15.38:3300/0,v1:172.21.15.38:6789/0] -- mon_subscribe({osdmap=0}) v3 -- 0x7feeec113f10 con 0x7feeec077bd0
2023-12-12T12:51:46.483 INFO:teuthology.orchestra.run.smithi038.stdout:/usr/bin/ceph: stderr
2023-12-12T12:51:45.910+0000 7feed37fe700 1 -- 172.21.15.38:0/3993962472 <== mon.0 v2:172.21.15.38:3300/0 4 ==== mgrmap(e 8) v1 ==== 43281+0+0 (secure 0 0 0) 0x7feedc01a9f0 con 0x7feeec077bd0
2023-12-12T12:51:46.483 INFO:teuthology.orchestra.run.smithi038.stdout:/usr/bin/ceph: stderr
2023-12-12T12:51:45.910+0000 7feef1789700 1 -- 172.21.15.38:0/3993962472 --> [v2:172.21.15.38:3300/0,v1:172.21.15.38:6789/0] -- mon_command({"prefix": "get_command_descriptions"} v 0) v1 -- 0x7feeec04bb80 con 0x7feeec077bd0
2023-12-12T12:51:46.483 INFO:teuthology.orchestra.run.smithi038.stdout:/usr/bin/ceph: stderr
2023-12-12T12:51:45.911+0000 7feed37fe700 1 --2- 172.21.15.38:0/3993962472 >> [v2:172.21.15.38:6800/1931877590,v1:172.21.15.38:6801/1931877590] conn(0x7feed4036640 0x7feed4038af0 unknown :-1 s=NONE pgs=0 cs=0 l=1 rev1=0 crypto rx=0 tx=0 comp rx=0 tx=0).connect
2023-12-12T12:51:46.483 INFO:teuthology.orchestra.run.smithi038.stdout:/usr/bin/ceph: stderr
2023-12-12T12:51:45.911+0000 7feed37fe700 1 -- 172.21.15.38:0/3993962472 <== mon.0 v2:172.21.15.38:3300/0 5 ==== osd_map(2..2 src has 1..2) v4 ==== 936+0+0 (secure 0 0 0) 0x7feedc04a150 con 0x7feeec077bd0
2023-12-12T12:51:46.483 INFO:teuthology.orchestra.run.smithi038.stdout:/usr/bin/ceph: stderr
2023-12-12T12:51:45.911+0000 7feeea7fc700 1 --2- 172.21.15.38:0/3993962472 >> [v2:172.21.15.38:6800/1931877590,v1:172.21.15.38:6801/1931877590] conn(0x7feed4036640 0x7feed4038af0 unknown :-1 s=BANNER_CONNECTING pgs=0 cs=0 l=1 rev1=0 crypto rx=0 tx=0 comp rx=0 tx=0)._handle_peer_banner_payload supported=3 required=0
2023-12-12T12:51:46.483 INFO:teuthology.orchestra.run.smithi038.stdout:/usr/bin/ceph: stderr
2023-12-12T12:51:45.912+0000 7feeea7fc700 1 --2- 172.21.15.38:0/3993962472 >> [v2:172.21.15.38:6800/1931877590,v1:172.21.15.38:6801/1931877590] conn(0x7feed4036640 0x7feed4038af0 secure :-1 s=READY pgs=17 cs=0 l=1 rev1=1 crypto rx=0x7feee0009990 tx=0x7feee0006e40 comp rx=0 tx=0).ready entity=mgr.14122 client_cookie=0 server_cookie=0 in_seq=0 out_seq=0
2023-12-12T12:51:46.483 INFO:teuthology.orchestra.run.smithi038.stdout:/usr/bin/ceph: stderr
2023-12-12T12:51:45.916+0000 7feed37fe700 1 -- 172.21.15.38:0/3993962472 <== mon.0 v2:172.21.15.38:3300/0 6 ==== mon_command_ack([{"prefix": "get_command_descriptions"}]=0 v0) v1 ==== 72+0+174570 (secure 0 0 0) 0x7feedc02b8c0 con 0x7feeec077bd0
2023-12-12T12:51:46.483 INFO:teuthology.orchestra.run.smithi038.stdout:/usr/bin/ceph: stderr
2023-12-12T12:51:46.136+0000 7feef1789700 1 -- 172.21.15.38:0/3993962472 --> [v2:172.21.15.38:6800/1931877590,v1:172.21.15.38:6801/1931877590] -- mgr_command(tid 0: {"prefix": "orch apply", "service_type": "node-exporter", "target": ["mon-mgr", ""]}) v1 -- 0x7feeec10d1f0 con 0x7feed4036640
2023-12-12T12:51:46.483 INFO:teuthology.orchestra.run.smithi038.stdout:/usr/bin/ceph: stderr
2023-12-12T12:51:46.141+0000 7feed37fe700 1 -- 172.21.15.38:0/3993962472 <== mgr.14122 v2:172.21.15.38:6800/1931877590 1 ==== mgr_command_reply(tid 0: 0 ) v1 ==== 8+0+34 (secure 0 0 0) 0x7feeec10d1f0 con 0x7feed4036640
2023-12-12T12:51:46.483 INFO:teuthology.orchestra.run.smithi038.stdout:/usr/bin/ceph: stderr
2023-12-12T12:51:46.143+0000 7feef1789700 1 -- 172.21.15.38:0/3993962472 >> [v2:172.21.15.38:6800/1931877590,v1:172.21.15.38:6801/1931877590] conn(0x7feed4036640 msgr2=0x7feed4038af0 secure :-1 s=STATE_CONNECTION_ESTABLISHED l=1).mark_down
2023-12-12T12:51:46.483 INFO:teuthology.orchestra.run.smithi038.stdout:/usr/bin/ceph: stderr
2023-12-12T12:51:46.143+0000 7feef1789700 1 --2- 172.21.15.38:0/3993962472 >> [v2:172.21.15.38:6800/1931877590,v1:172.21.15.38:6801/1931877590] conn(0x7feed4036640 0x7feed4038af0 secure :-1 s=READY pgs=17 cs=0 l=1 rev1=1 crypto rx=0x7feee0009990 tx=0x7feee0006e40 comp rx=0 tx=0).stop
2023-12-12T12:51:46.483 INFO:teuthology.orchestra.run.smithi038.stdout:/usr/bin/ceph: stderr
2023-12-12T12:51:46.143+0000 7feef1789700 1 -- 172.21.15.38:0/3993962472 >> [v2:172.21.15.38:3300/0,v1:172.21.15.38:6789/0] conn(0x7feeec077bd0 msgr2=0x7feeec1133c0 secure :-1 s=STATE_CONNECTION_ESTABLISHED l=1).mark_down
2023-12-12T12:51:46.483 INFO:teuthology.orchestra.run.smithi038.stdout:/usr/bin/ceph: stderr
2023-12-12T12:51:46.143+0000 7feef1789700 1 --2- 172.21.15.38:0/3993962472 >> [v2:172.21.15.38:3300/0,v1:172.21.15.38:6789/0] conn(0x7feeec077bd0 0x7feeec1133c0 secure :-1 s=READY pgs=60 cs=0 l=1 rev1=1 crypto rx=0x7feedc006d40 tx=0x7feedc009250 comp rx=0 tx=0).stop
