2024-03-22T10:24:01.441 INFO:teuthology.orchestra.run.smithi137.stdout:/usr/bin/ceph: stderr
2024-03-22T10:24:00.560+0000 7ff548c00700 1 -- 172.21.15.137:0/896085701 <== mgr.14164 v2:172.21.15.137:6800/3416980661 1 ==== mgr_command_reply(tid 0: 0 ) v1 ==== 8+0+252 (secure 0 0 0) 0x7ff54c0621e0 con 0x7ff5300383c0
2024-03-22T10:24:01.441 INFO:teuthology.orchestra.run.smithi137.stdout:/usr/bin/ceph: stderr
2024-03-22T10:24:00.563+0000 7ff552e00700 1 -- 172.21.15.137:0/896085701 >> [v2:172.21.15.137:6800/3416980661,v1:172.21.15.137:6801/3416980661] conn(0x7ff5300383c0 msgr2=0x7ff53003a880 secure :-1 s=STATE_CONNECTION_ESTABLISHED l=1).mark_down
2024-03-22T10:24:01.441 INFO:teuthology.orchestra.run.smithi137.stdout:/usr/bin/ceph: stderr
2024-03-22T10:24:00.563+0000 7ff552e00700 1 --2- 172.21.15.137:0/896085701 >> [v2:172.21.15.137:6800/3416980661,v1:172.21.15.137:6801/3416980661] conn(0x7ff5300383c0 0x7ff53003a880 secure :-1 s=READY pgs=8 cs=0 l=1 rev1=1 crypto rx=0x7ff538006fd0 tx=0x7ff538006e40 comp rx=0 tx=0).stop
2024-03-22T10:24:01.441 INFO:teuthology.orchestra.run.smithi137.stdout:/usr/bin/ceph: stderr
2024-03-22T10:24:00.563+0000 7ff552e00700 1 -- 172.21.15.137:0/896085701 >> [v2:172.21.15.137:3300/0,v1:172.21.15.137:6789/0] conn(0x7ff54c07bef0 msgr2=0x7ff54c19c360 secure :-1 s=STATE_CONNECTION_ESTABLISHED l=1).mark_down
2024-03-22T10:24:01.441 INFO:teuthology.orchestra.run.smithi137.stdout:/usr/bin/ceph: stderr
2024-03-22T10:24:00.563+0000 7ff552e00700 1 --2- 172.21.15.137:0/896085701 >> [v2:172.21.15.137:3300/0,v1:172.21.15.137:6789/0] conn(0x7ff54c07bef0 0x7ff54c19c360 secure :-1 s=READY pgs=85 cs=0 l=1 rev1=1 crypto rx=0x7ff53c000c00 tx=0x7ff53c011b50 comp rx=0 tx=0).stop
2024-03-22T10:24:01.441 INFO:teuthology.orchestra.run.smithi137.stdout:/usr/bin/ceph: stderr
2024-03-22T10:24:00.563+0000 7ff552e00700 1 -- 172.21.15.137:0/896085701 shutdown_connections
2024-03-22T10:24:01.441 INFO:teuthology.orchestra.run.smithi137.stdout:/usr/bin/ceph: stderr
2024-03-22T10:24:00.563+0000 7ff552e00700 1 --2- 172.21.15.137:0/896085701 >> [v2:172.21.15.137:6800/3416980661,v1:172.21.15.137:6801/3416980661] conn(0x7ff5300383c0 0x7ff53003a880 unknown :-1 s=CLOSED pgs=8 cs=0 l=1 rev1=1 crypto rx=0 tx=0 comp rx=0 tx=0).stop
2024-03-22T10:24:01.441 INFO:teuthology.orchestra.run.smithi137.stdout:/usr/bin/ceph: stderr
2024-03-22T10:24:00.563+0000 7ff552e00700 1 --2- 172.21.15.137:0/896085701 >> [v2:172.21.15.137:3300/0,v1:172.21.15.137:6789/0] conn(0x7ff54c07bef0 0x7ff54c19c360 unknown :-1 s=CLOSED pgs=85 cs=0 l=1 rev1=1 crypto rx=0 tx=0 comp rx=0 tx=0).stop
2024-03-22T10:24:01.441 INFO:teuthology.orchestra.run.smithi137.stdout:/usr/bin/ceph: stderr
2024-03-22T10:24:00.563+0000 7ff552e00700 1 -- 172.21.15.137:0/896085701 >> 172.21.15.137:0/896085701 conn(0x7ff54c1019d0 msgr2=0x7ff54c1030e0 unknown :-1 s=STATE_NONE l=0).mark_down
2024-03-22T10:24:01.441 INFO:teuthology.orchestra.run.smithi137.stdout:/usr/bin/ceph: stderr
2024-03-22T10:24:00.563+0000 7ff552e00700 1 -- 172.21.15.137:0/896085701 shutdown_connections
2024-03-22T10:24:01.441 INFO:teuthology.orchestra.run.smithi137.stdout:/usr/bin/ceph: stderr
2024-03-22T10:24:00.563+0000 7ff552e00700 1 -- 172.21.15.137:0/896085701 wait complete.
2024-03-22T10:24:01.442 INFO:teuthology.orchestra.run.smithi137.stdout:Fetching dashboard port number...
2024-03-22T10:24:01.675 INFO:journalctl@ceph.mon.smithi137.smithi137.stdout:Mar 22 10:24:01 smithi137 ceph-mon[29362]: from='client.14178 -' entity='client.admin' cmd=[{"prefix": "dashboard ac-user-create", "username": "admin", "rolename": "administrator", "force_password": true, "pwd_update_required": true, "target": ["mon-mgr", ""]}]: dispatch
2024-03-22T10:24:01.675 INFO:journalctl@ceph.mon.smithi137.smithi137.stdout:Mar 22 10:24:01 smithi137 ceph-mon[29362]: from='mgr.14164 172.21.15.137:0/2748506686' entity='mgr.smithi137.avuerp'
2024-03-22T10:24:03.333 INFO:teuthology.orchestra.run.smithi137.stdout:/usr/bin/ceph: stdout 8443
2024-03-22T10:24:03.334 INFO:teuthology.orchestra.run.smithi137.stdout:/usr/bin/ceph: stderr
2024-03-22T10:24:02.459+0000 7f168f200700 1 Processor -- start
2024-03-22T10:24:03.334 INFO:teuthology.orchestra.run.smithi137.stdout:/usr/bin/ceph: stderr
2024-03-22T10:24:02.459+0000 7f168f200700 1 -- start start
2024-03-22T10:24:03.334 INFO:teuthology.orchestra.run.smithi137.stdout:/usr/bin/ceph: stderr
2024-03-22T10:24:02.459+0000 7f168f200700 1 --2- >> [v2:172.21.15.137:3300/0,v1:172.21.15.137:6789/0] conn(0x7f168810e030 0x7f168810e450 unknown :-1 s=NONE pgs=0 cs=0 l=0 rev1=0 crypto rx=0 tx=0 comp rx=0 tx=0).connect
2024-03-22T10:24:03.334 INFO:teuthology.orchestra.run.smithi137.stdout:/usr/bin/ceph: stderr
2024-03-22T10:24:02.459+0000 7f168f200700 1 -- --> [v2:172.21.15.137:3300/0,v1:172.21.15.137:6789/0] -- mon_getmap magic: 0 v1 -- 0x7f168810ea20 con 0x7f168810e030
2024-03-22T10:24:03.334 INFO:teuthology.orchestra.run.smithi137.stdout:/usr/bin/ceph: stderr
2024-03-22T10:24:02.460+0000 7f1687e00700 1 --2- >> [v2:172.21.15.137:3300/0,v1:172.21.15.137:6789/0] conn(0x7f168810e030 0x7f168810e450 unknown :-1 s=BANNER_CONNECTING pgs=0 cs=0 l=0 rev1=0 crypto rx=0 tx=0 comp rx=0 tx=0)._handle_peer_banner_payload supported=3 required=0
2024-03-22T10:24:03.334 INFO:teuthology.orchestra.run.smithi137.stdout:/usr/bin/ceph: stderr
2024-03-22T10:24:02.460+0000 7f1687e00700 1 --2- >> [v2:172.21.15.137:3300/0,v1:172.21.15.137:6789/0] conn(0x7f168810e030 0x7f168810e450 unknown :-1 s=HELLO_CONNECTING pgs=0 cs=0 l=0 rev1=1 crypto rx=0 tx=0 comp rx=0 tx=0).handle_hello peer v2:172.21.15.137:3300/0 says I am v2:172.21.15.137:37544/0 (socket says 172.21.15.137:37544)
2024-03-22T10:24:03.334 INFO:teuthology.orchestra.run.smithi137.stdout:/usr/bin/ceph: stderr
2024-03-22T10:24:02.460+0000 7f1687e00700 1 -- 172.21.15.137:0/2397971339 learned_addr learned my addr 172.21.15.137:0/2397971339 (peer_addr_for_me v2:172.21.15.137:0/0)
2024-03-22T10:24:03.334 INFO:teuthology.orchestra.run.smithi137.stdout:/usr/bin/ceph: stderr
2024-03-22T10:24:02.460+0000 7f1687e00700 1 -- 172.21.15.137:0/2397971339 --> [v2:172.21.15.137:3300/0,v1:172.21.15.137:6789/0] -- mon_subscribe({config=0+,monmap=0+}) v3 -- 0x7f168810eb60 con 0x7f168810e030
2024-03-22T10:24:03.334 INFO:teuthology.orchestra.run.smithi137.stdout:/usr/bin/ceph: stderr
2024-03-22T10:24:02.460+0000 7f1687e00700 1 --2- 172.21.15.137:0/2397971339 >> [v2:172.21.15.137:3300/0,v1:172.21.15.137:6789/0] conn(0x7f168810e030 0x7f168810e450 secure :-1 s=READY pgs=86 cs=0 l=1 rev1=1 crypto rx=0x7f16780098a0 tx=0x7f1678009bb0 comp rx=0 tx=0).ready entity=mon.0 client_cookie=477f9feef9bcd806 server_cookie=0 in_seq=0 out_seq=0
2024-03-22T10:24:03.334 INFO:teuthology.orchestra.run.smithi137.stdout:/usr/bin/ceph: stderr
2024-03-22T10:24:02.461+0000 7f1686a00700 1 -- 172.21.15.137:0/2397971339 <== mon.0 v2:172.21.15.137:3300/0 1 ==== mon_map magic: 0 v1 ==== 229+0+0 (secure 0 0 0) 0x7f1678004180 con 0x7f168810e030
2024-03-22T10:24:03.334 INFO:teuthology.orchestra.run.smithi137.stdout:/usr/bin/ceph: stderr
2024-03-22T10:24:02.461+0000 7f1686a00700 1 -- 172.21.15.137:0/2397971339 <== mon.0 v2:172.21.15.137:3300/0 2 ==== config(27 keys) v1 ==== 1101+0+0 (secure 0 0 0) 0x7f16780042e0 con 0x7f168810e030
2024-03-22T10:24:03.335 INFO:teuthology.orchestra.run.smithi137.stdout:/usr/bin/ceph: stderr
2024-03-22T10:24:02.461+0000 7f1686a00700 1 -- 172.21.15.137:0/2397971339 <== mon.0 v2:172.21.15.137:3300/0 3 ==== mon_map magic: 0 v1 ==== 229+0+0 (secure 0 0 0) 0x7f1678011af0 con 0x7f168810e030
2024-03-22T10:24:03.335 INFO:teuthology.orchestra.run.smithi137.stdout:/usr/bin/ceph: stderr
2024-03-22T10:24:02.461+0000 7f168f200700 1 -- 172.21.15.137:0/2397971339 >> [v2:172.21.15.137:3300/0,v1:172.21.15.137:6789/0] conn(0x7f168810e030 msgr2=0x7f168810e450 secure :-1 s=STATE_CONNECTION_ESTABLISHED l=1).mark_down
2024-03-22T10:24:03.335 INFO:teuthology.orchestra.run.smithi137.stdout:/usr/bin/ceph: stderr
2024-03-22T10:24:02.461+0000 7f168f200700 1 --2- 172.21.15.137:0/2397971339 >> [v2:172.21.15.137:3300/0,v1:172.21.15.137:6789/0] conn(0x7f168810e030 0x7f168810e450 secure :-1 s=READY pgs=86 cs=0 l=1 rev1=1 crypto rx=0x7f16780098a0 tx=0x7f1678009bb0 comp rx=0 tx=0).stop
2024-03-22T10:24:03.335 INFO:teuthology.orchestra.run.smithi137.stdout:/usr/bin/ceph: stderr
2024-03-22T10:24:02.461+0000 7f168f200700 1 -- 172.21.15.137:0/2397971339 shutdown_connections
2024-03-22T10:24:03.335 INFO:teuthology.orchestra.run.smithi137.stdout:/usr/bin/ceph: stderr
2024-03-22T10:24:02.461+0000 7f168f200700 1 --2- 172.21.15.137:0/2397971339 >> [v2:172.21.15.137:3300/0,v1:172.21.15.137:6789/0] conn(0x7f168810e030 0x7f168810e450 unknown :-1 s=CLOSED pgs=86 cs=0 l=1 rev1=1 crypto rx=0 tx=0 comp rx=0 tx=0).stop
2024-03-22T10:24:03.335 INFO:teuthology.orchestra.run.smithi137.stdout:/usr/bin/ceph: stderr
2024-03-22T10:24:02.461+0000 7f168f200700 1 -- 172.21.15.137:0/2397971339 >> 172.21.15.137:0/2397971339 conn(0x7f168807bb20 msgr2=0x7f168807df80 unknown :-1 s=STATE_NONE l=0).mark_down
2024-03-22T10:24:03.335 INFO:teuthology.orchestra.run.smithi137.stdout:/usr/bin/ceph: stderr
2024-03-22T10:24:02.462+0000 7f168f200700 1 -- 172.21.15.137:0/2397971339 shutdown_connections
2024-03-22T10:24:03.335 INFO:teuthology.orchestra.run.smithi137.stdout:/usr/bin/ceph: stderr
2024-03-22T10:24:02.462+0000 7f168f200700 1 -- 172.21.15.137:0/2397971339 wait complete.
2024-03-22T10:24:03.335 INFO:teuthology.orchestra.run.smithi137.stdout:/usr/bin/ceph: stderr
2024-03-22T10:24:02.463+0000 7f168f200700 1 Processor -- start
2024-03-22T10:24:03.335 INFO:teuthology.orchestra.run.smithi137.stdout:/usr/bin/ceph: stderr
2024-03-22T10:24:02.463+0000 7f168f200700 1 -- start start
2024-03-22T10:24:03.335 INFO:teuthology.orchestra.run.smithi137.stdout:/usr/bin/ceph: stderr
2024-03-22T10:24:02.463+0000 7f168f200700 1 --2- >> [v2:172.21.15.137:3300/0,v1:172.21.15.137:6789/0] conn(0x7f168810e030 0x7f16881a07e0 unknown :-1 s=NONE pgs=0 cs=0 l=1 rev1=0 crypto rx=0 tx=0 comp rx=0 tx=0).connect
2024-03-22T10:24:03.335 INFO:teuthology.orchestra.run.smithi137.stdout:/usr/bin/ceph: stderr
2024-03-22T10:24:02.463+0000 7f168f200700 1 -- --> [v2:172.21.15.137:3300/0,v1:172.21.15.137:6789/0] -- mon_getmap magic: 0 v1 -- 0x7f16881a0d20 con 0x7f168810e030
2024-03-22T10:24:03.335 INFO:teuthology.orchestra.run.smithi137.stdout:/usr/bin/ceph: stderr
2024-03-22T10:24:02.463+0000 7f1687e00700 1 --2- >> [v2:172.21.15.137:3300/0,v1:172.21.15.137:6789/0] conn(0x7f168810e030 0x7f16881a07e0 unknown :-1 s=BANNER_CONNECTING pgs=0 cs=0 l=1 rev1=0 crypto rx=0 tx=0 comp rx=0 tx=0)._handle_peer_banner_payload supported=3 required=0
2024-03-22T10:24:03.335 INFO:teuthology.orchestra.run.smithi137.stdout:/usr/bin/ceph: stderr
2024-03-22T10:24:02.463+0000 7f1687e00700 1 --2- >> [v2:172.21.15.137:3300/0,v1:172.21.15.137:6789/0] conn(0x7f168810e030 0x7f16881a07e0 unknown :-1 s=HELLO_CONNECTING pgs=0 cs=0 l=1 rev1=1 crypto rx=0 tx=0 comp rx=0 tx=0).handle_hello peer v2:172.21.15.137:3300/0 says I am v2:172.21.15.137:37552/0 (socket says 172.21.15.137:37552)
2024-03-22T10:24:03.335 INFO:teuthology.orchestra.run.smithi137.stdout:/usr/bin/ceph: stderr
2024-03-22T10:24:02.463+0000 7f1687e00700 1 -- 172.21.15.137:0/1521147724 learned_addr learned my addr 172.21.15.137:0/1521147724 (peer_addr_for_me v2:172.21.15.137:0/0)
2024-03-22T10:24:03.336 INFO:teuthology.orchestra.run.smithi137.stdout:/usr/bin/ceph: stderr
2024-03-22T10:24:02.464+0000 7f1687e00700 1 -- 172.21.15.137:0/1521147724 --> [v2:172.21.15.137:3300/0,v1:172.21.15.137:6789/0] -- mon_subscribe({config=0+,monmap=0+}) v3 -- 0x7f1678009550 con 0x7f168810e030
2024-03-22T10:24:03.336 INFO:teuthology.orchestra.run.smithi137.stdout:/usr/bin/ceph: stderr
2024-03-22T10:24:02.464+0000 7f1687e00700 1 --2- 172.21.15.137:0/1521147724 >> [v2:172.21.15.137:3300/0,v1:172.21.15.137:6789/0] conn(0x7f168810e030 0x7f16881a07e0 secure :-1 s=READY pgs=87 cs=0 l=1 rev1=1 crypto rx=0x7f1678011670 tx=0x7f1678011b50 comp rx=0 tx=0).ready entity=mon.0 client_cookie=0 server_cookie=0 in_seq=0 out_seq=0
2024-03-22T10:24:03.336 INFO:teuthology.orchestra.run.smithi137.stdout:/usr/bin/ceph: stderr
2024-03-22T10:24:02.464+0000 7f1684c00700 1 -- 172.21.15.137:0/1521147724 <== mon.0 v2:172.21.15.137:3300/0 1 ==== mon_map magic: 0 v1 ==== 229+0+0 (secure 0 0 0) 0x7f16780039f0 con 0x7f168810e030
2024-03-22T10:24:03.336 INFO:teuthology.orchestra.run.smithi137.stdout:/usr/bin/ceph: stderr
2024-03-22T10:24:02.464+0000 7f1684c00700 1 -- 172.21.15.137:0/1521147724 <== mon.0 v2:172.21.15.137:3300/0 2 ==== config(27 keys) v1 ==== 1101+0+0 (secure 0 0 0) 0x7f1678003b50 con 0x7f168810e030
2024-03-22T10:24:03.336 INFO:teuthology.orchestra.run.smithi137.stdout:/usr/bin/ceph: stderr
2024-03-22T10:24:02.464+0000 7f1684c00700 1 -- 172.21.15.137:0/1521147724 <== mon.0 v2:172.21.15.137:3300/0 3 ==== mon_map magic: 0 v1 ==== 229+0+0 (secure 0 0 0) 0x7f1678024690 con 0x7f168810e030
2024-03-22T10:24:03.336 INFO:teuthology.orchestra.run.smithi137.stdout:/usr/bin/ceph: stderr
2024-03-22T10:24:02.464+0000 7f168f200700 1 -- 172.21.15.137:0/1521147724 --> [v2:172.21.15.137:3300/0,v1:172.21.15.137:6789/0] -- mon_subscribe({mgrmap=0+}) v3 -- 0x7f16881a0f20 con 0x7f168810e030
2024-03-22T10:24:03.336 INFO:teuthology.orchestra.run.smithi137.stdout:/usr/bin/ceph: stderr
2024-03-22T10:24:02.464+0000 7f168f200700 1 -- 172.21.15.137:0/1521147724 --> [v2:172.21.15.137:3300/0,v1:172.21.15.137:6789/0] -- mon_subscribe({osdmap=0}) v3 -- 0x7f16881a13c0 con 0x7f168810e030
2024-03-22T10:24:03.336 INFO:teuthology.orchestra.run.smithi137.stdout:/usr/bin/ceph: stderr
2024-03-22T10:24:02.466+0000 7f1684c00700 1 -- 172.21.15.137:0/1521147724 <== mon.0 v2:172.21.15.137:3300/0 4 ==== mgrmap(e 12) v1 ==== 45296+0+0 (secure 0 0 0) 0x7f167801ab00 con 0x7f168810e030
2024-03-22T10:24:03.336 INFO:teuthology.orchestra.run.smithi137.stdout:/usr/bin/ceph: stderr
2024-03-22T10:24:02.466+0000 7f168f200700 1 -- 172.21.15.137:0/1521147724 --> [v2:172.21.15.137:3300/0,v1:172.21.15.137:6789/0] -- mon_command({"prefix": "get_command_descriptions"} v 0) v1 -- 0x7f168819a8b0 con 0x7f168810e030
2024-03-22T10:24:03.336 INFO:teuthology.orchestra.run.smithi137.stdout:/usr/bin/ceph: stderr
2024-03-22T10:24:02.466+0000 7f1684c00700 1 --2- 172.21.15.137:0/1521147724 >> [v2:172.21.15.137:6800/3416980661,v1:172.21.15.137:6801/3416980661] conn(0x7f166c0383c0 0x7f166c03a880 unknown :-1 s=NONE pgs=0 cs=0 l=1 rev1=0 crypto rx=0 tx=0 comp rx=0 tx=0).connect
2024-03-22T10:24:03.336 INFO:teuthology.orchestra.run.smithi137.stdout:/usr/bin/ceph: stderr
2024-03-22T10:24:02.466+0000 7f1684c00700 1 -- 172.21.15.137:0/1521147724 <== mon.0 v2:172.21.15.137:3300/0 5 ==== osd_map(3..3 src has 1..3) v4 ==== 1155+0+0 (secure 0 0 0) 0x7f167804c230 con 0x7f168810e030
2024-03-22T10:24:03.336 INFO:teuthology.orchestra.run.smithi137.stdout:/usr/bin/ceph: stderr
2024-03-22T10:24:02.466+0000 7f1687400700 1 --2- 172.21.15.137:0/1521147724 >> [v2:172.21.15.137:6800/3416980661,v1:172.21.15.137:6801/3416980661] conn(0x7f166c0383c0 0x7f166c03a880 unknown :-1 s=BANNER_CONNECTING pgs=0 cs=0 l=1 rev1=0 crypto rx=0 tx=0 comp rx=0 tx=0)._handle_peer_banner_payload supported=3 required=0
2024-03-22T10:24:03.336 INFO:teuthology.orchestra.run.smithi137.stdout:/usr/bin/ceph: stderr
2024-03-22T10:24:02.467+0000 7f1687400700 1 --2- 172.21.15.137:0/1521147724 >> [v2:172.21.15.137:6800/3416980661,v1:172.21.15.137:6801/3416980661] conn(0x7f166c0383c0 0x7f166c03a880 secure :-1 s=READY pgs=9 cs=0 l=1 rev1=1 crypto rx=0x7f1674006fd0 tx=0x7f1674006e40 comp rx=0 tx=0).ready entity=mgr.14164 client_cookie=0 server_cookie=0 in_seq=0 out_seq=0
2024-03-22T10:24:03.337 INFO:teuthology.orchestra.run.smithi137.stdout:/usr/bin/ceph: stderr
2024-03-22T10:24:02.472+0000 7f1684c00700 1 -- 172.21.15.137:0/1521147724 <== mon.0 v2:172.21.15.137:3300/0 6 ==== mon_command_ack([{"prefix": "get_command_descriptions"}]=0 v0) v1 ==== 72+0+180422 (secure 0 0 0) 0x7f167802cb40 con 0x7f168810e030
2024-03-22T10:24:03.337 INFO:teuthology.orchestra.run.smithi137.stdout:/usr/bin/ceph: stderr
2024-03-22T10:24:02.563+0000 7f1684c00700 1 -- 172.21.15.137:0/1521147724 <== mon.0 v2:172.21.15.137:3300/0 7 ==== mgrmap(e 13) v1 ==== 45340+0+0 (secure 0 0 0) 0x7f1678024900 con 0x7f168810e030
2024-03-22T10:24:03.337 INFO:teuthology.orchestra.run.smithi137.stdout:/usr/bin/ceph: stderr
2024-03-22T10:24:02.686+0000 7f168f200700 1 -- 172.21.15.137:0/1521147724 --> [v2:172.21.15.137:3300/0,v1:172.21.15.137:6789/0] -- mon_command({"prefix": "config get", "who": "mgr", "key": "mgr/dashboard/ssl_server_port"} v 0) v1 -- 0x7f168810eb60 con 0x7f168810e030
2024-03-22T10:24:03.337 INFO:teuthology.orchestra.run.smithi137.stdout:/usr/bin/ceph: stderr
2024-03-22T10:24:02.687+0000 7f1684c00700 1 -- 172.21.15.137:0/1521147724 <== mon.0 v2:172.21.15.137:3300/0 8 ==== mon_command_ack([{"prefix": "config get", "who": "mgr", "key": "mgr/dashboard/ssl_server_port"}]=0 v8) v1 ==== 112+0+5 (secure 0 0 0) 0x7f168810eb60 con 0x7f168810e030
2024-03-22T10:24:03.337 INFO:teuthology.orchestra.run.smithi137.stdout:/usr/bin/ceph: stderr
2024-03-22T10:24:02.689+0000 7f168f200700 1 -- 172.21.15.137:0/1521147724 >> [v2:172.21.15.137:6800/3416980661,v1:172.21.15.137:6801/3416980661] conn(0x7f166c0383c0 msgr2=0x7f166c03a880 secure :-1 s=STATE_CONNECTION_ESTABLISHED l=1).mark_down
2024-03-22T10:24:03.337 INFO:teuthology.orchestra.run.smithi137.stdout:/usr/bin/ceph: stderr
2024-03-22T10:24:02.689+0000 7f168f200700 1 --2- 172.21.15.137:0/1521147724 >> [v2:172.21.15.137:6800/3416980661,v1:172.21.15.137:6801/3416980661] conn(0x7f166c0383c0 0x7f166c03a880 secure :-1 s=READY pgs=9 cs=0 l=1 rev1=1 crypto rx=0x7f1674006fd0 tx=0x7f1674006e40 comp rx=0 tx=0).stop
2024-03-22T10:24:03.337 INFO:teuthology.orchestra.run.smithi137.stdout:/usr/bin/ceph: stderr
2024-03-22T10:24:02.689+0000 7f168f200700 1 -- 172.21.15.137:0/1521147724 >> [v2:172.21.15.137:3300/0,v1:172.21.15.137:6789/0] conn(0x7f168810e030 msgr2=0x7f16881a07e0 secure :-1 s=STATE_CONNECTION_ESTABLISHED l=1).mark_down
2024-03-22T10:24:03.337 INFO:teuthology.orchestra.run.smithi137.stdout:/usr/bin/ceph: stderr
2024-03-22T10:24:02.689+0000 7f168f200700 1 --2- 172.21.15.137:0/1521147724 >> [v2:172.21.15.137:3300/0,v1:172.21.15.137:6789/0] conn(0x7f168810e030 0x7f16881a07e0 secure :-1 s=READY pgs=87 cs=0 l=1 rev1=1 crypto rx=0x7f1678011670 tx=0x7f1678011b50 comp rx=0 tx=0).stop
2024-03-22T10:24:03.337 INFO:teuthology.orchestra.run.smithi137.stdout:/usr/bin/ceph: stderr
2024-03-22T10:24:02.690+0000 7f168f200700 1 -- 172.21.15.137:0/1521147724 shutdown_connections
2024-03-22T10:24:03.337 INFO:teuthology.orchestra.run.smithi137.stdout:/usr/bin/ceph: stderr
2024-03-22T10:24:02.690+0000 7f168f200700 1 --2- 172.21.15.137:0/1521147724 >> [v2:172.21.15.137:6800/3416980661,v1:172.21.15.137:6801/3416980661] conn(0x7f166c0383c0 0x7f166c03a880 unknown :-1 s=CLOSED pgs=9 cs=0 l=1 rev1=1 crypto rx=0 tx=0 comp rx=0 tx=0).stop
2024-03-22T10:24:03.337 INFO:teuthology.orchestra.run.smithi137.stdout:/usr/bin/ceph: stderr
2024-03-22T10:24:02.690+0000 7f168f200700 1 --2- 172.21.15.137:0/1521147724 >> [v2:172.21.15.137:3300/0,v1:172.21.15.137:6789/0] conn(0x7f168810e030 0x7f16881a07e0 unknown :-1 s=CLOSED pgs=87 cs=0 l=1 rev1=1 crypto rx=0 tx=0 comp rx=0 tx=0).stop
2024-03-22T10:24:03.337 INFO:teuthology.orchestra.run.smithi137.stdout:/usr/bin/ceph: stderr
2024-03-22T10:24:02.690+0000 7f168f200700 1 -- 172.21.15.137:0/1521147724 >> 172.21.15.137:0/1521147724 conn(0x7f168807bb20 msgr2=0x7f168807e360 unknown :-1 s=STATE_NONE l=0).mark_down
2024-03-22T10:24:03.337 INFO:teuthology.orchestra.run.smithi137.stdout:/usr/bin/ceph: stderr
2024-03-22T10:24:02.690+0000 7f168f200700 1 -- 172.21.15.137:0/1521147724 shutdown_connections
2024-03-22T10:24:03.337 INFO:teuthology.orchestra.run.smithi137.stdout:/usr/bin/ceph: stderr
2024-03-22T10:24:02.690+0000 7f168f200700 1 -- 172.21.15.137:0/1521147724 wait complete.
2024-03-22T10:24:03.359 INFO:teuthology.orchestra.run.smithi137.stdout:Non-zero exit code 1 from systemctl is-enabled firewalld.service
2024-03-22T10:24:03.359 INFO:teuthology.orchestra.run.smithi137.stdout:systemctl: stdout disabled
2024-03-22T10:24:03.379 INFO:teuthology.orchestra.run.smithi137.stdout:Non-zero exit code 3 from systemctl is-active firewalld.service
2024-03-22T10:24:03.379 INFO:teuthology.orchestra.run.smithi137.stdout:systemctl: stdout inactive
2024-03-22T10:24:03.380 INFO:teuthology.orchestra.run.smithi137.stdout:firewalld.service is not enabled
2024-03-22T10:24:03.380 INFO:teuthology.orchestra.run.smithi137.stdout:Not possible to open ports <[8443]>. firewalld.service is not available
2024-03-22T10:24:03.386 INFO:teuthology.orchestra.run.smithi137.stdout:Ceph Dashboard is now available at:
2024-03-22T10:24:03.387 INFO:teuthology.orchestra.run.smithi137.stdout:
2024-03-22T10:24:03.387 INFO:teuthology.orchestra.run.smithi137.stdout: URL: https://smithi137.front.sepia.ceph.com:8443/
2024-03-22T10:24:03.387 INFO:teuthology.orchestra.run.smithi137.stdout: User: admin
2024-03-22T10:24:03.387 INFO:teuthology.orchestra.run.smithi137.stdout: Password: w578isvjor
2024-03-22T10:24:03.387 INFO:teuthology.orchestra.run.smithi137.stdout:
2024-03-22T10:24:03.387 INFO:teuthology.orchestra.run.smithi137.stdout:Saving cluster configuration to /var/lib/ceph/fe6357ce-e835-11ee-95cd-87774f69a715/config directory
2024-03-22T10:24:03.389 INFO:teuthology.orchestra.run.smithi137.stdout:Enabling autotune for osd_memory_target
2024-03-22T10:24:03.675 INFO:journalctl@ceph.mon.smithi137.smithi137.stdout:Mar 22 10:24:03 smithi137 ceph-mon[29362]: mgrmap e13: smithi137.avuerp(active, since 6s)
2024-03-22T10:24:03.675 INFO:journalctl@ceph.mon.smithi137.smithi137.stdout:Mar 22 10:24:03 smithi137 ceph-mon[29362]: from='client.? 172.21.15.137:0/1521147724' entity='client.admin' cmd=[{"prefix": "config get", "who": "mgr", "key": "mgr/dashboard/ssl_server_port"}]: dispatch
2024-03-22T10:24:04.911 INFO:teuthology.orchestra.run.smithi137.stdout:/usr/bin/ceph: stderr
2024-03-22T10:24:03.993+0000 7f7e7b400700 1 Processor -- start
2024-03-22T10:24:04.911 INFO:teuthology.orchestra.run.smithi137.stdout:/usr/bin/ceph: stderr
2024-03-22T10:24:03.993+0000 7f7e7b400700 1 -- start start
2024-03-22T10:24:04.911 INFO:teuthology.orchestra.run.smithi137.stdout:/usr/bin/ceph: stderr
2024-03-22T10:24:03.994+0000 7f7e7b400700 1 --2- >> [v2:172.21.15.137:3300/0,v1:172.21.15.137:6789/0] conn(0x7f7e7407bef0 0x7f7e7407a350 unknown :-1 s=NONE pgs=0 cs=0 l=0 rev1=0 crypto rx=0 tx=0 comp rx=0 tx=0).connect
2024-03-22T10:24:04.912 INFO:teuthology.orchestra.run.smithi137.stdout:/usr/bin/ceph: stderr
2024-03-22T10:24:03.994+0000 7f7e7b400700 1 -- --> [v2:172.21.15.137:3300/0,v1:172.21.15.137:6789/0] -- mon_getmap magic: 0 v1 -- 0x7f7e7407a920 con 0x7f7e7407bef0
2024-03-22T10:24:04.912 INFO:teuthology.orchestra.run.smithi137.stdout:/usr/bin/ceph: stderr
2024-03-22T10:24:03.994+0000 7f7e78a00700 1 --2- >> [v2:172.21.15.137:3300/0,v1:172.21.15.137:6789/0] conn(0x7f7e7407bef0 0x7f7e7407a350 unknown :-1 s=BANNER_CONNECTING pgs=0 cs=0 l=0 rev1=0 crypto rx=0 tx=0 comp rx=0 tx=0)._handle_peer_banner_payload supported=3 required=0
2024-03-22T10:24:04.912 INFO:teuthology.orchestra.run.smithi137.stdout:/usr/bin/ceph: stderr
2024-03-22T10:24:03.994+0000 7f7e78a00700 1 --2- >> [v2:172.21.15.137:3300/0,v1:172.21.15.137:6789/0] conn(0x7f7e7407bef0 0x7f7e7407a350 unknown :-1 s=HELLO_CONNECTING pgs=0 cs=0 l=0 rev1=1 crypto rx=0 tx=0 comp rx=0 tx=0).handle_hello peer v2:172.21.15.137:3300/0 says I am v2:172.21.15.137:37564/0 (socket says 172.21.15.137:37564)
2024-03-22T10:24:04.912 INFO:teuthology.orchestra.run.smithi137.stdout:/usr/bin/ceph: stderr
2024-03-22T10:24:03.994+0000 7f7e78a00700 1 -- 172.21.15.137:0/918554926 learned_addr learned my addr 172.21.15.137:0/918554926 (peer_addr_for_me v2:172.21.15.137:0/0)
2024-03-22T10:24:04.912 INFO:teuthology.orchestra.run.smithi137.stdout:/usr/bin/ceph: stderr
2024-03-22T10:24:03.995+0000 7f7e78a00700 1 -- 172.21.15.137:0/918554926 --> [v2:172.21.15.137:3300/0,v1:172.21.15.137:6789/0] -- mon_subscribe({config=0+,monmap=0+}) v3 -- 0x7f7e7407aa60 con 0x7f7e7407bef0
2024-03-22T10:24:04.913 INFO:teuthology.orchestra.run.smithi137.stdout:/usr/bin/ceph: stderr
2024-03-22T10:24:03.995+0000 7f7e78a00700 1 --2- 172.21.15.137:0/918554926 >> [v2:172.21.15.137:3300/0,v1:172.21.15.137:6789/0] conn(0x7f7e7407bef0 0x7f7e7407a350 secure :-1 s=READY pgs=88 cs=0 l=1 rev1=1 crypto rx=0x7f7e64009e80 tx=0x7f7e6400b330 comp rx=0 tx=0).ready entity=mon.0 client_cookie=b18b0494758a13bb server_cookie=0 in_seq=0 out_seq=0
2024-03-22T10:24:04.913 INFO:teuthology.orchestra.run.smithi137.stdout:/usr/bin/ceph: stderr
2024-03-22T10:24:03.995+0000 7f7e73e00700 1 -- 172.21.15.137:0/918554926 <== mon.0 v2:172.21.15.137:3300/0 1 ==== mon_map magic: 0 v1 ==== 229+0+0 (secure 0 0 0) 0x7f7e6400e070 con 0x7f7e7407bef0
2024-03-22T10:24:04.913 INFO:teuthology.orchestra.run.smithi137.stdout:/usr/bin/ceph: stderr
2024-03-22T10:24:03.995+0000 7f7e73e00700 1 -- 172.21.15.137:0/918554926 <== mon.0 v2:172.21.15.137:3300/0 2 ==== config(27 keys) v1 ==== 1101+0+0 (secure 0 0 0) 0x7f7e6400b8c0 con 0x7f7e7407bef0
2024-03-22T10:24:04.913 INFO:teuthology.orchestra.run.smithi137.stdout:/usr/bin/ceph: stderr
2024-03-22T10:24:03.996+0000 7f7e73e00700 1 -- 172.21.15.137:0/918554926 <== mon.0 v2:172.21.15.137:3300/0 3 ==== mon_map magic: 0 v1 ==== 229+0+0 (secure 0 0 0) 0x7f7e640044d0 con 0x7f7e7407bef0
2024-03-22T10:24:04.913 INFO:teuthology.orchestra.run.smithi137.stdout:/usr/bin/ceph: stderr
2024-03-22T10:24:03.996+0000 7f7e7b400700 1 -- 172.21.15.137:0/918554926 >> [v2:172.21.15.137:3300/0,v1:172.21.15.137:6789/0] conn(0x7f7e7407bef0 msgr2=0x7f7e7407a350 secure :-1 s=STATE_CONNECTION_ESTABLISHED l=1).mark_down
2024-03-22T10:24:04.916 INFO:teuthology.orchestra.run.smithi137.stdout:/usr/bin/ceph: stderr
2024-03-22T10:24:03.996+0000 7f7e7b400700 1 --2- 172.21.15.137:0/918554926 >> [v2:172.21.15.137:3300/0,v1:172.21.15.137:6789/0] conn(0x7f7e7407bef0 0x7f7e7407a350 secure :-1 s=READY pgs=88 cs=0 l=1 rev1=1 crypto rx=0x7f7e64009e80 tx=0x7f7e6400b330 comp rx=0 tx=0).stop
2024-03-22T10:24:04.916 INFO:teuthology.orchestra.run.smithi137.stdout:/usr/bin/ceph: stderr
2024-03-22T10:24:03.996+0000 7f7e7b400700 1 -- 172.21.15.137:0/918554926 shutdown_connections
2024-03-22T10:24:04.916 INFO:teuthology.orchestra.run.smithi137.stdout:/usr/bin/ceph: stderr
2024-03-22T10:24:03.996+0000 7f7e7b400700 1 --2- 172.21.15.137:0/918554926 >> [v2:172.21.15.137:3300/0,v1:172.21.15.137:6789/0] conn(0x7f7e7407bef0 0x7f7e7407a350 unknown :-1 s=CLOSED pgs=88 cs=0 l=1 rev1=1 crypto rx=0 tx=0 comp rx=0 tx=0).stop
2024-03-22T10:24:04.916 INFO:teuthology.orchestra.run.smithi137.stdout:/usr/bin/ceph: stderr
2024-03-22T10:24:03.996+0000 7f7e7b400700 1 -- 172.21.15.137:0/918554926 >> 172.21.15.137:0/918554926 conn(0x7f7e741019d0 msgr2=0x7f7e74103e10 unknown :-1 s=STATE_NONE l=0).mark_down
2024-03-22T10:24:04.916 INFO:teuthology.orchestra.run.smithi137.stdout:/usr/bin/ceph: stderr
2024-03-22T10:24:03.996+0000 7f7e7b400700 1 -- 172.21.15.137:0/918554926 shutdown_connections
2024-03-22T10:24:04.916 INFO:teuthology.orchestra.run.smithi137.stdout:/usr/bin/ceph: stderr
2024-03-22T10:24:03.996+0000 7f7e7b400700 1 -- 172.21.15.137:0/918554926 wait complete.
2024-03-22T10:24:04.916 INFO:teuthology.orchestra.run.smithi137.stdout:/usr/bin/ceph: stderr
2024-03-22T10:24:03.997+0000 7f7e7b400700 1 Processor -- start
2024-03-22T10:24:04.916 INFO:teuthology.orchestra.run.smithi137.stdout:/usr/bin/ceph: stderr
2024-03-22T10:24:03.998+0000 7f7e7b400700 1 -- start start
2024-03-22T10:24:04.916 INFO:teuthology.orchestra.run.smithi137.stdout:/usr/bin/ceph: stderr
2024-03-22T10:24:03.998+0000 7f7e7b400700 1 --2- >> [v2:172.21.15.137:3300/0,v1:172.21.15.137:6789/0] conn(0x7f7e7407bef0 0x7f7e7419c2e0 unknown :-1 s=NONE pgs=0 cs=0 l=1 rev1=0 crypto rx=0 tx=0 comp rx=0 tx=0).connect
2024-03-22T10:24:04.916 INFO:teuthology.orchestra.run.smithi137.stdout:/usr/bin/ceph: stderr
2024-03-22T10:24:03.998+0000 7f7e7b400700 1 -- --> [v2:172.21.15.137:3300/0,v1:172.21.15.137:6789/0] -- mon_getmap magic: 0 v1 -- 0x7f7e7419c820 con 0x7f7e7407bef0
2024-03-22T10:24:04.917 INFO:teuthology.orchestra.run.smithi137.stdout:/usr/bin/ceph: stderr
2024-03-22T10:24:03.998+0000 7f7e78a00700 1 --2- >> [v2:172.21.15.137:3300/0,v1:172.21.15.137:6789/0] conn(0x7f7e7407bef0 0x7f7e7419c2e0 unknown :-1 s=BANNER_CONNECTING pgs=0 cs=0 l=1 rev1=0 crypto rx=0 tx=0 comp rx=0 tx=0)._handle_peer_banner_payload supported=3 required=0
2024-03-22T10:24:04.917 INFO:teuthology.orchestra.run.smithi137.stdout:/usr/bin/ceph: stderr
2024-03-22T10:24:03.998+0000 7f7e78a00700 1 --2- >> [v2:172.21.15.137:3300/0,v1:172.21.15.137:6789/0] conn(0x7f7e7407bef0 0x7f7e7419c2e0 unknown :-1 s=HELLO_CONNECTING pgs=0 cs=0 l=1 rev1=1 crypto rx=0 tx=0 comp rx=0 tx=0).handle_hello peer v2:172.21.15.137:3300/0 says I am v2:172.21.15.137:37566/0 (socket says 172.21.15.137:37566)
2024-03-22T10:24:04.917 INFO:teuthology.orchestra.run.smithi137.stdout:/usr/bin/ceph: stderr
2024-03-22T10:24:03.998+0000 7f7e78a00700 1 -- 172.21.15.137:0/2653410166 learned_addr learned my addr 172.21.15.137:0/2653410166 (peer_addr_for_me v2:172.21.15.137:0/0)
2024-03-22T10:24:04.917 INFO:teuthology.orchestra.run.smithi137.stdout:/usr/bin/ceph: stderr
2024-03-22T10:24:03.999+0000 7f7e78a00700 1 -- 172.21.15.137:0/2653410166 --> [v2:172.21.15.137:3300/0,v1:172.21.15.137:6789/0] -- mon_subscribe({config=0+,monmap=0+}) v3 -- 0x7f7e64009b30 con 0x7f7e7407bef0
2024-03-22T10:24:04.917 INFO:teuthology.orchestra.run.smithi137.stdout:/usr/bin/ceph: stderr
2024-03-22T10:24:03.999+0000 7f7e78a00700 1 --2- 172.21.15.137:0/2653410166 >> [v2:172.21.15.137:3300/0,v1:172.21.15.137:6789/0] conn(0x7f7e7407bef0 0x7f7e7419c2e0 secure :-1 s=READY pgs=89 cs=0 l=1 rev1=1 crypto rx=0x7f7e64004940 tx=0x7f7e64004a20 comp rx=0 tx=0).ready entity=mon.0 client_cookie=0 server_cookie=0 in_seq=0 out_seq=0
2024-03-22T10:24:04.917 INFO:teuthology.orchestra.run.smithi137.stdout:/usr/bin/ceph: stderr
2024-03-22T10:24:03.999+0000 7f7e72000700 1 -- 172.21.15.137:0/2653410166 <== mon.0 v2:172.21.15.137:3300/0 1 ==== mon_map magic: 0 v1 ==== 229+0+0 (secure 0 0 0) 0x7f7e6400e040 con 0x7f7e7407bef0
2024-03-22T10:24:04.917 INFO:teuthology.orchestra.run.smithi137.stdout:/usr/bin/ceph: stderr
2024-03-22T10:24:03.999+0000 7f7e72000700 1 -- 172.21.15.137:0/2653410166 <== mon.0 v2:172.21.15.137:3300/0 2 ==== config(27 keys) v1 ==== 1101+0+0 (secure 0 0 0) 0x7f7e6400bc40 con 0x7f7e7407bef0
2024-03-22T10:24:04.917 INFO:teuthology.orchestra.run.smithi137.stdout:/usr/bin/ceph: stderr
2024-03-22T10:24:03.999+0000 7f7e7b400700 1 -- 172.21.15.137:0/2653410166 --> [v2:172.21.15.137:3300/0,v1:172.21.15.137:6789/0] -- mon_subscribe({mgrmap=0+}) v3 -- 0x7f7e7419ca20 con 0x7f7e7407bef0
2024-03-22T10:24:04.917 INFO:teuthology.orchestra.run.smithi137.stdout:/usr/bin/ceph: stderr
2024-03-22T10:24:03.999+0000 7f7e72000700 1 -- 172.21.15.137:0/2653410166 <== mon.0 v2:172.21.15.137:3300/0 3 ==== mon_map magic: 0 v1 ==== 229+0+0 (secure 0 0 0) 0x7f7e640126e0 con 0x7f7e7407bef0
2024-03-22T10:24:04.917 INFO:teuthology.orchestra.run.smithi137.stdout:/usr/bin/ceph: stderr
2024-03-22T10:24:03.999+0000 7f7e7b400700 1 -- 172.21.15.137:0/2653410166 --> [v2:172.21.15.137:3300/0,v1:172.21.15.137:6789/0] -- mon_subscribe({osdmap=0}) v3 -- 0x7f7e7419cf20 con 0x7f7e7407bef0
2024-03-22T10:24:04.917 INFO:teuthology.orchestra.run.smithi137.stdout:/usr/bin/ceph: stderr
2024-03-22T10:24:04.000+0000 7f7e7b400700 1 -- 172.21.15.137:0/2653410166 --> [v2:172.21.15.137:3300/0,v1:172.21.15.137:6789/0] -- mon_command({"prefix": "get_command_descriptions"} v 0) v1 -- 0x7f7e7410c800 con 0x7f7e7407bef0
2024-03-22T10:24:04.917 INFO:teuthology.orchestra.run.smithi137.stdout:/usr/bin/ceph: stderr
2024-03-22T10:24:04.000+0000 7f7e72000700 1 -- 172.21.15.137:0/2653410166 <== mon.0 v2:172.21.15.137:3300/0 4 ==== mgrmap(e 13) v1 ==== 45340+0+0 (secure 0 0 0) 0x7f7e64019040 con 0x7f7e7407bef0
2024-03-22T10:24:04.917 INFO:teuthology.orchestra.run.smithi137.stdout:/usr/bin/ceph: stderr
2024-03-22T10:24:04.001+0000 7f7e72000700 1 --2- 172.21.15.137:0/2653410166 >> [v2:172.21.15.137:6800/3416980661,v1:172.21.15.137:6801/3416980661] conn(0x7f7e58038460 0x7f7e5803a920 unknown :-1 s=NONE pgs=0 cs=0 l=1 rev1=0 crypto rx=0 tx=0 comp rx=0 tx=0).connect
2024-03-22T10:24:04.917 INFO:teuthology.orchestra.run.smithi137.stdout:/usr/bin/ceph: stderr
2024-03-22T10:24:04.001+0000 7f7e72000700 1 -- 172.21.15.137:0/2653410166 <== mon.0 v2:172.21.15.137:3300/0 5 ==== osd_map(3..3 src has 1..3) v4 ==== 1155+0+0 (secure 0 0 0) 0x7f7e6404bee0 con 0x7f7e7407bef0
2024-03-22T10:24:04.917 INFO:teuthology.orchestra.run.smithi137.stdout:/usr/bin/ceph: stderr
2024-03-22T10:24:04.001+0000 7f7e6be00700 1 --2- 172.21.15.137:0/2653410166 >> [v2:172.21.15.137:6800/3416980661,v1:172.21.15.137:6801/3416980661] conn(0x7f7e58038460 0x7f7e5803a920 unknown :-1 s=BANNER_CONNECTING pgs=0 cs=0 l=1 rev1=0 crypto rx=0 tx=0 comp rx=0 tx=0)._handle_peer_banner_payload supported=3 required=0
2024-03-22T10:24:04.917 INFO:teuthology.orchestra.run.smithi137.stdout:/usr/bin/ceph: stderr
2024-03-22T10:24:04.002+0000 7f7e6be00700 1 --2- 172.21.15.137:0/2653410166 >> [v2:172.21.15.137:6800/3416980661,v1:172.21.15.137:6801/3416980661] conn(0x7f7e58038460 0x7f7e5803a920 secure :-1 s=READY pgs=10 cs=0 l=1 rev1=1 crypto rx=0x7f7e60006fd0 tx=0x7f7e60006e40 comp rx=0 tx=0).ready entity=mgr.14164 client_cookie=0 server_cookie=0 in_seq=0 out_seq=0
2024-03-22T10:24:04.918 INFO:teuthology.orchestra.run.smithi137.stdout:/usr/bin/ceph: stderr
2024-03-22T10:24:04.006+0000 7f7e72000700 1 -- 172.21.15.137:0/2653410166 <== mon.0 v2:172.21.15.137:3300/0 6 ==== mon_command_ack([{"prefix": "get_command_descriptions"}]=0 v0) v1 ==== 72+0+180422 (secure 0 0 0) 0x7f7e6401a9e0 con 0x7f7e7407bef0
2024-03-22T10:24:04.918 INFO:teuthology.orchestra.run.smithi137.stdout:/usr/bin/ceph: stderr
2024-03-22T10:24:04.218+0000 7f7e7b400700 1 -- 172.21.15.137:0/2653410166 --> [v2:172.21.15.137:3300/0,v1:172.21.15.137:6789/0] -- mon_command([{prefix=config set, name=osd_memory_target_autotune}] v 0) v1 -- 0x7f7e7419fca0 con 0x7f7e7407bef0
2024-03-22T10:24:04.919 INFO:teuthology.orchestra.run.smithi137.stdout:/usr/bin/ceph: stderr
2024-03-22T10:24:04.219+0000 7f7e72000700 1 -- 172.21.15.137:0/2653410166 <== mon.0 v2:172.21.15.137:3300/0 7 ==== mon_command_ack([{prefix=config set, name=osd_memory_target_autotune}]=0 v8)=0 v8) v1 ==== 127+0+0 (secure 0 0 0) 0x7f7e6401f070 con 0x7f7e7407bef0
2024-03-22T10:24:04.919 INFO:teuthology.orchestra.run.smithi137.stdout:/usr/bin/ceph: stderr
2024-03-22T10:24:04.222+0000 7f7e7b400700 1 -- 172.21.15.137:0/2653410166 >> [v2:172.21.15.137:6800/3416980661,v1:172.21.15.137:6801/3416980661] conn(0x7f7e58038460 msgr2=0x7f7e5803a920 secure :-1 s=STATE_CONNECTION_ESTABLISHED l=1).mark_down
2024-03-22T10:24:04.919 INFO:teuthology.orchestra.run.smithi137.stdout:/usr/bin/ceph: stderr
2024-03-22T10:24:04.222+0000 7f7e7b400700 1 --2- 172.21.15.137:0/2653410166 >> [v2:172.21.15.137:6800/3416980661,v1:172.21.15.137:6801/3416980661] conn(0x7f7e58038460 0x7f7e5803a920 secure :-1 s=READY pgs=10 cs=0 l=1 rev1=1 crypto rx=0x7f7e60006fd0 tx=0x7f7e60006e40 comp rx=0 tx=0).stop
2024-03-22T10:24:04.919 INFO:teuthology.orchestra.run.smithi137.stdout:/usr/bin/ceph: stderr
2024-03-22T10:24:04.222+0000 7f7e7b400700 1 -- 172.21.15.137:0/2653410166 >> [v2:172.21.15.137:3300/0,v1:172.21.15.137:6789/0] conn(0x7f7e7407bef0 msgr2=0x7f7e7419c2e0 secure :-1 s=STATE_CONNECTION_ESTABLISHED l=1).mark_down
2024-03-22T10:24:04.919 INFO:teuthology.orchestra.run.smithi137.stdout:/usr/bin/ceph: stderr
2024-03-22T10:24:04.222+0000 7f7e7b400700 1 --2- 172.21.15.137:0/2653410166 >> [v2:172.21.15.137:3300/0,v1:172.21.15.137:6789/0] conn(0x7f7e7407bef0 0x7f7e7419c2e0 secure :-1 s=READY pgs=89 cs=0 l=1 rev1=1 crypto rx=0x7f7e64004940 tx=0x7f7e64004a20 comp rx=0 tx=0).stop
2024-03-22T10:24:04.919 INFO:teuthology.orchestra.run.smithi137.stdout:/usr/bin/ceph: stderr
2024-03-22T10:24:04.222+0000 7f7e7b400700 1 -- 172.21.15.137:0/2653410166 shutdown_connections
2024-03-22T10:24:04.919 INFO:teuthology.orchestra.run.smithi137.stdout:/usr/bin/ceph: stderr
2024-03-22T10:24:04.222+0000 7f7e7b400700 1 --2- 172.21.15.137:0/2653410166 >> [v2:172.21.15.137:6800/3416980661,v1:172.21.15.137:6801/3416980661] conn(0x7f7e58038460 0x7f7e5803a920 unknown :-1 s=CLOSED pgs=10 cs=0 l=1 rev1=1 crypto rx=0 tx=0 comp rx=0 tx=0).stop
2024-03-22T10:24:04.919 INFO:teuthology.orchestra.run.smithi137.stdout:/usr/bin/ceph: stderr
2024-03-22T10:24:04.222+0000 7f7e7b400700 1 --2- 172.21.15.137:0/2653410166 >> [v2:172.21.15.137:3300/0,v1:172.21.15.137:6789/0] conn(0x7f7e7407bef0 0x7f7e7419c2e0 unknown :-1 s=CLOSED pgs=89 cs=0 l=1 rev1=1 crypto rx=0 tx=0 comp rx=0 tx=0).stop
2024-03-22T10:24:04.919 INFO:teuthology.orchestra.run.smithi137.stdout:/usr/bin/ceph: stderr
2024-03-22T10:24:04.222+0000 7f7e7b400700 1 -- 172.21.15.137:0/2653410166 >> 172.21.15.137:0/2653410166 conn(0x7f7e741019d0 msgr2=0x7f7e74102780 unknown :-1 s=STATE_NONE l=0).mark_down
2024-03-22T10:24:04.919 INFO:teuthology.orchestra.run.smithi137.stdout:/usr/bin/ceph: stderr
2024-03-22T10:24:04.222+0000 7f7e7b400700 1 -- 172.21.15.137:0/2653410166 shutdown_connections
2024-03-22T10:24:04.919 INFO:teuthology.orchestra.run.smithi137.stdout:/usr/bin/ceph: stderr
2024-03-22T10:24:04.223+0000 7f7e7b400700 1 -- 172.21.15.137:0/2653410166 wait complete.
2024-03-22T10:24:06.463 INFO:teuthology.orchestra.run.smithi137.stdout:/usr/bin/ceph: stderr
2024-03-22T10:24:05.488+0000 7f16bfa00700 1 Processor -- start
2024-03-22T10:24:06.463 INFO:teuthology.orchestra.run.smithi137.stdout:/usr/bin/ceph: stderr
2024-03-22T10:24:05.488+0000 7f16bfa00700 1 -- start start
2024-03-22T10:24:06.463 INFO:teuthology.orchestra.run.smithi137.stdout:/usr/bin/ceph: stderr
2024-03-22T10:24:05.489+0000 7f16bfa00700 1 --2- >> [v2:172.21.15.137:3300/0,v1:172.21.15.137:6789/0] conn(0x7f16b8106420 0x7f16b8106840 unknown :-1 s=NONE pgs=0 cs=0 l=0 rev1=0 crypto rx=0 tx=0 comp rx=0 tx=0).connect
2024-03-22T10:24:06.463 INFO:teuthology.orchestra.run.smithi137.stdout:/usr/bin/ceph: stderr
2024-03-22T10:24:05.489+0000 7f16bfa00700 1 -- --> [v2:172.21.15.137:3300/0,v1:172.21.15.137:6789/0] -- mon_getmap magic: 0 v1 -- 0x7f16b8106e10 con 0x7f16b8106420
2024-03-22T10:24:06.463 INFO:teuthology.orchestra.run.smithi137.stdout:/usr/bin/ceph: stderr
2024-03-22T10:24:05.489+0000 7f16bd000700 1 --2- >> [v2:172.21.15.137:3300/0,v1:172.21.15.137:6789/0] conn(0x7f16b8106420 0x7f16b8106840 unknown :-1 s=BANNER_CONNECTING pgs=0 cs=0 l=0 rev1=0 crypto rx=0 tx=0 comp rx=0 tx=0)._handle_peer_banner_payload supported=3 required=0
2024-03-22T10:24:06.463 INFO:teuthology.orchestra.run.smithi137.stdout:/usr/bin/ceph: stderr
2024-03-22T10:24:05.489+0000 7f16bd000700 1 --2- >> [v2:172.21.15.137:3300/0,v1:172.21.15.137:6789/0] conn(0x7f16b8106420 0x7f16b8106840 unknown :-1 s=HELLO_CONNECTING pgs=0 cs=0 l=0 rev1=1 crypto rx=0 tx=0 comp rx=0 tx=0).handle_hello peer v2:172.21.15.137:3300/0 says I am v2:172.21.15.137:37578/0 (socket says 172.21.15.137:37578)
2024-03-22T10:24:06.463 INFO:teuthology.orchestra.run.smithi137.stdout:/usr/bin/ceph: stderr
2024-03-22T10:24:05.489+0000 7f16bd000700 1 -- 172.21.15.137:0/690051356 learned_addr learned my addr 172.21.15.137:0/690051356 (peer_addr_for_me v2:172.21.15.137:0/0)
2024-03-22T10:24:06.463 INFO:teuthology.orchestra.run.smithi137.stdout:/usr/bin/ceph: stderr
2024-03-22T10:24:05.490+0000 7f16bd000700 1 -- 172.21.15.137:0/690051356 --> [v2:172.21.15.137:3300/0,v1:172.21.15.137:6789/0] -- mon_subscribe({config=0+,monmap=0+}) v3 -- 0x7f16b8107620 con 0x7f16b8106420
2024-03-22T10:24:06.463 INFO:teuthology.orchestra.run.smithi137.stdout:/usr/bin/ceph: stderr
2024-03-22T10:24:05.490+0000 7f16bd000700 1 --2- 172.21.15.137:0/690051356 >> [v2:172.21.15.137:3300/0,v1:172.21.15.137:6789/0] conn(0x7f16b8106420 0x7f16b8106840 secure :-1 s=READY pgs=90 cs=0 l=1 rev1=1 crypto rx=0x7f16ac0098a0 tx=0x7f16ac009bb0 comp rx=0 tx=0).ready entity=mon.0 client_cookie=552da12ef8b099b server_cookie=0 in_seq=0 out_seq=0
2024-03-22T10:24:06.463 INFO:teuthology.orchestra.run.smithi137.stdout:/usr/bin/ceph: stderr
2024-03-22T10:24:05.490+0000 7f16b7400700 1 -- 172.21.15.137:0/690051356 <== mon.0 v2:172.21.15.137:3300/0 1 ==== mon_map magic: 0 v1 ==== 229+0+0 (secure 0 0 0) 0x7f16ac004180 con 0x7f16b8106420
2024-03-22T10:24:06.463 INFO:teuthology.orchestra.run.smithi137.stdout:/usr/bin/ceph: stderr
2024-03-22T10:24:05.490+0000 7f16b7400700 1 -- 172.21.15.137:0/690051356 <== mon.0 v2:172.21.15.137:3300/0 2 ==== config(27 keys) v1 ==== 1101+0+0 (secure 0 0 0) 0x7f16ac0042e0 con 0x7f16b8106420
2024-03-22T10:24:06.464 INFO:teuthology.orchestra.run.smithi137.stdout:/usr/bin/ceph: stderr
2024-03-22T10:24:05.490+0000 7f16b7400700 1 -- 172.21.15.137:0/690051356 <== mon.0 v2:172.21.15.137:3300/0 3 ==== mon_map magic: 0 v1 ==== 229+0+0 (secure 0 0 0) 0x7f16ac011af0 con 0x7f16b8106420
2024-03-22T10:24:06.464 INFO:teuthology.orchestra.run.smithi137.stdout:/usr/bin/ceph: stderr
2024-03-22T10:24:05.491+0000 7f16bfa00700 1 -- 172.21.15.137:0/690051356 >> [v2:172.21.15.137:3300/0,v1:172.21.15.137:6789/0] conn(0x7f16b8106420 msgr2=0x7f16b8106840 secure :-1 s=STATE_CONNECTION_ESTABLISHED l=1).mark_down
2024-03-22T10:24:06.464 INFO:teuthology.orchestra.run.smithi137.stdout:/usr/bin/ceph: stderr
2024-03-22T10:24:05.491+0000 7f16bfa00700 1 --2- 172.21.15.137:0/690051356 >> [v2:172.21.15.137:3300/0,v1:172.21.15.137:6789/0] conn(0x7f16b8106420 0x7f16b8106840 secure :-1 s=READY pgs=90 cs=0 l=1 rev1=1 crypto rx=0x7f16ac0098a0 tx=0x7f16ac009bb0 comp rx=0 tx=0).stop
2024-03-22T10:24:06.464 INFO:teuthology.orchestra.run.smithi137.stdout:/usr/bin/ceph: stderr
2024-03-22T10:24:05.491+0000 7f16bfa00700 1 -- 172.21.15.137:0/690051356 shutdown_connections
2024-03-22T10:24:06.468 INFO:teuthology.orchestra.run.smithi137.stdout:/usr/bin/ceph: stderr
2024-03-22T10:24:05.491+0000 7f16bfa00700 1 --2- 172.21.15.137:0/690051356 >> [v2:172.21.15.137:3300/0,v1:172.21.15.137:6789/0] conn(0x7f16b8106420 0x7f16b8106840 unknown :-1 s=CLOSED pgs=90 cs=0 l=1 rev1=1 crypto rx=0 tx=0 comp rx=0 tx=0).stop
2024-03-22T10:24:06.468 INFO:teuthology.orchestra.run.smithi137.stdout:/usr/bin/ceph: stderr
2024-03-22T10:24:05.491+0000 7f16bfa00700 1 -- 172.21.15.137:0/690051356 >> 172.21.15.137:0/690051356 conn(0x7f16b8101a00 msgr2=0x7f16b8103e20 unknown :-1 s=STATE_NONE l=0).mark_down
2024-03-22T10:24:06.468 INFO:teuthology.orchestra.run.smithi137.stdout:/usr/bin/ceph: stderr
2024-03-22T10:24:05.491+0000 7f16bfa00700 1 -- 172.21.15.137:0/690051356 shutdown_connections
2024-03-22T10:24:06.468 INFO:teuthology.orchestra.run.smithi137.stdout:/usr/bin/ceph: stderr
2024-03-22T10:24:05.491+0000 7f16bfa00700 1 -- 172.21.15.137:0/690051356 wait complete.
2024-03-22T10:24:06.468 INFO:teuthology.orchestra.run.smithi137.stdout:/usr/bin/ceph: stderr
2024-03-22T10:24:05.492+0000 7f16bfa00700 1 Processor -- start
2024-03-22T10:24:06.468 INFO:teuthology.orchestra.run.smithi137.stdout:/usr/bin/ceph: stderr
2024-03-22T10:24:05.493+0000 7f16bfa00700 1 -- start start
2024-03-22T10:24:06.468 INFO:teuthology.orchestra.run.smithi137.stdout:/usr/bin/ceph: stderr
2024-03-22T10:24:05.493+0000 7f16bfa00700 1 --2- >> [v2:172.21.15.137:3300/0,v1:172.21.15.137:6789/0] conn(0x7f16b8106420 0x7f16b819c2f0 unknown :-1 s=NONE pgs=0 cs=0 l=1 rev1=0 crypto rx=0 tx=0 comp rx=0 tx=0).connect
2024-03-22T10:24:06.468 INFO:teuthology.orchestra.run.smithi137.stdout:/usr/bin/ceph: stderr
2024-03-22T10:24:05.493+0000 7f16bfa00700 1 -- --> [v2:172.21.15.137:3300/0,v1:172.21.15.137:6789/0] -- mon_getmap magic: 0 v1 -- 0x7f16b819c830 con 0x7f16b8106420
2024-03-22T10:24:06.468 INFO:teuthology.orchestra.run.smithi137.stdout:/usr/bin/ceph: stderr
2024-03-22T10:24:05.493+0000 7f16bd000700 1 --2- >> [v2:172.21.15.137:3300/0,v1:172.21.15.137:6789/0] conn(0x7f16b8106420 0x7f16b819c2f0 unknown :-1 s=BANNER_CONNECTING pgs=0 cs=0 l=1 rev1=0 crypto rx=0 tx=0 comp rx=0 tx=0)._handle_peer_banner_payload supported=3 required=0
2024-03-22T10:24:06.468 INFO:teuthology.orchestra.run.smithi137.stdout:/usr/bin/ceph: stderr
2024-03-22T10:24:05.493+0000 7f16bd000700 1 --2- >> [v2:172.21.15.137:3300/0,v1:172.21.15.137:6789/0] conn(0x7f16b8106420 0x7f16b819c2f0 unknown :-1 s=HELLO_CONNECTING pgs=0 cs=0 l=1 rev1=1 crypto rx=0 tx=0 comp rx=0 tx=0).handle_hello peer v2:172.21.15.137:3300/0 says I am v2:172.21.15.137:37592/0 (socket says 172.21.15.137:37592)
2024-03-22T10:24:06.468 INFO:teuthology.orchestra.run.smithi137.stdout:/usr/bin/ceph: stderr
2024-03-22T10:24:05.493+0000 7f16bd000700 1 -- 172.21.15.137:0/1867969403 learned_addr learned my addr 172.21.15.137:0/1867969403 (peer_addr_for_me v2:172.21.15.137:0/0)
2024-03-22T10:24:06.469 INFO:teuthology.orchestra.run.smithi137.stdout:/usr/bin/ceph: stderr
2024-03-22T10:24:05.494+0000 7f16bd000700 1 -- 172.21.15.137:0/1867969403 --> [v2:172.21.15.137:3300/0,v1:172.21.15.137:6789/0] -- mon_subscribe({config=0+,monmap=0+}) v3 -- 0x7f16ac009550 con 0x7f16b8106420
2024-03-22T10:24:06.469 INFO:teuthology.orchestra.run.smithi137.stdout:/usr/bin/ceph: stderr
2024-03-22T10:24:05.494+0000 7f16bd000700 1 --2- 172.21.15.137:0/1867969403 >> [v2:172.21.15.137:3300/0,v1:172.21.15.137:6789/0] conn(0x7f16b8106420 0x7f16b819c2f0 secure :-1 s=READY pgs=91 cs=0 l=1 rev1=1 crypto rx=0x7f16ac000c00 tx=0x7f16ac011b50 comp rx=0 tx=0).ready entity=mon.0 client_cookie=0 server_cookie=0 in_seq=0 out_seq=0
2024-03-22T10:24:06.469 INFO:teuthology.orchestra.run.smithi137.stdout:/usr/bin/ceph: stderr
2024-03-22T10:24:05.494+0000 7f16b5600700 1 -- 172.21.15.137:0/1867969403 <== mon.0 v2:172.21.15.137:3300/0 1 ==== mon_map magic: 0 v1 ==== 229+0+0 (secure 0 0 0) 0x7f16ac003a70 con 0x7f16b8106420
2024-03-22T10:24:06.469 INFO:teuthology.orchestra.run.smithi137.stdout:/usr/bin/ceph: stderr
2024-03-22T10:24:05.494+0000 7f16b5600700 1 -- 172.21.15.137:0/1867969403 <== mon.0 v2:172.21.15.137:3300/0 2 ==== config(27 keys) v1 ==== 1101+0+0 (secure 0 0 0) 0x7f16ac003bd0 con 0x7f16b8106420
2024-03-22T10:24:06.469 INFO:teuthology.orchestra.run.smithi137.stdout:/usr/bin/ceph: stderr
2024-03-22T10:24:05.494+0000 7f16b5600700 1 -- 172.21.15.137:0/1867969403 <== mon.0 v2:172.21.15.137:3300/0 3 ==== mon_map magic: 0 v1 ==== 229+0+0 (secure 0 0 0) 0x7f16ac0238c0 con 0x7f16b8106420
2024-03-22T10:24:06.469 INFO:teuthology.orchestra.run.smithi137.stdout:/usr/bin/ceph: stderr
2024-03-22T10:24:05.494+0000 7f16bfa00700 1 -- 172.21.15.137:0/1867969403 --> [v2:172.21.15.137:3300/0,v1:172.21.15.137:6789/0] -- mon_subscribe({mgrmap=0+}) v3 -- 0x7f16b819ca30 con 0x7f16b8106420
2024-03-22T10:24:06.469 INFO:teuthology.orchestra.run.smithi137.stdout:/usr/bin/ceph: stderr
2024-03-22T10:24:05.494+0000 7f16bfa00700 1 -- 172.21.15.137:0/1867969403 --> [v2:172.21.15.137:3300/0,v1:172.21.15.137:6789/0] -- mon_subscribe({osdmap=0}) v3 -- 0x7f16b819ced0 con 0x7f16b8106420
2024-03-22T10:24:06.469 INFO:teuthology.orchestra.run.smithi137.stdout:/usr/bin/ceph: stderr
2024-03-22T10:24:05.496+0000 7f16b5600700 1 -- 172.21.15.137:0/1867969403 <== mon.0 v2:172.21.15.137:3300/0 4 ==== mgrmap(e 13) v1 ==== 45340+0+0 (secure 0 0 0) 0x7f16ac023b30 con 0x7f16b8106420
2024-03-22T10:24:06.469 INFO:teuthology.orchestra.run.smithi137.stdout:/usr/bin/ceph: stderr
2024-03-22T10:24:05.496+0000 7f16bfa00700 1 -- 172.21.15.137:0/1867969403 --> [v2:172.21.15.137:3300/0,v1:172.21.15.137:6789/0] -- mon_command({"prefix": "get_command_descriptions"} v 0) v1 -- 0x7f16b80623c0 con 0x7f16b8106420
2024-03-22T10:24:06.469 INFO:teuthology.orchestra.run.smithi137.stdout:/usr/bin/ceph: stderr
2024-03-22T10:24:05.496+0000 7f16b5600700 1 --2- 172.21.15.137:0/1867969403 >> [v2:172.21.15.137:6800/3416980661,v1:172.21.15.137:6801/3416980661] conn(0x7f16a0038460 0x7f16a003a920 unknown :-1 s=NONE pgs=0 cs=0 l=1 rev1=0 crypto rx=0 tx=0 comp rx=0 tx=0).connect
2024-03-22T10:24:06.469 INFO:teuthology.orchestra.run.smithi137.stdout:/usr/bin/ceph: stderr
2024-03-22T10:24:05.496+0000 7f16b5600700 1 -- 172.21.15.137:0/1867969403 <== mon.0 v2:172.21.15.137:3300/0 5 ==== osd_map(3..3 src has 1..3) v4 ==== 1155+0+0 (secure 0 0 0) 0x7f16ac04c440 con 0x7f16b8106420
2024-03-22T10:24:06.469 INFO:teuthology.orchestra.run.smithi137.stdout:/usr/bin/ceph: stderr
2024-03-22T10:24:05.496+0000 7f16b7e00700 1 --2- 172.21.15.137:0/1867969403 >> [v2:172.21.15.137:6800/3416980661,v1:172.21.15.137:6801/3416980661] conn(0x7f16a0038460 0x7f16a003a920 unknown :-1 s=BANNER_CONNECTING pgs=0 cs=0 l=1 rev1=0 crypto rx=0 tx=0 comp rx=0 tx=0)._handle_peer_banner_payload supported=3 required=0
2024-03-22T10:24:06.469 INFO:teuthology.orchestra.run.smithi137.stdout:/usr/bin/ceph: stderr
2024-03-22T10:24:05.497+0000 7f16b7e00700 1 --2- 172.21.15.137:0/1867969403 >> [v2:172.21.15.137:6800/3416980661,v1:172.21.15.137:6801/3416980661] conn(0x7f16a0038460 0x7f16a003a920 secure :-1 s=READY pgs=11 cs=0 l=1 rev1=1 crypto rx=0x7f16a8006fd0 tx=0x7f16a8006e40 comp rx=0 tx=0).ready entity=mgr.14164 client_cookie=0 server_cookie=0 in_seq=0 out_seq=0
2024-03-22T10:24:06.469 INFO:teuthology.orchestra.run.smithi137.stdout:/usr/bin/ceph: stderr
2024-03-22T10:24:05.501+0000 7f16b5600700 1 -- 172.21.15.137:0/1867969403 <== mon.0 v2:172.21.15.137:3300/0 6 ==== mon_command_ack([{"prefix": "get_command_descriptions"}]=0 v0) v1 ==== 72+0+180422 (secure 0 0 0) 0x7f16ac010970 con 0x7f16b8106420
2024-03-22T10:24:06.470 INFO:teuthology.orchestra.run.smithi137.stdout:/usr/bin/ceph: stderr
2024-03-22T10:24:05.825+0000 7f16bfa00700 1 -- 172.21.15.137:0/1867969403 --> [v2:172.21.15.137:3300/0,v1:172.21.15.137:6789/0] -- mon_command([{prefix=config-key set, key=mgr/dashboard/cluster/status}] v 0) v1 -- 0x7f16b819fdd0 con 0x7f16b8106420
2024-03-22T10:24:06.470 INFO:teuthology.orchestra.run.smithi137.stdout:/usr/bin/ceph: stderr
