2024-03-22T10:23:40.132+0000 7f6d02600700 1 --2- >> [v2:172.21.15.137:3300/0,v1:172.21.15.137:6789/0] conn(0x7f6cfc106420 0x7f6cfc19a140 unknown :-1 s=NONE pgs=0 cs=0 l=1 rev1=0 crypto rx=0 tx=0 comp rx=0 tx=0).connect
2024-03-22T10:23:41.098 INFO:teuthology.orchestra.run.smithi137.stdout:/usr/bin/ceph: stderr
2024-03-22T10:23:40.132+0000 7f6d02600700 1 -- --> [v2:172.21.15.137:3300/0,v1:172.21.15.137:6789/0] -- mon_getmap magic: 0 v1 -- 0x7f6cfc19a680 con 0x7f6cfc106420
2024-03-22T10:23:41.098 INFO:teuthology.orchestra.run.smithi137.stdout:/usr/bin/ceph: stderr
2024-03-22T10:23:40.132+0000 7f6cfb400700 1 --2- >> [v2:172.21.15.137:3300/0,v1:172.21.15.137:6789/0] conn(0x7f6cfc106420 0x7f6cfc19a140 unknown :-1 s=BANNER_CONNECTING pgs=0 cs=0 l=1 rev1=0 crypto rx=0 tx=0 comp rx=0 tx=0)._handle_peer_banner_payload supported=3 required=0
2024-03-22T10:23:41.098 INFO:teuthology.orchestra.run.smithi137.stdout:/usr/bin/ceph: stderr
2024-03-22T10:23:40.132+0000 7f6cfb400700 1 --2- >> [v2:172.21.15.137:3300/0,v1:172.21.15.137:6789/0] conn(0x7f6cfc106420 0x7f6cfc19a140 unknown :-1 s=HELLO_CONNECTING pgs=0 cs=0 l=1 rev1=1 crypto rx=0 tx=0 comp rx=0 tx=0).handle_hello peer v2:172.21.15.137:3300/0 says I am v2:172.21.15.137:60958/0 (socket says 172.21.15.137:60958)
2024-03-22T10:23:41.098 INFO:teuthology.orchestra.run.smithi137.stdout:/usr/bin/ceph: stderr
2024-03-22T10:23:40.132+0000 7f6cfb400700 1 -- 172.21.15.137:0/2173185966 learned_addr learned my addr 172.21.15.137:0/2173185966 (peer_addr_for_me v2:172.21.15.137:0/0)
2024-03-22T10:23:41.098 INFO:teuthology.orchestra.run.smithi137.stdout:/usr/bin/ceph: stderr
2024-03-22T10:23:40.133+0000 7f6cfb400700 1 -- 172.21.15.137:0/2173185966 --> [v2:172.21.15.137:3300/0,v1:172.21.15.137:6789/0] -- mon_subscribe({config=0+,monmap=0+}) v3 -- 0x7f6cec009550 con 0x7f6cfc106420
2024-03-22T10:23:41.098 INFO:teuthology.orchestra.run.smithi137.stdout:/usr/bin/ceph: stderr
2024-03-22T10:23:40.133+0000 7f6cfb400700 1 --2- 172.21.15.137:0/2173185966 >> [v2:172.21.15.137:3300/0,v1:172.21.15.137:6789/0] conn(0x7f6cfc106420 0x7f6cfc19a140 secure :-1 s=READY pgs=60 cs=0 l=1 rev1=1 crypto rx=0x7f6cec000c00 tx=0x7f6cec011b50 comp rx=0 tx=0).ready entity=mon.0 client_cookie=0 server_cookie=0 in_seq=0 out_seq=0
2024-03-22T10:23:41.098 INFO:teuthology.orchestra.run.smithi137.stdout:/usr/bin/ceph: stderr
2024-03-22T10:23:40.133+0000 7f6cf8c00700 1 -- 172.21.15.137:0/2173185966 <== mon.0 v2:172.21.15.137:3300/0 1 ==== mon_map magic: 0 v1 ==== 229+0+0 (secure 0 0 0) 0x7f6cec003a70 con 0x7f6cfc106420
2024-03-22T10:23:41.098 INFO:teuthology.orchestra.run.smithi137.stdout:/usr/bin/ceph: stderr
2024-03-22T10:23:40.133+0000 7f6cf8c00700 1 -- 172.21.15.137:0/2173185966 <== mon.0 v2:172.21.15.137:3300/0 2 ==== config(27 keys) v1 ==== 1101+0+0 (secure 0 0 0) 0x7f6cec003bd0 con 0x7f6cfc106420
2024-03-22T10:23:41.098 INFO:teuthology.orchestra.run.smithi137.stdout:/usr/bin/ceph: stderr
2024-03-22T10:23:40.133+0000 7f6d02600700 1 -- 172.21.15.137:0/2173185966 --> [v2:172.21.15.137:3300/0,v1:172.21.15.137:6789/0] -- mon_subscribe({mgrmap=0+}) v3 -- 0x7f6cfc19a880 con 0x7f6cfc106420
2024-03-22T10:23:41.098 INFO:teuthology.orchestra.run.smithi137.stdout:/usr/bin/ceph: stderr
2024-03-22T10:23:40.133+0000 7f6cf8c00700 1 -- 172.21.15.137:0/2173185966 <== mon.0 v2:172.21.15.137:3300/0 3 ==== mon_map magic: 0 v1 ==== 229+0+0 (secure 0 0 0) 0x7f6cec0238c0 con 0x7f6cfc106420
2024-03-22T10:23:41.098 INFO:teuthology.orchestra.run.smithi137.stdout:/usr/bin/ceph: stderr
2024-03-22T10:23:40.133+0000 7f6d02600700 1 -- 172.21.15.137:0/2173185966 --> [v2:172.21.15.137:3300/0,v1:172.21.15.137:6789/0] -- mon_subscribe({osdmap=0}) v3 -- 0x7f6cfc19ad20 con 0x7f6cfc106420
2024-03-22T10:23:41.098 INFO:teuthology.orchestra.run.smithi137.stdout:/usr/bin/ceph: stderr
2024-03-22T10:23:40.134+0000 7f6cf8c00700 1 -- 172.21.15.137:0/2173185966 <== mon.0 v2:172.21.15.137:3300/0 4 ==== mgrmap(e 8) v1 ==== 45283+0+0 (secure 0 0 0) 0x7f6cec023b80 con 0x7f6cfc106420
2024-03-22T10:23:41.098 INFO:teuthology.orchestra.run.smithi137.stdout:/usr/bin/ceph: stderr
2024-03-22T10:23:40.134+0000 7f6d02600700 1 -- 172.21.15.137:0/2173185966 --> [v2:172.21.15.137:3300/0,v1:172.21.15.137:6789/0] -- mon_command({"prefix": "get_command_descriptions"} v 0) v1 -- 0x7f6cfc0623c0 con 0x7f6cfc106420
2024-03-22T10:23:41.098 INFO:teuthology.orchestra.run.smithi137.stdout:/usr/bin/ceph: stderr
2024-03-22T10:23:40.135+0000 7f6cf8c00700 1 --2- 172.21.15.137:0/2173185966 >> [v2:172.21.15.137:6800/3057773592,v1:172.21.15.137:6801/3057773592] conn(0x7f6ce0038320 0x7f6ce003a7e0 unknown :-1 s=NONE pgs=0 cs=0 l=1 rev1=0 crypto rx=0 tx=0 comp rx=0 tx=0).connect
2024-03-22T10:23:41.099 INFO:teuthology.orchestra.run.smithi137.stdout:/usr/bin/ceph: stderr
2024-03-22T10:23:40.135+0000 7f6cf8c00700 1 -- 172.21.15.137:0/2173185966 <== mon.0 v2:172.21.15.137:3300/0 5 ==== osd_map(2..2 src has 1..2) v4 ==== 940+0+0 (secure 0 0 0) 0x7f6cec04c220 con 0x7f6cfc106420
2024-03-22T10:23:41.099 INFO:teuthology.orchestra.run.smithi137.stdout:/usr/bin/ceph: stderr
2024-03-22T10:23:40.135+0000 7f6cf3e00700 1 --2- 172.21.15.137:0/2173185966 >> [v2:172.21.15.137:6800/3057773592,v1:172.21.15.137:6801/3057773592] conn(0x7f6ce0038320 0x7f6ce003a7e0 unknown :-1 s=BANNER_CONNECTING pgs=0 cs=0 l=1 rev1=0 crypto rx=0 tx=0 comp rx=0 tx=0)._handle_peer_banner_payload supported=3 required=0
2024-03-22T10:23:41.099 INFO:teuthology.orchestra.run.smithi137.stdout:/usr/bin/ceph: stderr
2024-03-22T10:23:40.136+0000 7f6cf3e00700 1 --2- 172.21.15.137:0/2173185966 >> [v2:172.21.15.137:6800/3057773592,v1:172.21.15.137:6801/3057773592] conn(0x7f6ce0038320 0x7f6ce003a7e0 secure :-1 s=READY pgs=18 cs=0 l=1 rev1=1 crypto rx=0x7f6ce4006fd0 tx=0x7f6ce4006e40 comp rx=0 tx=0).ready entity=mgr.14120 client_cookie=0 server_cookie=0 in_seq=0 out_seq=0
2024-03-22T10:23:41.099 INFO:teuthology.orchestra.run.smithi137.stdout:/usr/bin/ceph: stderr
2024-03-22T10:23:40.140+0000 7f6cf8c00700 1 -- 172.21.15.137:0/2173185966 <== mon.0 v2:172.21.15.137:3300/0 6 ==== mon_command_ack([{"prefix": "get_command_descriptions"}]=0 v0) v1 ==== 72+0+180422 (secure 0 0 0) 0x7f6cec010970 con 0x7f6cfc106420
2024-03-22T10:23:41.099 INFO:teuthology.orchestra.run.smithi137.stdout:/usr/bin/ceph: stderr
2024-03-22T10:23:40.365+0000 7f6d02600700 1 -- 172.21.15.137:0/2173185966 --> [v2:172.21.15.137:6800/3057773592,v1:172.21.15.137:6801/3057773592] -- mgr_command(tid 0: {"prefix": "orch apply", "service_type": "node-exporter", "target": ["mon-mgr", ""]}) v1 -- 0x7f6cfc10a820 con 0x7f6ce0038320
2024-03-22T10:23:41.099 INFO:teuthology.orchestra.run.smithi137.stdout:/usr/bin/ceph: stderr
2024-03-22T10:23:40.375+0000 7f6cf8c00700 1 -- 172.21.15.137:0/2173185966 <== mgr.14120 v2:172.21.15.137:6800/3057773592 1 ==== mgr_command_reply(tid 0: 0 ) v1 ==== 8+0+34 (secure 0 0 0) 0x7f6cfc10a820 con 0x7f6ce0038320
2024-03-22T10:23:41.099 INFO:teuthology.orchestra.run.smithi137.stdout:/usr/bin/ceph: stderr
2024-03-22T10:23:40.378+0000 7f6d02600700 1 -- 172.21.15.137:0/2173185966 >> [v2:172.21.15.137:6800/3057773592,v1:172.21.15.137:6801/3057773592] conn(0x7f6ce0038320 msgr2=0x7f6ce003a7e0 secure :-1 s=STATE_CONNECTION_ESTABLISHED l=1).mark_down
2024-03-22T10:23:41.099 INFO:teuthology.orchestra.run.smithi137.stdout:/usr/bin/ceph: stderr
2024-03-22T10:23:40.378+0000 7f6d02600700 1 --2- 172.21.15.137:0/2173185966 >> [v2:172.21.15.137:6800/3057773592,v1:172.21.15.137:6801/3057773592] conn(0x7f6ce0038320 0x7f6ce003a7e0 secure :-1 s=READY pgs=18 cs=0 l=1 rev1=1 crypto rx=0x7f6ce4006fd0 tx=0x7f6ce4006e40 comp rx=0 tx=0).stop
2024-03-22T10:23:41.099 INFO:teuthology.orchestra.run.smithi137.stdout:/usr/bin/ceph: stderr
2024-03-22T10:23:40.378+0000 7f6d02600700 1 -- 172.21.15.137:0/2173185966 >> [v2:172.21.15.137:3300/0,v1:172.21.15.137:6789/0] conn(0x7f6cfc106420 msgr2=0x7f6cfc19a140 secure :-1 s=STATE_CONNECTION_ESTABLISHED l=1).mark_down
2024-03-22T10:23:41.099 INFO:teuthology.orchestra.run.smithi137.stdout:/usr/bin/ceph: stderr
2024-03-22T10:23:40.378+0000 7f6d02600700 1 --2- 172.21.15.137:0/2173185966 >> [v2:172.21.15.137:3300/0,v1:172.21.15.137:6789/0] conn(0x7f6cfc106420 0x7f6cfc19a140 secure :-1 s=READY pgs=60 cs=0 l=1 rev1=1 crypto rx=0x7f6cec000c00 tx=0x7f6cec011b50 comp rx=0 tx=0).stop
2024-03-22T10:23:41.099 INFO:teuthology.orchestra.run.smithi137.stdout:/usr/bin/ceph: stderr
2024-03-22T10:23:40.379+0000 7f6d02600700 1 -- 172.21.15.137:0/2173185966 shutdown_connections
2024-03-22T10:23:41.099 INFO:teuthology.orchestra.run.smithi137.stdout:/usr/bin/ceph: stderr
2024-03-22T10:23:40.379+0000 7f6d02600700 1 --2- 172.21.15.137:0/2173185966 >> [v2:172.21.15.137:6800/3057773592,v1:172.21.15.137:6801/3057773592] conn(0x7f6ce0038320 0x7f6ce003a7e0 unknown :-1 s=CLOSED pgs=18 cs=0 l=1 rev1=1 crypto rx=0 tx=0 comp rx=0 tx=0).stop
2024-03-22T10:23:41.099 INFO:teuthology.orchestra.run.smithi137.stdout:/usr/bin/ceph: stderr
2024-03-22T10:23:40.379+0000 7f6d02600700 1 --2- 172.21.15.137:0/2173185966 >> [v2:172.21.15.137:3300/0,v1:172.21.15.137:6789/0] conn(0x7f6cfc106420 0x7f6cfc19a140 unknown :-1 s=CLOSED pgs=60 cs=0 l=1 rev1=1 crypto rx=0 tx=0 comp rx=0 tx=0).stop
2024-03-22T10:23:41.100 INFO:teuthology.orchestra.run.smithi137.stdout:/usr/bin/ceph: stderr
2024-03-22T10:23:40.379+0000 7f6d02600700 1 -- 172.21.15.137:0/2173185966 >> 172.21.15.137:0/2173185966 conn(0x7f6cfc101a00 msgr2=0x7f6cfc1030a0 unknown :-1 s=STATE_NONE l=0).mark_down
2024-03-22T10:23:41.100 INFO:teuthology.orchestra.run.smithi137.stdout:/usr/bin/ceph: stderr
2024-03-22T10:23:40.379+0000 7f6d02600700 1 -- 172.21.15.137:0/2173185966 shutdown_connections
2024-03-22T10:23:41.100 INFO:teuthology.orchestra.run.smithi137.stdout:/usr/bin/ceph: stderr
2024-03-22T10:23:40.379+0000 7f6d02600700 1 -- 172.21.15.137:0/2173185966 wait complete.
2024-03-22T10:23:41.100 INFO:teuthology.orchestra.run.smithi137.stdout:Deploying alertmanager service with default placement...
2024-03-22T10:23:41.657 INFO:journalctl@ceph.mon.smithi137.smithi137.stdout:Mar 22 10:23:41 smithi137 ceph-mon[29362]: from='client.14154 -' entity='client.admin' cmd=[{"prefix": "orch apply", "service_type": "node-exporter", "target": ["mon-mgr", ""]}]: dispatch
2024-03-22T10:23:41.657 INFO:journalctl@ceph.mon.smithi137.smithi137.stdout:Mar 22 10:23:41 smithi137 ceph-mon[29362]: Saving service node-exporter spec with placement *
2024-03-22T10:23:41.657 INFO:journalctl@ceph.mon.smithi137.smithi137.stdout:Mar 22 10:23:41 smithi137 ceph-mon[29362]: from='mgr.14120 172.21.15.137:0/3132215317' entity='mgr.smithi137.avuerp'
2024-03-22T10:23:41.657 INFO:journalctl@ceph.mon.smithi137.smithi137.stdout:Mar 22 10:23:41 smithi137 ceph-mon[29362]: pgmap v6: 0 pgs: ; 0 B data, 0 B used, 0 B / 0 B avail
2024-03-22T10:23:42.530 INFO:teuthology.orchestra.run.smithi137.stdout:/usr/bin/ceph: stdout Scheduled alertmanager update...
2024-03-22T10:23:42.530 INFO:teuthology.orchestra.run.smithi137.stdout:/usr/bin/ceph: stderr
2024-03-22T10:23:41.660+0000 7ff4b0a00700 1 Processor -- start
2024-03-22T10:23:42.530 INFO:teuthology.orchestra.run.smithi137.stdout:/usr/bin/ceph: stderr
2024-03-22T10:23:41.661+0000 7ff4b0a00700 1 -- start start
2024-03-22T10:23:42.530 INFO:teuthology.orchestra.run.smithi137.stdout:/usr/bin/ceph: stderr
2024-03-22T10:23:41.661+0000 7ff4b0a00700 1 --2- >> [v2:172.21.15.137:3300/0,v1:172.21.15.137:6789/0] conn(0x7ff4ac106ec0 0x7ff4ac1092b0 unknown :-1 s=NONE pgs=0 cs=0 l=0 rev1=0 crypto rx=0 tx=0 comp rx=0 tx=0).connect
2024-03-22T10:23:42.531 INFO:teuthology.orchestra.run.smithi137.stdout:/usr/bin/ceph: stderr
2024-03-22T10:23:41.661+0000 7ff4b0a00700 1 -- --> [v2:172.21.15.137:3300/0,v1:172.21.15.137:6789/0] -- mon_getmap magic: 0 v1 -- 0x7ff4ac079ec0 con 0x7ff4ac106ec0
2024-03-22T10:23:42.531 INFO:teuthology.orchestra.run.smithi137.stdout:/usr/bin/ceph: stderr
2024-03-22T10:23:41.661+0000 7ff4a9e00700 1 --2- >> [v2:172.21.15.137:3300/0,v1:172.21.15.137:6789/0] conn(0x7ff4ac106ec0 0x7ff4ac1092b0 unknown :-1 s=BANNER_CONNECTING pgs=0 cs=0 l=0 rev1=0 crypto rx=0 tx=0 comp rx=0 tx=0)._handle_peer_banner_payload supported=3 required=0
2024-03-22T10:23:42.531 INFO:teuthology.orchestra.run.smithi137.stdout:/usr/bin/ceph: stderr
2024-03-22T10:23:41.661+0000 7ff4a9e00700 1 --2- >> [v2:172.21.15.137:3300/0,v1:172.21.15.137:6789/0] conn(0x7ff4ac106ec0 0x7ff4ac1092b0 unknown :-1 s=HELLO_CONNECTING pgs=0 cs=0 l=0 rev1=1 crypto rx=0 tx=0 comp rx=0 tx=0).handle_hello peer v2:172.21.15.137:3300/0 says I am v2:172.21.15.137:60962/0 (socket says 172.21.15.137:60962)
2024-03-22T10:23:42.532 INFO:teuthology.orchestra.run.smithi137.stdout:/usr/bin/ceph: stderr
2024-03-22T10:23:41.661+0000 7ff4a9e00700 1 -- 172.21.15.137:0/440572584 learned_addr learned my addr 172.21.15.137:0/440572584 (peer_addr_for_me v2:172.21.15.137:0/0)
2024-03-22T10:23:42.532 INFO:teuthology.orchestra.run.smithi137.stdout:/usr/bin/ceph: stderr
2024-03-22T10:23:41.662+0000 7ff4a9e00700 1 -- 172.21.15.137:0/440572584 --> [v2:172.21.15.137:3300/0,v1:172.21.15.137:6789/0] -- mon_subscribe({config=0+,monmap=0+}) v3 -- 0x7ff4ac1097f0 con 0x7ff4ac106ec0
2024-03-22T10:23:42.532 INFO:teuthology.orchestra.run.smithi137.stdout:/usr/bin/ceph: stderr
2024-03-22T10:23:41.662+0000 7ff4a9e00700 1 --2- 172.21.15.137:0/440572584 >> [v2:172.21.15.137:3300/0,v1:172.21.15.137:6789/0] conn(0x7ff4ac106ec0 0x7ff4ac1092b0 secure :-1 s=READY pgs=61 cs=0 l=1 rev1=1 crypto rx=0x7ff49c009e80 tx=0x7ff49c00b330 comp rx=0 tx=0).ready entity=mon.0 client_cookie=cb04ec52b45de815 server_cookie=0 in_seq=0 out_seq=0
2024-03-22T10:23:42.533 INFO:teuthology.orchestra.run.smithi137.stdout:/usr/bin/ceph: stderr
2024-03-22T10:23:41.662+0000 7ff4a9400700 1 -- 172.21.15.137:0/440572584 <== mon.0 v2:172.21.15.137:3300/0 1 ==== mon_map magic: 0 v1 ==== 229+0+0 (secure 0 0 0) 0x7ff49c00e070 con 0x7ff4ac106ec0
2024-03-22T10:23:42.533 INFO:teuthology.orchestra.run.smithi137.stdout:/usr/bin/ceph: stderr
2024-03-22T10:23:41.663+0000 7ff4a9400700 1 -- 172.21.15.137:0/440572584 <== mon.0 v2:172.21.15.137:3300/0 2 ==== config(27 keys) v1 ==== 1101+0+0 (secure 0 0 0) 0x7ff49c00b8c0 con 0x7ff4ac106ec0
2024-03-22T10:23:42.533 INFO:teuthology.orchestra.run.smithi137.stdout:/usr/bin/ceph: stderr
2024-03-22T10:23:41.663+0000 7ff4a9400700 1 -- 172.21.15.137:0/440572584 <== mon.0 v2:172.21.15.137:3300/0 3 ==== mon_map magic: 0 v1 ==== 229+0+0 (secure 0 0 0) 0x7ff49c0044d0 con 0x7ff4ac106ec0
2024-03-22T10:23:42.533 INFO:teuthology.orchestra.run.smithi137.stdout:/usr/bin/ceph: stderr
2024-03-22T10:23:41.663+0000 7ff4b0a00700 1 -- 172.21.15.137:0/440572584 >> [v2:172.21.15.137:3300/0,v1:172.21.15.137:6789/0] conn(0x7ff4ac106ec0 msgr2=0x7ff4ac1092b0 secure :-1 s=STATE_CONNECTION_ESTABLISHED l=1).mark_down
2024-03-22T10:23:42.533 INFO:teuthology.orchestra.run.smithi137.stdout:/usr/bin/ceph: stderr
2024-03-22T10:23:41.663+0000 7ff4b0a00700 1 --2- 172.21.15.137:0/440572584 >> [v2:172.21.15.137:3300/0,v1:172.21.15.137:6789/0] conn(0x7ff4ac106ec0 0x7ff4ac1092b0 secure :-1 s=READY pgs=61 cs=0 l=1 rev1=1 crypto rx=0x7ff49c009e80 tx=0x7ff49c00b330 comp rx=0 tx=0).stop
2024-03-22T10:23:42.534 INFO:teuthology.orchestra.run.smithi137.stdout:/usr/bin/ceph: stderr
2024-03-22T10:23:41.663+0000 7ff4b0a00700 1 -- 172.21.15.137:0/440572584 shutdown_connections
2024-03-22T10:23:42.534 INFO:teuthology.orchestra.run.smithi137.stdout:/usr/bin/ceph: stderr
2024-03-22T10:23:41.663+0000 7ff4b0a00700 1 --2- 172.21.15.137:0/440572584 >> [v2:172.21.15.137:3300/0,v1:172.21.15.137:6789/0] conn(0x7ff4ac106ec0 0x7ff4ac1092b0 unknown :-1 s=CLOSED pgs=61 cs=0 l=1 rev1=1 crypto rx=0 tx=0 comp rx=0 tx=0).stop
2024-03-22T10:23:42.534 INFO:teuthology.orchestra.run.smithi137.stdout:/usr/bin/ceph: stderr
2024-03-22T10:23:41.663+0000 7ff4b0a00700 1 -- 172.21.15.137:0/440572584 >> 172.21.15.137:0/440572584 conn(0x7ff4ac1008d0 msgr2=0x7ff4ac102d30 unknown :-1 s=STATE_NONE l=0).mark_down
2024-03-22T10:23:42.535 INFO:teuthology.orchestra.run.smithi137.stdout:/usr/bin/ceph: stderr
2024-03-22T10:23:41.664+0000 7ff4b0a00700 1 -- 172.21.15.137:0/440572584 shutdown_connections
2024-03-22T10:23:42.535 INFO:teuthology.orchestra.run.smithi137.stdout:/usr/bin/ceph: stderr
2024-03-22T10:23:41.664+0000 7ff4b0a00700 1 -- 172.21.15.137:0/440572584 wait complete.
2024-03-22T10:23:42.535 INFO:teuthology.orchestra.run.smithi137.stdout:/usr/bin/ceph: stderr
2024-03-22T10:23:41.665+0000 7ff4b0a00700 1 Processor -- start
2024-03-22T10:23:42.535 INFO:teuthology.orchestra.run.smithi137.stdout:/usr/bin/ceph: stderr
2024-03-22T10:23:41.665+0000 7ff4b0a00700 1 -- start start
2024-03-22T10:23:42.535 INFO:teuthology.orchestra.run.smithi137.stdout:/usr/bin/ceph: stderr
2024-03-22T10:23:41.665+0000 7ff4b0a00700 1 --2- >> [v2:172.21.15.137:3300/0,v1:172.21.15.137:6789/0] conn(0x7ff4ac106ec0 0x7ff4ac19c2d0 unknown :-1 s=NONE pgs=0 cs=0 l=1 rev1=0 crypto rx=0 tx=0 comp rx=0 tx=0).connect
2024-03-22T10:23:42.535 INFO:teuthology.orchestra.run.smithi137.stdout:/usr/bin/ceph: stderr
2024-03-22T10:23:41.665+0000 7ff4b0a00700 1 -- --> [v2:172.21.15.137:3300/0,v1:172.21.15.137:6789/0] -- mon_getmap magic: 0 v1 -- 0x7ff4ac19c810 con 0x7ff4ac106ec0
2024-03-22T10:23:42.536 INFO:teuthology.orchestra.run.smithi137.stdout:/usr/bin/ceph: stderr
2024-03-22T10:23:41.665+0000 7ff4a9e00700 1 --2- >> [v2:172.21.15.137:3300/0,v1:172.21.15.137:6789/0] conn(0x7ff4ac106ec0 0x7ff4ac19c2d0 unknown :-1 s=BANNER_CONNECTING pgs=0 cs=0 l=1 rev1=0 crypto rx=0 tx=0 comp rx=0 tx=0)._handle_peer_banner_payload supported=3 required=0
2024-03-22T10:23:42.536 INFO:teuthology.orchestra.run.smithi137.stdout:/usr/bin/ceph: stderr
2024-03-22T10:23:41.665+0000 7ff4a9e00700 1 --2- >> [v2:172.21.15.137:3300/0,v1:172.21.15.137:6789/0] conn(0x7ff4ac106ec0 0x7ff4ac19c2d0 unknown :-1 s=HELLO_CONNECTING pgs=0 cs=0 l=1 rev1=1 crypto rx=0 tx=0 comp rx=0 tx=0).handle_hello peer v2:172.21.15.137:3300/0 says I am v2:172.21.15.137:60964/0 (socket says 172.21.15.137:60964)
2024-03-22T10:23:42.536 INFO:teuthology.orchestra.run.smithi137.stdout:/usr/bin/ceph: stderr
2024-03-22T10:23:41.665+0000 7ff4a9e00700 1 -- 172.21.15.137:0/3661768494 learned_addr learned my addr 172.21.15.137:0/3661768494 (peer_addr_for_me v2:172.21.15.137:0/0)
2024-03-22T10:23:42.536 INFO:teuthology.orchestra.run.smithi137.stdout:/usr/bin/ceph: stderr
2024-03-22T10:23:41.666+0000 7ff4a9e00700 1 -- 172.21.15.137:0/3661768494 --> [v2:172.21.15.137:3300/0,v1:172.21.15.137:6789/0] -- mon_subscribe({config=0+,monmap=0+}) v3 -- 0x7ff49c009b30 con 0x7ff4ac106ec0
2024-03-22T10:23:42.536 INFO:teuthology.orchestra.run.smithi137.stdout:/usr/bin/ceph: stderr
2024-03-22T10:23:41.666+0000 7ff4a9e00700 1 --2- 172.21.15.137:0/3661768494 >> [v2:172.21.15.137:3300/0,v1:172.21.15.137:6789/0] conn(0x7ff4ac106ec0 0x7ff4ac19c2d0 secure :-1 s=READY pgs=62 cs=0 l=1 rev1=1 crypto rx=0x7ff49c000f80 tx=0x7ff49c0049f0 comp rx=0 tx=0).ready entity=mon.0 client_cookie=0 server_cookie=0 in_seq=0 out_seq=0
2024-03-22T10:23:42.537 INFO:teuthology.orchestra.run.smithi137.stdout:/usr/bin/ceph: stderr
2024-03-22T10:23:41.666+0000 7ff4a3400700 1 -- 172.21.15.137:0/3661768494 <== mon.0 v2:172.21.15.137:3300/0 1 ==== mon_map magic: 0 v1 ==== 229+0+0 (secure 0 0 0) 0x7ff49c00e040 con 0x7ff4ac106ec0
2024-03-22T10:23:42.537 INFO:teuthology.orchestra.run.smithi137.stdout:/usr/bin/ceph: stderr
2024-03-22T10:23:41.666+0000 7ff4a3400700 1 -- 172.21.15.137:0/3661768494 <== mon.0 v2:172.21.15.137:3300/0 2 ==== config(27 keys) v1 ==== 1101+0+0 (secure 0 0 0) 0x7ff49c00bd00 con 0x7ff4ac106ec0
2024-03-22T10:23:42.537 INFO:teuthology.orchestra.run.smithi137.stdout:/usr/bin/ceph: stderr
2024-03-22T10:23:41.666+0000 7ff4b0a00700 1 -- 172.21.15.137:0/3661768494 --> [v2:172.21.15.137:3300/0,v1:172.21.15.137:6789/0] -- mon_subscribe({mgrmap=0+}) v3 -- 0x7ff4ac19ca10 con 0x7ff4ac106ec0
2024-03-22T10:23:42.537 INFO:teuthology.orchestra.run.smithi137.stdout:/usr/bin/ceph: stderr
2024-03-22T10:23:41.666+0000 7ff4a3400700 1 -- 172.21.15.137:0/3661768494 <== mon.0 v2:172.21.15.137:3300/0 3 ==== mon_map magic: 0 v1 ==== 229+0+0 (secure 0 0 0) 0x7ff49c012770 con 0x7ff4ac106ec0
2024-03-22T10:23:42.537 INFO:teuthology.orchestra.run.smithi137.stdout:/usr/bin/ceph: stderr
2024-03-22T10:23:41.666+0000 7ff4b0a00700 1 -- 172.21.15.137:0/3661768494 --> [v2:172.21.15.137:3300/0,v1:172.21.15.137:6789/0] -- mon_subscribe({osdmap=0}) v3 -- 0x7ff4ac19cf10 con 0x7ff4ac106ec0
2024-03-22T10:23:42.538 INFO:teuthology.orchestra.run.smithi137.stdout:/usr/bin/ceph: stderr
2024-03-22T10:23:41.667+0000 7ff4a3400700 1 -- 172.21.15.137:0/3661768494 <== mon.0 v2:172.21.15.137:3300/0 4 ==== mgrmap(e 8) v1 ==== 45283+0+0 (secure 0 0 0) 0x7ff49c019040 con 0x7ff4ac106ec0
2024-03-22T10:23:42.538 INFO:teuthology.orchestra.run.smithi137.stdout:/usr/bin/ceph: stderr
2024-03-22T10:23:41.667+0000 7ff4b0a00700 1 -- 172.21.15.137:0/3661768494 --> [v2:172.21.15.137:3300/0,v1:172.21.15.137:6789/0] -- mon_command({"prefix": "get_command_descriptions"} v 0) v1 -- 0x7ff4ac10a5e0 con 0x7ff4ac106ec0
2024-03-22T10:23:42.538 INFO:teuthology.orchestra.run.smithi137.stdout:/usr/bin/ceph: stderr
2024-03-22T10:23:41.668+0000 7ff4a3400700 1 --2- 172.21.15.137:0/3661768494 >> [v2:172.21.15.137:6800/3057773592,v1:172.21.15.137:6801/3057773592] conn(0x7ff490038370 0x7ff49003a830 unknown :-1 s=NONE pgs=0 cs=0 l=1 rev1=0 crypto rx=0 tx=0 comp rx=0 tx=0).connect
2024-03-22T10:23:42.538 INFO:teuthology.orchestra.run.smithi137.stdout:/usr/bin/ceph: stderr
2024-03-22T10:23:41.668+0000 7ff4a3400700 1 -- 172.21.15.137:0/3661768494 <== mon.0 v2:172.21.15.137:3300/0 5 ==== osd_map(2..2 src has 1..2) v4 ==== 940+0+0 (secure 0 0 0) 0x7ff49c04bc80 con 0x7ff4ac106ec0
2024-03-22T10:23:42.538 INFO:teuthology.orchestra.run.smithi137.stdout:/usr/bin/ceph: stderr
2024-03-22T10:23:41.668+0000 7ff4a1400700 1 --2- 172.21.15.137:0/3661768494 >> [v2:172.21.15.137:6800/3057773592,v1:172.21.15.137:6801/3057773592] conn(0x7ff490038370 0x7ff49003a830 unknown :-1 s=BANNER_CONNECTING pgs=0 cs=0 l=1 rev1=0 crypto rx=0 tx=0 comp rx=0 tx=0)._handle_peer_banner_payload supported=3 required=0
2024-03-22T10:23:42.539 INFO:teuthology.orchestra.run.smithi137.stdout:/usr/bin/ceph: stderr
2024-03-22T10:23:41.669+0000 7ff4a1400700 1 --2- 172.21.15.137:0/3661768494 >> [v2:172.21.15.137:6800/3057773592,v1:172.21.15.137:6801/3057773592] conn(0x7ff490038370 0x7ff49003a830 secure :-1 s=READY pgs=19 cs=0 l=1 rev1=1 crypto rx=0x7ff494006fd0 tx=0x7ff494006e40 comp rx=0 tx=0).ready entity=mgr.14120 client_cookie=0 server_cookie=0 in_seq=0 out_seq=0
2024-03-22T10:23:42.539 INFO:teuthology.orchestra.run.smithi137.stdout:/usr/bin/ceph: stderr
2024-03-22T10:23:41.673+0000 7ff4a3400700 1 -- 172.21.15.137:0/3661768494 <== mon.0 v2:172.21.15.137:3300/0 6 ==== mon_command_ack([{"prefix": "get_command_descriptions"}]=0 v0) v1 ==== 72+0+180422 (secure 0 0 0) 0x7ff49c01a800 con 0x7ff4ac106ec0
2024-03-22T10:23:42.539 INFO:teuthology.orchestra.run.smithi137.stdout:/usr/bin/ceph: stderr
2024-03-22T10:23:41.900+0000 7ff4b0a00700 1 -- 172.21.15.137:0/3661768494 --> [v2:172.21.15.137:6800/3057773592,v1:172.21.15.137:6801/3057773592] -- mgr_command(tid 0: {"prefix": "orch apply", "service_type": "alertmanager", "target": ["mon-mgr", ""]}) v1 -- 0x7ff4ac101d50 con 0x7ff490038370
2024-03-22T10:23:42.540 INFO:teuthology.orchestra.run.smithi137.stdout:/usr/bin/ceph: stderr
2024-03-22T10:23:41.912+0000 7ff4a3400700 1 -- 172.21.15.137:0/3661768494 <== mgr.14120 v2:172.21.15.137:6800/3057773592 1 ==== mgr_command_reply(tid 0: 0 ) v1 ==== 8+0+33 (secure 0 0 0) 0x7ff4ac101d50 con 0x7ff490038370
2024-03-22T10:23:42.540 INFO:teuthology.orchestra.run.smithi137.stdout:/usr/bin/ceph: stderr
2024-03-22T10:23:41.914+0000 7ff4b0a00700 1 -- 172.21.15.137:0/3661768494 >> [v2:172.21.15.137:6800/3057773592,v1:172.21.15.137:6801/3057773592] conn(0x7ff490038370 msgr2=0x7ff49003a830 secure :-1 s=STATE_CONNECTION_ESTABLISHED l=1).mark_down
2024-03-22T10:23:42.540 INFO:teuthology.orchestra.run.smithi137.stdout:/usr/bin/ceph: stderr
2024-03-22T10:23:41.915+0000 7ff4b0a00700 1 --2- 172.21.15.137:0/3661768494 >> [v2:172.21.15.137:6800/3057773592,v1:172.21.15.137:6801/3057773592] conn(0x7ff490038370 0x7ff49003a830 secure :-1 s=READY pgs=19 cs=0 l=1 rev1=1 crypto rx=0x7ff494006fd0 tx=0x7ff494006e40 comp rx=0 tx=0).stop
2024-03-22T10:23:42.541 INFO:teuthology.orchestra.run.smithi137.stdout:/usr/bin/ceph: stderr
2024-03-22T10:23:41.915+0000 7ff4b0a00700 1 -- 172.21.15.137:0/3661768494 >> [v2:172.21.15.137:3300/0,v1:172.21.15.137:6789/0] conn(0x7ff4ac106ec0 msgr2=0x7ff4ac19c2d0 secure :-1 s=STATE_CONNECTION_ESTABLISHED l=1).mark_down
2024-03-22T10:23:42.541 INFO:teuthology.orchestra.run.smithi137.stdout:/usr/bin/ceph: stderr
2024-03-22T10:23:41.915+0000 7ff4b0a00700 1 --2- 172.21.15.137:0/3661768494 >> [v2:172.21.15.137:3300/0,v1:172.21.15.137:6789/0] conn(0x7ff4ac106ec0 0x7ff4ac19c2d0 secure :-1 s=READY pgs=62 cs=0 l=1 rev1=1 crypto rx=0x7ff49c000f80 tx=0x7ff49c0049f0 comp rx=0 tx=0).stop
2024-03-22T10:23:42.541 INFO:teuthology.orchestra.run.smithi137.stdout:/usr/bin/ceph: stderr
2024-03-22T10:23:41.915+0000 7ff4b0a00700 1 -- 172.21.15.137:0/3661768494 shutdown_connections
2024-03-22T10:23:42.541 INFO:teuthology.orchestra.run.smithi137.stdout:/usr/bin/ceph: stderr
2024-03-22T10:23:41.915+0000 7ff4b0a00700 1 --2- 172.21.15.137:0/3661768494 >> [v2:172.21.15.137:6800/3057773592,v1:172.21.15.137:6801/3057773592] conn(0x7ff490038370 0x7ff49003a830 unknown :-1 s=CLOSED pgs=19 cs=0 l=1 rev1=1 crypto rx=0 tx=0 comp rx=0 tx=0).stop
2024-03-22T10:23:42.541 INFO:teuthology.orchestra.run.smithi137.stdout:/usr/bin/ceph: stderr
2024-03-22T10:23:41.915+0000 7ff4b0a00700 1 --2- 172.21.15.137:0/3661768494 >> [v2:172.21.15.137:3300/0,v1:172.21.15.137:6789/0] conn(0x7ff4ac106ec0 0x7ff4ac19c2d0 unknown :-1 s=CLOSED pgs=62 cs=0 l=1 rev1=1 crypto rx=0 tx=0 comp rx=0 tx=0).stop
2024-03-22T10:23:42.541 INFO:teuthology.orchestra.run.smithi137.stdout:/usr/bin/ceph: stderr
2024-03-22T10:23:41.915+0000 7ff4b0a00700 1 -- 172.21.15.137:0/3661768494 >> 172.21.15.137:0/3661768494 conn(0x7ff4ac1008d0 msgr2=0x7ff4ac101640 unknown :-1 s=STATE_NONE l=0).mark_down
2024-03-22T10:23:42.541 INFO:teuthology.orchestra.run.smithi137.stdout:/usr/bin/ceph: stderr
2024-03-22T10:23:41.915+0000 7ff4b0a00700 1 -- 172.21.15.137:0/3661768494 shutdown_connections
2024-03-22T10:23:42.541 INFO:teuthology.orchestra.run.smithi137.stdout:/usr/bin/ceph: stderr
2024-03-22T10:23:41.915+0000 7ff4b0a00700 1 -- 172.21.15.137:0/3661768494 wait complete.
2024-03-22T10:23:43.147 INFO:journalctl@ceph.mon.smithi137.smithi137.stdout:Mar 22 10:23:42 smithi137 ceph-mon[29362]: from='client.14156 -' entity='client.admin' cmd=[{"prefix": "orch apply", "service_type": "alertmanager", "target": ["mon-mgr", ""]}]: dispatch
2024-03-22T10:23:43.147 INFO:journalctl@ceph.mon.smithi137.smithi137.stdout:Mar 22 10:23:42 smithi137 ceph-mon[29362]: Saving service alertmanager spec with placement count:1
2024-03-22T10:23:43.148 INFO:journalctl@ceph.mon.smithi137.smithi137.stdout:Mar 22 10:23:42 smithi137 ceph-mon[29362]: from='mgr.14120 172.21.15.137:0/3132215317' entity='mgr.smithi137.avuerp'
2024-03-22T10:23:44.076 INFO:journalctl@ceph.mon.smithi137.smithi137.stdout:Mar 22 10:23:43 smithi137 ceph-mon[29362]: pgmap v7: 0 pgs: ; 0 B data, 0 B used, 0 B / 0 B avail
2024-03-22T10:23:44.076 INFO:journalctl@ceph.mon.smithi137.smithi137.stdout:Mar 22 10:23:43 smithi137 ceph-mon[29362]: from='client.? 172.21.15.137:0/2638466148' entity='client.admin'
2024-03-22T10:23:44.085 INFO:teuthology.orchestra.run.smithi137.stdout:/usr/bin/ceph: stderr
2024-03-22T10:23:43.151+0000 7fcbd4600700 1 Processor -- start
2024-03-22T10:23:44.090 INFO:teuthology.orchestra.run.smithi137.stdout:/usr/bin/ceph: stderr
2024-03-22T10:23:43.151+0000 7fcbd4600700 1 -- start start
2024-03-22T10:23:44.091 INFO:teuthology.orchestra.run.smithi137.stdout:/usr/bin/ceph: stderr
2024-03-22T10:23:43.152+0000 7fcbd4600700 1 --2- >> [v2:172.21.15.137:3300/0,v1:172.21.15.137:6789/0] conn(0x7fcbcc106420 0x7fcbcc106840 unknown :-1 s=NONE pgs=0 cs=0 l=0 rev1=0 crypto rx=0 tx=0 comp rx=0 tx=0).connect
2024-03-22T10:23:44.091 INFO:teuthology.orchestra.run.smithi137.stdout:/usr/bin/ceph: stderr
2024-03-22T10:23:43.152+0000 7fcbd4600700 1 -- --> [v2:172.21.15.137:3300/0,v1:172.21.15.137:6789/0] -- mon_getmap magic: 0 v1 -- 0x7fcbcc106e10 con 0x7fcbcc106420
2024-03-22T10:23:44.091 INFO:teuthology.orchestra.run.smithi137.stdout:/usr/bin/ceph: stderr
2024-03-22T10:23:43.152+0000 7fcbd1c00700 1 --2- >> [v2:172.21.15.137:3300/0,v1:172.21.15.137:6789/0] conn(0x7fcbcc106420 0x7fcbcc106840 unknown :-1 s=BANNER_CONNECTING pgs=0 cs=0 l=0 rev1=0 crypto rx=0 tx=0 comp rx=0 tx=0)._handle_peer_banner_payload supported=3 required=0
2024-03-22T10:23:44.091 INFO:teuthology.orchestra.run.smithi137.stdout:/usr/bin/ceph: stderr
2024-03-22T10:23:43.152+0000 7fcbd1c00700 1 --2- >> [v2:172.21.15.137:3300/0,v1:172.21.15.137:6789/0] conn(0x7fcbcc106420 0x7fcbcc106840 unknown :-1 s=HELLO_CONNECTING pgs=0 cs=0 l=0 rev1=1 crypto rx=0 tx=0 comp rx=0 tx=0).handle_hello peer v2:172.21.15.137:3300/0 says I am v2:172.21.15.137:60978/0 (socket says 172.21.15.137:60978)
2024-03-22T10:23:44.091 INFO:teuthology.orchestra.run.smithi137.stdout:/usr/bin/ceph: stderr
2024-03-22T10:23:43.152+0000 7fcbd1c00700 1 -- 172.21.15.137:0/2632523119 learned_addr learned my addr 172.21.15.137:0/2632523119 (peer_addr_for_me v2:172.21.15.137:0/0)
2024-03-22T10:23:44.091 INFO:teuthology.orchestra.run.smithi137.stdout:/usr/bin/ceph: stderr
2024-03-22T10:23:43.153+0000 7fcbd1c00700 1 -- 172.21.15.137:0/2632523119 --> [v2:172.21.15.137:3300/0,v1:172.21.15.137:6789/0] -- mon_subscribe({config=0+,monmap=0+}) v3 -- 0x7fcbcc107620 con 0x7fcbcc106420
2024-03-22T10:23:44.091 INFO:teuthology.orchestra.run.smithi137.stdout:/usr/bin/ceph: stderr
2024-03-22T10:23:43.153+0000 7fcbd1c00700 1 --2- 172.21.15.137:0/2632523119 >> [v2:172.21.15.137:3300/0,v1:172.21.15.137:6789/0] conn(0x7fcbcc106420 0x7fcbcc106840 secure :-1 s=READY pgs=63 cs=0 l=1 rev1=1 crypto rx=0x7fcbc00098a0 tx=0x7fcbc0009bb0 comp rx=0 tx=0).ready entity=mon.0 client_cookie=37ac65d24ff0e2c1 server_cookie=0 in_seq=0 out_seq=0
2024-03-22T10:23:44.091 INFO:teuthology.orchestra.run.smithi137.stdout:/usr/bin/ceph: stderr
2024-03-22T10:23:43.153+0000 7fcbcbe00700 1 -- 172.21.15.137:0/2632523119 <== mon.0 v2:172.21.15.137:3300/0 1 ==== mon_map magic: 0 v1 ==== 229+0+0 (secure 0 0 0) 0x7fcbc0004180 con 0x7fcbcc106420
2024-03-22T10:23:44.091 INFO:teuthology.orchestra.run.smithi137.stdout:/usr/bin/ceph: stderr
2024-03-22T10:23:43.153+0000 7fcbcbe00700 1 -- 172.21.15.137:0/2632523119 <== mon.0 v2:172.21.15.137:3300/0 2 ==== config(27 keys) v1 ==== 1101+0+0 (secure 0 0 0) 0x7fcbc00042e0 con 0x7fcbcc106420
2024-03-22T10:23:44.091 INFO:teuthology.orchestra.run.smithi137.stdout:/usr/bin/ceph: stderr
2024-03-22T10:23:43.153+0000 7fcbcbe00700 1 -- 172.21.15.137:0/2632523119 <== mon.0 v2:172.21.15.137:3300/0 3 ==== mon_map magic: 0 v1 ==== 229+0+0 (secure 0 0 0) 0x7fcbc0011af0 con 0x7fcbcc106420
2024-03-22T10:23:44.091 INFO:teuthology.orchestra.run.smithi137.stdout:/usr/bin/ceph: stderr
2024-03-22T10:23:43.154+0000 7fcbd4600700 1 -- 172.21.15.137:0/2632523119 >> [v2:172.21.15.137:3300/0,v1:172.21.15.137:6789/0] conn(0x7fcbcc106420 msgr2=0x7fcbcc106840 secure :-1 s=STATE_CONNECTION_ESTABLISHED l=1).mark_down
2024-03-22T10:23:44.091 INFO:teuthology.orchestra.run.smithi137.stdout:/usr/bin/ceph: stderr
2024-03-22T10:23:43.154+0000 7fcbd4600700 1 --2- 172.21.15.137:0/2632523119 >> [v2:172.21.15.137:3300/0,v1:172.21.15.137:6789/0] conn(0x7fcbcc106420 0x7fcbcc106840 secure :-1 s=READY pgs=63 cs=0 l=1 rev1=1 crypto rx=0x7fcbc00098a0 tx=0x7fcbc0009bb0 comp rx=0 tx=0).stop
2024-03-22T10:23:44.091 INFO:teuthology.orchestra.run.smithi137.stdout:/usr/bin/ceph: stderr
2024-03-22T10:23:43.154+0000 7fcbd4600700 1 -- 172.21.15.137:0/2632523119 shutdown_connections
2024-03-22T10:23:44.092 INFO:teuthology.orchestra.run.smithi137.stdout:/usr/bin/ceph: stderr
2024-03-22T10:23:43.154+0000 7fcbd4600700 1 --2- 172.21.15.137:0/2632523119 >> [v2:172.21.15.137:3300/0,v1:172.21.15.137:6789/0] conn(0x7fcbcc106420 0x7fcbcc106840 unknown :-1 s=CLOSED pgs=63 cs=0 l=1 rev1=1 crypto rx=0 tx=0 comp rx=0 tx=0).stop
2024-03-22T10:23:44.092 INFO:teuthology.orchestra.run.smithi137.stdout:/usr/bin/ceph: stderr
2024-03-22T10:23:43.154+0000 7fcbd4600700 1 -- 172.21.15.137:0/2632523119 >> 172.21.15.137:0/2632523119 conn(0x7fcbcc101a00 msgr2=0x7fcbcc103e20 unknown :-1 s=STATE_NONE l=0).mark_down
2024-03-22T10:23:44.092 INFO:teuthology.orchestra.run.smithi137.stdout:/usr/bin/ceph: stderr
2024-03-22T10:23:43.154+0000 7fcbd4600700 1 -- 172.21.15.137:0/2632523119 shutdown_connections
2024-03-22T10:23:44.092 INFO:teuthology.orchestra.run.smithi137.stdout:/usr/bin/ceph: stderr
2024-03-22T10:23:43.155+0000 7fcbd4600700 1 -- 172.21.15.137:0/2632523119 wait complete.
2024-03-22T10:23:44.092 INFO:teuthology.orchestra.run.smithi137.stdout:/usr/bin/ceph: stderr
2024-03-22T10:23:43.156+0000 7fcbd4600700 1 Processor -- start
2024-03-22T10:23:44.092 INFO:teuthology.orchestra.run.smithi137.stdout:/usr/bin/ceph: stderr
2024-03-22T10:23:43.156+0000 7fcbd4600700 1 -- start start
2024-03-22T10:23:44.092 INFO:teuthology.orchestra.run.smithi137.stdout:/usr/bin/ceph: stderr
2024-03-22T10:23:43.156+0000 7fcbd4600700 1 --2- >> [v2:172.21.15.137:3300/0,v1:172.21.15.137:6789/0] conn(0x7fcbcc106420 0x7fcbcc07bc60 unknown :-1 s=NONE pgs=0 cs=0 l=1 rev1=0 crypto rx=0 tx=0 comp rx=0 tx=0).connect
2024-03-22T10:23:44.092 INFO:teuthology.orchestra.run.smithi137.stdout:/usr/bin/ceph: stderr
2024-03-22T10:23:43.157+0000 7fcbd4600700 1 -- --> [v2:172.21.15.137:3300/0,v1:172.21.15.137:6789/0] -- mon_getmap magic: 0 v1 -- 0x7fcbcc07c1a0 con 0x7fcbcc106420
2024-03-22T10:23:44.092 INFO:teuthology.orchestra.run.smithi137.stdout:/usr/bin/ceph: stderr
2024-03-22T10:23:43.157+0000 7fcbd1c00700 1 --2- >> [v2:172.21.15.137:3300/0,v1:172.21.15.137:6789/0] conn(0x7fcbcc106420 0x7fcbcc07bc60 unknown :-1 s=BANNER_CONNECTING pgs=0 cs=0 l=1 rev1=0 crypto rx=0 tx=0 comp rx=0 tx=0)._handle_peer_banner_payload supported=3 required=0
2024-03-22T10:23:44.092 INFO:teuthology.orchestra.run.smithi137.stdout:/usr/bin/ceph: stderr
2024-03-22T10:23:43.157+0000 7fcbd1c00700 1 --2- >> [v2:172.21.15.137:3300/0,v1:172.21.15.137:6789/0] conn(0x7fcbcc106420 0x7fcbcc07bc60 unknown :-1 s=HELLO_CONNECTING pgs=0 cs=0 l=1 rev1=1 crypto rx=0 tx=0 comp rx=0 tx=0).handle_hello peer v2:172.21.15.137:3300/0 says I am v2:172.21.15.137:60980/0 (socket says 172.21.15.137:60980)
2024-03-22T10:23:44.092 INFO:teuthology.orchestra.run.smithi137.stdout:/usr/bin/ceph: stderr
2024-03-22T10:23:43.157+0000 7fcbd1c00700 1 -- 172.21.15.137:0/2638466148 learned_addr learned my addr 172.21.15.137:0/2638466148 (peer_addr_for_me v2:172.21.15.137:0/0)
2024-03-22T10:23:44.092 INFO:teuthology.orchestra.run.smithi137.stdout:/usr/bin/ceph: stderr
2024-03-22T10:23:43.157+0000 7fcbd1c00700 1 -- 172.21.15.137:0/2638466148 --> [v2:172.21.15.137:3300/0,v1:172.21.15.137:6789/0] -- mon_subscribe({config=0+,monmap=0+}) v3 -- 0x7fcbc0009550 con 0x7fcbcc106420
2024-03-22T10:23:44.092 INFO:teuthology.orchestra.run.smithi137.stdout:/usr/bin/ceph: stderr
2024-03-22T10:23:43.158+0000 7fcbd1c00700 1 --2- 172.21.15.137:0/2638466148 >> [v2:172.21.15.137:3300/0,v1:172.21.15.137:6789/0] conn(0x7fcbcc106420 0x7fcbcc07bc60 secure :-1 s=READY pgs=64 cs=0 l=1 rev1=1 crypto rx=0x7fcbc0000c00 tx=0x7fcbc0011b50 comp rx=0 tx=0).ready entity=mon.0 client_cookie=0 server_cookie=0 in_seq=0 out_seq=0
2024-03-22T10:23:44.092 INFO:teuthology.orchestra.run.smithi137.stdout:/usr/bin/ceph: stderr
2024-03-22T10:23:43.158+0000 7fcbca000700 1 -- 172.21.15.137:0/2638466148 <== mon.0 v2:172.21.15.137:3300/0 1 ==== mon_map magic: 0 v1 ==== 229+0+0 (secure 0 0 0) 0x7fcbc0003a70 con 0x7fcbcc106420
2024-03-22T10:23:44.092 INFO:teuthology.orchestra.run.smithi137.stdout:/usr/bin/ceph: stderr
2024-03-22T10:23:43.158+0000 7fcbca000700 1 -- 172.21.15.137:0/2638466148 <== mon.0 v2:172.21.15.137:3300/0 2 ==== config(27 keys) v1 ==== 1101+0+0 (secure 0 0 0) 0x7fcbc0003bd0 con 0x7fcbcc106420
2024-03-22T10:23:44.093 INFO:teuthology.orchestra.run.smithi137.stdout:/usr/bin/ceph: stderr
2024-03-22T10:23:43.158+0000 7fcbca000700 1 -- 172.21.15.137:0/2638466148 <== mon.0 v2:172.21.15.137:3300/0 3 ==== mon_map magic: 0 v1 ==== 229+0+0 (secure 0 0 0) 0x7fcbc00238c0 con 0x7fcbcc106420
2024-03-22T10:23:44.093 INFO:teuthology.orchestra.run.smithi137.stdout:/usr/bin/ceph: stderr
2024-03-22T10:23:43.158+0000 7fcbd4600700 1 -- 172.21.15.137:0/2638466148 --> [v2:172.21.15.137:3300/0,v1:172.21.15.137:6789/0] -- mon_subscribe({mgrmap=0+}) v3 -- 0x7fcbcc07a2b0 con 0x7fcbcc106420
2024-03-22T10:23:44.093 INFO:teuthology.orchestra.run.smithi137.stdout:/usr/bin/ceph: stderr
2024-03-22T10:23:43.158+0000 7fcbd4600700 1 -- 172.21.15.137:0/2638466148 --> [v2:172.21.15.137:3300/0,v1:172.21.15.137:6789/0] -- mon_subscribe({osdmap=0}) v3 -- 0x7fcbcc07a750 con 0x7fcbcc106420
2024-03-22T10:23:44.093 INFO:teuthology.orchestra.run.smithi137.stdout:/usr/bin/ceph: stderr
2024-03-22T10:23:43.159+0000 7fcbca000700 1 -- 172.21.15.137:0/2638466148 <== mon.0 v2:172.21.15.137:3300/0 4 ==== mgrmap(e 8) v1 ==== 45283+0+0 (secure 0 0 0) 0x7fcbc001a430 con 0x7fcbcc106420
2024-03-22T10:23:44.093 INFO:teuthology.orchestra.run.smithi137.stdout:/usr/bin/ceph: stderr
2024-03-22T10:23:43.159+0000 7fcbd4600700 1 -- 172.21.15.137:0/2638466148 --> [v2:172.21.15.137:3300/0,v1:172.21.15.137:6789/0] -- mon_command({"prefix": "get_command_descriptions"} v 0) v1 -- 0x7fcbcc0623c0 con 0x7fcbcc106420
2024-03-22T10:23:44.093 INFO:teuthology.orchestra.run.smithi137.stdout:/usr/bin/ceph: stderr
2024-03-22T10:23:43.160+0000 7fcbca000700 1 --2- 172.21.15.137:0/2638466148 >> [v2:172.21.15.137:6800/3057773592,v1:172.21.15.137:6801/3057773592] conn(0x7fcbb4038370 0x7fcbb403a830 unknown :-1 s=NONE pgs=0 cs=0 l=1 rev1=0 crypto rx=0 tx=0 comp rx=0 tx=0).connect
2024-03-22T10:23:44.093 INFO:teuthology.orchestra.run.smithi137.stdout:/usr/bin/ceph: stderr
2024-03-22T10:23:43.160+0000 7fcbca000700 1 -- 172.21.15.137:0/2638466148 <== mon.0 v2:172.21.15.137:3300/0 5 ==== osd_map(2..2 src has 1..2) v4 ==== 940+0+0 (secure 0 0 0) 0x7fcbc004c260 con 0x7fcbcc106420
2024-03-22T10:23:44.093 INFO:teuthology.orchestra.run.smithi137.stdout:/usr/bin/ceph: stderr
2024-03-22T10:23:43.160+0000 7fcbd1200700 1 --2- 172.21.15.137:0/2638466148 >> [v2:172.21.15.137:6800/3057773592,v1:172.21.15.137:6801/3057773592] conn(0x7fcbb4038370 0x7fcbb403a830 unknown :-1 s=BANNER_CONNECTING pgs=0 cs=0 l=1 rev1=0 crypto rx=0 tx=0 comp rx=0 tx=0)._handle_peer_banner_payload supported=3 required=0
2024-03-22T10:23:44.093 INFO:teuthology.orchestra.run.smithi137.stdout:/usr/bin/ceph: stderr
2024-03-22T10:23:43.161+0000 7fcbd1200700 1 --2- 172.21.15.137:0/2638466148 >> [v2:172.21.15.137:6800/3057773592,v1:172.21.15.137:6801/3057773592] conn(0x7fcbb4038370 0x7fcbb403a830 secure :-1 s=READY pgs=20 cs=0 l=1 rev1=1 crypto rx=0x7fcbb8006fd0 tx=0x7fcbb8006e40 comp rx=0 tx=0).ready entity=mgr.14120 client_cookie=0 server_cookie=0 in_seq=0 out_seq=0
2024-03-22T10:23:44.093 INFO:teuthology.orchestra.run.smithi137.stdout:/usr/bin/ceph: stderr
2024-03-22T10:23:43.165+0000 7fcbca000700 1 -- 172.21.15.137:0/2638466148 <== mon.0 v2:172.21.15.137:3300/0 6 ==== mon_command_ack([{"prefix": "get_command_descriptions"}]=0 v0) v1 ==== 72+0+180422 (secure 0 0 0) 0x7fcbc0010560 con 0x7fcbcc106420
2024-03-22T10:23:44.093 INFO:teuthology.orchestra.run.smithi137.stdout:/usr/bin/ceph: stderr
2024-03-22T10:23:43.375+0000 7fcbd4600700 1 -- 172.21.15.137:0/2638466148 --> [v2:172.21.15.137:3300/0,v1:172.21.15.137:6789/0] -- mon_command([{prefix=config set, name=mgr/cephadm/container_init}] v 0) v1 -- 0x7fcbcc10a8a0 con 0x7fcbcc106420
2024-03-22T10:23:44.093 INFO:teuthology.orchestra.run.smithi137.stdout:/usr/bin/ceph: stderr
2024-03-22T10:23:43.383+0000 7fcbca000700 1 -- 172.21.15.137:0/2638466148 <== mon.0 v2:172.21.15.137:3300/0 7 ==== mon_command_ack([{prefix=config set, name=mgr/cephadm/container_init}]=0 v7)=0 v7) v1 ==== 142+0+0 (secure 0 0 0) 0x7fcbc0010380 con 0x7fcbcc106420
2024-03-22T10:23:44.093 INFO:teuthology.orchestra.run.smithi137.stdout:/usr/bin/ceph: stderr
2024-03-22T10:23:43.386+0000 7fcbd4600700 1 -- 172.21.15.137:0/2638466148 >> [v2:172.21.15.137:6800/3057773592,v1:172.21.15.137:6801/3057773592] conn(0x7fcbb4038370 msgr2=0x7fcbb403a830 secure :-1 s=STATE_CONNECTION_ESTABLISHED l=1).mark_down
2024-03-22T10:23:44.093 INFO:teuthology.orchestra.run.smithi137.stdout:/usr/bin/ceph: stderr
2024-03-22T10:23:43.386+0000 7fcbd4600700 1 --2- 172.21.15.137:0/2638466148 >> [v2:172.21.15.137:6800/3057773592,v1:172.21.15.137:6801/3057773592] conn(0x7fcbb4038370 0x7fcbb403a830 secure :-1 s=READY pgs=20 cs=0 l=1 rev1=1 crypto rx=0x7fcbb8006fd0 tx=0x7fcbb8006e40 comp rx=0 tx=0).stop
2024-03-22T10:23:44.093 INFO:teuthology.orchestra.run.smithi137.stdout:/usr/bin/ceph: stderr
2024-03-22T10:23:43.386+0000 7fcbd4600700 1 -- 172.21.15.137:0/2638466148 >> [v2:172.21.15.137:3300/0,v1:172.21.15.137:6789/0] conn(0x7fcbcc106420 msgr2=0x7fcbcc07bc60 secure :-1 s=STATE_CONNECTION_ESTABLISHED l=1).mark_down
2024-03-22T10:23:44.094 INFO:teuthology.orchestra.run.smithi137.stdout:/usr/bin/ceph: stderr
2024-03-22T10:23:43.386+0000 7fcbd4600700 1 --2- 172.21.15.137:0/2638466148 >> [v2:172.21.15.137:3300/0,v1:172.21.15.137:6789/0] conn(0x7fcbcc106420 0x7fcbcc07bc60 secure :-1 s=READY pgs=64 cs=0 l=1 rev1=1 crypto rx=0x7fcbc0000c00 tx=0x7fcbc0011b50 comp rx=0 tx=0).stop
2024-03-22T10:23:44.094 INFO:teuthology.orchestra.run.smithi137.stdout:/usr/bin/ceph: stderr
2024-03-22T10:23:43.387+0000 7fcbd4600700 1 -- 172.21.15.137:0/2638466148 shutdown_connections
2024-03-22T10:23:44.094 INFO:teuthology.orchestra.run.smithi137.stdout:/usr/bin/ceph: stderr
2024-03-22T10:23:43.387+0000 7fcbd4600700 1 --2- 172.21.15.137:0/2638466148 >> [v2:172.21.15.137:6800/3057773592,v1:172.21.15.137:6801/3057773592] conn(0x7fcbb4038370 0x7fcbb403a830 unknown :-1 s=CLOSED pgs=20 cs=0 l=1 rev1=1 crypto rx=0 tx=0 comp rx=0 tx=0).stop
2024-03-22T10:23:44.094 INFO:teuthology.orchestra.run.smithi137.stdout:/usr/bin/ceph: stderr
2024-03-22T10:23:43.387+0000 7fcbd4600700 1 --2- 172.21.15.137:0/2638466148 >> [v2:172.21.15.137:3300/0,v1:172.21.15.137:6789/0] conn(0x7fcbcc106420 0x7fcbcc07bc60 unknown :-1 s=CLOSED pgs=64 cs=0 l=1 rev1=1 crypto rx=0 tx=0 comp rx=0 tx=0).stop
2024-03-22T10:23:44.094 INFO:teuthology.orchestra.run.smithi137.stdout:/usr/bin/ceph: stderr
2024-03-22T10:23:43.387+0000 7fcbd4600700 1 -- 172.21.15.137:0/2638466148 >> 172.21.15.137:0/2638466148 conn(0x7fcbcc101a00 msgr2=0x7fcbcc1030c0 unknown :-1 s=STATE_NONE l=0).mark_down
2024-03-22T10:23:44.094 INFO:teuthology.orchestra.run.smithi137.stdout:/usr/bin/ceph: stderr
2024-03-22T10:23:43.387+0000 7fcbd4600700 1 -- 172.21.15.137:0/2638466148 shutdown_connections
2024-03-22T10:23:44.094 INFO:teuthology.orchestra.run.smithi137.stdout:/usr/bin/ceph: stderr
2024-03-22T10:23:43.387+0000 7fcbd4600700 1 -- 172.21.15.137:0/2638466148 wait complete.
2024-03-22T10:23:45.513 INFO:teuthology.orchestra.run.smithi137.stdout:/usr/bin/ceph: stderr
2024-03-22T10:23:44.658+0000 7f8c4ee00700 1 Processor -- start
2024-03-22T10:23:45.513 INFO:teuthology.orchestra.run.smithi137.stdout:/usr/bin/ceph: stderr
2024-03-22T10:23:44.658+0000 7f8c4ee00700 1 -- start start
2024-03-22T10:23:45.513 INFO:teuthology.orchestra.run.smithi137.stdout:/usr/bin/ceph: stderr
2024-03-22T10:23:44.659+0000 7f8c4ee00700 1 --2- >> [v2:172.21.15.137:3300/0,v1:172.21.15.137:6789/0] conn(0x7f8c4807bef0 0x7f8c4807a350 unknown :-1 s=NONE pgs=0 cs=0 l=0 rev1=0 crypto rx=0 tx=0 comp rx=0 tx=0).connect
2024-03-22T10:23:45.513 INFO:teuthology.orchestra.run.smithi137.stdout:/usr/bin/ceph: stderr
2024-03-22T10:23:44.659+0000 7f8c4ee00700 1 -- --> [v2:172.21.15.137:3300/0,v1:172.21.15.137:6789/0] -- mon_getmap magic: 0 v1 -- 0x7f8c4807a920 con 0x7f8c4807bef0
2024-03-22T10:23:45.513 INFO:teuthology.orchestra.run.smithi137.stdout:/usr/bin/ceph: stderr
2024-03-22T10:23:44.659+0000 7f8c47e00700 1 --2- >> [v2:172.21.15.137:3300/0,v1:172.21.15.137:6789/0] conn(0x7f8c4807bef0 0x7f8c4807a350 unknown :-1 s=BANNER_CONNECTING pgs=0 cs=0 l=0 rev1=0 crypto rx=0 tx=0 comp rx=0 tx=0)._handle_peer_banner_payload supported=3 required=0
2024-03-22T10:23:45.513 INFO:teuthology.orchestra.run.smithi137.stdout:/usr/bin/ceph: stderr
2024-03-22T10:23:44.659+0000 7f8c47e00700 1 --2- >> [v2:172.21.15.137:3300/0,v1:172.21.15.137:6789/0] conn(0x7f8c4807bef0 0x7f8c4807a350 unknown :-1 s=HELLO_CONNECTING pgs=0 cs=0 l=0 rev1=1 crypto rx=0 tx=0 comp rx=0 tx=0).handle_hello peer v2:172.21.15.137:3300/0 says I am v2:172.21.15.137:60982/0 (socket says 172.21.15.137:60982)
2024-03-22T10:23:45.514 INFO:teuthology.orchestra.run.smithi137.stdout:/usr/bin/ceph: stderr
2024-03-22T10:23:44.659+0000 7f8c47e00700 1 -- 172.21.15.137:0/3199795301 learned_addr learned my addr 172.21.15.137:0/3199795301 (peer_addr_for_me v2:172.21.15.137:0/0)
2024-03-22T10:23:45.514 INFO:teuthology.orchestra.run.smithi137.stdout:/usr/bin/ceph: stderr
2024-03-22T10:23:44.660+0000 7f8c47e00700 1 -- 172.21.15.137:0/3199795301 --> [v2:172.21.15.137:3300/0,v1:172.21.15.137:6789/0] -- mon_subscribe({config=0+,monmap=0+}) v3 -- 0x7f8c4807aa60 con 0x7f8c4807bef0
2024-03-22T10:23:45.514 INFO:teuthology.orchestra.run.smithi137.stdout:/usr/bin/ceph: stderr
2024-03-22T10:23:44.660+0000 7f8c47e00700 1 --2- 172.21.15.137:0/3199795301 >> [v2:172.21.15.137:3300/0,v1:172.21.15.137:6789/0] conn(0x7f8c4807bef0 0x7f8c4807a350 secure :-1 s=READY pgs=65 cs=0 l=1 rev1=1 crypto rx=0x7f8c380098a0 tx=0x7f8c38009bb0 comp rx=0 tx=0).ready entity=mon.0 client_cookie=65e8c3091117ac61 server_cookie=0 in_seq=0 out_seq=0
2024-03-22T10:23:45.514 INFO:teuthology.orchestra.run.smithi137.stdout:/usr/bin/ceph: stderr
2024-03-22T10:23:44.661+0000 7f8c46a00700 1 -- 172.21.15.137:0/3199795301 <== mon.0 v2:172.21.15.137:3300/0 1 ==== mon_map magic: 0 v1 ==== 229+0+0 (secure 0 0 0) 0x7f8c38004180 con 0x7f8c4807bef0
2024-03-22T10:23:45.514 INFO:teuthology.orchestra.run.smithi137.stdout:/usr/bin/ceph: stderr
2024-03-22T10:23:44.661+0000 7f8c46a00700 1 -- 172.21.15.137:0/3199795301 <== mon.0 v2:172.21.15.137:3300/0 2 ==== config(27 keys) v1 ==== 1101+0+0 (secure 0 0 0) 0x7f8c380042e0 con 0x7f8c4807bef0
2024-03-22T10:23:45.514 INFO:teuthology.orchestra.run.smithi137.stdout:/usr/bin/ceph: stderr
2024-03-22T10:23:44.661+0000 7f8c46a00700 1 -- 172.21.15.137:0/3199795301 <== mon.0 v2:172.21.15.137:3300/0 3 ==== mon_map magic: 0 v1 ==== 229+0+0 (secure 0 0 0) 0x7f8c38011af0 con 0x7f8c4807bef0
2024-03-22T10:23:45.514 INFO:teuthology.orchestra.run.smithi137.stdout:/usr/bin/ceph: stderr
2024-03-22T10:23:44.662+0000 7f8c4ee00700 1 -- 172.21.15.137:0/3199795301 >> [v2:172.21.15.137:3300/0,v1:172.21.15.137:6789/0] conn(0x7f8c4807bef0 msgr2=0x7f8c4807a350 secure :-1 s=STATE_CONNECTION_ESTABLISHED l=1).mark_down
2024-03-22T10:23:45.514 INFO:teuthology.orchestra.run.smithi137.stdout:/usr/bin/ceph: stderr
2024-03-22T10:23:44.662+0000 7f8c4ee00700 1 --2- 172.21.15.137:0/3199795301 >> [v2:172.21.15.137:3300/0,v1:172.21.15.137:6789/0] conn(0x7f8c4807bef0 0x7f8c4807a350 secure :-1 s=READY pgs=65 cs=0 l=1 rev1=1 crypto rx=0x7f8c380098a0 tx=0x7f8c38009bb0 comp rx=0 tx=0).stop
2024-03-22T10:23:45.514 INFO:teuthology.orchestra.run.smithi137.stdout:/usr/bin/ceph: stderr
2024-03-22T10:23:44.662+0000 7f8c4ee00700 1 -- 172.21.15.137:0/3199795301 shutdown_connections
2024-03-22T10:23:45.514 INFO:teuthology.orchestra.run.smithi137.stdout:/usr/bin/ceph: stderr
2024-03-22T10:23:44.662+0000 7f8c4ee00700 1 --2- 172.21.15.137:0/3199795301 >> [v2:172.21.15.137:3300/0,v1:172.21.15.137:6789/0] conn(0x7f8c4807bef0 0x7f8c4807a350 unknown :-1 s=CLOSED pgs=65 cs=0 l=1 rev1=1 crypto rx=0 tx=0 comp rx=0 tx=0).stop
2024-03-22T10:23:45.514 INFO:teuthology.orchestra.run.smithi137.stdout:/usr/bin/ceph: stderr
2024-03-22T10:23:44.662+0000 7f8c4ee00700 1 -- 172.21.15.137:0/3199795301 >> 172.21.15.137:0/3199795301 conn(0x7f8c48101a00 msgr2=0x7f8c48103e20 unknown :-1 s=STATE_NONE l=0).mark_down
2024-03-22T10:23:45.514 INFO:teuthology.orchestra.run.smithi137.stdout:/usr/bin/ceph: stderr
2024-03-22T10:23:44.662+0000 7f8c4ee00700 1 -- 172.21.15.137:0/3199795301 shutdown_connections
2024-03-22T10:23:45.514 INFO:teuthology.orchestra.run.smithi137.stdout:/usr/bin/ceph: stderr
2024-03-22T10:23:44.662+0000 7f8c4ee00700 1 -- 172.21.15.137:0/3199795301 wait complete.
2024-03-22T10:23:45.514 INFO:teuthology.orchestra.run.smithi137.stdout:/usr/bin/ceph: stderr
2024-03-22T10:23:44.663+0000 7f8c4ee00700 1 Processor -- start
2024-03-22T10:23:45.515 INFO:teuthology.orchestra.run.smithi137.stdout:/usr/bin/ceph: stderr
2024-03-22T10:23:44.663+0000 7f8c4ee00700 1 -- start start
2024-03-22T10:23:45.515 INFO:teuthology.orchestra.run.smithi137.stdout:/usr/bin/ceph: stderr
2024-03-22T10:23:44.663+0000 7f8c4ee00700 1 --2- >> [v2:172.21.15.137:3300/0,v1:172.21.15.137:6789/0] conn(0x7f8c4807bef0 0x7f8c481a0700 unknown :-1 s=NONE pgs=0 cs=0 l=1 rev1=0 crypto rx=0 tx=0 comp rx=0 tx=0).connect
2024-03-22T10:23:45.515 INFO:teuthology.orchestra.run.smithi137.stdout:/usr/bin/ceph: stderr
2024-03-22T10:23:44.663+0000 7f8c4ee00700 1 -- --> [v2:172.21.15.137:3300/0,v1:172.21.15.137:6789/0] -- mon_getmap magic: 0 v1 -- 0x7f8c481a0c40 con 0x7f8c4807bef0
2024-03-22T10:23:45.515 INFO:teuthology.orchestra.run.smithi137.stdout:/usr/bin/ceph: stderr
2024-03-22T10:23:44.663+0000 7f8c47e00700 1 --2- >> [v2:172.21.15.137:3300/0,v1:172.21.15.137:6789/0] conn(0x7f8c4807bef0 0x7f8c481a0700 unknown :-1 s=BANNER_CONNECTING pgs=0 cs=0 l=1 rev1=0 crypto rx=0 tx=0 comp rx=0 tx=0)._handle_peer_banner_payload supported=3 required=0
2024-03-22T10:23:45.515 INFO:teuthology.orchestra.run.smithi137.stdout:/usr/bin/ceph: stderr
