2024-03-22T10:23:29.092+0000 7fd52ea00700 1 --2- >> [v2:172.21.15.137:3300/0,v1:172.21.15.137:6789/0] conn(0x7fd530106f80 0x7fd53019c2f0 unknown :-1 s=BANNER_CONNECTING pgs=0 cs=0 l=1 rev1=0 crypto rx=0 tx=0 comp rx=0 tx=0)._handle_peer_banner_payload supported=3 required=0
2024-03-22T10:23:30.439 INFO:teuthology.orchestra.run.smithi137.stdout:/usr/bin/ceph: stderr
2024-03-22T10:23:29.092+0000 7fd52ea00700 1 --2- >> [v2:172.21.15.137:3300/0,v1:172.21.15.137:6789/0] conn(0x7fd530106f80 0x7fd53019c2f0 unknown :-1 s=HELLO_CONNECTING pgs=0 cs=0 l=1 rev1=1 crypto rx=0 tx=0 comp rx=0 tx=0).handle_hello peer v2:172.21.15.137:3300/0 says I am v2:172.21.15.137:49980/0 (socket says 172.21.15.137:49980)
2024-03-22T10:23:30.440 INFO:teuthology.orchestra.run.smithi137.stdout:/usr/bin/ceph: stderr
2024-03-22T10:23:29.092+0000 7fd52ea00700 1 -- 172.21.15.137:0/861487894 learned_addr learned my addr 172.21.15.137:0/861487894 (peer_addr_for_me v2:172.21.15.137:0/0)
2024-03-22T10:23:30.440 INFO:teuthology.orchestra.run.smithi137.stdout:/usr/bin/ceph: stderr
2024-03-22T10:23:29.092+0000 7fd52ea00700 1 -- 172.21.15.137:0/861487894 --> [v2:172.21.15.137:3300/0,v1:172.21.15.137:6789/0] -- mon_subscribe({config=0+,monmap=0+}) v3 -- 0x7fd520009550 con 0x7fd530106f80
2024-03-22T10:23:30.440 INFO:teuthology.orchestra.run.smithi137.stdout:/usr/bin/ceph: stderr
2024-03-22T10:23:29.092+0000 7fd52ea00700 1 --2- 172.21.15.137:0/861487894 >> [v2:172.21.15.137:3300/0,v1:172.21.15.137:6789/0] conn(0x7fd530106f80 0x7fd53019c2f0 secure :-1 s=READY pgs=48 cs=0 l=1 rev1=1 crypto rx=0x7fd520003de0 tx=0x7fd520011ab0 comp rx=0 tx=0).ready entity=mon.0 client_cookie=0 server_cookie=0 in_seq=0 out_seq=0
2024-03-22T10:23:30.440 INFO:teuthology.orchestra.run.smithi137.stdout:/usr/bin/ceph: stderr
2024-03-22T10:23:29.092+0000 7fd527400700 1 -- 172.21.15.137:0/861487894 <== mon.0 v2:172.21.15.137:3300/0 1 ==== mon_map magic: 0 v1 ==== 229+0+0 (secure 0 0 0) 0x7fd520003930 con 0x7fd530106f80
2024-03-22T10:23:30.440 INFO:teuthology.orchestra.run.smithi137.stdout:/usr/bin/ceph: stderr
2024-03-22T10:23:29.092+0000 7fd527400700 1 -- 172.21.15.137:0/861487894 <== mon.0 v2:172.21.15.137:3300/0 2 ==== config(27 keys) v1 ==== 1037+0+0 (secure 0 0 0) 0x7fd520003a90 con 0x7fd530106f80
2024-03-22T10:23:30.440 INFO:teuthology.orchestra.run.smithi137.stdout:/usr/bin/ceph: stderr
2024-03-22T10:23:29.092+0000 7fd535800700 1 -- 172.21.15.137:0/861487894 --> [v2:172.21.15.137:3300/0,v1:172.21.15.137:6789/0] -- mon_subscribe({mgrmap=0+}) v3 -- 0x7fd53019ca30 con 0x7fd530106f80
2024-03-22T10:23:30.440 INFO:teuthology.orchestra.run.smithi137.stdout:/usr/bin/ceph: stderr
2024-03-22T10:23:29.092+0000 7fd527400700 1 -- 172.21.15.137:0/861487894 <== mon.0 v2:172.21.15.137:3300/0 3 ==== mon_map magic: 0 v1 ==== 229+0+0 (secure 0 0 0) 0x7fd520019730 con 0x7fd530106f80
2024-03-22T10:23:30.440 INFO:teuthology.orchestra.run.smithi137.stdout:/usr/bin/ceph: stderr
2024-03-22T10:23:29.092+0000 7fd535800700 1 -- 172.21.15.137:0/861487894 --> [v2:172.21.15.137:3300/0,v1:172.21.15.137:6789/0] -- mon_subscribe({osdmap=0}) v3 -- 0x7fd53019ced0 con 0x7fd530106f80
2024-03-22T10:23:30.440 INFO:teuthology.orchestra.run.smithi137.stdout:/usr/bin/ceph: stderr
2024-03-22T10:23:29.094+0000 7fd535800700 1 -- 172.21.15.137:0/861487894 --> [v2:172.21.15.137:3300/0,v1:172.21.15.137:6789/0] -- mon_command({"prefix": "get_command_descriptions"} v 0) v1 -- 0x7fd53010a590 con 0x7fd530106f80
2024-03-22T10:23:30.440 INFO:teuthology.orchestra.run.smithi137.stdout:/usr/bin/ceph: stderr
2024-03-22T10:23:29.095+0000 7fd527400700 1 -- 172.21.15.137:0/861487894 <== mon.0 v2:172.21.15.137:3300/0 4 ==== mgrmap(e 8) v1 ==== 45283+0+0 (secure 0 0 0) 0x7fd52001a430 con 0x7fd530106f80
2024-03-22T10:23:30.440 INFO:teuthology.orchestra.run.smithi137.stdout:/usr/bin/ceph: stderr
2024-03-22T10:23:29.095+0000 7fd527400700 1 --2- 172.21.15.137:0/861487894 >> [v2:172.21.15.137:6800/3057773592,v1:172.21.15.137:6801/3057773592] conn(0x7fd514038370 0x7fd51403a830 unknown :-1 s=NONE pgs=0 cs=0 l=1 rev1=0 crypto rx=0 tx=0 comp rx=0 tx=0).connect
2024-03-22T10:23:30.440 INFO:teuthology.orchestra.run.smithi137.stdout:/usr/bin/ceph: stderr
2024-03-22T10:23:29.095+0000 7fd527400700 1 -- 172.21.15.137:0/861487894 <== mon.0 v2:172.21.15.137:3300/0 5 ==== osd_map(2..2 src has 1..2) v4 ==== 940+0+0 (secure 0 0 0) 0x7fd52004c400 con 0x7fd530106f80
2024-03-22T10:23:30.440 INFO:teuthology.orchestra.run.smithi137.stdout:/usr/bin/ceph: stderr
2024-03-22T10:23:29.096+0000 7fd52e000700 1 --2- 172.21.15.137:0/861487894 >> [v2:172.21.15.137:6800/3057773592,v1:172.21.15.137:6801/3057773592] conn(0x7fd514038370 0x7fd51403a830 unknown :-1 s=BANNER_CONNECTING pgs=0 cs=0 l=1 rev1=0 crypto rx=0 tx=0 comp rx=0 tx=0)._handle_peer_banner_payload supported=3 required=0
2024-03-22T10:23:30.440 INFO:teuthology.orchestra.run.smithi137.stdout:/usr/bin/ceph: stderr
2024-03-22T10:23:29.096+0000 7fd52e000700 1 --2- 172.21.15.137:0/861487894 >> [v2:172.21.15.137:6800/3057773592,v1:172.21.15.137:6801/3057773592] conn(0x7fd514038370 0x7fd51403a830 secure :-1 s=READY pgs=12 cs=0 l=1 rev1=1 crypto rx=0x7fd51c006fd0 tx=0x7fd51c006e40 comp rx=0 tx=0).ready entity=mgr.14120 client_cookie=0 server_cookie=0 in_seq=0 out_seq=0
2024-03-22T10:23:30.441 INFO:teuthology.orchestra.run.smithi137.stdout:/usr/bin/ceph: stderr
2024-03-22T10:23:29.101+0000 7fd527400700 1 -- 172.21.15.137:0/861487894 <== mon.0 v2:172.21.15.137:3300/0 6 ==== mon_command_ack([{"prefix": "get_command_descriptions"}]=0 v0) v1 ==== 72+0+180422 (secure 0 0 0) 0x7fd520010560 con 0x7fd530106f80
2024-03-22T10:23:30.441 INFO:teuthology.orchestra.run.smithi137.stdout:/usr/bin/ceph: stderr
2024-03-22T10:23:29.338+0000 7fd535800700 1 -- 172.21.15.137:0/861487894 --> [v2:172.21.15.137:6800/3057773592,v1:172.21.15.137:6801/3057773592] -- mgr_command(tid 0: {"prefix": "orch apply", "service_type": "mon", "target": ["mon-mgr", ""]}) v1 -- 0x7fd53019fd10 con 0x7fd514038370
2024-03-22T10:23:30.441 INFO:teuthology.orchestra.run.smithi137.stdout:/usr/bin/ceph: stderr
2024-03-22T10:23:29.345+0000 7fd527400700 1 -- 172.21.15.137:0/861487894 <== mgr.14120 v2:172.21.15.137:6800/3057773592 1 ==== mgr_command_reply(tid 0: 0 ) v1 ==== 8+0+24 (secure 0 0 0) 0x7fd53019fd10 con 0x7fd514038370
2024-03-22T10:23:30.441 INFO:teuthology.orchestra.run.smithi137.stdout:/usr/bin/ceph: stderr
2024-03-22T10:23:29.348+0000 7fd535800700 1 -- 172.21.15.137:0/861487894 >> [v2:172.21.15.137:6800/3057773592,v1:172.21.15.137:6801/3057773592] conn(0x7fd514038370 msgr2=0x7fd51403a830 secure :-1 s=STATE_CONNECTION_ESTABLISHED l=1).mark_down
2024-03-22T10:23:30.441 INFO:teuthology.orchestra.run.smithi137.stdout:/usr/bin/ceph: stderr
2024-03-22T10:23:29.348+0000 7fd535800700 1 --2- 172.21.15.137:0/861487894 >> [v2:172.21.15.137:6800/3057773592,v1:172.21.15.137:6801/3057773592] conn(0x7fd514038370 0x7fd51403a830 secure :-1 s=READY pgs=12 cs=0 l=1 rev1=1 crypto rx=0x7fd51c006fd0 tx=0x7fd51c006e40 comp rx=0 tx=0).stop
2024-03-22T10:23:30.441 INFO:teuthology.orchestra.run.smithi137.stdout:/usr/bin/ceph: stderr
2024-03-22T10:23:29.348+0000 7fd535800700 1 -- 172.21.15.137:0/861487894 >> [v2:172.21.15.137:3300/0,v1:172.21.15.137:6789/0] conn(0x7fd530106f80 msgr2=0x7fd53019c2f0 secure :-1 s=STATE_CONNECTION_ESTABLISHED l=1).mark_down
2024-03-22T10:23:30.441 INFO:teuthology.orchestra.run.smithi137.stdout:/usr/bin/ceph: stderr
2024-03-22T10:23:29.348+0000 7fd535800700 1 --2- 172.21.15.137:0/861487894 >> [v2:172.21.15.137:3300/0,v1:172.21.15.137:6789/0] conn(0x7fd530106f80 0x7fd53019c2f0 secure :-1 s=READY pgs=48 cs=0 l=1 rev1=1 crypto rx=0x7fd520003de0 tx=0x7fd520011ab0 comp rx=0 tx=0).stop
2024-03-22T10:23:30.441 INFO:teuthology.orchestra.run.smithi137.stdout:/usr/bin/ceph: stderr
2024-03-22T10:23:29.348+0000 7fd535800700 1 -- 172.21.15.137:0/861487894 shutdown_connections
2024-03-22T10:23:30.441 INFO:teuthology.orchestra.run.smithi137.stdout:/usr/bin/ceph: stderr
2024-03-22T10:23:29.348+0000 7fd535800700 1 --2- 172.21.15.137:0/861487894 >> [v2:172.21.15.137:6800/3057773592,v1:172.21.15.137:6801/3057773592] conn(0x7fd514038370 0x7fd51403a830 unknown :-1 s=CLOSED pgs=12 cs=0 l=1 rev1=1 crypto rx=0 tx=0 comp rx=0 tx=0).stop
2024-03-22T10:23:30.441 INFO:teuthology.orchestra.run.smithi137.stdout:/usr/bin/ceph: stderr
2024-03-22T10:23:29.348+0000 7fd535800700 1 --2- 172.21.15.137:0/861487894 >> [v2:172.21.15.137:3300/0,v1:172.21.15.137:6789/0] conn(0x7fd530106f80 0x7fd53019c2f0 unknown :-1 s=CLOSED pgs=48 cs=0 l=1 rev1=1 crypto rx=0 tx=0 comp rx=0 tx=0).stop
2024-03-22T10:23:30.441 INFO:teuthology.orchestra.run.smithi137.stdout:/usr/bin/ceph: stderr
2024-03-22T10:23:29.348+0000 7fd535800700 1 -- 172.21.15.137:0/861487894 >> 172.21.15.137:0/861487894 conn(0x7fd5301008d0 msgr2=0x7fd5301016e0 unknown :-1 s=STATE_NONE l=0).mark_down
2024-03-22T10:23:30.441 INFO:teuthology.orchestra.run.smithi137.stdout:/usr/bin/ceph: stderr
2024-03-22T10:23:29.349+0000 7fd535800700 1 -- 172.21.15.137:0/861487894 shutdown_connections
2024-03-22T10:23:30.441 INFO:teuthology.orchestra.run.smithi137.stdout:/usr/bin/ceph: stderr
2024-03-22T10:23:29.349+0000 7fd535800700 1 -- 172.21.15.137:0/861487894 wait complete.
2024-03-22T10:23:30.441 INFO:teuthology.orchestra.run.smithi137.stdout:Deploying mgr service with default placement...
2024-03-22T10:23:30.675 INFO:journalctl@ceph.mon.smithi137.smithi137.stdout:Mar 22 10:23:30 smithi137 ceph-mon[29362]: from='client.14142 -' entity='client.admin' cmd=[{"prefix": "orch apply", "service_type": "mon", "target": ["mon-mgr", ""]}]: dispatch
2024-03-22T10:23:30.675 INFO:journalctl@ceph.mon.smithi137.smithi137.stdout:Mar 22 10:23:30 smithi137 ceph-mon[29362]: Saving service mon spec with placement count:5
2024-03-22T10:23:30.675 INFO:journalctl@ceph.mon.smithi137.smithi137.stdout:Mar 22 10:23:30 smithi137 ceph-mon[29362]: from='mgr.14120 172.21.15.137:0/3132215317' entity='mgr.smithi137.avuerp'
2024-03-22T10:23:32.130 INFO:teuthology.orchestra.run.smithi137.stdout:/usr/bin/ceph: stdout Scheduled mgr update...
2024-03-22T10:23:32.131 INFO:teuthology.orchestra.run.smithi137.stdout:/usr/bin/ceph: stderr
2024-03-22T10:23:31.188+0000 7f7aee000700 1 Processor -- start
2024-03-22T10:23:32.131 INFO:teuthology.orchestra.run.smithi137.stdout:/usr/bin/ceph: stderr
2024-03-22T10:23:31.188+0000 7f7aee000700 1 -- start start
2024-03-22T10:23:32.131 INFO:teuthology.orchestra.run.smithi137.stdout:/usr/bin/ceph: stderr
2024-03-22T10:23:31.189+0000 7f7aee000700 1 --2- >> [v2:172.21.15.137:3300/0,v1:172.21.15.137:6789/0] conn(0x7f7ae810e030 0x7f7ae810e450 unknown :-1 s=NONE pgs=0 cs=0 l=0 rev1=0 crypto rx=0 tx=0 comp rx=0 tx=0).connect
2024-03-22T10:23:32.131 INFO:teuthology.orchestra.run.smithi137.stdout:/usr/bin/ceph: stderr
2024-03-22T10:23:31.189+0000 7f7aee000700 1 -- --> [v2:172.21.15.137:3300/0,v1:172.21.15.137:6789/0] -- mon_getmap magic: 0 v1 -- 0x7f7ae810ea20 con 0x7f7ae810e030
2024-03-22T10:23:32.131 INFO:teuthology.orchestra.run.smithi137.stdout:/usr/bin/ceph: stderr
2024-03-22T10:23:31.189+0000 7f7ae7400700 1 --2- >> [v2:172.21.15.137:3300/0,v1:172.21.15.137:6789/0] conn(0x7f7ae810e030 0x7f7ae810e450 unknown :-1 s=BANNER_CONNECTING pgs=0 cs=0 l=0 rev1=0 crypto rx=0 tx=0 comp rx=0 tx=0)._handle_peer_banner_payload supported=3 required=0
2024-03-22T10:23:32.131 INFO:teuthology.orchestra.run.smithi137.stdout:/usr/bin/ceph: stderr
2024-03-22T10:23:31.189+0000 7f7ae7400700 1 --2- >> [v2:172.21.15.137:3300/0,v1:172.21.15.137:6789/0] conn(0x7f7ae810e030 0x7f7ae810e450 unknown :-1 s=HELLO_CONNECTING pgs=0 cs=0 l=0 rev1=1 crypto rx=0 tx=0 comp rx=0 tx=0).handle_hello peer v2:172.21.15.137:3300/0 says I am v2:172.21.15.137:49982/0 (socket says 172.21.15.137:49982)
2024-03-22T10:23:32.131 INFO:teuthology.orchestra.run.smithi137.stdout:/usr/bin/ceph: stderr
2024-03-22T10:23:31.189+0000 7f7ae7400700 1 -- 172.21.15.137:0/2899477009 learned_addr learned my addr 172.21.15.137:0/2899477009 (peer_addr_for_me v2:172.21.15.137:0/0)
2024-03-22T10:23:32.131 INFO:teuthology.orchestra.run.smithi137.stdout:/usr/bin/ceph: stderr
2024-03-22T10:23:31.190+0000 7f7ae7400700 1 -- 172.21.15.137:0/2899477009 --> [v2:172.21.15.137:3300/0,v1:172.21.15.137:6789/0] -- mon_subscribe({config=0+,monmap=0+}) v3 -- 0x7f7ae810eb60 con 0x7f7ae810e030
2024-03-22T10:23:32.131 INFO:teuthology.orchestra.run.smithi137.stdout:/usr/bin/ceph: stderr
2024-03-22T10:23:31.190+0000 7f7ae7400700 1 --2- 172.21.15.137:0/2899477009 >> [v2:172.21.15.137:3300/0,v1:172.21.15.137:6789/0] conn(0x7f7ae810e030 0x7f7ae810e450 secure :-1 s=READY pgs=49 cs=0 l=1 rev1=1 crypto rx=0x7f7ad80098a0 tx=0x7f7ad8009bb0 comp rx=0 tx=0).ready entity=mon.0 client_cookie=60cdd0d54d5d49d server_cookie=0 in_seq=0 out_seq=0
2024-03-22T10:23:32.131 INFO:teuthology.orchestra.run.smithi137.stdout:/usr/bin/ceph: stderr
2024-03-22T10:23:31.190+0000 7f7ae6000700 1 -- 172.21.15.137:0/2899477009 <== mon.0 v2:172.21.15.137:3300/0 1 ==== mon_map magic: 0 v1 ==== 229+0+0 (secure 0 0 0) 0x7f7ad8004180 con 0x7f7ae810e030
2024-03-22T10:23:32.131 INFO:teuthology.orchestra.run.smithi137.stdout:/usr/bin/ceph: stderr
2024-03-22T10:23:31.190+0000 7f7ae6000700 1 -- 172.21.15.137:0/2899477009 <== mon.0 v2:172.21.15.137:3300/0 2 ==== config(27 keys) v1 ==== 1037+0+0 (secure 0 0 0) 0x7f7ad80042e0 con 0x7f7ae810e030
2024-03-22T10:23:32.132 INFO:teuthology.orchestra.run.smithi137.stdout:/usr/bin/ceph: stderr
2024-03-22T10:23:31.190+0000 7f7ae6000700 1 -- 172.21.15.137:0/2899477009 <== mon.0 v2:172.21.15.137:3300/0 3 ==== mon_map magic: 0 v1 ==== 229+0+0 (secure 0 0 0) 0x7f7ad8011a50 con 0x7f7ae810e030
2024-03-22T10:23:32.132 INFO:teuthology.orchestra.run.smithi137.stdout:/usr/bin/ceph: stderr
2024-03-22T10:23:31.191+0000 7f7aee000700 1 -- 172.21.15.137:0/2899477009 >> [v2:172.21.15.137:3300/0,v1:172.21.15.137:6789/0] conn(0x7f7ae810e030 msgr2=0x7f7ae810e450 secure :-1 s=STATE_CONNECTION_ESTABLISHED l=1).mark_down
2024-03-22T10:23:32.132 INFO:teuthology.orchestra.run.smithi137.stdout:/usr/bin/ceph: stderr
2024-03-22T10:23:31.191+0000 7f7aee000700 1 --2- 172.21.15.137:0/2899477009 >> [v2:172.21.15.137:3300/0,v1:172.21.15.137:6789/0] conn(0x7f7ae810e030 0x7f7ae810e450 secure :-1 s=READY pgs=49 cs=0 l=1 rev1=1 crypto rx=0x7f7ad80098a0 tx=0x7f7ad8009bb0 comp rx=0 tx=0).stop
2024-03-22T10:23:32.132 INFO:teuthology.orchestra.run.smithi137.stdout:/usr/bin/ceph: stderr
2024-03-22T10:23:31.191+0000 7f7aee000700 1 -- 172.21.15.137:0/2899477009 shutdown_connections
2024-03-22T10:23:32.132 INFO:teuthology.orchestra.run.smithi137.stdout:/usr/bin/ceph: stderr
2024-03-22T10:23:31.191+0000 7f7aee000700 1 --2- 172.21.15.137:0/2899477009 >> [v2:172.21.15.137:3300/0,v1:172.21.15.137:6789/0] conn(0x7f7ae810e030 0x7f7ae810e450 unknown :-1 s=CLOSED pgs=49 cs=0 l=1 rev1=1 crypto rx=0 tx=0 comp rx=0 tx=0).stop
2024-03-22T10:23:32.132 INFO:teuthology.orchestra.run.smithi137.stdout:/usr/bin/ceph: stderr
2024-03-22T10:23:31.191+0000 7f7aee000700 1 -- 172.21.15.137:0/2899477009 >> 172.21.15.137:0/2899477009 conn(0x7f7ae807bb20 msgr2=0x7f7ae807df80 unknown :-1 s=STATE_NONE l=0).mark_down
2024-03-22T10:23:32.132 INFO:teuthology.orchestra.run.smithi137.stdout:/usr/bin/ceph: stderr
2024-03-22T10:23:31.191+0000 7f7aee000700 1 -- 172.21.15.137:0/2899477009 shutdown_connections
2024-03-22T10:23:32.132 INFO:teuthology.orchestra.run.smithi137.stdout:/usr/bin/ceph: stderr
2024-03-22T10:23:31.191+0000 7f7aee000700 1 -- 172.21.15.137:0/2899477009 wait complete.
2024-03-22T10:23:32.132 INFO:teuthology.orchestra.run.smithi137.stdout:/usr/bin/ceph: stderr
2024-03-22T10:23:31.192+0000 7f7aee000700 1 Processor -- start
2024-03-22T10:23:32.132 INFO:teuthology.orchestra.run.smithi137.stdout:/usr/bin/ceph: stderr
2024-03-22T10:23:31.192+0000 7f7aee000700 1 -- start start
2024-03-22T10:23:32.132 INFO:teuthology.orchestra.run.smithi137.stdout:/usr/bin/ceph: stderr
2024-03-22T10:23:31.193+0000 7f7aee000700 1 --2- >> [v2:172.21.15.137:3300/0,v1:172.21.15.137:6789/0] conn(0x7f7ae810e030 0x7f7ae81a0740 unknown :-1 s=NONE pgs=0 cs=0 l=1 rev1=0 crypto rx=0 tx=0 comp rx=0 tx=0).connect
2024-03-22T10:23:32.132 INFO:teuthology.orchestra.run.smithi137.stdout:/usr/bin/ceph: stderr
2024-03-22T10:23:31.193+0000 7f7aee000700 1 -- --> [v2:172.21.15.137:3300/0,v1:172.21.15.137:6789/0] -- mon_getmap magic: 0 v1 -- 0x7f7ae81a0c80 con 0x7f7ae810e030
2024-03-22T10:23:32.132 INFO:teuthology.orchestra.run.smithi137.stdout:/usr/bin/ceph: stderr
2024-03-22T10:23:31.193+0000 7f7ae7400700 1 --2- >> [v2:172.21.15.137:3300/0,v1:172.21.15.137:6789/0] conn(0x7f7ae810e030 0x7f7ae81a0740 unknown :-1 s=BANNER_CONNECTING pgs=0 cs=0 l=1 rev1=0 crypto rx=0 tx=0 comp rx=0 tx=0)._handle_peer_banner_payload supported=3 required=0
2024-03-22T10:23:32.132 INFO:teuthology.orchestra.run.smithi137.stdout:/usr/bin/ceph: stderr
2024-03-22T10:23:31.193+0000 7f7ae7400700 1 --2- >> [v2:172.21.15.137:3300/0,v1:172.21.15.137:6789/0] conn(0x7f7ae810e030 0x7f7ae81a0740 unknown :-1 s=HELLO_CONNECTING pgs=0 cs=0 l=1 rev1=1 crypto rx=0 tx=0 comp rx=0 tx=0).handle_hello peer v2:172.21.15.137:3300/0 says I am v2:172.21.15.137:49992/0 (socket says 172.21.15.137:49992)
2024-03-22T10:23:32.132 INFO:teuthology.orchestra.run.smithi137.stdout:/usr/bin/ceph: stderr
2024-03-22T10:23:31.193+0000 7f7ae7400700 1 -- 172.21.15.137:0/2300654239 learned_addr learned my addr 172.21.15.137:0/2300654239 (peer_addr_for_me v2:172.21.15.137:0/0)
2024-03-22T10:23:32.133 INFO:teuthology.orchestra.run.smithi137.stdout:/usr/bin/ceph: stderr
2024-03-22T10:23:31.193+0000 7f7ae7400700 1 -- 172.21.15.137:0/2300654239 --> [v2:172.21.15.137:3300/0,v1:172.21.15.137:6789/0] -- mon_subscribe({config=0+,monmap=0+}) v3 -- 0x7f7ad8009550 con 0x7f7ae810e030
2024-03-22T10:23:32.133 INFO:teuthology.orchestra.run.smithi137.stdout:/usr/bin/ceph: stderr
2024-03-22T10:23:31.194+0000 7f7ae7400700 1 --2- 172.21.15.137:0/2300654239 >> [v2:172.21.15.137:3300/0,v1:172.21.15.137:6789/0] conn(0x7f7ae810e030 0x7f7ae81a0740 secure :-1 s=READY pgs=50 cs=0 l=1 rev1=1 crypto rx=0x7f7ad8003de0 tx=0x7f7ad8011ab0 comp rx=0 tx=0).ready entity=mon.0 client_cookie=0 server_cookie=0 in_seq=0 out_seq=0
2024-03-22T10:23:32.133 INFO:teuthology.orchestra.run.smithi137.stdout:/usr/bin/ceph: stderr
2024-03-22T10:23:31.194+0000 7f7adfe00700 1 -- 172.21.15.137:0/2300654239 <== mon.0 v2:172.21.15.137:3300/0 1 ==== mon_map magic: 0 v1 ==== 229+0+0 (secure 0 0 0) 0x7f7ad8003930 con 0x7f7ae810e030
2024-03-22T10:23:32.133 INFO:teuthology.orchestra.run.smithi137.stdout:/usr/bin/ceph: stderr
2024-03-22T10:23:31.194+0000 7f7adfe00700 1 -- 172.21.15.137:0/2300654239 <== mon.0 v2:172.21.15.137:3300/0 2 ==== config(27 keys) v1 ==== 1037+0+0 (secure 0 0 0) 0x7f7ad8003a90 con 0x7f7ae810e030
2024-03-22T10:23:32.133 INFO:teuthology.orchestra.run.smithi137.stdout:/usr/bin/ceph: stderr
2024-03-22T10:23:31.194+0000 7f7adfe00700 1 -- 172.21.15.137:0/2300654239 <== mon.0 v2:172.21.15.137:3300/0 3 ==== mon_map magic: 0 v1 ==== 229+0+0 (secure 0 0 0) 0x7f7ad80196c0 con 0x7f7ae810e030
2024-03-22T10:23:32.133 INFO:teuthology.orchestra.run.smithi137.stdout:/usr/bin/ceph: stderr
2024-03-22T10:23:31.194+0000 7f7aee000700 1 -- 172.21.15.137:0/2300654239 --> [v2:172.21.15.137:3300/0,v1:172.21.15.137:6789/0] -- mon_subscribe({mgrmap=0+}) v3 -- 0x7f7ae81a0e80 con 0x7f7ae810e030
2024-03-22T10:23:32.133 INFO:teuthology.orchestra.run.smithi137.stdout:/usr/bin/ceph: stderr
2024-03-22T10:23:31.194+0000 7f7aee000700 1 -- 172.21.15.137:0/2300654239 --> [v2:172.21.15.137:3300/0,v1:172.21.15.137:6789/0] -- mon_subscribe({osdmap=0}) v3 -- 0x7f7ae81a1320 con 0x7f7ae810e030
2024-03-22T10:23:32.133 INFO:teuthology.orchestra.run.smithi137.stdout:/usr/bin/ceph: stderr
2024-03-22T10:23:31.195+0000 7f7adfe00700 1 -- 172.21.15.137:0/2300654239 <== mon.0 v2:172.21.15.137:3300/0 4 ==== mgrmap(e 8) v1 ==== 45283+0+0 (secure 0 0 0) 0x7f7ad801abc0 con 0x7f7ae810e030
2024-03-22T10:23:32.133 INFO:teuthology.orchestra.run.smithi137.stdout:/usr/bin/ceph: stderr
2024-03-22T10:23:31.195+0000 7f7aee000700 1 -- 172.21.15.137:0/2300654239 --> [v2:172.21.15.137:3300/0,v1:172.21.15.137:6789/0] -- mon_command({"prefix": "get_command_descriptions"} v 0) v1 -- 0x7f7ae80623c0 con 0x7f7ae810e030
2024-03-22T10:23:32.133 INFO:teuthology.orchestra.run.smithi137.stdout:/usr/bin/ceph: stderr
2024-03-22T10:23:31.195+0000 7f7adfe00700 1 --2- 172.21.15.137:0/2300654239 >> [v2:172.21.15.137:6800/3057773592,v1:172.21.15.137:6801/3057773592] conn(0x7f7acc038370 0x7f7acc03a830 unknown :-1 s=NONE pgs=0 cs=0 l=1 rev1=0 crypto rx=0 tx=0 comp rx=0 tx=0).connect
2024-03-22T10:23:32.133 INFO:teuthology.orchestra.run.smithi137.stdout:/usr/bin/ceph: stderr
2024-03-22T10:23:31.196+0000 7f7adfe00700 1 -- 172.21.15.137:0/2300654239 <== mon.0 v2:172.21.15.137:3300/0 5 ==== osd_map(2..2 src has 1..2) v4 ==== 940+0+0 (secure 0 0 0) 0x7f7ad804c2a0 con 0x7f7ae810e030
2024-03-22T10:23:32.133 INFO:teuthology.orchestra.run.smithi137.stdout:/usr/bin/ceph: stderr
2024-03-22T10:23:31.196+0000 7f7ae6a00700 1 --2- 172.21.15.137:0/2300654239 >> [v2:172.21.15.137:6800/3057773592,v1:172.21.15.137:6801/3057773592] conn(0x7f7acc038370 0x7f7acc03a830 unknown :-1 s=BANNER_CONNECTING pgs=0 cs=0 l=1 rev1=0 crypto rx=0 tx=0 comp rx=0 tx=0)._handle_peer_banner_payload supported=3 required=0
2024-03-22T10:23:32.133 INFO:teuthology.orchestra.run.smithi137.stdout:/usr/bin/ceph: stderr
2024-03-22T10:23:31.196+0000 7f7ae6a00700 1 --2- 172.21.15.137:0/2300654239 >> [v2:172.21.15.137:6800/3057773592,v1:172.21.15.137:6801/3057773592] conn(0x7f7acc038370 0x7f7acc03a830 secure :-1 s=READY pgs=13 cs=0 l=1 rev1=1 crypto rx=0x7f7ad4006fd0 tx=0x7f7ad4006e40 comp rx=0 tx=0).ready entity=mgr.14120 client_cookie=0 server_cookie=0 in_seq=0 out_seq=0
2024-03-22T10:23:32.133 INFO:teuthology.orchestra.run.smithi137.stdout:/usr/bin/ceph: stderr
2024-03-22T10:23:31.201+0000 7f7adfe00700 1 -- 172.21.15.137:0/2300654239 <== mon.0 v2:172.21.15.137:3300/0 6 ==== mon_command_ack([{"prefix": "get_command_descriptions"}]=0 v0) v1 ==== 72+0+180422 (secure 0 0 0) 0x7f7ad80189a0 con 0x7f7ae810e030
2024-03-22T10:23:32.134 INFO:teuthology.orchestra.run.smithi137.stdout:/usr/bin/ceph: stderr
2024-03-22T10:23:31.289+0000 7f7adfe00700 1 -- 172.21.15.137:0/2300654239 <== mon.0 v2:172.21.15.137:3300/0 7 ==== config(27 keys) v1 ==== 1101+0+0 (secure 0 0 0) 0x7f7ad80189a0 con 0x7f7ae810e030
2024-03-22T10:23:32.134 INFO:teuthology.orchestra.run.smithi137.stdout:/usr/bin/ceph: stderr
2024-03-22T10:23:31.435+0000 7f7aee000700 1 -- 172.21.15.137:0/2300654239 --> [v2:172.21.15.137:6800/3057773592,v1:172.21.15.137:6801/3057773592] -- mgr_command(tid 0: {"prefix": "orch apply", "service_type": "mgr", "target": ["mon-mgr", ""]}) v1 -- 0x7f7ae810eb60 con 0x7f7acc038370
2024-03-22T10:23:32.134 INFO:teuthology.orchestra.run.smithi137.stdout:/usr/bin/ceph: stderr
2024-03-22T10:23:31.446+0000 7f7adfe00700 1 -- 172.21.15.137:0/2300654239 <== mgr.14120 v2:172.21.15.137:6800/3057773592 1 ==== mgr_command_reply(tid 0: 0 ) v1 ==== 8+0+24 (secure 0 0 0) 0x7f7ae810eb60 con 0x7f7acc038370
2024-03-22T10:23:32.134 INFO:teuthology.orchestra.run.smithi137.stdout:/usr/bin/ceph: stderr
2024-03-22T10:23:31.448+0000 7f7aee000700 1 -- 172.21.15.137:0/2300654239 >> [v2:172.21.15.137:6800/3057773592,v1:172.21.15.137:6801/3057773592] conn(0x7f7acc038370 msgr2=0x7f7acc03a830 secure :-1 s=STATE_CONNECTION_ESTABLISHED l=1).mark_down
2024-03-22T10:23:32.134 INFO:teuthology.orchestra.run.smithi137.stdout:/usr/bin/ceph: stderr
2024-03-22T10:23:31.448+0000 7f7aee000700 1 --2- 172.21.15.137:0/2300654239 >> [v2:172.21.15.137:6800/3057773592,v1:172.21.15.137:6801/3057773592] conn(0x7f7acc038370 0x7f7acc03a830 secure :-1 s=READY pgs=13 cs=0 l=1 rev1=1 crypto rx=0x7f7ad4006fd0 tx=0x7f7ad4006e40 comp rx=0 tx=0).stop
2024-03-22T10:23:32.134 INFO:teuthology.orchestra.run.smithi137.stdout:/usr/bin/ceph: stderr
2024-03-22T10:23:31.449+0000 7f7aee000700 1 -- 172.21.15.137:0/2300654239 >> [v2:172.21.15.137:3300/0,v1:172.21.15.137:6789/0] conn(0x7f7ae810e030 msgr2=0x7f7ae81a0740 secure :-1 s=STATE_CONNECTION_ESTABLISHED l=1).mark_down
2024-03-22T10:23:32.134 INFO:teuthology.orchestra.run.smithi137.stdout:/usr/bin/ceph: stderr
2024-03-22T10:23:31.449+0000 7f7aee000700 1 --2- 172.21.15.137:0/2300654239 >> [v2:172.21.15.137:3300/0,v1:172.21.15.137:6789/0] conn(0x7f7ae810e030 0x7f7ae81a0740 secure :-1 s=READY pgs=50 cs=0 l=1 rev1=1 crypto rx=0x7f7ad8003de0 tx=0x7f7ad8011ab0 comp rx=0 tx=0).stop
2024-03-22T10:23:32.134 INFO:teuthology.orchestra.run.smithi137.stdout:/usr/bin/ceph: stderr
2024-03-22T10:23:31.449+0000 7f7aee000700 1 -- 172.21.15.137:0/2300654239 shutdown_connections
2024-03-22T10:23:32.134 INFO:teuthology.orchestra.run.smithi137.stdout:/usr/bin/ceph: stderr
2024-03-22T10:23:31.449+0000 7f7aee000700 1 --2- 172.21.15.137:0/2300654239 >> [v2:172.21.15.137:6800/3057773592,v1:172.21.15.137:6801/3057773592] conn(0x7f7acc038370 0x7f7acc03a830 unknown :-1 s=CLOSED pgs=13 cs=0 l=1 rev1=1 crypto rx=0 tx=0 comp rx=0 tx=0).stop
2024-03-22T10:23:32.134 INFO:teuthology.orchestra.run.smithi137.stdout:/usr/bin/ceph: stderr
2024-03-22T10:23:31.449+0000 7f7aee000700 1 --2- 172.21.15.137:0/2300654239 >> [v2:172.21.15.137:3300/0,v1:172.21.15.137:6789/0] conn(0x7f7ae810e030 0x7f7ae81a0740 unknown :-1 s=CLOSED pgs=50 cs=0 l=1 rev1=1 crypto rx=0 tx=0 comp rx=0 tx=0).stop
2024-03-22T10:23:32.134 INFO:teuthology.orchestra.run.smithi137.stdout:/usr/bin/ceph: stderr
2024-03-22T10:23:31.449+0000 7f7aee000700 1 -- 172.21.15.137:0/2300654239 >> 172.21.15.137:0/2300654239 conn(0x7f7ae807bb20 msgr2=0x7f7ae807e2b0 unknown :-1 s=STATE_NONE l=0).mark_down
2024-03-22T10:23:32.134 INFO:teuthology.orchestra.run.smithi137.stdout:/usr/bin/ceph: stderr
2024-03-22T10:23:31.449+0000 7f7aee000700 1 -- 172.21.15.137:0/2300654239 shutdown_connections
2024-03-22T10:23:32.134 INFO:teuthology.orchestra.run.smithi137.stdout:/usr/bin/ceph: stderr
2024-03-22T10:23:31.449+0000 7f7aee000700 1 -- 172.21.15.137:0/2300654239 wait complete.
2024-03-22T10:23:32.134 INFO:teuthology.orchestra.run.smithi137.stdout:Deploying crash service with default placement...
2024-03-22T10:23:32.414 INFO:journalctl@ceph.mon.smithi137.smithi137.stdout:Mar 22 10:23:32 smithi137 ceph-mon[29362]: from='mgr.14120 172.21.15.137:0/3132215317' entity='mgr.smithi137.avuerp'
2024-03-22T10:23:32.415 INFO:journalctl@ceph.mon.smithi137.smithi137.stdout:Mar 22 10:23:32 smithi137 ceph-mon[29362]: from='client.14144 -' entity='client.admin' cmd=[{"prefix": "orch apply", "service_type": "mgr", "target": ["mon-mgr", ""]}]: dispatch
2024-03-22T10:23:32.415 INFO:journalctl@ceph.mon.smithi137.smithi137.stdout:Mar 22 10:23:32 smithi137 ceph-mon[29362]: Saving service mgr spec with placement count:2
2024-03-22T10:23:32.415 INFO:journalctl@ceph.mon.smithi137.smithi137.stdout:Mar 22 10:23:32 smithi137 ceph-mon[29362]: from='mgr.14120 172.21.15.137:0/3132215317' entity='mgr.smithi137.avuerp'
2024-03-22T10:23:32.415 INFO:journalctl@ceph.mon.smithi137.smithi137.stdout:Mar 22 10:23:32 smithi137 ceph-mon[29362]: from='mgr.14120 172.21.15.137:0/3132215317' entity='mgr.smithi137.avuerp'
2024-03-22T10:23:33.869 INFO:teuthology.orchestra.run.smithi137.stdout:/usr/bin/ceph: stdout Scheduled crash update...
2024-03-22T10:23:33.869 INFO:teuthology.orchestra.run.smithi137.stdout:/usr/bin/ceph: stderr
2024-03-22T10:23:32.708+0000 7f2bbfa00700 1 Processor -- start
2024-03-22T10:23:33.869 INFO:teuthology.orchestra.run.smithi137.stdout:/usr/bin/ceph: stderr
2024-03-22T10:23:32.708+0000 7f2bbfa00700 1 -- start start
2024-03-22T10:23:33.869 INFO:teuthology.orchestra.run.smithi137.stdout:/usr/bin/ceph: stderr
2024-03-22T10:23:32.708+0000 7f2bbfa00700 1 --2- >> [v2:172.21.15.137:3300/0,v1:172.21.15.137:6789/0] conn(0x7f2bb8106ec0 0x7f2bb81092b0 unknown :-1 s=NONE pgs=0 cs=0 l=0 rev1=0 crypto rx=0 tx=0 comp rx=0 tx=0).connect
2024-03-22T10:23:33.869 INFO:teuthology.orchestra.run.smithi137.stdout:/usr/bin/ceph: stderr
2024-03-22T10:23:32.708+0000 7f2bbfa00700 1 -- --> [v2:172.21.15.137:3300/0,v1:172.21.15.137:6789/0] -- mon_getmap magic: 0 v1 -- 0x7f2bb8079ec0 con 0x7f2bb8106ec0
2024-03-22T10:23:33.870 INFO:teuthology.orchestra.run.smithi137.stdout:/usr/bin/ceph: stderr
2024-03-22T10:23:32.709+0000 7f2bbd000700 1 --2- >> [v2:172.21.15.137:3300/0,v1:172.21.15.137:6789/0] conn(0x7f2bb8106ec0 0x7f2bb81092b0 unknown :-1 s=BANNER_CONNECTING pgs=0 cs=0 l=0 rev1=0 crypto rx=0 tx=0 comp rx=0 tx=0)._handle_peer_banner_payload supported=3 required=0
2024-03-22T10:23:33.870 INFO:teuthology.orchestra.run.smithi137.stdout:/usr/bin/ceph: stderr
2024-03-22T10:23:32.709+0000 7f2bbd000700 1 --2- >> [v2:172.21.15.137:3300/0,v1:172.21.15.137:6789/0] conn(0x7f2bb8106ec0 0x7f2bb81092b0 unknown :-1 s=HELLO_CONNECTING pgs=0 cs=0 l=0 rev1=1 crypto rx=0 tx=0 comp rx=0 tx=0).handle_hello peer v2:172.21.15.137:3300/0 says I am v2:172.21.15.137:50000/0 (socket says 172.21.15.137:50000)
2024-03-22T10:23:33.870 INFO:teuthology.orchestra.run.smithi137.stdout:/usr/bin/ceph: stderr
2024-03-22T10:23:32.709+0000 7f2bbd000700 1 -- 172.21.15.137:0/3368392881 learned_addr learned my addr 172.21.15.137:0/3368392881 (peer_addr_for_me v2:172.21.15.137:0/0)
2024-03-22T10:23:33.870 INFO:teuthology.orchestra.run.smithi137.stdout:/usr/bin/ceph: stderr
2024-03-22T10:23:32.709+0000 7f2bbd000700 1 -- 172.21.15.137:0/3368392881 --> [v2:172.21.15.137:3300/0,v1:172.21.15.137:6789/0] -- mon_subscribe({config=0+,monmap=0+}) v3 -- 0x7f2bb81097f0 con 0x7f2bb8106ec0
2024-03-22T10:23:33.870 INFO:teuthology.orchestra.run.smithi137.stdout:/usr/bin/ceph: stderr
2024-03-22T10:23:32.710+0000 7f2bbd000700 1 --2- 172.21.15.137:0/3368392881 >> [v2:172.21.15.137:3300/0,v1:172.21.15.137:6789/0] conn(0x7f2bb8106ec0 0x7f2bb81092b0 secure :-1 s=READY pgs=51 cs=0 l=1 rev1=1 crypto rx=0x7f2bac0098a0 tx=0x7f2bac009bb0 comp rx=0 tx=0).ready entity=mon.0 client_cookie=b45de0092cca23cd server_cookie=0 in_seq=0 out_seq=0
2024-03-22T10:23:33.870 INFO:teuthology.orchestra.run.smithi137.stdout:/usr/bin/ceph: stderr
2024-03-22T10:23:32.710+0000 7f2bb7400700 1 -- 172.21.15.137:0/3368392881 <== mon.0 v2:172.21.15.137:3300/0 1 ==== mon_map magic: 0 v1 ==== 229+0+0 (secure 0 0 0) 0x7f2bac004180 con 0x7f2bb8106ec0
2024-03-22T10:23:33.870 INFO:teuthology.orchestra.run.smithi137.stdout:/usr/bin/ceph: stderr
2024-03-22T10:23:32.710+0000 7f2bb7400700 1 -- 172.21.15.137:0/3368392881 <== mon.0 v2:172.21.15.137:3300/0 2 ==== config(27 keys) v1 ==== 1101+0+0 (secure 0 0 0) 0x7f2bac0042e0 con 0x7f2bb8106ec0
2024-03-22T10:23:33.870 INFO:teuthology.orchestra.run.smithi137.stdout:/usr/bin/ceph: stderr
2024-03-22T10:23:32.710+0000 7f2bb7400700 1 -- 172.21.15.137:0/3368392881 <== mon.0 v2:172.21.15.137:3300/0 3 ==== mon_map magic: 0 v1 ==== 229+0+0 (secure 0 0 0) 0x7f2bac011af0 con 0x7f2bb8106ec0
2024-03-22T10:23:33.870 INFO:teuthology.orchestra.run.smithi137.stdout:/usr/bin/ceph: stderr
2024-03-22T10:23:32.711+0000 7f2bbfa00700 1 -- 172.21.15.137:0/3368392881 >> [v2:172.21.15.137:3300/0,v1:172.21.15.137:6789/0] conn(0x7f2bb8106ec0 msgr2=0x7f2bb81092b0 secure :-1 s=STATE_CONNECTION_ESTABLISHED l=1).mark_down
2024-03-22T10:23:33.870 INFO:teuthology.orchestra.run.smithi137.stdout:/usr/bin/ceph: stderr
2024-03-22T10:23:32.711+0000 7f2bbfa00700 1 --2- 172.21.15.137:0/3368392881 >> [v2:172.21.15.137:3300/0,v1:172.21.15.137:6789/0] conn(0x7f2bb8106ec0 0x7f2bb81092b0 secure :-1 s=READY pgs=51 cs=0 l=1 rev1=1 crypto rx=0x7f2bac0098a0 tx=0x7f2bac009bb0 comp rx=0 tx=0).stop
2024-03-22T10:23:33.870 INFO:teuthology.orchestra.run.smithi137.stdout:/usr/bin/ceph: stderr
2024-03-22T10:23:32.711+0000 7f2bbfa00700 1 -- 172.21.15.137:0/3368392881 shutdown_connections
2024-03-22T10:23:33.870 INFO:teuthology.orchestra.run.smithi137.stdout:/usr/bin/ceph: stderr
2024-03-22T10:23:32.711+0000 7f2bbfa00700 1 --2- 172.21.15.137:0/3368392881 >> [v2:172.21.15.137:3300/0,v1:172.21.15.137:6789/0] conn(0x7f2bb8106ec0 0x7f2bb81092b0 unknown :-1 s=CLOSED pgs=51 cs=0 l=1 rev1=1 crypto rx=0 tx=0 comp rx=0 tx=0).stop
2024-03-22T10:23:33.870 INFO:teuthology.orchestra.run.smithi137.stdout:/usr/bin/ceph: stderr
2024-03-22T10:23:32.711+0000 7f2bbfa00700 1 -- 172.21.15.137:0/3368392881 >> 172.21.15.137:0/3368392881 conn(0x7f2bb81008d0 msgr2=0x7f2bb8102d30 unknown :-1 s=STATE_NONE l=0).mark_down
2024-03-22T10:23:33.871 INFO:teuthology.orchestra.run.smithi137.stdout:/usr/bin/ceph: stderr
2024-03-22T10:23:32.711+0000 7f2bbfa00700 1 -- 172.21.15.137:0/3368392881 shutdown_connections
2024-03-22T10:23:33.871 INFO:teuthology.orchestra.run.smithi137.stdout:/usr/bin/ceph: stderr
2024-03-22T10:23:32.711+0000 7f2bbfa00700 1 -- 172.21.15.137:0/3368392881 wait complete.
2024-03-22T10:23:33.871 INFO:teuthology.orchestra.run.smithi137.stdout:/usr/bin/ceph: stderr
2024-03-22T10:23:32.713+0000 7f2bbfa00700 1 Processor -- start
2024-03-22T10:23:33.871 INFO:teuthology.orchestra.run.smithi137.stdout:/usr/bin/ceph: stderr
2024-03-22T10:23:32.713+0000 7f2bbfa00700 1 -- start start
2024-03-22T10:23:33.871 INFO:teuthology.orchestra.run.smithi137.stdout:/usr/bin/ceph: stderr
2024-03-22T10:23:32.713+0000 7f2bbfa00700 1 --2- >> [v2:172.21.15.137:3300/0,v1:172.21.15.137:6789/0] conn(0x7f2bb8106ec0 0x7f2bb819a110 unknown :-1 s=NONE pgs=0 cs=0 l=1 rev1=0 crypto rx=0 tx=0 comp rx=0 tx=0).connect
2024-03-22T10:23:33.871 INFO:teuthology.orchestra.run.smithi137.stdout:/usr/bin/ceph: stderr
2024-03-22T10:23:32.713+0000 7f2bbfa00700 1 -- --> [v2:172.21.15.137:3300/0,v1:172.21.15.137:6789/0] -- mon_getmap magic: 0 v1 -- 0x7f2bb819a650 con 0x7f2bb8106ec0
2024-03-22T10:23:33.871 INFO:teuthology.orchestra.run.smithi137.stdout:/usr/bin/ceph: stderr
2024-03-22T10:23:32.714+0000 7f2bbd000700 1 --2- >> [v2:172.21.15.137:3300/0,v1:172.21.15.137:6789/0] conn(0x7f2bb8106ec0 0x7f2bb819a110 unknown :-1 s=BANNER_CONNECTING pgs=0 cs=0 l=1 rev1=0 crypto rx=0 tx=0 comp rx=0 tx=0)._handle_peer_banner_payload supported=3 required=0
2024-03-22T10:23:33.871 INFO:teuthology.orchestra.run.smithi137.stdout:/usr/bin/ceph: stderr
2024-03-22T10:23:32.714+0000 7f2bbd000700 1 --2- >> [v2:172.21.15.137:3300/0,v1:172.21.15.137:6789/0] conn(0x7f2bb8106ec0 0x7f2bb819a110 unknown :-1 s=HELLO_CONNECTING pgs=0 cs=0 l=1 rev1=1 crypto rx=0 tx=0 comp rx=0 tx=0).handle_hello peer v2:172.21.15.137:3300/0 says I am v2:172.21.15.137:50010/0 (socket says 172.21.15.137:50010)
2024-03-22T10:23:33.871 INFO:teuthology.orchestra.run.smithi137.stdout:/usr/bin/ceph: stderr
2024-03-22T10:23:32.714+0000 7f2bbd000700 1 -- 172.21.15.137:0/3851257196 learned_addr learned my addr 172.21.15.137:0/3851257196 (peer_addr_for_me v2:172.21.15.137:0/0)
2024-03-22T10:23:33.871 INFO:teuthology.orchestra.run.smithi137.stdout:/usr/bin/ceph: stderr
2024-03-22T10:23:32.714+0000 7f2bbd000700 1 -- 172.21.15.137:0/3851257196 --> [v2:172.21.15.137:3300/0,v1:172.21.15.137:6789/0] -- mon_subscribe({config=0+,monmap=0+}) v3 -- 0x7f2bac009550 con 0x7f2bb8106ec0
2024-03-22T10:23:33.871 INFO:teuthology.orchestra.run.smithi137.stdout:/usr/bin/ceph: stderr
2024-03-22T10:23:32.714+0000 7f2bbd000700 1 --2- 172.21.15.137:0/3851257196 >> [v2:172.21.15.137:3300/0,v1:172.21.15.137:6789/0] conn(0x7f2bb8106ec0 0x7f2bb819a110 secure :-1 s=READY pgs=52 cs=0 l=1 rev1=1 crypto rx=0x7f2bac011670 tx=0x7f2bac011aa0 comp rx=0 tx=0).ready entity=mon.0 client_cookie=0 server_cookie=0 in_seq=0 out_seq=0
2024-03-22T10:23:33.871 INFO:teuthology.orchestra.run.smithi137.stdout:/usr/bin/ceph: stderr
2024-03-22T10:23:32.715+0000 7f2bb5600700 1 -- 172.21.15.137:0/3851257196 <== mon.0 v2:172.21.15.137:3300/0 1 ==== mon_map magic: 0 v1 ==== 229+0+0 (secure 0 0 0) 0x7f2bac003a40 con 0x7f2bb8106ec0
2024-03-22T10:23:33.871 INFO:teuthology.orchestra.run.smithi137.stdout:/usr/bin/ceph: stderr
2024-03-22T10:23:32.715+0000 7f2bb5600700 1 -- 172.21.15.137:0/3851257196 <== mon.0 v2:172.21.15.137:3300/0 2 ==== config(27 keys) v1 ==== 1101+0+0 (secure 0 0 0) 0x7f2bac003ba0 con 0x7f2bb8106ec0
2024-03-22T10:23:33.871 INFO:teuthology.orchestra.run.smithi137.stdout:/usr/bin/ceph: stderr
2024-03-22T10:23:32.715+0000 7f2bbfa00700 1 -- 172.21.15.137:0/3851257196 --> [v2:172.21.15.137:3300/0,v1:172.21.15.137:6789/0] -- mon_subscribe({mgrmap=0+}) v3 -- 0x7f2bb819a850 con 0x7f2bb8106ec0
2024-03-22T10:23:33.871 INFO:teuthology.orchestra.run.smithi137.stdout:/usr/bin/ceph: stderr
2024-03-22T10:23:32.715+0000 7f2bb5600700 1 -- 172.21.15.137:0/3851257196 <== mon.0 v2:172.21.15.137:3300/0 3 ==== mon_map magic: 0 v1 ==== 229+0+0 (secure 0 0 0) 0x7f2bac024820 con 0x7f2bb8106ec0
2024-03-22T10:23:33.872 INFO:teuthology.orchestra.run.smithi137.stdout:/usr/bin/ceph: stderr
2024-03-22T10:23:32.715+0000 7f2bbfa00700 1 -- 172.21.15.137:0/3851257196 --> [v2:172.21.15.137:3300/0,v1:172.21.15.137:6789/0] -- mon_subscribe({osdmap=0}) v3 -- 0x7f2bb819acf0 con 0x7f2bb8106ec0
2024-03-22T10:23:33.872 INFO:teuthology.orchestra.run.smithi137.stdout:/usr/bin/ceph: stderr
2024-03-22T10:23:32.716+0000 7f2bb5600700 1 -- 172.21.15.137:0/3851257196 <== mon.0 v2:172.21.15.137:3300/0 4 ==== mgrmap(e 8) v1 ==== 45283+0+0 (secure 0 0 0) 0x7f2bac024a90 con 0x7f2bb8106ec0
2024-03-22T10:23:33.872 INFO:teuthology.orchestra.run.smithi137.stdout:/usr/bin/ceph: stderr
2024-03-22T10:23:32.717+0000 7f2bb5600700 1 --2- 172.21.15.137:0/3851257196 >> [v2:172.21.15.137:6800/3057773592,v1:172.21.15.137:6801/3057773592] conn(0x7f2ba0038330 0x7f2ba003a7f0 unknown :-1 s=NONE pgs=0 cs=0 l=1 rev1=0 crypto rx=0 tx=0 comp rx=0 tx=0).connect
2024-03-22T10:23:33.872 INFO:teuthology.orchestra.run.smithi137.stdout:/usr/bin/ceph: stderr
2024-03-22T10:23:32.717+0000 7f2baaa00700 1 -- 172.21.15.137:0/3851257196 --> [v2:172.21.15.137:3300/0,v1:172.21.15.137:6789/0] -- mon_command({"prefix": "get_command_descriptions"} v 0) v1 -- 0x7f2bb810a5e0 con 0x7f2bb8106ec0
2024-03-22T10:23:33.872 INFO:teuthology.orchestra.run.smithi137.stdout:/usr/bin/ceph: stderr
2024-03-22T10:23:32.717+0000 7f2bb5600700 1 -- 172.21.15.137:0/3851257196 <== mon.0 v2:172.21.15.137:3300/0 5 ==== osd_map(2..2 src has 1..2) v4 ==== 940+0+0 (secure 0 0 0) 0x7f2bac04c3e0 con 0x7f2bb8106ec0
2024-03-22T10:23:33.872 INFO:teuthology.orchestra.run.smithi137.stdout:/usr/bin/ceph: stderr
2024-03-22T10:23:32.717+0000 7f2bb7e00700 1 --2- 172.21.15.137:0/3851257196 >> [v2:172.21.15.137:6800/3057773592,v1:172.21.15.137:6801/3057773592] conn(0x7f2ba0038330 0x7f2ba003a7f0 unknown :-1 s=BANNER_CONNECTING pgs=0 cs=0 l=1 rev1=0 crypto rx=0 tx=0 comp rx=0 tx=0)._handle_peer_banner_payload supported=3 required=0
2024-03-22T10:23:33.872 INFO:teuthology.orchestra.run.smithi137.stdout:/usr/bin/ceph: stderr
2024-03-22T10:23:32.718+0000 7f2bb7e00700 1 --2- 172.21.15.137:0/3851257196 >> [v2:172.21.15.137:6800/3057773592,v1:172.21.15.137:6801/3057773592] conn(0x7f2ba0038330 0x7f2ba003a7f0 secure :-1 s=READY pgs=14 cs=0 l=1 rev1=1 crypto rx=0x7f2ba4006fd0 tx=0x7f2ba4006e40 comp rx=0 tx=0).ready entity=mgr.14120 client_cookie=0 server_cookie=0 in_seq=0 out_seq=0
2024-03-22T10:23:33.872 INFO:teuthology.orchestra.run.smithi137.stdout:/usr/bin/ceph: stderr
2024-03-22T10:23:32.723+0000 7f2bb5600700 1 -- 172.21.15.137:0/3851257196 <== mon.0 v2:172.21.15.137:3300/0 6 ==== mon_command_ack([{"prefix": "get_command_descriptions"}]=0 v0) v1 ==== 72+0+180422 (secure 0 0 0) 0x7f2bac024d40 con 0x7f2bb8106ec0
2024-03-22T10:23:33.872 INFO:teuthology.orchestra.run.smithi137.stdout:/usr/bin/ceph: stderr
2024-03-22T10:23:32.961+0000 7f2baaa00700 1 -- 172.21.15.137:0/3851257196 --> [v2:172.21.15.137:6800/3057773592,v1:172.21.15.137:6801/3057773592] -- mgr_command(tid 0: {"prefix": "orch apply", "service_type": "crash", "target": ["mon-mgr", ""]}) v1 -- 0x7f2bb810a770 con 0x7f2ba0038330
2024-03-22T10:23:33.872 INFO:teuthology.orchestra.run.smithi137.stdout:/usr/bin/ceph: stderr
2024-03-22T10:23:32.966+0000 7f2bb5600700 1 -- 172.21.15.137:0/3851257196 <== mgr.14120 v2:172.21.15.137:6800/3057773592 1 ==== mgr_command_reply(tid 0: 0 ) v1 ==== 8+0+26 (secure 0 0 0) 0x7f2bb810a770 con 0x7f2ba0038330
2024-03-22T10:23:33.872 INFO:teuthology.orchestra.run.smithi137.stdout:/usr/bin/ceph: stderr
2024-03-22T10:23:32.968+0000 7f2baaa00700 1 -- 172.21.15.137:0/3851257196 >> [v2:172.21.15.137:6800/3057773592,v1:172.21.15.137:6801/3057773592] conn(0x7f2ba0038330 msgr2=0x7f2ba003a7f0 secure :-1 s=STATE_CONNECTION_ESTABLISHED l=1).mark_down
2024-03-22T10:23:33.872 INFO:teuthology.orchestra.run.smithi137.stdout:/usr/bin/ceph: stderr
2024-03-22T10:23:32.968+0000 7f2baaa00700 1 --2- 172.21.15.137:0/3851257196 >> [v2:172.21.15.137:6800/3057773592,v1:172.21.15.137:6801/3057773592] conn(0x7f2ba0038330 0x7f2ba003a7f0 secure :-1 s=READY pgs=14 cs=0 l=1 rev1=1 crypto rx=0x7f2ba4006fd0 tx=0x7f2ba4006e40 comp rx=0 tx=0).stop
2024-03-22T10:23:33.872 INFO:teuthology.orchestra.run.smithi137.stdout:/usr/bin/ceph: stderr
2024-03-22T10:23:32.968+0000 7f2baaa00700 1 -- 172.21.15.137:0/3851257196 >> [v2:172.21.15.137:3300/0,v1:172.21.15.137:6789/0] conn(0x7f2bb8106ec0 msgr2=0x7f2bb819a110 secure :-1 s=STATE_CONNECTION_ESTABLISHED l=1).mark_down
2024-03-22T10:23:33.873 INFO:teuthology.orchestra.run.smithi137.stdout:/usr/bin/ceph: stderr
2024-03-22T10:23:32.968+0000 7f2baaa00700 1 --2- 172.21.15.137:0/3851257196 >> [v2:172.21.15.137:3300/0,v1:172.21.15.137:6789/0] conn(0x7f2bb8106ec0 0x7f2bb819a110 secure :-1 s=READY pgs=52 cs=0 l=1 rev1=1 crypto rx=0x7f2bac011670 tx=0x7f2bac011aa0 comp rx=0 tx=0).stop
2024-03-22T10:23:33.873 INFO:teuthology.orchestra.run.smithi137.stdout:/usr/bin/ceph: stderr
2024-03-22T10:23:32.969+0000 7f2baaa00700 1 -- 172.21.15.137:0/3851257196 shutdown_connections
2024-03-22T10:23:33.873 INFO:teuthology.orchestra.run.smithi137.stdout:/usr/bin/ceph: stderr
2024-03-22T10:23:32.969+0000 7f2baaa00700 1 --2- 172.21.15.137:0/3851257196 >> [v2:172.21.15.137:6800/3057773592,v1:172.21.15.137:6801/3057773592] conn(0x7f2ba0038330 0x7f2ba003a7f0 unknown :-1 s=CLOSED pgs=14 cs=0 l=1 rev1=1 crypto rx=0 tx=0 comp rx=0 tx=0).stop
2024-03-22T10:23:33.873 INFO:teuthology.orchestra.run.smithi137.stdout:/usr/bin/ceph: stderr
2024-03-22T10:23:32.969+0000 7f2baaa00700 1 --2- 172.21.15.137:0/3851257196 >> [v2:172.21.15.137:3300/0,v1:172.21.15.137:6789/0] conn(0x7f2bb8106ec0 0x7f2bb819a110 unknown :-1 s=CLOSED pgs=52 cs=0 l=1 rev1=1 crypto rx=0 tx=0 comp rx=0 tx=0).stop
2024-03-22T10:23:33.873 INFO:teuthology.orchestra.run.smithi137.stdout:/usr/bin/ceph: stderr
2024-03-22T10:23:32.969+0000 7f2baaa00700 1 -- 172.21.15.137:0/3851257196 >> 172.21.15.137:0/3851257196 conn(0x7f2bb81008d0 msgr2=0x7f2bb81016a0 unknown :-1 s=STATE_NONE l=0).mark_down
2024-03-22T10:23:33.873 INFO:teuthology.orchestra.run.smithi137.stdout:/usr/bin/ceph: stderr
2024-03-22T10:23:32.969+0000 7f2baaa00700 1 -- 172.21.15.137:0/3851257196 shutdown_connections
2024-03-22T10:23:33.873 INFO:teuthology.orchestra.run.smithi137.stdout:/usr/bin/ceph: stderr
2024-03-22T10:23:32.969+0000 7f2baaa00700 1 -- 172.21.15.137:0/3851257196 wait complete.
2024-03-22T10:23:33.873 INFO:teuthology.orchestra.run.smithi137.stdout:Deploying ceph-exporter service with default placement...
2024-03-22T10:23:34.175 INFO:journalctl@ceph.mon.smithi137.smithi137.stdout:Mar 22 10:23:33 smithi137 ceph-mon[29362]: from='client.14146 -' entity='client.admin' cmd=[{"prefix": "orch apply", "service_type": "crash", "target": ["mon-mgr", ""]}]: dispatch
2024-03-22T10:23:34.175 INFO:journalctl@ceph.mon.smithi137.smithi137.stdout:Mar 22 10:23:33 smithi137 ceph-mon[29362]: Saving service crash spec with placement *
2024-03-22T10:23:34.175 INFO:journalctl@ceph.mon.smithi137.smithi137.stdout:Mar 22 10:23:33 smithi137 ceph-mon[29362]: from='mgr.14120 172.21.15.137:0/3132215317' entity='mgr.smithi137.avuerp'
2024-03-22T10:23:35.744 INFO:teuthology.orchestra.run.smithi137.stdout:/usr/bin/ceph: stdout Scheduled ceph-exporter update...
2024-03-22T10:23:35.744 INFO:teuthology.orchestra.run.smithi137.stdout:/usr/bin/ceph: stderr
2024-03-22T10:23:34.775+0000 7f6d1ba00700 1 Processor -- start
2024-03-22T10:23:35.744 INFO:teuthology.orchestra.run.smithi137.stdout:/usr/bin/ceph: stderr
2024-03-22T10:23:34.776+0000 7f6d1ba00700 1 -- start start
2024-03-22T10:23:35.744 INFO:teuthology.orchestra.run.smithi137.stdout:/usr/bin/ceph: stderr
2024-03-22T10:23:34.776+0000 7f6d1ba00700 1 --2- >> [v2:172.21.15.137:3300/0,v1:172.21.15.137:6789/0] conn(0x7f6d14106430 0x7f6d14106850 unknown :-1 s=NONE pgs=0 cs=0 l=0 rev1=0 crypto rx=0 tx=0 comp rx=0 tx=0).connect
2024-03-22T10:23:35.744 INFO:teuthology.orchestra.run.smithi137.stdout:/usr/bin/ceph: stderr
2024-03-22T10:23:34.776+0000 7f6d1ba00700 1 -- --> [v2:172.21.15.137:3300/0,v1:172.21.15.137:6789/0] -- mon_getmap magic: 0 v1 -- 0x7f6d14106e20 con 0x7f6d14106430
2024-03-22T10:23:35.744 INFO:teuthology.orchestra.run.smithi137.stdout:/usr/bin/ceph: stderr
2024-03-22T10:23:34.776+0000 7f6d19000700 1 --2- >> [v2:172.21.15.137:3300/0,v1:172.21.15.137:6789/0] conn(0x7f6d14106430 0x7f6d14106850 unknown :-1 s=BANNER_CONNECTING pgs=0 cs=0 l=0 rev1=0 crypto rx=0 tx=0 comp rx=0 tx=0)._handle_peer_banner_payload supported=3 required=0
2024-03-22T10:23:35.745 INFO:teuthology.orchestra.run.smithi137.stdout:/usr/bin/ceph: stderr
2024-03-22T10:23:34.776+0000 7f6d19000700 1 --2- >> [v2:172.21.15.137:3300/0,v1:172.21.15.137:6789/0] conn(0x7f6d14106430 0x7f6d14106850 unknown :-1 s=HELLO_CONNECTING pgs=0 cs=0 l=0 rev1=1 crypto rx=0 tx=0 comp rx=0 tx=0).handle_hello peer v2:172.21.15.137:3300/0 says I am v2:172.21.15.137:50018/0 (socket says 172.21.15.137:50018)
2024-03-22T10:23:35.745 INFO:teuthology.orchestra.run.smithi137.stdout:/usr/bin/ceph: stderr
2024-03-22T10:23:34.776+0000 7f6d19000700 1 -- 172.21.15.137:0/3111478732 learned_addr learned my addr 172.21.15.137:0/3111478732 (peer_addr_for_me v2:172.21.15.137:0/0)
2024-03-22T10:23:35.745 INFO:teuthology.orchestra.run.smithi137.stdout:/usr/bin/ceph: stderr
2024-03-22T10:23:34.777+0000 7f6d19000700 1 -- 172.21.15.137:0/3111478732 --> [v2:172.21.15.137:3300/0,v1:172.21.15.137:6789/0] -- mon_subscribe({config=0+,monmap=0+}) v3 -- 0x7f6d14107630 con 0x7f6d14106430
2024-03-22T10:23:35.745 INFO:teuthology.orchestra.run.smithi137.stdout:/usr/bin/ceph: stderr
2024-03-22T10:23:34.777+0000 7f6d19000700 1 --2- 172.21.15.137:0/3111478732 >> [v2:172.21.15.137:3300/0,v1:172.21.15.137:6789/0] conn(0x7f6d14106430 0x7f6d14106850 secure :-1 s=READY pgs=53 cs=0 l=1 rev1=1 crypto rx=0x7f6d080098a0 tx=0x7f6d08009bb0 comp rx=0 tx=0).ready entity=mon.0 client_cookie=16209b0914c2c3f3 server_cookie=0 in_seq=0 out_seq=0
2024-03-22T10:23:35.745 INFO:teuthology.orchestra.run.smithi137.stdout:/usr/bin/ceph: stderr
2024-03-22T10:23:34.777+0000 7f6d13400700 1 -- 172.21.15.137:0/3111478732 <== mon.0 v2:172.21.15.137:3300/0 1 ==== mon_map magic: 0 v1 ==== 229+0+0 (secure 0 0 0) 0x7f6d08004180 con 0x7f6d14106430
2024-03-22T10:23:35.745 INFO:teuthology.orchestra.run.smithi137.stdout:/usr/bin/ceph: stderr
2024-03-22T10:23:34.777+0000 7f6d13400700 1 -- 172.21.15.137:0/3111478732 <== mon.0 v2:172.21.15.137:3300/0 2 ==== config(27 keys) v1 ==== 1101+0+0 (secure 0 0 0) 0x7f6d080042e0 con 0x7f6d14106430
2024-03-22T10:23:35.745 INFO:teuthology.orchestra.run.smithi137.stdout:/usr/bin/ceph: stderr
2024-03-22T10:23:34.777+0000 7f6d13400700 1 -- 172.21.15.137:0/3111478732 <== mon.0 v2:172.21.15.137:3300/0 3 ==== mon_map magic: 0 v1 ==== 229+0+0 (secure 0 0 0) 0x7f6d08011af0 con 0x7f6d14106430
2024-03-22T10:23:35.745 INFO:teuthology.orchestra.run.smithi137.stdout:/usr/bin/ceph: stderr
2024-03-22T10:23:34.778+0000 7f6d1ba00700 1 -- 172.21.15.137:0/3111478732 >> [v2:172.21.15.137:3300/0,v1:172.21.15.137:6789/0] conn(0x7f6d14106430 msgr2=0x7f6d14106850 secure :-1 s=STATE_CONNECTION_ESTABLISHED l=1).mark_down
2024-03-22T10:23:35.746 INFO:teuthology.orchestra.run.smithi137.stdout:/usr/bin/ceph: stderr
2024-03-22T10:23:34.778+0000 7f6d1ba00700 1 --2- 172.21.15.137:0/3111478732 >> [v2:172.21.15.137:3300/0,v1:172.21.15.137:6789/0] conn(0x7f6d14106430 0x7f6d14106850 secure :-1 s=READY pgs=53 cs=0 l=1 rev1=1 crypto rx=0x7f6d080098a0 tx=0x7f6d08009bb0 comp rx=0 tx=0).stop
2024-03-22T10:23:35.746 INFO:teuthology.orchestra.run.smithi137.stdout:/usr/bin/ceph: stderr
2024-03-22T10:23:34.778+0000 7f6d1ba00700 1 -- 172.21.15.137:0/3111478732 shutdown_connections
2024-03-22T10:23:35.746 INFO:teuthology.orchestra.run.smithi137.stdout:/usr/bin/ceph: stderr
2024-03-22T10:23:34.778+0000 7f6d1ba00700 1 --2- 172.21.15.137:0/3111478732 >> [v2:172.21.15.137:3300/0,v1:172.21.15.137:6789/0] conn(0x7f6d14106430 0x7f6d14106850 unknown :-1 s=CLOSED pgs=53 cs=0 l=1 rev1=1 crypto rx=0 tx=0 comp rx=0 tx=0).stop
2024-03-22T10:23:35.746 INFO:teuthology.orchestra.run.smithi137.stdout:/usr/bin/ceph: stderr
2024-03-22T10:23:34.778+0000 7f6d1ba00700 1 -- 172.21.15.137:0/3111478732 >> 172.21.15.137:0/3111478732 conn(0x7f6d141019b0 msgr2=0x7f6d14103e10 unknown :-1 s=STATE_NONE l=0).mark_down
2024-03-22T10:23:35.746 INFO:teuthology.orchestra.run.smithi137.stdout:/usr/bin/ceph: stderr
2024-03-22T10:23:34.779+0000 7f6d1ba00700 1 -- 172.21.15.137:0/3111478732 shutdown_connections
2024-03-22T10:23:35.746 INFO:teuthology.orchestra.run.smithi137.stdout:/usr/bin/ceph: stderr
2024-03-22T10:23:34.779+0000 7f6d1ba00700 1 -- 172.21.15.137:0/3111478732 wait complete.
2024-03-22T10:23:35.746 INFO:teuthology.orchestra.run.smithi137.stdout:/usr/bin/ceph: stderr
2024-03-22T10:23:34.780+0000 7f6d1ba00700 1 Processor -- start
2024-03-22T10:23:35.746 INFO:teuthology.orchestra.run.smithi137.stdout:/usr/bin/ceph: stderr
2024-03-22T10:23:34.780+0000 7f6d1ba00700 1 -- start start
2024-03-22T10:23:35.746 INFO:teuthology.orchestra.run.smithi137.stdout:/usr/bin/ceph: stderr
2024-03-22T10:23:34.780+0000 7f6d1ba00700 1 --2- >> [v2:172.21.15.137:3300/0,v1:172.21.15.137:6789/0] conn(0x7f6d14106430 0x7f6d1407ab50 unknown :-1 s=NONE pgs=0 cs=0 l=1 rev1=0 crypto rx=0 tx=0 comp rx=0 tx=0).connect
2024-03-22T10:23:35.747 INFO:teuthology.orchestra.run.smithi137.stdout:/usr/bin/ceph: stderr
2024-03-22T10:23:34.780+0000 7f6d1ba00700 1 -- --> [v2:172.21.15.137:3300/0,v1:172.21.15.137:6789/0] -- mon_getmap magic: 0 v1 -- 0x7f6d1407b090 con 0x7f6d14106430
