2024-03-23T22:45:04.785+0000 7fa7f1e00700 1 --2- 172.21.15.119:0/1288474729 >> [v2:172.21.15.119:3300/0,v1:172.21.15.119:6789/0] conn(0x7fa7ec107af0 0x7fa7ec107f10 unknown :-1 s=CLOSED pgs=70 cs=0 l=1 rev1=1 crypto rx=0 tx=0 comp rx=0 tx=0).stop
2024-03-23T22:45:05.869 INFO:teuthology.orchestra.run.smithi119.stdout:/usr/bin/ceph: stderr
2024-03-23T22:45:04.785+0000 7fa7f1e00700 1 -- 172.21.15.119:0/1288474729 >> 172.21.15.119:0/1288474729 conn(0x7fa7ec1030d0 msgr2=0x7fa7ec1054f0 unknown :-1 s=STATE_NONE l=0).mark_down
2024-03-23T22:45:05.869 INFO:teuthology.orchestra.run.smithi119.stdout:/usr/bin/ceph: stderr
2024-03-23T22:45:04.785+0000 7fa7f1e00700 1 -- 172.21.15.119:0/1288474729 shutdown_connections
2024-03-23T22:45:05.869 INFO:teuthology.orchestra.run.smithi119.stdout:/usr/bin/ceph: stderr
2024-03-23T22:45:04.785+0000 7fa7f1e00700 1 -- 172.21.15.119:0/1288474729 wait complete.
2024-03-23T22:45:05.869 INFO:teuthology.orchestra.run.smithi119.stdout:/usr/bin/ceph: stderr
2024-03-23T22:45:04.786+0000 7fa7f1e00700 1 Processor -- start
2024-03-23T22:45:05.870 INFO:teuthology.orchestra.run.smithi119.stdout:/usr/bin/ceph: stderr
2024-03-23T22:45:04.786+0000 7fa7f1e00700 1 -- start start
2024-03-23T22:45:05.870 INFO:teuthology.orchestra.run.smithi119.stdout:/usr/bin/ceph: stderr
2024-03-23T22:45:04.787+0000 7fa7f1e00700 1 --2- >> [v2:172.21.15.119:3300/0,v1:172.21.15.119:6789/0] conn(0x7fa7ec107af0 0x7fa7ec07db60 unknown :-1 s=NONE pgs=0 cs=0 l=1 rev1=0 crypto rx=0 tx=0 comp rx=0 tx=0).connect
2024-03-23T22:45:05.870 INFO:teuthology.orchestra.run.smithi119.stdout:/usr/bin/ceph: stderr
2024-03-23T22:45:04.787+0000 7fa7f1e00700 1 -- --> [v2:172.21.15.119:3300/0,v1:172.21.15.119:6789/0] -- mon_getmap magic: 0 v1 -- 0x7fa7ec10c0a0 con 0x7fa7ec107af0
2024-03-23T22:45:05.870 INFO:teuthology.orchestra.run.smithi119.stdout:/usr/bin/ceph: stderr
2024-03-23T22:45:04.787+0000 7fa7eaa00700 1 --2- >> [v2:172.21.15.119:3300/0,v1:172.21.15.119:6789/0] conn(0x7fa7ec107af0 0x7fa7ec07db60 unknown :-1 s=BANNER_CONNECTING pgs=0 cs=0 l=1 rev1=0 crypto rx=0 tx=0 comp rx=0 tx=0)._handle_peer_banner_payload supported=3 required=0
2024-03-23T22:45:05.870 INFO:teuthology.orchestra.run.smithi119.stdout:/usr/bin/ceph: stderr
2024-03-23T22:45:04.787+0000 7fa7eaa00700 1 --2- >> [v2:172.21.15.119:3300/0,v1:172.21.15.119:6789/0] conn(0x7fa7ec107af0 0x7fa7ec07db60 unknown :-1 s=HELLO_CONNECTING pgs=0 cs=0 l=1 rev1=1 crypto rx=0 tx=0 comp rx=0 tx=0).handle_hello peer v2:172.21.15.119:3300/0 says I am v2:172.21.15.119:41356/0 (socket says 172.21.15.119:41356)
2024-03-23T22:45:05.870 INFO:teuthology.orchestra.run.smithi119.stdout:/usr/bin/ceph: stderr
2024-03-23T22:45:04.787+0000 7fa7eaa00700 1 -- 172.21.15.119:0/885028028 learned_addr learned my addr 172.21.15.119:0/885028028 (peer_addr_for_me v2:172.21.15.119:0/0)
2024-03-23T22:45:05.870 INFO:teuthology.orchestra.run.smithi119.stdout:/usr/bin/ceph: stderr
2024-03-23T22:45:04.787+0000 7fa7eaa00700 1 -- 172.21.15.119:0/885028028 --> [v2:172.21.15.119:3300/0,v1:172.21.15.119:6789/0] -- mon_subscribe({config=0+,monmap=0+}) v3 -- 0x7fa7ec07e0a0 con 0x7fa7ec107af0
2024-03-23T22:45:05.870 INFO:teuthology.orchestra.run.smithi119.stdout:/usr/bin/ceph: stderr
2024-03-23T22:45:04.788+0000 7fa7eaa00700 1 --2- 172.21.15.119:0/885028028 >> [v2:172.21.15.119:3300/0,v1:172.21.15.119:6789/0] conn(0x7fa7ec107af0 0x7fa7ec07db60 secure :-1 s=READY pgs=71 cs=0 l=1 rev1=1 crypto rx=0x7fa7dc011710 tx=0x7fa7dc011ad0 comp rx=0 tx=0).ready entity=mon.0 client_cookie=0 server_cookie=0 in_seq=0 out_seq=0
2024-03-23T22:45:05.870 INFO:teuthology.orchestra.run.smithi119.stdout:/usr/bin/ceph: stderr
2024-03-23T22:45:04.788+0000 7fa7f0a00700 1 -- 172.21.15.119:0/885028028 <== mon.0 v2:172.21.15.119:3300/0 1 ==== mon_map magic: 0 v1 ==== 205+0+0 (secure 0 0 0) 0x7fa7dc0039c0 con 0x7fa7ec107af0
2024-03-23T22:45:05.870 INFO:teuthology.orchestra.run.smithi119.stdout:/usr/bin/ceph: stderr
2024-03-23T22:45:04.788+0000 7fa7f0a00700 1 -- 172.21.15.119:0/885028028 <== mon.0 v2:172.21.15.119:3300/0 2 ==== config(26 keys) v1 ==== 1102+0+0 (secure 0 0 0) 0x7fa7dc003b60 con 0x7fa7ec107af0
2024-03-23T22:45:05.870 INFO:teuthology.orchestra.run.smithi119.stdout:/usr/bin/ceph: stderr
2024-03-23T22:45:04.788+0000 7fa7f1e00700 1 -- 172.21.15.119:0/885028028 --> [v2:172.21.15.119:3300/0,v1:172.21.15.119:6789/0] -- mon_subscribe({mgrmap=0+}) v3 -- 0x7fa7ec07c290 con 0x7fa7ec107af0
2024-03-23T22:45:05.870 INFO:teuthology.orchestra.run.smithi119.stdout:/usr/bin/ceph: stderr
2024-03-23T22:45:04.788+0000 7fa7f0a00700 1 -- 172.21.15.119:0/885028028 <== mon.0 v2:172.21.15.119:3300/0 3 ==== mon_map magic: 0 v1 ==== 205+0+0 (secure 0 0 0) 0x7fa7dc01a690 con 0x7fa7ec107af0
2024-03-23T22:45:05.870 INFO:teuthology.orchestra.run.smithi119.stdout:/usr/bin/ceph: stderr
2024-03-23T22:45:04.788+0000 7fa7f1e00700 1 -- 172.21.15.119:0/885028028 --> [v2:172.21.15.119:3300/0,v1:172.21.15.119:6789/0] -- mon_subscribe({osdmap=0}) v3 -- 0x7fa7ec07c7d0 con 0x7fa7ec107af0
2024-03-23T22:45:05.871 INFO:teuthology.orchestra.run.smithi119.stdout:/usr/bin/ceph: stderr
2024-03-23T22:45:04.789+0000 7fa7f0a00700 1 -- 172.21.15.119:0/885028028 <== mon.0 v2:172.21.15.119:3300/0 4 ==== mgrmap(e 12) v1 ==== 46119+0+0 (secure 0 0 0) 0x7fa7dc01a940 con 0x7fa7ec107af0
2024-03-23T22:45:05.871 INFO:teuthology.orchestra.run.smithi119.stdout:/usr/bin/ceph: stderr
2024-03-23T22:45:04.789+0000 7fa7f1e00700 1 -- 172.21.15.119:0/885028028 --> [v2:172.21.15.119:3300/0,v1:172.21.15.119:6789/0] -- mon_command({"prefix": "get_command_descriptions"} v 0) v1 -- 0x7fa7ec0637c0 con 0x7fa7ec107af0
2024-03-23T22:45:05.871 INFO:teuthology.orchestra.run.smithi119.stdout:/usr/bin/ceph: stderr
2024-03-23T22:45:04.790+0000 7fa7f0a00700 1 --2- 172.21.15.119:0/885028028 >> [v2:172.21.15.119:6800/1786892517,v1:172.21.15.119:6801/1786892517] conn(0x7fa7d0038f80 0x7fa7d003b440 unknown :-1 s=NONE pgs=0 cs=0 l=1 rev1=0 crypto rx=0 tx=0 comp rx=0 tx=0).connect
2024-03-23T22:45:05.871 INFO:teuthology.orchestra.run.smithi119.stdout:/usr/bin/ceph: stderr
2024-03-23T22:45:04.790+0000 7fa7f0a00700 1 -- 172.21.15.119:0/885028028 <== mon.0 v2:172.21.15.119:3300/0 5 ==== osd_map(3..3 src has 1..3) v4 ==== 1155+0+0 (secure 0 0 0) 0x7fa7dc04d6f0 con 0x7fa7ec107af0
2024-03-23T22:45:05.871 INFO:teuthology.orchestra.run.smithi119.stdout:/usr/bin/ceph: stderr
2024-03-23T22:45:04.790+0000 7fa7ea000700 1 --2- 172.21.15.119:0/885028028 >> [v2:172.21.15.119:6800/1786892517,v1:172.21.15.119:6801/1786892517] conn(0x7fa7d0038f80 0x7fa7d003b440 unknown :-1 s=BANNER_CONNECTING pgs=0 cs=0 l=1 rev1=0 crypto rx=0 tx=0 comp rx=0 tx=0)._handle_peer_banner_payload supported=3 required=0
2024-03-23T22:45:05.871 INFO:teuthology.orchestra.run.smithi119.stdout:/usr/bin/ceph: stderr
2024-03-23T22:45:04.791+0000 7fa7ea000700 1 --2- 172.21.15.119:0/885028028 >> [v2:172.21.15.119:6800/1786892517,v1:172.21.15.119:6801/1786892517] conn(0x7fa7d0038f80 0x7fa7d003b440 secure :-1 s=READY pgs=7 cs=0 l=1 rev1=1 crypto rx=0x7fa7d8006fd0 tx=0x7fa7d8006e40 comp rx=0 tx=0).ready entity=mgr.14152 client_cookie=0 server_cookie=0 in_seq=0 out_seq=0
2024-03-23T22:45:05.871 INFO:teuthology.orchestra.run.smithi119.stdout:/usr/bin/ceph: stderr
2024-03-23T22:45:04.795+0000 7fa7f0a00700 1 -- 172.21.15.119:0/885028028 <== mon.0 v2:172.21.15.119:3300/0 6 ==== mon_command_ack([{"prefix": "get_command_descriptions"}]=0 v0) v1 ==== 72+0+186149 (secure 0 0 0) 0x7fa7dc024770 con 0x7fa7ec107af0
2024-03-23T22:45:05.871 INFO:teuthology.orchestra.run.smithi119.stdout:/usr/bin/ceph: stderr
2024-03-23T22:45:05.031+0000 7fa7f1e00700 1 -- 172.21.15.119:0/885028028 --> [v2:172.21.15.119:6800/1786892517,v1:172.21.15.119:6801/1786892517] -- mgr_command(tid 0: {"prefix": "dashboard create-self-signed-cert", "target": ["mon-mgr", ""]}) v1 -- 0x7fa7ec07d0e0 con 0x7fa7d0038f80
2024-03-23T22:45:05.871 INFO:teuthology.orchestra.run.smithi119.stdout:/usr/bin/ceph: stderr
2024-03-23T22:45:05.246+0000 7fa7f0a00700 1 -- 172.21.15.119:0/885028028 <== mgr.14152 v2:172.21.15.119:6800/1786892517 1 ==== mgr_command_reply(tid 0: 0 ) v1 ==== 8+0+32 (secure 0 0 0) 0x7fa7ec07d0e0 con 0x7fa7d0038f80
2024-03-23T22:45:05.871 INFO:teuthology.orchestra.run.smithi119.stdout:/usr/bin/ceph: stderr
2024-03-23T22:45:05.250+0000 7fa7f1e00700 1 -- 172.21.15.119:0/885028028 >> [v2:172.21.15.119:6800/1786892517,v1:172.21.15.119:6801/1786892517] conn(0x7fa7d0038f80 msgr2=0x7fa7d003b440 secure :-1 s=STATE_CONNECTION_ESTABLISHED l=1).mark_down
2024-03-23T22:45:05.871 INFO:teuthology.orchestra.run.smithi119.stdout:/usr/bin/ceph: stderr
2024-03-23T22:45:05.250+0000 7fa7f1e00700 1 --2- 172.21.15.119:0/885028028 >> [v2:172.21.15.119:6800/1786892517,v1:172.21.15.119:6801/1786892517] conn(0x7fa7d0038f80 0x7fa7d003b440 secure :-1 s=READY pgs=7 cs=0 l=1 rev1=1 crypto rx=0x7fa7d8006fd0 tx=0x7fa7d8006e40 comp rx=0 tx=0).stop
2024-03-23T22:45:05.872 INFO:teuthology.orchestra.run.smithi119.stdout:/usr/bin/ceph: stderr
2024-03-23T22:45:05.250+0000 7fa7f1e00700 1 -- 172.21.15.119:0/885028028 >> [v2:172.21.15.119:3300/0,v1:172.21.15.119:6789/0] conn(0x7fa7ec107af0 msgr2=0x7fa7ec07db60 secure :-1 s=STATE_CONNECTION_ESTABLISHED l=1).mark_down
2024-03-23T22:45:05.872 INFO:teuthology.orchestra.run.smithi119.stdout:/usr/bin/ceph: stderr
2024-03-23T22:45:05.250+0000 7fa7f1e00700 1 --2- 172.21.15.119:0/885028028 >> [v2:172.21.15.119:3300/0,v1:172.21.15.119:6789/0] conn(0x7fa7ec107af0 0x7fa7ec07db60 secure :-1 s=READY pgs=71 cs=0 l=1 rev1=1 crypto rx=0x7fa7dc011710 tx=0x7fa7dc011ad0 comp rx=0 tx=0).stop
2024-03-23T22:45:05.872 INFO:teuthology.orchestra.run.smithi119.stdout:/usr/bin/ceph: stderr
2024-03-23T22:45:05.250+0000 7fa7f1e00700 1 -- 172.21.15.119:0/885028028 shutdown_connections
2024-03-23T22:45:05.872 INFO:teuthology.orchestra.run.smithi119.stdout:/usr/bin/ceph: stderr
2024-03-23T22:45:05.250+0000 7fa7f1e00700 1 --2- 172.21.15.119:0/885028028 >> [v2:172.21.15.119:6800/1786892517,v1:172.21.15.119:6801/1786892517] conn(0x7fa7d0038f80 0x7fa7d003b440 unknown :-1 s=CLOSED pgs=7 cs=0 l=1 rev1=1 crypto rx=0 tx=0 comp rx=0 tx=0).stop
2024-03-23T22:45:05.872 INFO:teuthology.orchestra.run.smithi119.stdout:/usr/bin/ceph: stderr
2024-03-23T22:45:05.250+0000 7fa7f1e00700 1 --2- 172.21.15.119:0/885028028 >> [v2:172.21.15.119:3300/0,v1:172.21.15.119:6789/0] conn(0x7fa7ec107af0 0x7fa7ec07db60 unknown :-1 s=CLOSED pgs=71 cs=0 l=1 rev1=1 crypto rx=0 tx=0 comp rx=0 tx=0).stop
2024-03-23T22:45:05.872 INFO:teuthology.orchestra.run.smithi119.stdout:/usr/bin/ceph: stderr
2024-03-23T22:45:05.250+0000 7fa7f1e00700 1 -- 172.21.15.119:0/885028028 >> 172.21.15.119:0/885028028 conn(0x7fa7ec1030d0 msgr2=0x7fa7ec103c60 unknown :-1 s=STATE_NONE l=0).mark_down
2024-03-23T22:45:05.872 INFO:teuthology.orchestra.run.smithi119.stdout:/usr/bin/ceph: stderr
2024-03-23T22:45:05.251+0000 7fa7f1e00700 1 -- 172.21.15.119:0/885028028 shutdown_connections
2024-03-23T22:45:05.872 INFO:teuthology.orchestra.run.smithi119.stdout:/usr/bin/ceph: stderr
2024-03-23T22:45:05.251+0000 7fa7f1e00700 1 -- 172.21.15.119:0/885028028 wait complete.
2024-03-23T22:45:05.872 INFO:teuthology.orchestra.run.smithi119.stdout:Creating initial admin user...
2024-03-23T22:45:06.156 INFO:journalctl@ceph.mon.a.smithi119.stdout:Mar 23 22:45:05 smithi119 ceph-mon[31563]: from='client.14164 -' entity='client.admin' cmd=[{"prefix": "dashboard create-self-signed-cert", "target": ["mon-mgr", ""]}]: dispatch
2024-03-23T22:45:06.156 INFO:journalctl@ceph.mon.a.smithi119.stdout:Mar 23 22:45:05 smithi119 ceph-mon[31563]: from='mgr.14152 172.21.15.119:0/732786766' entity='mgr.x'
2024-03-23T22:45:06.156 INFO:journalctl@ceph.mon.a.smithi119.stdout:Mar 23 22:45:05 smithi119 ceph-mon[31563]: from='mgr.14152 172.21.15.119:0/732786766' entity='mgr.x'
2024-03-23T22:45:07.570 INFO:journalctl@ceph.mon.a.smithi119.stdout:Mar 23 22:45:07 smithi119 ceph-mon[31563]: from='mgr.14152 172.21.15.119:0/732786766' entity='mgr.x'
2024-03-23T22:45:07.570 INFO:journalctl@ceph.mon.a.smithi119.stdout:Mar 23 22:45:07 smithi119 ceph-mon[31563]: from='client.14166 -' entity='client.admin' cmd=[{"prefix": "dashboard ac-user-create", "username": "admin", "rolename": "administrator", "force_password": true, "pwd_update_required": true, "target": ["mon-mgr", ""]}]: dispatch
2024-03-23T22:45:07.570 INFO:journalctl@ceph.mon.a.smithi119.stdout:Mar 23 22:45:07 smithi119 ceph-mon[31563]: from='mgr.14152 172.21.15.119:0/732786766' entity='mgr.x'
2024-03-23T22:45:07.579 INFO:teuthology.orchestra.run.smithi119.stdout:/usr/bin/ceph: stdout {"username": "admin", "password": "$2b$12$NVWJoD5YJojnJvl0RXxX5OtIDHvTBEI1BH6.qdgMrS.d0KT9cmiDm", "roles": ["administrator"], "name": null, "email": null, "lastUpdate": 1711233906, "enabled": true, "pwdExpirationDate": null, "pwdUpdateRequired": true}
2024-03-23T22:45:07.579 INFO:teuthology.orchestra.run.smithi119.stdout:/usr/bin/ceph: stderr
2024-03-23T22:45:06.446+0000 7eff20800700 1 Processor -- start
2024-03-23T22:45:07.579 INFO:teuthology.orchestra.run.smithi119.stdout:/usr/bin/ceph: stderr
2024-03-23T22:45:06.446+0000 7eff20800700 1 -- start start
2024-03-23T22:45:07.579 INFO:teuthology.orchestra.run.smithi119.stdout:/usr/bin/ceph: stderr
2024-03-23T22:45:06.447+0000 7eff20800700 1 --2- >> [v2:172.21.15.119:3300/0,v1:172.21.15.119:6789/0] conn(0x7eff18107af0 0x7eff18107f10 unknown :-1 s=NONE pgs=0 cs=0 l=0 rev1=0 crypto rx=0 tx=0 comp rx=0 tx=0).connect
2024-03-23T22:45:07.579 INFO:teuthology.orchestra.run.smithi119.stdout:/usr/bin/ceph: stderr
2024-03-23T22:45:06.447+0000 7eff20800700 1 -- --> [v2:172.21.15.119:3300/0,v1:172.21.15.119:6789/0] -- mon_getmap magic: 0 v1 -- 0x7eff181084e0 con 0x7eff18107af0
2024-03-23T22:45:07.579 INFO:teuthology.orchestra.run.smithi119.stdout:/usr/bin/ceph: stderr
2024-03-23T22:45:06.447+0000 7eff1de00700 1 --2- >> [v2:172.21.15.119:3300/0,v1:172.21.15.119:6789/0] conn(0x7eff18107af0 0x7eff18107f10 unknown :-1 s=BANNER_CONNECTING pgs=0 cs=0 l=0 rev1=0 crypto rx=0 tx=0 comp rx=0 tx=0)._handle_peer_banner_payload supported=3 required=0
2024-03-23T22:45:07.579 INFO:teuthology.orchestra.run.smithi119.stdout:/usr/bin/ceph: stderr
2024-03-23T22:45:06.447+0000 7eff1de00700 1 --2- >> [v2:172.21.15.119:3300/0,v1:172.21.15.119:6789/0] conn(0x7eff18107af0 0x7eff18107f10 unknown :-1 s=HELLO_CONNECTING pgs=0 cs=0 l=0 rev1=1 crypto rx=0 tx=0 comp rx=0 tx=0).handle_hello peer v2:172.21.15.119:3300/0 says I am v2:172.21.15.119:41366/0 (socket says 172.21.15.119:41366)
2024-03-23T22:45:07.579 INFO:teuthology.orchestra.run.smithi119.stdout:/usr/bin/ceph: stderr
2024-03-23T22:45:06.447+0000 7eff1de00700 1 -- 172.21.15.119:0/2062400276 learned_addr learned my addr 172.21.15.119:0/2062400276 (peer_addr_for_me v2:172.21.15.119:0/0)
2024-03-23T22:45:07.579 INFO:teuthology.orchestra.run.smithi119.stdout:/usr/bin/ceph: stderr
2024-03-23T22:45:06.448+0000 7eff1de00700 1 -- 172.21.15.119:0/2062400276 --> [v2:172.21.15.119:3300/0,v1:172.21.15.119:6789/0] -- mon_subscribe({config=0+,monmap=0+}) v3 -- 0x7eff18108cf0 con 0x7eff18107af0
2024-03-23T22:45:07.579 INFO:teuthology.orchestra.run.smithi119.stdout:/usr/bin/ceph: stderr
2024-03-23T22:45:06.448+0000 7eff1de00700 1 --2- 172.21.15.119:0/2062400276 >> [v2:172.21.15.119:3300/0,v1:172.21.15.119:6789/0] conn(0x7eff18107af0 0x7eff18107f10 secure :-1 s=READY pgs=72 cs=0 l=1 rev1=1 crypto rx=0x7eff0c0098a0 tx=0x7eff0c009bb0 comp rx=0 tx=0).ready entity=mon.0 client_cookie=914ff7886ccac78e server_cookie=0 in_seq=0 out_seq=0
2024-03-23T22:45:07.579 INFO:teuthology.orchestra.run.smithi119.stdout:/usr/bin/ceph: stderr
2024-03-23T22:45:06.448+0000 7eff1ca00700 1 -- 172.21.15.119:0/2062400276 <== mon.0 v2:172.21.15.119:3300/0 1 ==== mon_map magic: 0 v1 ==== 205+0+0 (secure 0 0 0) 0x7eff0c004160 con 0x7eff18107af0
2024-03-23T22:45:07.579 INFO:teuthology.orchestra.run.smithi119.stdout:/usr/bin/ceph: stderr
2024-03-23T22:45:06.448+0000 7eff1ca00700 1 -- 172.21.15.119:0/2062400276 <== mon.0 v2:172.21.15.119:3300/0 2 ==== config(26 keys) v1 ==== 1102+0+0 (secure 0 0 0) 0x7eff0c004300 con 0x7eff18107af0
2024-03-23T22:45:07.579 INFO:teuthology.orchestra.run.smithi119.stdout:/usr/bin/ceph: stderr
2024-03-23T22:45:06.448+0000 7eff1ca00700 1 -- 172.21.15.119:0/2062400276 <== mon.0 v2:172.21.15.119:3300/0 3 ==== mon_map magic: 0 v1 ==== 205+0+0 (secure 0 0 0) 0x7eff0c011a50 con 0x7eff18107af0
2024-03-23T22:45:07.580 INFO:teuthology.orchestra.run.smithi119.stdout:/usr/bin/ceph: stderr
2024-03-23T22:45:06.449+0000 7eff20800700 1 -- 172.21.15.119:0/2062400276 >> [v2:172.21.15.119:3300/0,v1:172.21.15.119:6789/0] conn(0x7eff18107af0 msgr2=0x7eff18107f10 secure :-1 s=STATE_CONNECTION_ESTABLISHED l=1).mark_down
2024-03-23T22:45:07.580 INFO:teuthology.orchestra.run.smithi119.stdout:/usr/bin/ceph: stderr
2024-03-23T22:45:06.449+0000 7eff20800700 1 --2- 172.21.15.119:0/2062400276 >> [v2:172.21.15.119:3300/0,v1:172.21.15.119:6789/0] conn(0x7eff18107af0 0x7eff18107f10 secure :-1 s=READY pgs=72 cs=0 l=1 rev1=1 crypto rx=0x7eff0c0098a0 tx=0x7eff0c009bb0 comp rx=0 tx=0).stop
2024-03-23T22:45:07.583 INFO:teuthology.orchestra.run.smithi119.stdout:/usr/bin/ceph: stderr
2024-03-23T22:45:06.450+0000 7eff20800700 1 -- 172.21.15.119:0/2062400276 shutdown_connections
2024-03-23T22:45:07.583 INFO:teuthology.orchestra.run.smithi119.stdout:/usr/bin/ceph: stderr
2024-03-23T22:45:06.450+0000 7eff20800700 1 --2- 172.21.15.119:0/2062400276 >> [v2:172.21.15.119:3300/0,v1:172.21.15.119:6789/0] conn(0x7eff18107af0 0x7eff18107f10 unknown :-1 s=CLOSED pgs=72 cs=0 l=1 rev1=1 crypto rx=0 tx=0 comp rx=0 tx=0).stop
2024-03-23T22:45:07.583 INFO:teuthology.orchestra.run.smithi119.stdout:/usr/bin/ceph: stderr
2024-03-23T22:45:06.450+0000 7eff20800700 1 -- 172.21.15.119:0/2062400276 >> 172.21.15.119:0/2062400276 conn(0x7eff181030d0 msgr2=0x7eff181054f0 unknown :-1 s=STATE_NONE l=0).mark_down
2024-03-23T22:45:07.583 INFO:teuthology.orchestra.run.smithi119.stdout:/usr/bin/ceph: stderr
2024-03-23T22:45:06.450+0000 7eff20800700 1 -- 172.21.15.119:0/2062400276 shutdown_connections
2024-03-23T22:45:07.583 INFO:teuthology.orchestra.run.smithi119.stdout:/usr/bin/ceph: stderr
2024-03-23T22:45:06.450+0000 7eff20800700 1 -- 172.21.15.119:0/2062400276 wait complete.
2024-03-23T22:45:07.583 INFO:teuthology.orchestra.run.smithi119.stdout:/usr/bin/ceph: stderr
2024-03-23T22:45:06.451+0000 7eff20800700 1 Processor -- start
2024-03-23T22:45:07.583 INFO:teuthology.orchestra.run.smithi119.stdout:/usr/bin/ceph: stderr
2024-03-23T22:45:06.451+0000 7eff20800700 1 -- start start
2024-03-23T22:45:07.583 INFO:teuthology.orchestra.run.smithi119.stdout:/usr/bin/ceph: stderr
2024-03-23T22:45:06.451+0000 7eff20800700 1 --2- >> [v2:172.21.15.119:3300/0,v1:172.21.15.119:6789/0] conn(0x7eff18107af0 0x7eff1807db60 unknown :-1 s=NONE pgs=0 cs=0 l=1 rev1=0 crypto rx=0 tx=0 comp rx=0 tx=0).connect
2024-03-23T22:45:07.583 INFO:teuthology.orchestra.run.smithi119.stdout:/usr/bin/ceph: stderr
2024-03-23T22:45:06.451+0000 7eff20800700 1 -- --> [v2:172.21.15.119:3300/0,v1:172.21.15.119:6789/0] -- mon_getmap magic: 0 v1 -- 0x7eff1810c0a0 con 0x7eff18107af0
2024-03-23T22:45:07.583 INFO:teuthology.orchestra.run.smithi119.stdout:/usr/bin/ceph: stderr
2024-03-23T22:45:06.451+0000 7eff1de00700 1 --2- >> [v2:172.21.15.119:3300/0,v1:172.21.15.119:6789/0] conn(0x7eff18107af0 0x7eff1807db60 unknown :-1 s=BANNER_CONNECTING pgs=0 cs=0 l=1 rev1=0 crypto rx=0 tx=0 comp rx=0 tx=0)._handle_peer_banner_payload supported=3 required=0
2024-03-23T22:45:07.584 INFO:teuthology.orchestra.run.smithi119.stdout:/usr/bin/ceph: stderr
2024-03-23T22:45:06.452+0000 7eff1de00700 1 --2- >> [v2:172.21.15.119:3300/0,v1:172.21.15.119:6789/0] conn(0x7eff18107af0 0x7eff1807db60 unknown :-1 s=HELLO_CONNECTING pgs=0 cs=0 l=1 rev1=1 crypto rx=0 tx=0 comp rx=0 tx=0).handle_hello peer v2:172.21.15.119:3300/0 says I am v2:172.21.15.119:41370/0 (socket says 172.21.15.119:41370)
2024-03-23T22:45:07.584 INFO:teuthology.orchestra.run.smithi119.stdout:/usr/bin/ceph: stderr
2024-03-23T22:45:06.452+0000 7eff1de00700 1 -- 172.21.15.119:0/3143123526 learned_addr learned my addr 172.21.15.119:0/3143123526 (peer_addr_for_me v2:172.21.15.119:0/0)
2024-03-23T22:45:07.584 INFO:teuthology.orchestra.run.smithi119.stdout:/usr/bin/ceph: stderr
2024-03-23T22:45:06.452+0000 7eff1de00700 1 -- 172.21.15.119:0/3143123526 --> [v2:172.21.15.119:3300/0,v1:172.21.15.119:6789/0] -- mon_subscribe({config=0+,monmap=0+}) v3 -- 0x7eff1807e0a0 con 0x7eff18107af0
2024-03-23T22:45:07.584 INFO:teuthology.orchestra.run.smithi119.stdout:/usr/bin/ceph: stderr
2024-03-23T22:45:06.452+0000 7eff1de00700 1 --2- 172.21.15.119:0/3143123526 >> [v2:172.21.15.119:3300/0,v1:172.21.15.119:6789/0] conn(0x7eff18107af0 0x7eff1807db60 secure :-1 s=READY pgs=73 cs=0 l=1 rev1=1 crypto rx=0x7eff0c011710 tx=0x7eff0c011ad0 comp rx=0 tx=0).ready entity=mon.0 client_cookie=0 server_cookie=0 in_seq=0 out_seq=0
2024-03-23T22:45:07.584 INFO:teuthology.orchestra.run.smithi119.stdout:/usr/bin/ceph: stderr
2024-03-23T22:45:06.453+0000 7eff12a00700 1 -- 172.21.15.119:0/3143123526 <== mon.0 v2:172.21.15.119:3300/0 1 ==== mon_map magic: 0 v1 ==== 205+0+0 (secure 0 0 0) 0x7eff0c0039c0 con 0x7eff18107af0
2024-03-23T22:45:07.584 INFO:teuthology.orchestra.run.smithi119.stdout:/usr/bin/ceph: stderr
2024-03-23T22:45:06.453+0000 7eff12a00700 1 -- 172.21.15.119:0/3143123526 <== mon.0 v2:172.21.15.119:3300/0 2 ==== config(26 keys) v1 ==== 1102+0+0 (secure 0 0 0) 0x7eff0c003b60 con 0x7eff18107af0
2024-03-23T22:45:07.584 INFO:teuthology.orchestra.run.smithi119.stdout:/usr/bin/ceph: stderr
2024-03-23T22:45:06.453+0000 7eff12a00700 1 -- 172.21.15.119:0/3143123526 <== mon.0 v2:172.21.15.119:3300/0 3 ==== mon_map magic: 0 v1 ==== 205+0+0 (secure 0 0 0) 0x7eff0c01a690 con 0x7eff18107af0
2024-03-23T22:45:07.584 INFO:teuthology.orchestra.run.smithi119.stdout:/usr/bin/ceph: stderr
2024-03-23T22:45:06.453+0000 7eff20800700 1 -- 172.21.15.119:0/3143123526 --> [v2:172.21.15.119:3300/0,v1:172.21.15.119:6789/0] -- mon_subscribe({mgrmap=0+}) v3 -- 0x7eff1807c290 con 0x7eff18107af0
2024-03-23T22:45:07.584 INFO:teuthology.orchestra.run.smithi119.stdout:/usr/bin/ceph: stderr
2024-03-23T22:45:06.453+0000 7eff20800700 1 -- 172.21.15.119:0/3143123526 --> [v2:172.21.15.119:3300/0,v1:172.21.15.119:6789/0] -- mon_subscribe({osdmap=0}) v3 -- 0x7eff1807c7d0 con 0x7eff18107af0
2024-03-23T22:45:07.584 INFO:teuthology.orchestra.run.smithi119.stdout:/usr/bin/ceph: stderr
2024-03-23T22:45:06.454+0000 7eff12a00700 1 -- 172.21.15.119:0/3143123526 <== mon.0 v2:172.21.15.119:3300/0 4 ==== mgrmap(e 12) v1 ==== 46119+0+0 (secure 0 0 0) 0x7eff0c024430 con 0x7eff18107af0
2024-03-23T22:45:07.584 INFO:teuthology.orchestra.run.smithi119.stdout:/usr/bin/ceph: stderr
2024-03-23T22:45:06.454+0000 7eff20800700 1 -- 172.21.15.119:0/3143123526 --> [v2:172.21.15.119:3300/0,v1:172.21.15.119:6789/0] -- mon_command({"prefix": "get_command_descriptions"} v 0) v1 -- 0x7eff180637c0 con 0x7eff18107af0
2024-03-23T22:45:07.584 INFO:teuthology.orchestra.run.smithi119.stdout:/usr/bin/ceph: stderr
2024-03-23T22:45:06.455+0000 7eff12a00700 1 --2- 172.21.15.119:0/3143123526 >> [v2:172.21.15.119:6800/1786892517,v1:172.21.15.119:6801/1786892517] conn(0x7eff00038fd0 0x7eff0003b490 unknown :-1 s=NONE pgs=0 cs=0 l=1 rev1=0 crypto rx=0 tx=0 comp rx=0 tx=0).connect
2024-03-23T22:45:07.584 INFO:teuthology.orchestra.run.smithi119.stdout:/usr/bin/ceph: stderr
2024-03-23T22:45:06.455+0000 7eff12a00700 1 -- 172.21.15.119:0/3143123526 <== mon.0 v2:172.21.15.119:3300/0 5 ==== osd_map(3..3 src has 1..3) v4 ==== 1155+0+0 (secure 0 0 0) 0x7eff0c04d620 con 0x7eff18107af0
2024-03-23T22:45:07.584 INFO:teuthology.orchestra.run.smithi119.stdout:/usr/bin/ceph: stderr
2024-03-23T22:45:06.455+0000 7eff1d400700 1 --2- 172.21.15.119:0/3143123526 >> [v2:172.21.15.119:6800/1786892517,v1:172.21.15.119:6801/1786892517] conn(0x7eff00038fd0 0x7eff0003b490 unknown :-1 s=BANNER_CONNECTING pgs=0 cs=0 l=1 rev1=0 crypto rx=0 tx=0 comp rx=0 tx=0)._handle_peer_banner_payload supported=3 required=0
2024-03-23T22:45:07.584 INFO:teuthology.orchestra.run.smithi119.stdout:/usr/bin/ceph: stderr
2024-03-23T22:45:06.456+0000 7eff1d400700 1 --2- 172.21.15.119:0/3143123526 >> [v2:172.21.15.119:6800/1786892517,v1:172.21.15.119:6801/1786892517] conn(0x7eff00038fd0 0x7eff0003b490 secure :-1 s=READY pgs=8 cs=0 l=1 rev1=1 crypto rx=0x7eff08006fd0 tx=0x7eff08006e40 comp rx=0 tx=0).ready entity=mgr.14152 client_cookie=0 server_cookie=0 in_seq=0 out_seq=0
2024-03-23T22:45:07.584 INFO:teuthology.orchestra.run.smithi119.stdout:/usr/bin/ceph: stderr
2024-03-23T22:45:06.460+0000 7eff12a00700 1 -- 172.21.15.119:0/3143123526 <== mon.0 v2:172.21.15.119:3300/0 6 ==== mon_command_ack([{"prefix": "get_command_descriptions"}]=0 v0) v1 ==== 72+0+186149 (secure 0 0 0) 0x7eff0c024a70 con 0x7eff18107af0
2024-03-23T22:45:07.585 INFO:teuthology.orchestra.run.smithi119.stdout:/usr/bin/ceph: stderr
2024-03-23T22:45:06.693+0000 7eff20800700 1 -- 172.21.15.119:0/3143123526 --> [v2:172.21.15.119:6800/1786892517,v1:172.21.15.119:6801/1786892517] -- mgr_command(tid 0: {"prefix": "dashboard ac-user-create", "username": "admin", "rolename": "administrator", "force_password": true, "pwd_update_required": true, "target": ["mon-mgr", ""]}) v1 -- 0x7eff1807ca50 con 0x7eff00038fd0
2024-03-23T22:45:07.585 INFO:teuthology.orchestra.run.smithi119.stdout:/usr/bin/ceph: stderr
2024-03-23T22:45:06.933+0000 7eff12a00700 1 -- 172.21.15.119:0/3143123526 <== mgr.14152 v2:172.21.15.119:6800/1786892517 1 ==== mgr_command_reply(tid 0: 0 ) v1 ==== 8+0+252 (secure 0 0 0) 0x7eff1807ca50 con 0x7eff00038fd0
2024-03-23T22:45:07.585 INFO:teuthology.orchestra.run.smithi119.stdout:/usr/bin/ceph: stderr
2024-03-23T22:45:06.936+0000 7eff20800700 1 -- 172.21.15.119:0/3143123526 >> [v2:172.21.15.119:6800/1786892517,v1:172.21.15.119:6801/1786892517] conn(0x7eff00038fd0 msgr2=0x7eff0003b490 secure :-1 s=STATE_CONNECTION_ESTABLISHED l=1).mark_down
2024-03-23T22:45:07.586 INFO:teuthology.orchestra.run.smithi119.stdout:/usr/bin/ceph: stderr
2024-03-23T22:45:06.936+0000 7eff20800700 1 --2- 172.21.15.119:0/3143123526 >> [v2:172.21.15.119:6800/1786892517,v1:172.21.15.119:6801/1786892517] conn(0x7eff00038fd0 0x7eff0003b490 secure :-1 s=READY pgs=8 cs=0 l=1 rev1=1 crypto rx=0x7eff08006fd0 tx=0x7eff08006e40 comp rx=0 tx=0).stop
2024-03-23T22:45:07.586 INFO:teuthology.orchestra.run.smithi119.stdout:/usr/bin/ceph: stderr
2024-03-23T22:45:06.936+0000 7eff20800700 1 -- 172.21.15.119:0/3143123526 >> [v2:172.21.15.119:3300/0,v1:172.21.15.119:6789/0] conn(0x7eff18107af0 msgr2=0x7eff1807db60 secure :-1 s=STATE_CONNECTION_ESTABLISHED l=1).mark_down
2024-03-23T22:45:07.586 INFO:teuthology.orchestra.run.smithi119.stdout:/usr/bin/ceph: stderr
2024-03-23T22:45:06.936+0000 7eff20800700 1 --2- 172.21.15.119:0/3143123526 >> [v2:172.21.15.119:3300/0,v1:172.21.15.119:6789/0] conn(0x7eff18107af0 0x7eff1807db60 secure :-1 s=READY pgs=73 cs=0 l=1 rev1=1 crypto rx=0x7eff0c011710 tx=0x7eff0c011ad0 comp rx=0 tx=0).stop
2024-03-23T22:45:07.586 INFO:teuthology.orchestra.run.smithi119.stdout:/usr/bin/ceph: stderr
2024-03-23T22:45:06.936+0000 7eff20800700 1 -- 172.21.15.119:0/3143123526 shutdown_connections
2024-03-23T22:45:07.586 INFO:teuthology.orchestra.run.smithi119.stdout:/usr/bin/ceph: stderr
2024-03-23T22:45:06.936+0000 7eff20800700 1 --2- 172.21.15.119:0/3143123526 >> [v2:172.21.15.119:6800/1786892517,v1:172.21.15.119:6801/1786892517] conn(0x7eff00038fd0 0x7eff0003b490 unknown :-1 s=CLOSED pgs=8 cs=0 l=1 rev1=1 crypto rx=0 tx=0 comp rx=0 tx=0).stop
2024-03-23T22:45:07.586 INFO:teuthology.orchestra.run.smithi119.stdout:/usr/bin/ceph: stderr
2024-03-23T22:45:06.936+0000 7eff20800700 1 --2- 172.21.15.119:0/3143123526 >> [v2:172.21.15.119:3300/0,v1:172.21.15.119:6789/0] conn(0x7eff18107af0 0x7eff1807db60 unknown :-1 s=CLOSED pgs=73 cs=0 l=1 rev1=1 crypto rx=0 tx=0 comp rx=0 tx=0).stop
2024-03-23T22:45:07.586 INFO:teuthology.orchestra.run.smithi119.stdout:/usr/bin/ceph: stderr
2024-03-23T22:45:06.936+0000 7eff20800700 1 -- 172.21.15.119:0/3143123526 >> 172.21.15.119:0/3143123526 conn(0x7eff181030d0 msgr2=0x7eff18103c00 unknown :-1 s=STATE_NONE l=0).mark_down
2024-03-23T22:45:07.586 INFO:teuthology.orchestra.run.smithi119.stdout:/usr/bin/ceph: stderr
2024-03-23T22:45:06.937+0000 7eff20800700 1 -- 172.21.15.119:0/3143123526 shutdown_connections
2024-03-23T22:45:07.587 INFO:teuthology.orchestra.run.smithi119.stdout:/usr/bin/ceph: stderr
2024-03-23T22:45:06.937+0000 7eff20800700 1 -- 172.21.15.119:0/3143123526 wait complete.
2024-03-23T22:45:07.587 INFO:teuthology.orchestra.run.smithi119.stdout:Fetching dashboard port number...
2024-03-23T22:45:09.247 INFO:teuthology.orchestra.run.smithi119.stdout:/usr/bin/ceph: stdout 8443
2024-03-23T22:45:09.247 INFO:teuthology.orchestra.run.smithi119.stdout:/usr/bin/ceph: stderr
2024-03-23T22:45:08.291+0000 7f2beda00700 1 Processor -- start
2024-03-23T22:45:09.247 INFO:teuthology.orchestra.run.smithi119.stdout:/usr/bin/ceph: stderr
2024-03-23T22:45:08.291+0000 7f2beda00700 1 -- start start
2024-03-23T22:45:09.247 INFO:teuthology.orchestra.run.smithi119.stdout:/usr/bin/ceph: stderr
2024-03-23T22:45:08.291+0000 7f2beda00700 1 --2- >> [v2:172.21.15.119:3300/0,v1:172.21.15.119:6789/0] conn(0x7f2be807deb0 0x7f2be807c310 unknown :-1 s=NONE pgs=0 cs=0 l=0 rev1=0 crypto rx=0 tx=0 comp rx=0 tx=0).connect
2024-03-23T22:45:09.247 INFO:teuthology.orchestra.run.smithi119.stdout:/usr/bin/ceph: stderr
2024-03-23T22:45:08.292+0000 7f2beda00700 1 -- --> [v2:172.21.15.119:3300/0,v1:172.21.15.119:6789/0] -- mon_getmap magic: 0 v1 -- 0x7f2be807c8e0 con 0x7f2be807deb0
2024-03-23T22:45:09.247 INFO:teuthology.orchestra.run.smithi119.stdout:/usr/bin/ceph: stderr
2024-03-23T22:45:08.292+0000 7f2be6a00700 1 --2- >> [v2:172.21.15.119:3300/0,v1:172.21.15.119:6789/0] conn(0x7f2be807deb0 0x7f2be807c310 unknown :-1 s=BANNER_CONNECTING pgs=0 cs=0 l=0 rev1=0 crypto rx=0 tx=0 comp rx=0 tx=0)._handle_peer_banner_payload supported=3 required=0
2024-03-23T22:45:09.247 INFO:teuthology.orchestra.run.smithi119.stdout:/usr/bin/ceph: stderr
2024-03-23T22:45:08.292+0000 7f2be6a00700 1 --2- >> [v2:172.21.15.119:3300/0,v1:172.21.15.119:6789/0] conn(0x7f2be807deb0 0x7f2be807c310 unknown :-1 s=HELLO_CONNECTING pgs=0 cs=0 l=0 rev1=1 crypto rx=0 tx=0 comp rx=0 tx=0).handle_hello peer v2:172.21.15.119:3300/0 says I am v2:172.21.15.119:52162/0 (socket says 172.21.15.119:52162)
2024-03-23T22:45:09.247 INFO:teuthology.orchestra.run.smithi119.stdout:/usr/bin/ceph: stderr
2024-03-23T22:45:08.292+0000 7f2be6a00700 1 -- 172.21.15.119:0/2851317780 learned_addr learned my addr 172.21.15.119:0/2851317780 (peer_addr_for_me v2:172.21.15.119:0/0)
2024-03-23T22:45:09.248 INFO:teuthology.orchestra.run.smithi119.stdout:/usr/bin/ceph: stderr
2024-03-23T22:45:08.292+0000 7f2be6a00700 1 -- 172.21.15.119:0/2851317780 --> [v2:172.21.15.119:3300/0,v1:172.21.15.119:6789/0] -- mon_subscribe({config=0+,monmap=0+}) v3 -- 0x7f2be807ca60 con 0x7f2be807deb0
2024-03-23T22:45:09.248 INFO:teuthology.orchestra.run.smithi119.stdout:/usr/bin/ceph: stderr
2024-03-23T22:45:08.293+0000 7f2be6a00700 1 --2- 172.21.15.119:0/2851317780 >> [v2:172.21.15.119:3300/0,v1:172.21.15.119:6789/0] conn(0x7f2be807deb0 0x7f2be807c310 secure :-1 s=READY pgs=74 cs=0 l=1 rev1=1 crypto rx=0x7f2bd80098a0 tx=0x7f2bd8009bb0 comp rx=0 tx=0).ready entity=mon.0 client_cookie=50110cfade938a48 server_cookie=0 in_seq=0 out_seq=0
2024-03-23T22:45:09.250 INFO:teuthology.orchestra.run.smithi119.stdout:/usr/bin/ceph: stderr
2024-03-23T22:45:08.293+0000 7f2be5600700 1 -- 172.21.15.119:0/2851317780 <== mon.0 v2:172.21.15.119:3300/0 1 ==== mon_map magic: 0 v1 ==== 205+0+0 (secure 0 0 0) 0x7f2bd8004160 con 0x7f2be807deb0
2024-03-23T22:45:09.250 INFO:teuthology.orchestra.run.smithi119.stdout:/usr/bin/ceph: stderr
2024-03-23T22:45:08.293+0000 7f2be5600700 1 -- 172.21.15.119:0/2851317780 <== mon.0 v2:172.21.15.119:3300/0 2 ==== config(26 keys) v1 ==== 1102+0+0 (secure 0 0 0) 0x7f2bd8004300 con 0x7f2be807deb0
2024-03-23T22:45:09.250 INFO:teuthology.orchestra.run.smithi119.stdout:/usr/bin/ceph: stderr
2024-03-23T22:45:08.293+0000 7f2be5600700 1 -- 172.21.15.119:0/2851317780 <== mon.0 v2:172.21.15.119:3300/0 3 ==== mon_map magic: 0 v1 ==== 205+0+0 (secure 0 0 0) 0x7f2bd8011a50 con 0x7f2be807deb0
2024-03-23T22:45:09.251 INFO:teuthology.orchestra.run.smithi119.stdout:/usr/bin/ceph: stderr
2024-03-23T22:45:08.294+0000 7f2beda00700 1 -- 172.21.15.119:0/2851317780 >> [v2:172.21.15.119:3300/0,v1:172.21.15.119:6789/0] conn(0x7f2be807deb0 msgr2=0x7f2be807c310 secure :-1 s=STATE_CONNECTION_ESTABLISHED l=1).mark_down
2024-03-23T22:45:09.251 INFO:teuthology.orchestra.run.smithi119.stdout:/usr/bin/ceph: stderr
2024-03-23T22:45:08.294+0000 7f2beda00700 1 --2- 172.21.15.119:0/2851317780 >> [v2:172.21.15.119:3300/0,v1:172.21.15.119:6789/0] conn(0x7f2be807deb0 0x7f2be807c310 secure :-1 s=READY pgs=74 cs=0 l=1 rev1=1 crypto rx=0x7f2bd80098a0 tx=0x7f2bd8009bb0 comp rx=0 tx=0).stop
2024-03-23T22:45:09.251 INFO:teuthology.orchestra.run.smithi119.stdout:/usr/bin/ceph: stderr
2024-03-23T22:45:08.294+0000 7f2beda00700 1 -- 172.21.15.119:0/2851317780 shutdown_connections
2024-03-23T22:45:09.251 INFO:teuthology.orchestra.run.smithi119.stdout:/usr/bin/ceph: stderr
2024-03-23T22:45:08.294+0000 7f2beda00700 1 --2- 172.21.15.119:0/2851317780 >> [v2:172.21.15.119:3300/0,v1:172.21.15.119:6789/0] conn(0x7f2be807deb0 0x7f2be807c310 unknown :-1 s=CLOSED pgs=74 cs=0 l=1 rev1=1 crypto rx=0 tx=0 comp rx=0 tx=0).stop
2024-03-23T22:45:09.251 INFO:teuthology.orchestra.run.smithi119.stdout:/usr/bin/ceph: stderr
2024-03-23T22:45:08.294+0000 7f2beda00700 1 -- 172.21.15.119:0/2851317780 >> 172.21.15.119:0/2851317780 conn(0x7f2be81030d0 msgr2=0x7f2be81054f0 unknown :-1 s=STATE_NONE l=0).mark_down
2024-03-23T22:45:09.251 INFO:teuthology.orchestra.run.smithi119.stdout:/usr/bin/ceph: stderr
2024-03-23T22:45:08.294+0000 7f2beda00700 1 -- 172.21.15.119:0/2851317780 shutdown_connections
2024-03-23T22:45:09.251 INFO:teuthology.orchestra.run.smithi119.stdout:/usr/bin/ceph: stderr
2024-03-23T22:45:08.294+0000 7f2beda00700 1 -- 172.21.15.119:0/2851317780 wait complete.
2024-03-23T22:45:09.251 INFO:teuthology.orchestra.run.smithi119.stdout:/usr/bin/ceph: stderr
2024-03-23T22:45:08.295+0000 7f2beda00700 1 Processor -- start
2024-03-23T22:45:09.251 INFO:teuthology.orchestra.run.smithi119.stdout:/usr/bin/ceph: stderr
2024-03-23T22:45:08.295+0000 7f2beda00700 1 -- start start
2024-03-23T22:45:09.251 INFO:teuthology.orchestra.run.smithi119.stdout:/usr/bin/ceph: stderr
2024-03-23T22:45:08.295+0000 7f2beda00700 1 --2- >> [v2:172.21.15.119:3300/0,v1:172.21.15.119:6789/0] conn(0x7f2be807deb0 0x7f2be819db40 unknown :-1 s=NONE pgs=0 cs=0 l=1 rev1=0 crypto rx=0 tx=0 comp rx=0 tx=0).connect
2024-03-23T22:45:09.251 INFO:teuthology.orchestra.run.smithi119.stdout:/usr/bin/ceph: stderr
2024-03-23T22:45:08.295+0000 7f2beda00700 1 -- --> [v2:172.21.15.119:3300/0,v1:172.21.15.119:6789/0] -- mon_getmap magic: 0 v1 -- 0x7f2be810e0d0 con 0x7f2be807deb0
2024-03-23T22:45:09.251 INFO:teuthology.orchestra.run.smithi119.stdout:/usr/bin/ceph: stderr
2024-03-23T22:45:08.295+0000 7f2be6a00700 1 --2- >> [v2:172.21.15.119:3300/0,v1:172.21.15.119:6789/0] conn(0x7f2be807deb0 0x7f2be819db40 unknown :-1 s=BANNER_CONNECTING pgs=0 cs=0 l=1 rev1=0 crypto rx=0 tx=0 comp rx=0 tx=0)._handle_peer_banner_payload supported=3 required=0
2024-03-23T22:45:09.252 INFO:teuthology.orchestra.run.smithi119.stdout:/usr/bin/ceph: stderr
2024-03-23T22:45:08.296+0000 7f2be6a00700 1 --2- >> [v2:172.21.15.119:3300/0,v1:172.21.15.119:6789/0] conn(0x7f2be807deb0 0x7f2be819db40 unknown :-1 s=HELLO_CONNECTING pgs=0 cs=0 l=1 rev1=1 crypto rx=0 tx=0 comp rx=0 tx=0).handle_hello peer v2:172.21.15.119:3300/0 says I am v2:172.21.15.119:52174/0 (socket says 172.21.15.119:52174)
2024-03-23T22:45:09.252 INFO:teuthology.orchestra.run.smithi119.stdout:/usr/bin/ceph: stderr
2024-03-23T22:45:08.296+0000 7f2be6a00700 1 -- 172.21.15.119:0/1128864140 learned_addr learned my addr 172.21.15.119:0/1128864140 (peer_addr_for_me v2:172.21.15.119:0/0)
2024-03-23T22:45:09.252 INFO:teuthology.orchestra.run.smithi119.stdout:/usr/bin/ceph: stderr
2024-03-23T22:45:08.296+0000 7f2be6a00700 1 -- 172.21.15.119:0/1128864140 --> [v2:172.21.15.119:3300/0,v1:172.21.15.119:6789/0] -- mon_subscribe({config=0+,monmap=0+}) v3 -- 0x7f2be819e080 con 0x7f2be807deb0
2024-03-23T22:45:09.252 INFO:teuthology.orchestra.run.smithi119.stdout:/usr/bin/ceph: stderr
2024-03-23T22:45:08.296+0000 7f2be6a00700 1 --2- 172.21.15.119:0/1128864140 >> [v2:172.21.15.119:3300/0,v1:172.21.15.119:6789/0] conn(0x7f2be807deb0 0x7f2be819db40 secure :-1 s=READY pgs=75 cs=0 l=1 rev1=1 crypto rx=0x7f2bd8011a20 tx=0x7f2bd8011b00 comp rx=0 tx=0).ready entity=mon.0 client_cookie=0 server_cookie=0 in_seq=0 out_seq=0
2024-03-23T22:45:09.252 INFO:teuthology.orchestra.run.smithi119.stdout:/usr/bin/ceph: stderr
2024-03-23T22:45:08.296+0000 7f2bdf400700 1 -- 172.21.15.119:0/1128864140 <== mon.0 v2:172.21.15.119:3300/0 1 ==== mon_map magic: 0 v1 ==== 205+0+0 (secure 0 0 0) 0x7f2bd8003af0 con 0x7f2be807deb0
2024-03-23T22:45:09.255 INFO:teuthology.orchestra.run.smithi119.stdout:/usr/bin/ceph: stderr
2024-03-23T22:45:08.296+0000 7f2bdf400700 1 -- 172.21.15.119:0/1128864140 <== mon.0 v2:172.21.15.119:3300/0 2 ==== config(26 keys) v1 ==== 1102+0+0 (secure 0 0 0) 0x7f2bd801a8e0 con 0x7f2be807deb0
2024-03-23T22:45:09.255 INFO:teuthology.orchestra.run.smithi119.stdout:/usr/bin/ceph: stderr
2024-03-23T22:45:08.296+0000 7f2bdf400700 1 -- 172.21.15.119:0/1128864140 <== mon.0 v2:172.21.15.119:3300/0 3 ==== mon_map magic: 0 v1 ==== 205+0+0 (secure 0 0 0) 0x7f2bd8024860 con 0x7f2be807deb0
2024-03-23T22:45:09.255 INFO:teuthology.orchestra.run.smithi119.stdout:/usr/bin/ceph: stderr
2024-03-23T22:45:08.296+0000 7f2beda00700 1 -- 172.21.15.119:0/1128864140 --> [v2:172.21.15.119:3300/0,v1:172.21.15.119:6789/0] -- mon_subscribe({mgrmap=0+}) v3 -- 0x7f2be819e310 con 0x7f2be807deb0
2024-03-23T22:45:09.255 INFO:teuthology.orchestra.run.smithi119.stdout:/usr/bin/ceph: stderr
2024-03-23T22:45:08.297+0000 7f2beda00700 1 -- 172.21.15.119:0/1128864140 --> [v2:172.21.15.119:3300/0,v1:172.21.15.119:6789/0] -- mon_subscribe({osdmap=0}) v3 -- 0x7f2be81a1000 con 0x7f2be807deb0
2024-03-23T22:45:09.255 INFO:teuthology.orchestra.run.smithi119.stdout:/usr/bin/ceph: stderr
2024-03-23T22:45:08.298+0000 7f2bdf400700 1 -- 172.21.15.119:0/1128864140 <== mon.0 v2:172.21.15.119:3300/0 4 ==== mgrmap(e 13) v1 ==== 46163+0+0 (secure 0 0 0) 0x7f2bd8022020 con 0x7f2be807deb0
2024-03-23T22:45:09.255 INFO:teuthology.orchestra.run.smithi119.stdout:/usr/bin/ceph: stderr
2024-03-23T22:45:08.298+0000 7f2beda00700 1 -- 172.21.15.119:0/1128864140 --> [v2:172.21.15.119:3300/0,v1:172.21.15.119:6789/0] -- mon_command({"prefix": "get_command_descriptions"} v 0) v1 -- 0x7f2be80637c0 con 0x7f2be807deb0
2024-03-23T22:45:09.255 INFO:teuthology.orchestra.run.smithi119.stdout:/usr/bin/ceph: stderr
2024-03-23T22:45:08.298+0000 7f2bdf400700 1 --2- 172.21.15.119:0/1128864140 >> [v2:172.21.15.119:6800/1786892517,v1:172.21.15.119:6801/1786892517] conn(0x7f2bcc039070 0x7f2bcc03b530 unknown :-1 s=NONE pgs=0 cs=0 l=1 rev1=0 crypto rx=0 tx=0 comp rx=0 tx=0).connect
2024-03-23T22:45:09.255 INFO:teuthology.orchestra.run.smithi119.stdout:/usr/bin/ceph: stderr
2024-03-23T22:45:08.298+0000 7f2bdf400700 1 -- 172.21.15.119:0/1128864140 <== mon.0 v2:172.21.15.119:3300/0 5 ==== osd_map(3..3 src has 1..3) v4 ==== 1155+0+0 (secure 0 0 0) 0x7f2bd804d390 con 0x7f2be807deb0
2024-03-23T22:45:09.255 INFO:teuthology.orchestra.run.smithi119.stdout:/usr/bin/ceph: stderr
2024-03-23T22:45:08.298+0000 7f2be6000700 1 --2- 172.21.15.119:0/1128864140 >> [v2:172.21.15.119:6800/1786892517,v1:172.21.15.119:6801/1786892517] conn(0x7f2bcc039070 0x7f2bcc03b530 unknown :-1 s=BANNER_CONNECTING pgs=0 cs=0 l=1 rev1=0 crypto rx=0 tx=0 comp rx=0 tx=0)._handle_peer_banner_payload supported=3 required=0
2024-03-23T22:45:09.255 INFO:teuthology.orchestra.run.smithi119.stdout:/usr/bin/ceph: stderr
2024-03-23T22:45:08.299+0000 7f2be6000700 1 --2- 172.21.15.119:0/1128864140 >> [v2:172.21.15.119:6800/1786892517,v1:172.21.15.119:6801/1786892517] conn(0x7f2bcc039070 0x7f2bcc03b530 secure :-1 s=READY pgs=9 cs=0 l=1 rev1=1 crypto rx=0x7f2bd4006fd0 tx=0x7f2bd4006e40 comp rx=0 tx=0).ready entity=mgr.14152 client_cookie=0 server_cookie=0 in_seq=0 out_seq=0
2024-03-23T22:45:09.256 INFO:teuthology.orchestra.run.smithi119.stdout:/usr/bin/ceph: stderr
2024-03-23T22:45:08.303+0000 7f2bdf400700 1 -- 172.21.15.119:0/1128864140 <== mon.0 v2:172.21.15.119:3300/0 6 ==== mon_command_ack([{"prefix": "get_command_descriptions"}]=0 v0) v1 ==== 72+0+186149 (secure 0 0 0) 0x7f2bd802c3a0 con 0x7f2be807deb0
2024-03-23T22:45:09.256 INFO:teuthology.orchestra.run.smithi119.stdout:/usr/bin/ceph: stderr
2024-03-23T22:45:08.525+0000 7f2beda00700 1 -- 172.21.15.119:0/1128864140 --> [v2:172.21.15.119:3300/0,v1:172.21.15.119:6789/0] -- mon_command({"prefix": "config get", "who": "mgr", "key": "mgr/dashboard/ssl_server_port"} v 0) v1 -- 0x7f2be81a11d0 con 0x7f2be807deb0
2024-03-23T22:45:09.256 INFO:teuthology.orchestra.run.smithi119.stdout:/usr/bin/ceph: stderr
2024-03-23T22:45:08.526+0000 7f2bdf400700 1 -- 172.21.15.119:0/1128864140 <== mon.0 v2:172.21.15.119:3300/0 7 ==== mon_command_ack([{"prefix": "config get", "who": "mgr", "key": "mgr/dashboard/ssl_server_port"}]=0 v8) v1 ==== 112+0+5 (secure 0 0 0) 0x7f2bd8016260 con 0x7f2be807deb0
2024-03-23T22:45:09.256 INFO:teuthology.orchestra.run.smithi119.stdout:/usr/bin/ceph: stderr
2024-03-23T22:45:08.529+0000 7f2beda00700 1 -- 172.21.15.119:0/1128864140 >> [v2:172.21.15.119:6800/1786892517,v1:172.21.15.119:6801/1786892517] conn(0x7f2bcc039070 msgr2=0x7f2bcc03b530 secure :-1 s=STATE_CONNECTION_ESTABLISHED l=1).mark_down
2024-03-23T22:45:09.256 INFO:teuthology.orchestra.run.smithi119.stdout:/usr/bin/ceph: stderr
2024-03-23T22:45:08.529+0000 7f2beda00700 1 --2- 172.21.15.119:0/1128864140 >> [v2:172.21.15.119:6800/1786892517,v1:172.21.15.119:6801/1786892517] conn(0x7f2bcc039070 0x7f2bcc03b530 secure :-1 s=READY pgs=9 cs=0 l=1 rev1=1 crypto rx=0x7f2bd4006fd0 tx=0x7f2bd4006e40 comp rx=0 tx=0).stop
2024-03-23T22:45:09.256 INFO:teuthology.orchestra.run.smithi119.stdout:/usr/bin/ceph: stderr
2024-03-23T22:45:08.529+0000 7f2beda00700 1 -- 172.21.15.119:0/1128864140 >> [v2:172.21.15.119:3300/0,v1:172.21.15.119:6789/0] conn(0x7f2be807deb0 msgr2=0x7f2be819db40 secure :-1 s=STATE_CONNECTION_ESTABLISHED l=1).mark_down
2024-03-23T22:45:09.256 INFO:teuthology.orchestra.run.smithi119.stdout:/usr/bin/ceph: stderr
2024-03-23T22:45:08.529+0000 7f2beda00700 1 --2- 172.21.15.119:0/1128864140 >> [v2:172.21.15.119:3300/0,v1:172.21.15.119:6789/0] conn(0x7f2be807deb0 0x7f2be819db40 secure :-1 s=READY pgs=75 cs=0 l=1 rev1=1 crypto rx=0x7f2bd8011a20 tx=0x7f2bd8011b00 comp rx=0 tx=0).stop
2024-03-23T22:45:09.256 INFO:teuthology.orchestra.run.smithi119.stdout:/usr/bin/ceph: stderr
2024-03-23T22:45:08.529+0000 7f2beda00700 1 -- 172.21.15.119:0/1128864140 shutdown_connections
2024-03-23T22:45:09.256 INFO:teuthology.orchestra.run.smithi119.stdout:/usr/bin/ceph: stderr
2024-03-23T22:45:08.529+0000 7f2beda00700 1 --2- 172.21.15.119:0/1128864140 >> [v2:172.21.15.119:6800/1786892517,v1:172.21.15.119:6801/1786892517] conn(0x7f2bcc039070 0x7f2bcc03b530 unknown :-1 s=CLOSED pgs=9 cs=0 l=1 rev1=1 crypto rx=0 tx=0 comp rx=0 tx=0).stop
2024-03-23T22:45:09.256 INFO:teuthology.orchestra.run.smithi119.stdout:/usr/bin/ceph: stderr
2024-03-23T22:45:08.529+0000 7f2beda00700 1 --2- 172.21.15.119:0/1128864140 >> [v2:172.21.15.119:3300/0,v1:172.21.15.119:6789/0] conn(0x7f2be807deb0 0x7f2be819db40 unknown :-1 s=CLOSED pgs=75 cs=0 l=1 rev1=1 crypto rx=0 tx=0 comp rx=0 tx=0).stop
2024-03-23T22:45:09.256 INFO:teuthology.orchestra.run.smithi119.stdout:/usr/bin/ceph: stderr
2024-03-23T22:45:08.529+0000 7f2beda00700 1 -- 172.21.15.119:0/1128864140 >> 172.21.15.119:0/1128864140 conn(0x7f2be81030d0 msgr2=0x7f2be8103bf0 unknown :-1 s=STATE_NONE l=0).mark_down
2024-03-23T22:45:09.256 INFO:teuthology.orchestra.run.smithi119.stdout:/usr/bin/ceph: stderr
2024-03-23T22:45:08.530+0000 7f2beda00700 1 -- 172.21.15.119:0/1128864140 shutdown_connections
2024-03-23T22:45:09.257 INFO:teuthology.orchestra.run.smithi119.stdout:/usr/bin/ceph: stderr
2024-03-23T22:45:08.530+0000 7f2beda00700 1 -- 172.21.15.119:0/1128864140 wait complete.
2024-03-23T22:45:09.293 INFO:teuthology.orchestra.run.smithi119.stdout:Non-zero exit code 1 from systemctl is-enabled firewalld.service
2024-03-23T22:45:09.293 INFO:teuthology.orchestra.run.smithi119.stdout:systemctl: stdout disabled
2024-03-23T22:45:09.319 INFO:teuthology.orchestra.run.smithi119.stdout:Non-zero exit code 3 from systemctl is-active firewalld.service
2024-03-23T22:45:09.319 INFO:teuthology.orchestra.run.smithi119.stdout:systemctl: stdout inactive
2024-03-23T22:45:09.319 INFO:teuthology.orchestra.run.smithi119.stdout:firewalld.service is not enabled
2024-03-23T22:45:09.320 INFO:teuthology.orchestra.run.smithi119.stdout:Not possible to open ports <[8443]>. firewalld.service is not available
2024-03-23T22:45:09.325 INFO:teuthology.orchestra.run.smithi119.stdout:Ceph Dashboard is now available at:
2024-03-23T22:45:09.325 INFO:teuthology.orchestra.run.smithi119.stdout:
2024-03-23T22:45:09.326 INFO:teuthology.orchestra.run.smithi119.stdout: URL: https://smithi119.front.sepia.ceph.com:8443/
2024-03-23T22:45:09.326 INFO:teuthology.orchestra.run.smithi119.stdout: User: admin
2024-03-23T22:45:09.326 INFO:teuthology.orchestra.run.smithi119.stdout: Password: 97wd6f7h4x
2024-03-23T22:45:09.326 INFO:teuthology.orchestra.run.smithi119.stdout:
2024-03-23T22:45:09.326 INFO:teuthology.orchestra.run.smithi119.stdout:Saving cluster configuration to /var/lib/ceph/a58a1b6a-e966-11ee-95cd-87774f69a715/config directory
2024-03-23T22:45:09.328 INFO:teuthology.orchestra.run.smithi119.stdout:Enabling autotune for osd_memory_target
2024-03-23T22:45:09.536 INFO:journalctl@ceph.mon.a.smithi119.stdout:Mar 23 22:45:09 smithi119 ceph-mon[31563]: mgrmap e13: x(active, since 6s)
2024-03-23T22:45:09.536 INFO:journalctl@ceph.mon.a.smithi119.stdout:Mar 23 22:45:09 smithi119 ceph-mon[31563]: from='client.? 172.21.15.119:0/1128864140' entity='client.admin' cmd=[{"prefix": "config get", "who": "mgr", "key": "mgr/dashboard/ssl_server_port"}]: dispatch
2024-03-23T22:45:11.226 INFO:teuthology.orchestra.run.smithi119.stdout:/usr/bin/ceph: stderr
2024-03-23T22:45:10.350+0000 7f8f53000700 1 Processor -- start
2024-03-23T22:45:11.227 INFO:teuthology.orchestra.run.smithi119.stdout:/usr/bin/ceph: stderr
2024-03-23T22:45:10.350+0000 7f8f53000700 1 -- start start
2024-03-23T22:45:11.227 INFO:teuthology.orchestra.run.smithi119.stdout:/usr/bin/ceph: stderr
2024-03-23T22:45:10.351+0000 7f8f53000700 1 --2- >> [v2:172.21.15.119:3300/0,v1:172.21.15.119:6789/0] conn(0x7f8f4c07deb0 0x7f8f4c07c310 unknown :-1 s=NONE pgs=0 cs=0 l=0 rev1=0 crypto rx=0 tx=0 comp rx=0 tx=0).connect
2024-03-23T22:45:11.227 INFO:teuthology.orchestra.run.smithi119.stdout:/usr/bin/ceph: stderr
2024-03-23T22:45:10.351+0000 7f8f53000700 1 -- --> [v2:172.21.15.119:3300/0,v1:172.21.15.119:6789/0] -- mon_getmap magic: 0 v1 -- 0x7f8f4c07c8e0 con 0x7f8f4c07deb0
2024-03-23T22:45:11.227 INFO:teuthology.orchestra.run.smithi119.stdout:/usr/bin/ceph: stderr
2024-03-23T22:45:10.351+0000 7f8f4be00700 1 --2- >> [v2:172.21.15.119:3300/0,v1:172.21.15.119:6789/0] conn(0x7f8f4c07deb0 0x7f8f4c07c310 unknown :-1 s=BANNER_CONNECTING pgs=0 cs=0 l=0 rev1=0 crypto rx=0 tx=0 comp rx=0 tx=0)._handle_peer_banner_payload supported=3 required=0
2024-03-23T22:45:11.227 INFO:teuthology.orchestra.run.smithi119.stdout:/usr/bin/ceph: stderr
2024-03-23T22:45:10.351+0000 7f8f4be00700 1 --2- >> [v2:172.21.15.119:3300/0,v1:172.21.15.119:6789/0] conn(0x7f8f4c07deb0 0x7f8f4c07c310 unknown :-1 s=HELLO_CONNECTING pgs=0 cs=0 l=0 rev1=1 crypto rx=0 tx=0 comp rx=0 tx=0).handle_hello peer v2:172.21.15.119:3300/0 says I am v2:172.21.15.119:52178/0 (socket says 172.21.15.119:52178)
2024-03-23T22:45:11.227 INFO:teuthology.orchestra.run.smithi119.stdout:/usr/bin/ceph: stderr
2024-03-23T22:45:10.351+0000 7f8f4be00700 1 -- 172.21.15.119:0/3946312380 learned_addr learned my addr 172.21.15.119:0/3946312380 (peer_addr_for_me v2:172.21.15.119:0/0)
2024-03-23T22:45:11.227 INFO:teuthology.orchestra.run.smithi119.stdout:/usr/bin/ceph: stderr
2024-03-23T22:45:10.352+0000 7f8f4be00700 1 -- 172.21.15.119:0/3946312380 --> [v2:172.21.15.119:3300/0,v1:172.21.15.119:6789/0] -- mon_subscribe({config=0+,monmap=0+}) v3 -- 0x7f8f4c07ca60 con 0x7f8f4c07deb0
2024-03-23T22:45:11.227 INFO:teuthology.orchestra.run.smithi119.stdout:/usr/bin/ceph: stderr
2024-03-23T22:45:10.352+0000 7f8f4be00700 1 --2- 172.21.15.119:0/3946312380 >> [v2:172.21.15.119:3300/0,v1:172.21.15.119:6789/0] conn(0x7f8f4c07deb0 0x7f8f4c07c310 secure :-1 s=READY pgs=76 cs=0 l=1 rev1=1 crypto rx=0x7f8f3c0098a0 tx=0x7f8f3c009bb0 comp rx=0 tx=0).ready entity=mon.0 client_cookie=356647cb464e9d66 server_cookie=0 in_seq=0 out_seq=0
2024-03-23T22:45:11.227 INFO:teuthology.orchestra.run.smithi119.stdout:/usr/bin/ceph: stderr
2024-03-23T22:45:10.352+0000 7f8f4aa00700 1 -- 172.21.15.119:0/3946312380 <== mon.0 v2:172.21.15.119:3300/0 1 ==== mon_map magic: 0 v1 ==== 205+0+0 (secure 0 0 0) 0x7f8f3c004160 con 0x7f8f4c07deb0
2024-03-23T22:45:11.227 INFO:teuthology.orchestra.run.smithi119.stdout:/usr/bin/ceph: stderr
2024-03-23T22:45:10.352+0000 7f8f4aa00700 1 -- 172.21.15.119:0/3946312380 <== mon.0 v2:172.21.15.119:3300/0 2 ==== config(26 keys) v1 ==== 1102+0+0 (secure 0 0 0) 0x7f8f3c004300 con 0x7f8f4c07deb0
2024-03-23T22:45:11.227 INFO:teuthology.orchestra.run.smithi119.stdout:/usr/bin/ceph: stderr
2024-03-23T22:45:10.352+0000 7f8f4aa00700 1 -- 172.21.15.119:0/3946312380 <== mon.0 v2:172.21.15.119:3300/0 3 ==== mon_map magic: 0 v1 ==== 205+0+0 (secure 0 0 0) 0x7f8f3c011a50 con 0x7f8f4c07deb0
2024-03-23T22:45:11.227 INFO:teuthology.orchestra.run.smithi119.stdout:/usr/bin/ceph: stderr
