2024-03-23T22:50:54.291+0000 7f27aca00700 1 --2- 172.21.15.12:0/3918233672 >> [v2:172.21.15.12:6800/4127975083,v1:172.21.15.12:6801/4127975083] conn(0x7f278c038f70 0x7f278c03b430 secure :-1 s=READY pgs=9 cs=0 l=1 rev1=1 crypto rx=0x7f2794006fd0 tx=0x7f2794006e40 comp rx=0 tx=0).stop
2024-03-23T22:50:55.003 INFO:teuthology.orchestra.run.smithi012.stdout:/usr/bin/ceph: stderr
2024-03-23T22:50:54.291+0000 7f27aca00700 1 -- 172.21.15.12:0/3918233672 >> [v2:172.21.15.12:3300/0,v1:172.21.15.12:6789/0] conn(0x7f27a8109a30 msgr2=0x7f27a819d980 secure :-1 s=STATE_CONNECTION_ESTABLISHED l=1).mark_down
2024-03-23T22:50:55.003 INFO:teuthology.orchestra.run.smithi012.stdout:/usr/bin/ceph: stderr
2024-03-23T22:50:54.291+0000 7f27aca00700 1 --2- 172.21.15.12:0/3918233672 >> [v2:172.21.15.12:3300/0,v1:172.21.15.12:6789/0] conn(0x7f27a8109a30 0x7f27a819d980 secure :-1 s=READY pgs=42 cs=0 l=1 rev1=1 crypto rx=0x7f2798000c00 tx=0x7f2798011c10 comp rx=0 tx=0).stop
2024-03-23T22:50:55.003 INFO:teuthology.orchestra.run.smithi012.stdout:/usr/bin/ceph: stderr
2024-03-23T22:50:54.291+0000 7f27aca00700 1 -- 172.21.15.12:0/3918233672 shutdown_connections
2024-03-23T22:50:55.003 INFO:teuthology.orchestra.run.smithi012.stdout:/usr/bin/ceph: stderr
2024-03-23T22:50:54.291+0000 7f27aca00700 1 --2- 172.21.15.12:0/3918233672 >> [v2:172.21.15.12:6800/4127975083,v1:172.21.15.12:6801/4127975083] conn(0x7f278c038f70 0x7f278c03b430 unknown :-1 s=CLOSED pgs=9 cs=0 l=1 rev1=1 crypto rx=0 tx=0 comp rx=0 tx=0).stop
2024-03-23T22:50:55.003 INFO:teuthology.orchestra.run.smithi012.stdout:/usr/bin/ceph: stderr
2024-03-23T22:50:54.291+0000 7f27aca00700 1 --2- 172.21.15.12:0/3918233672 >> [v2:172.21.15.12:3300/0,v1:172.21.15.12:6789/0] conn(0x7f27a8109a30 0x7f27a819d980 unknown :-1 s=CLOSED pgs=42 cs=0 l=1 rev1=1 crypto rx=0 tx=0 comp rx=0 tx=0).stop
2024-03-23T22:50:55.003 INFO:teuthology.orchestra.run.smithi012.stdout:/usr/bin/ceph: stderr
2024-03-23T22:50:54.292+0000 7f27aca00700 1 -- 172.21.15.12:0/3918233672 >> 172.21.15.12:0/3918233672 conn(0x7f27a81054a0 msgr2=0x7f27a8107030 unknown :-1 s=STATE_NONE l=0).mark_down
2024-03-23T22:50:55.003 INFO:teuthology.orchestra.run.smithi012.stdout:/usr/bin/ceph: stderr
2024-03-23T22:50:54.292+0000 7f27aca00700 1 -- 172.21.15.12:0/3918233672 shutdown_connections
2024-03-23T22:50:55.003 INFO:teuthology.orchestra.run.smithi012.stdout:/usr/bin/ceph: stderr
2024-03-23T22:50:54.292+0000 7f27aca00700 1 -- 172.21.15.12:0/3918233672 wait complete.
2024-03-23T22:50:55.554 INFO:journalctl@ceph.mon.a.smithi012.stdout:Mar 23 22:50:55 smithi012 ceph-mon[31695]: from='client.14136 -' entity='client.admin' cmd=[{"prefix": "cephadm generate-key", "target": ["mon-mgr", ""]}]: dispatch
2024-03-23T22:50:55.554 INFO:journalctl@ceph.mon.a.smithi012.stdout:Mar 23 22:50:55 smithi012 ceph-mon[31695]: Generating ssh key...
2024-03-23T22:50:55.554 INFO:journalctl@ceph.mon.a.smithi012.stdout:Mar 23 22:50:55 smithi012 ceph-mon[31695]: from='mgr.14120 172.21.15.12:0/3651273136' entity='mgr.x'
2024-03-23T22:50:55.554 INFO:journalctl@ceph.mon.a.smithi012.stdout:Mar 23 22:50:55 smithi012 ceph-mon[31695]: from='mgr.14120 172.21.15.12:0/3651273136' entity='mgr.x'
2024-03-23T22:50:56.526 INFO:teuthology.orchestra.run.smithi012.stdout:/usr/bin/ceph: stdout ssh-rsa AAAAB3NzaC1yc2EAAAADAQABAAABgQDZoSciPO4yj+WOea6DWeuGsUiKT+SYUamLfbGi6V5fM+ONThvLcCn8zIjddVT8nvyygakcwGtZAvk2jNd/uyLSg8wQkh63BlvBbzw9WvvBaSl7ooRNRve509Crs4CkXIRPPPaDVqP5zrzB6A5el4RPSpOrOnZ5PZC8iXw0MGFNy4E6uHDxd3CniXqgOeJ0zVq4wEcy8LNAtHxanBgvISMDp0afBis1UIM3Li7fgEhZRoNhmIMtkG1MxwvDkyDfPimHbSgP0CN2wtbD6ogi5bPJGOzP/LG/5SA8eVWbPWHKuNOEiu0ndLNyDiMedACKQEdNNawx1UkNTpJVG0kdU3dlmMx0YBgkP1OmvSyOC6Dp4Smh8NAgT4WTryt0QSlKKe5ALKgvoGRvIacXxzdd0qmv357JYp4pXGLtz4HlJttWwhVQuPG8UNgugkMFYFVQCyyf8vLj/s6lC48/1mS+e+RQrUOc+8CXQr0QhIGefZmy+tUIePAA/OZBaH+HMxv0Xfk= ceph-90f679ae-e967-11ee-95cd-87774f69a715
2024-03-23T22:50:56.526 INFO:teuthology.orchestra.run.smithi012.stdout:/usr/bin/ceph: stderr
2024-03-23T22:50:55.565+0000 7fd609a00700 1 Processor -- start
2024-03-23T22:50:56.526 INFO:teuthology.orchestra.run.smithi012.stdout:/usr/bin/ceph: stderr
2024-03-23T22:50:55.565+0000 7fd609a00700 1 -- start start
2024-03-23T22:50:56.526 INFO:teuthology.orchestra.run.smithi012.stdout:/usr/bin/ceph: stderr
2024-03-23T22:50:55.566+0000 7fd609a00700 1 --2- >> [v2:172.21.15.12:3300/0,v1:172.21.15.12:6789/0] conn(0x7fd6041060a0 0x7fd6041064c0 unknown :-1 s=NONE pgs=0 cs=0 l=0 rev1=0 crypto rx=0 tx=0 comp rx=0 tx=0).connect
2024-03-23T22:50:56.526 INFO:teuthology.orchestra.run.smithi012.stdout:/usr/bin/ceph: stderr
2024-03-23T22:50:55.566+0000 7fd609a00700 1 -- --> [v2:172.21.15.12:3300/0,v1:172.21.15.12:6789/0] -- mon_getmap magic: 0 v1 -- 0x7fd60407ae30 con 0x7fd6041060a0
2024-03-23T22:50:56.526 INFO:teuthology.orchestra.run.smithi012.stdout:/usr/bin/ceph: stderr
2024-03-23T22:50:55.566+0000 7fd603e00700 1 --2- >> [v2:172.21.15.12:3300/0,v1:172.21.15.12:6789/0] conn(0x7fd6041060a0 0x7fd6041064c0 unknown :-1 s=BANNER_CONNECTING pgs=0 cs=0 l=0 rev1=0 crypto rx=0 tx=0 comp rx=0 tx=0)._handle_peer_banner_payload supported=3 required=0
2024-03-23T22:50:56.526 INFO:teuthology.orchestra.run.smithi012.stdout:/usr/bin/ceph: stderr
2024-03-23T22:50:55.566+0000 7fd603e00700 1 --2- >> [v2:172.21.15.12:3300/0,v1:172.21.15.12:6789/0] conn(0x7fd6041060a0 0x7fd6041064c0 unknown :-1 s=HELLO_CONNECTING pgs=0 cs=0 l=0 rev1=1 crypto rx=0 tx=0 comp rx=0 tx=0).handle_hello peer v2:172.21.15.12:3300/0 says I am v2:172.21.15.12:59128/0 (socket says 172.21.15.12:59128)
2024-03-23T22:50:56.526 INFO:teuthology.orchestra.run.smithi012.stdout:/usr/bin/ceph: stderr
2024-03-23T22:50:55.566+0000 7fd603e00700 1 -- 172.21.15.12:0/4271809493 learned_addr learned my addr 172.21.15.12:0/4271809493 (peer_addr_for_me v2:172.21.15.12:0/0)
2024-03-23T22:50:56.526 INFO:teuthology.orchestra.run.smithi012.stdout:/usr/bin/ceph: stderr
2024-03-23T22:50:55.567+0000 7fd603e00700 1 -- 172.21.15.12:0/4271809493 --> [v2:172.21.15.12:3300/0,v1:172.21.15.12:6789/0] -- mon_subscribe({config=0+,monmap=0+}) v3 -- 0x7fd604106a00 con 0x7fd6041060a0
2024-03-23T22:50:56.526 INFO:teuthology.orchestra.run.smithi012.stdout:/usr/bin/ceph: stderr
2024-03-23T22:50:55.567+0000 7fd603e00700 1 --2- 172.21.15.12:0/4271809493 >> [v2:172.21.15.12:3300/0,v1:172.21.15.12:6789/0] conn(0x7fd6041060a0 0x7fd6041064c0 secure :-1 s=READY pgs=43 cs=0 l=1 rev1=1 crypto rx=0x7fd5f40098a0 tx=0x7fd5f4009bb0 comp rx=0 tx=0).ready entity=mon.0 client_cookie=8d602f2915f3c50 server_cookie=0 in_seq=0 out_seq=0
2024-03-23T22:50:56.526 INFO:teuthology.orchestra.run.smithi012.stdout:/usr/bin/ceph: stderr
2024-03-23T22:50:55.567+0000 7fd602a00700 1 -- 172.21.15.12:0/4271809493 <== mon.0 v2:172.21.15.12:3300/0 1 ==== mon_map magic: 0 v1 ==== 205+0+0 (secure 0 0 0) 0x7fd5f4004160 con 0x7fd6041060a0
2024-03-23T22:50:56.526 INFO:teuthology.orchestra.run.smithi012.stdout:/usr/bin/ceph: stderr
2024-03-23T22:50:55.567+0000 7fd602a00700 1 -- 172.21.15.12:0/4271809493 <== mon.0 v2:172.21.15.12:3300/0 2 ==== config(27 keys) v1 ==== 1109+0+0 (secure 0 0 0) 0x7fd5f4004300 con 0x7fd6041060a0
2024-03-23T22:50:56.527 INFO:teuthology.orchestra.run.smithi012.stdout:/usr/bin/ceph: stderr
2024-03-23T22:50:55.567+0000 7fd602a00700 1 -- 172.21.15.12:0/4271809493 <== mon.0 v2:172.21.15.12:3300/0 3 ==== mon_map magic: 0 v1 ==== 205+0+0 (secure 0 0 0) 0x7fd5f4011b50 con 0x7fd6041060a0
2024-03-23T22:50:56.527 INFO:teuthology.orchestra.run.smithi012.stdout:/usr/bin/ceph: stderr
2024-03-23T22:50:55.568+0000 7fd609a00700 1 -- 172.21.15.12:0/4271809493 >> [v2:172.21.15.12:3300/0,v1:172.21.15.12:6789/0] conn(0x7fd6041060a0 msgr2=0x7fd6041064c0 secure :-1 s=STATE_CONNECTION_ESTABLISHED l=1).mark_down
2024-03-23T22:50:56.527 INFO:teuthology.orchestra.run.smithi012.stdout:/usr/bin/ceph: stderr
2024-03-23T22:50:55.568+0000 7fd609a00700 1 --2- 172.21.15.12:0/4271809493 >> [v2:172.21.15.12:3300/0,v1:172.21.15.12:6789/0] conn(0x7fd6041060a0 0x7fd6041064c0 secure :-1 s=READY pgs=43 cs=0 l=1 rev1=1 crypto rx=0x7fd5f40098a0 tx=0x7fd5f4009bb0 comp rx=0 tx=0).stop
2024-03-23T22:50:56.527 INFO:teuthology.orchestra.run.smithi012.stdout:/usr/bin/ceph: stderr
2024-03-23T22:50:55.568+0000 7fd609a00700 1 -- 172.21.15.12:0/4271809493 shutdown_connections
2024-03-23T22:50:56.527 INFO:teuthology.orchestra.run.smithi012.stdout:/usr/bin/ceph: stderr
2024-03-23T22:50:55.568+0000 7fd609a00700 1 --2- 172.21.15.12:0/4271809493 >> [v2:172.21.15.12:3300/0,v1:172.21.15.12:6789/0] conn(0x7fd6041060a0 0x7fd6041064c0 unknown :-1 s=CLOSED pgs=43 cs=0 l=1 rev1=1 crypto rx=0 tx=0 comp rx=0 tx=0).stop
2024-03-23T22:50:56.527 INFO:teuthology.orchestra.run.smithi012.stdout:/usr/bin/ceph: stderr
2024-03-23T22:50:55.568+0000 7fd609a00700 1 -- 172.21.15.12:0/4271809493 >> 172.21.15.12:0/4271809493 conn(0x7fd604101d40 msgr2=0x7fd604104160 unknown :-1 s=STATE_NONE l=0).mark_down
2024-03-23T22:50:56.527 INFO:teuthology.orchestra.run.smithi012.stdout:/usr/bin/ceph: stderr
2024-03-23T22:50:55.568+0000 7fd609a00700 1 -- 172.21.15.12:0/4271809493 shutdown_connections
2024-03-23T22:50:56.527 INFO:teuthology.orchestra.run.smithi012.stdout:/usr/bin/ceph: stderr
2024-03-23T22:50:55.568+0000 7fd609a00700 1 -- 172.21.15.12:0/4271809493 wait complete.
2024-03-23T22:50:56.527 INFO:teuthology.orchestra.run.smithi012.stdout:/usr/bin/ceph: stderr
2024-03-23T22:50:55.569+0000 7fd609a00700 1 Processor -- start
2024-03-23T22:50:56.527 INFO:teuthology.orchestra.run.smithi012.stdout:/usr/bin/ceph: stderr
2024-03-23T22:50:55.570+0000 7fd609a00700 1 -- start start
2024-03-23T22:50:56.527 INFO:teuthology.orchestra.run.smithi012.stdout:/usr/bin/ceph: stderr
2024-03-23T22:50:55.570+0000 7fd609a00700 1 --2- >> [v2:172.21.15.12:3300/0,v1:172.21.15.12:6789/0] conn(0x7fd6041060a0 0x7fd60419d9f0 unknown :-1 s=NONE pgs=0 cs=0 l=1 rev1=0 crypto rx=0 tx=0 comp rx=0 tx=0).connect
2024-03-23T22:50:56.527 INFO:teuthology.orchestra.run.smithi012.stdout:/usr/bin/ceph: stderr
2024-03-23T22:50:55.570+0000 7fd609a00700 1 -- --> [v2:172.21.15.12:3300/0,v1:172.21.15.12:6789/0] -- mon_getmap magic: 0 v1 -- 0x7fd604107a90 con 0x7fd6041060a0
2024-03-23T22:50:56.527 INFO:teuthology.orchestra.run.smithi012.stdout:/usr/bin/ceph: stderr
2024-03-23T22:50:55.570+0000 7fd603e00700 1 --2- >> [v2:172.21.15.12:3300/0,v1:172.21.15.12:6789/0] conn(0x7fd6041060a0 0x7fd60419d9f0 unknown :-1 s=BANNER_CONNECTING pgs=0 cs=0 l=1 rev1=0 crypto rx=0 tx=0 comp rx=0 tx=0)._handle_peer_banner_payload supported=3 required=0
2024-03-23T22:50:56.527 INFO:teuthology.orchestra.run.smithi012.stdout:/usr/bin/ceph: stderr
2024-03-23T22:50:55.570+0000 7fd603e00700 1 --2- >> [v2:172.21.15.12:3300/0,v1:172.21.15.12:6789/0] conn(0x7fd6041060a0 0x7fd60419d9f0 unknown :-1 s=HELLO_CONNECTING pgs=0 cs=0 l=1 rev1=1 crypto rx=0 tx=0 comp rx=0 tx=0).handle_hello peer v2:172.21.15.12:3300/0 says I am v2:172.21.15.12:59132/0 (socket says 172.21.15.12:59132)
2024-03-23T22:50:56.527 INFO:teuthology.orchestra.run.smithi012.stdout:/usr/bin/ceph: stderr
2024-03-23T22:50:55.570+0000 7fd603e00700 1 -- 172.21.15.12:0/53320488 learned_addr learned my addr 172.21.15.12:0/53320488 (peer_addr_for_me v2:172.21.15.12:0/0)
2024-03-23T22:50:56.528 INFO:teuthology.orchestra.run.smithi012.stdout:/usr/bin/ceph: stderr
2024-03-23T22:50:55.570+0000 7fd603e00700 1 -- 172.21.15.12:0/53320488 --> [v2:172.21.15.12:3300/0,v1:172.21.15.12:6789/0] -- mon_subscribe({config=0+,monmap=0+}) v3 -- 0x7fd60419df30 con 0x7fd6041060a0
2024-03-23T22:50:56.528 INFO:teuthology.orchestra.run.smithi012.stdout:/usr/bin/ceph: stderr
2024-03-23T22:50:55.571+0000 7fd603e00700 1 --2- 172.21.15.12:0/53320488 >> [v2:172.21.15.12:3300/0,v1:172.21.15.12:6789/0] conn(0x7fd6041060a0 0x7fd60419d9f0 secure :-1 s=READY pgs=44 cs=0 l=1 rev1=1 crypto rx=0x7fd5f4011b60 tx=0x7fd5f4011c40 comp rx=0 tx=0).ready entity=mon.0 client_cookie=0 server_cookie=0 in_seq=0 out_seq=0
2024-03-23T22:50:56.528 INFO:teuthology.orchestra.run.smithi012.stdout:/usr/bin/ceph: stderr
2024-03-23T22:50:55.571+0000 7fd600c00700 1 -- 172.21.15.12:0/53320488 <== mon.0 v2:172.21.15.12:3300/0 1 ==== mon_map magic: 0 v1 ==== 205+0+0 (secure 0 0 0) 0x7fd5f4003970 con 0x7fd6041060a0
2024-03-23T22:50:56.528 INFO:teuthology.orchestra.run.smithi012.stdout:/usr/bin/ceph: stderr
2024-03-23T22:50:55.571+0000 7fd600c00700 1 -- 172.21.15.12:0/53320488 <== mon.0 v2:172.21.15.12:3300/0 2 ==== config(27 keys) v1 ==== 1109+0+0 (secure 0 0 0) 0x7fd5f4003b10 con 0x7fd6041060a0
2024-03-23T22:50:56.528 INFO:teuthology.orchestra.run.smithi012.stdout:/usr/bin/ceph: stderr
2024-03-23T22:50:55.571+0000 7fd600c00700 1 -- 172.21.15.12:0/53320488 <== mon.0 v2:172.21.15.12:3300/0 3 ==== mon_map magic: 0 v1 ==== 205+0+0 (secure 0 0 0) 0x7fd5f4024610 con 0x7fd6041060a0
2024-03-23T22:50:56.528 INFO:teuthology.orchestra.run.smithi012.stdout:/usr/bin/ceph: stderr
2024-03-23T22:50:55.571+0000 7fd609a00700 1 -- 172.21.15.12:0/53320488 --> [v2:172.21.15.12:3300/0,v1:172.21.15.12:6789/0] -- mon_subscribe({mgrmap=0+}) v3 -- 0x7fd60419e1c0 con 0x7fd6041060a0
2024-03-23T22:50:56.528 INFO:teuthology.orchestra.run.smithi012.stdout:/usr/bin/ceph: stderr
2024-03-23T22:50:55.571+0000 7fd609a00700 1 -- 172.21.15.12:0/53320488 --> [v2:172.21.15.12:3300/0,v1:172.21.15.12:6789/0] -- mon_subscribe({osdmap=0}) v3 -- 0x7fd6041a0eb0 con 0x7fd6041060a0
2024-03-23T22:50:56.528 INFO:teuthology.orchestra.run.smithi012.stdout:/usr/bin/ceph: stderr
2024-03-23T22:50:55.572+0000 7fd609a00700 1 -- 172.21.15.12:0/53320488 --> [v2:172.21.15.12:3300/0,v1:172.21.15.12:6789/0] -- mon_command({"prefix": "get_command_descriptions"} v 0) v1 -- 0x7fd6040637c0 con 0x7fd6041060a0
2024-03-23T22:50:56.528 INFO:teuthology.orchestra.run.smithi012.stdout:/usr/bin/ceph: stderr
2024-03-23T22:50:55.573+0000 7fd600c00700 1 -- 172.21.15.12:0/53320488 <== mon.0 v2:172.21.15.12:3300/0 4 ==== mgrmap(e 8) v1 ==== 46106+0+0 (secure 0 0 0) 0x7fd5f401a9f0 con 0x7fd6041060a0
2024-03-23T22:50:56.528 INFO:teuthology.orchestra.run.smithi012.stdout:/usr/bin/ceph: stderr
2024-03-23T22:50:55.573+0000 7fd600c00700 1 --2- 172.21.15.12:0/53320488 >> [v2:172.21.15.12:6800/4127975083,v1:172.21.15.12:6801/4127975083] conn(0x7fd5e8038f70 0x7fd5e803b430 unknown :-1 s=NONE pgs=0 cs=0 l=1 rev1=0 crypto rx=0 tx=0 comp rx=0 tx=0).connect
2024-03-23T22:50:56.528 INFO:teuthology.orchestra.run.smithi012.stdout:/usr/bin/ceph: stderr
2024-03-23T22:50:55.573+0000 7fd600c00700 1 -- 172.21.15.12:0/53320488 <== mon.0 v2:172.21.15.12:3300/0 5 ==== osd_map(2..2 src has 1..2) v4 ==== 940+0+0 (secure 0 0 0) 0x7fd5f4011e00 con 0x7fd6041060a0
2024-03-23T22:50:56.529 INFO:teuthology.orchestra.run.smithi012.stdout:/usr/bin/ceph: stderr
2024-03-23T22:50:55.574+0000 7fd603400700 1 --2- 172.21.15.12:0/53320488 >> [v2:172.21.15.12:6800/4127975083,v1:172.21.15.12:6801/4127975083] conn(0x7fd5e8038f70 0x7fd5e803b430 unknown :-1 s=BANNER_CONNECTING pgs=0 cs=0 l=1 rev1=0 crypto rx=0 tx=0 comp rx=0 tx=0)._handle_peer_banner_payload supported=3 required=0
2024-03-23T22:50:56.529 INFO:teuthology.orchestra.run.smithi012.stdout:/usr/bin/ceph: stderr
2024-03-23T22:50:55.574+0000 7fd603400700 1 --2- 172.21.15.12:0/53320488 >> [v2:172.21.15.12:6800/4127975083,v1:172.21.15.12:6801/4127975083] conn(0x7fd5e8038f70 0x7fd5e803b430 secure :-1 s=READY pgs=10 cs=0 l=1 rev1=1 crypto rx=0x7fd5f0006fd0 tx=0x7fd5f0006e40 comp rx=0 tx=0).ready entity=mgr.14120 client_cookie=0 server_cookie=0 in_seq=0 out_seq=0
2024-03-23T22:50:56.529 INFO:teuthology.orchestra.run.smithi012.stdout:/usr/bin/ceph: stderr
2024-03-23T22:50:55.579+0000 7fd600c00700 1 -- 172.21.15.12:0/53320488 <== mon.0 v2:172.21.15.12:3300/0 6 ==== mon_command_ack([{"prefix": "get_command_descriptions"}]=0 v0) v1 ==== 72+0+186149 (secure 0 0 0) 0x7fd5f4019e10 con 0x7fd6041060a0
2024-03-23T22:50:56.529 INFO:teuthology.orchestra.run.smithi012.stdout:/usr/bin/ceph: stderr
2024-03-23T22:50:55.804+0000 7fd609a00700 1 -- 172.21.15.12:0/53320488 --> [v2:172.21.15.12:6800/4127975083,v1:172.21.15.12:6801/4127975083] -- mgr_command(tid 0: {"prefix": "cephadm get-pub-key", "target": ["mon-mgr", ""]}) v1 -- 0x7fd6040008d0 con 0x7fd5e8038f70
2024-03-23T22:50:56.529 INFO:teuthology.orchestra.run.smithi012.stdout:/usr/bin/ceph: stderr
2024-03-23T22:50:55.805+0000 7fd600c00700 1 -- 172.21.15.12:0/53320488 <== mgr.14120 v2:172.21.15.12:6800/4127975083 1 ==== mgr_command_reply(tid 0: 0 ) v1 ==== 8+0+595 (secure 0 0 0) 0x7fd6040008d0 con 0x7fd5e8038f70
2024-03-23T22:50:56.529 INFO:teuthology.orchestra.run.smithi012.stdout:/usr/bin/ceph: stderr
2024-03-23T22:50:55.808+0000 7fd609a00700 1 -- 172.21.15.12:0/53320488 >> [v2:172.21.15.12:6800/4127975083,v1:172.21.15.12:6801/4127975083] conn(0x7fd5e8038f70 msgr2=0x7fd5e803b430 secure :-1 s=STATE_CONNECTION_ESTABLISHED l=1).mark_down
2024-03-23T22:50:56.529 INFO:teuthology.orchestra.run.smithi012.stdout:/usr/bin/ceph: stderr
2024-03-23T22:50:55.808+0000 7fd609a00700 1 --2- 172.21.15.12:0/53320488 >> [v2:172.21.15.12:6800/4127975083,v1:172.21.15.12:6801/4127975083] conn(0x7fd5e8038f70 0x7fd5e803b430 secure :-1 s=READY pgs=10 cs=0 l=1 rev1=1 crypto rx=0x7fd5f0006fd0 tx=0x7fd5f0006e40 comp rx=0 tx=0).stop
2024-03-23T22:50:56.529 INFO:teuthology.orchestra.run.smithi012.stdout:/usr/bin/ceph: stderr
2024-03-23T22:50:55.808+0000 7fd609a00700 1 -- 172.21.15.12:0/53320488 >> [v2:172.21.15.12:3300/0,v1:172.21.15.12:6789/0] conn(0x7fd6041060a0 msgr2=0x7fd60419d9f0 secure :-1 s=STATE_CONNECTION_ESTABLISHED l=1).mark_down
2024-03-23T22:50:56.529 INFO:teuthology.orchestra.run.smithi012.stdout:/usr/bin/ceph: stderr
2024-03-23T22:50:55.808+0000 7fd609a00700 1 --2- 172.21.15.12:0/53320488 >> [v2:172.21.15.12:3300/0,v1:172.21.15.12:6789/0] conn(0x7fd6041060a0 0x7fd60419d9f0 secure :-1 s=READY pgs=44 cs=0 l=1 rev1=1 crypto rx=0x7fd5f4011b60 tx=0x7fd5f4011c40 comp rx=0 tx=0).stop
2024-03-23T22:50:56.529 INFO:teuthology.orchestra.run.smithi012.stdout:/usr/bin/ceph: stderr
2024-03-23T22:50:55.808+0000 7fd609a00700 1 -- 172.21.15.12:0/53320488 shutdown_connections
2024-03-23T22:50:56.529 INFO:teuthology.orchestra.run.smithi012.stdout:/usr/bin/ceph: stderr
2024-03-23T22:50:55.808+0000 7fd609a00700 1 --2- 172.21.15.12:0/53320488 >> [v2:172.21.15.12:6800/4127975083,v1:172.21.15.12:6801/4127975083] conn(0x7fd5e8038f70 0x7fd5e803b430 unknown :-1 s=CLOSED pgs=10 cs=0 l=1 rev1=1 crypto rx=0 tx=0 comp rx=0 tx=0).stop
2024-03-23T22:50:56.529 INFO:teuthology.orchestra.run.smithi012.stdout:/usr/bin/ceph: stderr
2024-03-23T22:50:55.808+0000 7fd609a00700 1 --2- 172.21.15.12:0/53320488 >> [v2:172.21.15.12:3300/0,v1:172.21.15.12:6789/0] conn(0x7fd6041060a0 0x7fd60419d9f0 unknown :-1 s=CLOSED pgs=44 cs=0 l=1 rev1=1 crypto rx=0 tx=0 comp rx=0 tx=0).stop
2024-03-23T22:50:56.529 INFO:teuthology.orchestra.run.smithi012.stdout:/usr/bin/ceph: stderr
2024-03-23T22:50:55.808+0000 7fd609a00700 1 -- 172.21.15.12:0/53320488 >> 172.21.15.12:0/53320488 conn(0x7fd604101d40 msgr2=0x7fd604194650 unknown :-1 s=STATE_NONE l=0).mark_down
2024-03-23T22:50:56.530 INFO:teuthology.orchestra.run.smithi012.stdout:/usr/bin/ceph: stderr
2024-03-23T22:50:55.808+0000 7fd609a00700 1 -- 172.21.15.12:0/53320488 shutdown_connections
2024-03-23T22:50:56.530 INFO:teuthology.orchestra.run.smithi012.stdout:/usr/bin/ceph: stderr
2024-03-23T22:50:55.808+0000 7fd609a00700 1 -- 172.21.15.12:0/53320488 wait complete.
2024-03-23T22:50:56.530 INFO:teuthology.orchestra.run.smithi012.stdout:Wrote public SSH key to /home/ubuntu/cephtest/ceph.pub
2024-03-23T22:50:56.530 INFO:teuthology.orchestra.run.smithi012.stdout:Adding key to root@localhost authorized_keys...
2024-03-23T22:50:56.530 INFO:teuthology.orchestra.run.smithi012.stdout:Adding host smithi012...
2024-03-23T22:50:56.804 INFO:journalctl@ceph.mon.a.smithi012.stdout:Mar 23 22:50:56 smithi012 ceph-mon[31695]: from='client.14138 -' entity='client.admin' cmd=[{"prefix": "cephadm get-pub-key", "target": ["mon-mgr", ""]}]: dispatch
2024-03-23T22:50:57.609 INFO:journalctl@ceph.mon.a.smithi012.stdout:Mar 23 22:50:57 smithi012 ceph-mon[31695]: from='client.14140 -' entity='client.admin' cmd=[{"prefix": "orch host add", "hostname": "smithi012", "addr": "172.21.15.12", "target": ["mon-mgr", ""]}]: dispatch
2024-03-23T22:50:59.803 INFO:journalctl@ceph.mon.a.smithi012.stdout:Mar 23 22:50:59 smithi012 ceph-mon[31695]: Deploying cephadm binary to smithi012
2024-03-23T22:51:04.669 INFO:teuthology.orchestra.run.smithi012.stdout:/usr/bin/ceph: stdout Added host 'smithi012' with addr '172.21.15.12'
2024-03-23T22:51:04.670 INFO:teuthology.orchestra.run.smithi012.stdout:/usr/bin/ceph: stderr
2024-03-23T22:50:57.106+0000 7fc293200700 1 Processor -- start
2024-03-23T22:51:04.670 INFO:teuthology.orchestra.run.smithi012.stdout:/usr/bin/ceph: stderr
2024-03-23T22:50:57.106+0000 7fc293200700 1 -- start start
2024-03-23T22:51:04.670 INFO:teuthology.orchestra.run.smithi012.stdout:/usr/bin/ceph: stderr
2024-03-23T22:50:57.106+0000 7fc293200700 1 --2- >> [v2:172.21.15.12:3300/0,v1:172.21.15.12:6789/0] conn(0x7fc28c106270 0x7fc28c106690 unknown :-1 s=NONE pgs=0 cs=0 l=0 rev1=0 crypto rx=0 tx=0 comp rx=0 tx=0).connect
2024-03-23T22:51:04.670 INFO:teuthology.orchestra.run.smithi012.stdout:/usr/bin/ceph: stderr
2024-03-23T22:50:57.107+0000 7fc293200700 1 -- --> [v2:172.21.15.12:3300/0,v1:172.21.15.12:6789/0] -- mon_getmap magic: 0 v1 -- 0x7fc28c07ae50 con 0x7fc28c106270
2024-03-23T22:51:04.670 INFO:teuthology.orchestra.run.smithi012.stdout:/usr/bin/ceph: stderr
2024-03-23T22:50:57.107+0000 7fc28be00700 1 --2- >> [v2:172.21.15.12:3300/0,v1:172.21.15.12:6789/0] conn(0x7fc28c106270 0x7fc28c106690 unknown :-1 s=BANNER_CONNECTING pgs=0 cs=0 l=0 rev1=0 crypto rx=0 tx=0 comp rx=0 tx=0)._handle_peer_banner_payload supported=3 required=0
2024-03-23T22:51:04.670 INFO:teuthology.orchestra.run.smithi012.stdout:/usr/bin/ceph: stderr
2024-03-23T22:50:57.107+0000 7fc28be00700 1 --2- >> [v2:172.21.15.12:3300/0,v1:172.21.15.12:6789/0] conn(0x7fc28c106270 0x7fc28c106690 unknown :-1 s=HELLO_CONNECTING pgs=0 cs=0 l=0 rev1=1 crypto rx=0 tx=0 comp rx=0 tx=0).handle_hello peer v2:172.21.15.12:3300/0 says I am v2:172.21.15.12:59134/0 (socket says 172.21.15.12:59134)
2024-03-23T22:51:04.670 INFO:teuthology.orchestra.run.smithi012.stdout:/usr/bin/ceph: stderr
2024-03-23T22:50:57.107+0000 7fc28be00700 1 -- 172.21.15.12:0/130330716 learned_addr learned my addr 172.21.15.12:0/130330716 (peer_addr_for_me v2:172.21.15.12:0/0)
2024-03-23T22:51:04.670 INFO:teuthology.orchestra.run.smithi012.stdout:/usr/bin/ceph: stderr
2024-03-23T22:50:57.108+0000 7fc28be00700 1 -- 172.21.15.12:0/130330716 --> [v2:172.21.15.12:3300/0,v1:172.21.15.12:6789/0] -- mon_subscribe({config=0+,monmap=0+}) v3 -- 0x7fc28c106bd0 con 0x7fc28c106270
2024-03-23T22:51:04.670 INFO:teuthology.orchestra.run.smithi012.stdout:/usr/bin/ceph: stderr
2024-03-23T22:50:57.108+0000 7fc28be00700 1 --2- 172.21.15.12:0/130330716 >> [v2:172.21.15.12:3300/0,v1:172.21.15.12:6789/0] conn(0x7fc28c106270 0x7fc28c106690 secure :-1 s=READY pgs=45 cs=0 l=1 rev1=1 crypto rx=0x7fc27c0098a0 tx=0x7fc27c009bb0 comp rx=0 tx=0).ready entity=mon.0 client_cookie=de2f8bda0e52b10f server_cookie=0 in_seq=0 out_seq=0
2024-03-23T22:51:04.670 INFO:teuthology.orchestra.run.smithi012.stdout:/usr/bin/ceph: stderr
2024-03-23T22:50:57.108+0000 7fc28aa00700 1 -- 172.21.15.12:0/130330716 <== mon.0 v2:172.21.15.12:3300/0 1 ==== mon_map magic: 0 v1 ==== 205+0+0 (secure 0 0 0) 0x7fc27c004160 con 0x7fc28c106270
2024-03-23T22:51:04.670 INFO:teuthology.orchestra.run.smithi012.stdout:/usr/bin/ceph: stderr
2024-03-23T22:50:57.109+0000 7fc28aa00700 1 -- 172.21.15.12:0/130330716 <== mon.0 v2:172.21.15.12:3300/0 2 ==== config(27 keys) v1 ==== 1109+0+0 (secure 0 0 0) 0x7fc27c004300 con 0x7fc28c106270
2024-03-23T22:51:04.671 INFO:teuthology.orchestra.run.smithi012.stdout:/usr/bin/ceph: stderr
2024-03-23T22:50:57.109+0000 7fc28aa00700 1 -- 172.21.15.12:0/130330716 <== mon.0 v2:172.21.15.12:3300/0 3 ==== mon_map magic: 0 v1 ==== 205+0+0 (secure 0 0 0) 0x7fc27c011b50 con 0x7fc28c106270
2024-03-23T22:51:04.671 INFO:teuthology.orchestra.run.smithi012.stdout:/usr/bin/ceph: stderr
2024-03-23T22:50:57.109+0000 7fc293200700 1 -- 172.21.15.12:0/130330716 >> [v2:172.21.15.12:3300/0,v1:172.21.15.12:6789/0] conn(0x7fc28c106270 msgr2=0x7fc28c106690 secure :-1 s=STATE_CONNECTION_ESTABLISHED l=1).mark_down
2024-03-23T22:51:04.671 INFO:teuthology.orchestra.run.smithi012.stdout:/usr/bin/ceph: stderr
2024-03-23T22:50:57.109+0000 7fc293200700 1 --2- 172.21.15.12:0/130330716 >> [v2:172.21.15.12:3300/0,v1:172.21.15.12:6789/0] conn(0x7fc28c106270 0x7fc28c106690 secure :-1 s=READY pgs=45 cs=0 l=1 rev1=1 crypto rx=0x7fc27c0098a0 tx=0x7fc27c009bb0 comp rx=0 tx=0).stop
2024-03-23T22:51:04.671 INFO:teuthology.orchestra.run.smithi012.stdout:/usr/bin/ceph: stderr
2024-03-23T22:50:57.109+0000 7fc293200700 1 -- 172.21.15.12:0/130330716 shutdown_connections
2024-03-23T22:51:04.671 INFO:teuthology.orchestra.run.smithi012.stdout:/usr/bin/ceph: stderr
2024-03-23T22:50:57.109+0000 7fc293200700 1 --2- 172.21.15.12:0/130330716 >> [v2:172.21.15.12:3300/0,v1:172.21.15.12:6789/0] conn(0x7fc28c106270 0x7fc28c106690 unknown :-1 s=CLOSED pgs=45 cs=0 l=1 rev1=1 crypto rx=0 tx=0 comp rx=0 tx=0).stop
2024-03-23T22:51:04.671 INFO:teuthology.orchestra.run.smithi012.stdout:/usr/bin/ceph: stderr
2024-03-23T22:50:57.109+0000 7fc293200700 1 -- 172.21.15.12:0/130330716 >> 172.21.15.12:0/130330716 conn(0x7fc28c101f90 msgr2=0x7fc28c1043b0 unknown :-1 s=STATE_NONE l=0).mark_down
2024-03-23T22:51:04.671 INFO:teuthology.orchestra.run.smithi012.stdout:/usr/bin/ceph: stderr
2024-03-23T22:50:57.109+0000 7fc293200700 1 -- 172.21.15.12:0/130330716 shutdown_connections
2024-03-23T22:51:04.671 INFO:teuthology.orchestra.run.smithi012.stdout:/usr/bin/ceph: stderr
2024-03-23T22:50:57.109+0000 7fc293200700 1 -- 172.21.15.12:0/130330716 wait complete.
2024-03-23T22:51:04.671 INFO:teuthology.orchestra.run.smithi012.stdout:/usr/bin/ceph: stderr
2024-03-23T22:50:57.111+0000 7fc293200700 1 Processor -- start
2024-03-23T22:51:04.671 INFO:teuthology.orchestra.run.smithi012.stdout:/usr/bin/ceph: stderr
2024-03-23T22:50:57.111+0000 7fc293200700 1 -- start start
2024-03-23T22:51:04.671 INFO:teuthology.orchestra.run.smithi012.stdout:/usr/bin/ceph: stderr
2024-03-23T22:50:57.111+0000 7fc293200700 1 --2- >> [v2:172.21.15.12:3300/0,v1:172.21.15.12:6789/0] conn(0x7fc28c106270 0x7fc28c19db60 unknown :-1 s=NONE pgs=0 cs=0 l=1 rev1=0 crypto rx=0 tx=0 comp rx=0 tx=0).connect
2024-03-23T22:51:04.671 INFO:teuthology.orchestra.run.smithi012.stdout:/usr/bin/ceph: stderr
2024-03-23T22:50:57.111+0000 7fc293200700 1 -- --> [v2:172.21.15.12:3300/0,v1:172.21.15.12:6789/0] -- mon_getmap magic: 0 v1 -- 0x7fc28c107c60 con 0x7fc28c106270
2024-03-23T22:51:04.671 INFO:teuthology.orchestra.run.smithi012.stdout:/usr/bin/ceph: stderr
2024-03-23T22:50:57.111+0000 7fc28be00700 1 --2- >> [v2:172.21.15.12:3300/0,v1:172.21.15.12:6789/0] conn(0x7fc28c106270 0x7fc28c19db60 unknown :-1 s=BANNER_CONNECTING pgs=0 cs=0 l=1 rev1=0 crypto rx=0 tx=0 comp rx=0 tx=0)._handle_peer_banner_payload supported=3 required=0
2024-03-23T22:51:04.671 INFO:teuthology.orchestra.run.smithi012.stdout:/usr/bin/ceph: stderr
2024-03-23T22:50:57.111+0000 7fc28be00700 1 --2- >> [v2:172.21.15.12:3300/0,v1:172.21.15.12:6789/0] conn(0x7fc28c106270 0x7fc28c19db60 unknown :-1 s=HELLO_CONNECTING pgs=0 cs=0 l=1 rev1=1 crypto rx=0 tx=0 comp rx=0 tx=0).handle_hello peer v2:172.21.15.12:3300/0 says I am v2:172.21.15.12:59148/0 (socket says 172.21.15.12:59148)
2024-03-23T22:51:04.672 INFO:teuthology.orchestra.run.smithi012.stdout:/usr/bin/ceph: stderr
2024-03-23T22:50:57.111+0000 7fc28be00700 1 -- 172.21.15.12:0/1931627295 learned_addr learned my addr 172.21.15.12:0/1931627295 (peer_addr_for_me v2:172.21.15.12:0/0)
2024-03-23T22:51:04.672 INFO:teuthology.orchestra.run.smithi012.stdout:/usr/bin/ceph: stderr
2024-03-23T22:50:57.112+0000 7fc28be00700 1 -- 172.21.15.12:0/1931627295 --> [v2:172.21.15.12:3300/0,v1:172.21.15.12:6789/0] -- mon_subscribe({config=0+,monmap=0+}) v3 -- 0x7fc28c19e0a0 con 0x7fc28c106270
2024-03-23T22:51:04.672 INFO:teuthology.orchestra.run.smithi012.stdout:/usr/bin/ceph: stderr
2024-03-23T22:50:57.112+0000 7fc28be00700 1 --2- 172.21.15.12:0/1931627295 >> [v2:172.21.15.12:3300/0,v1:172.21.15.12:6789/0] conn(0x7fc28c106270 0x7fc28c19db60 secure :-1 s=READY pgs=46 cs=0 l=1 rev1=1 crypto rx=0x7fc27c011670 tx=0x7fc27c011b60 comp rx=0 tx=0).ready entity=mon.0 client_cookie=0 server_cookie=0 in_seq=0 out_seq=0
2024-03-23T22:51:04.672 INFO:teuthology.orchestra.run.smithi012.stdout:/usr/bin/ceph: stderr
2024-03-23T22:50:57.112+0000 7fc288c00700 1 -- 172.21.15.12:0/1931627295 <== mon.0 v2:172.21.15.12:3300/0 1 ==== mon_map magic: 0 v1 ==== 205+0+0 (secure 0 0 0) 0x7fc27c0039c0 con 0x7fc28c106270
2024-03-23T22:51:04.672 INFO:teuthology.orchestra.run.smithi012.stdout:/usr/bin/ceph: stderr
2024-03-23T22:50:57.112+0000 7fc288c00700 1 -- 172.21.15.12:0/1931627295 <== mon.0 v2:172.21.15.12:3300/0 2 ==== config(27 keys) v1 ==== 1109+0+0 (secure 0 0 0) 0x7fc27c011e50 con 0x7fc28c106270
2024-03-23T22:51:04.672 INFO:teuthology.orchestra.run.smithi012.stdout:/usr/bin/ceph: stderr
2024-03-23T22:50:57.112+0000 7fc293200700 1 -- 172.21.15.12:0/1931627295 --> [v2:172.21.15.12:3300/0,v1:172.21.15.12:6789/0] -- mon_subscribe({mgrmap=0+}) v3 -- 0x7fc28c19e330 con 0x7fc28c106270
2024-03-23T22:51:04.672 INFO:teuthology.orchestra.run.smithi012.stdout:/usr/bin/ceph: stderr
2024-03-23T22:50:57.112+0000 7fc288c00700 1 -- 172.21.15.12:0/1931627295 <== mon.0 v2:172.21.15.12:3300/0 3 ==== mon_map magic: 0 v1 ==== 205+0+0 (secure 0 0 0) 0x7fc27c01a5c0 con 0x7fc28c106270
2024-03-23T22:51:04.672 INFO:teuthology.orchestra.run.smithi012.stdout:/usr/bin/ceph: stderr
2024-03-23T22:50:57.113+0000 7fc293200700 1 -- 172.21.15.12:0/1931627295 --> [v2:172.21.15.12:3300/0,v1:172.21.15.12:6789/0] -- mon_subscribe({osdmap=0}) v3 -- 0x7fc28c1a1020 con 0x7fc28c106270
2024-03-23T22:51:04.672 INFO:teuthology.orchestra.run.smithi012.stdout:/usr/bin/ceph: stderr
2024-03-23T22:50:57.114+0000 7fc288c00700 1 -- 172.21.15.12:0/1931627295 <== mon.0 v2:172.21.15.12:3300/0 4 ==== mgrmap(e 8) v1 ==== 46106+0+0 (secure 0 0 0) 0x7fc27c024430 con 0x7fc28c106270
2024-03-23T22:51:04.672 INFO:teuthology.orchestra.run.smithi012.stdout:/usr/bin/ceph: stderr
2024-03-23T22:50:57.114+0000 7fc293200700 1 -- 172.21.15.12:0/1931627295 --> [v2:172.21.15.12:3300/0,v1:172.21.15.12:6789/0] -- mon_command({"prefix": "get_command_descriptions"} v 0) v1 -- 0x7fc28c0637c0 con 0x7fc28c106270
2024-03-23T22:51:04.672 INFO:teuthology.orchestra.run.smithi012.stdout:/usr/bin/ceph: stderr
2024-03-23T22:50:57.114+0000 7fc288c00700 1 --2- 172.21.15.12:0/1931627295 >> [v2:172.21.15.12:6800/4127975083,v1:172.21.15.12:6801/4127975083] conn(0x7fc270038f20 0x7fc27003b3e0 unknown :-1 s=NONE pgs=0 cs=0 l=1 rev1=0 crypto rx=0 tx=0 comp rx=0 tx=0).connect
2024-03-23T22:51:04.672 INFO:teuthology.orchestra.run.smithi012.stdout:/usr/bin/ceph: stderr
2024-03-23T22:50:57.114+0000 7fc288c00700 1 -- 172.21.15.12:0/1931627295 <== mon.0 v2:172.21.15.12:3300/0 5 ==== osd_map(2..2 src has 1..2) v4 ==== 940+0+0 (secure 0 0 0) 0x7fc27c04d370 con 0x7fc28c106270
2024-03-23T22:51:04.672 INFO:teuthology.orchestra.run.smithi012.stdout:/usr/bin/ceph: stderr
2024-03-23T22:50:57.115+0000 7fc28b400700 1 --2- 172.21.15.12:0/1931627295 >> [v2:172.21.15.12:6800/4127975083,v1:172.21.15.12:6801/4127975083] conn(0x7fc270038f20 0x7fc27003b3e0 unknown :-1 s=BANNER_CONNECTING pgs=0 cs=0 l=1 rev1=0 crypto rx=0 tx=0 comp rx=0 tx=0)._handle_peer_banner_payload supported=3 required=0
2024-03-23T22:51:04.672 INFO:teuthology.orchestra.run.smithi012.stdout:/usr/bin/ceph: stderr
2024-03-23T22:50:57.115+0000 7fc28b400700 1 --2- 172.21.15.12:0/1931627295 >> [v2:172.21.15.12:6800/4127975083,v1:172.21.15.12:6801/4127975083] conn(0x7fc270038f20 0x7fc27003b3e0 secure :-1 s=READY pgs=11 cs=0 l=1 rev1=1 crypto rx=0x7fc278006fd0 tx=0x7fc278006e40 comp rx=0 tx=0).ready entity=mgr.14120 client_cookie=0 server_cookie=0 in_seq=0 out_seq=0
2024-03-23T22:51:04.673 INFO:teuthology.orchestra.run.smithi012.stdout:/usr/bin/ceph: stderr
2024-03-23T22:50:57.120+0000 7fc288c00700 1 -- 172.21.15.12:0/1931627295 <== mon.0 v2:172.21.15.12:3300/0 6 ==== mon_command_ack([{"prefix": "get_command_descriptions"}]=0 v0) v1 ==== 72+0+186149 (secure 0 0 0) 0x7fc27c04ccc0 con 0x7fc28c106270
2024-03-23T22:51:04.673 INFO:teuthology.orchestra.run.smithi012.stdout:/usr/bin/ceph: stderr
2024-03-23T22:50:57.351+0000 7fc293200700 1 -- 172.21.15.12:0/1931627295 --> [v2:172.21.15.12:6800/4127975083,v1:172.21.15.12:6801/4127975083] -- mgr_command(tid 0: {"prefix": "orch host add", "hostname": "smithi012", "addr": "172.21.15.12", "target": ["mon-mgr", ""]}) v1 -- 0x7fc28c0008d0 con 0x7fc270038f20
2024-03-23T22:51:04.673 INFO:teuthology.orchestra.run.smithi012.stdout:/usr/bin/ceph: stderr
2024-03-23T22:51:03.956+0000 7fc288c00700 1 -- 172.21.15.12:0/1931627295 <== mgr.14120 v2:172.21.15.12:6800/4127975083 1 ==== mgr_command_reply(tid 0: 0 ) v1 ==== 8+0+48 (secure 0 0 0) 0x7fc28c0008d0 con 0x7fc270038f20
2024-03-23T22:51:04.673 INFO:teuthology.orchestra.run.smithi012.stdout:/usr/bin/ceph: stderr
2024-03-23T22:51:03.961+0000 7fc293200700 1 -- 172.21.15.12:0/1931627295 >> [v2:172.21.15.12:6800/4127975083,v1:172.21.15.12:6801/4127975083] conn(0x7fc270038f20 msgr2=0x7fc27003b3e0 secure :-1 s=STATE_CONNECTION_ESTABLISHED l=1).mark_down
2024-03-23T22:51:04.673 INFO:teuthology.orchestra.run.smithi012.stdout:/usr/bin/ceph: stderr
2024-03-23T22:51:03.961+0000 7fc293200700 1 --2- 172.21.15.12:0/1931627295 >> [v2:172.21.15.12:6800/4127975083,v1:172.21.15.12:6801/4127975083] conn(0x7fc270038f20 0x7fc27003b3e0 secure :-1 s=READY pgs=11 cs=0 l=1 rev1=1 crypto rx=0x7fc278006fd0 tx=0x7fc278006e40 comp rx=0 tx=0).stop
2024-03-23T22:51:04.673 INFO:teuthology.orchestra.run.smithi012.stdout:/usr/bin/ceph: stderr
2024-03-23T22:51:03.961+0000 7fc293200700 1 -- 172.21.15.12:0/1931627295 >> [v2:172.21.15.12:3300/0,v1:172.21.15.12:6789/0] conn(0x7fc28c106270 msgr2=0x7fc28c19db60 secure :-1 s=STATE_CONNECTION_ESTABLISHED l=1).mark_down
2024-03-23T22:51:04.673 INFO:teuthology.orchestra.run.smithi012.stdout:/usr/bin/ceph: stderr
2024-03-23T22:51:03.961+0000 7fc293200700 1 --2- 172.21.15.12:0/1931627295 >> [v2:172.21.15.12:3300/0,v1:172.21.15.12:6789/0] conn(0x7fc28c106270 0x7fc28c19db60 secure :-1 s=READY pgs=46 cs=0 l=1 rev1=1 crypto rx=0x7fc27c011670 tx=0x7fc27c011b60 comp rx=0 tx=0).stop
2024-03-23T22:51:04.673 INFO:teuthology.orchestra.run.smithi012.stdout:/usr/bin/ceph: stderr
2024-03-23T22:51:03.961+0000 7fc293200700 1 -- 172.21.15.12:0/1931627295 shutdown_connections
2024-03-23T22:51:04.673 INFO:teuthology.orchestra.run.smithi012.stdout:/usr/bin/ceph: stderr
2024-03-23T22:51:03.961+0000 7fc293200700 1 --2- 172.21.15.12:0/1931627295 >> [v2:172.21.15.12:6800/4127975083,v1:172.21.15.12:6801/4127975083] conn(0x7fc270038f20 0x7fc27003b3e0 unknown :-1 s=CLOSED pgs=11 cs=0 l=1 rev1=1 crypto rx=0 tx=0 comp rx=0 tx=0).stop
2024-03-23T22:51:04.673 INFO:teuthology.orchestra.run.smithi012.stdout:/usr/bin/ceph: stderr
2024-03-23T22:51:03.961+0000 7fc293200700 1 --2- 172.21.15.12:0/1931627295 >> [v2:172.21.15.12:3300/0,v1:172.21.15.12:6789/0] conn(0x7fc28c106270 0x7fc28c19db60 unknown :-1 s=CLOSED pgs=46 cs=0 l=1 rev1=1 crypto rx=0 tx=0 comp rx=0 tx=0).stop
2024-03-23T22:51:04.673 INFO:teuthology.orchestra.run.smithi012.stdout:/usr/bin/ceph: stderr
2024-03-23T22:51:03.961+0000 7fc293200700 1 -- 172.21.15.12:0/1931627295 >> 172.21.15.12:0/1931627295 conn(0x7fc28c101f90 msgr2=0x7fc28c194820 unknown :-1 s=STATE_NONE l=0).mark_down
2024-03-23T22:51:04.673 INFO:teuthology.orchestra.run.smithi012.stdout:/usr/bin/ceph: stderr
2024-03-23T22:51:03.961+0000 7fc293200700 1 -- 172.21.15.12:0/1931627295 shutdown_connections
2024-03-23T22:51:04.673 INFO:teuthology.orchestra.run.smithi012.stdout:/usr/bin/ceph: stderr
2024-03-23T22:51:03.961+0000 7fc293200700 1 -- 172.21.15.12:0/1931627295 wait complete.
2024-03-23T22:51:04.673 INFO:teuthology.orchestra.run.smithi012.stdout:Deploying unmanaged mon service...
2024-03-23T22:51:05.304 INFO:journalctl@ceph.mon.a.smithi012.stdout:Mar 23 22:51:04 smithi012 ceph-mon[31695]: from='mgr.14120 172.21.15.12:0/3651273136' entity='mgr.x'
2024-03-23T22:51:05.304 INFO:journalctl@ceph.mon.a.smithi012.stdout:Mar 23 22:51:04 smithi012 ceph-mon[31695]: Added host smithi012
2024-03-23T22:51:05.304 INFO:journalctl@ceph.mon.a.smithi012.stdout:Mar 23 22:51:04 smithi012 ceph-mon[31695]: from='mgr.14120 172.21.15.12:0/3651273136' entity='mgr.x' cmd=[{"prefix": "config dump", "format": "json"}]: dispatch
2024-03-23T22:51:06.699 INFO:journalctl@ceph.mon.a.smithi012.stdout:Mar 23 22:51:06 smithi012 ceph-mon[31695]: from='client.14142 -' entity='client.admin' cmd=[{"prefix": "orch apply", "service_type": "mon", "unmanaged": true, "target": ["mon-mgr", ""]}]: dispatch
2024-03-23T22:51:06.699 INFO:journalctl@ceph.mon.a.smithi012.stdout:Mar 23 22:51:06 smithi012 ceph-mon[31695]: Saving service mon spec with placement count:5
2024-03-23T22:51:06.700 INFO:journalctl@ceph.mon.a.smithi012.stdout:Mar 23 22:51:06 smithi012 ceph-mon[31695]: from='mgr.14120 172.21.15.12:0/3651273136' entity='mgr.x'
2024-03-23T22:51:07.065 INFO:teuthology.orchestra.run.smithi012.stdout:/usr/bin/ceph: stdout Scheduled mon update...
2024-03-23T22:51:07.066 INFO:teuthology.orchestra.run.smithi012.stdout:/usr/bin/ceph: stderr
2024-03-23T22:51:05.329+0000 7fd624c00700 1 Processor -- start
2024-03-23T22:51:07.067 INFO:teuthology.orchestra.run.smithi012.stdout:/usr/bin/ceph: stderr
2024-03-23T22:51:05.330+0000 7fd624c00700 1 -- start start
2024-03-23T22:51:07.067 INFO:teuthology.orchestra.run.smithi012.stdout:/usr/bin/ceph: stderr
2024-03-23T22:51:05.330+0000 7fd624c00700 1 --2- >> [v2:172.21.15.12:3300/0,v1:172.21.15.12:6789/0] conn(0x7fd62010e080 0x7fd62010e4a0 unknown :-1 s=NONE pgs=0 cs=0 l=0 rev1=0 crypto rx=0 tx=0 comp rx=0 tx=0).connect
2024-03-23T22:51:07.067 INFO:teuthology.orchestra.run.smithi012.stdout:/usr/bin/ceph: stderr
2024-03-23T22:51:05.330+0000 7fd624c00700 1 -- --> [v2:172.21.15.12:3300/0,v1:172.21.15.12:6789/0] -- mon_getmap magic: 0 v1 -- 0x7fd62010ea70 con 0x7fd62010e080
2024-03-23T22:51:07.067 INFO:teuthology.orchestra.run.smithi012.stdout:/usr/bin/ceph: stderr
2024-03-23T22:51:05.331+0000 7fd61de00700 1 --2- >> [v2:172.21.15.12:3300/0,v1:172.21.15.12:6789/0] conn(0x7fd62010e080 0x7fd62010e4a0 unknown :-1 s=BANNER_CONNECTING pgs=0 cs=0 l=0 rev1=0 crypto rx=0 tx=0 comp rx=0 tx=0)._handle_peer_banner_payload supported=3 required=0
2024-03-23T22:51:07.067 INFO:teuthology.orchestra.run.smithi012.stdout:/usr/bin/ceph: stderr
2024-03-23T22:51:05.331+0000 7fd61de00700 1 --2- >> [v2:172.21.15.12:3300/0,v1:172.21.15.12:6789/0] conn(0x7fd62010e080 0x7fd62010e4a0 unknown :-1 s=HELLO_CONNECTING pgs=0 cs=0 l=0 rev1=1 crypto rx=0 tx=0 comp rx=0 tx=0).handle_hello peer v2:172.21.15.12:3300/0 says I am v2:172.21.15.12:46364/0 (socket says 172.21.15.12:46364)
2024-03-23T22:51:07.067 INFO:teuthology.orchestra.run.smithi012.stdout:/usr/bin/ceph: stderr
2024-03-23T22:51:05.331+0000 7fd61de00700 1 -- 172.21.15.12:0/537648381 learned_addr learned my addr 172.21.15.12:0/537648381 (peer_addr_for_me v2:172.21.15.12:0/0)
2024-03-23T22:51:07.069 INFO:teuthology.orchestra.run.smithi012.stdout:/usr/bin/ceph: stderr
2024-03-23T22:51:05.331+0000 7fd61de00700 1 -- 172.21.15.12:0/537648381 --> [v2:172.21.15.12:3300/0,v1:172.21.15.12:6789/0] -- mon_subscribe({config=0+,monmap=0+}) v3 -- 0x7fd62010f200 con 0x7fd62010e080
2024-03-23T22:51:07.069 INFO:teuthology.orchestra.run.smithi012.stdout:/usr/bin/ceph: stderr
2024-03-23T22:51:05.331+0000 7fd61de00700 1 --2- 172.21.15.12:0/537648381 >> [v2:172.21.15.12:3300/0,v1:172.21.15.12:6789/0] conn(0x7fd62010e080 0x7fd62010e4a0 secure :-1 s=READY pgs=47 cs=0 l=1 rev1=1 crypto rx=0x7fd6100098a0 tx=0x7fd610009bb0 comp rx=0 tx=0).ready entity=mon.0 client_cookie=d4013296e53f4e9a server_cookie=0 in_seq=0 out_seq=0
2024-03-23T22:51:07.069 INFO:teuthology.orchestra.run.smithi012.stdout:/usr/bin/ceph: stderr
2024-03-23T22:51:05.332+0000 7fd61ca00700 1 -- 172.21.15.12:0/537648381 <== mon.0 v2:172.21.15.12:3300/0 1 ==== mon_map magic: 0 v1 ==== 205+0+0 (secure 0 0 0) 0x7fd610004160 con 0x7fd62010e080
2024-03-23T22:51:07.069 INFO:teuthology.orchestra.run.smithi012.stdout:/usr/bin/ceph: stderr
2024-03-23T22:51:05.332+0000 7fd61ca00700 1 -- 172.21.15.12:0/537648381 <== mon.0 v2:172.21.15.12:3300/0 2 ==== config(27 keys) v1 ==== 1109+0+0 (secure 0 0 0) 0x7fd610004300 con 0x7fd62010e080
2024-03-23T22:51:07.069 INFO:teuthology.orchestra.run.smithi012.stdout:/usr/bin/ceph: stderr
2024-03-23T22:51:05.332+0000 7fd61ca00700 1 -- 172.21.15.12:0/537648381 <== mon.0 v2:172.21.15.12:3300/0 3 ==== mon_map magic: 0 v1 ==== 205+0+0 (secure 0 0 0) 0x7fd610011b50 con 0x7fd62010e080
2024-03-23T22:51:07.069 INFO:teuthology.orchestra.run.smithi012.stdout:/usr/bin/ceph: stderr
2024-03-23T22:51:05.333+0000 7fd624c00700 1 -- 172.21.15.12:0/537648381 >> [v2:172.21.15.12:3300/0,v1:172.21.15.12:6789/0] conn(0x7fd62010e080 msgr2=0x7fd62010e4a0 secure :-1 s=STATE_CONNECTION_ESTABLISHED l=1).mark_down
2024-03-23T22:51:07.070 INFO:teuthology.orchestra.run.smithi012.stdout:/usr/bin/ceph: stderr
2024-03-23T22:51:05.333+0000 7fd624c00700 1 --2- 172.21.15.12:0/537648381 >> [v2:172.21.15.12:3300/0,v1:172.21.15.12:6789/0] conn(0x7fd62010e080 0x7fd62010e4a0 secure :-1 s=READY pgs=47 cs=0 l=1 rev1=1 crypto rx=0x7fd6100098a0 tx=0x7fd610009bb0 comp rx=0 tx=0).stop
2024-03-23T22:51:07.070 INFO:teuthology.orchestra.run.smithi012.stdout:/usr/bin/ceph: stderr
2024-03-23T22:51:05.333+0000 7fd624c00700 1 -- 172.21.15.12:0/537648381 shutdown_connections
2024-03-23T22:51:07.070 INFO:teuthology.orchestra.run.smithi012.stdout:/usr/bin/ceph: stderr
2024-03-23T22:51:05.333+0000 7fd624c00700 1 --2- 172.21.15.12:0/537648381 >> [v2:172.21.15.12:3300/0,v1:172.21.15.12:6789/0] conn(0x7fd62010e080 0x7fd62010e4a0 unknown :-1 s=CLOSED pgs=47 cs=0 l=1 rev1=1 crypto rx=0 tx=0 comp rx=0 tx=0).stop
2024-03-23T22:51:07.070 INFO:teuthology.orchestra.run.smithi012.stdout:/usr/bin/ceph: stderr
2024-03-23T22:51:05.333+0000 7fd624c00700 1 -- 172.21.15.12:0/537648381 >> 172.21.15.12:0/537648381 conn(0x7fd62007d230 msgr2=0x7fd62007f650 unknown :-1 s=STATE_NONE l=0).mark_down
2024-03-23T22:51:07.070 INFO:teuthology.orchestra.run.smithi012.stdout:/usr/bin/ceph: stderr
2024-03-23T22:51:05.333+0000 7fd624c00700 1 -- 172.21.15.12:0/537648381 shutdown_connections
2024-03-23T22:51:07.070 INFO:teuthology.orchestra.run.smithi012.stdout:/usr/bin/ceph: stderr
2024-03-23T22:51:05.333+0000 7fd624c00700 1 -- 172.21.15.12:0/537648381 wait complete.
2024-03-23T22:51:07.070 INFO:teuthology.orchestra.run.smithi012.stdout:/usr/bin/ceph: stderr
2024-03-23T22:51:05.334+0000 7fd624c00700 1 Processor -- start
2024-03-23T22:51:07.070 INFO:teuthology.orchestra.run.smithi012.stdout:/usr/bin/ceph: stderr
2024-03-23T22:51:05.334+0000 7fd624c00700 1 -- start start
2024-03-23T22:51:07.070 INFO:teuthology.orchestra.run.smithi012.stdout:/usr/bin/ceph: stderr
2024-03-23T22:51:05.335+0000 7fd624c00700 1 --2- >> [v2:172.21.15.12:3300/0,v1:172.21.15.12:6789/0] conn(0x7fd62010e080 0x7fd6201a1f40 unknown :-1 s=NONE pgs=0 cs=0 l=1 rev1=0 crypto rx=0 tx=0 comp rx=0 tx=0).connect
2024-03-23T22:51:07.070 INFO:teuthology.orchestra.run.smithi012.stdout:/usr/bin/ceph: stderr
2024-03-23T22:51:05.335+0000 7fd624c00700 1 -- --> [v2:172.21.15.12:3300/0,v1:172.21.15.12:6789/0] -- mon_getmap magic: 0 v1 -- 0x7fd6201125b0 con 0x7fd62010e080
2024-03-23T22:51:07.073 INFO:teuthology.orchestra.run.smithi012.stdout:/usr/bin/ceph: stderr
2024-03-23T22:51:05.335+0000 7fd61de00700 1 --2- >> [v2:172.21.15.12:3300/0,v1:172.21.15.12:6789/0] conn(0x7fd62010e080 0x7fd6201a1f40 unknown :-1 s=BANNER_CONNECTING pgs=0 cs=0 l=1 rev1=0 crypto rx=0 tx=0 comp rx=0 tx=0)._handle_peer_banner_payload supported=3 required=0
2024-03-23T22:51:07.073 INFO:teuthology.orchestra.run.smithi012.stdout:/usr/bin/ceph: stderr
2024-03-23T22:51:05.335+0000 7fd61de00700 1 --2- >> [v2:172.21.15.12:3300/0,v1:172.21.15.12:6789/0] conn(0x7fd62010e080 0x7fd6201a1f40 unknown :-1 s=HELLO_CONNECTING pgs=0 cs=0 l=1 rev1=1 crypto rx=0 tx=0 comp rx=0 tx=0).handle_hello peer v2:172.21.15.12:3300/0 says I am v2:172.21.15.12:46368/0 (socket says 172.21.15.12:46368)
2024-03-23T22:51:07.074 INFO:teuthology.orchestra.run.smithi012.stdout:/usr/bin/ceph: stderr
2024-03-23T22:51:05.335+0000 7fd61de00700 1 -- 172.21.15.12:0/3109324372 learned_addr learned my addr 172.21.15.12:0/3109324372 (peer_addr_for_me v2:172.21.15.12:0/0)
2024-03-23T22:51:07.074 INFO:teuthology.orchestra.run.smithi012.stdout:/usr/bin/ceph: stderr
2024-03-23T22:51:05.335+0000 7fd61de00700 1 -- 172.21.15.12:0/3109324372 --> [v2:172.21.15.12:3300/0,v1:172.21.15.12:6789/0] -- mon_subscribe({config=0+,monmap=0+}) v3 -- 0x7fd6201a2480 con 0x7fd62010e080
2024-03-23T22:51:07.074 INFO:teuthology.orchestra.run.smithi012.stdout:/usr/bin/ceph: stderr
2024-03-23T22:51:05.336+0000 7fd61de00700 1 --2- 172.21.15.12:0/3109324372 >> [v2:172.21.15.12:3300/0,v1:172.21.15.12:6789/0] conn(0x7fd62010e080 0x7fd6201a1f40 secure :-1 s=READY pgs=48 cs=0 l=1 rev1=1 crypto rx=0x7fd610011670 tx=0x7fd610011b60 comp rx=0 tx=0).ready entity=mon.0 client_cookie=0 server_cookie=0 in_seq=0 out_seq=0
2024-03-23T22:51:07.074 INFO:teuthology.orchestra.run.smithi012.stdout:/usr/bin/ceph: stderr
2024-03-23T22:51:05.336+0000 7fd616a00700 1 -- 172.21.15.12:0/3109324372 <== mon.0 v2:172.21.15.12:3300/0 1 ==== mon_map magic: 0 v1 ==== 205+0+0 (secure 0 0 0) 0x7fd6100039c0 con 0x7fd62010e080
2024-03-23T22:51:07.074 INFO:teuthology.orchestra.run.smithi012.stdout:/usr/bin/ceph: stderr
2024-03-23T22:51:05.336+0000 7fd616a00700 1 -- 172.21.15.12:0/3109324372 <== mon.0 v2:172.21.15.12:3300/0 2 ==== config(27 keys) v1 ==== 1109+0+0 (secure 0 0 0) 0x7fd610011e50 con 0x7fd62010e080
2024-03-23T22:51:07.074 INFO:teuthology.orchestra.run.smithi012.stdout:/usr/bin/ceph: stderr
2024-03-23T22:51:05.336+0000 7fd624c00700 1 -- 172.21.15.12:0/3109324372 --> [v2:172.21.15.12:3300/0,v1:172.21.15.12:6789/0] -- mon_subscribe({mgrmap=0+}) v3 -- 0x7fd6201a2710 con 0x7fd62010e080
2024-03-23T22:51:07.074 INFO:teuthology.orchestra.run.smithi012.stdout:/usr/bin/ceph: stderr
2024-03-23T22:51:05.336+0000 7fd616a00700 1 -- 172.21.15.12:0/3109324372 <== mon.0 v2:172.21.15.12:3300/0 3 ==== mon_map magic: 0 v1 ==== 205+0+0 (secure 0 0 0) 0x7fd61001a5c0 con 0x7fd62010e080
2024-03-23T22:51:07.074 INFO:teuthology.orchestra.run.smithi012.stdout:/usr/bin/ceph: stderr
2024-03-23T22:51:05.336+0000 7fd624c00700 1 -- 172.21.15.12:0/3109324372 --> [v2:172.21.15.12:3300/0,v1:172.21.15.12:6789/0] -- mon_subscribe({osdmap=0}) v3 -- 0x7fd6201a5400 con 0x7fd62010e080
2024-03-23T22:51:07.074 INFO:teuthology.orchestra.run.smithi012.stdout:/usr/bin/ceph: stderr
2024-03-23T22:51:05.338+0000 7fd616a00700 1 -- 172.21.15.12:0/3109324372 <== mon.0 v2:172.21.15.12:3300/0 4 ==== mgrmap(e 8) v1 ==== 46106+0+0 (secure 0 0 0) 0x7fd610024430 con 0x7fd62010e080
2024-03-23T22:51:07.074 INFO:teuthology.orchestra.run.smithi012.stdout:/usr/bin/ceph: stderr
2024-03-23T22:51:05.337+0000 7fd624c00700 1 -- 172.21.15.12:0/3109324372 --> [v2:172.21.15.12:3300/0,v1:172.21.15.12:6789/0] -- mon_command({"prefix": "get_command_descriptions"} v 0) v1 -- 0x7fd6200637c0 con 0x7fd62010e080
2024-03-23T22:51:07.074 INFO:teuthology.orchestra.run.smithi012.stdout:/usr/bin/ceph: stderr
2024-03-23T22:51:05.338+0000 7fd616a00700 1 --2- 172.21.15.12:0/3109324372 >> [v2:172.21.15.12:6800/4127975083,v1:172.21.15.12:6801/4127975083] conn(0x7fd604038f20 0x7fd60403b3e0 unknown :-1 s=NONE pgs=0 cs=0 l=1 rev1=0 crypto rx=0 tx=0 comp rx=0 tx=0).connect
2024-03-23T22:51:07.074 INFO:teuthology.orchestra.run.smithi012.stdout:/usr/bin/ceph: stderr
2024-03-23T22:51:05.338+0000 7fd616a00700 1 -- 172.21.15.12:0/3109324372 <== mon.0 v2:172.21.15.12:3300/0 5 ==== osd_map(2..2 src has 1..2) v4 ==== 940+0+0 (secure 0 0 0) 0x7fd61004d320 con 0x7fd62010e080
2024-03-23T22:51:07.074 INFO:teuthology.orchestra.run.smithi012.stdout:/usr/bin/ceph: stderr
2024-03-23T22:51:05.338+0000 7fd61d400700 1 --2- 172.21.15.12:0/3109324372 >> [v2:172.21.15.12:6800/4127975083,v1:172.21.15.12:6801/4127975083] conn(0x7fd604038f20 0x7fd60403b3e0 unknown :-1 s=BANNER_CONNECTING pgs=0 cs=0 l=1 rev1=0 crypto rx=0 tx=0 comp rx=0 tx=0)._handle_peer_banner_payload supported=3 required=0
2024-03-23T22:51:07.075 INFO:teuthology.orchestra.run.smithi012.stdout:/usr/bin/ceph: stderr
2024-03-23T22:51:05.339+0000 7fd61d400700 1 --2- 172.21.15.12:0/3109324372 >> [v2:172.21.15.12:6800/4127975083,v1:172.21.15.12:6801/4127975083] conn(0x7fd604038f20 0x7fd60403b3e0 secure :-1 s=READY pgs=12 cs=0 l=1 rev1=1 crypto rx=0x7fd60c006fd0 tx=0x7fd60c006e40 comp rx=0 tx=0).ready entity=mgr.14120 client_cookie=0 server_cookie=0 in_seq=0 out_seq=0
2024-03-23T22:51:07.075 INFO:teuthology.orchestra.run.smithi012.stdout:/usr/bin/ceph: stderr
2024-03-23T22:51:05.344+0000 7fd616a00700 1 -- 172.21.15.12:0/3109324372 <== mon.0 v2:172.21.15.12:3300/0 6 ==== mon_command_ack([{"prefix": "get_command_descriptions"}]=0 v0) v1 ==== 72+0+186149 (secure 0 0 0) 0x7fd61004cc70 con 0x7fd62010e080
2024-03-23T22:51:07.075 INFO:teuthology.orchestra.run.smithi012.stdout:/usr/bin/ceph: stderr
2024-03-23T22:51:05.600+0000 7fd624c00700 1 -- 172.21.15.12:0/3109324372 --> [v2:172.21.15.12:6800/4127975083,v1:172.21.15.12:6801/4127975083] -- mgr_command(tid 0: {"prefix": "orch apply", "service_type": "mon", "unmanaged": true, "target": ["mon-mgr", ""]}) v1 -- 0x7fd62007e4d0 con 0x7fd604038f20
2024-03-23T22:51:07.075 INFO:teuthology.orchestra.run.smithi012.stdout:/usr/bin/ceph: stderr
2024-03-23T22:51:05.608+0000 7fd616a00700 1 -- 172.21.15.12:0/3109324372 <== mgr.14120 v2:172.21.15.12:6800/4127975083 1 ==== mgr_command_reply(tid 0: 0 ) v1 ==== 8+0+24 (secure 0 0 0) 0x7fd62007e4d0 con 0x7fd604038f20
2024-03-23T22:51:07.075 INFO:teuthology.orchestra.run.smithi012.stdout:/usr/bin/ceph: stderr
