2024-03-23T23:32:37.861 INFO:journalctl@ceph.mon.a.smithi099.stdout:Mar 23 23:32:37 smithi099 ceph-mon[31715]: from='mgr.14120 172.21.15.99:0/3796201788' entity='mgr.x'
2024-03-23T23:32:39.242 INFO:teuthology.orchestra.run.smithi099.stdout:/usr/bin/ceph: stdout ssh-rsa AAAAB3NzaC1yc2EAAAADAQABAAABgQDCWJOXGfwg8WcTzRoqjt5zVXlscA4GWxtW741tnYdZyN1QvNdM1Mjb5n9t5RA1fLe+z3PDvL+fwbs+HEYPXsJIv1S2I7LUeAM/OHgCClk6qNPo1YK3D6s4EmiIucIUcM9RdJT8z+gF+/56JrPHKo8jANr0rqdKH25TLPuhry0QWp5Jywax/Sbr7s903IN1lJ3vMPYngsBGg1Fs7UCuZ+6hyKl2s9xD1qiibczENdy95yoa9lTkvRdV/0Kj7IFY58QEewxWgy6TMW5JWUMC5VBhp9h9ZGcvuV1EmDcAhijQKPuVp+W4UAkP/l7KVqZ0Dis1BlRHYoUtjxW/axC9WuPIRRbjqly0p99KeKZ0qXJjBc6uNkDf1KXMMZmIkk1ss+8TjEqOiyy/M2iZRClDvidjcLgfXWFp4YeBGk8Bv29enEP5EPdstJ6mfXTf/N6n1AufBxKMIGOtjKMa6x7ohynyUSN0/J6LvgwkZYKXtV0jF0m7QgISMLtTRJwb1aZKU/U= ceph-5fd03d00-e96d-11ee-95cd-87774f69a715
2024-03-23T23:32:39.243 INFO:teuthology.orchestra.run.smithi099.stdout:/usr/bin/ceph: stderr
2024-03-23T23:32:38.246+0000 7f850ee00700 1 Processor -- start
2024-03-23T23:32:39.243 INFO:teuthology.orchestra.run.smithi099.stdout:/usr/bin/ceph: stderr
2024-03-23T23:32:38.246+0000 7f850ee00700 1 -- start start
2024-03-23T23:32:39.243 INFO:teuthology.orchestra.run.smithi099.stdout:/usr/bin/ceph: stderr
2024-03-23T23:32:38.247+0000 7f850ee00700 1 --2- >> [v2:172.21.15.99:3300/0,v1:172.21.15.99:6789/0] conn(0x7f8508109ae0 0x7f8508109f00 unknown :-1 s=NONE pgs=0 cs=0 l=0 rev1=0 crypto rx=0 tx=0 comp rx=0 tx=0).connect
2024-03-23T23:32:39.243 INFO:teuthology.orchestra.run.smithi099.stdout:/usr/bin/ceph: stderr
2024-03-23T23:32:38.247+0000 7f850ee00700 1 -- --> [v2:172.21.15.99:3300/0,v1:172.21.15.99:6789/0] -- mon_getmap magic: 0 v1 -- 0x7f850810a4d0 con 0x7f8508109ae0
2024-03-23T23:32:39.244 INFO:teuthology.orchestra.run.smithi099.stdout:/usr/bin/ceph: stderr
2024-03-23T23:32:38.247+0000 7f850da00700 1 --2- >> [v2:172.21.15.99:3300/0,v1:172.21.15.99:6789/0] conn(0x7f8508109ae0 0x7f8508109f00 unknown :-1 s=BANNER_CONNECTING pgs=0 cs=0 l=0 rev1=0 crypto rx=0 tx=0 comp rx=0 tx=0)._handle_peer_banner_payload supported=3 required=0
2024-03-23T23:32:39.244 INFO:teuthology.orchestra.run.smithi099.stdout:/usr/bin/ceph: stderr
2024-03-23T23:32:38.247+0000 7f850da00700 1 --2- >> [v2:172.21.15.99:3300/0,v1:172.21.15.99:6789/0] conn(0x7f8508109ae0 0x7f8508109f00 unknown :-1 s=HELLO_CONNECTING pgs=0 cs=0 l=0 rev1=1 crypto rx=0 tx=0 comp rx=0 tx=0).handle_hello peer v2:172.21.15.99:3300/0 says I am v2:172.21.15.99:59804/0 (socket says 172.21.15.99:59804)
2024-03-23T23:32:39.244 INFO:teuthology.orchestra.run.smithi099.stdout:/usr/bin/ceph: stderr
2024-03-23T23:32:38.247+0000 7f850da00700 1 -- 172.21.15.99:0/31536538 learned_addr learned my addr 172.21.15.99:0/31536538 (peer_addr_for_me v2:172.21.15.99:0/0)
2024-03-23T23:32:39.244 INFO:teuthology.orchestra.run.smithi099.stdout:/usr/bin/ceph: stderr
2024-03-23T23:32:38.247+0000 7f850da00700 1 -- 172.21.15.99:0/31536538 --> [v2:172.21.15.99:3300/0,v1:172.21.15.99:6789/0] -- mon_subscribe({config=0+,monmap=0+}) v3 -- 0x7f850810ace0 con 0x7f8508109ae0
2024-03-23T23:32:39.245 INFO:teuthology.orchestra.run.smithi099.stdout:/usr/bin/ceph: stderr
2024-03-23T23:32:38.248+0000 7f850da00700 1 --2- 172.21.15.99:0/31536538 >> [v2:172.21.15.99:3300/0,v1:172.21.15.99:6789/0] conn(0x7f8508109ae0 0x7f8508109f00 secure :-1 s=READY pgs=43 cs=0 l=1 rev1=1 crypto rx=0x7f84fc0098a0 tx=0x7f84fc009bb0 comp rx=0 tx=0).ready entity=mon.0 client_cookie=f9d6a5670eb3572e server_cookie=0 in_seq=0 out_seq=0
2024-03-23T23:32:39.245 INFO:teuthology.orchestra.run.smithi099.stdout:/usr/bin/ceph: stderr
2024-03-23T23:32:38.248+0000 7f8507e00700 1 -- 172.21.15.99:0/31536538 <== mon.0 v2:172.21.15.99:3300/0 1 ==== mon_map magic: 0 v1 ==== 205+0+0 (secure 0 0 0) 0x7f84fc004160 con 0x7f8508109ae0
2024-03-23T23:32:39.245 INFO:teuthology.orchestra.run.smithi099.stdout:/usr/bin/ceph: stderr
2024-03-23T23:32:38.248+0000 7f8507e00700 1 -- 172.21.15.99:0/31536538 <== mon.0 v2:172.21.15.99:3300/0 2 ==== config(27 keys) v1 ==== 1109+0+0 (secure 0 0 0) 0x7f84fc004300 con 0x7f8508109ae0
2024-03-23T23:32:39.245 INFO:teuthology.orchestra.run.smithi099.stdout:/usr/bin/ceph: stderr
2024-03-23T23:32:38.248+0000 7f8507e00700 1 -- 172.21.15.99:0/31536538 <== mon.0 v2:172.21.15.99:3300/0 3 ==== mon_map magic: 0 v1 ==== 205+0+0 (secure 0 0 0) 0x7f84fc011b50 con 0x7f8508109ae0
2024-03-23T23:32:39.245 INFO:teuthology.orchestra.run.smithi099.stdout:/usr/bin/ceph: stderr
2024-03-23T23:32:38.249+0000 7f850ee00700 1 -- 172.21.15.99:0/31536538 >> [v2:172.21.15.99:3300/0,v1:172.21.15.99:6789/0] conn(0x7f8508109ae0 msgr2=0x7f8508109f00 secure :-1 s=STATE_CONNECTION_ESTABLISHED l=1).mark_down
2024-03-23T23:32:39.245 INFO:teuthology.orchestra.run.smithi099.stdout:/usr/bin/ceph: stderr
2024-03-23T23:32:38.249+0000 7f850ee00700 1 --2- 172.21.15.99:0/31536538 >> [v2:172.21.15.99:3300/0,v1:172.21.15.99:6789/0] conn(0x7f8508109ae0 0x7f8508109f00 secure :-1 s=READY pgs=43 cs=0 l=1 rev1=1 crypto rx=0x7f84fc0098a0 tx=0x7f84fc009bb0 comp rx=0 tx=0).stop
2024-03-23T23:32:39.246 INFO:teuthology.orchestra.run.smithi099.stdout:/usr/bin/ceph: stderr
2024-03-23T23:32:38.249+0000 7f850ee00700 1 -- 172.21.15.99:0/31536538 shutdown_connections
2024-03-23T23:32:39.246 INFO:teuthology.orchestra.run.smithi099.stdout:/usr/bin/ceph: stderr
2024-03-23T23:32:38.249+0000 7f850ee00700 1 --2- 172.21.15.99:0/31536538 >> [v2:172.21.15.99:3300/0,v1:172.21.15.99:6789/0] conn(0x7f8508109ae0 0x7f8508109f00 unknown :-1 s=CLOSED pgs=43 cs=0 l=1 rev1=1 crypto rx=0 tx=0 comp rx=0 tx=0).stop
2024-03-23T23:32:39.246 INFO:teuthology.orchestra.run.smithi099.stdout:/usr/bin/ceph: stderr
2024-03-23T23:32:38.249+0000 7f850ee00700 1 -- 172.21.15.99:0/31536538 >> 172.21.15.99:0/31536538 conn(0x7f850807ce80 msgr2=0x7f850807d2d0 unknown :-1 s=STATE_NONE l=0).mark_down
2024-03-23T23:32:39.247 INFO:teuthology.orchestra.run.smithi099.stdout:/usr/bin/ceph: stderr
2024-03-23T23:32:38.249+0000 7f850ee00700 1 -- 172.21.15.99:0/31536538 shutdown_connections
2024-03-23T23:32:39.247 INFO:teuthology.orchestra.run.smithi099.stdout:/usr/bin/ceph: stderr
2024-03-23T23:32:38.249+0000 7f850ee00700 1 -- 172.21.15.99:0/31536538 wait complete.
2024-03-23T23:32:39.247 INFO:teuthology.orchestra.run.smithi099.stdout:/usr/bin/ceph: stderr
2024-03-23T23:32:38.250+0000 7f850ee00700 1 Processor -- start
2024-03-23T23:32:39.247 INFO:teuthology.orchestra.run.smithi099.stdout:/usr/bin/ceph: stderr
2024-03-23T23:32:38.250+0000 7f850ee00700 1 -- start start
2024-03-23T23:32:39.248 INFO:teuthology.orchestra.run.smithi099.stdout:/usr/bin/ceph: stderr
2024-03-23T23:32:38.250+0000 7f850ee00700 1 --2- >> [v2:172.21.15.99:3300/0,v1:172.21.15.99:6789/0] conn(0x7f8508109ae0 0x7f850819db00 unknown :-1 s=NONE pgs=0 cs=0 l=1 rev1=0 crypto rx=0 tx=0 comp rx=0 tx=0).connect
2024-03-23T23:32:39.248 INFO:teuthology.orchestra.run.smithi099.stdout:/usr/bin/ceph: stderr
2024-03-23T23:32:38.250+0000 7f850ee00700 1 -- --> [v2:172.21.15.99:3300/0,v1:172.21.15.99:6789/0] -- mon_getmap magic: 0 v1 -- 0x7f850810e090 con 0x7f8508109ae0
2024-03-23T23:32:39.248 INFO:teuthology.orchestra.run.smithi099.stdout:/usr/bin/ceph: stderr
2024-03-23T23:32:38.251+0000 7f850da00700 1 --2- >> [v2:172.21.15.99:3300/0,v1:172.21.15.99:6789/0] conn(0x7f8508109ae0 0x7f850819db00 unknown :-1 s=BANNER_CONNECTING pgs=0 cs=0 l=1 rev1=0 crypto rx=0 tx=0 comp rx=0 tx=0)._handle_peer_banner_payload supported=3 required=0
2024-03-23T23:32:39.248 INFO:teuthology.orchestra.run.smithi099.stdout:/usr/bin/ceph: stderr
2024-03-23T23:32:38.251+0000 7f850da00700 1 --2- >> [v2:172.21.15.99:3300/0,v1:172.21.15.99:6789/0] conn(0x7f8508109ae0 0x7f850819db00 unknown :-1 s=HELLO_CONNECTING pgs=0 cs=0 l=1 rev1=1 crypto rx=0 tx=0 comp rx=0 tx=0).handle_hello peer v2:172.21.15.99:3300/0 says I am v2:172.21.15.99:59816/0 (socket says 172.21.15.99:59816)
2024-03-23T23:32:39.248 INFO:teuthology.orchestra.run.smithi099.stdout:/usr/bin/ceph: stderr
2024-03-23T23:32:38.251+0000 7f850da00700 1 -- 172.21.15.99:0/286767933 learned_addr learned my addr 172.21.15.99:0/286767933 (peer_addr_for_me v2:172.21.15.99:0/0)
2024-03-23T23:32:39.248 INFO:teuthology.orchestra.run.smithi099.stdout:/usr/bin/ceph: stderr
2024-03-23T23:32:38.251+0000 7f850da00700 1 -- 172.21.15.99:0/286767933 --> [v2:172.21.15.99:3300/0,v1:172.21.15.99:6789/0] -- mon_subscribe({config=0+,monmap=0+}) v3 -- 0x7f850819e040 con 0x7f8508109ae0
2024-03-23T23:32:39.251 INFO:teuthology.orchestra.run.smithi099.stdout:/usr/bin/ceph: stderr
2024-03-23T23:32:38.251+0000 7f850da00700 1 --2- 172.21.15.99:0/286767933 >> [v2:172.21.15.99:3300/0,v1:172.21.15.99:6789/0] conn(0x7f8508109ae0 0x7f850819db00 secure :-1 s=READY pgs=44 cs=0 l=1 rev1=1 crypto rx=0x7f84fc011850 tx=0x7f84fc011c10 comp rx=0 tx=0).ready entity=mon.0 client_cookie=0 server_cookie=0 in_seq=0 out_seq=0
2024-03-23T23:32:39.251 INFO:teuthology.orchestra.run.smithi099.stdout:/usr/bin/ceph: stderr
2024-03-23T23:32:38.251+0000 7f8506000700 1 -- 172.21.15.99:0/286767933 <== mon.0 v2:172.21.15.99:3300/0 1 ==== mon_map magic: 0 v1 ==== 205+0+0 (secure 0 0 0) 0x7f84fc003af0 con 0x7f8508109ae0
2024-03-23T23:32:39.251 INFO:teuthology.orchestra.run.smithi099.stdout:/usr/bin/ceph: stderr
2024-03-23T23:32:38.252+0000 7f8506000700 1 -- 172.21.15.99:0/286767933 <== mon.0 v2:172.21.15.99:3300/0 2 ==== config(27 keys) v1 ==== 1109+0+0 (secure 0 0 0) 0x7f84fc020070 con 0x7f8508109ae0
2024-03-23T23:32:39.251 INFO:teuthology.orchestra.run.smithi099.stdout:/usr/bin/ceph: stderr
2024-03-23T23:32:38.252+0000 7f8506000700 1 -- 172.21.15.99:0/286767933 <== mon.0 v2:172.21.15.99:3300/0 3 ==== mon_map magic: 0 v1 ==== 205+0+0 (secure 0 0 0) 0x7f84fc0195a0 con 0x7f8508109ae0
2024-03-23T23:32:39.251 INFO:teuthology.orchestra.run.smithi099.stdout:/usr/bin/ceph: stderr
2024-03-23T23:32:38.252+0000 7f850ee00700 1 -- 172.21.15.99:0/286767933 --> [v2:172.21.15.99:3300/0,v1:172.21.15.99:6789/0] -- mon_subscribe({mgrmap=0+}) v3 -- 0x7f850819e2d0 con 0x7f8508109ae0
2024-03-23T23:32:39.251 INFO:teuthology.orchestra.run.smithi099.stdout:/usr/bin/ceph: stderr
2024-03-23T23:32:38.252+0000 7f850ee00700 1 -- 172.21.15.99:0/286767933 --> [v2:172.21.15.99:3300/0,v1:172.21.15.99:6789/0] -- mon_subscribe({osdmap=0}) v3 -- 0x7f85081a0fc0 con 0x7f8508109ae0
2024-03-23T23:32:39.251 INFO:teuthology.orchestra.run.smithi099.stdout:/usr/bin/ceph: stderr
2024-03-23T23:32:38.253+0000 7f850ee00700 1 -- 172.21.15.99:0/286767933 --> [v2:172.21.15.99:3300/0,v1:172.21.15.99:6789/0] -- mon_command({"prefix": "get_command_descriptions"} v 0) v1 -- 0x7f8508069250 con 0x7f8508109ae0
2024-03-23T23:32:39.251 INFO:teuthology.orchestra.run.smithi099.stdout:/usr/bin/ceph: stderr
2024-03-23T23:32:38.253+0000 7f8506000700 1 -- 172.21.15.99:0/286767933 <== mon.0 v2:172.21.15.99:3300/0 4 ==== mgrmap(e 8) v1 ==== 46106+0+0 (secure 0 0 0) 0x7f84fc019850 con 0x7f8508109ae0
2024-03-23T23:32:39.252 INFO:teuthology.orchestra.run.smithi099.stdout:/usr/bin/ceph: stderr
2024-03-23T23:32:38.253+0000 7f8506000700 1 --2- 172.21.15.99:0/286767933 >> [v2:172.21.15.99:6800/2749486918,v1:172.21.15.99:6801/2749486918] conn(0x7f84f0038f70 0x7f84f003b430 unknown :-1 s=NONE pgs=0 cs=0 l=1 rev1=0 crypto rx=0 tx=0 comp rx=0 tx=0).connect
2024-03-23T23:32:39.252 INFO:teuthology.orchestra.run.smithi099.stdout:/usr/bin/ceph: stderr
2024-03-23T23:32:38.253+0000 7f8506000700 1 -- 172.21.15.99:0/286767933 <== mon.0 v2:172.21.15.99:3300/0 5 ==== osd_map(2..2 src has 1..2) v4 ==== 940+0+0 (secure 0 0 0) 0x7f84fc011e00 con 0x7f8508109ae0
2024-03-23T23:32:39.252 INFO:teuthology.orchestra.run.smithi099.stdout:/usr/bin/ceph: stderr
2024-03-23T23:32:38.254+0000 7f850d000700 1 --2- 172.21.15.99:0/286767933 >> [v2:172.21.15.99:6800/2749486918,v1:172.21.15.99:6801/2749486918] conn(0x7f84f0038f70 0x7f84f003b430 unknown :-1 s=BANNER_CONNECTING pgs=0 cs=0 l=1 rev1=0 crypto rx=0 tx=0 comp rx=0 tx=0)._handle_peer_banner_payload supported=3 required=0
2024-03-23T23:32:39.252 INFO:teuthology.orchestra.run.smithi099.stdout:/usr/bin/ceph: stderr
2024-03-23T23:32:38.254+0000 7f850d000700 1 --2- 172.21.15.99:0/286767933 >> [v2:172.21.15.99:6800/2749486918,v1:172.21.15.99:6801/2749486918] conn(0x7f84f0038f70 0x7f84f003b430 secure :-1 s=READY pgs=10 cs=0 l=1 rev1=1 crypto rx=0x7f84f4006fd0 tx=0x7f84f4006e40 comp rx=0 tx=0).ready entity=mgr.14120 client_cookie=0 server_cookie=0 in_seq=0 out_seq=0
2024-03-23T23:32:39.252 INFO:teuthology.orchestra.run.smithi099.stdout:/usr/bin/ceph: stderr
2024-03-23T23:32:38.259+0000 7f8506000700 1 -- 172.21.15.99:0/286767933 <== mon.0 v2:172.21.15.99:3300/0 6 ==== mon_command_ack([{"prefix": "get_command_descriptions"}]=0 v0) v1 ==== 72+0+186149 (secure 0 0 0) 0x7f84fc019b40 con 0x7f8508109ae0
2024-03-23T23:32:39.252 INFO:teuthology.orchestra.run.smithi099.stdout:/usr/bin/ceph: stderr
2024-03-23T23:32:38.477+0000 7f850ee00700 1 -- 172.21.15.99:0/286767933 --> [v2:172.21.15.99:6800/2749486918,v1:172.21.15.99:6801/2749486918] -- mgr_command(tid 0: {"prefix": "cephadm get-pub-key", "target": ["mon-mgr", ""]}) v1 -- 0x7f8508107d30 con 0x7f84f0038f70
2024-03-23T23:32:39.252 INFO:teuthology.orchestra.run.smithi099.stdout:/usr/bin/ceph: stderr
2024-03-23T23:32:38.478+0000 7f8506000700 1 -- 172.21.15.99:0/286767933 <== mgr.14120 v2:172.21.15.99:6800/2749486918 1 ==== mgr_command_reply(tid 0: 0 ) v1 ==== 8+0+595 (secure 0 0 0) 0x7f8508107d30 con 0x7f84f0038f70
2024-03-23T23:32:39.252 INFO:teuthology.orchestra.run.smithi099.stdout:/usr/bin/ceph: stderr
2024-03-23T23:32:38.481+0000 7f850ee00700 1 -- 172.21.15.99:0/286767933 >> [v2:172.21.15.99:6800/2749486918,v1:172.21.15.99:6801/2749486918] conn(0x7f84f0038f70 msgr2=0x7f84f003b430 secure :-1 s=STATE_CONNECTION_ESTABLISHED l=1).mark_down
2024-03-23T23:32:39.252 INFO:teuthology.orchestra.run.smithi099.stdout:/usr/bin/ceph: stderr
2024-03-23T23:32:38.481+0000 7f850ee00700 1 --2- 172.21.15.99:0/286767933 >> [v2:172.21.15.99:6800/2749486918,v1:172.21.15.99:6801/2749486918] conn(0x7f84f0038f70 0x7f84f003b430 secure :-1 s=READY pgs=10 cs=0 l=1 rev1=1 crypto rx=0x7f84f4006fd0 tx=0x7f84f4006e40 comp rx=0 tx=0).stop
2024-03-23T23:32:39.252 INFO:teuthology.orchestra.run.smithi099.stdout:/usr/bin/ceph: stderr
2024-03-23T23:32:38.481+0000 7f850ee00700 1 -- 172.21.15.99:0/286767933 >> [v2:172.21.15.99:3300/0,v1:172.21.15.99:6789/0] conn(0x7f8508109ae0 msgr2=0x7f850819db00 secure :-1 s=STATE_CONNECTION_ESTABLISHED l=1).mark_down
2024-03-23T23:32:39.252 INFO:teuthology.orchestra.run.smithi099.stdout:/usr/bin/ceph: stderr
2024-03-23T23:32:38.481+0000 7f850ee00700 1 --2- 172.21.15.99:0/286767933 >> [v2:172.21.15.99:3300/0,v1:172.21.15.99:6789/0] conn(0x7f8508109ae0 0x7f850819db00 secure :-1 s=READY pgs=44 cs=0 l=1 rev1=1 crypto rx=0x7f84fc011850 tx=0x7f84fc011c10 comp rx=0 tx=0).stop
2024-03-23T23:32:39.252 INFO:teuthology.orchestra.run.smithi099.stdout:/usr/bin/ceph: stderr
2024-03-23T23:32:38.481+0000 7f850ee00700 1 -- 172.21.15.99:0/286767933 shutdown_connections
2024-03-23T23:32:39.252 INFO:teuthology.orchestra.run.smithi099.stdout:/usr/bin/ceph: stderr
2024-03-23T23:32:38.481+0000 7f850ee00700 1 --2- 172.21.15.99:0/286767933 >> [v2:172.21.15.99:6800/2749486918,v1:172.21.15.99:6801/2749486918] conn(0x7f84f0038f70 0x7f84f003b430 unknown :-1 s=CLOSED pgs=10 cs=0 l=1 rev1=1 crypto rx=0 tx=0 comp rx=0 tx=0).stop
2024-03-23T23:32:39.252 INFO:teuthology.orchestra.run.smithi099.stdout:/usr/bin/ceph: stderr
2024-03-23T23:32:38.481+0000 7f850ee00700 1 --2- 172.21.15.99:0/286767933 >> [v2:172.21.15.99:3300/0,v1:172.21.15.99:6789/0] conn(0x7f8508109ae0 0x7f850819db00 unknown :-1 s=CLOSED pgs=44 cs=0 l=1 rev1=1 crypto rx=0 tx=0 comp rx=0 tx=0).stop
2024-03-23T23:32:39.253 INFO:teuthology.orchestra.run.smithi099.stdout:/usr/bin/ceph: stderr
2024-03-23T23:32:38.481+0000 7f850ee00700 1 -- 172.21.15.99:0/286767933 >> 172.21.15.99:0/286767933 conn(0x7f850807ce80 msgr2=0x7f8508107620 unknown :-1 s=STATE_NONE l=0).mark_down
2024-03-23T23:32:39.253 INFO:teuthology.orchestra.run.smithi099.stdout:/usr/bin/ceph: stderr
2024-03-23T23:32:38.481+0000 7f850ee00700 1 -- 172.21.15.99:0/286767933 shutdown_connections
2024-03-23T23:32:39.253 INFO:teuthology.orchestra.run.smithi099.stdout:/usr/bin/ceph: stderr
2024-03-23T23:32:38.481+0000 7f850ee00700 1 -- 172.21.15.99:0/286767933 wait complete.
2024-03-23T23:32:39.254 INFO:teuthology.orchestra.run.smithi099.stdout:Wrote public SSH key to /home/ubuntu/cephtest/ceph.pub
2024-03-23T23:32:39.254 INFO:teuthology.orchestra.run.smithi099.stdout:Adding key to root@localhost authorized_keys...
2024-03-23T23:32:39.254 INFO:teuthology.orchestra.run.smithi099.stdout:Adding host smithi099...
2024-03-23T23:32:39.566 INFO:journalctl@ceph.mon.a.smithi099.stdout:Mar 23 23:32:39 smithi099 ceph-mon[31715]: from='client.14138 -' entity='client.admin' cmd=[{"prefix": "cephadm get-pub-key", "target": ["mon-mgr", ""]}]: dispatch
2024-03-23T23:32:40.459 INFO:journalctl@ceph.mon.a.smithi099.stdout:Mar 23 23:32:40 smithi099 ceph-mon[31715]: from='client.14140 -' entity='client.admin' cmd=[{"prefix": "orch host add", "hostname": "smithi099", "addr": "172.21.15.99", "target": ["mon-mgr", ""]}]: dispatch
2024-03-23T23:32:42.563 INFO:journalctl@ceph.mon.a.smithi099.stdout:Mar 23 23:32:42 smithi099 ceph-mon[31715]: Deploying cephadm binary to smithi099
2024-03-23T23:32:47.251 INFO:teuthology.orchestra.run.smithi099.stdout:/usr/bin/ceph: stdout Added host 'smithi099' with addr '172.21.15.99'
2024-03-23T23:32:47.251 INFO:teuthology.orchestra.run.smithi099.stdout:/usr/bin/ceph: stderr
2024-03-23T23:32:39.882+0000 7f9b7dc00700 1 Processor -- start
2024-03-23T23:32:47.251 INFO:teuthology.orchestra.run.smithi099.stdout:/usr/bin/ceph: stderr
2024-03-23T23:32:39.882+0000 7f9b7dc00700 1 -- start start
2024-03-23T23:32:47.251 INFO:teuthology.orchestra.run.smithi099.stdout:/usr/bin/ceph: stderr
2024-03-23T23:32:39.882+0000 7f9b7dc00700 1 --2- >> [v2:172.21.15.99:3300/0,v1:172.21.15.99:6789/0] conn(0x7f9b78081a20 0x7f9b78081e40 unknown :-1 s=NONE pgs=0 cs=0 l=0 rev1=0 crypto rx=0 tx=0 comp rx=0 tx=0).connect
2024-03-23T23:32:47.251 INFO:teuthology.orchestra.run.smithi099.stdout:/usr/bin/ceph: stderr
2024-03-23T23:32:39.882+0000 7f9b7dc00700 1 -- --> [v2:172.21.15.99:3300/0,v1:172.21.15.99:6789/0] -- mon_getmap magic: 0 v1 -- 0x7f9b78082410 con 0x7f9b78081a20
2024-03-23T23:32:47.252 INFO:teuthology.orchestra.run.smithi099.stdout:/usr/bin/ceph: stderr
2024-03-23T23:32:39.883+0000 7f9b76a00700 1 --2- >> [v2:172.21.15.99:3300/0,v1:172.21.15.99:6789/0] conn(0x7f9b78081a20 0x7f9b78081e40 unknown :-1 s=BANNER_CONNECTING pgs=0 cs=0 l=0 rev1=0 crypto rx=0 tx=0 comp rx=0 tx=0)._handle_peer_banner_payload supported=3 required=0
2024-03-23T23:32:47.252 INFO:teuthology.orchestra.run.smithi099.stdout:/usr/bin/ceph: stderr
2024-03-23T23:32:39.883+0000 7f9b76a00700 1 --2- >> [v2:172.21.15.99:3300/0,v1:172.21.15.99:6789/0] conn(0x7f9b78081a20 0x7f9b78081e40 unknown :-1 s=HELLO_CONNECTING pgs=0 cs=0 l=0 rev1=1 crypto rx=0 tx=0 comp rx=0 tx=0).handle_hello peer v2:172.21.15.99:3300/0 says I am v2:172.21.15.99:55484/0 (socket says 172.21.15.99:55484)
2024-03-23T23:32:47.252 INFO:teuthology.orchestra.run.smithi099.stdout:/usr/bin/ceph: stderr
2024-03-23T23:32:39.883+0000 7f9b76a00700 1 -- 172.21.15.99:0/1700724467 learned_addr learned my addr 172.21.15.99:0/1700724467 (peer_addr_for_me v2:172.21.15.99:0/0)
2024-03-23T23:32:47.252 INFO:teuthology.orchestra.run.smithi099.stdout:/usr/bin/ceph: stderr
2024-03-23T23:32:39.883+0000 7f9b76a00700 1 -- 172.21.15.99:0/1700724467 --> [v2:172.21.15.99:3300/0,v1:172.21.15.99:6789/0] -- mon_subscribe({config=0+,monmap=0+}) v3 -- 0x7f9b7810f290 con 0x7f9b78081a20
2024-03-23T23:32:47.252 INFO:teuthology.orchestra.run.smithi099.stdout:/usr/bin/ceph: stderr
2024-03-23T23:32:39.883+0000 7f9b76a00700 1 --2- 172.21.15.99:0/1700724467 >> [v2:172.21.15.99:3300/0,v1:172.21.15.99:6789/0] conn(0x7f9b78081a20 0x7f9b78081e40 secure :-1 s=READY pgs=45 cs=0 l=1 rev1=1 crypto rx=0x7f9b680098a0 tx=0x7f9b68009bb0 comp rx=0 tx=0).ready entity=mon.0 client_cookie=6df6adea844efe53 server_cookie=0 in_seq=0 out_seq=0
2024-03-23T23:32:47.255 INFO:teuthology.orchestra.run.smithi099.stdout:/usr/bin/ceph: stderr
2024-03-23T23:32:39.884+0000 7f9b76000700 1 -- 172.21.15.99:0/1700724467 <== mon.0 v2:172.21.15.99:3300/0 1 ==== mon_map magic: 0 v1 ==== 205+0+0 (secure 0 0 0) 0x7f9b68004160 con 0x7f9b78081a20
2024-03-23T23:32:47.255 INFO:teuthology.orchestra.run.smithi099.stdout:/usr/bin/ceph: stderr
2024-03-23T23:32:39.884+0000 7f9b76000700 1 -- 172.21.15.99:0/1700724467 <== mon.0 v2:172.21.15.99:3300/0 2 ==== config(27 keys) v1 ==== 1109+0+0 (secure 0 0 0) 0x7f9b68004300 con 0x7f9b78081a20
2024-03-23T23:32:47.255 INFO:teuthology.orchestra.run.smithi099.stdout:/usr/bin/ceph: stderr
2024-03-23T23:32:39.884+0000 7f9b76000700 1 -- 172.21.15.99:0/1700724467 <== mon.0 v2:172.21.15.99:3300/0 3 ==== mon_map magic: 0 v1 ==== 205+0+0 (secure 0 0 0) 0x7f9b68011b50 con 0x7f9b78081a20
2024-03-23T23:32:47.255 INFO:teuthology.orchestra.run.smithi099.stdout:/usr/bin/ceph: stderr
2024-03-23T23:32:39.884+0000 7f9b7dc00700 1 -- 172.21.15.99:0/1700724467 >> [v2:172.21.15.99:3300/0,v1:172.21.15.99:6789/0] conn(0x7f9b78081a20 msgr2=0x7f9b78081e40 secure :-1 s=STATE_CONNECTION_ESTABLISHED l=1).mark_down
2024-03-23T23:32:47.255 INFO:teuthology.orchestra.run.smithi099.stdout:/usr/bin/ceph: stderr
2024-03-23T23:32:39.884+0000 7f9b7dc00700 1 --2- 172.21.15.99:0/1700724467 >> [v2:172.21.15.99:3300/0,v1:172.21.15.99:6789/0] conn(0x7f9b78081a20 0x7f9b78081e40 secure :-1 s=READY pgs=45 cs=0 l=1 rev1=1 crypto rx=0x7f9b680098a0 tx=0x7f9b68009bb0 comp rx=0 tx=0).stop
2024-03-23T23:32:47.255 INFO:teuthology.orchestra.run.smithi099.stdout:/usr/bin/ceph: stderr
2024-03-23T23:32:39.884+0000 7f9b7dc00700 1 -- 172.21.15.99:0/1700724467 shutdown_connections
2024-03-23T23:32:47.255 INFO:teuthology.orchestra.run.smithi099.stdout:/usr/bin/ceph: stderr
2024-03-23T23:32:39.884+0000 7f9b7dc00700 1 --2- 172.21.15.99:0/1700724467 >> [v2:172.21.15.99:3300/0,v1:172.21.15.99:6789/0] conn(0x7f9b78081a20 0x7f9b78081e40 unknown :-1 s=CLOSED pgs=45 cs=0 l=1 rev1=1 crypto rx=0 tx=0 comp rx=0 tx=0).stop
2024-03-23T23:32:47.255 INFO:teuthology.orchestra.run.smithi099.stdout:/usr/bin/ceph: stderr
2024-03-23T23:32:39.884+0000 7f9b7dc00700 1 -- 172.21.15.99:0/1700724467 >> 172.21.15.99:0/1700724467 conn(0x7f9b7807d0d0 msgr2=0x7f9b7807f4f0 unknown :-1 s=STATE_NONE l=0).mark_down
2024-03-23T23:32:47.255 INFO:teuthology.orchestra.run.smithi099.stdout:/usr/bin/ceph: stderr
2024-03-23T23:32:39.884+0000 7f9b7dc00700 1 -- 172.21.15.99:0/1700724467 shutdown_connections
2024-03-23T23:32:47.255 INFO:teuthology.orchestra.run.smithi099.stdout:/usr/bin/ceph: stderr
2024-03-23T23:32:39.885+0000 7f9b7dc00700 1 -- 172.21.15.99:0/1700724467 wait complete.
2024-03-23T23:32:47.255 INFO:teuthology.orchestra.run.smithi099.stdout:/usr/bin/ceph: stderr
2024-03-23T23:32:39.886+0000 7f9b7dc00700 1 Processor -- start
2024-03-23T23:32:47.255 INFO:teuthology.orchestra.run.smithi099.stdout:/usr/bin/ceph: stderr
2024-03-23T23:32:39.886+0000 7f9b7dc00700 1 -- start start
2024-03-23T23:32:47.256 INFO:teuthology.orchestra.run.smithi099.stdout:/usr/bin/ceph: stderr
2024-03-23T23:32:39.886+0000 7f9b7dc00700 1 --2- >> [v2:172.21.15.99:3300/0,v1:172.21.15.99:6789/0] conn(0x7f9b78081a20 0x7f9b781a2020 unknown :-1 s=NONE pgs=0 cs=0 l=1 rev1=0 crypto rx=0 tx=0 comp rx=0 tx=0).connect
2024-03-23T23:32:47.256 INFO:teuthology.orchestra.run.smithi099.stdout:/usr/bin/ceph: stderr
2024-03-23T23:32:39.886+0000 7f9b7dc00700 1 -- --> [v2:172.21.15.99:3300/0,v1:172.21.15.99:6789/0] -- mon_getmap magic: 0 v1 -- 0x7f9b78112640 con 0x7f9b78081a20
2024-03-23T23:32:47.256 INFO:teuthology.orchestra.run.smithi099.stdout:/usr/bin/ceph: stderr
2024-03-23T23:32:39.886+0000 7f9b76a00700 1 --2- >> [v2:172.21.15.99:3300/0,v1:172.21.15.99:6789/0] conn(0x7f9b78081a20 0x7f9b781a2020 unknown :-1 s=BANNER_CONNECTING pgs=0 cs=0 l=1 rev1=0 crypto rx=0 tx=0 comp rx=0 tx=0)._handle_peer_banner_payload supported=3 required=0
2024-03-23T23:32:47.256 INFO:teuthology.orchestra.run.smithi099.stdout:/usr/bin/ceph: stderr
2024-03-23T23:32:39.886+0000 7f9b76a00700 1 --2- >> [v2:172.21.15.99:3300/0,v1:172.21.15.99:6789/0] conn(0x7f9b78081a20 0x7f9b781a2020 unknown :-1 s=HELLO_CONNECTING pgs=0 cs=0 l=1 rev1=1 crypto rx=0 tx=0 comp rx=0 tx=0).handle_hello peer v2:172.21.15.99:3300/0 says I am v2:172.21.15.99:55492/0 (socket says 172.21.15.99:55492)
2024-03-23T23:32:47.256 INFO:teuthology.orchestra.run.smithi099.stdout:/usr/bin/ceph: stderr
2024-03-23T23:32:39.886+0000 7f9b76a00700 1 -- 172.21.15.99:0/159954347 learned_addr learned my addr 172.21.15.99:0/159954347 (peer_addr_for_me v2:172.21.15.99:0/0)
2024-03-23T23:32:47.256 INFO:teuthology.orchestra.run.smithi099.stdout:/usr/bin/ceph: stderr
2024-03-23T23:32:39.887+0000 7f9b76a00700 1 -- 172.21.15.99:0/159954347 --> [v2:172.21.15.99:3300/0,v1:172.21.15.99:6789/0] -- mon_subscribe({config=0+,monmap=0+}) v3 -- 0x7f9b781a2560 con 0x7f9b78081a20
2024-03-23T23:32:47.256 INFO:teuthology.orchestra.run.smithi099.stdout:/usr/bin/ceph: stderr
2024-03-23T23:32:39.887+0000 7f9b76a00700 1 --2- 172.21.15.99:0/159954347 >> [v2:172.21.15.99:3300/0,v1:172.21.15.99:6789/0] conn(0x7f9b78081a20 0x7f9b781a2020 secure :-1 s=READY pgs=46 cs=0 l=1 rev1=1 crypto rx=0x7f9b68000c00 tx=0x7f9b68011c10 comp rx=0 tx=0).ready entity=mon.0 client_cookie=0 server_cookie=0 in_seq=0 out_seq=0
2024-03-23T23:32:47.256 INFO:teuthology.orchestra.run.smithi099.stdout:/usr/bin/ceph: stderr
2024-03-23T23:32:39.887+0000 7f9b6f400700 1 -- 172.21.15.99:0/159954347 <== mon.0 v2:172.21.15.99:3300/0 1 ==== mon_map magic: 0 v1 ==== 205+0+0 (secure 0 0 0) 0x7f9b68003b20 con 0x7f9b78081a20
2024-03-23T23:32:47.256 INFO:teuthology.orchestra.run.smithi099.stdout:/usr/bin/ceph: stderr
2024-03-23T23:32:39.887+0000 7f9b6f400700 1 -- 172.21.15.99:0/159954347 <== mon.0 v2:172.21.15.99:3300/0 2 ==== config(27 keys) v1 ==== 1109+0+0 (secure 0 0 0) 0x7f9b68003cc0 con 0x7f9b78081a20
2024-03-23T23:32:47.256 INFO:teuthology.orchestra.run.smithi099.stdout:/usr/bin/ceph: stderr
2024-03-23T23:32:39.887+0000 7f9b7dc00700 1 -- 172.21.15.99:0/159954347 --> [v2:172.21.15.99:3300/0,v1:172.21.15.99:6789/0] -- mon_subscribe({mgrmap=0+}) v3 -- 0x7f9b781a27f0 con 0x7f9b78081a20
2024-03-23T23:32:47.256 INFO:teuthology.orchestra.run.smithi099.stdout:/usr/bin/ceph: stderr
2024-03-23T23:32:39.887+0000 7f9b6f400700 1 -- 172.21.15.99:0/159954347 <== mon.0 v2:172.21.15.99:3300/0 3 ==== mon_map magic: 0 v1 ==== 205+0+0 (secure 0 0 0) 0x7f9b68024910 con 0x7f9b78081a20
2024-03-23T23:32:47.258 INFO:teuthology.orchestra.run.smithi099.stdout:/usr/bin/ceph: stderr
2024-03-23T23:32:39.887+0000 7f9b7dc00700 1 -- 172.21.15.99:0/159954347 --> [v2:172.21.15.99:3300/0,v1:172.21.15.99:6789/0] -- mon_subscribe({osdmap=0}) v3 -- 0x7f9b781a54e0 con 0x7f9b78081a20
2024-03-23T23:32:47.258 INFO:teuthology.orchestra.run.smithi099.stdout:/usr/bin/ceph: stderr
2024-03-23T23:32:39.888+0000 7f9b6f400700 1 -- 172.21.15.99:0/159954347 <== mon.0 v2:172.21.15.99:3300/0 4 ==== mgrmap(e 8) v1 ==== 46106+0+0 (secure 0 0 0) 0x7f9b68022020 con 0x7f9b78081a20
2024-03-23T23:32:47.258 INFO:teuthology.orchestra.run.smithi099.stdout:/usr/bin/ceph: stderr
2024-03-23T23:32:39.888+0000 7f9b7dc00700 1 -- 172.21.15.99:0/159954347 --> [v2:172.21.15.99:3300/0,v1:172.21.15.99:6789/0] -- mon_command({"prefix": "get_command_descriptions"} v 0) v1 -- 0x7f9b780637c0 con 0x7f9b78081a20
2024-03-23T23:32:47.258 INFO:teuthology.orchestra.run.smithi099.stdout:/usr/bin/ceph: stderr
2024-03-23T23:32:39.889+0000 7f9b6f400700 1 --2- 172.21.15.99:0/159954347 >> [v2:172.21.15.99:6800/2749486918,v1:172.21.15.99:6801/2749486918] conn(0x7f9b5c038f70 0x7f9b5c03b430 unknown :-1 s=NONE pgs=0 cs=0 l=1 rev1=0 crypto rx=0 tx=0 comp rx=0 tx=0).connect
2024-03-23T23:32:47.258 INFO:teuthology.orchestra.run.smithi099.stdout:/usr/bin/ceph: stderr
2024-03-23T23:32:39.889+0000 7f9b6f400700 1 -- 172.21.15.99:0/159954347 <== mon.0 v2:172.21.15.99:3300/0 5 ==== osd_map(2..2 src has 1..2) v4 ==== 940+0+0 (secure 0 0 0) 0x7f9b68011e00 con 0x7f9b78081a20
2024-03-23T23:32:47.258 INFO:teuthology.orchestra.run.smithi099.stdout:/usr/bin/ceph: stderr
2024-03-23T23:32:39.889+0000 7f9b6fe00700 1 --2- 172.21.15.99:0/159954347 >> [v2:172.21.15.99:6800/2749486918,v1:172.21.15.99:6801/2749486918] conn(0x7f9b5c038f70 0x7f9b5c03b430 unknown :-1 s=BANNER_CONNECTING pgs=0 cs=0 l=1 rev1=0 crypto rx=0 tx=0 comp rx=0 tx=0)._handle_peer_banner_payload supported=3 required=0
2024-03-23T23:32:47.258 INFO:teuthology.orchestra.run.smithi099.stdout:/usr/bin/ceph: stderr
2024-03-23T23:32:39.890+0000 7f9b6fe00700 1 --2- 172.21.15.99:0/159954347 >> [v2:172.21.15.99:6800/2749486918,v1:172.21.15.99:6801/2749486918] conn(0x7f9b5c038f70 0x7f9b5c03b430 secure :-1 s=READY pgs=11 cs=0 l=1 rev1=1 crypto rx=0x7f9b60006fd0 tx=0x7f9b60006e40 comp rx=0 tx=0).ready entity=mgr.14120 client_cookie=0 server_cookie=0 in_seq=0 out_seq=0
2024-03-23T23:32:47.258 INFO:teuthology.orchestra.run.smithi099.stdout:/usr/bin/ceph: stderr
2024-03-23T23:32:39.894+0000 7f9b6f400700 1 -- 172.21.15.99:0/159954347 <== mon.0 v2:172.21.15.99:3300/0 6 ==== mon_command_ack([{"prefix": "get_command_descriptions"}]=0 v0) v1 ==== 72+0+186149 (secure 0 0 0) 0x7f9b6801acd0 con 0x7f9b78081a20
2024-03-23T23:32:47.259 INFO:teuthology.orchestra.run.smithi099.stdout:/usr/bin/ceph: stderr
2024-03-23T23:32:40.123+0000 7f9b7dc00700 1 -- 172.21.15.99:0/159954347 --> [v2:172.21.15.99:6800/2749486918,v1:172.21.15.99:6801/2749486918] -- mgr_command(tid 0: {"prefix": "orch host add", "hostname": "smithi099", "addr": "172.21.15.99", "target": ["mon-mgr", ""]}) v1 -- 0x7f9b7807e340 con 0x7f9b5c038f70
2024-03-23T23:32:47.259 INFO:teuthology.orchestra.run.smithi099.stdout:/usr/bin/ceph: stderr
2024-03-23T23:32:46.441+0000 7f9b6f400700 1 -- 172.21.15.99:0/159954347 <== mgr.14120 v2:172.21.15.99:6800/2749486918 1 ==== mgr_command_reply(tid 0: 0 ) v1 ==== 8+0+48 (secure 0 0 0) 0x7f9b7807e340 con 0x7f9b5c038f70
2024-03-23T23:32:47.259 INFO:teuthology.orchestra.run.smithi099.stdout:/usr/bin/ceph: stderr
2024-03-23T23:32:46.444+0000 7f9b7dc00700 1 -- 172.21.15.99:0/159954347 >> [v2:172.21.15.99:6800/2749486918,v1:172.21.15.99:6801/2749486918] conn(0x7f9b5c038f70 msgr2=0x7f9b5c03b430 secure :-1 s=STATE_CONNECTION_ESTABLISHED l=1).mark_down
2024-03-23T23:32:47.259 INFO:teuthology.orchestra.run.smithi099.stdout:/usr/bin/ceph: stderr
2024-03-23T23:32:46.444+0000 7f9b7dc00700 1 --2- 172.21.15.99:0/159954347 >> [v2:172.21.15.99:6800/2749486918,v1:172.21.15.99:6801/2749486918] conn(0x7f9b5c038f70 0x7f9b5c03b430 secure :-1 s=READY pgs=11 cs=0 l=1 rev1=1 crypto rx=0x7f9b60006fd0 tx=0x7f9b60006e40 comp rx=0 tx=0).stop
2024-03-23T23:32:47.259 INFO:teuthology.orchestra.run.smithi099.stdout:/usr/bin/ceph: stderr
2024-03-23T23:32:46.444+0000 7f9b7dc00700 1 -- 172.21.15.99:0/159954347 >> [v2:172.21.15.99:3300/0,v1:172.21.15.99:6789/0] conn(0x7f9b78081a20 msgr2=0x7f9b781a2020 secure :-1 s=STATE_CONNECTION_ESTABLISHED l=1).mark_down
2024-03-23T23:32:47.259 INFO:teuthology.orchestra.run.smithi099.stdout:/usr/bin/ceph: stderr
2024-03-23T23:32:46.444+0000 7f9b7dc00700 1 --2- 172.21.15.99:0/159954347 >> [v2:172.21.15.99:3300/0,v1:172.21.15.99:6789/0] conn(0x7f9b78081a20 0x7f9b781a2020 secure :-1 s=READY pgs=46 cs=0 l=1 rev1=1 crypto rx=0x7f9b68000c00 tx=0x7f9b68011c10 comp rx=0 tx=0).stop
2024-03-23T23:32:47.259 INFO:teuthology.orchestra.run.smithi099.stdout:/usr/bin/ceph: stderr
2024-03-23T23:32:46.444+0000 7f9b7dc00700 1 -- 172.21.15.99:0/159954347 shutdown_connections
2024-03-23T23:32:47.259 INFO:teuthology.orchestra.run.smithi099.stdout:/usr/bin/ceph: stderr
2024-03-23T23:32:46.444+0000 7f9b7dc00700 1 --2- 172.21.15.99:0/159954347 >> [v2:172.21.15.99:6800/2749486918,v1:172.21.15.99:6801/2749486918] conn(0x7f9b5c038f70 0x7f9b5c03b430 unknown :-1 s=CLOSED pgs=11 cs=0 l=1 rev1=1 crypto rx=0 tx=0 comp rx=0 tx=0).stop
2024-03-23T23:32:47.259 INFO:teuthology.orchestra.run.smithi099.stdout:/usr/bin/ceph: stderr
2024-03-23T23:32:46.444+0000 7f9b7dc00700 1 --2- 172.21.15.99:0/159954347 >> [v2:172.21.15.99:3300/0,v1:172.21.15.99:6789/0] conn(0x7f9b78081a20 0x7f9b781a2020 unknown :-1 s=CLOSED pgs=46 cs=0 l=1 rev1=1 crypto rx=0 tx=0 comp rx=0 tx=0).stop
2024-03-23T23:32:47.259 INFO:teuthology.orchestra.run.smithi099.stdout:/usr/bin/ceph: stderr
2024-03-23T23:32:46.444+0000 7f9b7dc00700 1 -- 172.21.15.99:0/159954347 >> 172.21.15.99:0/159954347 conn(0x7f9b7807d0d0 msgr2=0x7f9b7807dc30 unknown :-1 s=STATE_NONE l=0).mark_down
2024-03-23T23:32:47.259 INFO:teuthology.orchestra.run.smithi099.stdout:/usr/bin/ceph: stderr
2024-03-23T23:32:46.445+0000 7f9b7dc00700 1 -- 172.21.15.99:0/159954347 shutdown_connections
2024-03-23T23:32:47.259 INFO:teuthology.orchestra.run.smithi099.stdout:/usr/bin/ceph: stderr
2024-03-23T23:32:46.445+0000 7f9b7dc00700 1 -- 172.21.15.99:0/159954347 wait complete.
2024-03-23T23:32:47.259 INFO:teuthology.orchestra.run.smithi099.stdout:Deploying unmanaged mon service...
2024-03-23T23:32:47.600 INFO:journalctl@ceph.mon.a.smithi099.stdout:Mar 23 23:32:47 smithi099 ceph-mon[31715]: from='mgr.14120 172.21.15.99:0/3796201788' entity='mgr.x'
2024-03-23T23:32:47.600 INFO:journalctl@ceph.mon.a.smithi099.stdout:Mar 23 23:32:47 smithi099 ceph-mon[31715]: Added host smithi099
2024-03-23T23:32:47.600 INFO:journalctl@ceph.mon.a.smithi099.stdout:Mar 23 23:32:47 smithi099 ceph-mon[31715]: from='mgr.14120 172.21.15.99:0/3796201788' entity='mgr.x' cmd=[{"prefix": "config dump", "format": "json"}]: dispatch
2024-03-23T23:32:49.023 INFO:teuthology.orchestra.run.smithi099.stdout:/usr/bin/ceph: stdout Scheduled mon update...
2024-03-23T23:32:49.023 INFO:teuthology.orchestra.run.smithi099.stdout:/usr/bin/ceph: stderr
2024-03-23T23:32:47.932+0000 7f99e8e00700 1 Processor -- start
2024-03-23T23:32:49.023 INFO:teuthology.orchestra.run.smithi099.stdout:/usr/bin/ceph: stderr
2024-03-23T23:32:47.932+0000 7f99e8e00700 1 -- start start
2024-03-23T23:32:49.023 INFO:teuthology.orchestra.run.smithi099.stdout:/usr/bin/ceph: stderr
2024-03-23T23:32:47.933+0000 7f99e8e00700 1 --2- >> [v2:172.21.15.99:3300/0,v1:172.21.15.99:6789/0] conn(0x7f99e4107a80 0x7f99e4107ea0 unknown :-1 s=NONE pgs=0 cs=0 l=0 rev1=0 crypto rx=0 tx=0 comp rx=0 tx=0).connect
2024-03-23T23:32:49.023 INFO:teuthology.orchestra.run.smithi099.stdout:/usr/bin/ceph: stderr
2024-03-23T23:32:47.933+0000 7f99e8e00700 1 -- --> [v2:172.21.15.99:3300/0,v1:172.21.15.99:6789/0] -- mon_getmap magic: 0 v1 -- 0x7f99e4108470 con 0x7f99e4107a80
2024-03-23T23:32:49.023 INFO:teuthology.orchestra.run.smithi099.stdout:/usr/bin/ceph: stderr
2024-03-23T23:32:47.933+0000 7f99e1e00700 1 --2- >> [v2:172.21.15.99:3300/0,v1:172.21.15.99:6789/0] conn(0x7f99e4107a80 0x7f99e4107ea0 unknown :-1 s=BANNER_CONNECTING pgs=0 cs=0 l=0 rev1=0 crypto rx=0 tx=0 comp rx=0 tx=0)._handle_peer_banner_payload supported=3 required=0
2024-03-23T23:32:49.027 INFO:teuthology.orchestra.run.smithi099.stdout:/usr/bin/ceph: stderr
2024-03-23T23:32:47.933+0000 7f99e1e00700 1 --2- >> [v2:172.21.15.99:3300/0,v1:172.21.15.99:6789/0] conn(0x7f99e4107a80 0x7f99e4107ea0 unknown :-1 s=HELLO_CONNECTING pgs=0 cs=0 l=0 rev1=1 crypto rx=0 tx=0 comp rx=0 tx=0).handle_hello peer v2:172.21.15.99:3300/0 says I am v2:172.21.15.99:55506/0 (socket says 172.21.15.99:55506)
2024-03-23T23:32:49.027 INFO:teuthology.orchestra.run.smithi099.stdout:/usr/bin/ceph: stderr
2024-03-23T23:32:47.933+0000 7f99e1e00700 1 -- 172.21.15.99:0/1471429524 learned_addr learned my addr 172.21.15.99:0/1471429524 (peer_addr_for_me v2:172.21.15.99:0/0)
2024-03-23T23:32:49.027 INFO:teuthology.orchestra.run.smithi099.stdout:/usr/bin/ceph: stderr
2024-03-23T23:32:47.934+0000 7f99e1e00700 1 -- 172.21.15.99:0/1471429524 --> [v2:172.21.15.99:3300/0,v1:172.21.15.99:6789/0] -- mon_subscribe({config=0+,monmap=0+}) v3 -- 0x7f99e4108c80 con 0x7f99e4107a80
2024-03-23T23:32:49.027 INFO:teuthology.orchestra.run.smithi099.stdout:/usr/bin/ceph: stderr
2024-03-23T23:32:47.934+0000 7f99e1e00700 1 --2- 172.21.15.99:0/1471429524 >> [v2:172.21.15.99:3300/0,v1:172.21.15.99:6789/0] conn(0x7f99e4107a80 0x7f99e4107ea0 secure :-1 s=READY pgs=47 cs=0 l=1 rev1=1 crypto rx=0x7f99d40098a0 tx=0x7f99d4009bb0 comp rx=0 tx=0).ready entity=mon.0 client_cookie=7dbc36cc287445d5 server_cookie=0 in_seq=0 out_seq=0
2024-03-23T23:32:49.027 INFO:teuthology.orchestra.run.smithi099.stdout:/usr/bin/ceph: stderr
2024-03-23T23:32:47.934+0000 7f99e0a00700 1 -- 172.21.15.99:0/1471429524 <== mon.0 v2:172.21.15.99:3300/0 1 ==== mon_map magic: 0 v1 ==== 205+0+0 (secure 0 0 0) 0x7f99d4004160 con 0x7f99e4107a80
2024-03-23T23:32:49.027 INFO:teuthology.orchestra.run.smithi099.stdout:/usr/bin/ceph: stderr
2024-03-23T23:32:47.934+0000 7f99e0a00700 1 -- 172.21.15.99:0/1471429524 <== mon.0 v2:172.21.15.99:3300/0 2 ==== config(27 keys) v1 ==== 1109+0+0 (secure 0 0 0) 0x7f99d4004300 con 0x7f99e4107a80
2024-03-23T23:32:49.027 INFO:teuthology.orchestra.run.smithi099.stdout:/usr/bin/ceph: stderr
2024-03-23T23:32:47.934+0000 7f99e0a00700 1 -- 172.21.15.99:0/1471429524 <== mon.0 v2:172.21.15.99:3300/0 3 ==== mon_map magic: 0 v1 ==== 205+0+0 (secure 0 0 0) 0x7f99d4011b50 con 0x7f99e4107a80
2024-03-23T23:32:49.027 INFO:teuthology.orchestra.run.smithi099.stdout:/usr/bin/ceph: stderr
2024-03-23T23:32:47.935+0000 7f99e8e00700 1 -- 172.21.15.99:0/1471429524 >> [v2:172.21.15.99:3300/0,v1:172.21.15.99:6789/0] conn(0x7f99e4107a80 msgr2=0x7f99e4107ea0 secure :-1 s=STATE_CONNECTION_ESTABLISHED l=1).mark_down
2024-03-23T23:32:49.027 INFO:teuthology.orchestra.run.smithi099.stdout:/usr/bin/ceph: stderr
2024-03-23T23:32:47.935+0000 7f99e8e00700 1 --2- 172.21.15.99:0/1471429524 >> [v2:172.21.15.99:3300/0,v1:172.21.15.99:6789/0] conn(0x7f99e4107a80 0x7f99e4107ea0 secure :-1 s=READY pgs=47 cs=0 l=1 rev1=1 crypto rx=0x7f99d40098a0 tx=0x7f99d4009bb0 comp rx=0 tx=0).stop
2024-03-23T23:32:49.027 INFO:teuthology.orchestra.run.smithi099.stdout:/usr/bin/ceph: stderr
2024-03-23T23:32:47.935+0000 7f99e8e00700 1 -- 172.21.15.99:0/1471429524 shutdown_connections
2024-03-23T23:32:49.028 INFO:teuthology.orchestra.run.smithi099.stdout:/usr/bin/ceph: stderr
2024-03-23T23:32:47.935+0000 7f99e8e00700 1 --2- 172.21.15.99:0/1471429524 >> [v2:172.21.15.99:3300/0,v1:172.21.15.99:6789/0] conn(0x7f99e4107a80 0x7f99e4107ea0 unknown :-1 s=CLOSED pgs=47 cs=0 l=1 rev1=1 crypto rx=0 tx=0 comp rx=0 tx=0).stop
2024-03-23T23:32:49.028 INFO:teuthology.orchestra.run.smithi099.stdout:/usr/bin/ceph: stderr
2024-03-23T23:32:47.935+0000 7f99e8e00700 1 -- 172.21.15.99:0/1471429524 >> 172.21.15.99:0/1471429524 conn(0x7f99e4103000 msgr2=0x7f99e4105460 unknown :-1 s=STATE_NONE l=0).mark_down
2024-03-23T23:32:49.028 INFO:teuthology.orchestra.run.smithi099.stdout:/usr/bin/ceph: stderr
2024-03-23T23:32:47.935+0000 7f99e8e00700 1 -- 172.21.15.99:0/1471429524 shutdown_connections
2024-03-23T23:32:49.028 INFO:teuthology.orchestra.run.smithi099.stdout:/usr/bin/ceph: stderr
2024-03-23T23:32:47.935+0000 7f99e8e00700 1 -- 172.21.15.99:0/1471429524 wait complete.
2024-03-23T23:32:49.028 INFO:teuthology.orchestra.run.smithi099.stdout:/usr/bin/ceph: stderr
2024-03-23T23:32:47.936+0000 7f99e8e00700 1 Processor -- start
2024-03-23T23:32:49.028 INFO:teuthology.orchestra.run.smithi099.stdout:/usr/bin/ceph: stderr
2024-03-23T23:32:47.936+0000 7f99e8e00700 1 -- start start
2024-03-23T23:32:49.028 INFO:teuthology.orchestra.run.smithi099.stdout:/usr/bin/ceph: stderr
2024-03-23T23:32:47.937+0000 7f99e8e00700 1 --2- >> [v2:172.21.15.99:3300/0,v1:172.21.15.99:6789/0] conn(0x7f99e4107a80 0x7f99e419dca0 unknown :-1 s=NONE pgs=0 cs=0 l=1 rev1=0 crypto rx=0 tx=0 comp rx=0 tx=0).connect
2024-03-23T23:32:49.028 INFO:teuthology.orchestra.run.smithi099.stdout:/usr/bin/ceph: stderr
2024-03-23T23:32:47.937+0000 7f99e8e00700 1 -- --> [v2:172.21.15.99:3300/0,v1:172.21.15.99:6789/0] -- mon_getmap magic: 0 v1 -- 0x7f99e410c030 con 0x7f99e4107a80
2024-03-23T23:32:49.028 INFO:teuthology.orchestra.run.smithi099.stdout:/usr/bin/ceph: stderr
2024-03-23T23:32:47.937+0000 7f99e1e00700 1 --2- >> [v2:172.21.15.99:3300/0,v1:172.21.15.99:6789/0] conn(0x7f99e4107a80 0x7f99e419dca0 unknown :-1 s=BANNER_CONNECTING pgs=0 cs=0 l=1 rev1=0 crypto rx=0 tx=0 comp rx=0 tx=0)._handle_peer_banner_payload supported=3 required=0
2024-03-23T23:32:49.028 INFO:teuthology.orchestra.run.smithi099.stdout:/usr/bin/ceph: stderr
2024-03-23T23:32:47.937+0000 7f99e1e00700 1 --2- >> [v2:172.21.15.99:3300/0,v1:172.21.15.99:6789/0] conn(0x7f99e4107a80 0x7f99e419dca0 unknown :-1 s=HELLO_CONNECTING pgs=0 cs=0 l=1 rev1=1 crypto rx=0 tx=0 comp rx=0 tx=0).handle_hello peer v2:172.21.15.99:3300/0 says I am v2:172.21.15.99:55522/0 (socket says 172.21.15.99:55522)
2024-03-23T23:32:49.028 INFO:teuthology.orchestra.run.smithi099.stdout:/usr/bin/ceph: stderr
2024-03-23T23:32:47.937+0000 7f99e1e00700 1 -- 172.21.15.99:0/70657711 learned_addr learned my addr 172.21.15.99:0/70657711 (peer_addr_for_me v2:172.21.15.99:0/0)
2024-03-23T23:32:49.028 INFO:teuthology.orchestra.run.smithi099.stdout:/usr/bin/ceph: stderr
2024-03-23T23:32:47.937+0000 7f99e1e00700 1 -- 172.21.15.99:0/70657711 --> [v2:172.21.15.99:3300/0,v1:172.21.15.99:6789/0] -- mon_subscribe({config=0+,monmap=0+}) v3 -- 0x7f99e419e1e0 con 0x7f99e4107a80
2024-03-23T23:32:49.028 INFO:teuthology.orchestra.run.smithi099.stdout:/usr/bin/ceph: stderr
2024-03-23T23:32:47.937+0000 7f99e1e00700 1 --2- 172.21.15.99:0/70657711 >> [v2:172.21.15.99:3300/0,v1:172.21.15.99:6789/0] conn(0x7f99e4107a80 0x7f99e419dca0 secure :-1 s=READY pgs=48 cs=0 l=1 rev1=1 crypto rx=0x7f99d4000c00 tx=0x7f99d4011c10 comp rx=0 tx=0).ready entity=mon.0 client_cookie=0 server_cookie=0 in_seq=0 out_seq=0
2024-03-23T23:32:49.028 INFO:teuthology.orchestra.run.smithi099.stdout:/usr/bin/ceph: stderr
2024-03-23T23:32:47.938+0000 7f99daa00700 1 -- 172.21.15.99:0/70657711 <== mon.0 v2:172.21.15.99:3300/0 1 ==== mon_map magic: 0 v1 ==== 205+0+0 (secure 0 0 0) 0x7f99d4003b20 con 0x7f99e4107a80
2024-03-23T23:32:49.028 INFO:teuthology.orchestra.run.smithi099.stdout:/usr/bin/ceph: stderr
2024-03-23T23:32:47.938+0000 7f99daa00700 1 -- 172.21.15.99:0/70657711 <== mon.0 v2:172.21.15.99:3300/0 2 ==== config(27 keys) v1 ==== 1109+0+0 (secure 0 0 0) 0x7f99d4003cc0 con 0x7f99e4107a80
2024-03-23T23:32:49.029 INFO:teuthology.orchestra.run.smithi099.stdout:/usr/bin/ceph: stderr
2024-03-23T23:32:47.938+0000 7f99daa00700 1 -- 172.21.15.99:0/70657711 <== mon.0 v2:172.21.15.99:3300/0 3 ==== mon_map magic: 0 v1 ==== 205+0+0 (secure 0 0 0) 0x7f99d4024910 con 0x7f99e4107a80
2024-03-23T23:32:49.029 INFO:teuthology.orchestra.run.smithi099.stdout:/usr/bin/ceph: stderr
2024-03-23T23:32:47.938+0000 7f99e8e00700 1 -- 172.21.15.99:0/70657711 --> [v2:172.21.15.99:3300/0,v1:172.21.15.99:6789/0] -- mon_subscribe({mgrmap=0+}) v3 -- 0x7f99e419e470 con 0x7f99e4107a80
2024-03-23T23:32:49.029 INFO:teuthology.orchestra.run.smithi099.stdout:/usr/bin/ceph: stderr
2024-03-23T23:32:47.938+0000 7f99e8e00700 1 -- 172.21.15.99:0/70657711 --> [v2:172.21.15.99:3300/0,v1:172.21.15.99:6789/0] -- mon_subscribe({osdmap=0}) v3 -- 0x7f99e41a1160 con 0x7f99e4107a80
2024-03-23T23:32:49.029 INFO:teuthology.orchestra.run.smithi099.stdout:/usr/bin/ceph: stderr
2024-03-23T23:32:47.939+0000 7f99daa00700 1 -- 172.21.15.99:0/70657711 <== mon.0 v2:172.21.15.99:3300/0 4 ==== mgrmap(e 8) v1 ==== 46106+0+0 (secure 0 0 0) 0x7f99d4022020 con 0x7f99e4107a80
2024-03-23T23:32:49.029 INFO:teuthology.orchestra.run.smithi099.stdout:/usr/bin/ceph: stderr
2024-03-23T23:32:47.939+0000 7f99e8e00700 1 -- 172.21.15.99:0/70657711 --> [v2:172.21.15.99:3300/0,v1:172.21.15.99:6789/0] -- mon_command({"prefix": "get_command_descriptions"} v 0) v1 -- 0x7f99e40637c0 con 0x7f99e4107a80
2024-03-23T23:32:49.029 INFO:teuthology.orchestra.run.smithi099.stdout:/usr/bin/ceph: stderr
2024-03-23T23:32:47.940+0000 7f99daa00700 1 --2- 172.21.15.99:0/70657711 >> [v2:172.21.15.99:6800/2749486918,v1:172.21.15.99:6801/2749486918] conn(0x7f99c8038f70 0x7f99c803b430 unknown :-1 s=NONE pgs=0 cs=0 l=1 rev1=0 crypto rx=0 tx=0 comp rx=0 tx=0).connect
2024-03-23T23:32:49.029 INFO:teuthology.orchestra.run.smithi099.stdout:/usr/bin/ceph: stderr
2024-03-23T23:32:47.940+0000 7f99daa00700 1 -- 172.21.15.99:0/70657711 <== mon.0 v2:172.21.15.99:3300/0 5 ==== osd_map(2..2 src has 1..2) v4 ==== 940+0+0 (secure 0 0 0) 0x7f99d4011e00 con 0x7f99e4107a80
2024-03-23T23:32:49.029 INFO:teuthology.orchestra.run.smithi099.stdout:/usr/bin/ceph: stderr
2024-03-23T23:32:47.940+0000 7f99e1400700 1 --2- 172.21.15.99:0/70657711 >> [v2:172.21.15.99:6800/2749486918,v1:172.21.15.99:6801/2749486918] conn(0x7f99c8038f70 0x7f99c803b430 unknown :-1 s=BANNER_CONNECTING pgs=0 cs=0 l=1 rev1=0 crypto rx=0 tx=0 comp rx=0 tx=0)._handle_peer_banner_payload supported=3 required=0
2024-03-23T23:32:49.029 INFO:teuthology.orchestra.run.smithi099.stdout:/usr/bin/ceph: stderr
2024-03-23T23:32:47.941+0000 7f99e1400700 1 --2- 172.21.15.99:0/70657711 >> [v2:172.21.15.99:6800/2749486918,v1:172.21.15.99:6801/2749486918] conn(0x7f99c8038f70 0x7f99c803b430 secure :-1 s=READY pgs=12 cs=0 l=1 rev1=1 crypto rx=0x7f99d0006fd0 tx=0x7f99d0006e40 comp rx=0 tx=0).ready entity=mgr.14120 client_cookie=0 server_cookie=0 in_seq=0 out_seq=0
2024-03-23T23:32:49.029 INFO:teuthology.orchestra.run.smithi099.stdout:/usr/bin/ceph: stderr
2024-03-23T23:32:47.945+0000 7f99daa00700 1 -- 172.21.15.99:0/70657711 <== mon.0 v2:172.21.15.99:3300/0 6 ==== mon_command_ack([{"prefix": "get_command_descriptions"}]=0 v0) v1 ==== 72+0+186149 (secure 0 0 0) 0x7f99d404c900 con 0x7f99e4107a80
2024-03-23T23:32:49.031 INFO:teuthology.orchestra.run.smithi099.stdout:/usr/bin/ceph: stderr
2024-03-23T23:32:48.189+0000 7f99e8e00700 1 -- 172.21.15.99:0/70657711 --> [v2:172.21.15.99:6800/2749486918,v1:172.21.15.99:6801/2749486918] -- mgr_command(tid 0: {"prefix": "orch apply", "service_type": "mon", "unmanaged": true, "target": ["mon-mgr", ""]}) v1 -- 0x7f99e4104260 con 0x7f99c8038f70
2024-03-23T23:32:49.031 INFO:teuthology.orchestra.run.smithi099.stdout:/usr/bin/ceph: stderr
2024-03-23T23:32:48.197+0000 7f99daa00700 1 -- 172.21.15.99:0/70657711 <== mgr.14120 v2:172.21.15.99:6800/2749486918 1 ==== mgr_command_reply(tid 0: 0 ) v1 ==== 8+0+24 (secure 0 0 0) 0x7f99e4104260 con 0x7f99c8038f70
2024-03-23T23:32:49.031 INFO:teuthology.orchestra.run.smithi099.stdout:/usr/bin/ceph: stderr
2024-03-23T23:32:48.200+0000 7f99e8e00700 1 -- 172.21.15.99:0/70657711 >> [v2:172.21.15.99:6800/2749486918,v1:172.21.15.99:6801/2749486918] conn(0x7f99c8038f70 msgr2=0x7f99c803b430 secure :-1 s=STATE_CONNECTION_ESTABLISHED l=1).mark_down
2024-03-23T23:32:49.031 INFO:teuthology.orchestra.run.smithi099.stdout:/usr/bin/ceph: stderr
2024-03-23T23:32:48.200+0000 7f99e8e00700 1 --2- 172.21.15.99:0/70657711 >> [v2:172.21.15.99:6800/2749486918,v1:172.21.15.99:6801/2749486918] conn(0x7f99c8038f70 0x7f99c803b430 secure :-1 s=READY pgs=12 cs=0 l=1 rev1=1 crypto rx=0x7f99d0006fd0 tx=0x7f99d0006e40 comp rx=0 tx=0).stop
2024-03-23T23:32:49.031 INFO:teuthology.orchestra.run.smithi099.stdout:/usr/bin/ceph: stderr
2024-03-23T23:32:48.200+0000 7f99e8e00700 1 -- 172.21.15.99:0/70657711 >> [v2:172.21.15.99:3300/0,v1:172.21.15.99:6789/0] conn(0x7f99e4107a80 msgr2=0x7f99e419dca0 secure :-1 s=STATE_CONNECTION_ESTABLISHED l=1).mark_down
2024-03-23T23:32:49.031 INFO:teuthology.orchestra.run.smithi099.stdout:/usr/bin/ceph: stderr
2024-03-23T23:32:48.200+0000 7f99e8e00700 1 --2- 172.21.15.99:0/70657711 >> [v2:172.21.15.99:3300/0,v1:172.21.15.99:6789/0] conn(0x7f99e4107a80 0x7f99e419dca0 secure :-1 s=READY pgs=48 cs=0 l=1 rev1=1 crypto rx=0x7f99d4000c00 tx=0x7f99d4011c10 comp rx=0 tx=0).stop
2024-03-23T23:32:49.031 INFO:teuthology.orchestra.run.smithi099.stdout:/usr/bin/ceph: stderr
2024-03-23T23:32:48.200+0000 7f99e8e00700 1 -- 172.21.15.99:0/70657711 shutdown_connections
2024-03-23T23:32:49.031 INFO:teuthology.orchestra.run.smithi099.stdout:/usr/bin/ceph: stderr
2024-03-23T23:32:48.201+0000 7f99e8e00700 1 --2- 172.21.15.99:0/70657711 >> [v2:172.21.15.99:6800/2749486918,v1:172.21.15.99:6801/2749486918] conn(0x7f99c8038f70 0x7f99c803b430 unknown :-1 s=CLOSED pgs=12 cs=0 l=1 rev1=1 crypto rx=0 tx=0 comp rx=0 tx=0).stop
2024-03-23T23:32:49.031 INFO:teuthology.orchestra.run.smithi099.stdout:/usr/bin/ceph: stderr
2024-03-23T23:32:48.201+0000 7f99e8e00700 1 --2- 172.21.15.99:0/70657711 >> [v2:172.21.15.99:3300/0,v1:172.21.15.99:6789/0] conn(0x7f99e4107a80 0x7f99e419dca0 unknown :-1 s=CLOSED pgs=48 cs=0 l=1 rev1=1 crypto rx=0 tx=0 comp rx=0 tx=0).stop
2024-03-23T23:32:49.031 INFO:teuthology.orchestra.run.smithi099.stdout:/usr/bin/ceph: stderr
2024-03-23T23:32:48.201+0000 7f99e8e00700 1 -- 172.21.15.99:0/70657711 >> 172.21.15.99:0/70657711 conn(0x7f99e4103000 msgr2=0x7f99e4103b50 unknown :-1 s=STATE_NONE l=0).mark_down
2024-03-23T23:32:49.032 INFO:teuthology.orchestra.run.smithi099.stdout:/usr/bin/ceph: stderr
2024-03-23T23:32:48.201+0000 7f99e8e00700 1 -- 172.21.15.99:0/70657711 shutdown_connections
2024-03-23T23:32:49.032 INFO:teuthology.orchestra.run.smithi099.stdout:/usr/bin/ceph: stderr
2024-03-23T23:32:48.201+0000 7f99e8e00700 1 -- 172.21.15.99:0/70657711 wait complete.
2024-03-23T23:32:49.032 INFO:teuthology.orchestra.run.smithi099.stdout:Deploying unmanaged mgr service...
2024-03-23T23:32:49.361 INFO:journalctl@ceph.mon.a.smithi099.stdout:Mar 23 23:32:49 smithi099 ceph-mon[31715]: from='client.14142 -' entity='client.admin' cmd=[{"prefix": "orch apply", "service_type": "mon", "unmanaged": true, "target": ["mon-mgr", ""]}]: dispatch
2024-03-23T23:32:49.361 INFO:journalctl@ceph.mon.a.smithi099.stdout:Mar 23 23:32:49 smithi099 ceph-mon[31715]: Saving service mon spec with placement count:5
2024-03-23T23:32:49.361 INFO:journalctl@ceph.mon.a.smithi099.stdout:Mar 23 23:32:49 smithi099 ceph-mon[31715]: from='mgr.14120 172.21.15.99:0/3796201788' entity='mgr.x'
2024-03-23T23:32:51.361 INFO:journalctl@ceph.mon.a.smithi099.stdout:Mar 23 23:32:51 smithi099 ceph-mon[31715]: pgmap v3: 0 pgs: ; 0 B data, 0 B used, 0 B / 0 B avail
