2024-03-23T23:32:56.649+0000 7f46d6a00700 1 -- --> [v2:172.21.15.99:3300/0,v1:172.21.15.99:6789/0] -- mon_getmap magic: 0 v1 -- 0x7f46d007c8d0 con 0x7f46d007dea0
2024-03-23T23:32:58.652 INFO:teuthology.orchestra.run.smithi099.stdout:/usr/bin/ceph: stderr
2024-03-23T23:32:56.649+0000 7f46cfe00700 1 --2- >> [v2:172.21.15.99:3300/0,v1:172.21.15.99:6789/0] conn(0x7f46d007dea0 0x7f46d007c300 unknown :-1 s=BANNER_CONNECTING pgs=0 cs=0 l=0 rev1=0 crypto rx=0 tx=0 comp rx=0 tx=0)._handle_peer_banner_payload supported=3 required=0
2024-03-23T23:32:58.652 INFO:teuthology.orchestra.run.smithi099.stdout:/usr/bin/ceph: stderr
2024-03-23T23:32:56.649+0000 7f46cfe00700 1 --2- >> [v2:172.21.15.99:3300/0,v1:172.21.15.99:6789/0] conn(0x7f46d007dea0 0x7f46d007c300 unknown :-1 s=HELLO_CONNECTING pgs=0 cs=0 l=0 rev1=1 crypto rx=0 tx=0 comp rx=0 tx=0).handle_hello peer v2:172.21.15.99:3300/0 says I am v2:172.21.15.99:52356/0 (socket says 172.21.15.99:52356)
2024-03-23T23:32:58.652 INFO:teuthology.orchestra.run.smithi099.stdout:/usr/bin/ceph: stderr
2024-03-23T23:32:56.649+0000 7f46cfe00700 1 -- 172.21.15.99:0/1562342760 learned_addr learned my addr 172.21.15.99:0/1562342760 (peer_addr_for_me v2:172.21.15.99:0/0)
2024-03-23T23:32:58.652 INFO:teuthology.orchestra.run.smithi099.stdout:/usr/bin/ceph: stderr
2024-03-23T23:32:56.650+0000 7f46cfe00700 1 -- 172.21.15.99:0/1562342760 --> [v2:172.21.15.99:3300/0,v1:172.21.15.99:6789/0] -- mon_subscribe({config=0+,monmap=0+}) v3 -- 0x7f46d007ca50 con 0x7f46d007dea0
2024-03-23T23:32:58.652 INFO:teuthology.orchestra.run.smithi099.stdout:/usr/bin/ceph: stderr
2024-03-23T23:32:56.650+0000 7f46cfe00700 1 --2- 172.21.15.99:0/1562342760 >> [v2:172.21.15.99:3300/0,v1:172.21.15.99:6789/0] conn(0x7f46d007dea0 0x7f46d007c300 secure :-1 s=READY pgs=55 cs=0 l=1 rev1=1 crypto rx=0x7f46c00098a0 tx=0x7f46c0009bb0 comp rx=0 tx=0).ready entity=mon.0 client_cookie=bf71db389a1a5b0b server_cookie=0 in_seq=0 out_seq=0
2024-03-23T23:32:58.652 INFO:teuthology.orchestra.run.smithi099.stdout:/usr/bin/ceph: stderr
2024-03-23T23:32:56.650+0000 7f46cea00700 1 -- 172.21.15.99:0/1562342760 <== mon.0 v2:172.21.15.99:3300/0 1 ==== mon_map magic: 0 v1 ==== 205+0+0 (secure 0 0 0) 0x7f46c0004160 con 0x7f46d007dea0
2024-03-23T23:32:58.653 INFO:teuthology.orchestra.run.smithi099.stdout:/usr/bin/ceph: stderr
2024-03-23T23:32:56.650+0000 7f46cea00700 1 -- 172.21.15.99:0/1562342760 <== mon.0 v2:172.21.15.99:3300/0 2 ==== config(27 keys) v1 ==== 1140+0+0 (secure 0 0 0) 0x7f46c0004300 con 0x7f46d007dea0
2024-03-23T23:32:58.653 INFO:teuthology.orchestra.run.smithi099.stdout:/usr/bin/ceph: stderr
2024-03-23T23:32:56.650+0000 7f46cea00700 1 -- 172.21.15.99:0/1562342760 <== mon.0 v2:172.21.15.99:3300/0 3 ==== mon_map magic: 0 v1 ==== 205+0+0 (secure 0 0 0) 0x7f46c0011b20 con 0x7f46d007dea0
2024-03-23T23:32:58.653 INFO:teuthology.orchestra.run.smithi099.stdout:/usr/bin/ceph: stderr
2024-03-23T23:32:56.651+0000 7f46d6a00700 1 -- 172.21.15.99:0/1562342760 >> [v2:172.21.15.99:3300/0,v1:172.21.15.99:6789/0] conn(0x7f46d007dea0 msgr2=0x7f46d007c300 secure :-1 s=STATE_CONNECTION_ESTABLISHED l=1).mark_down
2024-03-23T23:32:58.653 INFO:teuthology.orchestra.run.smithi099.stdout:/usr/bin/ceph: stderr
2024-03-23T23:32:56.651+0000 7f46d6a00700 1 --2- 172.21.15.99:0/1562342760 >> [v2:172.21.15.99:3300/0,v1:172.21.15.99:6789/0] conn(0x7f46d007dea0 0x7f46d007c300 secure :-1 s=READY pgs=55 cs=0 l=1 rev1=1 crypto rx=0x7f46c00098a0 tx=0x7f46c0009bb0 comp rx=0 tx=0).stop
2024-03-23T23:32:58.653 INFO:teuthology.orchestra.run.smithi099.stdout:/usr/bin/ceph: stderr
2024-03-23T23:32:56.651+0000 7f46d6a00700 1 -- 172.21.15.99:0/1562342760 shutdown_connections
2024-03-23T23:32:58.653 INFO:teuthology.orchestra.run.smithi099.stdout:/usr/bin/ceph: stderr
2024-03-23T23:32:56.651+0000 7f46d6a00700 1 --2- 172.21.15.99:0/1562342760 >> [v2:172.21.15.99:3300/0,v1:172.21.15.99:6789/0] conn(0x7f46d007dea0 0x7f46d007c300 unknown :-1 s=CLOSED pgs=55 cs=0 l=1 rev1=1 crypto rx=0 tx=0 comp rx=0 tx=0).stop
2024-03-23T23:32:58.653 INFO:teuthology.orchestra.run.smithi099.stdout:/usr/bin/ceph: stderr
2024-03-23T23:32:56.651+0000 7f46d6a00700 1 -- 172.21.15.99:0/1562342760 >> 172.21.15.99:0/1562342760 conn(0x7f46d0103000 msgr2=0x7f46d0105460 unknown :-1 s=STATE_NONE l=0).mark_down
2024-03-23T23:32:58.653 INFO:teuthology.orchestra.run.smithi099.stdout:/usr/bin/ceph: stderr
2024-03-23T23:32:56.652+0000 7f46d6a00700 1 -- 172.21.15.99:0/1562342760 shutdown_connections
2024-03-23T23:32:58.653 INFO:teuthology.orchestra.run.smithi099.stdout:/usr/bin/ceph: stderr
2024-03-23T23:32:56.652+0000 7f46d6a00700 1 -- 172.21.15.99:0/1562342760 wait complete.
2024-03-23T23:32:58.653 INFO:teuthology.orchestra.run.smithi099.stdout:/usr/bin/ceph: stderr
2024-03-23T23:32:56.653+0000 7f46d6a00700 1 Processor -- start
2024-03-23T23:32:58.653 INFO:teuthology.orchestra.run.smithi099.stdout:/usr/bin/ceph: stderr
2024-03-23T23:32:56.653+0000 7f46d6a00700 1 -- start start
2024-03-23T23:32:58.654 INFO:teuthology.orchestra.run.smithi099.stdout:/usr/bin/ceph: stderr
2024-03-23T23:32:56.653+0000 7f46d6a00700 1 --2- >> [v2:172.21.15.99:3300/0,v1:172.21.15.99:6789/0] conn(0x7f46d007dea0 0x7f46d019dbb0 unknown :-1 s=NONE pgs=0 cs=0 l=1 rev1=0 crypto rx=0 tx=0 comp rx=0 tx=0).connect
2024-03-23T23:32:58.654 INFO:teuthology.orchestra.run.smithi099.stdout:/usr/bin/ceph: stderr
2024-03-23T23:32:56.653+0000 7f46d6a00700 1 -- --> [v2:172.21.15.99:3300/0,v1:172.21.15.99:6789/0] -- mon_getmap magic: 0 v1 -- 0x7f46d010e100 con 0x7f46d007dea0
2024-03-23T23:32:58.654 INFO:teuthology.orchestra.run.smithi099.stdout:/usr/bin/ceph: stderr
2024-03-23T23:32:56.653+0000 7f46cfe00700 1 --2- >> [v2:172.21.15.99:3300/0,v1:172.21.15.99:6789/0] conn(0x7f46d007dea0 0x7f46d019dbb0 unknown :-1 s=BANNER_CONNECTING pgs=0 cs=0 l=1 rev1=0 crypto rx=0 tx=0 comp rx=0 tx=0)._handle_peer_banner_payload supported=3 required=0
2024-03-23T23:32:58.654 INFO:teuthology.orchestra.run.smithi099.stdout:/usr/bin/ceph: stderr
2024-03-23T23:32:56.654+0000 7f46cfe00700 1 --2- >> [v2:172.21.15.99:3300/0,v1:172.21.15.99:6789/0] conn(0x7f46d007dea0 0x7f46d019dbb0 unknown :-1 s=HELLO_CONNECTING pgs=0 cs=0 l=1 rev1=1 crypto rx=0 tx=0 comp rx=0 tx=0).handle_hello peer v2:172.21.15.99:3300/0 says I am v2:172.21.15.99:52360/0 (socket says 172.21.15.99:52360)
2024-03-23T23:32:58.654 INFO:teuthology.orchestra.run.smithi099.stdout:/usr/bin/ceph: stderr
2024-03-23T23:32:56.654+0000 7f46cfe00700 1 -- 172.21.15.99:0/2195136808 learned_addr learned my addr 172.21.15.99:0/2195136808 (peer_addr_for_me v2:172.21.15.99:0/0)
2024-03-23T23:32:58.654 INFO:teuthology.orchestra.run.smithi099.stdout:/usr/bin/ceph: stderr
2024-03-23T23:32:56.654+0000 7f46cfe00700 1 -- 172.21.15.99:0/2195136808 --> [v2:172.21.15.99:3300/0,v1:172.21.15.99:6789/0] -- mon_subscribe({config=0+,monmap=0+}) v3 -- 0x7f46d019e0f0 con 0x7f46d007dea0
2024-03-23T23:32:58.654 INFO:teuthology.orchestra.run.smithi099.stdout:/usr/bin/ceph: stderr
2024-03-23T23:32:56.654+0000 7f46cfe00700 1 --2- 172.21.15.99:0/2195136808 >> [v2:172.21.15.99:3300/0,v1:172.21.15.99:6789/0] conn(0x7f46d007dea0 0x7f46d019dbb0 secure :-1 s=READY pgs=56 cs=0 l=1 rev1=1 crypto rx=0x7f46c00117e0 tx=0x7f46c0011ba0 comp rx=0 tx=0).ready entity=mon.0 client_cookie=0 server_cookie=0 in_seq=0 out_seq=0
2024-03-23T23:32:58.654 INFO:teuthology.orchestra.run.smithi099.stdout:/usr/bin/ceph: stderr
2024-03-23T23:32:56.654+0000 7f46ccc00700 1 -- 172.21.15.99:0/2195136808 <== mon.0 v2:172.21.15.99:3300/0 1 ==== mon_map magic: 0 v1 ==== 205+0+0 (secure 0 0 0) 0x7f46c0003ba0 con 0x7f46d007dea0
2024-03-23T23:32:58.654 INFO:teuthology.orchestra.run.smithi099.stdout:/usr/bin/ceph: stderr
2024-03-23T23:32:56.655+0000 7f46ccc00700 1 -- 172.21.15.99:0/2195136808 <== mon.0 v2:172.21.15.99:3300/0 2 ==== config(27 keys) v1 ==== 1140+0+0 (secure 0 0 0) 0x7f46c001a910 con 0x7f46d007dea0
2024-03-23T23:32:58.654 INFO:teuthology.orchestra.run.smithi099.stdout:/usr/bin/ceph: stderr
2024-03-23T23:32:56.655+0000 7f46ccc00700 1 -- 172.21.15.99:0/2195136808 <== mon.0 v2:172.21.15.99:3300/0 3 ==== mon_map magic: 0 v1 ==== 205+0+0 (secure 0 0 0) 0x7f46c00248f0 con 0x7f46d007dea0
2024-03-23T23:32:58.654 INFO:teuthology.orchestra.run.smithi099.stdout:/usr/bin/ceph: stderr
2024-03-23T23:32:56.655+0000 7f46d6a00700 1 -- 172.21.15.99:0/2195136808 --> [v2:172.21.15.99:3300/0,v1:172.21.15.99:6789/0] -- mon_subscribe({mgrmap=0+}) v3 -- 0x7f46d019e380 con 0x7f46d007dea0
2024-03-23T23:32:58.654 INFO:teuthology.orchestra.run.smithi099.stdout:/usr/bin/ceph: stderr
2024-03-23T23:32:56.655+0000 7f46d6a00700 1 -- 172.21.15.99:0/2195136808 --> [v2:172.21.15.99:3300/0,v1:172.21.15.99:6789/0] -- mon_subscribe({osdmap=0}) v3 -- 0x7f46d019e7e0 con 0x7f46d007dea0
2024-03-23T23:32:58.655 INFO:teuthology.orchestra.run.smithi099.stdout:/usr/bin/ceph: stderr
2024-03-23T23:32:56.656+0000 7f46ccc00700 1 -- 172.21.15.99:0/2195136808 <== mon.0 v2:172.21.15.99:3300/0 4 ==== mgrmap(e 8) v1 ==== 46106+0+0 (secure 0 0 0) 0x7f46c0022020 con 0x7f46d007dea0
2024-03-23T23:32:58.655 INFO:teuthology.orchestra.run.smithi099.stdout:/usr/bin/ceph: stderr
2024-03-23T23:32:56.656+0000 7f46d6a00700 1 -- 172.21.15.99:0/2195136808 --> [v2:172.21.15.99:3300/0,v1:172.21.15.99:6789/0] -- mon_command({"prefix": "get_command_descriptions"} v 0) v1 -- 0x7f46d00637c0 con 0x7f46d007dea0
2024-03-23T23:32:58.655 INFO:teuthology.orchestra.run.smithi099.stdout:/usr/bin/ceph: stderr
2024-03-23T23:32:56.656+0000 7f46ccc00700 1 --2- 172.21.15.99:0/2195136808 >> [v2:172.21.15.99:6800/2749486918,v1:172.21.15.99:6801/2749486918] conn(0x7f46b4038f70 0x7f46b403b430 unknown :-1 s=NONE pgs=0 cs=0 l=1 rev1=0 crypto rx=0 tx=0 comp rx=0 tx=0).connect
2024-03-23T23:32:58.655 INFO:teuthology.orchestra.run.smithi099.stdout:/usr/bin/ceph: stderr
2024-03-23T23:32:56.656+0000 7f46ccc00700 1 -- 172.21.15.99:0/2195136808 <== mon.0 v2:172.21.15.99:3300/0 5 ==== osd_map(2..2 src has 1..2) v4 ==== 940+0+0 (secure 0 0 0) 0x7f46c004d340 con 0x7f46d007dea0
2024-03-23T23:32:58.655 INFO:teuthology.orchestra.run.smithi099.stdout:/usr/bin/ceph: stderr
2024-03-23T23:32:56.657+0000 7f46cf400700 1 --2- 172.21.15.99:0/2195136808 >> [v2:172.21.15.99:6800/2749486918,v1:172.21.15.99:6801/2749486918] conn(0x7f46b4038f70 0x7f46b403b430 unknown :-1 s=BANNER_CONNECTING pgs=0 cs=0 l=1 rev1=0 crypto rx=0 tx=0 comp rx=0 tx=0)._handle_peer_banner_payload supported=3 required=0
2024-03-23T23:32:58.655 INFO:teuthology.orchestra.run.smithi099.stdout:/usr/bin/ceph: stderr
2024-03-23T23:32:56.657+0000 7f46cf400700 1 --2- 172.21.15.99:0/2195136808 >> [v2:172.21.15.99:6800/2749486918,v1:172.21.15.99:6801/2749486918] conn(0x7f46b4038f70 0x7f46b403b430 secure :-1 s=READY pgs=16 cs=0 l=1 rev1=1 crypto rx=0x7f46bc006fd0 tx=0x7f46bc006e40 comp rx=0 tx=0).ready entity=mgr.14120 client_cookie=0 server_cookie=0 in_seq=0 out_seq=0
2024-03-23T23:32:58.655 INFO:teuthology.orchestra.run.smithi099.stdout:/usr/bin/ceph: stderr
2024-03-23T23:32:56.663+0000 7f46ccc00700 1 -- 172.21.15.99:0/2195136808 <== mon.0 v2:172.21.15.99:3300/0 6 ==== mon_command_ack([{"prefix": "get_command_descriptions"}]=0 v0) v1 ==== 72+0+186149 (secure 0 0 0) 0x7f46c001ab70 con 0x7f46d007dea0
2024-03-23T23:32:58.655 INFO:teuthology.orchestra.run.smithi099.stdout:/usr/bin/ceph: stderr
2024-03-23T23:32:56.941+0000 7f46d6a00700 1 -- 172.21.15.99:0/2195136808 --> [v2:172.21.15.99:3300/0,v1:172.21.15.99:6789/0] -- mon_command({"prefix": "mgr module enable", "module": "dashboard"} v 0) v1 -- 0x7f46d01a11b0 con 0x7f46d007dea0
2024-03-23T23:32:58.655 INFO:teuthology.orchestra.run.smithi099.stdout:/usr/bin/ceph: stderr
2024-03-23T23:32:57.792+0000 7f46ccc00700 1 -- 172.21.15.99:0/2195136808 <== mon.0 v2:172.21.15.99:3300/0 7 ==== mon_command_ack([{"prefix": "mgr module enable", "module": "dashboard"}]=0 v9) v1 ==== 88+0+0 (secure 0 0 0) 0x7f46c004cc90 con 0x7f46d007dea0
2024-03-23T23:32:58.655 INFO:teuthology.orchestra.run.smithi099.stdout:/usr/bin/ceph: stderr
2024-03-23T23:32:57.795+0000 7f46ccc00700 1 -- 172.21.15.99:0/2195136808 <== mon.0 v2:172.21.15.99:3300/0 8 ==== mgrmap(e 9) v1 ==== 46119+0+0 (secure 0 0 0) 0x7f46c002d3f0 con 0x7f46d007dea0
2024-03-23T23:32:58.655 INFO:teuthology.orchestra.run.smithi099.stdout:/usr/bin/ceph: stderr
2024-03-23T23:32:57.797+0000 7f46d6a00700 1 -- 172.21.15.99:0/2195136808 >> [v2:172.21.15.99:6800/2749486918,v1:172.21.15.99:6801/2749486918] conn(0x7f46b4038f70 msgr2=0x7f46b403b430 secure :-1 s=STATE_CONNECTION_ESTABLISHED l=1).mark_down
2024-03-23T23:32:58.655 INFO:teuthology.orchestra.run.smithi099.stdout:/usr/bin/ceph: stderr
2024-03-23T23:32:57.797+0000 7f46d6a00700 1 --2- 172.21.15.99:0/2195136808 >> [v2:172.21.15.99:6800/2749486918,v1:172.21.15.99:6801/2749486918] conn(0x7f46b4038f70 0x7f46b403b430 secure :-1 s=READY pgs=16 cs=0 l=1 rev1=1 crypto rx=0x7f46bc006fd0 tx=0x7f46bc006e40 comp rx=0 tx=0).stop
2024-03-23T23:32:58.655 INFO:teuthology.orchestra.run.smithi099.stdout:/usr/bin/ceph: stderr
2024-03-23T23:32:57.797+0000 7f46d6a00700 1 -- 172.21.15.99:0/2195136808 >> [v2:172.21.15.99:3300/0,v1:172.21.15.99:6789/0] conn(0x7f46d007dea0 msgr2=0x7f46d019dbb0 secure :-1 s=STATE_CONNECTION_ESTABLISHED l=1).mark_down
2024-03-23T23:32:58.655 INFO:teuthology.orchestra.run.smithi099.stdout:/usr/bin/ceph: stderr
2024-03-23T23:32:57.797+0000 7f46d6a00700 1 --2- 172.21.15.99:0/2195136808 >> [v2:172.21.15.99:3300/0,v1:172.21.15.99:6789/0] conn(0x7f46d007dea0 0x7f46d019dbb0 secure :-1 s=READY pgs=56 cs=0 l=1 rev1=1 crypto rx=0x7f46c00117e0 tx=0x7f46c0011ba0 comp rx=0 tx=0).stop
2024-03-23T23:32:58.656 INFO:teuthology.orchestra.run.smithi099.stdout:/usr/bin/ceph: stderr
2024-03-23T23:32:57.797+0000 7f46d6a00700 1 -- 172.21.15.99:0/2195136808 shutdown_connections
2024-03-23T23:32:58.656 INFO:teuthology.orchestra.run.smithi099.stdout:/usr/bin/ceph: stderr
2024-03-23T23:32:57.797+0000 7f46d6a00700 1 --2- 172.21.15.99:0/2195136808 >> [v2:172.21.15.99:6800/2749486918,v1:172.21.15.99:6801/2749486918] conn(0x7f46b4038f70 0x7f46b403b430 unknown :-1 s=CLOSED pgs=16 cs=0 l=1 rev1=1 crypto rx=0 tx=0 comp rx=0 tx=0).stop
2024-03-23T23:32:58.656 INFO:teuthology.orchestra.run.smithi099.stdout:/usr/bin/ceph: stderr
2024-03-23T23:32:57.797+0000 7f46d6a00700 1 --2- 172.21.15.99:0/2195136808 >> [v2:172.21.15.99:3300/0,v1:172.21.15.99:6789/0] conn(0x7f46d007dea0 0x7f46d019dbb0 unknown :-1 s=CLOSED pgs=56 cs=0 l=1 rev1=1 crypto rx=0 tx=0 comp rx=0 tx=0).stop
2024-03-23T23:32:58.656 INFO:teuthology.orchestra.run.smithi099.stdout:/usr/bin/ceph: stderr
2024-03-23T23:32:57.797+0000 7f46d6a00700 1 -- 172.21.15.99:0/2195136808 >> 172.21.15.99:0/2195136808 conn(0x7f46d0103000 msgr2=0x7f46d0103ad0 unknown :-1 s=STATE_NONE l=0).mark_down
2024-03-23T23:32:58.656 INFO:teuthology.orchestra.run.smithi099.stdout:/usr/bin/ceph: stderr
2024-03-23T23:32:57.798+0000 7f46d6a00700 1 -- 172.21.15.99:0/2195136808 shutdown_connections
2024-03-23T23:32:58.656 INFO:teuthology.orchestra.run.smithi099.stdout:/usr/bin/ceph: stderr
2024-03-23T23:32:57.798+0000 7f46d6a00700 1 -- 172.21.15.99:0/2195136808 wait complete.
2024-03-23T23:32:59.025 INFO:journalctl@ceph.mgr.x.smithi099.stdout:Mar 23 23:32:58 smithi099 ceph-5fd03d00-e96d-11ee-95cd-87774f69a715-mgr-x[31946]:
2024-03-23T23:32:58.611+0000 7f706b875200 -1 mgr[py] Module osd_perf_query has missing NOTIFY_TYPES member
2024-03-23T23:32:59.025 INFO:journalctl@ceph.mgr.x.smithi099.stdout:Mar 23 23:32:58 smithi099 ceph-5fd03d00-e96d-11ee-95cd-87774f69a715-mgr-x[31946]:
2024-03-23T23:32:58.747+0000 7f706b875200 -1 mgr[py] Module snap_schedule has missing NOTIFY_TYPES member
2024-03-23T23:32:59.025 INFO:journalctl@ceph.mon.a.smithi099.stdout:Mar 23 23:32:58 smithi099 ceph-mon[31715]: from='client.? 172.21.15.99:0/2195136808' entity='client.admin' cmd='[{"prefix": "mgr module enable", "module": "dashboard"}]': finished
2024-03-23T23:32:59.025 INFO:journalctl@ceph.mon.a.smithi099.stdout:Mar 23 23:32:58 smithi099 ceph-mon[31715]: mgrmap e9: x(active, since 27s)
2024-03-23T23:32:59.861 INFO:journalctl@ceph.mon.a.smithi099.stdout:Mar 23 23:32:59 smithi099 ceph-mon[31715]: from='client.? 172.21.15.99:0/267072297' entity='client.admin' cmd=[{"prefix": "mgr stat"}]: dispatch
2024-03-23T23:32:59.861 INFO:journalctl@ceph.mgr.x.smithi099.stdout:Mar 23 23:32:59 smithi099 ceph-5fd03d00-e96d-11ee-95cd-87774f69a715-mgr-x[31946]:
2024-03-23T23:32:59.549+0000 7f706b875200 -1 mgr[py] Module zabbix has missing NOTIFY_TYPES member
2024-03-23T23:32:59.861 INFO:journalctl@ceph.mgr.x.smithi099.stdout:Mar 23 23:32:59 smithi099 ceph-5fd03d00-e96d-11ee-95cd-87774f69a715-mgr-x[31946]:
2024-03-23T23:32:59.677+0000 7f706b875200 -1 mgr[py] Module balancer has missing NOTIFY_TYPES member
2024-03-23T23:33:00.116 INFO:journalctl@ceph.mgr.x.smithi099.stdout:Mar 23 23:32:59 smithi099 ceph-5fd03d00-e96d-11ee-95cd-87774f69a715-mgr-x[31946]:
2024-03-23T23:32:59.862+0000 7f706b875200 -1 mgr[py] Module influx has missing NOTIFY_TYPES member
2024-03-23T23:33:00.117 INFO:journalctl@ceph.mgr.x.smithi099.stdout:Mar 23 23:32:59 smithi099 ceph-5fd03d00-e96d-11ee-95cd-87774f69a715-mgr-x[31946]:
2024-03-23T23:32:59.987+0000 7f706b875200 -1 mgr[py] Module alerts has missing NOTIFY_TYPES member
2024-03-23T23:33:00.117 INFO:journalctl@ceph.mgr.x.smithi099.stdout:Mar 23 23:33:00 smithi099 ceph-5fd03d00-e96d-11ee-95cd-87774f69a715-mgr-x[31946]:
2024-03-23T23:33:00.095+0000 7f706b875200 -1 mgr[py] Module iostat has missing NOTIFY_TYPES member
2024-03-23T23:33:00.451 INFO:teuthology.orchestra.run.smithi099.stdout:/usr/bin/ceph: stdout {
2024-03-23T23:33:00.453 INFO:teuthology.orchestra.run.smithi099.stdout:/usr/bin/ceph: stdout "epoch": 9,
2024-03-23T23:33:00.453 INFO:teuthology.orchestra.run.smithi099.stdout:/usr/bin/ceph: stdout "available": true,
2024-03-23T23:33:00.454 INFO:teuthology.orchestra.run.smithi099.stdout:/usr/bin/ceph: stdout "active_name": "x",
2024-03-23T23:33:00.454 INFO:teuthology.orchestra.run.smithi099.stdout:/usr/bin/ceph: stdout "num_standby": 0
2024-03-23T23:33:00.454 INFO:teuthology.orchestra.run.smithi099.stdout:/usr/bin/ceph: stdout }
2024-03-23T23:33:00.454 INFO:teuthology.orchestra.run.smithi099.stdout:/usr/bin/ceph: stderr
2024-03-23T23:32:59.346+0000 7f1ddda00700 1 Processor -- start
2024-03-23T23:33:00.454 INFO:teuthology.orchestra.run.smithi099.stdout:/usr/bin/ceph: stderr
2024-03-23T23:32:59.346+0000 7f1ddda00700 1 -- start start
2024-03-23T23:33:00.454 INFO:teuthology.orchestra.run.smithi099.stdout:/usr/bin/ceph: stderr
2024-03-23T23:32:59.346+0000 7f1ddda00700 1 --2- >> [v2:172.21.15.99:3300/0,v1:172.21.15.99:6789/0] conn(0x7f1dd8107a90 0x7f1dd8107eb0 unknown :-1 s=NONE pgs=0 cs=0 l=0 rev1=0 crypto rx=0 tx=0 comp rx=0 tx=0).connect
2024-03-23T23:33:00.454 INFO:teuthology.orchestra.run.smithi099.stdout:/usr/bin/ceph: stderr
2024-03-23T23:32:59.346+0000 7f1ddda00700 1 -- --> [v2:172.21.15.99:3300/0,v1:172.21.15.99:6789/0] -- mon_getmap magic: 0 v1 -- 0x7f1dd8108480 con 0x7f1dd8107a90
2024-03-23T23:33:00.454 INFO:teuthology.orchestra.run.smithi099.stdout:/usr/bin/ceph: stderr
2024-03-23T23:32:59.347+0000 7f1dd6a00700 1 --2- >> [v2:172.21.15.99:3300/0,v1:172.21.15.99:6789/0] conn(0x7f1dd8107a90 0x7f1dd8107eb0 unknown :-1 s=BANNER_CONNECTING pgs=0 cs=0 l=0 rev1=0 crypto rx=0 tx=0 comp rx=0 tx=0)._handle_peer_banner_payload supported=3 required=0
2024-03-23T23:33:00.454 INFO:teuthology.orchestra.run.smithi099.stdout:/usr/bin/ceph: stderr
2024-03-23T23:32:59.347+0000 7f1dd6a00700 1 --2- >> [v2:172.21.15.99:3300/0,v1:172.21.15.99:6789/0] conn(0x7f1dd8107a90 0x7f1dd8107eb0 unknown :-1 s=HELLO_CONNECTING pgs=0 cs=0 l=0 rev1=1 crypto rx=0 tx=0 comp rx=0 tx=0).handle_hello peer v2:172.21.15.99:3300/0 says I am v2:172.21.15.99:37770/0 (socket says 172.21.15.99:37770)
2024-03-23T23:33:00.454 INFO:teuthology.orchestra.run.smithi099.stdout:/usr/bin/ceph: stderr
2024-03-23T23:32:59.347+0000 7f1dd6a00700 1 -- 172.21.15.99:0/3874260519 learned_addr learned my addr 172.21.15.99:0/3874260519 (peer_addr_for_me v2:172.21.15.99:0/0)
2024-03-23T23:33:00.454 INFO:teuthology.orchestra.run.smithi099.stdout:/usr/bin/ceph: stderr
2024-03-23T23:32:59.347+0000 7f1dd6a00700 1 -- 172.21.15.99:0/3874260519 --> [v2:172.21.15.99:3300/0,v1:172.21.15.99:6789/0] -- mon_subscribe({config=0+,monmap=0+}) v3 -- 0x7f1dd8108c90 con 0x7f1dd8107a90
2024-03-23T23:33:00.454 INFO:teuthology.orchestra.run.smithi099.stdout:/usr/bin/ceph: stderr
2024-03-23T23:32:59.347+0000 7f1dd6a00700 1 --2- 172.21.15.99:0/3874260519 >> [v2:172.21.15.99:3300/0,v1:172.21.15.99:6789/0] conn(0x7f1dd8107a90 0x7f1dd8107eb0 secure :-1 s=READY pgs=59 cs=0 l=1 rev1=1 crypto rx=0x7f1dc80098a0 tx=0x7f1dc8009bb0 comp rx=0 tx=0).ready entity=mon.0 client_cookie=1653151af7d3924 server_cookie=0 in_seq=0 out_seq=0
2024-03-23T23:33:00.454 INFO:teuthology.orchestra.run.smithi099.stdout:/usr/bin/ceph: stderr
2024-03-23T23:32:59.348+0000 7f1dd5600700 1 -- 172.21.15.99:0/3874260519 <== mon.0 v2:172.21.15.99:3300/0 1 ==== mon_map magic: 0 v1 ==== 205+0+0 (secure 0 0 0) 0x7f1dc8004160 con 0x7f1dd8107a90
2024-03-23T23:33:00.454 INFO:teuthology.orchestra.run.smithi099.stdout:/usr/bin/ceph: stderr
2024-03-23T23:32:59.348+0000 7f1dd5600700 1 -- 172.21.15.99:0/3874260519 <== mon.0 v2:172.21.15.99:3300/0 2 ==== config(27 keys) v1 ==== 1140+0+0 (secure 0 0 0) 0x7f1dc8004300 con 0x7f1dd8107a90
2024-03-23T23:33:00.455 INFO:teuthology.orchestra.run.smithi099.stdout:/usr/bin/ceph: stderr
2024-03-23T23:32:59.348+0000 7f1dd5600700 1 -- 172.21.15.99:0/3874260519 <== mon.0 v2:172.21.15.99:3300/0 3 ==== mon_map magic: 0 v1 ==== 205+0+0 (secure 0 0 0) 0x7f1dc8011b20 con 0x7f1dd8107a90
2024-03-23T23:33:00.455 INFO:teuthology.orchestra.run.smithi099.stdout:/usr/bin/ceph: stderr
2024-03-23T23:32:59.349+0000 7f1ddda00700 1 -- 172.21.15.99:0/3874260519 >> [v2:172.21.15.99:3300/0,v1:172.21.15.99:6789/0] conn(0x7f1dd8107a90 msgr2=0x7f1dd8107eb0 secure :-1 s=STATE_CONNECTION_ESTABLISHED l=1).mark_down
2024-03-23T23:33:00.455 INFO:teuthology.orchestra.run.smithi099.stdout:/usr/bin/ceph: stderr
2024-03-23T23:32:59.349+0000 7f1ddda00700 1 --2- 172.21.15.99:0/3874260519 >> [v2:172.21.15.99:3300/0,v1:172.21.15.99:6789/0] conn(0x7f1dd8107a90 0x7f1dd8107eb0 secure :-1 s=READY pgs=59 cs=0 l=1 rev1=1 crypto rx=0x7f1dc80098a0 tx=0x7f1dc8009bb0 comp rx=0 tx=0).stop
2024-03-23T23:33:00.455 INFO:teuthology.orchestra.run.smithi099.stdout:/usr/bin/ceph: stderr
2024-03-23T23:32:59.349+0000 7f1ddda00700 1 -- 172.21.15.99:0/3874260519 shutdown_connections
2024-03-23T23:33:00.459 INFO:teuthology.orchestra.run.smithi099.stdout:/usr/bin/ceph: stderr
2024-03-23T23:32:59.349+0000 7f1ddda00700 1 --2- 172.21.15.99:0/3874260519 >> [v2:172.21.15.99:3300/0,v1:172.21.15.99:6789/0] conn(0x7f1dd8107a90 0x7f1dd8107eb0 unknown :-1 s=CLOSED pgs=59 cs=0 l=1 rev1=1 crypto rx=0 tx=0 comp rx=0 tx=0).stop
2024-03-23T23:33:00.459 INFO:teuthology.orchestra.run.smithi099.stdout:/usr/bin/ceph: stderr
2024-03-23T23:32:59.349+0000 7f1ddda00700 1 -- 172.21.15.99:0/3874260519 >> 172.21.15.99:0/3874260519 conn(0x7f1dd8103050 msgr2=0x7f1dd8105470 unknown :-1 s=STATE_NONE l=0).mark_down
2024-03-23T23:33:00.459 INFO:teuthology.orchestra.run.smithi099.stdout:/usr/bin/ceph: stderr
2024-03-23T23:32:59.349+0000 7f1ddda00700 1 -- 172.21.15.99:0/3874260519 shutdown_connections
2024-03-23T23:33:00.459 INFO:teuthology.orchestra.run.smithi099.stdout:/usr/bin/ceph: stderr
2024-03-23T23:32:59.349+0000 7f1ddda00700 1 -- 172.21.15.99:0/3874260519 wait complete.
2024-03-23T23:33:00.459 INFO:teuthology.orchestra.run.smithi099.stdout:/usr/bin/ceph: stderr
2024-03-23T23:32:59.350+0000 7f1ddda00700 1 Processor -- start
2024-03-23T23:33:00.459 INFO:teuthology.orchestra.run.smithi099.stdout:/usr/bin/ceph: stderr
2024-03-23T23:32:59.350+0000 7f1ddda00700 1 -- start start
2024-03-23T23:33:00.459 INFO:teuthology.orchestra.run.smithi099.stdout:/usr/bin/ceph: stderr
2024-03-23T23:32:59.350+0000 7f1ddda00700 1 --2- >> [v2:172.21.15.99:3300/0,v1:172.21.15.99:6789/0] conn(0x7f1dd8107a90 0x7f1dd807db90 unknown :-1 s=NONE pgs=0 cs=0 l=1 rev1=0 crypto rx=0 tx=0 comp rx=0 tx=0).connect
2024-03-23T23:33:00.459 INFO:teuthology.orchestra.run.smithi099.stdout:/usr/bin/ceph: stderr
2024-03-23T23:32:59.350+0000 7f1ddda00700 1 -- --> [v2:172.21.15.99:3300/0,v1:172.21.15.99:6789/0] -- mon_getmap magic: 0 v1 -- 0x7f1dd810c040 con 0x7f1dd8107a90
2024-03-23T23:33:00.459 INFO:teuthology.orchestra.run.smithi099.stdout:/usr/bin/ceph: stderr
2024-03-23T23:32:59.351+0000 7f1dd6a00700 1 --2- >> [v2:172.21.15.99:3300/0,v1:172.21.15.99:6789/0] conn(0x7f1dd8107a90 0x7f1dd807db90 unknown :-1 s=BANNER_CONNECTING pgs=0 cs=0 l=1 rev1=0 crypto rx=0 tx=0 comp rx=0 tx=0)._handle_peer_banner_payload supported=3 required=0
2024-03-23T23:33:00.460 INFO:teuthology.orchestra.run.smithi099.stdout:/usr/bin/ceph: stderr
2024-03-23T23:32:59.351+0000 7f1dd6a00700 1 --2- >> [v2:172.21.15.99:3300/0,v1:172.21.15.99:6789/0] conn(0x7f1dd8107a90 0x7f1dd807db90 unknown :-1 s=HELLO_CONNECTING pgs=0 cs=0 l=1 rev1=1 crypto rx=0 tx=0 comp rx=0 tx=0).handle_hello peer v2:172.21.15.99:3300/0 says I am v2:172.21.15.99:37786/0 (socket says 172.21.15.99:37786)
2024-03-23T23:33:00.460 INFO:teuthology.orchestra.run.smithi099.stdout:/usr/bin/ceph: stderr
2024-03-23T23:32:59.351+0000 7f1dd6a00700 1 -- 172.21.15.99:0/267072297 learned_addr learned my addr 172.21.15.99:0/267072297 (peer_addr_for_me v2:172.21.15.99:0/0)
2024-03-23T23:33:00.460 INFO:teuthology.orchestra.run.smithi099.stdout:/usr/bin/ceph: stderr
2024-03-23T23:32:59.351+0000 7f1dd6a00700 1 -- 172.21.15.99:0/267072297 --> [v2:172.21.15.99:3300/0,v1:172.21.15.99:6789/0] -- mon_subscribe({config=0+,monmap=0+}) v3 -- 0x7f1dd807e0d0 con 0x7f1dd8107a90
2024-03-23T23:33:00.460 INFO:teuthology.orchestra.run.smithi099.stdout:/usr/bin/ceph: stderr
2024-03-23T23:32:59.351+0000 7f1dd6a00700 1 --2- 172.21.15.99:0/267072297 >> [v2:172.21.15.99:3300/0,v1:172.21.15.99:6789/0] conn(0x7f1dd8107a90 0x7f1dd807db90 secure :-1 s=READY pgs=60 cs=0 l=1 rev1=1 crypto rx=0x7f1dc80116a0 tx=0x7f1dc8011ba0 comp rx=0 tx=0).ready entity=mon.0 client_cookie=0 server_cookie=0 in_seq=0 out_seq=0
2024-03-23T23:33:00.460 INFO:teuthology.orchestra.run.smithi099.stdout:/usr/bin/ceph: stderr
2024-03-23T23:32:59.351+0000 7f1dcf400700 1 -- 172.21.15.99:0/267072297 <== mon.0 v2:172.21.15.99:3300/0 1 ==== mon_map magic: 0 v1 ==== 205+0+0 (secure 0 0 0) 0x7f1dc8003a40 con 0x7f1dd8107a90
2024-03-23T23:33:00.460 INFO:teuthology.orchestra.run.smithi099.stdout:/usr/bin/ceph: stderr
2024-03-23T23:32:59.351+0000 7f1dcf400700 1 -- 172.21.15.99:0/267072297 <== mon.0 v2:172.21.15.99:3300/0 2 ==== config(27 keys) v1 ==== 1140+0+0 (secure 0 0 0) 0x7f1dc8003be0 con 0x7f1dd8107a90
2024-03-23T23:33:00.460 INFO:teuthology.orchestra.run.smithi099.stdout:/usr/bin/ceph: stderr
2024-03-23T23:32:59.352+0000 7f1ddda00700 1 -- 172.21.15.99:0/267072297 --> [v2:172.21.15.99:3300/0,v1:172.21.15.99:6789/0] -- mon_subscribe({mgrmap=0+}) v3 -- 0x7f1dd807c2c0 con 0x7f1dd8107a90
2024-03-23T23:33:00.460 INFO:teuthology.orchestra.run.smithi099.stdout:/usr/bin/ceph: stderr
2024-03-23T23:32:59.352+0000 7f1dcf400700 1 -- 172.21.15.99:0/267072297 <== mon.0 v2:172.21.15.99:3300/0 3 ==== mon_map magic: 0 v1 ==== 205+0+0 (secure 0 0 0) 0x7f1dc801a720 con 0x7f1dd8107a90
2024-03-23T23:33:00.460 INFO:teuthology.orchestra.run.smithi099.stdout:/usr/bin/ceph: stderr
2024-03-23T23:32:59.352+0000 7f1ddda00700 1 -- 172.21.15.99:0/267072297 --> [v2:172.21.15.99:3300/0,v1:172.21.15.99:6789/0] -- mon_subscribe({osdmap=0}) v3 -- 0x7f1dd807c780 con 0x7f1dd8107a90
2024-03-23T23:33:00.460 INFO:teuthology.orchestra.run.smithi099.stdout:/usr/bin/ceph: stderr
2024-03-23T23:32:59.353+0000 7f1ddda00700 1 -- 172.21.15.99:0/267072297 --> [v2:172.21.15.99:3300/0,v1:172.21.15.99:6789/0] -- mon_command({"prefix": "get_command_descriptions"} v 0) v1 -- 0x7f1dd8069250 con 0x7f1dd8107a90
2024-03-23T23:33:00.460 INFO:teuthology.orchestra.run.smithi099.stdout:/usr/bin/ceph: stderr
2024-03-23T23:32:59.353+0000 7f1dcf400700 1 -- 172.21.15.99:0/267072297 <== mon.0 v2:172.21.15.99:3300/0 4 ==== mgrmap(e 9) v1 ==== 46119+0+0 (secure 0 0 0) 0x7f1dc8024aa0 con 0x7f1dd8107a90
2024-03-23T23:33:00.460 INFO:teuthology.orchestra.run.smithi099.stdout:/usr/bin/ceph: stderr
2024-03-23T23:32:59.354+0000 7f1dcf400700 1 --2- 172.21.15.99:0/267072297 >> [v2:172.21.15.99:6800/2749486918,v1:172.21.15.99:6801/2749486918] conn(0x7f1dbc038f20 0x7f1dbc03b3e0 unknown :-1 s=NONE pgs=0 cs=0 l=1 rev1=0 crypto rx=0 tx=0 comp rx=0 tx=0).connect
2024-03-23T23:33:00.460 INFO:teuthology.orchestra.run.smithi099.stdout:/usr/bin/ceph: stderr
2024-03-23T23:32:59.354+0000 7f1dcf400700 1 -- 172.21.15.99:0/267072297 <== mon.0 v2:172.21.15.99:3300/0 5 ==== osd_map(2..2 src has 1..2) v4 ==== 940+0+0 (secure 0 0 0) 0x7f1dc804d560 con 0x7f1dd8107a90
2024-03-23T23:33:00.460 INFO:teuthology.orchestra.run.smithi099.stdout:/usr/bin/ceph: stderr
2024-03-23T23:32:59.354+0000 7f1dd6000700 1 -- 172.21.15.99:0/267072297 >> [v2:172.21.15.99:6800/2749486918,v1:172.21.15.99:6801/2749486918] conn(0x7f1dbc038f20 msgr2=0x7f1dbc03b3e0 unknown :-1 s=STATE_CONNECTING_RE l=1).process reconnect failed to v2:172.21.15.99:6800/2749486918
2024-03-23T23:33:00.461 INFO:teuthology.orchestra.run.smithi099.stdout:/usr/bin/ceph: stderr
2024-03-23T23:32:59.354+0000 7f1dd6000700 1 --2- 172.21.15.99:0/267072297 >> [v2:172.21.15.99:6800/2749486918,v1:172.21.15.99:6801/2749486918] conn(0x7f1dbc038f20 0x7f1dbc03b3e0 unknown :-1 s=START_CONNECT pgs=0 cs=0 l=1 rev1=0 crypto rx=0 tx=0 comp rx=0 tx=0)._fault waiting 0.200000
2024-03-23T23:33:00.461 INFO:teuthology.orchestra.run.smithi099.stdout:/usr/bin/ceph: stderr
2024-03-23T23:32:59.359+0000 7f1dcf400700 1 -- 172.21.15.99:0/267072297 <== mon.0 v2:172.21.15.99:3300/0 6 ==== mon_command_ack([{"prefix": "get_command_descriptions"}]=0 v0) v1 ==== 72+0+186149 (secure 0 0 0) 0x7f1dc8011e20 con 0x7f1dd8107a90
2024-03-23T23:33:00.461 INFO:teuthology.orchestra.run.smithi099.stdout:/usr/bin/ceph: stderr
2024-03-23T23:32:59.555+0000 7f1dd6000700 1 -- 172.21.15.99:0/267072297 >> [v2:172.21.15.99:6800/2749486918,v1:172.21.15.99:6801/2749486918] conn(0x7f1dbc038f20 msgr2=0x7f1dbc03b3e0 unknown :-1 s=STATE_CONNECTING_RE l=1).process reconnect failed to v2:172.21.15.99:6800/2749486918
2024-03-23T23:33:00.461 INFO:teuthology.orchestra.run.smithi099.stdout:/usr/bin/ceph: stderr
2024-03-23T23:32:59.555+0000 7f1dd6000700 1 --2- 172.21.15.99:0/267072297 >> [v2:172.21.15.99:6800/2749486918,v1:172.21.15.99:6801/2749486918] conn(0x7f1dbc038f20 0x7f1dbc03b3e0 unknown :-1 s=START_CONNECT pgs=0 cs=0 l=1 rev1=0 crypto rx=0 tx=0 comp rx=0 tx=0)._fault waiting 0.400000
2024-03-23T23:33:00.461 INFO:teuthology.orchestra.run.smithi099.stdout:/usr/bin/ceph: stderr
2024-03-23T23:32:59.636+0000 7f1ddda00700 1 -- 172.21.15.99:0/267072297 --> [v2:172.21.15.99:3300/0,v1:172.21.15.99:6789/0] -- mon_command({"prefix": "mgr stat"} v 0) v1 -- 0x7f1dd807d020 con 0x7f1dd8107a90
2024-03-23T23:33:00.461 INFO:teuthology.orchestra.run.smithi099.stdout:/usr/bin/ceph: stderr
2024-03-23T23:32:59.636+0000 7f1dcf400700 1 -- 172.21.15.99:0/267072297 <== mon.0 v2:172.21.15.99:3300/0 7 ==== mon_command_ack([{"prefix": "mgr stat"}]=0 v9) v1 ==== 56+0+88 (secure 0 0 0) 0x7f1dc804ce30 con 0x7f1dd8107a90
2024-03-23T23:33:00.461 INFO:teuthology.orchestra.run.smithi099.stdout:/usr/bin/ceph: stderr
2024-03-23T23:32:59.640+0000 7f1ddda00700 1 -- 172.21.15.99:0/267072297 >> [v2:172.21.15.99:6800/2749486918,v1:172.21.15.99:6801/2749486918] conn(0x7f1dbc038f20 msgr2=0x7f1dbc03b3e0 unknown :-1 s=STATE_CONNECTING l=1).mark_down
2024-03-23T23:33:00.461 INFO:teuthology.orchestra.run.smithi099.stdout:/usr/bin/ceph: stderr
2024-03-23T23:32:59.640+0000 7f1ddda00700 1 --2- 172.21.15.99:0/267072297 >> [v2:172.21.15.99:6800/2749486918,v1:172.21.15.99:6801/2749486918] conn(0x7f1dbc038f20 0x7f1dbc03b3e0 unknown :-1 s=START_CONNECT pgs=0 cs=0 l=1 rev1=0 crypto rx=0 tx=0 comp rx=0 tx=0).stop
2024-03-23T23:33:00.461 INFO:teuthology.orchestra.run.smithi099.stdout:/usr/bin/ceph: stderr
2024-03-23T23:32:59.640+0000 7f1ddda00700 1 -- 172.21.15.99:0/267072297 >> [v2:172.21.15.99:3300/0,v1:172.21.15.99:6789/0] conn(0x7f1dd8107a90 msgr2=0x7f1dd807db90 secure :-1 s=STATE_CONNECTION_ESTABLISHED l=1).mark_down
2024-03-23T23:33:00.461 INFO:teuthology.orchestra.run.smithi099.stdout:/usr/bin/ceph: stderr
2024-03-23T23:32:59.640+0000 7f1ddda00700 1 --2- 172.21.15.99:0/267072297 >> [v2:172.21.15.99:3300/0,v1:172.21.15.99:6789/0] conn(0x7f1dd8107a90 0x7f1dd807db90 secure :-1 s=READY pgs=60 cs=0 l=1 rev1=1 crypto rx=0x7f1dc80116a0 tx=0x7f1dc8011ba0 comp rx=0 tx=0).stop
2024-03-23T23:33:00.461 INFO:teuthology.orchestra.run.smithi099.stdout:/usr/bin/ceph: stderr
2024-03-23T23:32:59.640+0000 7f1ddda00700 1 -- 172.21.15.99:0/267072297 shutdown_connections
2024-03-23T23:33:00.461 INFO:teuthology.orchestra.run.smithi099.stdout:/usr/bin/ceph: stderr
2024-03-23T23:32:59.640+0000 7f1ddda00700 1 --2- 172.21.15.99:0/267072297 >> [v2:172.21.15.99:6800/2749486918,v1:172.21.15.99:6801/2749486918] conn(0x7f1dbc038f20 0x7f1dbc03b3e0 unknown :-1 s=CLOSED pgs=0 cs=0 l=1 rev1=0 crypto rx=0 tx=0 comp rx=0 tx=0).stop
2024-03-23T23:33:00.461 INFO:teuthology.orchestra.run.smithi099.stdout:/usr/bin/ceph: stderr
2024-03-23T23:32:59.640+0000 7f1ddda00700 1 --2- 172.21.15.99:0/267072297 >> [v2:172.21.15.99:3300/0,v1:172.21.15.99:6789/0] conn(0x7f1dd8107a90 0x7f1dd807db90 unknown :-1 s=CLOSED pgs=60 cs=0 l=1 rev1=1 crypto rx=0 tx=0 comp rx=0 tx=0).stop
2024-03-23T23:33:00.461 INFO:teuthology.orchestra.run.smithi099.stdout:/usr/bin/ceph: stderr
2024-03-23T23:32:59.640+0000 7f1ddda00700 1 -- 172.21.15.99:0/267072297 >> 172.21.15.99:0/267072297 conn(0x7f1dd8103050 msgr2=0x7f1dd8103b90 unknown :-1 s=STATE_NONE l=0).mark_down
2024-03-23T23:33:00.461 INFO:teuthology.orchestra.run.smithi099.stdout:/usr/bin/ceph: stderr
2024-03-23T23:32:59.640+0000 7f1ddda00700 1 -- 172.21.15.99:0/267072297 shutdown_connections
2024-03-23T23:33:00.462 INFO:teuthology.orchestra.run.smithi099.stdout:/usr/bin/ceph: stderr
2024-03-23T23:32:59.640+0000 7f1ddda00700 1 -- 172.21.15.99:0/267072297 wait complete.
2024-03-23T23:33:00.462 INFO:teuthology.orchestra.run.smithi099.stdout:Waiting for the mgr to restart...
2024-03-23T23:33:00.462 INFO:teuthology.orchestra.run.smithi099.stdout:Waiting for mgr epoch 9...
2024-03-23T23:33:00.696 INFO:journalctl@ceph.mgr.x.smithi099.stdout:Mar 23 23:33:00 smithi099 ceph-5fd03d00-e96d-11ee-95cd-87774f69a715-mgr-x[31946]:
2024-03-23T23:33:00.438+0000 7f706b875200 -1 mgr[py] Module rgw has missing NOTIFY_TYPES member
2024-03-23T23:33:00.696 INFO:journalctl@ceph.mgr.x.smithi099.stdout:Mar 23 23:33:00 smithi099 ceph-5fd03d00-e96d-11ee-95cd-87774f69a715-mgr-x[31946]:
2024-03-23T23:33:00.583+0000 7f706b875200 -1 mgr[py] Module rbd_support has missing NOTIFY_TYPES member
2024-03-23T23:33:00.697 INFO:journalctl@ceph.mgr.x.smithi099.stdout:Mar 23 23:33:00 smithi099 ceph-5fd03d00-e96d-11ee-95cd-87774f69a715-mgr-x[31946]:
2024-03-23T23:33:00.696+0000 7f706b875200 -1 mgr[py] Module progress has missing NOTIFY_TYPES member
2024-03-23T23:33:01.045 INFO:journalctl@ceph.mgr.x.smithi099.stdout:Mar 23 23:33:00 smithi099 ceph-5fd03d00-e96d-11ee-95cd-87774f69a715-mgr-x[31946]:
2024-03-23T23:33:00.826+0000 7f706b875200 -1 mgr[py] Module pg_autoscaler has missing NOTIFY_TYPES member
2024-03-23T23:33:01.045 INFO:journalctl@ceph.mgr.x.smithi099.stdout:Mar 23 23:33:01 smithi099 ceph-5fd03d00-e96d-11ee-95cd-87774f69a715-mgr-x[31946]:
2024-03-23T23:33:01.046+0000 7f706b875200 -1 mgr[py] Module devicehealth has missing NOTIFY_TYPES member
2024-03-23T23:33:02.611 INFO:journalctl@ceph.mgr.x.smithi099.stdout:Mar 23 23:33:02 smithi099 ceph-5fd03d00-e96d-11ee-95cd-87774f69a715-mgr-x[31946]:
2024-03-23T23:33:02.298+0000 7f706b875200 -1 mgr[py] Module rook has missing NOTIFY_TYPES member
2024-03-23T23:33:02.611 INFO:journalctl@ceph.mgr.x.smithi099.stdout:Mar 23 23:33:02 smithi099 ceph-5fd03d00-e96d-11ee-95cd-87774f69a715-mgr-x[31946]:
2024-03-23T23:33:02.466+0000 7f706b875200 -1 mgr[py] Module diskprediction_local has missing NOTIFY_TYPES member
2024-03-23T23:33:03.242 INFO:journalctl@ceph.mgr.x.smithi099.stdout:Mar 23 23:33:02 smithi099 ceph-5fd03d00-e96d-11ee-95cd-87774f69a715-mgr-x[31946]:
2024-03-23T23:33:02.877+0000 7f706b875200 -1 mgr[py] Module selftest has missing NOTIFY_TYPES member
2024-03-23T23:33:03.242 INFO:journalctl@ceph.mgr.x.smithi099.stdout:Mar 23 23:33:02 smithi099 ceph-5fd03d00-e96d-11ee-95cd-87774f69a715-mgr-x[31946]:
2024-03-23T23:33:02.993+0000 7f706b875200 -1 mgr[py] Module telegraf has missing NOTIFY_TYPES member
2024-03-23T23:33:03.242 INFO:journalctl@ceph.mgr.x.smithi099.stdout:Mar 23 23:33:03 smithi099 ceph-5fd03d00-e96d-11ee-95cd-87774f69a715-mgr-x[31946]:
2024-03-23T23:33:03.241+0000 7f706b875200 -1 mgr[py] Module test_orchestrator has missing NOTIFY_TYPES member
2024-03-23T23:33:03.611 INFO:journalctl@ceph.mgr.x.smithi099.stdout:Mar 23 23:33:03 smithi099 ceph-5fd03d00-e96d-11ee-95cd-87774f69a715-mgr-x[31946]:
2024-03-23T23:33:03.484+0000 7f706b875200 -1 mgr[py] Module crash has missing NOTIFY_TYPES member
2024-03-23T23:33:04.111 INFO:journalctl@ceph.mgr.x.smithi099.stdout:Mar 23 23:33:03 smithi099 ceph-5fd03d00-e96d-11ee-95cd-87774f69a715-mgr-x[31946]:
2024-03-23T23:33:03.854+0000 7f706b875200 -1 mgr[py] Module orchestrator has missing NOTIFY_TYPES member
2024-03-23T23:33:04.469 INFO:journalctl@ceph.mgr.x.smithi099.stdout:Mar 23 23:33:04 smithi099 ceph-5fd03d00-e96d-11ee-95cd-87774f69a715-mgr-x[31946]:
2024-03-23T23:33:04.169+0000 7f706b875200 -1 mgr[py] Module osd_support has missing NOTIFY_TYPES member
2024-03-23T23:33:04.469 INFO:journalctl@ceph.mgr.x.smithi099.stdout:Mar 23 23:33:04 smithi099 ceph-5fd03d00-e96d-11ee-95cd-87774f69a715-mgr-x[31946]:
2024-03-23T23:33:04.468+0000 7f706b875200 -1 mgr[py] Module volumes has missing NOTIFY_TYPES member
2024-03-23T23:33:05.861 INFO:journalctl@ceph.mgr.x.smithi099.stdout:Mar 23 23:33:05 smithi099 ceph-5fd03d00-e96d-11ee-95cd-87774f69a715-mgr-x[31946]:
2024-03-23T23:33:05.473+0000 7f706b875200 -1 mgr[py] Module telemetry has missing NOTIFY_TYPES member
2024-03-23T23:33:06.581 INFO:journalctl@ceph.mgr.x.smithi099.stdout:Mar 23 23:33:06 smithi099 ceph-5fd03d00-e96d-11ee-95cd-87774f69a715-mgr-x[31946]:
2024-03-23T23:33:06.165+0000 7f706b875200 -1 mgr[py] Module prometheus has missing NOTIFY_TYPES member
2024-03-23T23:33:06.582 INFO:journalctl@ceph.mgr.x.smithi099.stdout:Mar 23 23:33:06 smithi099 ceph-5fd03d00-e96d-11ee-95cd-87774f69a715-mgr-x[31946]:
2024-03-23T23:33:06.302+0000 7f706b875200 -1 mgr[py] Module status has missing NOTIFY_TYPES member
2024-03-23T23:33:06.861 INFO:journalctl@ceph.mgr.x.smithi099.stdout:Mar 23 23:33:06 smithi099 ceph-5fd03d00-e96d-11ee-95cd-87774f69a715-mgr-x[31946]:
2024-03-23T23:33:06.580+0000 7f706b875200 -1 mgr[py] Module nfs has missing NOTIFY_TYPES member
2024-03-23T23:33:06.861 INFO:journalctl@ceph.mon.a.smithi099.stdout:Mar 23 23:33:06 smithi099 ceph-mon[31715]: Active manager daemon x restarted
2024-03-23T23:33:06.861 INFO:journalctl@ceph.mon.a.smithi099.stdout:Mar 23 23:33:06 smithi099 ceph-mon[31715]: Activating manager daemon x
2024-03-23T23:33:06.861 INFO:journalctl@ceph.mon.a.smithi099.stdout:Mar 23 23:33:06 smithi099 ceph-mon[31715]: osdmap e3: 0 total, 0 up, 0 in
2024-03-23T23:33:06.861 INFO:journalctl@ceph.mon.a.smithi099.stdout:Mar 23 23:33:06 smithi099 ceph-mon[31715]: mgrmap e10: x(active, starting, since 0.0048329s)
2024-03-23T23:33:06.861 INFO:journalctl@ceph.mon.a.smithi099.stdout:Mar 23 23:33:06 smithi099 ceph-mon[31715]: from='mgr.14152 172.21.15.99:0/2292663078' entity='mgr.x' cmd=[{"prefix": "mon metadata", "id": "a"}]: dispatch
2024-03-23T23:33:06.861 INFO:journalctl@ceph.mon.a.smithi099.stdout:Mar 23 23:33:06 smithi099 ceph-mon[31715]: from='mgr.14152 172.21.15.99:0/2292663078' entity='mgr.x' cmd=[{"prefix": "mgr metadata", "who": "x", "id": "x"}]: dispatch
2024-03-23T23:33:06.861 INFO:journalctl@ceph.mon.a.smithi099.stdout:Mar 23 23:33:06 smithi099 ceph-mon[31715]: from='mgr.14152 172.21.15.99:0/2292663078' entity='mgr.x' cmd=[{"prefix": "mds metadata"}]: dispatch
2024-03-23T23:33:06.861 INFO:journalctl@ceph.mon.a.smithi099.stdout:Mar 23 23:33:06 smithi099 ceph-mon[31715]: from='mgr.14152 172.21.15.99:0/2292663078' entity='mgr.x' cmd=[{"prefix": "osd metadata"}]: dispatch
2024-03-23T23:33:06.862 INFO:journalctl@ceph.mon.a.smithi099.stdout:Mar 23 23:33:06 smithi099 ceph-mon[31715]: from='mgr.14152 172.21.15.99:0/2292663078' entity='mgr.x' cmd=[{"prefix": "mon metadata"}]: dispatch
2024-03-23T23:33:06.862 INFO:journalctl@ceph.mon.a.smithi099.stdout:Mar 23 23:33:06 smithi099 ceph-mon[31715]: Manager daemon x is now available
2024-03-23T23:33:07.861 INFO:journalctl@ceph.mon.a.smithi099.stdout:Mar 23 23:33:07 smithi099 ceph-mon[31715]: from='mgr.14152 172.21.15.99:0/2292663078' entity='mgr.x' cmd=[{"prefix": "config dump", "format": "json"}]: dispatch
2024-03-23T23:33:07.861 INFO:journalctl@ceph.mon.a.smithi099.stdout:Mar 23 23:33:07 smithi099 ceph-mon[31715]: from='mgr.14152 172.21.15.99:0/2292663078' entity='mgr.x' cmd=[{"prefix": "config dump", "format": "json"}]: dispatch
2024-03-23T23:33:07.862 INFO:journalctl@ceph.mon.a.smithi099.stdout:Mar 23 23:33:07 smithi099 ceph-mon[31715]: from='mgr.14152 172.21.15.99:0/2292663078' entity='mgr.x' cmd=[{"prefix":"config rm","who":"mgr","name":"mgr/rbd_support/x/mirror_snapshot_schedule"}]: dispatch
2024-03-23T23:33:07.862 INFO:journalctl@ceph.mon.a.smithi099.stdout:Mar 23 23:33:07 smithi099 ceph-mon[31715]: from='mgr.14152 172.21.15.99:0/2292663078' entity='mgr.x' cmd=[{"prefix":"config rm","who":"mgr","name":"mgr/rbd_support/x/trash_purge_schedule"}]: dispatch
2024-03-23T23:33:07.862 INFO:journalctl@ceph.mon.a.smithi099.stdout:Mar 23 23:33:07 smithi099 ceph-mon[31715]: mgrmap e11: x(active, since 1.01316s)
2024-03-23T23:33:08.526 INFO:teuthology.orchestra.run.smithi099.stdout:/usr/bin/ceph: stdout {
2024-03-23T23:33:08.526 INFO:teuthology.orchestra.run.smithi099.stdout:/usr/bin/ceph: stdout "mgrmap_epoch": 11,
2024-03-23T23:33:08.526 INFO:teuthology.orchestra.run.smithi099.stdout:/usr/bin/ceph: stdout "initialized": true
2024-03-23T23:33:08.526 INFO:teuthology.orchestra.run.smithi099.stdout:/usr/bin/ceph: stdout }
2024-03-23T23:33:08.526 INFO:teuthology.orchestra.run.smithi099.stdout:/usr/bin/ceph: stderr
2024-03-23T23:33:01.080+0000 7f0bd4200700 1 Processor -- start
2024-03-23T23:33:08.526 INFO:teuthology.orchestra.run.smithi099.stdout:/usr/bin/ceph: stderr
2024-03-23T23:33:01.081+0000 7f0bd4200700 1 -- start start
2024-03-23T23:33:08.526 INFO:teuthology.orchestra.run.smithi099.stdout:/usr/bin/ceph: stderr
2024-03-23T23:33:01.081+0000 7f0bd4200700 1 --2- >> [v2:172.21.15.99:3300/0,v1:172.21.15.99:6789/0] conn(0x7f0bcc07dec0 0x7f0bcc07c320 unknown :-1 s=NONE pgs=0 cs=0 l=0 rev1=0 crypto rx=0 tx=0 comp rx=0 tx=0).connect
2024-03-23T23:33:08.526 INFO:teuthology.orchestra.run.smithi099.stdout:/usr/bin/ceph: stderr
2024-03-23T23:33:01.081+0000 7f0bd4200700 1 -- --> [v2:172.21.15.99:3300/0,v1:172.21.15.99:6789/0] -- mon_getmap magic: 0 v1 -- 0x7f0bcc07c8f0 con 0x7f0bcc07dec0
2024-03-23T23:33:08.526 INFO:teuthology.orchestra.run.smithi099.stdout:/usr/bin/ceph: stderr
2024-03-23T23:33:01.082+0000 7f0bd1800700 1 --2- >> [v2:172.21.15.99:3300/0,v1:172.21.15.99:6789/0] conn(0x7f0bcc07dec0 0x7f0bcc07c320 unknown :-1 s=BANNER_CONNECTING pgs=0 cs=0 l=0 rev1=0 crypto rx=0 tx=0 comp rx=0 tx=0)._handle_peer_banner_payload supported=3 required=0
2024-03-23T23:33:08.526 INFO:teuthology.orchestra.run.smithi099.stdout:/usr/bin/ceph: stderr
2024-03-23T23:33:01.082+0000 7f0bd1800700 1 --2- >> [v2:172.21.15.99:3300/0,v1:172.21.15.99:6789/0] conn(0x7f0bcc07dec0 0x7f0bcc07c320 unknown :-1 s=HELLO_CONNECTING pgs=0 cs=0 l=0 rev1=1 crypto rx=0 tx=0 comp rx=0 tx=0).handle_hello peer v2:172.21.15.99:3300/0 says I am v2:172.21.15.99:37792/0 (socket says 172.21.15.99:37792)
2024-03-23T23:33:08.527 INFO:teuthology.orchestra.run.smithi099.stdout:/usr/bin/ceph: stderr
2024-03-23T23:33:01.082+0000 7f0bd1800700 1 -- 172.21.15.99:0/3158607778 learned_addr learned my addr 172.21.15.99:0/3158607778 (peer_addr_for_me v2:172.21.15.99:0/0)
2024-03-23T23:33:08.527 INFO:teuthology.orchestra.run.smithi099.stdout:/usr/bin/ceph: stderr
2024-03-23T23:33:01.082+0000 7f0bd1800700 1 -- 172.21.15.99:0/3158607778 --> [v2:172.21.15.99:3300/0,v1:172.21.15.99:6789/0] -- mon_subscribe({config=0+,monmap=0+}) v3 -- 0x7f0bcc07ca70 con 0x7f0bcc07dec0
2024-03-23T23:33:08.527 INFO:teuthology.orchestra.run.smithi099.stdout:/usr/bin/ceph: stderr
2024-03-23T23:33:01.083+0000 7f0bd1800700 1 --2- 172.21.15.99:0/3158607778 >> [v2:172.21.15.99:3300/0,v1:172.21.15.99:6789/0] conn(0x7f0bcc07dec0 0x7f0bcc07c320 secure :-1 s=READY pgs=61 cs=0 l=1 rev1=1 crypto rx=0x7f0bc00098a0 tx=0x7f0bc0009bb0 comp rx=0 tx=0).ready entity=mon.0 client_cookie=5de19624130b7af3 server_cookie=0 in_seq=0 out_seq=0
2024-03-23T23:33:08.527 INFO:teuthology.orchestra.run.smithi099.stdout:/usr/bin/ceph: stderr
2024-03-23T23:33:01.083+0000 7f0bcbe00700 1 -- 172.21.15.99:0/3158607778 <== mon.0 v2:172.21.15.99:3300/0 1 ==== mon_map magic: 0 v1 ==== 205+0+0 (secure 0 0 0) 0x7f0bc0004160 con 0x7f0bcc07dec0
2024-03-23T23:33:08.527 INFO:teuthology.orchestra.run.smithi099.stdout:/usr/bin/ceph: stderr
2024-03-23T23:33:01.083+0000 7f0bcbe00700 1 -- 172.21.15.99:0/3158607778 <== mon.0 v2:172.21.15.99:3300/0 2 ==== config(27 keys) v1 ==== 1140+0+0 (secure 0 0 0) 0x7f0bc0004300 con 0x7f0bcc07dec0
2024-03-23T23:33:08.527 INFO:teuthology.orchestra.run.smithi099.stdout:/usr/bin/ceph: stderr
2024-03-23T23:33:01.083+0000 7f0bcbe00700 1 -- 172.21.15.99:0/3158607778 <== mon.0 v2:172.21.15.99:3300/0 3 ==== mon_map magic: 0 v1 ==== 205+0+0 (secure 0 0 0) 0x7f0bc0011b20 con 0x7f0bcc07dec0
2024-03-23T23:33:08.527 INFO:teuthology.orchestra.run.smithi099.stdout:/usr/bin/ceph: stderr
2024-03-23T23:33:01.084+0000 7f0bd4200700 1 -- 172.21.15.99:0/3158607778 >> [v2:172.21.15.99:3300/0,v1:172.21.15.99:6789/0] conn(0x7f0bcc07dec0 msgr2=0x7f0bcc07c320 secure :-1 s=STATE_CONNECTION_ESTABLISHED l=1).mark_down
2024-03-23T23:33:08.527 INFO:teuthology.orchestra.run.smithi099.stdout:/usr/bin/ceph: stderr
2024-03-23T23:33:01.084+0000 7f0bd4200700 1 --2- 172.21.15.99:0/3158607778 >> [v2:172.21.15.99:3300/0,v1:172.21.15.99:6789/0] conn(0x7f0bcc07dec0 0x7f0bcc07c320 secure :-1 s=READY pgs=61 cs=0 l=1 rev1=1 crypto rx=0x7f0bc00098a0 tx=0x7f0bc0009bb0 comp rx=0 tx=0).stop
2024-03-23T23:33:08.527 INFO:teuthology.orchestra.run.smithi099.stdout:/usr/bin/ceph: stderr
2024-03-23T23:33:01.084+0000 7f0bd4200700 1 -- 172.21.15.99:0/3158607778 shutdown_connections
2024-03-23T23:33:08.527 INFO:teuthology.orchestra.run.smithi099.stdout:/usr/bin/ceph: stderr
2024-03-23T23:33:01.084+0000 7f0bd4200700 1 --2- 172.21.15.99:0/3158607778 >> [v2:172.21.15.99:3300/0,v1:172.21.15.99:6789/0] conn(0x7f0bcc07dec0 0x7f0bcc07c320 unknown :-1 s=CLOSED pgs=61 cs=0 l=1 rev1=1 crypto rx=0 tx=0 comp rx=0 tx=0).stop
2024-03-23T23:33:08.527 INFO:teuthology.orchestra.run.smithi099.stdout:/usr/bin/ceph: stderr
2024-03-23T23:33:01.084+0000 7f0bd4200700 1 -- 172.21.15.99:0/3158607778 >> 172.21.15.99:0/3158607778 conn(0x7f0bcc103020 msgr2=0x7f0bcc105460 unknown :-1 s=STATE_NONE l=0).mark_down
2024-03-23T23:33:08.527 INFO:teuthology.orchestra.run.smithi099.stdout:/usr/bin/ceph: stderr
2024-03-23T23:33:01.084+0000 7f0bd4200700 1 -- 172.21.15.99:0/3158607778 shutdown_connections
2024-03-23T23:33:08.527 INFO:teuthology.orchestra.run.smithi099.stdout:/usr/bin/ceph: stderr
2024-03-23T23:33:01.084+0000 7f0bd4200700 1 -- 172.21.15.99:0/3158607778 wait complete.
2024-03-23T23:33:08.528 INFO:teuthology.orchestra.run.smithi099.stdout:/usr/bin/ceph: stderr
2024-03-23T23:33:01.085+0000 7f0bd4200700 1 Processor -- start
2024-03-23T23:33:08.528 INFO:teuthology.orchestra.run.smithi099.stdout:/usr/bin/ceph: stderr
2024-03-23T23:33:01.085+0000 7f0bd4200700 1 -- start start
2024-03-23T23:33:08.528 INFO:teuthology.orchestra.run.smithi099.stdout:/usr/bin/ceph: stderr
2024-03-23T23:33:01.085+0000 7f0bd4200700 1 --2- >> [v2:172.21.15.99:3300/0,v1:172.21.15.99:6789/0] conn(0x7f0bcc07dec0 0x7f0bcc19dc50 unknown :-1 s=NONE pgs=0 cs=0 l=1 rev1=0 crypto rx=0 tx=0 comp rx=0 tx=0).connect
2024-03-23T23:33:08.528 INFO:teuthology.orchestra.run.smithi099.stdout:/usr/bin/ceph: stderr
2024-03-23T23:33:01.085+0000 7f0bd4200700 1 -- --> [v2:172.21.15.99:3300/0,v1:172.21.15.99:6789/0] -- mon_getmap magic: 0 v1 -- 0x7f0bcc10e0e0 con 0x7f0bcc07dec0
2024-03-23T23:33:08.528 INFO:teuthology.orchestra.run.smithi099.stdout:/usr/bin/ceph: stderr
2024-03-23T23:33:01.086+0000 7f0bd1800700 1 --2- >> [v2:172.21.15.99:3300/0,v1:172.21.15.99:6789/0] conn(0x7f0bcc07dec0 0x7f0bcc19dc50 unknown :-1 s=BANNER_CONNECTING pgs=0 cs=0 l=1 rev1=0 crypto rx=0 tx=0 comp rx=0 tx=0)._handle_peer_banner_payload supported=3 required=0
2024-03-23T23:33:08.528 INFO:teuthology.orchestra.run.smithi099.stdout:/usr/bin/ceph: stderr
2024-03-23T23:33:01.086+0000 7f0bd1800700 1 --2- >> [v2:172.21.15.99:3300/0,v1:172.21.15.99:6789/0] conn(0x7f0bcc07dec0 0x7f0bcc19dc50 unknown :-1 s=HELLO_CONNECTING pgs=0 cs=0 l=1 rev1=1 crypto rx=0 tx=0 comp rx=0 tx=0).handle_hello peer v2:172.21.15.99:3300/0 says I am v2:172.21.15.99:37806/0 (socket says 172.21.15.99:37806)
2024-03-23T23:33:08.528 INFO:teuthology.orchestra.run.smithi099.stdout:/usr/bin/ceph: stderr
2024-03-23T23:33:01.086+0000 7f0bd1800700 1 -- 172.21.15.99:0/2109755692 learned_addr learned my addr 172.21.15.99:0/2109755692 (peer_addr_for_me v2:172.21.15.99:0/0)
2024-03-23T23:33:08.528 INFO:teuthology.orchestra.run.smithi099.stdout:/usr/bin/ceph: stderr
2024-03-23T23:33:01.086+0000 7f0bd1800700 1 -- 172.21.15.99:0/2109755692 --> [v2:172.21.15.99:3300/0,v1:172.21.15.99:6789/0] -- mon_subscribe({config=0+,monmap=0+}) v3 -- 0x7f0bcc19e190 con 0x7f0bcc07dec0
2024-03-23T23:33:08.528 INFO:teuthology.orchestra.run.smithi099.stdout:/usr/bin/ceph: stderr
