2024-03-24T00:04:55.159 INFO:teuthology.orchestra.run.smithi118.stdout:/usr/bin/ceph: stderr
2024-03-24T00:04:54.252+0000 7fc813400700 1 --2- 172.21.15.118:0/2393769964 >> [v2:172.21.15.118:6800/389249272,v1:172.21.15.118:6801/389249272] conn(0x7fc7f8038f70 0x7fc7f803b430 unknown :-1 s=BANNER_CONNECTING pgs=0 cs=0 l=1 rev1=0 crypto rx=0 tx=0 comp rx=0 tx=0)._handle_peer_banner_payload supported=3 required=0
2024-03-24T00:04:55.159 INFO:teuthology.orchestra.run.smithi118.stdout:/usr/bin/ceph: stderr
2024-03-24T00:04:54.253+0000 7fc813400700 1 --2- 172.21.15.118:0/2393769964 >> [v2:172.21.15.118:6800/389249272,v1:172.21.15.118:6801/389249272] conn(0x7fc7f8038f70 0x7fc7f803b430 secure :-1 s=READY pgs=15 cs=0 l=1 rev1=1 crypto rx=0x7fc800006fd0 tx=0x7fc800006e40 comp rx=0 tx=0).ready entity=mgr.14120 client_cookie=0 server_cookie=0 in_seq=0 out_seq=0
2024-03-24T00:04:55.159 INFO:teuthology.orchestra.run.smithi118.stdout:/usr/bin/ceph: stderr
2024-03-24T00:04:54.257+0000 7fc810c00700 1 -- 172.21.15.118:0/2393769964 <== mon.0 v2:172.21.15.118:3300/0 6 ==== mon_command_ack([{"prefix": "get_command_descriptions"}]=0 v0) v1 ==== 72+0+186149 (secure 0 0 0) 0x7fc80404c9d0 con 0x7fc814107b40
2024-03-24T00:04:55.159 INFO:teuthology.orchestra.run.smithi118.stdout:/usr/bin/ceph: stderr
2024-03-24T00:04:54.481+0000 7fc81ac00700 1 -- 172.21.15.118:0/2393769964 --> [v2:172.21.15.118:3300/0,v1:172.21.15.118:6789/0] -- mon_command([{prefix=config set, name=mgr/dashboard/ssl_server_port}] v 0) v1 -- 0x7fc8141a1400 con 0x7fc814107b40
2024-03-24T00:04:55.159 INFO:teuthology.orchestra.run.smithi118.stdout:/usr/bin/ceph: stderr
2024-03-24T00:04:54.487+0000 7fc810c00700 1 -- 172.21.15.118:0/2393769964 <== mon.0 v2:172.21.15.118:3300/0 7 ==== mon_command_ack([{prefix=config set, name=mgr/dashboard/ssl_server_port}]=0 v8)=0 v8) v1 ==== 130+0+0 (secure 0 0 0) 0x7fc80402d3f0 con 0x7fc814107b40
2024-03-24T00:04:55.159 INFO:teuthology.orchestra.run.smithi118.stdout:/usr/bin/ceph: stderr
2024-03-24T00:04:54.490+0000 7fc81ac00700 1 -- 172.21.15.118:0/2393769964 >> [v2:172.21.15.118:6800/389249272,v1:172.21.15.118:6801/389249272] conn(0x7fc7f8038f70 msgr2=0x7fc7f803b430 secure :-1 s=STATE_CONNECTION_ESTABLISHED l=1).mark_down
2024-03-24T00:04:55.159 INFO:teuthology.orchestra.run.smithi118.stdout:/usr/bin/ceph: stderr
2024-03-24T00:04:54.490+0000 7fc81ac00700 1 --2- 172.21.15.118:0/2393769964 >> [v2:172.21.15.118:6800/389249272,v1:172.21.15.118:6801/389249272] conn(0x7fc7f8038f70 0x7fc7f803b430 secure :-1 s=READY pgs=15 cs=0 l=1 rev1=1 crypto rx=0x7fc800006fd0 tx=0x7fc800006e40 comp rx=0 tx=0).stop
2024-03-24T00:04:55.159 INFO:teuthology.orchestra.run.smithi118.stdout:/usr/bin/ceph: stderr
2024-03-24T00:04:54.490+0000 7fc81ac00700 1 -- 172.21.15.118:0/2393769964 >> [v2:172.21.15.118:3300/0,v1:172.21.15.118:6789/0] conn(0x7fc814107b40 msgr2=0x7fc81419ddb0 secure :-1 s=STATE_CONNECTION_ESTABLISHED l=1).mark_down
2024-03-24T00:04:55.159 INFO:teuthology.orchestra.run.smithi118.stdout:/usr/bin/ceph: stderr
2024-03-24T00:04:54.490+0000 7fc81ac00700 1 --2- 172.21.15.118:0/2393769964 >> [v2:172.21.15.118:3300/0,v1:172.21.15.118:6789/0] conn(0x7fc814107b40 0x7fc81419ddb0 secure :-1 s=READY pgs=54 cs=0 l=1 rev1=1 crypto rx=0x7fc804000c00 tx=0x7fc804011c10 comp rx=0 tx=0).stop
2024-03-24T00:04:55.159 INFO:teuthology.orchestra.run.smithi118.stdout:/usr/bin/ceph: stderr
2024-03-24T00:04:54.491+0000 7fc81ac00700 1 -- 172.21.15.118:0/2393769964 shutdown_connections
2024-03-24T00:04:55.159 INFO:teuthology.orchestra.run.smithi118.stdout:/usr/bin/ceph: stderr
2024-03-24T00:04:54.491+0000 7fc81ac00700 1 --2- 172.21.15.118:0/2393769964 >> [v2:172.21.15.118:6800/389249272,v1:172.21.15.118:6801/389249272] conn(0x7fc7f8038f70 0x7fc7f803b430 unknown :-1 s=CLOSED pgs=15 cs=0 l=1 rev1=1 crypto rx=0 tx=0 comp rx=0 tx=0).stop
2024-03-24T00:04:55.159 INFO:teuthology.orchestra.run.smithi118.stdout:/usr/bin/ceph: stderr
2024-03-24T00:04:54.491+0000 7fc81ac00700 1 --2- 172.21.15.118:0/2393769964 >> [v2:172.21.15.118:3300/0,v1:172.21.15.118:6789/0] conn(0x7fc814107b40 0x7fc81419ddb0 unknown :-1 s=CLOSED pgs=54 cs=0 l=1 rev1=1 crypto rx=0 tx=0 comp rx=0 tx=0).stop
2024-03-24T00:04:55.159 INFO:teuthology.orchestra.run.smithi118.stdout:/usr/bin/ceph: stderr
2024-03-24T00:04:54.491+0000 7fc81ac00700 1 -- 172.21.15.118:0/2393769964 >> 172.21.15.118:0/2393769964 conn(0x7fc8141030c0 msgr2=0x7fc814103ba0 unknown :-1 s=STATE_NONE l=0).mark_down
2024-03-24T00:04:55.159 INFO:teuthology.orchestra.run.smithi118.stdout:/usr/bin/ceph: stderr
2024-03-24T00:04:54.491+0000 7fc81ac00700 1 -- 172.21.15.118:0/2393769964 shutdown_connections
2024-03-24T00:04:55.159 INFO:teuthology.orchestra.run.smithi118.stdout:/usr/bin/ceph: stderr
2024-03-24T00:04:54.491+0000 7fc81ac00700 1 -- 172.21.15.118:0/2393769964 wait complete.
2024-03-24T00:04:55.160 INFO:teuthology.orchestra.run.smithi118.stdout:Enabling the dashboard module...
2024-03-24T00:04:56.813 INFO:journalctl@ceph.mon.a.smithi118.stdout:Mar 24 00:04:56 smithi118 ceph-mon[31535]: pgmap v5: 0 pgs: ; 0 B data, 0 B used, 0 B / 0 B avail
2024-03-24T00:04:56.813 INFO:journalctl@ceph.mon.a.smithi118.stdout:Mar 24 00:04:56 smithi118 ceph-mon[31535]: from='client.? 172.21.15.118:0/1735641409' entity='client.admin' cmd=[{"prefix": "mgr module enable", "module": "dashboard"}]: dispatch
2024-03-24T00:04:56.813 INFO:journalctl@ceph.mon.a.smithi118.stdout:Mar 24 00:04:56 smithi118 ceph-mon[31535]: from='mgr.14120 172.21.15.118:0/3476110238' entity='mgr.x'
2024-03-24T00:04:56.813 INFO:journalctl@ceph.mgr.x.smithi118.stdout:Mar 24 00:04:56 smithi118 ceph-d79a5420-e971-11ee-95cd-87774f69a715-mgr-x[31762]: ignoring --setuser ceph since I am not root
2024-03-24T00:04:56.813 INFO:journalctl@ceph.mgr.x.smithi118.stdout:Mar 24 00:04:56 smithi118 ceph-d79a5420-e971-11ee-95cd-87774f69a715-mgr-x[31762]: ignoring --setgroup ceph since I am not root
2024-03-24T00:04:57.190 INFO:teuthology.orchestra.run.smithi118.stdout:/usr/bin/ceph: stderr
2024-03-24T00:04:55.828+0000 7f0b29000700 1 Processor -- start
2024-03-24T00:04:57.195 INFO:teuthology.orchestra.run.smithi118.stdout:/usr/bin/ceph: stderr
2024-03-24T00:04:55.828+0000 7f0b29000700 1 -- start start
2024-03-24T00:04:57.196 INFO:teuthology.orchestra.run.smithi118.stdout:/usr/bin/ceph: stderr
2024-03-24T00:04:55.828+0000 7f0b29000700 1 --2- >> [v2:172.21.15.118:3300/0,v1:172.21.15.118:6789/0] conn(0x7f0b241063b0 0x7f0b241067d0 unknown :-1 s=NONE pgs=0 cs=0 l=0 rev1=0 crypto rx=0 tx=0 comp rx=0 tx=0).connect
2024-03-24T00:04:57.196 INFO:teuthology.orchestra.run.smithi118.stdout:/usr/bin/ceph: stderr
2024-03-24T00:04:55.828+0000 7f0b29000700 1 -- --> [v2:172.21.15.118:3300/0,v1:172.21.15.118:6789/0] -- mon_getmap magic: 0 v1 -- 0x7f0b240758a0 con 0x7f0b241063b0
2024-03-24T00:04:57.196 INFO:teuthology.orchestra.run.smithi118.stdout:/usr/bin/ceph: stderr
2024-03-24T00:04:55.829+0000 7f0b21e00700 1 --2- >> [v2:172.21.15.118:3300/0,v1:172.21.15.118:6789/0] conn(0x7f0b241063b0 0x7f0b241067d0 unknown :-1 s=BANNER_CONNECTING pgs=0 cs=0 l=0 rev1=0 crypto rx=0 tx=0 comp rx=0 tx=0)._handle_peer_banner_payload supported=3 required=0
2024-03-24T00:04:57.196 INFO:teuthology.orchestra.run.smithi118.stdout:/usr/bin/ceph: stderr
2024-03-24T00:04:55.829+0000 7f0b21e00700 1 --2- >> [v2:172.21.15.118:3300/0,v1:172.21.15.118:6789/0] conn(0x7f0b241063b0 0x7f0b241067d0 unknown :-1 s=HELLO_CONNECTING pgs=0 cs=0 l=0 rev1=1 crypto rx=0 tx=0 comp rx=0 tx=0).handle_hello peer v2:172.21.15.118:3300/0 says I am v2:172.21.15.118:49780/0 (socket says 172.21.15.118:49780)
2024-03-24T00:04:57.196 INFO:teuthology.orchestra.run.smithi118.stdout:/usr/bin/ceph: stderr
2024-03-24T00:04:55.829+0000 7f0b21e00700 1 -- 172.21.15.118:0/4047050393 learned_addr learned my addr 172.21.15.118:0/4047050393 (peer_addr_for_me v2:172.21.15.118:0/0)
2024-03-24T00:04:57.196 INFO:teuthology.orchestra.run.smithi118.stdout:/usr/bin/ceph: stderr
2024-03-24T00:04:55.829+0000 7f0b21e00700 1 -- 172.21.15.118:0/4047050393 --> [v2:172.21.15.118:3300/0,v1:172.21.15.118:6789/0] -- mon_subscribe({config=0+,monmap=0+}) v3 -- 0x7f0b24106d10 con 0x7f0b241063b0
2024-03-24T00:04:57.196 INFO:teuthology.orchestra.run.smithi118.stdout:/usr/bin/ceph: stderr
2024-03-24T00:04:55.830+0000 7f0b21e00700 1 --2- 172.21.15.118:0/4047050393 >> [v2:172.21.15.118:3300/0,v1:172.21.15.118:6789/0] conn(0x7f0b241063b0 0x7f0b241067d0 secure :-1 s=READY pgs=55 cs=0 l=1 rev1=1 crypto rx=0x7f0b140098a0 tx=0x7f0b14009bb0 comp rx=0 tx=0).ready entity=mon.0 client_cookie=e9010d7f6439e67f server_cookie=0 in_seq=0 out_seq=0
2024-03-24T00:04:57.196 INFO:teuthology.orchestra.run.smithi118.stdout:/usr/bin/ceph: stderr
2024-03-24T00:04:55.830+0000 7f0b20a00700 1 -- 172.21.15.118:0/4047050393 <== mon.0 v2:172.21.15.118:3300/0 1 ==== mon_map magic: 0 v1 ==== 205+0+0 (secure 0 0 0) 0x7f0b14004160 con 0x7f0b241063b0
2024-03-24T00:04:57.196 INFO:teuthology.orchestra.run.smithi118.stdout:/usr/bin/ceph: stderr
2024-03-24T00:04:55.830+0000 7f0b20a00700 1 -- 172.21.15.118:0/4047050393 <== mon.0 v2:172.21.15.118:3300/0 2 ==== config(27 keys) v1 ==== 1140+0+0 (secure 0 0 0) 0x7f0b14004300 con 0x7f0b241063b0
2024-03-24T00:04:57.196 INFO:teuthology.orchestra.run.smithi118.stdout:/usr/bin/ceph: stderr
2024-03-24T00:04:55.830+0000 7f0b20a00700 1 -- 172.21.15.118:0/4047050393 <== mon.0 v2:172.21.15.118:3300/0 3 ==== mon_map magic: 0 v1 ==== 205+0+0 (secure 0 0 0) 0x7f0b14011b20 con 0x7f0b241063b0
2024-03-24T00:04:57.196 INFO:teuthology.orchestra.run.smithi118.stdout:/usr/bin/ceph: stderr
2024-03-24T00:04:55.831+0000 7f0b29000700 1 -- 172.21.15.118:0/4047050393 >> [v2:172.21.15.118:3300/0,v1:172.21.15.118:6789/0] conn(0x7f0b241063b0 msgr2=0x7f0b241067d0 secure :-1 s=STATE_CONNECTION_ESTABLISHED l=1).mark_down
2024-03-24T00:04:57.196 INFO:teuthology.orchestra.run.smithi118.stdout:/usr/bin/ceph: stderr
2024-03-24T00:04:55.831+0000 7f0b29000700 1 --2- 172.21.15.118:0/4047050393 >> [v2:172.21.15.118:3300/0,v1:172.21.15.118:6789/0] conn(0x7f0b241063b0 0x7f0b241067d0 secure :-1 s=READY pgs=55 cs=0 l=1 rev1=1 crypto rx=0x7f0b140098a0 tx=0x7f0b14009bb0 comp rx=0 tx=0).stop
2024-03-24T00:04:57.196 INFO:teuthology.orchestra.run.smithi118.stdout:/usr/bin/ceph: stderr
2024-03-24T00:04:55.831+0000 7f0b29000700 1 -- 172.21.15.118:0/4047050393 shutdown_connections
2024-03-24T00:04:57.196 INFO:teuthology.orchestra.run.smithi118.stdout:/usr/bin/ceph: stderr
2024-03-24T00:04:55.831+0000 7f0b29000700 1 --2- 172.21.15.118:0/4047050393 >> [v2:172.21.15.118:3300/0,v1:172.21.15.118:6789/0] conn(0x7f0b241063b0 0x7f0b241067d0 unknown :-1 s=CLOSED pgs=55 cs=0 l=1 rev1=1 crypto rx=0 tx=0 comp rx=0 tx=0).stop
2024-03-24T00:04:57.197 INFO:teuthology.orchestra.run.smithi118.stdout:/usr/bin/ceph: stderr
2024-03-24T00:04:55.831+0000 7f0b29000700 1 -- 172.21.15.118:0/4047050393 >> 172.21.15.118:0/4047050393 conn(0x7f0b24101fb0 msgr2=0x7f0b241043d0 unknown :-1 s=STATE_NONE l=0).mark_down
2024-03-24T00:04:57.197 INFO:teuthology.orchestra.run.smithi118.stdout:/usr/bin/ceph: stderr
2024-03-24T00:04:55.831+0000 7f0b29000700 1 -- 172.21.15.118:0/4047050393 shutdown_connections
2024-03-24T00:04:57.197 INFO:teuthology.orchestra.run.smithi118.stdout:/usr/bin/ceph: stderr
2024-03-24T00:04:55.831+0000 7f0b29000700 1 -- 172.21.15.118:0/4047050393 wait complete.
2024-03-24T00:04:57.197 INFO:teuthology.orchestra.run.smithi118.stdout:/usr/bin/ceph: stderr
2024-03-24T00:04:55.833+0000 7f0b29000700 1 Processor -- start
2024-03-24T00:04:57.197 INFO:teuthology.orchestra.run.smithi118.stdout:/usr/bin/ceph: stderr
2024-03-24T00:04:55.833+0000 7f0b29000700 1 -- start start
2024-03-24T00:04:57.197 INFO:teuthology.orchestra.run.smithi118.stdout:/usr/bin/ceph: stderr
2024-03-24T00:04:55.833+0000 7f0b29000700 1 --2- >> [v2:172.21.15.118:3300/0,v1:172.21.15.118:6789/0] conn(0x7f0b241063b0 0x7f0b2419dc50 unknown :-1 s=NONE pgs=0 cs=0 l=1 rev1=0 crypto rx=0 tx=0 comp rx=0 tx=0).connect
2024-03-24T00:04:57.197 INFO:teuthology.orchestra.run.smithi118.stdout:/usr/bin/ceph: stderr
2024-03-24T00:04:55.833+0000 7f0b29000700 1 -- --> [v2:172.21.15.118:3300/0,v1:172.21.15.118:6789/0] -- mon_getmap magic: 0 v1 -- 0x7f0b24107de0 con 0x7f0b241063b0
2024-03-24T00:04:57.197 INFO:teuthology.orchestra.run.smithi118.stdout:/usr/bin/ceph: stderr
2024-03-24T00:04:55.833+0000 7f0b21e00700 1 --2- >> [v2:172.21.15.118:3300/0,v1:172.21.15.118:6789/0] conn(0x7f0b241063b0 0x7f0b2419dc50 unknown :-1 s=BANNER_CONNECTING pgs=0 cs=0 l=1 rev1=0 crypto rx=0 tx=0 comp rx=0 tx=0)._handle_peer_banner_payload supported=3 required=0
2024-03-24T00:04:57.197 INFO:teuthology.orchestra.run.smithi118.stdout:/usr/bin/ceph: stderr
2024-03-24T00:04:55.833+0000 7f0b21e00700 1 --2- >> [v2:172.21.15.118:3300/0,v1:172.21.15.118:6789/0] conn(0x7f0b241063b0 0x7f0b2419dc50 unknown :-1 s=HELLO_CONNECTING pgs=0 cs=0 l=1 rev1=1 crypto rx=0 tx=0 comp rx=0 tx=0).handle_hello peer v2:172.21.15.118:3300/0 says I am v2:172.21.15.118:49782/0 (socket says 172.21.15.118:49782)
2024-03-24T00:04:57.197 INFO:teuthology.orchestra.run.smithi118.stdout:/usr/bin/ceph: stderr
2024-03-24T00:04:55.833+0000 7f0b21e00700 1 -- 172.21.15.118:0/1735641409 learned_addr learned my addr 172.21.15.118:0/1735641409 (peer_addr_for_me v2:172.21.15.118:0/0)
2024-03-24T00:04:57.197 INFO:teuthology.orchestra.run.smithi118.stdout:/usr/bin/ceph: stderr
2024-03-24T00:04:55.834+0000 7f0b21e00700 1 -- 172.21.15.118:0/1735641409 --> [v2:172.21.15.118:3300/0,v1:172.21.15.118:6789/0] -- mon_subscribe({config=0+,monmap=0+}) v3 -- 0x7f0b2419e190 con 0x7f0b241063b0
2024-03-24T00:04:57.197 INFO:teuthology.orchestra.run.smithi118.stdout:/usr/bin/ceph: stderr
2024-03-24T00:04:55.834+0000 7f0b21e00700 1 --2- 172.21.15.118:0/1735641409 >> [v2:172.21.15.118:3300/0,v1:172.21.15.118:6789/0] conn(0x7f0b241063b0 0x7f0b2419dc50 secure :-1 s=READY pgs=56 cs=0 l=1 rev1=1 crypto rx=0x7f0b140116a0 tx=0x7f0b14011ba0 comp rx=0 tx=0).ready entity=mon.0 client_cookie=0 server_cookie=0 in_seq=0 out_seq=0
2024-03-24T00:04:57.197 INFO:teuthology.orchestra.run.smithi118.stdout:/usr/bin/ceph: stderr
2024-03-24T00:04:55.834+0000 7f0b1aa00700 1 -- 172.21.15.118:0/1735641409 <== mon.0 v2:172.21.15.118:3300/0 1 ==== mon_map magic: 0 v1 ==== 205+0+0 (secure 0 0 0) 0x7f0b14003a40 con 0x7f0b241063b0
2024-03-24T00:04:57.197 INFO:teuthology.orchestra.run.smithi118.stdout:/usr/bin/ceph: stderr
2024-03-24T00:04:55.834+0000 7f0b1aa00700 1 -- 172.21.15.118:0/1735641409 <== mon.0 v2:172.21.15.118:3300/0 2 ==== config(27 keys) v1 ==== 1140+0+0 (secure 0 0 0) 0x7f0b14003be0 con 0x7f0b241063b0
2024-03-24T00:04:57.198 INFO:teuthology.orchestra.run.smithi118.stdout:/usr/bin/ceph: stderr
2024-03-24T00:04:55.834+0000 7f0b29000700 1 -- 172.21.15.118:0/1735641409 --> [v2:172.21.15.118:3300/0,v1:172.21.15.118:6789/0] -- mon_subscribe({mgrmap=0+}) v3 -- 0x7f0b2419e420 con 0x7f0b241063b0
2024-03-24T00:04:57.198 INFO:teuthology.orchestra.run.smithi118.stdout:/usr/bin/ceph: stderr
2024-03-24T00:04:55.834+0000 7f0b1aa00700 1 -- 172.21.15.118:0/1735641409 <== mon.0 v2:172.21.15.118:3300/0 3 ==== mon_map magic: 0 v1 ==== 205+0+0 (secure 0 0 0) 0x7f0b1401a750 con 0x7f0b241063b0
2024-03-24T00:04:57.198 INFO:teuthology.orchestra.run.smithi118.stdout:/usr/bin/ceph: stderr
2024-03-24T00:04:55.835+0000 7f0b29000700 1 -- 172.21.15.118:0/1735641409 --> [v2:172.21.15.118:3300/0,v1:172.21.15.118:6789/0] -- mon_subscribe({osdmap=0}) v3 -- 0x7f0b2419e880 con 0x7f0b241063b0
2024-03-24T00:04:57.198 INFO:teuthology.orchestra.run.smithi118.stdout:/usr/bin/ceph: stderr
2024-03-24T00:04:55.836+0000 7f0b1aa00700 1 -- 172.21.15.118:0/1735641409 <== mon.0 v2:172.21.15.118:3300/0 4 ==== mgrmap(e 8) v1 ==== 46106+0+0 (secure 0 0 0) 0x7f0b1401aa70 con 0x7f0b241063b0
2024-03-24T00:04:57.198 INFO:teuthology.orchestra.run.smithi118.stdout:/usr/bin/ceph: stderr
2024-03-24T00:04:55.836+0000 7f0b29000700 1 -- 172.21.15.118:0/1735641409 --> [v2:172.21.15.118:3300/0,v1:172.21.15.118:6789/0] -- mon_command({"prefix": "get_command_descriptions"} v 0) v1 -- 0x7f0b240637c0 con 0x7f0b241063b0
2024-03-24T00:04:57.198 INFO:teuthology.orchestra.run.smithi118.stdout:/usr/bin/ceph: stderr
2024-03-24T00:04:55.836+0000 7f0b1aa00700 1 --2- 172.21.15.118:0/1735641409 >> [v2:172.21.15.118:6800/389249272,v1:172.21.15.118:6801/389249272] conn(0x7f0b08038f20 0x7f0b0803b3e0 unknown :-1 s=NONE pgs=0 cs=0 l=1 rev1=0 crypto rx=0 tx=0 comp rx=0 tx=0).connect
2024-03-24T00:04:57.198 INFO:teuthology.orchestra.run.smithi118.stdout:/usr/bin/ceph: stderr
2024-03-24T00:04:55.836+0000 7f0b1aa00700 1 -- 172.21.15.118:0/1735641409 <== mon.0 v2:172.21.15.118:3300/0 5 ==== osd_map(2..2 src has 1..2) v4 ==== 940+0+0 (secure 0 0 0) 0x7f0b1404d720 con 0x7f0b241063b0
2024-03-24T00:04:57.198 INFO:teuthology.orchestra.run.smithi118.stdout:/usr/bin/ceph: stderr
2024-03-24T00:04:55.837+0000 7f0b21400700 1 --2- 172.21.15.118:0/1735641409 >> [v2:172.21.15.118:6800/389249272,v1:172.21.15.118:6801/389249272] conn(0x7f0b08038f20 0x7f0b0803b3e0 unknown :-1 s=BANNER_CONNECTING pgs=0 cs=0 l=1 rev1=0 crypto rx=0 tx=0 comp rx=0 tx=0)._handle_peer_banner_payload supported=3 required=0
2024-03-24T00:04:57.198 INFO:teuthology.orchestra.run.smithi118.stdout:/usr/bin/ceph: stderr
2024-03-24T00:04:55.837+0000 7f0b21400700 1 --2- 172.21.15.118:0/1735641409 >> [v2:172.21.15.118:6800/389249272,v1:172.21.15.118:6801/389249272] conn(0x7f0b08038f20 0x7f0b0803b3e0 secure :-1 s=READY pgs=16 cs=0 l=1 rev1=1 crypto rx=0x7f0b10006fd0 tx=0x7f0b10006e40 comp rx=0 tx=0).ready entity=mgr.14120 client_cookie=0 server_cookie=0 in_seq=0 out_seq=0
2024-03-24T00:04:57.198 INFO:teuthology.orchestra.run.smithi118.stdout:/usr/bin/ceph: stderr
2024-03-24T00:04:55.842+0000 7f0b1aa00700 1 -- 172.21.15.118:0/1735641409 <== mon.0 v2:172.21.15.118:3300/0 6 ==== mon_command_ack([{"prefix": "get_command_descriptions"}]=0 v0) v1 ==== 72+0+186149 (secure 0 0 0) 0x7f0b14011e20 con 0x7f0b241063b0
2024-03-24T00:04:57.198 INFO:teuthology.orchestra.run.smithi118.stdout:/usr/bin/ceph: stderr
2024-03-24T00:04:56.140+0000 7f0b29000700 1 -- 172.21.15.118:0/1735641409 --> [v2:172.21.15.118:3300/0,v1:172.21.15.118:6789/0] -- mon_command({"prefix": "mgr module enable", "module": "dashboard"} v 0) v1 -- 0x7f0b24062da0 con 0x7f0b241063b0
2024-03-24T00:04:57.198 INFO:teuthology.orchestra.run.smithi118.stdout:/usr/bin/ceph: stderr
2024-03-24T00:04:56.505+0000 7f0b1aa00700 1 -- 172.21.15.118:0/1735641409 <== mon.0 v2:172.21.15.118:3300/0 7 ==== mon_command_ack([{"prefix": "mgr module enable", "module": "dashboard"}]=0 v9) v1 ==== 88+0+0 (secure 0 0 0) 0x7f0b1402d910 con 0x7f0b241063b0
2024-03-24T00:04:57.199 INFO:teuthology.orchestra.run.smithi118.stdout:/usr/bin/ceph: stderr
2024-03-24T00:04:56.508+0000 7f0b1aa00700 1 -- 172.21.15.118:0/1735641409 <== mon.0 v2:172.21.15.118:3300/0 8 ==== mgrmap(e 9) v1 ==== 46119+0+0 (secure 0 0 0) 0x7f0b1402d3f0 con 0x7f0b241063b0
2024-03-24T00:04:57.199 INFO:teuthology.orchestra.run.smithi118.stdout:/usr/bin/ceph: stderr
2024-03-24T00:04:56.509+0000 7f0b29000700 1 -- 172.21.15.118:0/1735641409 >> [v2:172.21.15.118:6800/389249272,v1:172.21.15.118:6801/389249272] conn(0x7f0b08038f20 msgr2=0x7f0b0803b3e0 secure :-1 s=STATE_CONNECTION_ESTABLISHED l=1).mark_down
2024-03-24T00:04:57.199 INFO:teuthology.orchestra.run.smithi118.stdout:/usr/bin/ceph: stderr
2024-03-24T00:04:56.509+0000 7f0b29000700 1 --2- 172.21.15.118:0/1735641409 >> [v2:172.21.15.118:6800/389249272,v1:172.21.15.118:6801/389249272] conn(0x7f0b08038f20 0x7f0b0803b3e0 secure :-1 s=READY pgs=16 cs=0 l=1 rev1=1 crypto rx=0x7f0b10006fd0 tx=0x7f0b10006e40 comp rx=0 tx=0).stop
2024-03-24T00:04:57.199 INFO:teuthology.orchestra.run.smithi118.stdout:/usr/bin/ceph: stderr
2024-03-24T00:04:56.509+0000 7f0b29000700 1 -- 172.21.15.118:0/1735641409 >> [v2:172.21.15.118:3300/0,v1:172.21.15.118:6789/0] conn(0x7f0b241063b0 msgr2=0x7f0b2419dc50 secure :-1 s=STATE_CONNECTION_ESTABLISHED l=1).mark_down
2024-03-24T00:04:57.199 INFO:teuthology.orchestra.run.smithi118.stdout:/usr/bin/ceph: stderr
2024-03-24T00:04:56.509+0000 7f0b29000700 1 --2- 172.21.15.118:0/1735641409 >> [v2:172.21.15.118:3300/0,v1:172.21.15.118:6789/0] conn(0x7f0b241063b0 0x7f0b2419dc50 secure :-1 s=READY pgs=56 cs=0 l=1 rev1=1 crypto rx=0x7f0b140116a0 tx=0x7f0b14011ba0 comp rx=0 tx=0).stop
2024-03-24T00:04:57.199 INFO:teuthology.orchestra.run.smithi118.stdout:/usr/bin/ceph: stderr
2024-03-24T00:04:56.510+0000 7f0b29000700 1 -- 172.21.15.118:0/1735641409 shutdown_connections
2024-03-24T00:04:57.199 INFO:teuthology.orchestra.run.smithi118.stdout:/usr/bin/ceph: stderr
2024-03-24T00:04:56.510+0000 7f0b29000700 1 --2- 172.21.15.118:0/1735641409 >> [v2:172.21.15.118:6800/389249272,v1:172.21.15.118:6801/389249272] conn(0x7f0b08038f20 0x7f0b0803b3e0 unknown :-1 s=CLOSED pgs=16 cs=0 l=1 rev1=1 crypto rx=0 tx=0 comp rx=0 tx=0).stop
2024-03-24T00:04:57.199 INFO:teuthology.orchestra.run.smithi118.stdout:/usr/bin/ceph: stderr
2024-03-24T00:04:56.510+0000 7f0b29000700 1 --2- 172.21.15.118:0/1735641409 >> [v2:172.21.15.118:3300/0,v1:172.21.15.118:6789/0] conn(0x7f0b241063b0 0x7f0b2419dc50 unknown :-1 s=CLOSED pgs=56 cs=0 l=1 rev1=1 crypto rx=0 tx=0 comp rx=0 tx=0).stop
2024-03-24T00:04:57.199 INFO:teuthology.orchestra.run.smithi118.stdout:/usr/bin/ceph: stderr
2024-03-24T00:04:56.510+0000 7f0b29000700 1 -- 172.21.15.118:0/1735641409 >> 172.21.15.118:0/1735641409 conn(0x7f0b24101fb0 msgr2=0x7f0b24194910 unknown :-1 s=STATE_NONE l=0).mark_down
2024-03-24T00:04:57.199 INFO:teuthology.orchestra.run.smithi118.stdout:/usr/bin/ceph: stderr
2024-03-24T00:04:56.510+0000 7f0b29000700 1 -- 172.21.15.118:0/1735641409 shutdown_connections
2024-03-24T00:04:57.199 INFO:teuthology.orchestra.run.smithi118.stdout:/usr/bin/ceph: stderr
2024-03-24T00:04:56.510+0000 7f0b29000700 1 -- 172.21.15.118:0/1735641409 wait complete.
2024-03-24T00:04:57.446 INFO:journalctl@ceph.mgr.x.smithi118.stdout:Mar 24 00:04:57 smithi118 ceph-d79a5420-e971-11ee-95cd-87774f69a715-mgr-x[31762]:
2024-03-24T00:04:57.383+0000 7f6357ded200 -1 mgr[py] Module osd_perf_query has missing NOTIFY_TYPES member
2024-03-24T00:04:57.805 INFO:journalctl@ceph.mgr.x.smithi118.stdout:Mar 24 00:04:57 smithi118 ceph-d79a5420-e971-11ee-95cd-87774f69a715-mgr-x[31762]:
2024-03-24T00:04:57.511+0000 7f6357ded200 -1 mgr[py] Module snap_schedule has missing NOTIFY_TYPES member
2024-03-24T00:04:57.805 INFO:journalctl@ceph.mon.a.smithi118.stdout:Mar 24 00:04:57 smithi118 ceph-mon[31535]: from='client.? 172.21.15.118:0/1735641409' entity='client.admin' cmd='[{"prefix": "mgr module enable", "module": "dashboard"}]': finished
2024-03-24T00:04:57.806 INFO:journalctl@ceph.mon.a.smithi118.stdout:Mar 24 00:04:57 smithi118 ceph-mon[31535]: mgrmap e9: x(active, since 25s)
2024-03-24T00:04:58.606 INFO:journalctl@ceph.mon.a.smithi118.stdout:Mar 24 00:04:58 smithi118 ceph-mon[31535]: from='client.? 172.21.15.118:0/3199022714' entity='client.admin' cmd=[{"prefix": "mgr stat"}]: dispatch
2024-03-24T00:04:58.607 INFO:journalctl@ceph.mgr.x.smithi118.stdout:Mar 24 00:04:58 smithi118 ceph-d79a5420-e971-11ee-95cd-87774f69a715-mgr-x[31762]:
2024-03-24T00:04:58.340+0000 7f6357ded200 -1 mgr[py] Module zabbix has missing NOTIFY_TYPES member
2024-03-24T00:04:58.607 INFO:journalctl@ceph.mgr.x.smithi118.stdout:Mar 24 00:04:58 smithi118 ceph-d79a5420-e971-11ee-95cd-87774f69a715-mgr-x[31762]:
2024-03-24T00:04:58.463+0000 7f6357ded200 -1 mgr[py] Module balancer has missing NOTIFY_TYPES member
2024-03-24T00:04:58.881 INFO:journalctl@ceph.mgr.x.smithi118.stdout:Mar 24 00:04:58 smithi118 ceph-d79a5420-e971-11ee-95cd-87774f69a715-mgr-x[31762]:
2024-03-24T00:04:58.640+0000 7f6357ded200 -1 mgr[py] Module influx has missing NOTIFY_TYPES member
2024-03-24T00:04:58.881 INFO:journalctl@ceph.mgr.x.smithi118.stdout:Mar 24 00:04:58 smithi118 ceph-d79a5420-e971-11ee-95cd-87774f69a715-mgr-x[31762]:
2024-03-24T00:04:58.763+0000 7f6357ded200 -1 mgr[py] Module alerts has missing NOTIFY_TYPES member
2024-03-24T00:04:58.881 INFO:journalctl@ceph.mgr.x.smithi118.stdout:Mar 24 00:04:58 smithi118 ceph-d79a5420-e971-11ee-95cd-87774f69a715-mgr-x[31762]:
2024-03-24T00:04:58.881+0000 7f6357ded200 -1 mgr[py] Module iostat has missing NOTIFY_TYPES member
2024-03-24T00:04:59.476 INFO:journalctl@ceph.mgr.x.smithi118.stdout:Mar 24 00:04:59 smithi118 ceph-d79a5420-e971-11ee-95cd-87774f69a715-mgr-x[31762]:
2024-03-24T00:04:59.219+0000 7f6357ded200 -1 mgr[py] Module rgw has missing NOTIFY_TYPES member
2024-03-24T00:04:59.477 INFO:journalctl@ceph.mgr.x.smithi118.stdout:Mar 24 00:04:59 smithi118 ceph-d79a5420-e971-11ee-95cd-87774f69a715-mgr-x[31762]:
2024-03-24T00:04:59.360+0000 7f6357ded200 -1 mgr[py] Module rbd_support has missing NOTIFY_TYPES member
2024-03-24T00:04:59.477 INFO:journalctl@ceph.mgr.x.smithi118.stdout:Mar 24 00:04:59 smithi118 ceph-d79a5420-e971-11ee-95cd-87774f69a715-mgr-x[31762]:
2024-03-24T00:04:59.476+0000 7f6357ded200 -1 mgr[py] Module progress has missing NOTIFY_TYPES member
2024-03-24T00:04:59.781 INFO:journalctl@ceph.mgr.x.smithi118.stdout:Mar 24 00:04:59 smithi118 ceph-d79a5420-e971-11ee-95cd-87774f69a715-mgr-x[31762]:
2024-03-24T00:04:59.599+0000 7f6357ded200 -1 mgr[py] Module pg_autoscaler has missing NOTIFY_TYPES member
2024-03-24T00:04:59.800 INFO:teuthology.orchestra.run.smithi118.stdout:/usr/bin/ceph: stdout {
2024-03-24T00:04:59.800 INFO:teuthology.orchestra.run.smithi118.stdout:/usr/bin/ceph: stdout "epoch": 9,
2024-03-24T00:04:59.800 INFO:teuthology.orchestra.run.smithi118.stdout:/usr/bin/ceph: stdout "available": true,
2024-03-24T00:04:59.800 INFO:teuthology.orchestra.run.smithi118.stdout:/usr/bin/ceph: stdout "active_name": "x",
2024-03-24T00:04:59.800 INFO:teuthology.orchestra.run.smithi118.stdout:/usr/bin/ceph: stdout "num_standby": 0
2024-03-24T00:04:59.800 INFO:teuthology.orchestra.run.smithi118.stdout:/usr/bin/ceph: stdout }
2024-03-24T00:04:59.801 INFO:teuthology.orchestra.run.smithi118.stdout:/usr/bin/ceph: stderr
2024-03-24T00:04:57.848+0000 7fb353000700 1 Processor -- start
2024-03-24T00:04:59.801 INFO:teuthology.orchestra.run.smithi118.stdout:/usr/bin/ceph: stderr
2024-03-24T00:04:57.848+0000 7fb353000700 1 -- start start
2024-03-24T00:04:59.801 INFO:teuthology.orchestra.run.smithi118.stdout:/usr/bin/ceph: stderr
2024-03-24T00:04:57.848+0000 7fb353000700 1 --2- >> [v2:172.21.15.118:3300/0,v1:172.21.15.118:6789/0] conn(0x7fb34c1085c0 0x7fb34c10a9b0 unknown :-1 s=NONE pgs=0 cs=0 l=0 rev1=0 crypto rx=0 tx=0 comp rx=0 tx=0).connect
2024-03-24T00:04:59.801 INFO:teuthology.orchestra.run.smithi118.stdout:/usr/bin/ceph: stderr
2024-03-24T00:04:57.848+0000 7fb353000700 1 -- --> [v2:172.21.15.118:3300/0,v1:172.21.15.118:6789/0] -- mon_getmap magic: 0 v1 -- 0x7fb34c0758a0 con 0x7fb34c1085c0
2024-03-24T00:04:59.801 INFO:teuthology.orchestra.run.smithi118.stdout:/usr/bin/ceph: stderr
2024-03-24T00:04:57.849+0000 7fb34be00700 1 --2- >> [v2:172.21.15.118:3300/0,v1:172.21.15.118:6789/0] conn(0x7fb34c1085c0 0x7fb34c10a9b0 unknown :-1 s=BANNER_CONNECTING pgs=0 cs=0 l=0 rev1=0 crypto rx=0 tx=0 comp rx=0 tx=0)._handle_peer_banner_payload supported=3 required=0
2024-03-24T00:04:59.802 INFO:teuthology.orchestra.run.smithi118.stdout:/usr/bin/ceph: stderr
2024-03-24T00:04:57.849+0000 7fb34be00700 1 --2- >> [v2:172.21.15.118:3300/0,v1:172.21.15.118:6789/0] conn(0x7fb34c1085c0 0x7fb34c10a9b0 unknown :-1 s=HELLO_CONNECTING pgs=0 cs=0 l=0 rev1=1 crypto rx=0 tx=0 comp rx=0 tx=0).handle_hello peer v2:172.21.15.118:3300/0 says I am v2:172.21.15.118:49810/0 (socket says 172.21.15.118:49810)
2024-03-24T00:04:59.802 INFO:teuthology.orchestra.run.smithi118.stdout:/usr/bin/ceph: stderr
2024-03-24T00:04:57.849+0000 7fb34be00700 1 -- 172.21.15.118:0/1717599528 learned_addr learned my addr 172.21.15.118:0/1717599528 (peer_addr_for_me v2:172.21.15.118:0/0)
2024-03-24T00:04:59.802 INFO:teuthology.orchestra.run.smithi118.stdout:/usr/bin/ceph: stderr
2024-03-24T00:04:57.850+0000 7fb34be00700 1 -- 172.21.15.118:0/1717599528 --> [v2:172.21.15.118:3300/0,v1:172.21.15.118:6789/0] -- mon_subscribe({config=0+,monmap=0+}) v3 -- 0x7fb34c10aef0 con 0x7fb34c1085c0
2024-03-24T00:04:59.802 INFO:teuthology.orchestra.run.smithi118.stdout:/usr/bin/ceph: stderr
2024-03-24T00:04:57.850+0000 7fb34be00700 1 --2- 172.21.15.118:0/1717599528 >> [v2:172.21.15.118:3300/0,v1:172.21.15.118:6789/0] conn(0x7fb34c1085c0 0x7fb34c10a9b0 secure :-1 s=READY pgs=59 cs=0 l=1 rev1=1 crypto rx=0x7fb33c0098a0 tx=0x7fb33c009bb0 comp rx=0 tx=0).ready entity=mon.0 client_cookie=ff9b2f594c1a54b2 server_cookie=0 in_seq=0 out_seq=0
2024-03-24T00:04:59.802 INFO:teuthology.orchestra.run.smithi118.stdout:/usr/bin/ceph: stderr
2024-03-24T00:04:57.850+0000 7fb34aa00700 1 -- 172.21.15.118:0/1717599528 <== mon.0 v2:172.21.15.118:3300/0 1 ==== mon_map magic: 0 v1 ==== 205+0+0 (secure 0 0 0) 0x7fb33c004160 con 0x7fb34c1085c0
2024-03-24T00:04:59.802 INFO:teuthology.orchestra.run.smithi118.stdout:/usr/bin/ceph: stderr
2024-03-24T00:04:57.850+0000 7fb34aa00700 1 -- 172.21.15.118:0/1717599528 <== mon.0 v2:172.21.15.118:3300/0 2 ==== config(27 keys) v1 ==== 1140+0+0 (secure 0 0 0) 0x7fb33c004300 con 0x7fb34c1085c0
2024-03-24T00:04:59.803 INFO:teuthology.orchestra.run.smithi118.stdout:/usr/bin/ceph: stderr
2024-03-24T00:04:57.850+0000 7fb34aa00700 1 -- 172.21.15.118:0/1717599528 <== mon.0 v2:172.21.15.118:3300/0 3 ==== mon_map magic: 0 v1 ==== 205+0+0 (secure 0 0 0) 0x7fb33c011b20 con 0x7fb34c1085c0
2024-03-24T00:04:59.803 INFO:teuthology.orchestra.run.smithi118.stdout:/usr/bin/ceph: stderr
2024-03-24T00:04:57.851+0000 7fb353000700 1 -- 172.21.15.118:0/1717599528 >> [v2:172.21.15.118:3300/0,v1:172.21.15.118:6789/0] conn(0x7fb34c1085c0 msgr2=0x7fb34c10a9b0 secure :-1 s=STATE_CONNECTION_ESTABLISHED l=1).mark_down
2024-03-24T00:04:59.803 INFO:teuthology.orchestra.run.smithi118.stdout:/usr/bin/ceph: stderr
2024-03-24T00:04:57.851+0000 7fb353000700 1 --2- 172.21.15.118:0/1717599528 >> [v2:172.21.15.118:3300/0,v1:172.21.15.118:6789/0] conn(0x7fb34c1085c0 0x7fb34c10a9b0 secure :-1 s=READY pgs=59 cs=0 l=1 rev1=1 crypto rx=0x7fb33c0098a0 tx=0x7fb33c009bb0 comp rx=0 tx=0).stop
2024-03-24T00:04:59.803 INFO:teuthology.orchestra.run.smithi118.stdout:/usr/bin/ceph: stderr
2024-03-24T00:04:57.851+0000 7fb353000700 1 -- 172.21.15.118:0/1717599528 shutdown_connections
2024-03-24T00:04:59.803 INFO:teuthology.orchestra.run.smithi118.stdout:/usr/bin/ceph: stderr
2024-03-24T00:04:57.851+0000 7fb353000700 1 --2- 172.21.15.118:0/1717599528 >> [v2:172.21.15.118:3300/0,v1:172.21.15.118:6789/0] conn(0x7fb34c1085c0 0x7fb34c10a9b0 unknown :-1 s=CLOSED pgs=59 cs=0 l=1 rev1=1 crypto rx=0 tx=0 comp rx=0 tx=0).stop
2024-03-24T00:04:59.804 INFO:teuthology.orchestra.run.smithi118.stdout:/usr/bin/ceph: stderr
2024-03-24T00:04:57.851+0000 7fb353000700 1 -- 172.21.15.118:0/1717599528 >> 172.21.15.118:0/1717599528 conn(0x7fb34c101fb0 msgr2=0x7fb34c1043d0 unknown :-1 s=STATE_NONE l=0).mark_down
2024-03-24T00:04:59.804 INFO:teuthology.orchestra.run.smithi118.stdout:/usr/bin/ceph: stderr
2024-03-24T00:04:57.851+0000 7fb353000700 1 -- 172.21.15.118:0/1717599528 shutdown_connections
2024-03-24T00:04:59.804 INFO:teuthology.orchestra.run.smithi118.stdout:/usr/bin/ceph: stderr
2024-03-24T00:04:57.851+0000 7fb353000700 1 -- 172.21.15.118:0/1717599528 wait complete.
2024-03-24T00:04:59.804 INFO:teuthology.orchestra.run.smithi118.stdout:/usr/bin/ceph: stderr
2024-03-24T00:04:57.852+0000 7fb353000700 1 Processor -- start
2024-03-24T00:04:59.804 INFO:teuthology.orchestra.run.smithi118.stdout:/usr/bin/ceph: stderr
2024-03-24T00:04:57.852+0000 7fb353000700 1 -- start start
2024-03-24T00:04:59.804 INFO:teuthology.orchestra.run.smithi118.stdout:/usr/bin/ceph: stderr
2024-03-24T00:04:57.853+0000 7fb353000700 1 --2- >> [v2:172.21.15.118:3300/0,v1:172.21.15.118:6789/0] conn(0x7fb34c1085c0 0x7fb34c107e40 unknown :-1 s=NONE pgs=0 cs=0 l=1 rev1=0 crypto rx=0 tx=0 comp rx=0 tx=0).connect
2024-03-24T00:04:59.804 INFO:teuthology.orchestra.run.smithi118.stdout:/usr/bin/ceph: stderr
2024-03-24T00:04:57.853+0000 7fb353000700 1 -- --> [v2:172.21.15.118:3300/0,v1:172.21.15.118:6789/0] -- mon_getmap magic: 0 v1 -- 0x7fb34c10bf00 con 0x7fb34c1085c0
2024-03-24T00:04:59.804 INFO:teuthology.orchestra.run.smithi118.stdout:/usr/bin/ceph: stderr
2024-03-24T00:04:57.853+0000 7fb34be00700 1 --2- >> [v2:172.21.15.118:3300/0,v1:172.21.15.118:6789/0] conn(0x7fb34c1085c0 0x7fb34c107e40 unknown :-1 s=BANNER_CONNECTING pgs=0 cs=0 l=1 rev1=0 crypto rx=0 tx=0 comp rx=0 tx=0)._handle_peer_banner_payload supported=3 required=0
2024-03-24T00:04:59.804 INFO:teuthology.orchestra.run.smithi118.stdout:/usr/bin/ceph: stderr
2024-03-24T00:04:57.853+0000 7fb34be00700 1 --2- >> [v2:172.21.15.118:3300/0,v1:172.21.15.118:6789/0] conn(0x7fb34c1085c0 0x7fb34c107e40 unknown :-1 s=HELLO_CONNECTING pgs=0 cs=0 l=1 rev1=1 crypto rx=0 tx=0 comp rx=0 tx=0).handle_hello peer v2:172.21.15.118:3300/0 says I am v2:172.21.15.118:49812/0 (socket says 172.21.15.118:49812)
2024-03-24T00:04:59.804 INFO:teuthology.orchestra.run.smithi118.stdout:/usr/bin/ceph: stderr
2024-03-24T00:04:57.853+0000 7fb34be00700 1 -- 172.21.15.118:0/3199022714 learned_addr learned my addr 172.21.15.118:0/3199022714 (peer_addr_for_me v2:172.21.15.118:0/0)
2024-03-24T00:04:59.805 INFO:teuthology.orchestra.run.smithi118.stdout:/usr/bin/ceph: stderr
2024-03-24T00:04:57.854+0000 7fb34be00700 1 -- 172.21.15.118:0/3199022714 --> [v2:172.21.15.118:3300/0,v1:172.21.15.118:6789/0] -- mon_subscribe({config=0+,monmap=0+}) v3 -- 0x7fb34c108380 con 0x7fb34c1085c0
2024-03-24T00:04:59.805 INFO:teuthology.orchestra.run.smithi118.stdout:/usr/bin/ceph: stderr
2024-03-24T00:04:57.854+0000 7fb34be00700 1 --2- 172.21.15.118:0/3199022714 >> [v2:172.21.15.118:3300/0,v1:172.21.15.118:6789/0] conn(0x7fb34c1085c0 0x7fb34c107e40 secure :-1 s=READY pgs=60 cs=0 l=1 rev1=1 crypto rx=0x7fb33c011b60 tx=0x7fb33c011c40 comp rx=0 tx=0).ready entity=mon.0 client_cookie=0 server_cookie=0 in_seq=0 out_seq=0
2024-03-24T00:04:59.805 INFO:teuthology.orchestra.run.smithi118.stdout:/usr/bin/ceph: stderr
2024-03-24T00:04:57.854+0000 7fb348c00700 1 -- 172.21.15.118:0/3199022714 <== mon.0 v2:172.21.15.118:3300/0 1 ==== mon_map magic: 0 v1 ==== 205+0+0 (secure 0 0 0) 0x7fb33c003b60 con 0x7fb34c1085c0
2024-03-24T00:04:59.805 INFO:teuthology.orchestra.run.smithi118.stdout:/usr/bin/ceph: stderr
2024-03-24T00:04:57.854+0000 7fb348c00700 1 -- 172.21.15.118:0/3199022714 <== mon.0 v2:172.21.15.118:3300/0 2 ==== config(27 keys) v1 ==== 1140+0+0 (secure 0 0 0) 0x7fb33c01a910 con 0x7fb34c1085c0
2024-03-24T00:04:59.805 INFO:teuthology.orchestra.run.smithi118.stdout:/usr/bin/ceph: stderr
2024-03-24T00:04:57.854+0000 7fb348c00700 1 -- 172.21.15.118:0/3199022714 <== mon.0 v2:172.21.15.118:3300/0 3 ==== mon_map magic: 0 v1 ==== 205+0+0 (secure 0 0 0) 0x7fb33c024930 con 0x7fb34c1085c0
2024-03-24T00:04:59.805 INFO:teuthology.orchestra.run.smithi118.stdout:/usr/bin/ceph: stderr
2024-03-24T00:04:57.854+0000 7fb353000700 1 -- 172.21.15.118:0/3199022714 --> [v2:172.21.15.118:3300/0,v1:172.21.15.118:6789/0] -- mon_subscribe({mgrmap=0+}) v3 -- 0x7fb34c106570 con 0x7fb34c1085c0
2024-03-24T00:04:59.805 INFO:teuthology.orchestra.run.smithi118.stdout:/usr/bin/ceph: stderr
2024-03-24T00:04:57.854+0000 7fb353000700 1 -- 172.21.15.118:0/3199022714 --> [v2:172.21.15.118:3300/0,v1:172.21.15.118:6789/0] -- mon_subscribe({osdmap=0}) v3 -- 0x7fb34c106a30 con 0x7fb34c1085c0
2024-03-24T00:04:59.805 INFO:teuthology.orchestra.run.smithi118.stdout:/usr/bin/ceph: stderr
2024-03-24T00:04:57.856+0000 7fb353000700 1 -- 172.21.15.118:0/3199022714 --> [v2:172.21.15.118:3300/0,v1:172.21.15.118:6789/0] -- mon_command({"prefix": "get_command_descriptions"} v 0) v1 -- 0x7fb34c0637c0 con 0x7fb34c1085c0
2024-03-24T00:04:59.805 INFO:teuthology.orchestra.run.smithi118.stdout:/usr/bin/ceph: stderr
2024-03-24T00:04:57.856+0000 7fb348c00700 1 -- 172.21.15.118:0/3199022714 <== mon.0 v2:172.21.15.118:3300/0 4 ==== mgrmap(e 9) v1 ==== 46119+0+0 (secure 0 0 0) 0x7fb33c022020 con 0x7fb34c1085c0
2024-03-24T00:04:59.805 INFO:teuthology.orchestra.run.smithi118.stdout:/usr/bin/ceph: stderr
2024-03-24T00:04:57.857+0000 7fb348c00700 1 --2- 172.21.15.118:0/3199022714 >> [v2:172.21.15.118:6800/389249272,v1:172.21.15.118:6801/389249272] conn(0x7fb330038fd0 0x7fb33003b490 unknown :-1 s=NONE pgs=0 cs=0 l=1 rev1=0 crypto rx=0 tx=0 comp rx=0 tx=0).connect
2024-03-24T00:04:59.805 INFO:teuthology.orchestra.run.smithi118.stdout:/usr/bin/ceph: stderr
2024-03-24T00:04:57.857+0000 7fb348c00700 1 -- 172.21.15.118:0/3199022714 <== mon.0 v2:172.21.15.118:3300/0 5 ==== osd_map(2..2 src has 1..2) v4 ==== 940+0+0 (secure 0 0 0) 0x7fb33c04d150 con 0x7fb34c1085c0
2024-03-24T00:04:59.806 INFO:teuthology.orchestra.run.smithi118.stdout:/usr/bin/ceph: stderr
2024-03-24T00:04:57.857+0000 7fb34b400700 1 -- 172.21.15.118:0/3199022714 >> [v2:172.21.15.118:6800/389249272,v1:172.21.15.118:6801/389249272] conn(0x7fb330038fd0 msgr2=0x7fb33003b490 unknown :-1 s=STATE_CONNECTING_RE l=1).process reconnect failed to v2:172.21.15.118:6800/389249272
2024-03-24T00:04:59.806 INFO:teuthology.orchestra.run.smithi118.stdout:/usr/bin/ceph: stderr
2024-03-24T00:04:57.857+0000 7fb34b400700 1 --2- 172.21.15.118:0/3199022714 >> [v2:172.21.15.118:6800/389249272,v1:172.21.15.118:6801/389249272] conn(0x7fb330038fd0 0x7fb33003b490 unknown :-1 s=START_CONNECT pgs=0 cs=0 l=1 rev1=0 crypto rx=0 tx=0 comp rx=0 tx=0)._fault waiting 0.200000
2024-03-24T00:04:59.806 INFO:teuthology.orchestra.run.smithi118.stdout:/usr/bin/ceph: stderr
2024-03-24T00:04:57.862+0000 7fb348c00700 1 -- 172.21.15.118:0/3199022714 <== mon.0 v2:172.21.15.118:3300/0 6 ==== mon_command_ack([{"prefix": "get_command_descriptions"}]=0 v0) v1 ==== 72+0+186149 (secure 0 0 0) 0x7fb33c00b3e0 con 0x7fb34c1085c0
2024-03-24T00:04:59.806 INFO:teuthology.orchestra.run.smithi118.stdout:/usr/bin/ceph: stderr
2024-03-24T00:04:58.058+0000 7fb34b400700 1 -- 172.21.15.118:0/3199022714 >> [v2:172.21.15.118:6800/389249272,v1:172.21.15.118:6801/389249272] conn(0x7fb330038fd0 msgr2=0x7fb33003b490 unknown :-1 s=STATE_CONNECTING_RE l=1).process reconnect failed to v2:172.21.15.118:6800/389249272
2024-03-24T00:04:59.806 INFO:teuthology.orchestra.run.smithi118.stdout:/usr/bin/ceph: stderr
2024-03-24T00:04:58.058+0000 7fb34b400700 1 --2- 172.21.15.118:0/3199022714 >> [v2:172.21.15.118:6800/389249272,v1:172.21.15.118:6801/389249272] conn(0x7fb330038fd0 0x7fb33003b490 unknown :-1 s=START_CONNECT pgs=0 cs=0 l=1 rev1=0 crypto rx=0 tx=0 comp rx=0 tx=0)._fault waiting 0.400000
2024-03-24T00:04:59.806 INFO:teuthology.orchestra.run.smithi118.stdout:/usr/bin/ceph: stderr
2024-03-24T00:04:58.156+0000 7fb353000700 1 -- 172.21.15.118:0/3199022714 --> [v2:172.21.15.118:3300/0,v1:172.21.15.118:6789/0] -- mon_command({"prefix": "mgr stat"} v 0) v1 -- 0x7fb34c106d70 con 0x7fb34c1085c0
2024-03-24T00:04:59.807 INFO:teuthology.orchestra.run.smithi118.stdout:/usr/bin/ceph: stderr
2024-03-24T00:04:58.157+0000 7fb348c00700 1 -- 172.21.15.118:0/3199022714 <== mon.0 v2:172.21.15.118:3300/0 7 ==== mon_command_ack([{"prefix": "mgr stat"}]=0 v9) v1 ==== 56+0+88 (secure 0 0 0) 0x7fb34c106d70 con 0x7fb34c1085c0
2024-03-24T00:04:59.807 INFO:teuthology.orchestra.run.smithi118.stdout:/usr/bin/ceph: stderr
2024-03-24T00:04:58.159+0000 7fb353000700 1 -- 172.21.15.118:0/3199022714 >> [v2:172.21.15.118:6800/389249272,v1:172.21.15.118:6801/389249272] conn(0x7fb330038fd0 msgr2=0x7fb33003b490 unknown :-1 s=STATE_CONNECTING l=1).mark_down
2024-03-24T00:04:59.807 INFO:teuthology.orchestra.run.smithi118.stdout:/usr/bin/ceph: stderr
2024-03-24T00:04:58.159+0000 7fb353000700 1 --2- 172.21.15.118:0/3199022714 >> [v2:172.21.15.118:6800/389249272,v1:172.21.15.118:6801/389249272] conn(0x7fb330038fd0 0x7fb33003b490 unknown :-1 s=START_CONNECT pgs=0 cs=0 l=1 rev1=0 crypto rx=0 tx=0 comp rx=0 tx=0).stop
2024-03-24T00:04:59.807 INFO:teuthology.orchestra.run.smithi118.stdout:/usr/bin/ceph: stderr
2024-03-24T00:04:58.159+0000 7fb353000700 1 -- 172.21.15.118:0/3199022714 >> [v2:172.21.15.118:3300/0,v1:172.21.15.118:6789/0] conn(0x7fb34c1085c0 msgr2=0x7fb34c107e40 secure :-1 s=STATE_CONNECTION_ESTABLISHED l=1).mark_down
2024-03-24T00:04:59.807 INFO:teuthology.orchestra.run.smithi118.stdout:/usr/bin/ceph: stderr
2024-03-24T00:04:58.159+0000 7fb353000700 1 --2- 172.21.15.118:0/3199022714 >> [v2:172.21.15.118:3300/0,v1:172.21.15.118:6789/0] conn(0x7fb34c1085c0 0x7fb34c107e40 secure :-1 s=READY pgs=60 cs=0 l=1 rev1=1 crypto rx=0x7fb33c011b60 tx=0x7fb33c011c40 comp rx=0 tx=0).stop
2024-03-24T00:04:59.808 INFO:teuthology.orchestra.run.smithi118.stdout:/usr/bin/ceph: stderr
2024-03-24T00:04:58.160+0000 7fb353000700 1 -- 172.21.15.118:0/3199022714 shutdown_connections
2024-03-24T00:04:59.808 INFO:teuthology.orchestra.run.smithi118.stdout:/usr/bin/ceph: stderr
2024-03-24T00:04:58.160+0000 7fb353000700 1 --2- 172.21.15.118:0/3199022714 >> [v2:172.21.15.118:6800/389249272,v1:172.21.15.118:6801/389249272] conn(0x7fb330038fd0 0x7fb33003b490 unknown :-1 s=CLOSED pgs=0 cs=0 l=1 rev1=0 crypto rx=0 tx=0 comp rx=0 tx=0).stop
2024-03-24T00:04:59.808 INFO:teuthology.orchestra.run.smithi118.stdout:/usr/bin/ceph: stderr
2024-03-24T00:04:58.160+0000 7fb353000700 1 --2- 172.21.15.118:0/3199022714 >> [v2:172.21.15.118:3300/0,v1:172.21.15.118:6789/0] conn(0x7fb34c1085c0 0x7fb34c107e40 unknown :-1 s=CLOSED pgs=60 cs=0 l=1 rev1=1 crypto rx=0 tx=0 comp rx=0 tx=0).stop
2024-03-24T00:04:59.808 INFO:teuthology.orchestra.run.smithi118.stdout:/usr/bin/ceph: stderr
2024-03-24T00:04:58.160+0000 7fb353000700 1 -- 172.21.15.118:0/3199022714 >> 172.21.15.118:0/3199022714 conn(0x7fb34c101fb0 msgr2=0x7fb34c102a50 unknown :-1 s=STATE_NONE l=0).mark_down
2024-03-24T00:04:59.808 INFO:teuthology.orchestra.run.smithi118.stdout:/usr/bin/ceph: stderr
2024-03-24T00:04:58.160+0000 7fb353000700 1 -- 172.21.15.118:0/3199022714 shutdown_connections
2024-03-24T00:04:59.808 INFO:teuthology.orchestra.run.smithi118.stdout:/usr/bin/ceph: stderr
2024-03-24T00:04:58.160+0000 7fb353000700 1 -- 172.21.15.118:0/3199022714 wait complete.
2024-03-24T00:04:59.809 INFO:teuthology.orchestra.run.smithi118.stdout:Waiting for the mgr to restart...
2024-03-24T00:04:59.809 INFO:teuthology.orchestra.run.smithi118.stdout:Waiting for mgr epoch 9...
2024-03-24T00:05:00.064 INFO:journalctl@ceph.mgr.x.smithi118.stdout:Mar 24 00:04:59 smithi118 ceph-d79a5420-e971-11ee-95cd-87774f69a715-mgr-x[31762]:
2024-03-24T00:04:59.823+0000 7f6357ded200 -1 mgr[py] Module devicehealth has missing NOTIFY_TYPES member
2024-03-24T00:05:01.323 INFO:journalctl@ceph.mgr.x.smithi118.stdout:Mar 24 00:05:01 smithi118 ceph-d79a5420-e971-11ee-95cd-87774f69a715-mgr-x[31762]:
2024-03-24T00:05:01.155+0000 7f6357ded200 -1 mgr[py] Module rook has missing NOTIFY_TYPES member
2024-03-24T00:05:01.323 INFO:journalctl@ceph.mgr.x.smithi118.stdout:Mar 24 00:05:01 smithi118 ceph-d79a5420-e971-11ee-95cd-87774f69a715-mgr-x[31762]:
2024-03-24T00:05:01.323+0000 7f6357ded200 -1 mgr[py] Module diskprediction_local has missing NOTIFY_TYPES member
2024-03-24T00:05:02.107 INFO:journalctl@ceph.mgr.x.smithi118.stdout:Mar 24 00:05:01 smithi118 ceph-d79a5420-e971-11ee-95cd-87774f69a715-mgr-x[31762]:
2024-03-24T00:05:01.736+0000 7f6357ded200 -1 mgr[py] Module selftest has missing NOTIFY_TYPES member
2024-03-24T00:05:02.107 INFO:journalctl@ceph.mgr.x.smithi118.stdout:Mar 24 00:05:01 smithi118 ceph-d79a5420-e971-11ee-95cd-87774f69a715-mgr-x[31762]:
2024-03-24T00:05:01.853+0000 7f6357ded200 -1 mgr[py] Module telegraf has missing NOTIFY_TYPES member
2024-03-24T00:05:02.108 INFO:journalctl@ceph.mgr.x.smithi118.stdout:Mar 24 00:05:02 smithi118 ceph-d79a5420-e971-11ee-95cd-87774f69a715-mgr-x[31762]:
2024-03-24T00:05:02.107+0000 7f6357ded200 -1 mgr[py] Module test_orchestrator has missing NOTIFY_TYPES member
2024-03-24T00:05:02.445 INFO:journalctl@ceph.mgr.x.smithi118.stdout:Mar 24 00:05:02 smithi118 ceph-d79a5420-e971-11ee-95cd-87774f69a715-mgr-x[31762]:
2024-03-24T00:05:02.351+0000 7f6357ded200 -1 mgr[py] Module crash has missing NOTIFY_TYPES member
2024-03-24T00:05:03.035 INFO:journalctl@ceph.mgr.x.smithi118.stdout:Mar 24 00:05:02 smithi118 ceph-d79a5420-e971-11ee-95cd-87774f69a715-mgr-x[31762]:
2024-03-24T00:05:02.720+0000 7f6357ded200 -1 mgr[py] Module orchestrator has missing NOTIFY_TYPES member
2024-03-24T00:05:03.036 INFO:journalctl@ceph.mgr.x.smithi118.stdout:Mar 24 00:05:03 smithi118 ceph-d79a5420-e971-11ee-95cd-87774f69a715-mgr-x[31762]:
2024-03-24T00:05:03.035+0000 7f6357ded200 -1 mgr[py] Module osd_support has missing NOTIFY_TYPES member
2024-03-24T00:05:03.695 INFO:journalctl@ceph.mgr.x.smithi118.stdout:Mar 24 00:05:03 smithi118 ceph-d79a5420-e971-11ee-95cd-87774f69a715-mgr-x[31762]:
2024-03-24T00:05:03.336+0000 7f6357ded200 -1 mgr[py] Module volumes has missing NOTIFY_TYPES member
2024-03-24T00:05:04.695 INFO:journalctl@ceph.mgr.x.smithi118.stdout:Mar 24 00:05:04 smithi118 ceph-d79a5420-e971-11ee-95cd-87774f69a715-mgr-x[31762]:
2024-03-24T00:05:04.351+0000 7f6357ded200 -1 mgr[py] Module telemetry has missing NOTIFY_TYPES member
2024-03-24T00:05:05.175 INFO:journalctl@ceph.mgr.x.smithi118.stdout:Mar 24 00:05:05 smithi118 ceph-d79a5420-e971-11ee-95cd-87774f69a715-mgr-x[31762]:
2024-03-24T00:05:05.046+0000 7f6357ded200 -1 mgr[py] Module prometheus has missing NOTIFY_TYPES member
2024-03-24T00:05:05.175 INFO:journalctl@ceph.mgr.x.smithi118.stdout:Mar 24 00:05:05 smithi118 ceph-d79a5420-e971-11ee-95cd-87774f69a715-mgr-x[31762]:
2024-03-24T00:05:05.174+0000 7f6357ded200 -1 mgr[py] Module status has missing NOTIFY_TYPES member
2024-03-24T00:05:05.946 INFO:journalctl@ceph.mgr.x.smithi118.stdout:Mar 24 00:05:05 smithi118 ceph-d79a5420-e971-11ee-95cd-87774f69a715-mgr-x[31762]:
2024-03-24T00:05:05.454+0000 7f6357ded200 -1 mgr[py] Module nfs has missing NOTIFY_TYPES member
2024-03-24T00:05:05.946 INFO:journalctl@ceph.mon.a.smithi118.stdout:Mar 24 00:05:05 smithi118 ceph-mon[31535]: Active manager daemon x restarted
2024-03-24T00:05:05.946 INFO:journalctl@ceph.mon.a.smithi118.stdout:Mar 24 00:05:05 smithi118 ceph-mon[31535]: Activating manager daemon x
2024-03-24T00:05:05.947 INFO:journalctl@ceph.mon.a.smithi118.stdout:Mar 24 00:05:05 smithi118 ceph-mon[31535]: osdmap e3: 0 total, 0 up, 0 in
2024-03-24T00:05:05.947 INFO:journalctl@ceph.mon.a.smithi118.stdout:Mar 24 00:05:05 smithi118 ceph-mon[31535]: mgrmap e10: x(active, starting, since 0.00480657s)
2024-03-24T00:05:05.947 INFO:journalctl@ceph.mon.a.smithi118.stdout:Mar 24 00:05:05 smithi118 ceph-mon[31535]: from='mgr.14152 172.21.15.118:0/4106045650' entity='mgr.x' cmd=[{"prefix": "mon metadata", "id": "a"}]: dispatch
2024-03-24T00:05:05.947 INFO:journalctl@ceph.mon.a.smithi118.stdout:Mar 24 00:05:05 smithi118 ceph-mon[31535]: from='mgr.14152 172.21.15.118:0/4106045650' entity='mgr.x' cmd=[{"prefix": "mgr metadata", "who": "x", "id": "x"}]: dispatch
2024-03-24T00:05:05.947 INFO:journalctl@ceph.mon.a.smithi118.stdout:Mar 24 00:05:05 smithi118 ceph-mon[31535]: from='mgr.14152 172.21.15.118:0/4106045650' entity='mgr.x' cmd=[{"prefix": "mds metadata"}]: dispatch
2024-03-24T00:05:05.947 INFO:journalctl@ceph.mon.a.smithi118.stdout:Mar 24 00:05:05 smithi118 ceph-mon[31535]: from='mgr.14152 172.21.15.118:0/4106045650' entity='mgr.x' cmd=[{"prefix": "osd metadata"}]: dispatch
2024-03-24T00:05:05.947 INFO:journalctl@ceph.mon.a.smithi118.stdout:Mar 24 00:05:05 smithi118 ceph-mon[31535]: from='mgr.14152 172.21.15.118:0/4106045650' entity='mgr.x' cmd=[{"prefix": "mon metadata"}]: dispatch
2024-03-24T00:05:05.947 INFO:journalctl@ceph.mon.a.smithi118.stdout:Mar 24 00:05:05 smithi118 ceph-mon[31535]: Manager daemon x is now available
2024-03-24T00:05:06.790 INFO:journalctl@ceph.mon.a.smithi118.stdout:Mar 24 00:05:06 smithi118 ceph-mon[31535]: from='mgr.14152 172.21.15.118:0/4106045650' entity='mgr.x' cmd=[{"prefix": "config dump", "format": "json"}]: dispatch
2024-03-24T00:05:06.790 INFO:journalctl@ceph.mon.a.smithi118.stdout:Mar 24 00:05:06 smithi118 ceph-mon[31535]: from='mgr.14152 172.21.15.118:0/4106045650' entity='mgr.x' cmd=[{"prefix": "config dump", "format": "json"}]: dispatch
2024-03-24T00:05:06.791 INFO:journalctl@ceph.mon.a.smithi118.stdout:Mar 24 00:05:06 smithi118 ceph-mon[31535]: from='mgr.14152 172.21.15.118:0/4106045650' entity='mgr.x' cmd=[{"prefix":"config rm","who":"mgr","name":"mgr/rbd_support/x/mirror_snapshot_schedule"}]: dispatch
2024-03-24T00:05:06.791 INFO:journalctl@ceph.mon.a.smithi118.stdout:Mar 24 00:05:06 smithi118 ceph-mon[31535]: from='mgr.14152 172.21.15.118:0/4106045650' entity='mgr.x' cmd=[{"prefix":"config rm","who":"mgr","name":"mgr/rbd_support/x/trash_purge_schedule"}]: dispatch
2024-03-24T00:05:06.791 INFO:journalctl@ceph.mon.a.smithi118.stdout:Mar 24 00:05:06 smithi118 ceph-mon[31535]: mgrmap e11: x(active, since 1.01838s)
2024-03-24T00:05:07.378 INFO:teuthology.orchestra.run.smithi118.stdout:/usr/bin/ceph: stdout {
2024-03-24T00:05:07.386 INFO:teuthology.orchestra.run.smithi118.stdout:/usr/bin/ceph: stdout "mgrmap_epoch": 11,
2024-03-24T00:05:07.386 INFO:teuthology.orchestra.run.smithi118.stdout:/usr/bin/ceph: stdout "initialized": true
2024-03-24T00:05:07.386 INFO:teuthology.orchestra.run.smithi118.stdout:/usr/bin/ceph: stdout }
2024-03-24T00:05:07.386 INFO:teuthology.orchestra.run.smithi118.stdout:/usr/bin/ceph: stderr
2024-03-24T00:05:00.370+0000 7f4438c00700 1 Processor -- start
2024-03-24T00:05:07.387 INFO:teuthology.orchestra.run.smithi118.stdout:/usr/bin/ceph: stderr
2024-03-24T00:05:00.371+0000 7f4438c00700 1 -- start start
2024-03-24T00:05:07.387 INFO:teuthology.orchestra.run.smithi118.stdout:/usr/bin/ceph: stderr
2024-03-24T00:05:00.371+0000 7f4438c00700 1 --2- >> [v2:172.21.15.118:3300/0,v1:172.21.15.118:6789/0] conn(0x7f442c0083f0 0x7f442c006850 unknown :-1 s=NONE pgs=0 cs=0 l=0 rev1=0 crypto rx=0 tx=0 comp rx=0 tx=0).connect
2024-03-24T00:05:07.387 INFO:teuthology.orchestra.run.smithi118.stdout:/usr/bin/ceph: stderr
2024-03-24T00:05:00.371+0000 7f4438c00700 1 -- --> [v2:172.21.15.118:3300/0,v1:172.21.15.118:6789/0] -- mon_getmap magic: 0 v1 -- 0x7f442c006e20 con 0x7f442c0083f0
