2024-03-24T01:29:25.360+0000 7f3cd6ffd700 1 -- 172.21.15.7:0/1029382123 --> [v2:172.21.15.7:3300/0,v1:172.21.15.7:6789/0] -- mon_subscribe({config=0+,monmap=0+}) v3 -- 0x7f3cd807e090 con 0x7f3cd8107a40
2024-03-24T01:29:26.210 INFO:teuthology.orchestra.run.smithi007.stdout:/usr/bin/ceph: stderr
2024-03-24T01:29:25.360+0000 7f3cd6ffd700 1 --2- 172.21.15.7:0/1029382123 >> [v2:172.21.15.7:3300/0,v1:172.21.15.7:6789/0] conn(0x7f3cd8107a40 0x7f3cd807db50 secure :-1 s=READY pgs=71 cs=0 l=1 rev1=1 crypto rx=0x7f3cc80117e0 tx=0x7f3cc8011c10 comp rx=0 tx=0).ready entity=mon.0 client_cookie=0 server_cookie=0 in_seq=0 out_seq=0
2024-03-24T01:29:26.210 INFO:teuthology.orchestra.run.smithi007.stdout:/usr/bin/ceph: stderr
2024-03-24T01:29:25.360+0000 7f3ccffff700 1 -- 172.21.15.7:0/1029382123 <== mon.0 v2:172.21.15.7:3300/0 1 ==== mon_map magic: 0 v1 ==== 205+0+0 (secure 0 0 0) 0x7f3cc8003bf0 con 0x7f3cd8107a40
2024-03-24T01:29:26.211 INFO:teuthology.orchestra.run.smithi007.stdout:/usr/bin/ceph: stderr
2024-03-24T01:29:25.360+0000 7f3ccffff700 1 -- 172.21.15.7:0/1029382123 <== mon.0 v2:172.21.15.7:3300/0 2 ==== config(27 keys) v1 ==== 1140+0+0 (secure 0 0 0) 0x7f3cc801a910 con 0x7f3cd8107a40
2024-03-24T01:29:26.211 INFO:teuthology.orchestra.run.smithi007.stdout:/usr/bin/ceph: stderr
2024-03-24T01:29:25.360+0000 7f3cdd5d3700 1 -- 172.21.15.7:0/1029382123 --> [v2:172.21.15.7:3300/0,v1:172.21.15.7:6789/0] -- mon_subscribe({mgrmap=0+}) v3 -- 0x7f3cd807c280 con 0x7f3cd8107a40
2024-03-24T01:29:26.211 INFO:teuthology.orchestra.run.smithi007.stdout:/usr/bin/ceph: stderr
2024-03-24T01:29:25.360+0000 7f3ccffff700 1 -- 172.21.15.7:0/1029382123 <== mon.0 v2:172.21.15.7:3300/0 3 ==== mon_map magic: 0 v1 ==== 205+0+0 (secure 0 0 0) 0x7f3cc80249a0 con 0x7f3cd8107a40
2024-03-24T01:29:26.211 INFO:teuthology.orchestra.run.smithi007.stdout:/usr/bin/ceph: stderr
2024-03-24T01:29:25.360+0000 7f3cdd5d3700 1 -- 172.21.15.7:0/1029382123 --> [v2:172.21.15.7:3300/0,v1:172.21.15.7:6789/0] -- mon_subscribe({osdmap=0}) v3 -- 0x7f3cd807c740 con 0x7f3cd8107a40
2024-03-24T01:29:26.211 INFO:teuthology.orchestra.run.smithi007.stdout:/usr/bin/ceph: stderr
2024-03-24T01:29:25.361+0000 7f3ccffff700 1 -- 172.21.15.7:0/1029382123 <== mon.0 v2:172.21.15.7:3300/0 4 ==== mgrmap(e 11) v1 ==== 46013+0+0 (secure 0 0 0) 0x7f3cc8022020 con 0x7f3cd8107a40
2024-03-24T01:29:26.211 INFO:teuthology.orchestra.run.smithi007.stdout:/usr/bin/ceph: stderr
2024-03-24T01:29:25.361+0000 7f3ccffff700 1 --2- 172.21.15.7:0/1029382123 >> [v2:172.21.15.7:6800/1620337878,v1:172.21.15.7:6801/1620337878] conn(0x7f3cc4038e10 0x7f3cc403b2d0 unknown :-1 s=NONE pgs=0 cs=0 l=1 rev1=0 crypto rx=0 tx=0 comp rx=0 tx=0).connect
2024-03-24T01:29:26.211 INFO:teuthology.orchestra.run.smithi007.stdout:/usr/bin/ceph: stderr
2024-03-24T01:29:25.361+0000 7f3ccffff700 1 -- 172.21.15.7:0/1029382123 <== mon.0 v2:172.21.15.7:3300/0 5 ==== osd_map(3..3 src has 1..3) v4 ==== 1155+0+0 (secure 0 0 0) 0x7f3cc801a430 con 0x7f3cd8107a40
2024-03-24T01:29:26.211 INFO:teuthology.orchestra.run.smithi007.stdout:/usr/bin/ceph: stderr
2024-03-24T01:29:25.361+0000 7f3cdd5d3700 1 -- 172.21.15.7:0/1029382123 --> [v2:172.21.15.7:3300/0,v1:172.21.15.7:6789/0] -- mon_command({"prefix": "get_command_descriptions"} v 0) v1 -- 0x7f3cd80637c0 con 0x7f3cd8107a40
2024-03-24T01:29:26.211 INFO:teuthology.orchestra.run.smithi007.stdout:/usr/bin/ceph: stderr
2024-03-24T01:29:25.361+0000 7f3cd67fc700 1 --2- 172.21.15.7:0/1029382123 >> [v2:172.21.15.7:6800/1620337878,v1:172.21.15.7:6801/1620337878] conn(0x7f3cc4038e10 0x7f3cc403b2d0 unknown :-1 s=BANNER_CONNECTING pgs=0 cs=0 l=1 rev1=0 crypto rx=0 tx=0 comp rx=0 tx=0)._handle_peer_banner_payload supported=3 required=0
2024-03-24T01:29:26.211 INFO:teuthology.orchestra.run.smithi007.stdout:/usr/bin/ceph: stderr
2024-03-24T01:29:25.362+0000 7f3cd67fc700 1 --2- 172.21.15.7:0/1029382123 >> [v2:172.21.15.7:6800/1620337878,v1:172.21.15.7:6801/1620337878] conn(0x7f3cc4038e10 0x7f3cc403b2d0 secure :-1 s=READY pgs=7 cs=0 l=1 rev1=1 crypto rx=0x7f3cc0006fd0 tx=0x7f3cc0006e40 comp rx=0 tx=0).ready entity=mgr.14152 client_cookie=0 server_cookie=0 in_seq=0 out_seq=0
2024-03-24T01:29:26.211 INFO:teuthology.orchestra.run.smithi007.stdout:/usr/bin/ceph: stderr
2024-03-24T01:29:25.367+0000 7f3ccffff700 1 -- 172.21.15.7:0/1029382123 <== mon.0 v2:172.21.15.7:3300/0 6 ==== mon_command_ack([{"prefix": "get_command_descriptions"}]=0 v0) v1 ==== 72+0+186149 (secure 0 0 0) 0x7f3cc8011e20 con 0x7f3cd8107a40
2024-03-24T01:29:26.211 INFO:teuthology.orchestra.run.smithi007.stdout:/usr/bin/ceph: stderr
2024-03-24T01:29:25.377+0000 7f3ccffff700 1 -- 172.21.15.7:0/1029382123 <== mon.0 v2:172.21.15.7:3300/0 7 ==== mgrmap(e 12) v1 ==== 46119+0+0 (secure 0 0 0) 0x7f3cc802da50 con 0x7f3cd8107a40
2024-03-24T01:29:26.211 INFO:teuthology.orchestra.run.smithi007.stdout:/usr/bin/ceph: stderr
2024-03-24T01:29:25.586+0000 7f3cdd5d3700 1 -- 172.21.15.7:0/1029382123 --> [v2:172.21.15.7:6800/1620337878,v1:172.21.15.7:6801/1620337878] -- mgr_command(tid 0: {"prefix": "dashboard create-self-signed-cert", "target": ["mon-mgr", ""]}) v1 -- 0x7f3cd807ce30 con 0x7f3cc4038e10
2024-03-24T01:29:26.212 INFO:teuthology.orchestra.run.smithi007.stdout:/usr/bin/ceph: stderr
2024-03-24T01:29:25.619+0000 7f3ccffff700 1 -- 172.21.15.7:0/1029382123 <== mgr.14152 v2:172.21.15.7:6800/1620337878 1 ==== mgr_command_reply(tid 0: 0 ) v1 ==== 8+0+32 (secure 0 0 0) 0x7f3cd807ce30 con 0x7f3cc4038e10
2024-03-24T01:29:26.212 INFO:teuthology.orchestra.run.smithi007.stdout:/usr/bin/ceph: stderr
2024-03-24T01:29:25.622+0000 7f3cdd5d3700 1 -- 172.21.15.7:0/1029382123 >> [v2:172.21.15.7:6800/1620337878,v1:172.21.15.7:6801/1620337878] conn(0x7f3cc4038e10 msgr2=0x7f3cc403b2d0 secure :-1 s=STATE_CONNECTION_ESTABLISHED l=1).mark_down
2024-03-24T01:29:26.212 INFO:teuthology.orchestra.run.smithi007.stdout:/usr/bin/ceph: stderr
2024-03-24T01:29:25.622+0000 7f3cdd5d3700 1 --2- 172.21.15.7:0/1029382123 >> [v2:172.21.15.7:6800/1620337878,v1:172.21.15.7:6801/1620337878] conn(0x7f3cc4038e10 0x7f3cc403b2d0 secure :-1 s=READY pgs=7 cs=0 l=1 rev1=1 crypto rx=0x7f3cc0006fd0 tx=0x7f3cc0006e40 comp rx=0 tx=0).stop
2024-03-24T01:29:26.212 INFO:teuthology.orchestra.run.smithi007.stdout:/usr/bin/ceph: stderr
2024-03-24T01:29:25.622+0000 7f3cdd5d3700 1 -- 172.21.15.7:0/1029382123 >> [v2:172.21.15.7:3300/0,v1:172.21.15.7:6789/0] conn(0x7f3cd8107a40 msgr2=0x7f3cd807db50 secure :-1 s=STATE_CONNECTION_ESTABLISHED l=1).mark_down
2024-03-24T01:29:26.212 INFO:teuthology.orchestra.run.smithi007.stdout:/usr/bin/ceph: stderr
2024-03-24T01:29:25.622+0000 7f3cdd5d3700 1 --2- 172.21.15.7:0/1029382123 >> [v2:172.21.15.7:3300/0,v1:172.21.15.7:6789/0] conn(0x7f3cd8107a40 0x7f3cd807db50 secure :-1 s=READY pgs=71 cs=0 l=1 rev1=1 crypto rx=0x7f3cc80117e0 tx=0x7f3cc8011c10 comp rx=0 tx=0).stop
2024-03-24T01:29:26.212 INFO:teuthology.orchestra.run.smithi007.stdout:/usr/bin/ceph: stderr
2024-03-24T01:29:25.622+0000 7f3cdd5d3700 1 -- 172.21.15.7:0/1029382123 shutdown_connections
2024-03-24T01:29:26.212 INFO:teuthology.orchestra.run.smithi007.stdout:/usr/bin/ceph: stderr
2024-03-24T01:29:25.622+0000 7f3cdd5d3700 1 --2- 172.21.15.7:0/1029382123 >> [v2:172.21.15.7:6800/1620337878,v1:172.21.15.7:6801/1620337878] conn(0x7f3cc4038e10 0x7f3cc403b2d0 unknown :-1 s=CLOSED pgs=7 cs=0 l=1 rev1=1 crypto rx=0 tx=0 comp rx=0 tx=0).stop
2024-03-24T01:29:26.212 INFO:teuthology.orchestra.run.smithi007.stdout:/usr/bin/ceph: stderr
2024-03-24T01:29:25.622+0000 7f3cdd5d3700 1 --2- 172.21.15.7:0/1029382123 >> [v2:172.21.15.7:3300/0,v1:172.21.15.7:6789/0] conn(0x7f3cd8107a40 0x7f3cd807db50 unknown :-1 s=CLOSED pgs=71 cs=0 l=1 rev1=1 crypto rx=0 tx=0 comp rx=0 tx=0).stop
2024-03-24T01:29:26.212 INFO:teuthology.orchestra.run.smithi007.stdout:/usr/bin/ceph: stderr
2024-03-24T01:29:25.622+0000 7f3cdd5d3700 1 -- 172.21.15.7:0/1029382123 >> 172.21.15.7:0/1029382123 conn(0x7f3cd8102fe0 msgr2=0x7f3cd8103ab0 unknown :-1 s=STATE_NONE l=0).mark_down
2024-03-24T01:29:26.212 INFO:teuthology.orchestra.run.smithi007.stdout:/usr/bin/ceph: stderr
2024-03-24T01:29:25.622+0000 7f3cdd5d3700 1 -- 172.21.15.7:0/1029382123 shutdown_connections
2024-03-24T01:29:26.212 INFO:teuthology.orchestra.run.smithi007.stdout:/usr/bin/ceph: stderr
2024-03-24T01:29:25.622+0000 7f3cdd5d3700 1 -- 172.21.15.7:0/1029382123 wait complete.
2024-03-24T01:29:26.212 INFO:teuthology.orchestra.run.smithi007.stdout:Creating initial admin user...
2024-03-24T01:29:26.570 INFO:journalctl@ceph.mon.a.smithi007.stdout:Mar 24 01:29:26 smithi007 ceph-mon[31968]: mgrmap e12: x(active, since 2s)
2024-03-24T01:29:26.571 INFO:journalctl@ceph.mon.a.smithi007.stdout:Mar 24 01:29:26 smithi007 ceph-mon[31968]: from='client.14164 -' entity='client.admin' cmd=[{"prefix": "dashboard create-self-signed-cert", "target": ["mon-mgr", ""]}]: dispatch
2024-03-24T01:29:26.571 INFO:journalctl@ceph.mon.a.smithi007.stdout:Mar 24 01:29:26 smithi007 ceph-mon[31968]: from='mgr.14152 172.21.15.7:0/1495409506' entity='mgr.x'
2024-03-24T01:29:26.571 INFO:journalctl@ceph.mon.a.smithi007.stdout:Mar 24 01:29:26 smithi007 ceph-mon[31968]: from='mgr.14152 172.21.15.7:0/1495409506' entity='mgr.x'
2024-03-24T01:29:26.571 INFO:journalctl@ceph.mon.a.smithi007.stdout:Mar 24 01:29:26 smithi007 ceph-mon[31968]: from='mgr.14152 172.21.15.7:0/1495409506' entity='mgr.x'
2024-03-24T01:29:27.643 INFO:journalctl@ceph.mon.a.smithi007.stdout:Mar 24 01:29:27 smithi007 ceph-mon[31968]: from='client.14166 -' entity='client.admin' cmd=[{"prefix": "dashboard ac-user-create", "username": "admin", "rolename": "administrator", "force_password": true, "pwd_update_required": true, "target": ["mon-mgr", ""]}]: dispatch
2024-03-24T01:29:27.643 INFO:journalctl@ceph.mon.a.smithi007.stdout:Mar 24 01:29:27 smithi007 ceph-mon[31968]: from='mgr.14152 172.21.15.7:0/1495409506' entity='mgr.x'
2024-03-24T01:29:27.737 INFO:teuthology.orchestra.run.smithi007.stdout:/usr/bin/ceph: stdout {"username": "admin", "password": "$2b$12$3frfBZsbr.7VleKs63orhup9rTPnfVnhvGz9q7E0GKwckeT1eWUnO", "roles": ["administrator"], "name": null, "email": null, "lastUpdate": 1711243767, "enabled": true, "pwdExpirationDate": null, "pwdUpdateRequired": true}
2024-03-24T01:29:27.737 INFO:teuthology.orchestra.run.smithi007.stdout:/usr/bin/ceph: stderr
2024-03-24T01:29:26.602+0000 7fd00148c700 1 Processor -- start
2024-03-24T01:29:27.737 INFO:teuthology.orchestra.run.smithi007.stdout:/usr/bin/ceph: stderr
2024-03-24T01:29:26.602+0000 7fd00148c700 1 -- start start
2024-03-24T01:29:27.737 INFO:teuthology.orchestra.run.smithi007.stdout:/usr/bin/ceph: stderr
2024-03-24T01:29:26.602+0000 7fd00148c700 1 --2- >> [v2:172.21.15.7:3300/0,v1:172.21.15.7:6789/0] conn(0x7fcffc1084c0 0x7fcffc10a8b0 unknown :-1 s=NONE pgs=0 cs=0 l=0 rev1=0 crypto rx=0 tx=0 comp rx=0 tx=0).connect
2024-03-24T01:29:27.737 INFO:teuthology.orchestra.run.smithi007.stdout:/usr/bin/ceph: stderr
2024-03-24T01:29:26.602+0000 7fd00148c700 1 -- --> [v2:172.21.15.7:3300/0,v1:172.21.15.7:6789/0] -- mon_getmap magic: 0 v1 -- 0x7fcffc07be50 con 0x7fcffc1084c0
2024-03-24T01:29:27.737 INFO:teuthology.orchestra.run.smithi007.stdout:/usr/bin/ceph: stderr
2024-03-24T01:29:26.602+0000 7fcffaffd700 1 --2- >> [v2:172.21.15.7:3300/0,v1:172.21.15.7:6789/0] conn(0x7fcffc1084c0 0x7fcffc10a8b0 unknown :-1 s=BANNER_CONNECTING pgs=0 cs=0 l=0 rev1=0 crypto rx=0 tx=0 comp rx=0 tx=0)._handle_peer_banner_payload supported=3 required=0
2024-03-24T01:29:27.737 INFO:teuthology.orchestra.run.smithi007.stdout:/usr/bin/ceph: stderr
2024-03-24T01:29:26.602+0000 7fcffaffd700 1 --2- >> [v2:172.21.15.7:3300/0,v1:172.21.15.7:6789/0] conn(0x7fcffc1084c0 0x7fcffc10a8b0 unknown :-1 s=HELLO_CONNECTING pgs=0 cs=0 l=0 rev1=1 crypto rx=0 tx=0 comp rx=0 tx=0).handle_hello peer v2:172.21.15.7:3300/0 says I am v2:172.21.15.7:45044/0 (socket says 172.21.15.7:45044)
2024-03-24T01:29:27.738 INFO:teuthology.orchestra.run.smithi007.stdout:/usr/bin/ceph: stderr
2024-03-24T01:29:26.602+0000 7fcffaffd700 1 -- 172.21.15.7:0/350735313 learned_addr learned my addr 172.21.15.7:0/350735313 (peer_addr_for_me v2:172.21.15.7:0/0)
2024-03-24T01:29:27.738 INFO:teuthology.orchestra.run.smithi007.stdout:/usr/bin/ceph: stderr
2024-03-24T01:29:26.603+0000 7fcffaffd700 1 -- 172.21.15.7:0/350735313 --> [v2:172.21.15.7:3300/0,v1:172.21.15.7:6789/0] -- mon_subscribe({config=0+,monmap=0+}) v3 -- 0x7fcffc10adf0 con 0x7fcffc1084c0
2024-03-24T01:29:27.738 INFO:teuthology.orchestra.run.smithi007.stdout:/usr/bin/ceph: stderr
2024-03-24T01:29:26.603+0000 7fcffaffd700 1 --2- 172.21.15.7:0/350735313 >> [v2:172.21.15.7:3300/0,v1:172.21.15.7:6789/0] conn(0x7fcffc1084c0 0x7fcffc10a8b0 secure :-1 s=READY pgs=72 cs=0 l=1 rev1=1 crypto rx=0x7fcfec0098a0 tx=0x7fcfec009bb0 comp rx=0 tx=0).ready entity=mon.0 client_cookie=a860d0efb6e9ada2 server_cookie=0 in_seq=0 out_seq=0
2024-03-24T01:29:27.738 INFO:teuthology.orchestra.run.smithi007.stdout:/usr/bin/ceph: stderr
2024-03-24T01:29:26.603+0000 7fcff9ffb700 1 -- 172.21.15.7:0/350735313 <== mon.0 v2:172.21.15.7:3300/0 1 ==== mon_map magic: 0 v1 ==== 205+0+0 (secure 0 0 0) 0x7fcfec004160 con 0x7fcffc1084c0
2024-03-24T01:29:27.738 INFO:teuthology.orchestra.run.smithi007.stdout:/usr/bin/ceph: stderr
2024-03-24T01:29:26.603+0000 7fcff9ffb700 1 -- 172.21.15.7:0/350735313 <== mon.0 v2:172.21.15.7:3300/0 2 ==== config(27 keys) v1 ==== 1140+0+0 (secure 0 0 0) 0x7fcfec004300 con 0x7fcffc1084c0
2024-03-24T01:29:27.738 INFO:teuthology.orchestra.run.smithi007.stdout:/usr/bin/ceph: stderr
2024-03-24T01:29:26.603+0000 7fcff9ffb700 1 -- 172.21.15.7:0/350735313 <== mon.0 v2:172.21.15.7:3300/0 3 ==== mon_map magic: 0 v1 ==== 205+0+0 (secure 0 0 0) 0x7fcfec011b20 con 0x7fcffc1084c0
2024-03-24T01:29:27.738 INFO:teuthology.orchestra.run.smithi007.stdout:/usr/bin/ceph: stderr
2024-03-24T01:29:26.604+0000 7fd00148c700 1 -- 172.21.15.7:0/350735313 >> [v2:172.21.15.7:3300/0,v1:172.21.15.7:6789/0] conn(0x7fcffc1084c0 msgr2=0x7fcffc10a8b0 secure :-1 s=STATE_CONNECTION_ESTABLISHED l=1).mark_down
2024-03-24T01:29:27.738 INFO:teuthology.orchestra.run.smithi007.stdout:/usr/bin/ceph: stderr
2024-03-24T01:29:26.604+0000 7fd00148c700 1 --2- 172.21.15.7:0/350735313 >> [v2:172.21.15.7:3300/0,v1:172.21.15.7:6789/0] conn(0x7fcffc1084c0 0x7fcffc10a8b0 secure :-1 s=READY pgs=72 cs=0 l=1 rev1=1 crypto rx=0x7fcfec0098a0 tx=0x7fcfec009bb0 comp rx=0 tx=0).stop
2024-03-24T01:29:27.738 INFO:teuthology.orchestra.run.smithi007.stdout:/usr/bin/ceph: stderr
2024-03-24T01:29:26.604+0000 7fd00148c700 1 -- 172.21.15.7:0/350735313 shutdown_connections
2024-03-24T01:29:27.738 INFO:teuthology.orchestra.run.smithi007.stdout:/usr/bin/ceph: stderr
2024-03-24T01:29:26.604+0000 7fd00148c700 1 --2- 172.21.15.7:0/350735313 >> [v2:172.21.15.7:3300/0,v1:172.21.15.7:6789/0] conn(0x7fcffc1084c0 0x7fcffc10a8b0 unknown :-1 s=CLOSED pgs=72 cs=0 l=1 rev1=1 crypto rx=0 tx=0 comp rx=0 tx=0).stop
2024-03-24T01:29:27.738 INFO:teuthology.orchestra.run.smithi007.stdout:/usr/bin/ceph: stderr
2024-03-24T01:29:26.604+0000 7fd00148c700 1 -- 172.21.15.7:0/350735313 >> 172.21.15.7:0/350735313 conn(0x7fcffc101f50 msgr2=0x7fcffc104370 unknown :-1 s=STATE_NONE l=0).mark_down
2024-03-24T01:29:27.738 INFO:teuthology.orchestra.run.smithi007.stdout:/usr/bin/ceph: stderr
2024-03-24T01:29:26.604+0000 7fd00148c700 1 -- 172.21.15.7:0/350735313 shutdown_connections
2024-03-24T01:29:27.738 INFO:teuthology.orchestra.run.smithi007.stdout:/usr/bin/ceph: stderr
2024-03-24T01:29:26.604+0000 7fd00148c700 1 -- 172.21.15.7:0/350735313 wait complete.
2024-03-24T01:29:27.739 INFO:teuthology.orchestra.run.smithi007.stdout:/usr/bin/ceph: stderr
2024-03-24T01:29:26.605+0000 7fd00148c700 1 Processor -- start
2024-03-24T01:29:27.739 INFO:teuthology.orchestra.run.smithi007.stdout:/usr/bin/ceph: stderr
2024-03-24T01:29:26.605+0000 7fd00148c700 1 -- start start
2024-03-24T01:29:27.739 INFO:teuthology.orchestra.run.smithi007.stdout:/usr/bin/ceph: stderr
2024-03-24T01:29:26.605+0000 7fd00148c700 1 --2- >> [v2:172.21.15.7:3300/0,v1:172.21.15.7:6789/0] conn(0x7fcffc1084c0 0x7fcffc107d40 unknown :-1 s=NONE pgs=0 cs=0 l=1 rev1=0 crypto rx=0 tx=0 comp rx=0 tx=0).connect
2024-03-24T01:29:27.739 INFO:teuthology.orchestra.run.smithi007.stdout:/usr/bin/ceph: stderr
2024-03-24T01:29:26.605+0000 7fd00148c700 1 -- --> [v2:172.21.15.7:3300/0,v1:172.21.15.7:6789/0] -- mon_getmap magic: 0 v1 -- 0x7fcffc10be50 con 0x7fcffc1084c0
2024-03-24T01:29:27.739 INFO:teuthology.orchestra.run.smithi007.stdout:/usr/bin/ceph: stderr
2024-03-24T01:29:26.605+0000 7fcffaffd700 1 --2- >> [v2:172.21.15.7:3300/0,v1:172.21.15.7:6789/0] conn(0x7fcffc1084c0 0x7fcffc107d40 unknown :-1 s=BANNER_CONNECTING pgs=0 cs=0 l=1 rev1=0 crypto rx=0 tx=0 comp rx=0 tx=0)._handle_peer_banner_payload supported=3 required=0
2024-03-24T01:29:27.739 INFO:teuthology.orchestra.run.smithi007.stdout:/usr/bin/ceph: stderr
2024-03-24T01:29:26.605+0000 7fcffaffd700 1 --2- >> [v2:172.21.15.7:3300/0,v1:172.21.15.7:6789/0] conn(0x7fcffc1084c0 0x7fcffc107d40 unknown :-1 s=HELLO_CONNECTING pgs=0 cs=0 l=1 rev1=1 crypto rx=0 tx=0 comp rx=0 tx=0).handle_hello peer v2:172.21.15.7:3300/0 says I am v2:172.21.15.7:45058/0 (socket says 172.21.15.7:45058)
2024-03-24T01:29:27.739 INFO:teuthology.orchestra.run.smithi007.stdout:/usr/bin/ceph: stderr
2024-03-24T01:29:26.605+0000 7fcffaffd700 1 -- 172.21.15.7:0/2656727713 learned_addr learned my addr 172.21.15.7:0/2656727713 (peer_addr_for_me v2:172.21.15.7:0/0)
2024-03-24T01:29:27.739 INFO:teuthology.orchestra.run.smithi007.stdout:/usr/bin/ceph: stderr
2024-03-24T01:29:26.606+0000 7fcffaffd700 1 -- 172.21.15.7:0/2656727713 --> [v2:172.21.15.7:3300/0,v1:172.21.15.7:6789/0] -- mon_subscribe({config=0+,monmap=0+}) v3 -- 0x7fcffc108280 con 0x7fcffc1084c0
2024-03-24T01:29:27.739 INFO:teuthology.orchestra.run.smithi007.stdout:/usr/bin/ceph: stderr
2024-03-24T01:29:26.606+0000 7fcffaffd700 1 --2- 172.21.15.7:0/2656727713 >> [v2:172.21.15.7:3300/0,v1:172.21.15.7:6789/0] conn(0x7fcffc1084c0 0x7fcffc107d40 secure :-1 s=READY pgs=73 cs=0 l=1 rev1=1 crypto rx=0x7fcfec0117e0 tx=0x7fcfec011c10 comp rx=0 tx=0).ready entity=mon.0 client_cookie=0 server_cookie=0 in_seq=0 out_seq=0
2024-03-24T01:29:27.739 INFO:teuthology.orchestra.run.smithi007.stdout:/usr/bin/ceph: stderr
2024-03-24T01:29:26.606+0000 7fcfe3fff700 1 -- 172.21.15.7:0/2656727713 <== mon.0 v2:172.21.15.7:3300/0 1 ==== mon_map magic: 0 v1 ==== 205+0+0 (secure 0 0 0) 0x7fcfec003bf0 con 0x7fcffc1084c0
2024-03-24T01:29:27.739 INFO:teuthology.orchestra.run.smithi007.stdout:/usr/bin/ceph: stderr
2024-03-24T01:29:26.606+0000 7fcfe3fff700 1 -- 172.21.15.7:0/2656727713 <== mon.0 v2:172.21.15.7:3300/0 2 ==== config(27 keys) v1 ==== 1140+0+0 (secure 0 0 0) 0x7fcfec01a910 con 0x7fcffc1084c0
2024-03-24T01:29:27.739 INFO:teuthology.orchestra.run.smithi007.stdout:/usr/bin/ceph: stderr
2024-03-24T01:29:26.606+0000 7fd00148c700 1 -- 172.21.15.7:0/2656727713 --> [v2:172.21.15.7:3300/0,v1:172.21.15.7:6789/0] -- mon_subscribe({mgrmap=0+}) v3 -- 0x7fcffc106470 con 0x7fcffc1084c0
2024-03-24T01:29:27.739 INFO:teuthology.orchestra.run.smithi007.stdout:/usr/bin/ceph: stderr
2024-03-24T01:29:26.606+0000 7fcfe3fff700 1 -- 172.21.15.7:0/2656727713 <== mon.0 v2:172.21.15.7:3300/0 3 ==== mon_map magic: 0 v1 ==== 205+0+0 (secure 0 0 0) 0x7fcfec024970 con 0x7fcffc1084c0
2024-03-24T01:29:27.739 INFO:teuthology.orchestra.run.smithi007.stdout:/usr/bin/ceph: stderr
2024-03-24T01:29:26.606+0000 7fd00148c700 1 -- 172.21.15.7:0/2656727713 --> [v2:172.21.15.7:3300/0,v1:172.21.15.7:6789/0] -- mon_subscribe({osdmap=0}) v3 -- 0x7fcffc106930 con 0x7fcffc1084c0
2024-03-24T01:29:27.739 INFO:teuthology.orchestra.run.smithi007.stdout:/usr/bin/ceph: stderr
2024-03-24T01:29:26.607+0000 7fcfe3fff700 1 -- 172.21.15.7:0/2656727713 <== mon.0 v2:172.21.15.7:3300/0 4 ==== mgrmap(e 12) v1 ==== 46119+0+0 (secure 0 0 0) 0x7fcfec022020 con 0x7fcffc1084c0
2024-03-24T01:29:27.740 INFO:teuthology.orchestra.run.smithi007.stdout:/usr/bin/ceph: stderr
2024-03-24T01:29:26.607+0000 7fd00148c700 1 -- 172.21.15.7:0/2656727713 --> [v2:172.21.15.7:3300/0,v1:172.21.15.7:6789/0] -- mon_command({"prefix": "get_command_descriptions"} v 0) v1 -- 0x7fcffc0637c0 con 0x7fcffc1084c0
2024-03-24T01:29:27.740 INFO:teuthology.orchestra.run.smithi007.stdout:/usr/bin/ceph: stderr
2024-03-24T01:29:26.607+0000 7fcfe3fff700 1 --2- 172.21.15.7:0/2656727713 >> [v2:172.21.15.7:6800/1620337878,v1:172.21.15.7:6801/1620337878] conn(0x7fcfe4038f80 0x7fcfe403b440 unknown :-1 s=NONE pgs=0 cs=0 l=1 rev1=0 crypto rx=0 tx=0 comp rx=0 tx=0).connect
2024-03-24T01:29:27.740 INFO:teuthology.orchestra.run.smithi007.stdout:/usr/bin/ceph: stderr
2024-03-24T01:29:26.607+0000 7fcfe3fff700 1 -- 172.21.15.7:0/2656727713 <== mon.0 v2:172.21.15.7:3300/0 5 ==== osd_map(3..3 src has 1..3) v4 ==== 1155+0+0 (secure 0 0 0) 0x7fcfec04d2a0 con 0x7fcffc1084c0
2024-03-24T01:29:27.740 INFO:teuthology.orchestra.run.smithi007.stdout:/usr/bin/ceph: stderr
2024-03-24T01:29:26.608+0000 7fcffa7fc700 1 --2- 172.21.15.7:0/2656727713 >> [v2:172.21.15.7:6800/1620337878,v1:172.21.15.7:6801/1620337878] conn(0x7fcfe4038f80 0x7fcfe403b440 unknown :-1 s=BANNER_CONNECTING pgs=0 cs=0 l=1 rev1=0 crypto rx=0 tx=0 comp rx=0 tx=0)._handle_peer_banner_payload supported=3 required=0
2024-03-24T01:29:27.740 INFO:teuthology.orchestra.run.smithi007.stdout:/usr/bin/ceph: stderr
2024-03-24T01:29:26.608+0000 7fcffa7fc700 1 --2- 172.21.15.7:0/2656727713 >> [v2:172.21.15.7:6800/1620337878,v1:172.21.15.7:6801/1620337878] conn(0x7fcfe4038f80 0x7fcfe403b440 secure :-1 s=READY pgs=8 cs=0 l=1 rev1=1 crypto rx=0x7fcff0006fd0 tx=0x7fcff0006e40 comp rx=0 tx=0).ready entity=mgr.14152 client_cookie=0 server_cookie=0 in_seq=0 out_seq=0
2024-03-24T01:29:27.740 INFO:teuthology.orchestra.run.smithi007.stdout:/usr/bin/ceph: stderr
2024-03-24T01:29:26.613+0000 7fcfe3fff700 1 -- 172.21.15.7:0/2656727713 <== mon.0 v2:172.21.15.7:3300/0 6 ==== mon_command_ack([{"prefix": "get_command_descriptions"}]=0 v0) v1 ==== 72+0+186149 (secure 0 0 0) 0x7fcfec011e20 con 0x7fcffc1084c0
2024-03-24T01:29:27.740 INFO:teuthology.orchestra.run.smithi007.stdout:/usr/bin/ceph: stderr
2024-03-24T01:29:26.842+0000 7fd00148c700 1 -- 172.21.15.7:0/2656727713 --> [v2:172.21.15.7:6800/1620337878,v1:172.21.15.7:6801/1620337878] -- mgr_command(tid 0: {"prefix": "dashboard ac-user-create", "username": "admin", "rolename": "administrator", "force_password": true, "pwd_update_required": true, "target": ["mon-mgr", ""]}) v1 -- 0x7fcffc106bb0 con 0x7fcfe4038f80
2024-03-24T01:29:27.740 INFO:teuthology.orchestra.run.smithi007.stdout:/usr/bin/ceph: stderr
2024-03-24T01:29:27.088+0000 7fcfe3fff700 1 -- 172.21.15.7:0/2656727713 <== mgr.14152 v2:172.21.15.7:6800/1620337878 1 ==== mgr_command_reply(tid 0: 0 ) v1 ==== 8+0+252 (secure 0 0 0) 0x7fcffc106bb0 con 0x7fcfe4038f80
2024-03-24T01:29:27.740 INFO:teuthology.orchestra.run.smithi007.stdout:/usr/bin/ceph: stderr
2024-03-24T01:29:27.090+0000 7fd00148c700 1 -- 172.21.15.7:0/2656727713 >> [v2:172.21.15.7:6800/1620337878,v1:172.21.15.7:6801/1620337878] conn(0x7fcfe4038f80 msgr2=0x7fcfe403b440 secure :-1 s=STATE_CONNECTION_ESTABLISHED l=1).mark_down
2024-03-24T01:29:27.740 INFO:teuthology.orchestra.run.smithi007.stdout:/usr/bin/ceph: stderr
2024-03-24T01:29:27.090+0000 7fd00148c700 1 --2- 172.21.15.7:0/2656727713 >> [v2:172.21.15.7:6800/1620337878,v1:172.21.15.7:6801/1620337878] conn(0x7fcfe4038f80 0x7fcfe403b440 secure :-1 s=READY pgs=8 cs=0 l=1 rev1=1 crypto rx=0x7fcff0006fd0 tx=0x7fcff0006e40 comp rx=0 tx=0).stop
2024-03-24T01:29:27.740 INFO:teuthology.orchestra.run.smithi007.stdout:/usr/bin/ceph: stderr
2024-03-24T01:29:27.091+0000 7fd00148c700 1 -- 172.21.15.7:0/2656727713 >> [v2:172.21.15.7:3300/0,v1:172.21.15.7:6789/0] conn(0x7fcffc1084c0 msgr2=0x7fcffc107d40 secure :-1 s=STATE_CONNECTION_ESTABLISHED l=1).mark_down
2024-03-24T01:29:27.740 INFO:teuthology.orchestra.run.smithi007.stdout:/usr/bin/ceph: stderr
2024-03-24T01:29:27.091+0000 7fd00148c700 1 --2- 172.21.15.7:0/2656727713 >> [v2:172.21.15.7:3300/0,v1:172.21.15.7:6789/0] conn(0x7fcffc1084c0 0x7fcffc107d40 secure :-1 s=READY pgs=73 cs=0 l=1 rev1=1 crypto rx=0x7fcfec0117e0 tx=0x7fcfec011c10 comp rx=0 tx=0).stop
2024-03-24T01:29:27.740 INFO:teuthology.orchestra.run.smithi007.stdout:/usr/bin/ceph: stderr
2024-03-24T01:29:27.091+0000 7fd00148c700 1 -- 172.21.15.7:0/2656727713 shutdown_connections
2024-03-24T01:29:27.740 INFO:teuthology.orchestra.run.smithi007.stdout:/usr/bin/ceph: stderr
2024-03-24T01:29:27.091+0000 7fd00148c700 1 --2- 172.21.15.7:0/2656727713 >> [v2:172.21.15.7:6800/1620337878,v1:172.21.15.7:6801/1620337878] conn(0x7fcfe4038f80 0x7fcfe403b440 unknown :-1 s=CLOSED pgs=8 cs=0 l=1 rev1=1 crypto rx=0 tx=0 comp rx=0 tx=0).stop
2024-03-24T01:29:27.740 INFO:teuthology.orchestra.run.smithi007.stdout:/usr/bin/ceph: stderr
2024-03-24T01:29:27.091+0000 7fd00148c700 1 --2- 172.21.15.7:0/2656727713 >> [v2:172.21.15.7:3300/0,v1:172.21.15.7:6789/0] conn(0x7fcffc1084c0 0x7fcffc107d40 unknown :-1 s=CLOSED pgs=73 cs=0 l=1 rev1=1 crypto rx=0 tx=0 comp rx=0 tx=0).stop
2024-03-24T01:29:27.741 INFO:teuthology.orchestra.run.smithi007.stdout:/usr/bin/ceph: stderr
2024-03-24T01:29:27.091+0000 7fd00148c700 1 -- 172.21.15.7:0/2656727713 >> 172.21.15.7:0/2656727713 conn(0x7fcffc101f50 msgr2=0x7fcffc102a00 unknown :-1 s=STATE_NONE l=0).mark_down
2024-03-24T01:29:27.741 INFO:teuthology.orchestra.run.smithi007.stdout:/usr/bin/ceph: stderr
2024-03-24T01:29:27.091+0000 7fd00148c700 1 -- 172.21.15.7:0/2656727713 shutdown_connections
2024-03-24T01:29:27.741 INFO:teuthology.orchestra.run.smithi007.stdout:/usr/bin/ceph: stderr
2024-03-24T01:29:27.091+0000 7fd00148c700 1 -- 172.21.15.7:0/2656727713 wait complete.
2024-03-24T01:29:27.741 INFO:teuthology.orchestra.run.smithi007.stdout:Fetching dashboard port number...
2024-03-24T01:29:28.601 INFO:journalctl@ceph.mon.a.smithi007.stdout:Mar 24 01:29:28 smithi007 ceph-mon[31968]: from='client.? 172.21.15.7:0/176397360' entity='client.admin' cmd=[{"prefix": "config get", "who": "mgr", "key": "mgr/dashboard/ssl_server_port"}]: dispatch
2024-03-24T01:29:29.079 INFO:teuthology.orchestra.run.smithi007.stdout:/usr/bin/ceph: stdout 8443
2024-03-24T01:29:29.079 INFO:teuthology.orchestra.run.smithi007.stdout:/usr/bin/ceph: stderr
2024-03-24T01:29:28.155+0000 7fd00770b700 1 Processor -- start
2024-03-24T01:29:29.079 INFO:teuthology.orchestra.run.smithi007.stdout:/usr/bin/ceph: stderr
2024-03-24T01:29:28.156+0000 7fd00770b700 1 -- start start
2024-03-24T01:29:29.080 INFO:teuthology.orchestra.run.smithi007.stdout:/usr/bin/ceph: stderr
2024-03-24T01:29:28.156+0000 7fd00770b700 1 --2- >> [v2:172.21.15.7:3300/0,v1:172.21.15.7:6789/0] conn(0x7fd0001062d0 0x7fd0001066f0 unknown :-1 s=NONE pgs=0 cs=0 l=0 rev1=0 crypto rx=0 tx=0 comp rx=0 tx=0).connect
2024-03-24T01:29:29.080 INFO:teuthology.orchestra.run.smithi007.stdout:/usr/bin/ceph: stderr
2024-03-24T01:29:28.156+0000 7fd00770b700 1 -- --> [v2:172.21.15.7:3300/0,v1:172.21.15.7:6789/0] -- mon_getmap magic: 0 v1 -- 0x7fd00007be50 con 0x7fd0001062d0
2024-03-24T01:29:29.080 INFO:teuthology.orchestra.run.smithi007.stdout:/usr/bin/ceph: stderr
2024-03-24T01:29:28.156+0000 7fd0054a7700 1 --2- >> [v2:172.21.15.7:3300/0,v1:172.21.15.7:6789/0] conn(0x7fd0001062d0 0x7fd0001066f0 unknown :-1 s=BANNER_CONNECTING pgs=0 cs=0 l=0 rev1=0 crypto rx=0 tx=0 comp rx=0 tx=0)._handle_peer_banner_payload supported=3 required=0
2024-03-24T01:29:29.080 INFO:teuthology.orchestra.run.smithi007.stdout:/usr/bin/ceph: stderr
2024-03-24T01:29:28.156+0000 7fd0054a7700 1 --2- >> [v2:172.21.15.7:3300/0,v1:172.21.15.7:6789/0] conn(0x7fd0001062d0 0x7fd0001066f0 unknown :-1 s=HELLO_CONNECTING pgs=0 cs=0 l=0 rev1=1 crypto rx=0 tx=0 comp rx=0 tx=0).handle_hello peer v2:172.21.15.7:3300/0 says I am v2:172.21.15.7:50710/0 (socket says 172.21.15.7:50710)
2024-03-24T01:29:29.080 INFO:teuthology.orchestra.run.smithi007.stdout:/usr/bin/ceph: stderr
2024-03-24T01:29:28.156+0000 7fd0054a7700 1 -- 172.21.15.7:0/3491523702 learned_addr learned my addr 172.21.15.7:0/3491523702 (peer_addr_for_me v2:172.21.15.7:0/0)
2024-03-24T01:29:29.080 INFO:teuthology.orchestra.run.smithi007.stdout:/usr/bin/ceph: stderr
2024-03-24T01:29:28.156+0000 7fd0054a7700 1 -- 172.21.15.7:0/3491523702 --> [v2:172.21.15.7:3300/0,v1:172.21.15.7:6789/0] -- mon_subscribe({config=0+,monmap=0+}) v3 -- 0x7fd000106c30 con 0x7fd0001062d0
2024-03-24T01:29:29.080 INFO:teuthology.orchestra.run.smithi007.stdout:/usr/bin/ceph: stderr
2024-03-24T01:29:28.157+0000 7fd0054a7700 1 --2- 172.21.15.7:0/3491523702 >> [v2:172.21.15.7:3300/0,v1:172.21.15.7:6789/0] conn(0x7fd0001062d0 0x7fd0001066f0 secure :-1 s=READY pgs=74 cs=0 l=1 rev1=1 crypto rx=0x7fcffc0098a0 tx=0x7fcffc009bb0 comp rx=0 tx=0).ready entity=mon.0 client_cookie=c912b43d31a6af5f server_cookie=0 in_seq=0 out_seq=0
2024-03-24T01:29:29.080 INFO:teuthology.orchestra.run.smithi007.stdout:/usr/bin/ceph: stderr
2024-03-24T01:29:28.157+0000 7fcff7fff700 1 -- 172.21.15.7:0/3491523702 <== mon.0 v2:172.21.15.7:3300/0 1 ==== mon_map magic: 0 v1 ==== 205+0+0 (secure 0 0 0) 0x7fcffc004160 con 0x7fd0001062d0
2024-03-24T01:29:29.080 INFO:teuthology.orchestra.run.smithi007.stdout:/usr/bin/ceph: stderr
2024-03-24T01:29:28.157+0000 7fcff7fff700 1 -- 172.21.15.7:0/3491523702 <== mon.0 v2:172.21.15.7:3300/0 2 ==== config(27 keys) v1 ==== 1140+0+0 (secure 0 0 0) 0x7fcffc004300 con 0x7fd0001062d0
2024-03-24T01:29:29.080 INFO:teuthology.orchestra.run.smithi007.stdout:/usr/bin/ceph: stderr
2024-03-24T01:29:28.157+0000 7fcff7fff700 1 -- 172.21.15.7:0/3491523702 <== mon.0 v2:172.21.15.7:3300/0 3 ==== mon_map magic: 0 v1 ==== 205+0+0 (secure 0 0 0) 0x7fcffc011b20 con 0x7fd0001062d0
2024-03-24T01:29:29.080 INFO:teuthology.orchestra.run.smithi007.stdout:/usr/bin/ceph: stderr
2024-03-24T01:29:28.157+0000 7fd00770b700 1 -- 172.21.15.7:0/3491523702 >> [v2:172.21.15.7:3300/0,v1:172.21.15.7:6789/0] conn(0x7fd0001062d0 msgr2=0x7fd0001066f0 secure :-1 s=STATE_CONNECTION_ESTABLISHED l=1).mark_down
2024-03-24T01:29:29.080 INFO:teuthology.orchestra.run.smithi007.stdout:/usr/bin/ceph: stderr
2024-03-24T01:29:28.157+0000 7fd00770b700 1 --2- 172.21.15.7:0/3491523702 >> [v2:172.21.15.7:3300/0,v1:172.21.15.7:6789/0] conn(0x7fd0001062d0 0x7fd0001066f0 secure :-1 s=READY pgs=74 cs=0 l=1 rev1=1 crypto rx=0x7fcffc0098a0 tx=0x7fcffc009bb0 comp rx=0 tx=0).stop
2024-03-24T01:29:29.080 INFO:teuthology.orchestra.run.smithi007.stdout:/usr/bin/ceph: stderr
2024-03-24T01:29:28.157+0000 7fd00770b700 1 -- 172.21.15.7:0/3491523702 shutdown_connections
2024-03-24T01:29:29.080 INFO:teuthology.orchestra.run.smithi007.stdout:/usr/bin/ceph: stderr
2024-03-24T01:29:28.157+0000 7fd00770b700 1 --2- 172.21.15.7:0/3491523702 >> [v2:172.21.15.7:3300/0,v1:172.21.15.7:6789/0] conn(0x7fd0001062d0 0x7fd0001066f0 unknown :-1 s=CLOSED pgs=74 cs=0 l=1 rev1=1 crypto rx=0 tx=0 comp rx=0 tx=0).stop
2024-03-24T01:29:29.081 INFO:teuthology.orchestra.run.smithi007.stdout:/usr/bin/ceph: stderr
2024-03-24T01:29:28.157+0000 7fd00770b700 1 -- 172.21.15.7:0/3491523702 >> 172.21.15.7:0/3491523702 conn(0x7fd000101f90 msgr2=0x7fd0001043b0 unknown :-1 s=STATE_NONE l=0).mark_down
2024-03-24T01:29:29.081 INFO:teuthology.orchestra.run.smithi007.stdout:/usr/bin/ceph: stderr
2024-03-24T01:29:28.158+0000 7fd00770b700 1 -- 172.21.15.7:0/3491523702 shutdown_connections
2024-03-24T01:29:29.081 INFO:teuthology.orchestra.run.smithi007.stdout:/usr/bin/ceph: stderr
2024-03-24T01:29:28.158+0000 7fd00770b700 1 -- 172.21.15.7:0/3491523702 wait complete.
2024-03-24T01:29:29.081 INFO:teuthology.orchestra.run.smithi007.stdout:/usr/bin/ceph: stderr
2024-03-24T01:29:28.158+0000 7fd00770b700 1 Processor -- start
2024-03-24T01:29:29.081 INFO:teuthology.orchestra.run.smithi007.stdout:/usr/bin/ceph: stderr
2024-03-24T01:29:28.158+0000 7fd00770b700 1 -- start start
2024-03-24T01:29:29.081 INFO:teuthology.orchestra.run.smithi007.stdout:/usr/bin/ceph: stderr
2024-03-24T01:29:28.158+0000 7fd00770b700 1 --2- >> [v2:172.21.15.7:3300/0,v1:172.21.15.7:6789/0] conn(0x7fd0001062d0 0x7fd00019db70 unknown :-1 s=NONE pgs=0 cs=0 l=1 rev1=0 crypto rx=0 tx=0 comp rx=0 tx=0).connect
2024-03-24T01:29:29.081 INFO:teuthology.orchestra.run.smithi007.stdout:/usr/bin/ceph: stderr
2024-03-24T01:29:28.158+0000 7fd00770b700 1 -- --> [v2:172.21.15.7:3300/0,v1:172.21.15.7:6789/0] -- mon_getmap magic: 0 v1 -- 0x7fd000107d00 con 0x7fd0001062d0
2024-03-24T01:29:29.081 INFO:teuthology.orchestra.run.smithi007.stdout:/usr/bin/ceph: stderr
2024-03-24T01:29:28.158+0000 7fd0054a7700 1 --2- >> [v2:172.21.15.7:3300/0,v1:172.21.15.7:6789/0] conn(0x7fd0001062d0 0x7fd00019db70 unknown :-1 s=BANNER_CONNECTING pgs=0 cs=0 l=1 rev1=0 crypto rx=0 tx=0 comp rx=0 tx=0)._handle_peer_banner_payload supported=3 required=0
2024-03-24T01:29:29.081 INFO:teuthology.orchestra.run.smithi007.stdout:/usr/bin/ceph: stderr
2024-03-24T01:29:28.158+0000 7fd0054a7700 1 --2- >> [v2:172.21.15.7:3300/0,v1:172.21.15.7:6789/0] conn(0x7fd0001062d0 0x7fd00019db70 unknown :-1 s=HELLO_CONNECTING pgs=0 cs=0 l=1 rev1=1 crypto rx=0 tx=0 comp rx=0 tx=0).handle_hello peer v2:172.21.15.7:3300/0 says I am v2:172.21.15.7:50716/0 (socket says 172.21.15.7:50716)
2024-03-24T01:29:29.081 INFO:teuthology.orchestra.run.smithi007.stdout:/usr/bin/ceph: stderr
2024-03-24T01:29:28.158+0000 7fd0054a7700 1 -- 172.21.15.7:0/176397360 learned_addr learned my addr 172.21.15.7:0/176397360 (peer_addr_for_me v2:172.21.15.7:0/0)
2024-03-24T01:29:29.081 INFO:teuthology.orchestra.run.smithi007.stdout:/usr/bin/ceph: stderr
2024-03-24T01:29:28.159+0000 7fd0054a7700 1 -- 172.21.15.7:0/176397360 --> [v2:172.21.15.7:3300/0,v1:172.21.15.7:6789/0] -- mon_subscribe({config=0+,monmap=0+}) v3 -- 0x7fd00019e0b0 con 0x7fd0001062d0
2024-03-24T01:29:29.081 INFO:teuthology.orchestra.run.smithi007.stdout:/usr/bin/ceph: stderr
2024-03-24T01:29:28.159+0000 7fd0054a7700 1 --2- 172.21.15.7:0/176397360 >> [v2:172.21.15.7:3300/0,v1:172.21.15.7:6789/0] conn(0x7fd0001062d0 0x7fd00019db70 secure :-1 s=READY pgs=75 cs=0 l=1 rev1=1 crypto rx=0x7fcffc0117e0 tx=0x7fcffc011c10 comp rx=0 tx=0).ready entity=mon.0 client_cookie=0 server_cookie=0 in_seq=0 out_seq=0
2024-03-24T01:29:29.081 INFO:teuthology.orchestra.run.smithi007.stdout:/usr/bin/ceph: stderr
2024-03-24T01:29:28.159+0000 7fcff67fc700 1 -- 172.21.15.7:0/176397360 <== mon.0 v2:172.21.15.7:3300/0 1 ==== mon_map magic: 0 v1 ==== 205+0+0 (secure 0 0 0) 0x7fcffc003bf0 con 0x7fd0001062d0
2024-03-24T01:29:29.081 INFO:teuthology.orchestra.run.smithi007.stdout:/usr/bin/ceph: stderr
2024-03-24T01:29:28.159+0000 7fcff67fc700 1 -- 172.21.15.7:0/176397360 <== mon.0 v2:172.21.15.7:3300/0 2 ==== config(27 keys) v1 ==== 1140+0+0 (secure 0 0 0) 0x7fcffc01a910 con 0x7fd0001062d0
2024-03-24T01:29:29.082 INFO:teuthology.orchestra.run.smithi007.stdout:/usr/bin/ceph: stderr
2024-03-24T01:29:28.159+0000 7fcff67fc700 1 -- 172.21.15.7:0/176397360 <== mon.0 v2:172.21.15.7:3300/0 3 ==== mon_map magic: 0 v1 ==== 205+0+0 (secure 0 0 0) 0x7fcffc024970 con 0x7fd0001062d0
2024-03-24T01:29:29.082 INFO:teuthology.orchestra.run.smithi007.stdout:/usr/bin/ceph: stderr
2024-03-24T01:29:28.159+0000 7fd00770b700 1 -- 172.21.15.7:0/176397360 --> [v2:172.21.15.7:3300/0,v1:172.21.15.7:6789/0] -- mon_subscribe({mgrmap=0+}) v3 -- 0x7fd00019e340 con 0x7fd0001062d0
2024-03-24T01:29:29.082 INFO:teuthology.orchestra.run.smithi007.stdout:/usr/bin/ceph: stderr
2024-03-24T01:29:28.159+0000 7fd00770b700 1 -- 172.21.15.7:0/176397360 --> [v2:172.21.15.7:3300/0,v1:172.21.15.7:6789/0] -- mon_subscribe({osdmap=0}) v3 -- 0x7fd00019e7a0 con 0x7fd0001062d0
2024-03-24T01:29:29.082 INFO:teuthology.orchestra.run.smithi007.stdout:/usr/bin/ceph: stderr
2024-03-24T01:29:28.160+0000 7fd00770b700 1 -- 172.21.15.7:0/176397360 --> [v2:172.21.15.7:3300/0,v1:172.21.15.7:6789/0] -- mon_command({"prefix": "get_command_descriptions"} v 0) v1 -- 0x7fd0000637c0 con 0x7fd0001062d0
2024-03-24T01:29:29.082 INFO:teuthology.orchestra.run.smithi007.stdout:/usr/bin/ceph: stderr
2024-03-24T01:29:28.160+0000 7fcff67fc700 1 -- 172.21.15.7:0/176397360 <== mon.0 v2:172.21.15.7:3300/0 4 ==== mgrmap(e 12) v1 ==== 46119+0+0 (secure 0 0 0) 0x7fcffc022020 con 0x7fd0001062d0
2024-03-24T01:29:29.082 INFO:teuthology.orchestra.run.smithi007.stdout:/usr/bin/ceph: stderr
2024-03-24T01:29:28.161+0000 7fcff67fc700 1 --2- 172.21.15.7:0/176397360 >> [v2:172.21.15.7:6800/1620337878,v1:172.21.15.7:6801/1620337878] conn(0x7fcfec038f80 0x7fcfec03b440 unknown :-1 s=NONE pgs=0 cs=0 l=1 rev1=0 crypto rx=0 tx=0 comp rx=0 tx=0).connect
2024-03-24T01:29:29.082 INFO:teuthology.orchestra.run.smithi007.stdout:/usr/bin/ceph: stderr
2024-03-24T01:29:28.161+0000 7fcff67fc700 1 -- 172.21.15.7:0/176397360 <== mon.0 v2:172.21.15.7:3300/0 5 ==== osd_map(3..3 src has 1..3) v4 ==== 1155+0+0 (secure 0 0 0) 0x7fcffc04d2d0 con 0x7fd0001062d0
2024-03-24T01:29:29.082 INFO:teuthology.orchestra.run.smithi007.stdout:/usr/bin/ceph: stderr
2024-03-24T01:29:28.161+0000 7fd004ca6700 1 --2- 172.21.15.7:0/176397360 >> [v2:172.21.15.7:6800/1620337878,v1:172.21.15.7:6801/1620337878] conn(0x7fcfec038f80 0x7fcfec03b440 unknown :-1 s=BANNER_CONNECTING pgs=0 cs=0 l=1 rev1=0 crypto rx=0 tx=0 comp rx=0 tx=0)._handle_peer_banner_payload supported=3 required=0
2024-03-24T01:29:29.082 INFO:teuthology.orchestra.run.smithi007.stdout:/usr/bin/ceph: stderr
2024-03-24T01:29:28.161+0000 7fd004ca6700 1 --2- 172.21.15.7:0/176397360 >> [v2:172.21.15.7:6800/1620337878,v1:172.21.15.7:6801/1620337878] conn(0x7fcfec038f80 0x7fcfec03b440 secure :-1 s=READY pgs=9 cs=0 l=1 rev1=1 crypto rx=0x7fcff0006fd0 tx=0x7fcff0006e40 comp rx=0 tx=0).ready entity=mgr.14152 client_cookie=0 server_cookie=0 in_seq=0 out_seq=0
2024-03-24T01:29:29.082 INFO:teuthology.orchestra.run.smithi007.stdout:/usr/bin/ceph: stderr
2024-03-24T01:29:28.166+0000 7fcff67fc700 1 -- 172.21.15.7:0/176397360 <== mon.0 v2:172.21.15.7:3300/0 6 ==== mon_command_ack([{"prefix": "get_command_descriptions"}]=0 v0) v1 ==== 72+0+186149 (secure 0 0 0) 0x7fcffc011e20 con 0x7fd0001062d0
2024-03-24T01:29:29.082 INFO:teuthology.orchestra.run.smithi007.stdout:/usr/bin/ceph: stderr
2024-03-24T01:29:28.371+0000 7fd00770b700 1 -- 172.21.15.7:0/176397360 --> [v2:172.21.15.7:3300/0,v1:172.21.15.7:6789/0] -- mon_command({"prefix": "config get", "who": "mgr", "key": "mgr/dashboard/ssl_server_port"} v 0) v1 -- 0x7fd000062da0 con 0x7fd0001062d0
2024-03-24T01:29:29.082 INFO:teuthology.orchestra.run.smithi007.stdout:/usr/bin/ceph: stderr
2024-03-24T01:29:28.372+0000 7fcff67fc700 1 -- 172.21.15.7:0/176397360 <== mon.0 v2:172.21.15.7:3300/0 7 ==== mon_command_ack([{"prefix": "config get", "who": "mgr", "key": "mgr/dashboard/ssl_server_port"}]=0 v8) v1 ==== 112+0+5 (secure 0 0 0) 0x7fcffc00b3e0 con 0x7fd0001062d0
2024-03-24T01:29:29.082 INFO:teuthology.orchestra.run.smithi007.stdout:/usr/bin/ceph: stderr
2024-03-24T01:29:28.374+0000 7fd00770b700 1 -- 172.21.15.7:0/176397360 >> [v2:172.21.15.7:6800/1620337878,v1:172.21.15.7:6801/1620337878] conn(0x7fcfec038f80 msgr2=0x7fcfec03b440 secure :-1 s=STATE_CONNECTION_ESTABLISHED l=1).mark_down
2024-03-24T01:29:29.083 INFO:teuthology.orchestra.run.smithi007.stdout:/usr/bin/ceph: stderr
2024-03-24T01:29:28.374+0000 7fd00770b700 1 --2- 172.21.15.7:0/176397360 >> [v2:172.21.15.7:6800/1620337878,v1:172.21.15.7:6801/1620337878] conn(0x7fcfec038f80 0x7fcfec03b440 secure :-1 s=READY pgs=9 cs=0 l=1 rev1=1 crypto rx=0x7fcff0006fd0 tx=0x7fcff0006e40 comp rx=0 tx=0).stop
2024-03-24T01:29:29.083 INFO:teuthology.orchestra.run.smithi007.stdout:/usr/bin/ceph: stderr
2024-03-24T01:29:28.374+0000 7fd00770b700 1 -- 172.21.15.7:0/176397360 >> [v2:172.21.15.7:3300/0,v1:172.21.15.7:6789/0] conn(0x7fd0001062d0 msgr2=0x7fd00019db70 secure :-1 s=STATE_CONNECTION_ESTABLISHED l=1).mark_down
2024-03-24T01:29:29.083 INFO:teuthology.orchestra.run.smithi007.stdout:/usr/bin/ceph: stderr
2024-03-24T01:29:28.374+0000 7fd00770b700 1 --2- 172.21.15.7:0/176397360 >> [v2:172.21.15.7:3300/0,v1:172.21.15.7:6789/0] conn(0x7fd0001062d0 0x7fd00019db70 secure :-1 s=READY pgs=75 cs=0 l=1 rev1=1 crypto rx=0x7fcffc0117e0 tx=0x7fcffc011c10 comp rx=0 tx=0).stop
2024-03-24T01:29:29.083 INFO:teuthology.orchestra.run.smithi007.stdout:/usr/bin/ceph: stderr
2024-03-24T01:29:28.374+0000 7fd00770b700 1 -- 172.21.15.7:0/176397360 shutdown_connections
2024-03-24T01:29:29.083 INFO:teuthology.orchestra.run.smithi007.stdout:/usr/bin/ceph: stderr
2024-03-24T01:29:28.374+0000 7fd00770b700 1 --2- 172.21.15.7:0/176397360 >> [v2:172.21.15.7:6800/1620337878,v1:172.21.15.7:6801/1620337878] conn(0x7fcfec038f80 0x7fcfec03b440 unknown :-1 s=CLOSED pgs=9 cs=0 l=1 rev1=1 crypto rx=0 tx=0 comp rx=0 tx=0).stop
2024-03-24T01:29:29.083 INFO:teuthology.orchestra.run.smithi007.stdout:/usr/bin/ceph: stderr
2024-03-24T01:29:28.374+0000 7fd00770b700 1 --2- 172.21.15.7:0/176397360 >> [v2:172.21.15.7:3300/0,v1:172.21.15.7:6789/0] conn(0x7fd0001062d0 0x7fd00019db70 unknown :-1 s=CLOSED pgs=75 cs=0 l=1 rev1=1 crypto rx=0 tx=0 comp rx=0 tx=0).stop
2024-03-24T01:29:29.083 INFO:teuthology.orchestra.run.smithi007.stdout:/usr/bin/ceph: stderr
2024-03-24T01:29:28.374+0000 7fd00770b700 1 -- 172.21.15.7:0/176397360 >> 172.21.15.7:0/176397360 conn(0x7fd000101f90 msgr2=0x7fd000194830 unknown :-1 s=STATE_NONE l=0).mark_down
2024-03-24T01:29:29.083 INFO:teuthology.orchestra.run.smithi007.stdout:/usr/bin/ceph: stderr
2024-03-24T01:29:28.374+0000 7fd00770b700 1 -- 172.21.15.7:0/176397360 shutdown_connections
2024-03-24T01:29:29.083 INFO:teuthology.orchestra.run.smithi007.stdout:/usr/bin/ceph: stderr
2024-03-24T01:29:28.374+0000 7fd00770b700 1 -- 172.21.15.7:0/176397360 wait complete.
2024-03-24T01:29:29.087 INFO:teuthology.orchestra.run.smithi007.stdout:Non-zero exit code 1 from systemctl is-enabled firewalld.service
2024-03-24T01:29:29.087 INFO:teuthology.orchestra.run.smithi007.stdout:systemctl: stdout disabled
2024-03-24T01:29:29.094 INFO:teuthology.orchestra.run.smithi007.stdout:Non-zero exit code 3 from systemctl is-active firewalld.service
2024-03-24T01:29:29.094 INFO:teuthology.orchestra.run.smithi007.stdout:systemctl: stdout inactive
2024-03-24T01:29:29.094 INFO:teuthology.orchestra.run.smithi007.stdout:firewalld.service is not enabled
2024-03-24T01:29:29.094 INFO:teuthology.orchestra.run.smithi007.stdout:Not possible to open ports <[8443]>. firewalld.service is not available
2024-03-24T01:29:29.096 INFO:teuthology.orchestra.run.smithi007.stdout:Ceph Dashboard is now available at:
2024-03-24T01:29:29.096 INFO:teuthology.orchestra.run.smithi007.stdout:
2024-03-24T01:29:29.097 INFO:teuthology.orchestra.run.smithi007.stdout: URL: https://smithi007.front.sepia.ceph.com:8443/
2024-03-24T01:29:29.097 INFO:teuthology.orchestra.run.smithi007.stdout: User: admin
2024-03-24T01:29:29.097 INFO:teuthology.orchestra.run.smithi007.stdout: Password: lw8lxtdmj3
2024-03-24T01:29:29.097 INFO:teuthology.orchestra.run.smithi007.stdout:
2024-03-24T01:29:29.097 INFO:teuthology.orchestra.run.smithi007.stdout:Saving cluster configuration to /var/lib/ceph/a7d66bdc-e97d-11ee-95cd-87774f69a715/config directory
2024-03-24T01:29:29.097 INFO:teuthology.orchestra.run.smithi007.stdout:Enabling autotune for osd_memory_target
2024-03-24T01:29:30.227 INFO:teuthology.orchestra.run.smithi007.stdout:/usr/bin/ceph: stderr
2024-03-24T01:29:29.526+0000 7fcdd2e14700 1 Processor -- start
2024-03-24T01:29:30.227 INFO:teuthology.orchestra.run.smithi007.stdout:/usr/bin/ceph: stderr
2024-03-24T01:29:29.526+0000 7fcdd2e14700 1 -- start start
2024-03-24T01:29:30.228 INFO:teuthology.orchestra.run.smithi007.stdout:/usr/bin/ceph: stderr
2024-03-24T01:29:29.526+0000 7fcdd2e14700 1 --2- >> [v2:172.21.15.7:3300/0,v1:172.21.15.7:6789/0] conn(0x7fcdcc105d20 0x7fcdcc106140 unknown :-1 s=NONE pgs=0 cs=0 l=0 rev1=0 crypto rx=0 tx=0 comp rx=0 tx=0).connect
2024-03-24T01:29:30.228 INFO:teuthology.orchestra.run.smithi007.stdout:/usr/bin/ceph: stderr
2024-03-24T01:29:29.526+0000 7fcdd2e14700 1 -- --> [v2:172.21.15.7:3300/0,v1:172.21.15.7:6789/0] -- mon_getmap magic: 0 v1 -- 0x7fcdcc106710 con 0x7fcdcc105d20
2024-03-24T01:29:30.228 INFO:teuthology.orchestra.run.smithi007.stdout:/usr/bin/ceph: stderr
2024-03-24T01:29:29.526+0000 7fcdd0bb0700 1 --2- >> [v2:172.21.15.7:3300/0,v1:172.21.15.7:6789/0] conn(0x7fcdcc105d20 0x7fcdcc106140 unknown :-1 s=BANNER_CONNECTING pgs=0 cs=0 l=0 rev1=0 crypto rx=0 tx=0 comp rx=0 tx=0)._handle_peer_banner_payload supported=3 required=0
2024-03-24T01:29:30.228 INFO:teuthology.orchestra.run.smithi007.stdout:/usr/bin/ceph: stderr
2024-03-24T01:29:29.526+0000 7fcdd0bb0700 1 --2- >> [v2:172.21.15.7:3300/0,v1:172.21.15.7:6789/0] conn(0x7fcdcc105d20 0x7fcdcc106140 unknown :-1 s=HELLO_CONNECTING pgs=0 cs=0 l=0 rev1=1 crypto rx=0 tx=0 comp rx=0 tx=0).handle_hello peer v2:172.21.15.7:3300/0 says I am v2:172.21.15.7:50724/0 (socket says 172.21.15.7:50724)
2024-03-24T01:29:30.228 INFO:teuthology.orchestra.run.smithi007.stdout:/usr/bin/ceph: stderr
2024-03-24T01:29:29.526+0000 7fcdd0bb0700 1 -- 172.21.15.7:0/1983308017 learned_addr learned my addr 172.21.15.7:0/1983308017 (peer_addr_for_me v2:172.21.15.7:0/0)
2024-03-24T01:29:30.228 INFO:teuthology.orchestra.run.smithi007.stdout:/usr/bin/ceph: stderr
2024-03-24T01:29:29.527+0000 7fcdd0bb0700 1 -- 172.21.15.7:0/1983308017 --> [v2:172.21.15.7:3300/0,v1:172.21.15.7:6789/0] -- mon_subscribe({config=0+,monmap=0+}) v3 -- 0x7fcdcc108cb0 con 0x7fcdcc105d20
2024-03-24T01:29:30.228 INFO:teuthology.orchestra.run.smithi007.stdout:/usr/bin/ceph: stderr
2024-03-24T01:29:29.527+0000 7fcdd0bb0700 1 --2- 172.21.15.7:0/1983308017 >> [v2:172.21.15.7:3300/0,v1:172.21.15.7:6789/0] conn(0x7fcdcc105d20 0x7fcdcc106140 secure :-1 s=READY pgs=76 cs=0 l=1 rev1=1 crypto rx=0x7fcdc00098a0 tx=0x7fcdc0009bb0 comp rx=0 tx=0).ready entity=mon.0 client_cookie=156d2a440e2f5b49 server_cookie=0 in_seq=0 out_seq=0
2024-03-24T01:29:30.228 INFO:teuthology.orchestra.run.smithi007.stdout:/usr/bin/ceph: stderr
2024-03-24T01:29:29.527+0000 7fcdcb7fe700 1 -- 172.21.15.7:0/1983308017 <== mon.0 v2:172.21.15.7:3300/0 1 ==== mon_map magic: 0 v1 ==== 205+0+0 (secure 0 0 0) 0x7fcdc0004160 con 0x7fcdcc105d20
2024-03-24T01:29:30.228 INFO:teuthology.orchestra.run.smithi007.stdout:/usr/bin/ceph: stderr
2024-03-24T01:29:29.527+0000 7fcdcb7fe700 1 -- 172.21.15.7:0/1983308017 <== mon.0 v2:172.21.15.7:3300/0 2 ==== config(27 keys) v1 ==== 1140+0+0 (secure 0 0 0) 0x7fcdc0004300 con 0x7fcdcc105d20
2024-03-24T01:29:30.228 INFO:teuthology.orchestra.run.smithi007.stdout:/usr/bin/ceph: stderr
2024-03-24T01:29:29.527+0000 7fcdcb7fe700 1 -- 172.21.15.7:0/1983308017 <== mon.0 v2:172.21.15.7:3300/0 3 ==== mon_map magic: 0 v1 ==== 205+0+0 (secure 0 0 0) 0x7fcdc0011b20 con 0x7fcdcc105d20
2024-03-24T01:29:30.228 INFO:teuthology.orchestra.run.smithi007.stdout:/usr/bin/ceph: stderr
2024-03-24T01:29:29.528+0000 7fcdd2e14700 1 -- 172.21.15.7:0/1983308017 >> [v2:172.21.15.7:3300/0,v1:172.21.15.7:6789/0] conn(0x7fcdcc105d20 msgr2=0x7fcdcc106140 secure :-1 s=STATE_CONNECTION_ESTABLISHED l=1).mark_down
2024-03-24T01:29:30.228 INFO:teuthology.orchestra.run.smithi007.stdout:/usr/bin/ceph: stderr
2024-03-24T01:29:29.528+0000 7fcdd2e14700 1 --2- 172.21.15.7:0/1983308017 >> [v2:172.21.15.7:3300/0,v1:172.21.15.7:6789/0] conn(0x7fcdcc105d20 0x7fcdcc106140 secure :-1 s=READY pgs=76 cs=0 l=1 rev1=1 crypto rx=0x7fcdc00098a0 tx=0x7fcdc0009bb0 comp rx=0 tx=0).stop
2024-03-24T01:29:30.228 INFO:teuthology.orchestra.run.smithi007.stdout:/usr/bin/ceph: stderr
2024-03-24T01:29:29.528+0000 7fcdd2e14700 1 -- 172.21.15.7:0/1983308017 shutdown_connections
2024-03-24T01:29:30.229 INFO:teuthology.orchestra.run.smithi007.stdout:/usr/bin/ceph: stderr
2024-03-24T01:29:29.528+0000 7fcdd2e14700 1 --2- 172.21.15.7:0/1983308017 >> [v2:172.21.15.7:3300/0,v1:172.21.15.7:6789/0] conn(0x7fcdcc105d20 0x7fcdcc106140 unknown :-1 s=CLOSED pgs=76 cs=0 l=1 rev1=1 crypto rx=0 tx=0 comp rx=0 tx=0).stop
2024-03-24T01:29:30.229 INFO:teuthology.orchestra.run.smithi007.stdout:/usr/bin/ceph: stderr
2024-03-24T01:29:29.528+0000 7fcdd2e14700 1 -- 172.21.15.7:0/1983308017 >> 172.21.15.7:0/1983308017 conn(0x7fcdcc1016f0 msgr2=0x7fcdcc103b10 unknown :-1 s=STATE_NONE l=0).mark_down
2024-03-24T01:29:30.229 INFO:teuthology.orchestra.run.smithi007.stdout:/usr/bin/ceph: stderr
2024-03-24T01:29:29.528+0000 7fcdd2e14700 1 -- 172.21.15.7:0/1983308017 shutdown_connections
2024-03-24T01:29:30.229 INFO:teuthology.orchestra.run.smithi007.stdout:/usr/bin/ceph: stderr
2024-03-24T01:29:29.528+0000 7fcdd2e14700 1 -- 172.21.15.7:0/1983308017 wait complete.
2024-03-24T01:29:30.229 INFO:teuthology.orchestra.run.smithi007.stdout:/usr/bin/ceph: stderr
2024-03-24T01:29:29.528+0000 7fcdd2e14700 1 Processor -- start
2024-03-24T01:29:30.229 INFO:teuthology.orchestra.run.smithi007.stdout:/usr/bin/ceph: stderr
2024-03-24T01:29:29.528+0000 7fcdd2e14700 1 -- start start
2024-03-24T01:29:30.229 INFO:teuthology.orchestra.run.smithi007.stdout:/usr/bin/ceph: stderr
2024-03-24T01:29:29.528+0000 7fcdd2e14700 1 --2- >> [v2:172.21.15.7:3300/0,v1:172.21.15.7:6789/0] conn(0x7fcdcc105d20 0x7fcdcc19b9b0 unknown :-1 s=NONE pgs=0 cs=0 l=1 rev1=0 crypto rx=0 tx=0 comp rx=0 tx=0).connect
2024-03-24T01:29:30.229 INFO:teuthology.orchestra.run.smithi007.stdout:/usr/bin/ceph: stderr
2024-03-24T01:29:29.528+0000 7fcdd2e14700 1 -- --> [v2:172.21.15.7:3300/0,v1:172.21.15.7:6789/0] -- mon_getmap magic: 0 v1 -- 0x7fcdcc10c060 con 0x7fcdcc105d20
2024-03-24T01:29:30.229 INFO:teuthology.orchestra.run.smithi007.stdout:/usr/bin/ceph: stderr
2024-03-24T01:29:29.529+0000 7fcdd0bb0700 1 --2- >> [v2:172.21.15.7:3300/0,v1:172.21.15.7:6789/0] conn(0x7fcdcc105d20 0x7fcdcc19b9b0 unknown :-1 s=BANNER_CONNECTING pgs=0 cs=0 l=1 rev1=0 crypto rx=0 tx=0 comp rx=0 tx=0)._handle_peer_banner_payload supported=3 required=0
2024-03-24T01:29:30.229 INFO:teuthology.orchestra.run.smithi007.stdout:/usr/bin/ceph: stderr
