2024-03-24T02:51:09.501+0000 7f76137fe700 1 -- 172.21.15.17:0/1663003368 --> [v2:172.21.15.17:3300/0,v1:172.21.15.17:6789/0] -- mon_subscribe({config=0+,monmap=0+}) v3 -- 0x7f7614107c10 con 0x7f7614106a10
2024-03-24T02:51:14.752 INFO:teuthology.orchestra.run.smithi017.stdout:/usr/bin/ceph: stderr
2024-03-24T02:51:09.501+0000 7f76137fe700 1 --2- 172.21.15.17:0/1663003368 >> [v2:172.21.15.17:3300/0,v1:172.21.15.17:6789/0] conn(0x7f7614106a10 0x7f7614106e30 secure :-1 s=READY pgs=45 cs=0 l=1 rev1=1 crypto rx=0x7f7604009e80 tx=0x7f760400b330 comp rx=0 tx=0).ready entity=mon.0 client_cookie=8cb8e32249ae69b7 server_cookie=0 in_seq=0 out_seq=0
2024-03-24T02:51:14.752 INFO:teuthology.orchestra.run.smithi017.stdout:/usr/bin/ceph: stderr
2024-03-24T02:51:09.501+0000 7f76127fc700 1 -- 172.21.15.17:0/1663003368 <== mon.0 v2:172.21.15.17:3300/0 1 ==== mon_map magic: 0 v1 ==== 205+0+0 (secure 0 0 0) 0x7f7604017070 con 0x7f7614106a10
2024-03-24T02:51:14.752 INFO:teuthology.orchestra.run.smithi017.stdout:/usr/bin/ceph: stderr
2024-03-24T02:51:09.501+0000 7f76127fc700 1 -- 172.21.15.17:0/1663003368 <== mon.0 v2:172.21.15.17:3300/0 2 ==== config(27 keys) v1 ==== 1109+0+0 (secure 0 0 0) 0x7f760400b8c0 con 0x7f7614106a10
2024-03-24T02:51:14.752 INFO:teuthology.orchestra.run.smithi017.stdout:/usr/bin/ceph: stderr
2024-03-24T02:51:09.501+0000 7f76127fc700 1 -- 172.21.15.17:0/1663003368 <== mon.0 v2:172.21.15.17:3300/0 3 ==== mon_map magic: 0 v1 ==== 205+0+0 (secure 0 0 0) 0x7f76040045c0 con 0x7f7614106a10
2024-03-24T02:51:14.752 INFO:teuthology.orchestra.run.smithi017.stdout:/usr/bin/ceph: stderr
2024-03-24T02:51:09.501+0000 7f761a0b9700 1 -- 172.21.15.17:0/1663003368 >> [v2:172.21.15.17:3300/0,v1:172.21.15.17:6789/0] conn(0x7f7614106a10 msgr2=0x7f7614106e30 secure :-1 s=STATE_CONNECTION_ESTABLISHED l=1).mark_down
2024-03-24T02:51:14.752 INFO:teuthology.orchestra.run.smithi017.stdout:/usr/bin/ceph: stderr
2024-03-24T02:51:09.501+0000 7f761a0b9700 1 --2- 172.21.15.17:0/1663003368 >> [v2:172.21.15.17:3300/0,v1:172.21.15.17:6789/0] conn(0x7f7614106a10 0x7f7614106e30 secure :-1 s=READY pgs=45 cs=0 l=1 rev1=1 crypto rx=0x7f7604009e80 tx=0x7f760400b330 comp rx=0 tx=0).stop
2024-03-24T02:51:14.752 INFO:teuthology.orchestra.run.smithi017.stdout:/usr/bin/ceph: stderr
2024-03-24T02:51:09.502+0000 7f761a0b9700 1 -- 172.21.15.17:0/1663003368 shutdown_connections
2024-03-24T02:51:14.752 INFO:teuthology.orchestra.run.smithi017.stdout:/usr/bin/ceph: stderr
2024-03-24T02:51:09.502+0000 7f761a0b9700 1 --2- 172.21.15.17:0/1663003368 >> [v2:172.21.15.17:3300/0,v1:172.21.15.17:6789/0] conn(0x7f7614106a10 0x7f7614106e30 unknown :-1 s=CLOSED pgs=45 cs=0 l=1 rev1=1 crypto rx=0 tx=0 comp rx=0 tx=0).stop
2024-03-24T02:51:14.752 INFO:teuthology.orchestra.run.smithi017.stdout:/usr/bin/ceph: stderr
2024-03-24T02:51:09.502+0000 7f761a0b9700 1 -- 172.21.15.17:0/1663003368 >> 172.21.15.17:0/1663003368 conn(0x7f7614102010 msgr2=0x7f7614104430 unknown :-1 s=STATE_NONE l=0).mark_down
2024-03-24T02:51:14.752 INFO:teuthology.orchestra.run.smithi017.stdout:/usr/bin/ceph: stderr
2024-03-24T02:51:09.502+0000 7f761a0b9700 1 -- 172.21.15.17:0/1663003368 shutdown_connections
2024-03-24T02:51:14.752 INFO:teuthology.orchestra.run.smithi017.stdout:/usr/bin/ceph: stderr
2024-03-24T02:51:09.502+0000 7f761a0b9700 1 -- 172.21.15.17:0/1663003368 wait complete.
2024-03-24T02:51:14.752 INFO:teuthology.orchestra.run.smithi017.stdout:/usr/bin/ceph: stderr
2024-03-24T02:51:09.502+0000 7f761a0b9700 1 Processor -- start
2024-03-24T02:51:14.752 INFO:teuthology.orchestra.run.smithi017.stdout:/usr/bin/ceph: stderr
2024-03-24T02:51:09.502+0000 7f761a0b9700 1 -- start start
2024-03-24T02:51:14.753 INFO:teuthology.orchestra.run.smithi017.stdout:/usr/bin/ceph: stderr
2024-03-24T02:51:09.503+0000 7f761a0b9700 1 --2- >> [v2:172.21.15.17:3300/0,v1:172.21.15.17:6789/0] conn(0x7f7614106a10 0x7f761419acc0 unknown :-1 s=NONE pgs=0 cs=0 l=1 rev1=0 crypto rx=0 tx=0 comp rx=0 tx=0).connect
2024-03-24T02:51:14.753 INFO:teuthology.orchestra.run.smithi017.stdout:/usr/bin/ceph: stderr
2024-03-24T02:51:09.503+0000 7f761a0b9700 1 -- --> [v2:172.21.15.17:3300/0,v1:172.21.15.17:6789/0] -- mon_getmap magic: 0 v1 -- 0x7f761410afc0 con 0x7f7614106a10
2024-03-24T02:51:14.753 INFO:teuthology.orchestra.run.smithi017.stdout:/usr/bin/ceph: stderr
2024-03-24T02:51:09.503+0000 7f76137fe700 1 --2- >> [v2:172.21.15.17:3300/0,v1:172.21.15.17:6789/0] conn(0x7f7614106a10 0x7f761419acc0 unknown :-1 s=BANNER_CONNECTING pgs=0 cs=0 l=1 rev1=0 crypto rx=0 tx=0 comp rx=0 tx=0)._handle_peer_banner_payload supported=3 required=0
2024-03-24T02:51:14.753 INFO:teuthology.orchestra.run.smithi017.stdout:/usr/bin/ceph: stderr
2024-03-24T02:51:09.503+0000 7f76137fe700 1 --2- >> [v2:172.21.15.17:3300/0,v1:172.21.15.17:6789/0] conn(0x7f7614106a10 0x7f761419acc0 unknown :-1 s=HELLO_CONNECTING pgs=0 cs=0 l=1 rev1=1 crypto rx=0 tx=0 comp rx=0 tx=0).handle_hello peer v2:172.21.15.17:3300/0 says I am v2:172.21.15.17:42678/0 (socket says 172.21.15.17:42678)
2024-03-24T02:51:14.753 INFO:teuthology.orchestra.run.smithi017.stdout:/usr/bin/ceph: stderr
2024-03-24T02:51:09.503+0000 7f76137fe700 1 -- 172.21.15.17:0/3054257431 learned_addr learned my addr 172.21.15.17:0/3054257431 (peer_addr_for_me v2:172.21.15.17:0/0)
2024-03-24T02:51:14.753 INFO:teuthology.orchestra.run.smithi017.stdout:/usr/bin/ceph: stderr
2024-03-24T02:51:09.503+0000 7f76137fe700 1 -- 172.21.15.17:0/3054257431 --> [v2:172.21.15.17:3300/0,v1:172.21.15.17:6789/0] -- mon_subscribe({config=0+,monmap=0+}) v3 -- 0x7f761419b200 con 0x7f7614106a10
2024-03-24T02:51:14.753 INFO:teuthology.orchestra.run.smithi017.stdout:/usr/bin/ceph: stderr
2024-03-24T02:51:09.503+0000 7f76137fe700 1 --2- 172.21.15.17:0/3054257431 >> [v2:172.21.15.17:3300/0,v1:172.21.15.17:6789/0] conn(0x7f7614106a10 0x7f761419acc0 secure :-1 s=READY pgs=46 cs=0 l=1 rev1=1 crypto rx=0x7f7604004210 tx=0x7f760400bd50 comp rx=0 tx=0).ready entity=mon.0 client_cookie=0 server_cookie=0 in_seq=0 out_seq=0
2024-03-24T02:51:14.753 INFO:teuthology.orchestra.run.smithi017.stdout:/usr/bin/ceph: stderr
2024-03-24T02:51:09.503+0000 7f7610ff9700 1 -- 172.21.15.17:0/3054257431 <== mon.0 v2:172.21.15.17:3300/0 1 ==== mon_map magic: 0 v1 ==== 205+0+0 (secure 0 0 0) 0x7f7604020020 con 0x7f7614106a10
2024-03-24T02:51:14.753 INFO:teuthology.orchestra.run.smithi017.stdout:/usr/bin/ceph: stderr
2024-03-24T02:51:09.503+0000 7f7610ff9700 1 -- 172.21.15.17:0/3054257431 <== mon.0 v2:172.21.15.17:3300/0 2 ==== config(27 keys) v1 ==== 1109+0+0 (secure 0 0 0) 0x7f7604003b50 con 0x7f7614106a10
2024-03-24T02:51:14.753 INFO:teuthology.orchestra.run.smithi017.stdout:/usr/bin/ceph: stderr
2024-03-24T02:51:09.503+0000 7f761a0b9700 1 -- 172.21.15.17:0/3054257431 --> [v2:172.21.15.17:3300/0,v1:172.21.15.17:6789/0] -- mon_subscribe({mgrmap=0+}) v3 -- 0x7f761419b490 con 0x7f7614106a10
2024-03-24T02:51:14.753 INFO:teuthology.orchestra.run.smithi017.stdout:/usr/bin/ceph: stderr
2024-03-24T02:51:09.503+0000 7f7610ff9700 1 -- 172.21.15.17:0/3054257431 <== mon.0 v2:172.21.15.17:3300/0 3 ==== mon_map magic: 0 v1 ==== 205+0+0 (secure 0 0 0) 0x7f7604017040 con 0x7f7614106a10
2024-03-24T02:51:14.753 INFO:teuthology.orchestra.run.smithi017.stdout:/usr/bin/ceph: stderr
2024-03-24T02:51:09.503+0000 7f761a0b9700 1 -- 172.21.15.17:0/3054257431 --> [v2:172.21.15.17:3300/0,v1:172.21.15.17:6789/0] -- mon_subscribe({osdmap=0}) v3 -- 0x7f761419e180 con 0x7f7614106a10
2024-03-24T02:51:14.753 INFO:teuthology.orchestra.run.smithi017.stdout:/usr/bin/ceph: stderr
2024-03-24T02:51:09.504+0000 7f7610ff9700 1 -- 172.21.15.17:0/3054257431 <== mon.0 v2:172.21.15.17:3300/0 4 ==== mgrmap(e 8) v1 ==== 46106+0+0 (secure 0 0 0) 0x7f7604023020 con 0x7f7614106a10
2024-03-24T02:51:14.753 INFO:teuthology.orchestra.run.smithi017.stdout:/usr/bin/ceph: stderr
2024-03-24T02:51:09.504+0000 7f7610ff9700 1 --2- 172.21.15.17:0/3054257431 >> [v2:172.21.15.17:6800/3007657427,v1:172.21.15.17:6801/3007657427] conn(0x7f7600038f70 0x7f760003b430 unknown :-1 s=NONE pgs=0 cs=0 l=1 rev1=0 crypto rx=0 tx=0 comp rx=0 tx=0).connect
2024-03-24T02:51:14.753 INFO:teuthology.orchestra.run.smithi017.stdout:/usr/bin/ceph: stderr
2024-03-24T02:51:09.504+0000 7f7610ff9700 1 -- 172.21.15.17:0/3054257431 <== mon.0 v2:172.21.15.17:3300/0 5 ==== osd_map(2..2 src has 1..2) v4 ==== 940+0+0 (secure 0 0 0) 0x7f760400f050 con 0x7f7614106a10
2024-03-24T02:51:14.754 INFO:teuthology.orchestra.run.smithi017.stdout:/usr/bin/ceph: stderr
2024-03-24T02:51:09.504+0000 7f761a0b9700 1 -- 172.21.15.17:0/3054257431 --> [v2:172.21.15.17:3300/0,v1:172.21.15.17:6789/0] -- mon_command({"prefix": "get_command_descriptions"} v 0) v1 -- 0x7f76140637c0 con 0x7f7614106a10
2024-03-24T02:51:14.754 INFO:teuthology.orchestra.run.smithi017.stdout:/usr/bin/ceph: stderr
2024-03-24T02:51:09.504+0000 7f7612ffd700 1 --2- 172.21.15.17:0/3054257431 >> [v2:172.21.15.17:6800/3007657427,v1:172.21.15.17:6801/3007657427] conn(0x7f7600038f70 0x7f760003b430 unknown :-1 s=BANNER_CONNECTING pgs=0 cs=0 l=1 rev1=0 crypto rx=0 tx=0 comp rx=0 tx=0)._handle_peer_banner_payload supported=3 required=0
2024-03-24T02:51:14.754 INFO:teuthology.orchestra.run.smithi017.stdout:/usr/bin/ceph: stderr
2024-03-24T02:51:09.505+0000 7f7612ffd700 1 --2- 172.21.15.17:0/3054257431 >> [v2:172.21.15.17:6800/3007657427,v1:172.21.15.17:6801/3007657427] conn(0x7f7600038f70 0x7f760003b430 secure :-1 s=READY pgs=11 cs=0 l=1 rev1=1 crypto rx=0x7f75fc006fd0 tx=0x7f75fc006e40 comp rx=0 tx=0).ready entity=mgr.14120 client_cookie=0 server_cookie=0 in_seq=0 out_seq=0
2024-03-24T02:51:14.754 INFO:teuthology.orchestra.run.smithi017.stdout:/usr/bin/ceph: stderr
2024-03-24T02:51:09.509+0000 7f7610ff9700 1 -- 172.21.15.17:0/3054257431 <== mon.0 v2:172.21.15.17:3300/0 6 ==== mon_command_ack([{"prefix": "get_command_descriptions"}]=0 v0) v1 ==== 72+0+186149 (secure 0 0 0) 0x7f760402a020 con 0x7f7614106a10
2024-03-24T02:51:14.754 INFO:teuthology.orchestra.run.smithi017.stdout:/usr/bin/ceph: stderr
2024-03-24T02:51:09.719+0000 7f761a0b9700 1 -- 172.21.15.17:0/3054257431 --> [v2:172.21.15.17:6800/3007657427,v1:172.21.15.17:6801/3007657427] -- mgr_command(tid 0: {"prefix": "orch host add", "hostname": "smithi017", "addr": "172.21.15.17", "target": ["mon-mgr", ""]}) v1 -- 0x7f761402daa0 con 0x7f7600038f70
2024-03-24T02:51:14.754 INFO:teuthology.orchestra.run.smithi017.stdout:/usr/bin/ceph: stderr
2024-03-24T02:51:14.125+0000 7f7610ff9700 1 -- 172.21.15.17:0/3054257431 <== mgr.14120 v2:172.21.15.17:6800/3007657427 1 ==== mgr_command_reply(tid 0: 0 ) v1 ==== 8+0+48 (secure 0 0 0) 0x7f761402daa0 con 0x7f7600038f70
2024-03-24T02:51:14.754 INFO:teuthology.orchestra.run.smithi017.stdout:/usr/bin/ceph: stderr
2024-03-24T02:51:14.127+0000 7f761a0b9700 1 -- 172.21.15.17:0/3054257431 >> [v2:172.21.15.17:6800/3007657427,v1:172.21.15.17:6801/3007657427] conn(0x7f7600038f70 msgr2=0x7f760003b430 secure :-1 s=STATE_CONNECTION_ESTABLISHED l=1).mark_down
2024-03-24T02:51:14.754 INFO:teuthology.orchestra.run.smithi017.stdout:/usr/bin/ceph: stderr
2024-03-24T02:51:14.127+0000 7f761a0b9700 1 --2- 172.21.15.17:0/3054257431 >> [v2:172.21.15.17:6800/3007657427,v1:172.21.15.17:6801/3007657427] conn(0x7f7600038f70 0x7f760003b430 secure :-1 s=READY pgs=11 cs=0 l=1 rev1=1 crypto rx=0x7f75fc006fd0 tx=0x7f75fc006e40 comp rx=0 tx=0).stop
2024-03-24T02:51:14.754 INFO:teuthology.orchestra.run.smithi017.stdout:/usr/bin/ceph: stderr
2024-03-24T02:51:14.127+0000 7f761a0b9700 1 -- 172.21.15.17:0/3054257431 >> [v2:172.21.15.17:3300/0,v1:172.21.15.17:6789/0] conn(0x7f7614106a10 msgr2=0x7f761419acc0 secure :-1 s=STATE_CONNECTION_ESTABLISHED l=1).mark_down
2024-03-24T02:51:14.754 INFO:teuthology.orchestra.run.smithi017.stdout:/usr/bin/ceph: stderr
2024-03-24T02:51:14.127+0000 7f761a0b9700 1 --2- 172.21.15.17:0/3054257431 >> [v2:172.21.15.17:3300/0,v1:172.21.15.17:6789/0] conn(0x7f7614106a10 0x7f761419acc0 secure :-1 s=READY pgs=46 cs=0 l=1 rev1=1 crypto rx=0x7f7604004210 tx=0x7f760400bd50 comp rx=0 tx=0).stop
2024-03-24T02:51:14.754 INFO:teuthology.orchestra.run.smithi017.stdout:/usr/bin/ceph: stderr
2024-03-24T02:51:14.127+0000 7f761a0b9700 1 -- 172.21.15.17:0/3054257431 shutdown_connections
2024-03-24T02:51:14.754 INFO:teuthology.orchestra.run.smithi017.stdout:/usr/bin/ceph: stderr
2024-03-24T02:51:14.127+0000 7f761a0b9700 1 --2- 172.21.15.17:0/3054257431 >> [v2:172.21.15.17:6800/3007657427,v1:172.21.15.17:6801/3007657427] conn(0x7f7600038f70 0x7f760003b430 unknown :-1 s=CLOSED pgs=11 cs=0 l=1 rev1=1 crypto rx=0 tx=0 comp rx=0 tx=0).stop
2024-03-24T02:51:14.754 INFO:teuthology.orchestra.run.smithi017.stdout:/usr/bin/ceph: stderr
2024-03-24T02:51:14.127+0000 7f761a0b9700 1 --2- 172.21.15.17:0/3054257431 >> [v2:172.21.15.17:3300/0,v1:172.21.15.17:6789/0] conn(0x7f7614106a10 0x7f761419acc0 unknown :-1 s=CLOSED pgs=46 cs=0 l=1 rev1=1 crypto rx=0 tx=0 comp rx=0 tx=0).stop
2024-03-24T02:51:14.755 INFO:teuthology.orchestra.run.smithi017.stdout:/usr/bin/ceph: stderr
2024-03-24T02:51:14.127+0000 7f761a0b9700 1 -- 172.21.15.17:0/3054257431 >> 172.21.15.17:0/3054257431 conn(0x7f7614102010 msgr2=0x7f7614102cc0 unknown :-1 s=STATE_NONE l=0).mark_down
2024-03-24T02:51:14.755 INFO:teuthology.orchestra.run.smithi017.stdout:/usr/bin/ceph: stderr
2024-03-24T02:51:14.127+0000 7f761a0b9700 1 -- 172.21.15.17:0/3054257431 shutdown_connections
2024-03-24T02:51:14.755 INFO:teuthology.orchestra.run.smithi017.stdout:/usr/bin/ceph: stderr
2024-03-24T02:51:14.127+0000 7f761a0b9700 1 -- 172.21.15.17:0/3054257431 wait complete.
2024-03-24T02:51:14.755 INFO:teuthology.orchestra.run.smithi017.stdout:Deploying unmanaged mon service...
2024-03-24T02:51:15.456 INFO:journalctl@ceph.mon.a.smithi017.stdout:Mar 24 02:51:15 smithi017 ceph-mon[31926]: from='mgr.14120 172.21.15.17:0/541739172' entity='mgr.x'
2024-03-24T02:51:15.456 INFO:journalctl@ceph.mon.a.smithi017.stdout:Mar 24 02:51:15 smithi017 ceph-mon[31926]: Added host smithi017
2024-03-24T02:51:15.456 INFO:journalctl@ceph.mon.a.smithi017.stdout:Mar 24 02:51:15 smithi017 ceph-mon[31926]: from='mgr.14120 172.21.15.17:0/541739172' entity='mgr.x' cmd=[{"prefix": "config dump", "format": "json"}]: dispatch
2024-03-24T02:51:16.101 INFO:teuthology.orchestra.run.smithi017.stdout:/usr/bin/ceph: stdout Scheduled mon update...
2024-03-24T02:51:16.101 INFO:teuthology.orchestra.run.smithi017.stdout:/usr/bin/ceph: stderr
2024-03-24T02:51:15.334+0000 7f4c0acf7700 1 Processor -- start
2024-03-24T02:51:16.101 INFO:teuthology.orchestra.run.smithi017.stdout:/usr/bin/ceph: stderr
2024-03-24T02:51:15.334+0000 7f4c0acf7700 1 -- start start
2024-03-24T02:51:16.101 INFO:teuthology.orchestra.run.smithi017.stdout:/usr/bin/ceph: stderr
2024-03-24T02:51:15.334+0000 7f4c0acf7700 1 --2- >> [v2:172.21.15.17:3300/0,v1:172.21.15.17:6789/0] conn(0x7f4c04105dd0 0x7f4c041061f0 unknown :-1 s=NONE pgs=0 cs=0 l=0 rev1=0 crypto rx=0 tx=0 comp rx=0 tx=0).connect
2024-03-24T02:51:16.101 INFO:teuthology.orchestra.run.smithi017.stdout:/usr/bin/ceph: stderr
2024-03-24T02:51:15.334+0000 7f4c0acf7700 1 -- --> [v2:172.21.15.17:3300/0,v1:172.21.15.17:6789/0] -- mon_getmap magic: 0 v1 -- 0x7f4c041067c0 con 0x7f4c04105dd0
2024-03-24T02:51:16.101 INFO:teuthology.orchestra.run.smithi017.stdout:/usr/bin/ceph: stderr
2024-03-24T02:51:15.334+0000 7f4c08a93700 1 --2- >> [v2:172.21.15.17:3300/0,v1:172.21.15.17:6789/0] conn(0x7f4c04105dd0 0x7f4c041061f0 unknown :-1 s=BANNER_CONNECTING pgs=0 cs=0 l=0 rev1=0 crypto rx=0 tx=0 comp rx=0 tx=0)._handle_peer_banner_payload supported=3 required=0
2024-03-24T02:51:16.101 INFO:teuthology.orchestra.run.smithi017.stdout:/usr/bin/ceph: stderr
2024-03-24T02:51:15.334+0000 7f4c08a93700 1 --2- >> [v2:172.21.15.17:3300/0,v1:172.21.15.17:6789/0] conn(0x7f4c04105dd0 0x7f4c041061f0 unknown :-1 s=HELLO_CONNECTING pgs=0 cs=0 l=0 rev1=1 crypto rx=0 tx=0 comp rx=0 tx=0).handle_hello peer v2:172.21.15.17:3300/0 says I am v2:172.21.15.17:52250/0 (socket says 172.21.15.17:52250)
2024-03-24T02:51:16.101 INFO:teuthology.orchestra.run.smithi017.stdout:/usr/bin/ceph: stderr
2024-03-24T02:51:15.334+0000 7f4c08a93700 1 -- 172.21.15.17:0/2441958134 learned_addr learned my addr 172.21.15.17:0/2441958134 (peer_addr_for_me v2:172.21.15.17:0/0)
2024-03-24T02:51:16.102 INFO:teuthology.orchestra.run.smithi017.stdout:/usr/bin/ceph: stderr
2024-03-24T02:51:15.334+0000 7f4c08a93700 1 -- 172.21.15.17:0/2441958134 --> [v2:172.21.15.17:3300/0,v1:172.21.15.17:6789/0] -- mon_subscribe({config=0+,monmap=0+}) v3 -- 0x7f4c04108d60 con 0x7f4c04105dd0
2024-03-24T02:51:16.102 INFO:teuthology.orchestra.run.smithi017.stdout:/usr/bin/ceph: stderr
2024-03-24T02:51:15.334+0000 7f4c08a93700 1 --2- 172.21.15.17:0/2441958134 >> [v2:172.21.15.17:3300/0,v1:172.21.15.17:6789/0] conn(0x7f4c04105dd0 0x7f4c041061f0 secure :-1 s=READY pgs=47 cs=0 l=1 rev1=1 crypto rx=0x7f4bf80098a0 tx=0x7f4bf8009bb0 comp rx=0 tx=0).ready entity=mon.0 client_cookie=905732d1d838864e server_cookie=0 in_seq=0 out_seq=0
2024-03-24T02:51:16.102 INFO:teuthology.orchestra.run.smithi017.stdout:/usr/bin/ceph: stderr
2024-03-24T02:51:15.334+0000 7f4c037fe700 1 -- 172.21.15.17:0/2441958134 <== mon.0 v2:172.21.15.17:3300/0 1 ==== mon_map magic: 0 v1 ==== 205+0+0 (secure 0 0 0) 0x7f4bf8004160 con 0x7f4c04105dd0
2024-03-24T02:51:16.102 INFO:teuthology.orchestra.run.smithi017.stdout:/usr/bin/ceph: stderr
2024-03-24T02:51:15.335+0000 7f4c037fe700 1 -- 172.21.15.17:0/2441958134 <== mon.0 v2:172.21.15.17:3300/0 2 ==== config(27 keys) v1 ==== 1109+0+0 (secure 0 0 0) 0x7f4bf8004300 con 0x7f4c04105dd0
2024-03-24T02:51:16.102 INFO:teuthology.orchestra.run.smithi017.stdout:/usr/bin/ceph: stderr
2024-03-24T02:51:15.335+0000 7f4c037fe700 1 -- 172.21.15.17:0/2441958134 <== mon.0 v2:172.21.15.17:3300/0 3 ==== mon_map magic: 0 v1 ==== 205+0+0 (secure 0 0 0) 0x7f4bf8011b50 con 0x7f4c04105dd0
2024-03-24T02:51:16.102 INFO:teuthology.orchestra.run.smithi017.stdout:/usr/bin/ceph: stderr
2024-03-24T02:51:15.335+0000 7f4c0acf7700 1 -- 172.21.15.17:0/2441958134 >> [v2:172.21.15.17:3300/0,v1:172.21.15.17:6789/0] conn(0x7f4c04105dd0 msgr2=0x7f4c041061f0 secure :-1 s=STATE_CONNECTION_ESTABLISHED l=1).mark_down
2024-03-24T02:51:16.102 INFO:teuthology.orchestra.run.smithi017.stdout:/usr/bin/ceph: stderr
2024-03-24T02:51:15.335+0000 7f4c0acf7700 1 --2- 172.21.15.17:0/2441958134 >> [v2:172.21.15.17:3300/0,v1:172.21.15.17:6789/0] conn(0x7f4c04105dd0 0x7f4c041061f0 secure :-1 s=READY pgs=47 cs=0 l=1 rev1=1 crypto rx=0x7f4bf80098a0 tx=0x7f4bf8009bb0 comp rx=0 tx=0).stop
2024-03-24T02:51:16.102 INFO:teuthology.orchestra.run.smithi017.stdout:/usr/bin/ceph: stderr
2024-03-24T02:51:15.335+0000 7f4c0acf7700 1 -- 172.21.15.17:0/2441958134 shutdown_connections
2024-03-24T02:51:16.102 INFO:teuthology.orchestra.run.smithi017.stdout:/usr/bin/ceph: stderr
2024-03-24T02:51:15.335+0000 7f4c0acf7700 1 --2- 172.21.15.17:0/2441958134 >> [v2:172.21.15.17:3300/0,v1:172.21.15.17:6789/0] conn(0x7f4c04105dd0 0x7f4c041061f0 unknown :-1 s=CLOSED pgs=47 cs=0 l=1 rev1=1 crypto rx=0 tx=0 comp rx=0 tx=0).stop
2024-03-24T02:51:16.102 INFO:teuthology.orchestra.run.smithi017.stdout:/usr/bin/ceph: stderr
2024-03-24T02:51:15.335+0000 7f4c0acf7700 1 -- 172.21.15.17:0/2441958134 >> 172.21.15.17:0/2441958134 conn(0x7f4c04101740 msgr2=0x7f4c04103b60 unknown :-1 s=STATE_NONE l=0).mark_down
2024-03-24T02:51:16.102 INFO:teuthology.orchestra.run.smithi017.stdout:/usr/bin/ceph: stderr
2024-03-24T02:51:15.335+0000 7f4c0acf7700 1 -- 172.21.15.17:0/2441958134 shutdown_connections
2024-03-24T02:51:16.102 INFO:teuthology.orchestra.run.smithi017.stdout:/usr/bin/ceph: stderr
2024-03-24T02:51:15.335+0000 7f4c0acf7700 1 -- 172.21.15.17:0/2441958134 wait complete.
2024-03-24T02:51:16.103 INFO:teuthology.orchestra.run.smithi017.stdout:/usr/bin/ceph: stderr
2024-03-24T02:51:15.336+0000 7f4c0acf7700 1 Processor -- start
2024-03-24T02:51:16.103 INFO:teuthology.orchestra.run.smithi017.stdout:/usr/bin/ceph: stderr
2024-03-24T02:51:15.336+0000 7f4c0acf7700 1 -- start start
2024-03-24T02:51:16.103 INFO:teuthology.orchestra.run.smithi017.stdout:/usr/bin/ceph: stderr
2024-03-24T02:51:15.336+0000 7f4c0acf7700 1 --2- >> [v2:172.21.15.17:3300/0,v1:172.21.15.17:6789/0] conn(0x7f4c04105dd0 0x7f4c0419bad0 unknown :-1 s=NONE pgs=0 cs=0 l=1 rev1=0 crypto rx=0 tx=0 comp rx=0 tx=0).connect
2024-03-24T02:51:16.103 INFO:teuthology.orchestra.run.smithi017.stdout:/usr/bin/ceph: stderr
2024-03-24T02:51:15.336+0000 7f4c0acf7700 1 -- --> [v2:172.21.15.17:3300/0,v1:172.21.15.17:6789/0] -- mon_getmap magic: 0 v1 -- 0x7f4c0410c110 con 0x7f4c04105dd0
2024-03-24T02:51:16.103 INFO:teuthology.orchestra.run.smithi017.stdout:/usr/bin/ceph: stderr
2024-03-24T02:51:15.336+0000 7f4c08a93700 1 --2- >> [v2:172.21.15.17:3300/0,v1:172.21.15.17:6789/0] conn(0x7f4c04105dd0 0x7f4c0419bad0 unknown :-1 s=BANNER_CONNECTING pgs=0 cs=0 l=1 rev1=0 crypto rx=0 tx=0 comp rx=0 tx=0)._handle_peer_banner_payload supported=3 required=0
2024-03-24T02:51:16.103 INFO:teuthology.orchestra.run.smithi017.stdout:/usr/bin/ceph: stderr
2024-03-24T02:51:15.336+0000 7f4c08a93700 1 --2- >> [v2:172.21.15.17:3300/0,v1:172.21.15.17:6789/0] conn(0x7f4c04105dd0 0x7f4c0419bad0 unknown :-1 s=HELLO_CONNECTING pgs=0 cs=0 l=1 rev1=1 crypto rx=0 tx=0 comp rx=0 tx=0).handle_hello peer v2:172.21.15.17:3300/0 says I am v2:172.21.15.17:52254/0 (socket says 172.21.15.17:52254)
2024-03-24T02:51:16.103 INFO:teuthology.orchestra.run.smithi017.stdout:/usr/bin/ceph: stderr
2024-03-24T02:51:15.336+0000 7f4c08a93700 1 -- 172.21.15.17:0/679020548 learned_addr learned my addr 172.21.15.17:0/679020548 (peer_addr_for_me v2:172.21.15.17:0/0)
2024-03-24T02:51:16.103 INFO:teuthology.orchestra.run.smithi017.stdout:/usr/bin/ceph: stderr
2024-03-24T02:51:15.336+0000 7f4c08a93700 1 -- 172.21.15.17:0/679020548 --> [v2:172.21.15.17:3300/0,v1:172.21.15.17:6789/0] -- mon_subscribe({config=0+,monmap=0+}) v3 -- 0x7f4c0419c010 con 0x7f4c04105dd0
2024-03-24T02:51:16.103 INFO:teuthology.orchestra.run.smithi017.stdout:/usr/bin/ceph: stderr
2024-03-24T02:51:15.336+0000 7f4c08a93700 1 --2- 172.21.15.17:0/679020548 >> [v2:172.21.15.17:3300/0,v1:172.21.15.17:6789/0] conn(0x7f4c04105dd0 0x7f4c0419bad0 secure :-1 s=READY pgs=48 cs=0 l=1 rev1=1 crypto rx=0x7f4bf8011850 tx=0x7f4bf8011c10 comp rx=0 tx=0).ready entity=mon.0 client_cookie=0 server_cookie=0 in_seq=0 out_seq=0
2024-03-24T02:51:16.103 INFO:teuthology.orchestra.run.smithi017.stdout:/usr/bin/ceph: stderr
2024-03-24T02:51:15.337+0000 7f4c01ffb700 1 -- 172.21.15.17:0/679020548 <== mon.0 v2:172.21.15.17:3300/0 1 ==== mon_map magic: 0 v1 ==== 205+0+0 (secure 0 0 0) 0x7f4bf8003af0 con 0x7f4c04105dd0
2024-03-24T02:51:16.103 INFO:teuthology.orchestra.run.smithi017.stdout:/usr/bin/ceph: stderr
2024-03-24T02:51:15.337+0000 7f4c01ffb700 1 -- 172.21.15.17:0/679020548 <== mon.0 v2:172.21.15.17:3300/0 2 ==== config(27 keys) v1 ==== 1109+0+0 (secure 0 0 0) 0x7f4bf8020070 con 0x7f4c04105dd0
2024-03-24T02:51:16.103 INFO:teuthology.orchestra.run.smithi017.stdout:/usr/bin/ceph: stderr
2024-03-24T02:51:15.337+0000 7f4c0acf7700 1 -- 172.21.15.17:0/679020548 --> [v2:172.21.15.17:3300/0,v1:172.21.15.17:6789/0] -- mon_subscribe({mgrmap=0+}) v3 -- 0x7f4c0419c2a0 con 0x7f4c04105dd0
2024-03-24T02:51:16.103 INFO:teuthology.orchestra.run.smithi017.stdout:/usr/bin/ceph: stderr
2024-03-24T02:51:15.337+0000 7f4c01ffb700 1 -- 172.21.15.17:0/679020548 <== mon.0 v2:172.21.15.17:3300/0 3 ==== mon_map magic: 0 v1 ==== 205+0+0 (secure 0 0 0) 0x7f4bf80195a0 con 0x7f4c04105dd0
2024-03-24T02:51:16.103 INFO:teuthology.orchestra.run.smithi017.stdout:/usr/bin/ceph: stderr
2024-03-24T02:51:15.337+0000 7f4c0acf7700 1 -- 172.21.15.17:0/679020548 --> [v2:172.21.15.17:3300/0,v1:172.21.15.17:6789/0] -- mon_subscribe({osdmap=0}) v3 -- 0x7f4c0419ef90 con 0x7f4c04105dd0
2024-03-24T02:51:16.104 INFO:teuthology.orchestra.run.smithi017.stdout:/usr/bin/ceph: stderr
2024-03-24T02:51:15.338+0000 7f4c01ffb700 1 -- 172.21.15.17:0/679020548 <== mon.0 v2:172.21.15.17:3300/0 4 ==== mgrmap(e 8) v1 ==== 46106+0+0 (secure 0 0 0) 0x7f4bf801a430 con 0x7f4c04105dd0
2024-03-24T02:51:16.104 INFO:teuthology.orchestra.run.smithi017.stdout:/usr/bin/ceph: stderr
2024-03-24T02:51:15.338+0000 7f4c0acf7700 1 -- 172.21.15.17:0/679020548 --> [v2:172.21.15.17:3300/0,v1:172.21.15.17:6789/0] -- mon_command({"prefix": "get_command_descriptions"} v 0) v1 -- 0x7f4c040637c0 con 0x7f4c04105dd0
2024-03-24T02:51:16.104 INFO:teuthology.orchestra.run.smithi017.stdout:/usr/bin/ceph: stderr
2024-03-24T02:51:15.338+0000 7f4c01ffb700 1 --2- 172.21.15.17:0/679020548 >> [v2:172.21.15.17:6800/3007657427,v1:172.21.15.17:6801/3007657427] conn(0x7f4bf4038f70 0x7f4bf403b430 unknown :-1 s=NONE pgs=0 cs=0 l=1 rev1=0 crypto rx=0 tx=0 comp rx=0 tx=0).connect
2024-03-24T02:51:16.104 INFO:teuthology.orchestra.run.smithi017.stdout:/usr/bin/ceph: stderr
2024-03-24T02:51:15.338+0000 7f4c01ffb700 1 -- 172.21.15.17:0/679020548 <== mon.0 v2:172.21.15.17:3300/0 5 ==== osd_map(2..2 src has 1..2) v4 ==== 940+0+0 (secure 0 0 0) 0x7f4bf8011e00 con 0x7f4c04105dd0
2024-03-24T02:51:16.104 INFO:teuthology.orchestra.run.smithi017.stdout:/usr/bin/ceph: stderr
2024-03-24T02:51:15.338+0000 7f4c03fff700 1 --2- 172.21.15.17:0/679020548 >> [v2:172.21.15.17:6800/3007657427,v1:172.21.15.17:6801/3007657427] conn(0x7f4bf4038f70 0x7f4bf403b430 unknown :-1 s=BANNER_CONNECTING pgs=0 cs=0 l=1 rev1=0 crypto rx=0 tx=0 comp rx=0 tx=0)._handle_peer_banner_payload supported=3 required=0
2024-03-24T02:51:16.104 INFO:teuthology.orchestra.run.smithi017.stdout:/usr/bin/ceph: stderr
2024-03-24T02:51:15.339+0000 7f4c03fff700 1 --2- 172.21.15.17:0/679020548 >> [v2:172.21.15.17:6800/3007657427,v1:172.21.15.17:6801/3007657427] conn(0x7f4bf4038f70 0x7f4bf403b430 secure :-1 s=READY pgs=12 cs=0 l=1 rev1=1 crypto rx=0x7f4bf0006fd0 tx=0x7f4bf0006e40 comp rx=0 tx=0).ready entity=mgr.14120 client_cookie=0 server_cookie=0 in_seq=0 out_seq=0
2024-03-24T02:51:16.104 INFO:teuthology.orchestra.run.smithi017.stdout:/usr/bin/ceph: stderr
2024-03-24T02:51:15.343+0000 7f4c01ffb700 1 -- 172.21.15.17:0/679020548 <== mon.0 v2:172.21.15.17:3300/0 6 ==== mon_command_ack([{"prefix": "get_command_descriptions"}]=0 v0) v1 ==== 72+0+186149 (secure 0 0 0) 0x7f4bf8021270 con 0x7f4c04105dd0
2024-03-24T02:51:16.104 INFO:teuthology.orchestra.run.smithi017.stdout:/usr/bin/ceph: stderr
2024-03-24T02:51:15.563+0000 7f4c0acf7700 1 -- 172.21.15.17:0/679020548 --> [v2:172.21.15.17:6800/3007657427,v1:172.21.15.17:6801/3007657427] -- mgr_command(tid 0: {"prefix": "orch apply", "service_type": "mon", "unmanaged": true, "target": ["mon-mgr", ""]}) v1 -- 0x7f4c04102910 con 0x7f4bf4038f70
2024-03-24T02:51:16.104 INFO:teuthology.orchestra.run.smithi017.stdout:/usr/bin/ceph: stderr
2024-03-24T02:51:15.568+0000 7f4c01ffb700 1 -- 172.21.15.17:0/679020548 <== mgr.14120 v2:172.21.15.17:6800/3007657427 1 ==== mgr_command_reply(tid 0: 0 ) v1 ==== 8+0+24 (secure 0 0 0) 0x7f4c04102910 con 0x7f4bf4038f70
2024-03-24T02:51:16.104 INFO:teuthology.orchestra.run.smithi017.stdout:/usr/bin/ceph: stderr
2024-03-24T02:51:15.570+0000 7f4c0acf7700 1 -- 172.21.15.17:0/679020548 >> [v2:172.21.15.17:6800/3007657427,v1:172.21.15.17:6801/3007657427] conn(0x7f4bf4038f70 msgr2=0x7f4bf403b430 secure :-1 s=STATE_CONNECTION_ESTABLISHED l=1).mark_down
2024-03-24T02:51:16.104 INFO:teuthology.orchestra.run.smithi017.stdout:/usr/bin/ceph: stderr
2024-03-24T02:51:15.570+0000 7f4c0acf7700 1 --2- 172.21.15.17:0/679020548 >> [v2:172.21.15.17:6800/3007657427,v1:172.21.15.17:6801/3007657427] conn(0x7f4bf4038f70 0x7f4bf403b430 secure :-1 s=READY pgs=12 cs=0 l=1 rev1=1 crypto rx=0x7f4bf0006fd0 tx=0x7f4bf0006e40 comp rx=0 tx=0).stop
2024-03-24T02:51:16.104 INFO:teuthology.orchestra.run.smithi017.stdout:/usr/bin/ceph: stderr
2024-03-24T02:51:15.570+0000 7f4c0acf7700 1 -- 172.21.15.17:0/679020548 >> [v2:172.21.15.17:3300/0,v1:172.21.15.17:6789/0] conn(0x7f4c04105dd0 msgr2=0x7f4c0419bad0 secure :-1 s=STATE_CONNECTION_ESTABLISHED l=1).mark_down
2024-03-24T02:51:16.104 INFO:teuthology.orchestra.run.smithi017.stdout:/usr/bin/ceph: stderr
2024-03-24T02:51:15.570+0000 7f4c0acf7700 1 --2- 172.21.15.17:0/679020548 >> [v2:172.21.15.17:3300/0,v1:172.21.15.17:6789/0] conn(0x7f4c04105dd0 0x7f4c0419bad0 secure :-1 s=READY pgs=48 cs=0 l=1 rev1=1 crypto rx=0x7f4bf8011850 tx=0x7f4bf8011c10 comp rx=0 tx=0).stop
2024-03-24T02:51:16.104 INFO:teuthology.orchestra.run.smithi017.stdout:/usr/bin/ceph: stderr
2024-03-24T02:51:15.570+0000 7f4c0acf7700 1 -- 172.21.15.17:0/679020548 shutdown_connections
2024-03-24T02:51:16.105 INFO:teuthology.orchestra.run.smithi017.stdout:/usr/bin/ceph: stderr
2024-03-24T02:51:15.570+0000 7f4c0acf7700 1 --2- 172.21.15.17:0/679020548 >> [v2:172.21.15.17:6800/3007657427,v1:172.21.15.17:6801/3007657427] conn(0x7f4bf4038f70 0x7f4bf403b430 unknown :-1 s=CLOSED pgs=12 cs=0 l=1 rev1=1 crypto rx=0 tx=0 comp rx=0 tx=0).stop
2024-03-24T02:51:16.105 INFO:teuthology.orchestra.run.smithi017.stdout:/usr/bin/ceph: stderr
2024-03-24T02:51:15.570+0000 7f4c0acf7700 1 --2- 172.21.15.17:0/679020548 >> [v2:172.21.15.17:3300/0,v1:172.21.15.17:6789/0] conn(0x7f4c04105dd0 0x7f4c0419bad0 unknown :-1 s=CLOSED pgs=48 cs=0 l=1 rev1=1 crypto rx=0 tx=0 comp rx=0 tx=0).stop
2024-03-24T02:51:16.105 INFO:teuthology.orchestra.run.smithi017.stdout:/usr/bin/ceph: stderr
2024-03-24T02:51:15.570+0000 7f4c0acf7700 1 -- 172.21.15.17:0/679020548 >> 172.21.15.17:0/679020548 conn(0x7f4c04101740 msgr2=0x7f4c04102200 unknown :-1 s=STATE_NONE l=0).mark_down
2024-03-24T02:51:16.105 INFO:teuthology.orchestra.run.smithi017.stdout:/usr/bin/ceph: stderr
2024-03-24T02:51:15.570+0000 7f4c0acf7700 1 -- 172.21.15.17:0/679020548 shutdown_connections
2024-03-24T02:51:16.105 INFO:teuthology.orchestra.run.smithi017.stdout:/usr/bin/ceph: stderr
2024-03-24T02:51:15.570+0000 7f4c0acf7700 1 -- 172.21.15.17:0/679020548 wait complete.
2024-03-24T02:51:16.105 INFO:teuthology.orchestra.run.smithi017.stdout:Deploying unmanaged mgr service...
2024-03-24T02:51:16.728 INFO:journalctl@ceph.mon.a.smithi017.stdout:Mar 24 02:51:16 smithi017 ceph-mon[31926]: from='client.14142 -' entity='client.admin' cmd=[{"prefix": "orch apply", "service_type": "mon", "unmanaged": true, "target": ["mon-mgr", ""]}]: dispatch
2024-03-24T02:51:16.728 INFO:journalctl@ceph.mon.a.smithi017.stdout:Mar 24 02:51:16 smithi017 ceph-mon[31926]: Saving service mon spec with placement count:5
2024-03-24T02:51:16.728 INFO:journalctl@ceph.mon.a.smithi017.stdout:Mar 24 02:51:16 smithi017 ceph-mon[31926]: from='mgr.14120 172.21.15.17:0/541739172' entity='mgr.x'
2024-03-24T02:51:17.320 INFO:teuthology.orchestra.run.smithi017.stdout:/usr/bin/ceph: stdout Scheduled mgr update...
2024-03-24T02:51:17.326 INFO:teuthology.orchestra.run.smithi017.stdout:/usr/bin/ceph: stderr
2024-03-24T02:51:16.499+0000 7f0f3b2f3700 1 Processor -- start
2024-03-24T02:51:17.326 INFO:teuthology.orchestra.run.smithi017.stdout:/usr/bin/ceph: stderr
2024-03-24T02:51:16.499+0000 7f0f3b2f3700 1 -- start start
2024-03-24T02:51:17.326 INFO:teuthology.orchestra.run.smithi017.stdout:/usr/bin/ceph: stderr
2024-03-24T02:51:16.499+0000 7f0f3b2f3700 1 --2- >> [v2:172.21.15.17:3300/0,v1:172.21.15.17:6789/0] conn(0x7f0f3407de60 0x7f0f3407c2c0 unknown :-1 s=NONE pgs=0 cs=0 l=0 rev1=0 crypto rx=0 tx=0 comp rx=0 tx=0).connect
2024-03-24T02:51:17.326 INFO:teuthology.orchestra.run.smithi017.stdout:/usr/bin/ceph: stderr
2024-03-24T02:51:16.499+0000 7f0f3b2f3700 1 -- --> [v2:172.21.15.17:3300/0,v1:172.21.15.17:6789/0] -- mon_getmap magic: 0 v1 -- 0x7f0f3407c890 con 0x7f0f3407de60
2024-03-24T02:51:17.326 INFO:teuthology.orchestra.run.smithi017.stdout:/usr/bin/ceph: stderr
2024-03-24T02:51:16.500+0000 7f0f3908f700 1 --2- >> [v2:172.21.15.17:3300/0,v1:172.21.15.17:6789/0] conn(0x7f0f3407de60 0x7f0f3407c2c0 unknown :-1 s=BANNER_CONNECTING pgs=0 cs=0 l=0 rev1=0 crypto rx=0 tx=0 comp rx=0 tx=0)._handle_peer_banner_payload supported=3 required=0
2024-03-24T02:51:17.326 INFO:teuthology.orchestra.run.smithi017.stdout:/usr/bin/ceph: stderr
2024-03-24T02:51:16.500+0000 7f0f3908f700 1 --2- >> [v2:172.21.15.17:3300/0,v1:172.21.15.17:6789/0] conn(0x7f0f3407de60 0x7f0f3407c2c0 unknown :-1 s=HELLO_CONNECTING pgs=0 cs=0 l=0 rev1=1 crypto rx=0 tx=0 comp rx=0 tx=0).handle_hello peer v2:172.21.15.17:3300/0 says I am v2:172.21.15.17:52266/0 (socket says 172.21.15.17:52266)
2024-03-24T02:51:17.326 INFO:teuthology.orchestra.run.smithi017.stdout:/usr/bin/ceph: stderr
2024-03-24T02:51:16.500+0000 7f0f3908f700 1 -- 172.21.15.17:0/4133499986 learned_addr learned my addr 172.21.15.17:0/4133499986 (peer_addr_for_me v2:172.21.15.17:0/0)
2024-03-24T02:51:17.327 INFO:teuthology.orchestra.run.smithi017.stdout:/usr/bin/ceph: stderr
2024-03-24T02:51:16.500+0000 7f0f3908f700 1 -- 172.21.15.17:0/4133499986 --> [v2:172.21.15.17:3300/0,v1:172.21.15.17:6789/0] -- mon_subscribe({config=0+,monmap=0+}) v3 -- 0x7f0f3407ca10 con 0x7f0f3407de60
2024-03-24T02:51:17.327 INFO:teuthology.orchestra.run.smithi017.stdout:/usr/bin/ceph: stderr
2024-03-24T02:51:16.500+0000 7f0f3908f700 1 --2- 172.21.15.17:0/4133499986 >> [v2:172.21.15.17:3300/0,v1:172.21.15.17:6789/0] conn(0x7f0f3407de60 0x7f0f3407c2c0 secure :-1 s=READY pgs=49 cs=0 l=1 rev1=1 crypto rx=0x7f0f300098a0 tx=0x7f0f30009bb0 comp rx=0 tx=0).ready entity=mon.0 client_cookie=8c82c19a06e02030 server_cookie=0 in_seq=0 out_seq=0
2024-03-24T02:51:17.327 INFO:teuthology.orchestra.run.smithi017.stdout:/usr/bin/ceph: stderr
2024-03-24T02:51:16.500+0000 7f0f2bfff700 1 -- 172.21.15.17:0/4133499986 <== mon.0 v2:172.21.15.17:3300/0 1 ==== mon_map magic: 0 v1 ==== 205+0+0 (secure 0 0 0) 0x7f0f30004160 con 0x7f0f3407de60
2024-03-24T02:51:17.327 INFO:teuthology.orchestra.run.smithi017.stdout:/usr/bin/ceph: stderr
2024-03-24T02:51:16.500+0000 7f0f2bfff700 1 -- 172.21.15.17:0/4133499986 <== mon.0 v2:172.21.15.17:3300/0 2 ==== config(27 keys) v1 ==== 1109+0+0 (secure 0 0 0) 0x7f0f30004300 con 0x7f0f3407de60
2024-03-24T02:51:17.327 INFO:teuthology.orchestra.run.smithi017.stdout:/usr/bin/ceph: stderr
2024-03-24T02:51:16.500+0000 7f0f2bfff700 1 -- 172.21.15.17:0/4133499986 <== mon.0 v2:172.21.15.17:3300/0 3 ==== mon_map magic: 0 v1 ==== 205+0+0 (secure 0 0 0) 0x7f0f30011b50 con 0x7f0f3407de60
2024-03-24T02:51:17.327 INFO:teuthology.orchestra.run.smithi017.stdout:/usr/bin/ceph: stderr
2024-03-24T02:51:16.501+0000 7f0f3b2f3700 1 -- 172.21.15.17:0/4133499986 >> [v2:172.21.15.17:3300/0,v1:172.21.15.17:6789/0] conn(0x7f0f3407de60 msgr2=0x7f0f3407c2c0 secure :-1 s=STATE_CONNECTION_ESTABLISHED l=1).mark_down
2024-03-24T02:51:17.327 INFO:teuthology.orchestra.run.smithi017.stdout:/usr/bin/ceph: stderr
2024-03-24T02:51:16.501+0000 7f0f3b2f3700 1 --2- 172.21.15.17:0/4133499986 >> [v2:172.21.15.17:3300/0,v1:172.21.15.17:6789/0] conn(0x7f0f3407de60 0x7f0f3407c2c0 secure :-1 s=READY pgs=49 cs=0 l=1 rev1=1 crypto rx=0x7f0f300098a0 tx=0x7f0f30009bb0 comp rx=0 tx=0).stop
2024-03-24T02:51:17.327 INFO:teuthology.orchestra.run.smithi017.stdout:/usr/bin/ceph: stderr
2024-03-24T02:51:16.501+0000 7f0f3b2f3700 1 -- 172.21.15.17:0/4133499986 shutdown_connections
2024-03-24T02:51:17.327 INFO:teuthology.orchestra.run.smithi017.stdout:/usr/bin/ceph: stderr
2024-03-24T02:51:16.501+0000 7f0f3b2f3700 1 --2- 172.21.15.17:0/4133499986 >> [v2:172.21.15.17:3300/0,v1:172.21.15.17:6789/0] conn(0x7f0f3407de60 0x7f0f3407c2c0 unknown :-1 s=CLOSED pgs=49 cs=0 l=1 rev1=1 crypto rx=0 tx=0 comp rx=0 tx=0).stop
2024-03-24T02:51:17.327 INFO:teuthology.orchestra.run.smithi017.stdout:/usr/bin/ceph: stderr
2024-03-24T02:51:16.501+0000 7f0f3b2f3700 1 -- 172.21.15.17:0/4133499986 >> 172.21.15.17:0/4133499986 conn(0x7f0f341030b0 msgr2=0x7f0f341054d0 unknown :-1 s=STATE_NONE l=0).mark_down
2024-03-24T02:51:17.327 INFO:teuthology.orchestra.run.smithi017.stdout:/usr/bin/ceph: stderr
2024-03-24T02:51:16.501+0000 7f0f3b2f3700 1 -- 172.21.15.17:0/4133499986 shutdown_connections
2024-03-24T02:51:17.327 INFO:teuthology.orchestra.run.smithi017.stdout:/usr/bin/ceph: stderr
2024-03-24T02:51:16.501+0000 7f0f3b2f3700 1 -- 172.21.15.17:0/4133499986 wait complete.
2024-03-24T02:51:17.327 INFO:teuthology.orchestra.run.smithi017.stdout:/usr/bin/ceph: stderr
2024-03-24T02:51:16.502+0000 7f0f3b2f3700 1 Processor -- start
2024-03-24T02:51:17.327 INFO:teuthology.orchestra.run.smithi017.stdout:/usr/bin/ceph: stderr
2024-03-24T02:51:16.502+0000 7f0f3b2f3700 1 -- start start
2024-03-24T02:51:17.328 INFO:teuthology.orchestra.run.smithi017.stdout:/usr/bin/ceph: stderr
2024-03-24T02:51:16.502+0000 7f0f3b2f3700 1 --2- >> [v2:172.21.15.17:3300/0,v1:172.21.15.17:6789/0] conn(0x7f0f3407de60 0x7f0f3419e020 unknown :-1 s=NONE pgs=0 cs=0 l=1 rev1=0 crypto rx=0 tx=0 comp rx=0 tx=0).connect
2024-03-24T02:51:17.328 INFO:teuthology.orchestra.run.smithi017.stdout:/usr/bin/ceph: stderr
2024-03-24T02:51:16.502+0000 7f0f3b2f3700 1 -- --> [v2:172.21.15.17:3300/0,v1:172.21.15.17:6789/0] -- mon_getmap magic: 0 v1 -- 0x7f0f3410e120 con 0x7f0f3407de60
2024-03-24T02:51:17.328 INFO:teuthology.orchestra.run.smithi017.stdout:/usr/bin/ceph: stderr
2024-03-24T02:51:16.502+0000 7f0f3908f700 1 --2- >> [v2:172.21.15.17:3300/0,v1:172.21.15.17:6789/0] conn(0x7f0f3407de60 0x7f0f3419e020 unknown :-1 s=BANNER_CONNECTING pgs=0 cs=0 l=1 rev1=0 crypto rx=0 tx=0 comp rx=0 tx=0)._handle_peer_banner_payload supported=3 required=0
2024-03-24T02:51:17.328 INFO:teuthology.orchestra.run.smithi017.stdout:/usr/bin/ceph: stderr
2024-03-24T02:51:16.502+0000 7f0f3908f700 1 --2- >> [v2:172.21.15.17:3300/0,v1:172.21.15.17:6789/0] conn(0x7f0f3407de60 0x7f0f3419e020 unknown :-1 s=HELLO_CONNECTING pgs=0 cs=0 l=1 rev1=1 crypto rx=0 tx=0 comp rx=0 tx=0).handle_hello peer v2:172.21.15.17:3300/0 says I am v2:172.21.15.17:52270/0 (socket says 172.21.15.17:52270)
2024-03-24T02:51:17.328 INFO:teuthology.orchestra.run.smithi017.stdout:/usr/bin/ceph: stderr
2024-03-24T02:51:16.502+0000 7f0f3908f700 1 -- 172.21.15.17:0/3012998569 learned_addr learned my addr 172.21.15.17:0/3012998569 (peer_addr_for_me v2:172.21.15.17:0/0)
2024-03-24T02:51:17.328 INFO:teuthology.orchestra.run.smithi017.stdout:/usr/bin/ceph: stderr
2024-03-24T02:51:16.502+0000 7f0f3908f700 1 -- 172.21.15.17:0/3012998569 --> [v2:172.21.15.17:3300/0,v1:172.21.15.17:6789/0] -- mon_subscribe({config=0+,monmap=0+}) v3 -- 0x7f0f3419e560 con 0x7f0f3407de60
2024-03-24T02:51:17.328 INFO:teuthology.orchestra.run.smithi017.stdout:/usr/bin/ceph: stderr
2024-03-24T02:51:16.502+0000 7f0f3908f700 1 --2- 172.21.15.17:0/3012998569 >> [v2:172.21.15.17:3300/0,v1:172.21.15.17:6789/0] conn(0x7f0f3407de60 0x7f0f3419e020 secure :-1 s=READY pgs=50 cs=0 l=1 rev1=1 crypto rx=0x7f0f30009fb0 tx=0x7f0f30011bf0 comp rx=0 tx=0).ready entity=mon.0 client_cookie=0 server_cookie=0 in_seq=0 out_seq=0
2024-03-24T02:51:17.328 INFO:teuthology.orchestra.run.smithi017.stdout:/usr/bin/ceph: stderr
2024-03-24T02:51:16.502+0000 7f0f2a7fc700 1 -- 172.21.15.17:0/3012998569 <== mon.0 v2:172.21.15.17:3300/0 1 ==== mon_map magic: 0 v1 ==== 205+0+0 (secure 0 0 0) 0x7f0f300038b0 con 0x7f0f3407de60
2024-03-24T02:51:17.328 INFO:teuthology.orchestra.run.smithi017.stdout:/usr/bin/ceph: stderr
2024-03-24T02:51:16.502+0000 7f0f2a7fc700 1 -- 172.21.15.17:0/3012998569 <== mon.0 v2:172.21.15.17:3300/0 2 ==== config(27 keys) v1 ==== 1109+0+0 (secure 0 0 0) 0x7f0f30011e50 con 0x7f0f3407de60
2024-03-24T02:51:17.328 INFO:teuthology.orchestra.run.smithi017.stdout:/usr/bin/ceph: stderr
2024-03-24T02:51:16.502+0000 7f0f3b2f3700 1 -- 172.21.15.17:0/3012998569 --> [v2:172.21.15.17:3300/0,v1:172.21.15.17:6789/0] -- mon_subscribe({mgrmap=0+}) v3 -- 0x7f0f3419e7f0 con 0x7f0f3407de60
2024-03-24T02:51:17.328 INFO:teuthology.orchestra.run.smithi017.stdout:/usr/bin/ceph: stderr
2024-03-24T02:51:16.502+0000 7f0f2a7fc700 1 -- 172.21.15.17:0/3012998569 <== mon.0 v2:172.21.15.17:3300/0 3 ==== mon_map magic: 0 v1 ==== 205+0+0 (secure 0 0 0) 0x7f0f30019420 con 0x7f0f3407de60
2024-03-24T02:51:17.328 INFO:teuthology.orchestra.run.smithi017.stdout:/usr/bin/ceph: stderr
2024-03-24T02:51:16.502+0000 7f0f3b2f3700 1 -- 172.21.15.17:0/3012998569 --> [v2:172.21.15.17:3300/0,v1:172.21.15.17:6789/0] -- mon_subscribe({osdmap=0}) v3 -- 0x7f0f341a14e0 con 0x7f0f3407de60
2024-03-24T02:51:17.328 INFO:teuthology.orchestra.run.smithi017.stdout:/usr/bin/ceph: stderr
2024-03-24T02:51:16.503+0000 7f0f2a7fc700 1 -- 172.21.15.17:0/3012998569 <== mon.0 v2:172.21.15.17:3300/0 4 ==== mgrmap(e 8) v1 ==== 46106+0+0 (secure 0 0 0) 0x7f0f30003a50 con 0x7f0f3407de60
2024-03-24T02:51:17.328 INFO:teuthology.orchestra.run.smithi017.stdout:/usr/bin/ceph: stderr
2024-03-24T02:51:16.503+0000 7f0f3b2f3700 1 -- 172.21.15.17:0/3012998569 --> [v2:172.21.15.17:3300/0,v1:172.21.15.17:6789/0] -- mon_command({"prefix": "get_command_descriptions"} v 0) v1 -- 0x7f0f340637c0 con 0x7f0f3407de60
2024-03-24T02:51:17.328 INFO:teuthology.orchestra.run.smithi017.stdout:/usr/bin/ceph: stderr
2024-03-24T02:51:16.503+0000 7f0f2a7fc700 1 --2- 172.21.15.17:0/3012998569 >> [v2:172.21.15.17:6800/3007657427,v1:172.21.15.17:6801/3007657427] conn(0x7f0f20038f20 0x7f0f2003b3e0 unknown :-1 s=NONE pgs=0 cs=0 l=1 rev1=0 crypto rx=0 tx=0 comp rx=0 tx=0).connect
2024-03-24T02:51:17.329 INFO:teuthology.orchestra.run.smithi017.stdout:/usr/bin/ceph: stderr
2024-03-24T02:51:16.504+0000 7f0f2a7fc700 1 -- 172.21.15.17:0/3012998569 <== mon.0 v2:172.21.15.17:3300/0 5 ==== osd_map(2..2 src has 1..2) v4 ==== 940+0+0 (secure 0 0 0) 0x7f0f3004d060 con 0x7f0f3407de60
2024-03-24T02:51:17.329 INFO:teuthology.orchestra.run.smithi017.stdout:/usr/bin/ceph: stderr
2024-03-24T02:51:16.504+0000 7f0f3888e700 1 --2- 172.21.15.17:0/3012998569 >> [v2:172.21.15.17:6800/3007657427,v1:172.21.15.17:6801/3007657427] conn(0x7f0f20038f20 0x7f0f2003b3e0 unknown :-1 s=BANNER_CONNECTING pgs=0 cs=0 l=1 rev1=0 crypto rx=0 tx=0 comp rx=0 tx=0)._handle_peer_banner_payload supported=3 required=0
2024-03-24T02:51:17.329 INFO:teuthology.orchestra.run.smithi017.stdout:/usr/bin/ceph: stderr
2024-03-24T02:51:16.504+0000 7f0f3888e700 1 --2- 172.21.15.17:0/3012998569 >> [v2:172.21.15.17:6800/3007657427,v1:172.21.15.17:6801/3007657427] conn(0x7f0f20038f20 0x7f0f2003b3e0 secure :-1 s=READY pgs=13 cs=0 l=1 rev1=1 crypto rx=0x7f0f24006fd0 tx=0x7f0f24006e40 comp rx=0 tx=0).ready entity=mgr.14120 client_cookie=0 server_cookie=0 in_seq=0 out_seq=0
2024-03-24T02:51:17.329 INFO:teuthology.orchestra.run.smithi017.stdout:/usr/bin/ceph: stderr
2024-03-24T02:51:16.508+0000 7f0f2a7fc700 1 -- 172.21.15.17:0/3012998569 <== mon.0 v2:172.21.15.17:3300/0 6 ==== mon_command_ack([{"prefix": "get_command_descriptions"}]=0 v0) v1 ==== 72+0+186149 (secure 0 0 0) 0x7f0f30023390 con 0x7f0f3407de60
2024-03-24T02:51:17.329 INFO:teuthology.orchestra.run.smithi017.stdout:/usr/bin/ceph: stderr
2024-03-24T02:51:16.729+0000 7f0f3b2f3700 1 -- 172.21.15.17:0/3012998569 --> [v2:172.21.15.17:6800/3007657427,v1:172.21.15.17:6801/3007657427] -- mgr_command(tid 0: {"prefix": "orch apply", "service_type": "mgr", "unmanaged": true, "target": ["mon-mgr", ""]}) v1 -- 0x7f0f3402daa0 con 0x7f0f20038f20
2024-03-24T02:51:17.329 INFO:teuthology.orchestra.run.smithi017.stdout:/usr/bin/ceph: stderr
2024-03-24T02:51:16.733+0000 7f0f2a7fc700 1 -- 172.21.15.17:0/3012998569 <== mgr.14120 v2:172.21.15.17:6800/3007657427 1 ==== mgr_command_reply(tid 0: 0 ) v1 ==== 8+0+24 (secure 0 0 0) 0x7f0f3402daa0 con 0x7f0f20038f20
2024-03-24T02:51:17.329 INFO:teuthology.orchestra.run.smithi017.stdout:/usr/bin/ceph: stderr
2024-03-24T02:51:16.735+0000 7f0f3b2f3700 1 -- 172.21.15.17:0/3012998569 >> [v2:172.21.15.17:6800/3007657427,v1:172.21.15.17:6801/3007657427] conn(0x7f0f20038f20 msgr2=0x7f0f2003b3e0 secure :-1 s=STATE_CONNECTION_ESTABLISHED l=1).mark_down
2024-03-24T02:51:17.329 INFO:teuthology.orchestra.run.smithi017.stdout:/usr/bin/ceph: stderr
2024-03-24T02:51:16.735+0000 7f0f3b2f3700 1 --2- 172.21.15.17:0/3012998569 >> [v2:172.21.15.17:6800/3007657427,v1:172.21.15.17:6801/3007657427] conn(0x7f0f20038f20 0x7f0f2003b3e0 secure :-1 s=READY pgs=13 cs=0 l=1 rev1=1 crypto rx=0x7f0f24006fd0 tx=0x7f0f24006e40 comp rx=0 tx=0).stop
2024-03-24T02:51:17.329 INFO:teuthology.orchestra.run.smithi017.stdout:/usr/bin/ceph: stderr
2024-03-24T02:51:16.735+0000 7f0f3b2f3700 1 -- 172.21.15.17:0/3012998569 >> [v2:172.21.15.17:3300/0,v1:172.21.15.17:6789/0] conn(0x7f0f3407de60 msgr2=0x7f0f3419e020 secure :-1 s=STATE_CONNECTION_ESTABLISHED l=1).mark_down
2024-03-24T02:51:17.329 INFO:teuthology.orchestra.run.smithi017.stdout:/usr/bin/ceph: stderr
2024-03-24T02:51:16.735+0000 7f0f3b2f3700 1 --2- 172.21.15.17:0/3012998569 >> [v2:172.21.15.17:3300/0,v1:172.21.15.17:6789/0] conn(0x7f0f3407de60 0x7f0f3419e020 secure :-1 s=READY pgs=50 cs=0 l=1 rev1=1 crypto rx=0x7f0f30009fb0 tx=0x7f0f30011bf0 comp rx=0 tx=0).stop
2024-03-24T02:51:17.329 INFO:teuthology.orchestra.run.smithi017.stdout:/usr/bin/ceph: stderr
2024-03-24T02:51:16.735+0000 7f0f3b2f3700 1 -- 172.21.15.17:0/3012998569 shutdown_connections
2024-03-24T02:51:17.329 INFO:teuthology.orchestra.run.smithi017.stdout:/usr/bin/ceph: stderr
2024-03-24T02:51:16.735+0000 7f0f3b2f3700 1 --2- 172.21.15.17:0/3012998569 >> [v2:172.21.15.17:6800/3007657427,v1:172.21.15.17:6801/3007657427] conn(0x7f0f20038f20 0x7f0f2003b3e0 unknown :-1 s=CLOSED pgs=13 cs=0 l=1 rev1=1 crypto rx=0 tx=0 comp rx=0 tx=0).stop
2024-03-24T02:51:17.329 INFO:teuthology.orchestra.run.smithi017.stdout:/usr/bin/ceph: stderr
2024-03-24T02:51:16.735+0000 7f0f3b2f3700 1 --2- 172.21.15.17:0/3012998569 >> [v2:172.21.15.17:3300/0,v1:172.21.15.17:6789/0] conn(0x7f0f3407de60 0x7f0f3419e020 unknown :-1 s=CLOSED pgs=50 cs=0 l=1 rev1=1 crypto rx=0 tx=0 comp rx=0 tx=0).stop
2024-03-24T02:51:17.329 INFO:teuthology.orchestra.run.smithi017.stdout:/usr/bin/ceph: stderr
2024-03-24T02:51:16.735+0000 7f0f3b2f3700 1 -- 172.21.15.17:0/3012998569 >> 172.21.15.17:0/3012998569 conn(0x7f0f341030b0 msgr2=0x7f0f34103f00 unknown :-1 s=STATE_NONE l=0).mark_down
2024-03-24T02:51:17.329 INFO:teuthology.orchestra.run.smithi017.stdout:/usr/bin/ceph: stderr
2024-03-24T02:51:16.735+0000 7f0f3b2f3700 1 -- 172.21.15.17:0/3012998569 shutdown_connections
2024-03-24T02:51:17.330 INFO:teuthology.orchestra.run.smithi017.stdout:/usr/bin/ceph: stderr
2024-03-24T02:51:16.735+0000 7f0f3b2f3700 1 -- 172.21.15.17:0/3012998569 wait complete.
2024-03-24T02:51:17.930 INFO:journalctl@ceph.mon.a.smithi017.stdout:Mar 24 02:51:17 smithi017 ceph-mon[31926]: from='client.14144 -' entity='client.admin' cmd=[{"prefix": "orch apply", "service_type": "mgr", "unmanaged": true, "target": ["mon-mgr", ""]}]: dispatch
2024-03-24T02:51:17.930 INFO:journalctl@ceph.mon.a.smithi017.stdout:Mar 24 02:51:17 smithi017 ceph-mon[31926]: Saving service mgr spec with placement count:2
2024-03-24T02:51:17.930 INFO:journalctl@ceph.mon.a.smithi017.stdout:Mar 24 02:51:17 smithi017 ceph-mon[31926]: from='mgr.14120 172.21.15.17:0/541739172' entity='mgr.x'
2024-03-24T02:51:19.179 INFO:teuthology.orchestra.run.smithi017.stdout:/usr/bin/ceph: stderr
2024-03-24T02:51:17.958+0000 7f155337b700 1 Processor -- start
2024-03-24T02:51:19.179 INFO:teuthology.orchestra.run.smithi017.stdout:/usr/bin/ceph: stderr
2024-03-24T02:51:17.958+0000 7f155337b700 1 -- start start
2024-03-24T02:51:19.179 INFO:teuthology.orchestra.run.smithi017.stdout:/usr/bin/ceph: stderr
2024-03-24T02:51:17.958+0000 7f155337b700 1 --2- >> [v2:172.21.15.17:3300/0,v1:172.21.15.17:6789/0] conn(0x7f154c107ae0 0x7f154c107f00 unknown :-1 s=NONE pgs=0 cs=0 l=0 rev1=0 crypto rx=0 tx=0 comp rx=0 tx=0).connect
2024-03-24T02:51:19.179 INFO:teuthology.orchestra.run.smithi017.stdout:/usr/bin/ceph: stderr
2024-03-24T02:51:17.958+0000 7f155337b700 1 -- --> [v2:172.21.15.17:3300/0,v1:172.21.15.17:6789/0] -- mon_getmap magic: 0 v1 -- 0x7f154c1084d0 con 0x7f154c107ae0
2024-03-24T02:51:19.179 INFO:teuthology.orchestra.run.smithi017.stdout:/usr/bin/ceph: stderr
2024-03-24T02:51:17.958+0000 7f1551117700 1 --2- >> [v2:172.21.15.17:3300/0,v1:172.21.15.17:6789/0] conn(0x7f154c107ae0 0x7f154c107f00 unknown :-1 s=BANNER_CONNECTING pgs=0 cs=0 l=0 rev1=0 crypto rx=0 tx=0 comp rx=0 tx=0)._handle_peer_banner_payload supported=3 required=0
2024-03-24T02:51:19.179 INFO:teuthology.orchestra.run.smithi017.stdout:/usr/bin/ceph: stderr
2024-03-24T02:51:17.959+0000 7f1551117700 1 --2- >> [v2:172.21.15.17:3300/0,v1:172.21.15.17:6789/0] conn(0x7f154c107ae0 0x7f154c107f00 unknown :-1 s=HELLO_CONNECTING pgs=0 cs=0 l=0 rev1=1 crypto rx=0 tx=0 comp rx=0 tx=0).handle_hello peer v2:172.21.15.17:3300/0 says I am v2:172.21.15.17:52280/0 (socket says 172.21.15.17:52280)
2024-03-24T02:51:19.179 INFO:teuthology.orchestra.run.smithi017.stdout:/usr/bin/ceph: stderr
2024-03-24T02:51:17.959+0000 7f1551117700 1 -- 172.21.15.17:0/211877451 learned_addr learned my addr 172.21.15.17:0/211877451 (peer_addr_for_me v2:172.21.15.17:0/0)
2024-03-24T02:51:19.179 INFO:teuthology.orchestra.run.smithi017.stdout:/usr/bin/ceph: stderr
2024-03-24T02:51:17.959+0000 7f1551117700 1 -- 172.21.15.17:0/211877451 --> [v2:172.21.15.17:3300/0,v1:172.21.15.17:6789/0] -- mon_subscribe({config=0+,monmap=0+}) v3 -- 0x7f154c108ce0 con 0x7f154c107ae0
2024-03-24T02:51:19.179 INFO:teuthology.orchestra.run.smithi017.stdout:/usr/bin/ceph: stderr
2024-03-24T02:51:17.959+0000 7f1551117700 1 --2- 172.21.15.17:0/211877451 >> [v2:172.21.15.17:3300/0,v1:172.21.15.17:6789/0] conn(0x7f154c107ae0 0x7f154c107f00 secure :-1 s=READY pgs=51 cs=0 l=1 rev1=1 crypto rx=0x7f15440098a0 tx=0x7f1544009bb0 comp rx=0 tx=0).ready entity=mon.0 client_cookie=8a9c07cee91b888f server_cookie=0 in_seq=0 out_seq=0
2024-03-24T02:51:19.179 INFO:teuthology.orchestra.run.smithi017.stdout:/usr/bin/ceph: stderr
2024-03-24T02:51:17.959+0000 7f154bfff700 1 -- 172.21.15.17:0/211877451 <== mon.0 v2:172.21.15.17:3300/0 1 ==== mon_map magic: 0 v1 ==== 205+0+0 (secure 0 0 0) 0x7f1544004160 con 0x7f154c107ae0
2024-03-24T02:51:19.179 INFO:teuthology.orchestra.run.smithi017.stdout:/usr/bin/ceph: stderr
2024-03-24T02:51:17.959+0000 7f154bfff700 1 -- 172.21.15.17:0/211877451 <== mon.0 v2:172.21.15.17:3300/0 2 ==== config(27 keys) v1 ==== 1109+0+0 (secure 0 0 0) 0x7f1544004300 con 0x7f154c107ae0
2024-03-24T02:51:19.179 INFO:teuthology.orchestra.run.smithi017.stdout:/usr/bin/ceph: stderr
