2024-03-26T08:32:32.294 INFO:journalctl@ceph.mon.a.smithi007.stdout:Mar 26 08:32:32 smithi007 ceph-mon[32462]: from='client.14124 -' entity='client.admin' cmd=[{"prefix": "get_command_descriptions"}]: dispatch
2024-03-26T08:32:32.294 INFO:journalctl@ceph.mon.a.smithi007.stdout:Mar 26 08:32:32 smithi007 ceph-mon[32462]: mgrmap e7: x(active, since 1.00524s)
2024-03-26T08:32:32.294 INFO:journalctl@ceph.mon.a.smithi007.stdout:Mar 26 08:32:32 smithi007 ceph-mon[32462]: from='client.14124 -' entity='client.admin' cmd=[{"prefix": "mgr_status"}]: dispatch
2024-03-26T08:32:32.521 INFO:teuthology.orchestra.run.smithi007.stdout:/usr/bin/ceph: stdout {
2024-03-26T08:32:32.521 INFO:teuthology.orchestra.run.smithi007.stdout:/usr/bin/ceph: stdout "mgrmap_epoch": 7,
2024-03-26T08:32:32.521 INFO:teuthology.orchestra.run.smithi007.stdout:/usr/bin/ceph: stdout "initialized": true
2024-03-26T08:32:32.522 INFO:teuthology.orchestra.run.smithi007.stdout:/usr/bin/ceph: stdout }
2024-03-26T08:32:32.522 INFO:teuthology.orchestra.run.smithi007.stdout:/usr/bin/ceph: stderr
2024-03-26T08:32:26.956+0000 7fe441605700 1 Processor -- start
2024-03-26T08:32:32.522 INFO:teuthology.orchestra.run.smithi007.stdout:/usr/bin/ceph: stderr
2024-03-26T08:32:26.956+0000 7fe441605700 1 -- start start
2024-03-26T08:32:32.522 INFO:teuthology.orchestra.run.smithi007.stdout:/usr/bin/ceph: stderr
2024-03-26T08:32:26.956+0000 7fe441605700 1 --2- >> [v2:172.21.15.7:3300/0,v1:172.21.15.7:6789/0] conn(0x7fe43c07de70 0x7fe43c07c320 unknown :-1 s=NONE pgs=0 cs=0 l=0 rev1=0 crypto rx=0 tx=0 comp rx=0 tx=0).connect
2024-03-26T08:32:32.522 INFO:teuthology.orchestra.run.smithi007.stdout:/usr/bin/ceph: stderr
2024-03-26T08:32:26.956+0000 7fe441605700 1 -- --> [v2:172.21.15.7:3300/0,v1:172.21.15.7:6789/0] -- mon_getmap magic: 0 v1 -- 0x7fe43c07c8f0 con 0x7fe43c07de70
2024-03-26T08:32:32.522 INFO:teuthology.orchestra.run.smithi007.stdout:/usr/bin/ceph: stderr
2024-03-26T08:32:26.956+0000 7fe43affd700 1 --2- >> [v2:172.21.15.7:3300/0,v1:172.21.15.7:6789/0] conn(0x7fe43c07de70 0x7fe43c07c320 unknown :-1 s=BANNER_CONNECTING pgs=0 cs=0 l=0 rev1=0 crypto rx=0 tx=0 comp rx=0 tx=0)._handle_peer_banner_payload supported=3 required=0
2024-03-26T08:32:32.522 INFO:teuthology.orchestra.run.smithi007.stdout:/usr/bin/ceph: stderr
2024-03-26T08:32:26.956+0000 7fe43affd700 1 --2- >> [v2:172.21.15.7:3300/0,v1:172.21.15.7:6789/0] conn(0x7fe43c07de70 0x7fe43c07c320 unknown :-1 s=HELLO_CONNECTING pgs=0 cs=0 l=0 rev1=1 crypto rx=0 tx=0 comp rx=0 tx=0).handle_hello peer v2:172.21.15.7:3300/0 says I am v2:172.21.15.7:37264/0 (socket says 172.21.15.7:37264)
2024-03-26T08:32:32.522 INFO:teuthology.orchestra.run.smithi007.stdout:/usr/bin/ceph: stderr
2024-03-26T08:32:26.956+0000 7fe43affd700 1 -- 172.21.15.7:0/1941734968 learned_addr learned my addr 172.21.15.7:0/1941734968 (peer_addr_for_me v2:172.21.15.7:0/0)
2024-03-26T08:32:32.522 INFO:teuthology.orchestra.run.smithi007.stdout:/usr/bin/ceph: stderr
2024-03-26T08:32:26.957+0000 7fe43affd700 1 -- 172.21.15.7:0/1941734968 --> [v2:172.21.15.7:3300/0,v1:172.21.15.7:6789/0] -- mon_subscribe({config=0+,monmap=0+}) v3 -- 0x7fe43c07ca70 con 0x7fe43c07de70
2024-03-26T08:32:32.522 INFO:teuthology.orchestra.run.smithi007.stdout:/usr/bin/ceph: stderr
2024-03-26T08:32:26.957+0000 7fe43affd700 1 --2- 172.21.15.7:0/1941734968 >> [v2:172.21.15.7:3300/0,v1:172.21.15.7:6789/0] conn(0x7fe43c07de70 0x7fe43c07c320 secure :-1 s=READY pgs=28 cs=0 l=1 rev1=1 crypto rx=0x7fe4300098a0 tx=0x7fe430009bb0 comp rx=0 tx=0).ready entity=mon.0 client_cookie=b29f73dd3a649af1 server_cookie=0 in_seq=0 out_seq=0
2024-03-26T08:32:32.522 INFO:teuthology.orchestra.run.smithi007.stdout:/usr/bin/ceph: stderr
2024-03-26T08:32:26.957+0000 7fe439ffb700 1 -- 172.21.15.7:0/1941734968 <== mon.0 v2:172.21.15.7:3300/0 1 ==== mon_map magic: 0 v1 ==== 205+0+0 (secure 0 0 0) 0x7fe430004160 con 0x7fe43c07de70
2024-03-26T08:32:32.522 INFO:teuthology.orchestra.run.smithi007.stdout:/usr/bin/ceph: stderr
2024-03-26T08:32:26.957+0000 7fe439ffb700 1 -- 172.21.15.7:0/1941734968 <== mon.0 v2:172.21.15.7:3300/0 2 ==== config(27 keys) v1 ==== 1109+0+0 (secure 0 0 0) 0x7fe430004300 con 0x7fe43c07de70
2024-03-26T08:32:32.522 INFO:teuthology.orchestra.run.smithi007.stdout:/usr/bin/ceph: stderr
2024-03-26T08:32:26.957+0000 7fe439ffb700 1 -- 172.21.15.7:0/1941734968 <== mon.0 v2:172.21.15.7:3300/0 3 ==== mon_map magic: 0 v1 ==== 205+0+0 (secure 0 0 0) 0x7fe430011b50 con 0x7fe43c07de70
2024-03-26T08:32:32.523 INFO:teuthology.orchestra.run.smithi007.stdout:/usr/bin/ceph: stderr
2024-03-26T08:32:26.958+0000 7fe441605700 1 -- 172.21.15.7:0/1941734968 >> [v2:172.21.15.7:3300/0,v1:172.21.15.7:6789/0] conn(0x7fe43c07de70 msgr2=0x7fe43c07c320 secure :-1 s=STATE_CONNECTION_ESTABLISHED l=1).mark_down
2024-03-26T08:32:32.523 INFO:teuthology.orchestra.run.smithi007.stdout:/usr/bin/ceph: stderr
2024-03-26T08:32:26.958+0000 7fe441605700 1 --2- 172.21.15.7:0/1941734968 >> [v2:172.21.15.7:3300/0,v1:172.21.15.7:6789/0] conn(0x7fe43c07de70 0x7fe43c07c320 secure :-1 s=READY pgs=28 cs=0 l=1 rev1=1 crypto rx=0x7fe4300098a0 tx=0x7fe430009bb0 comp rx=0 tx=0).stop
2024-03-26T08:32:32.523 INFO:teuthology.orchestra.run.smithi007.stdout:/usr/bin/ceph: stderr
2024-03-26T08:32:26.958+0000 7fe441605700 1 -- 172.21.15.7:0/1941734968 shutdown_connections
2024-03-26T08:32:32.523 INFO:teuthology.orchestra.run.smithi007.stdout:/usr/bin/ceph: stderr
2024-03-26T08:32:26.958+0000 7fe441605700 1 --2- 172.21.15.7:0/1941734968 >> [v2:172.21.15.7:3300/0,v1:172.21.15.7:6789/0] conn(0x7fe43c07de70 0x7fe43c07c320 unknown :-1 s=CLOSED pgs=28 cs=0 l=1 rev1=1 crypto rx=0 tx=0 comp rx=0 tx=0).stop
2024-03-26T08:32:32.523 INFO:teuthology.orchestra.run.smithi007.stdout:/usr/bin/ceph: stderr
2024-03-26T08:32:26.958+0000 7fe441605700 1 -- 172.21.15.7:0/1941734968 >> 172.21.15.7:0/1941734968 conn(0x7fe43c1030d0 msgr2=0x7fe43c105530 unknown :-1 s=STATE_NONE l=0).mark_down
2024-03-26T08:32:32.523 INFO:teuthology.orchestra.run.smithi007.stdout:/usr/bin/ceph: stderr
2024-03-26T08:32:26.958+0000 7fe441605700 1 -- 172.21.15.7:0/1941734968 shutdown_connections
2024-03-26T08:32:32.523 INFO:teuthology.orchestra.run.smithi007.stdout:/usr/bin/ceph: stderr
2024-03-26T08:32:26.958+0000 7fe441605700 1 -- 172.21.15.7:0/1941734968 wait complete.
2024-03-26T08:32:32.523 INFO:teuthology.orchestra.run.smithi007.stdout:/usr/bin/ceph: stderr
2024-03-26T08:32:26.959+0000 7fe441605700 1 Processor -- start
2024-03-26T08:32:32.523 INFO:teuthology.orchestra.run.smithi007.stdout:/usr/bin/ceph: stderr
2024-03-26T08:32:26.959+0000 7fe441605700 1 -- start start
2024-03-26T08:32:32.523 INFO:teuthology.orchestra.run.smithi007.stdout:/usr/bin/ceph: stderr
2024-03-26T08:32:26.959+0000 7fe441605700 1 --2- >> [v2:172.21.15.7:3300/0,v1:172.21.15.7:6789/0] conn(0x7fe43c07de70 0x7fe43c19dd10 unknown :-1 s=NONE pgs=0 cs=0 l=1 rev1=0 crypto rx=0 tx=0 comp rx=0 tx=0).connect
2024-03-26T08:32:32.523 INFO:teuthology.orchestra.run.smithi007.stdout:/usr/bin/ceph: stderr
2024-03-26T08:32:26.959+0000 7fe441605700 1 -- --> [v2:172.21.15.7:3300/0,v1:172.21.15.7:6789/0] -- mon_getmap magic: 0 v1 -- 0x7fe43c10e100 con 0x7fe43c07de70
2024-03-26T08:32:32.523 INFO:teuthology.orchestra.run.smithi007.stdout:/usr/bin/ceph: stderr
2024-03-26T08:32:26.959+0000 7fe43affd700 1 --2- >> [v2:172.21.15.7:3300/0,v1:172.21.15.7:6789/0] conn(0x7fe43c07de70 0x7fe43c19dd10 unknown :-1 s=BANNER_CONNECTING pgs=0 cs=0 l=1 rev1=0 crypto rx=0 tx=0 comp rx=0 tx=0)._handle_peer_banner_payload supported=3 required=0
2024-03-26T08:32:32.523 INFO:teuthology.orchestra.run.smithi007.stdout:/usr/bin/ceph: stderr
2024-03-26T08:32:26.959+0000 7fe43affd700 1 --2- >> [v2:172.21.15.7:3300/0,v1:172.21.15.7:6789/0] conn(0x7fe43c07de70 0x7fe43c19dd10 unknown :-1 s=HELLO_CONNECTING pgs=0 cs=0 l=1 rev1=1 crypto rx=0 tx=0 comp rx=0 tx=0).handle_hello peer v2:172.21.15.7:3300/0 says I am v2:172.21.15.7:37266/0 (socket says 172.21.15.7:37266)
2024-03-26T08:32:32.523 INFO:teuthology.orchestra.run.smithi007.stdout:/usr/bin/ceph: stderr
2024-03-26T08:32:26.959+0000 7fe43affd700 1 -- 172.21.15.7:0/3643116346 learned_addr learned my addr 172.21.15.7:0/3643116346 (peer_addr_for_me v2:172.21.15.7:0/0)
2024-03-26T08:32:32.524 INFO:teuthology.orchestra.run.smithi007.stdout:/usr/bin/ceph: stderr
2024-03-26T08:32:26.960+0000 7fe43affd700 1 -- 172.21.15.7:0/3643116346 --> [v2:172.21.15.7:3300/0,v1:172.21.15.7:6789/0] -- mon_subscribe({config=0+,monmap=0+}) v3 -- 0x7fe43c19e250 con 0x7fe43c07de70
2024-03-26T08:32:32.524 INFO:teuthology.orchestra.run.smithi007.stdout:/usr/bin/ceph: stderr
2024-03-26T08:32:26.960+0000 7fe43affd700 1 --2- 172.21.15.7:0/3643116346 >> [v2:172.21.15.7:3300/0,v1:172.21.15.7:6789/0] conn(0x7fe43c07de70 0x7fe43c19dd10 secure :-1 s=READY pgs=29 cs=0 l=1 rev1=1 crypto rx=0x7fe430011670 tx=0x7fe430011b60 comp rx=0 tx=0).ready entity=mon.0 client_cookie=0 server_cookie=0 in_seq=0 out_seq=0
2024-03-26T08:32:32.524 INFO:teuthology.orchestra.run.smithi007.stdout:/usr/bin/ceph: stderr
2024-03-26T08:32:26.960+0000 7fe423fff700 1 -- 172.21.15.7:0/3643116346 <== mon.0 v2:172.21.15.7:3300/0 1 ==== mon_map magic: 0 v1 ==== 205+0+0 (secure 0 0 0) 0x7fe4300039c0 con 0x7fe43c07de70
2024-03-26T08:32:32.524 INFO:teuthology.orchestra.run.smithi007.stdout:/usr/bin/ceph: stderr
2024-03-26T08:32:26.960+0000 7fe423fff700 1 -- 172.21.15.7:0/3643116346 <== mon.0 v2:172.21.15.7:3300/0 2 ==== config(27 keys) v1 ==== 1109+0+0 (secure 0 0 0) 0x7fe430011e50 con 0x7fe43c07de70
2024-03-26T08:32:32.524 INFO:teuthology.orchestra.run.smithi007.stdout:/usr/bin/ceph: stderr
2024-03-26T08:32:26.960+0000 7fe441605700 1 -- 172.21.15.7:0/3643116346 --> [v2:172.21.15.7:3300/0,v1:172.21.15.7:6789/0] -- mon_subscribe({mgrmap=0+}) v3 -- 0x7fe43c19e4e0 con 0x7fe43c07de70
2024-03-26T08:32:32.524 INFO:teuthology.orchestra.run.smithi007.stdout:/usr/bin/ceph: stderr
2024-03-26T08:32:26.960+0000 7fe423fff700 1 -- 172.21.15.7:0/3643116346 <== mon.0 v2:172.21.15.7:3300/0 3 ==== mon_map magic: 0 v1 ==== 205+0+0 (secure 0 0 0) 0x7fe43001a5c0 con 0x7fe43c07de70
2024-03-26T08:32:32.524 INFO:teuthology.orchestra.run.smithi007.stdout:/usr/bin/ceph: stderr
2024-03-26T08:32:26.960+0000 7fe441605700 1 -- 172.21.15.7:0/3643116346 --> [v2:172.21.15.7:3300/0,v1:172.21.15.7:6789/0] -- mon_subscribe({osdmap=0}) v3 -- 0x7fe43c1a11c0 con 0x7fe43c07de70
2024-03-26T08:32:32.524 INFO:teuthology.orchestra.run.smithi007.stdout:/usr/bin/ceph: stderr
2024-03-26T08:32:26.961+0000 7fe423fff700 1 -- 172.21.15.7:0/3643116346 <== mon.0 v2:172.21.15.7:3300/0 4 ==== mgrmap(e 5) v1 ==== 46106+0+0 (secure 0 0 0) 0x7fe43001a870 con 0x7fe43c07de70
2024-03-26T08:32:32.524 INFO:teuthology.orchestra.run.smithi007.stdout:/usr/bin/ceph: stderr
2024-03-26T08:32:26.961+0000 7fe423fff700 1 --2- 172.21.15.7:0/3643116346 >> [v2:172.21.15.7:6800/3110430694,v1:172.21.15.7:6801/3110430694] conn(0x7fe424038f20 0x7fe42403b3e0 unknown :-1 s=NONE pgs=0 cs=0 l=1 rev1=0 crypto rx=0 tx=0 comp rx=0 tx=0).connect
2024-03-26T08:32:32.524 INFO:teuthology.orchestra.run.smithi007.stdout:/usr/bin/ceph: stderr
2024-03-26T08:32:26.961+0000 7fe423fff700 1 -- 172.21.15.7:0/3643116346 --> [v2:172.21.15.7:6800/3110430694,v1:172.21.15.7:6801/3110430694] -- command(tid 0: {"prefix": "get_command_descriptions"}) v1 -- 0x7fe42403baf0 con 0x7fe424038f20
2024-03-26T08:32:32.524 INFO:teuthology.orchestra.run.smithi007.stdout:/usr/bin/ceph: stderr
2024-03-26T08:32:26.961+0000 7fe423fff700 1 -- 172.21.15.7:0/3643116346 <== mon.0 v2:172.21.15.7:3300/0 5 ==== osd_map(1..1 src has 1..1) v4 ==== 725+0+0 (secure 0 0 0) 0x7fe43004d190 con 0x7fe43c07de70
2024-03-26T08:32:32.524 INFO:teuthology.orchestra.run.smithi007.stdout:/usr/bin/ceph: stderr
2024-03-26T08:32:26.961+0000 7fe43a7fc700 1 -- 172.21.15.7:0/3643116346 >> [v2:172.21.15.7:6800/3110430694,v1:172.21.15.7:6801/3110430694] conn(0x7fe424038f20 msgr2=0x7fe42403b3e0 unknown :-1 s=STATE_CONNECTING_RE l=1).process reconnect failed to v2:172.21.15.7:6800/3110430694
2024-03-26T08:32:32.524 INFO:teuthology.orchestra.run.smithi007.stdout:/usr/bin/ceph: stderr
2024-03-26T08:32:26.961+0000 7fe43a7fc700 1 --2- 172.21.15.7:0/3643116346 >> [v2:172.21.15.7:6800/3110430694,v1:172.21.15.7:6801/3110430694] conn(0x7fe424038f20 0x7fe42403b3e0 unknown :-1 s=START_CONNECT pgs=0 cs=0 l=1 rev1=0 crypto rx=0 tx=0 comp rx=0 tx=0)._fault waiting 0.200000
2024-03-26T08:32:32.524 INFO:teuthology.orchestra.run.smithi007.stdout:/usr/bin/ceph: stderr
2024-03-26T08:32:27.162+0000 7fe43a7fc700 1 -- 172.21.15.7:0/3643116346 >> [v2:172.21.15.7:6800/3110430694,v1:172.21.15.7:6801/3110430694] conn(0x7fe424038f20 msgr2=0x7fe42403b3e0 unknown :-1 s=STATE_CONNECTING_RE l=1).process reconnect failed to v2:172.21.15.7:6800/3110430694
2024-03-26T08:32:32.525 INFO:teuthology.orchestra.run.smithi007.stdout:/usr/bin/ceph: stderr
2024-03-26T08:32:27.162+0000 7fe43a7fc700 1 --2- 172.21.15.7:0/3643116346 >> [v2:172.21.15.7:6800/3110430694,v1:172.21.15.7:6801/3110430694] conn(0x7fe424038f20 0x7fe42403b3e0 unknown :-1 s=START_CONNECT pgs=0 cs=0 l=1 rev1=0 crypto rx=0 tx=0 comp rx=0 tx=0)._fault waiting 0.400000
2024-03-26T08:32:32.525 INFO:teuthology.orchestra.run.smithi007.stdout:/usr/bin/ceph: stderr
2024-03-26T08:32:27.563+0000 7fe43a7fc700 1 -- 172.21.15.7:0/3643116346 >> [v2:172.21.15.7:6800/3110430694,v1:172.21.15.7:6801/3110430694] conn(0x7fe424038f20 msgr2=0x7fe42403b3e0 unknown :-1 s=STATE_CONNECTING_RE l=1).process reconnect failed to v2:172.21.15.7:6800/3110430694
2024-03-26T08:32:32.525 INFO:teuthology.orchestra.run.smithi007.stdout:/usr/bin/ceph: stderr
2024-03-26T08:32:27.563+0000 7fe43a7fc700 1 --2- 172.21.15.7:0/3643116346 >> [v2:172.21.15.7:6800/3110430694,v1:172.21.15.7:6801/3110430694] conn(0x7fe424038f20 0x7fe42403b3e0 unknown :-1 s=START_CONNECT pgs=0 cs=0 l=1 rev1=0 crypto rx=0 tx=0 comp rx=0 tx=0)._fault waiting 0.800000
2024-03-26T08:32:32.525 INFO:teuthology.orchestra.run.smithi007.stdout:/usr/bin/ceph: stderr
2024-03-26T08:32:28.364+0000 7fe43a7fc700 1 -- 172.21.15.7:0/3643116346 >> [v2:172.21.15.7:6800/3110430694,v1:172.21.15.7:6801/3110430694] conn(0x7fe424038f20 msgr2=0x7fe42403b3e0 unknown :-1 s=STATE_CONNECTING_RE l=1).process reconnect failed to v2:172.21.15.7:6800/3110430694
2024-03-26T08:32:32.525 INFO:teuthology.orchestra.run.smithi007.stdout:/usr/bin/ceph: stderr
2024-03-26T08:32:28.364+0000 7fe43a7fc700 1 --2- 172.21.15.7:0/3643116346 >> [v2:172.21.15.7:6800/3110430694,v1:172.21.15.7:6801/3110430694] conn(0x7fe424038f20 0x7fe42403b3e0 unknown :-1 s=START_CONNECT pgs=0 cs=0 l=1 rev1=0 crypto rx=0 tx=0 comp rx=0 tx=0)._fault waiting 1.600000
2024-03-26T08:32:32.525 INFO:teuthology.orchestra.run.smithi007.stdout:/usr/bin/ceph: stderr
2024-03-26T08:32:29.965+0000 7fe43a7fc700 1 -- 172.21.15.7:0/3643116346 >> [v2:172.21.15.7:6800/3110430694,v1:172.21.15.7:6801/3110430694] conn(0x7fe424038f20 msgr2=0x7fe42403b3e0 unknown :-1 s=STATE_CONNECTING_RE l=1).process reconnect failed to v2:172.21.15.7:6800/3110430694
2024-03-26T08:32:32.525 INFO:teuthology.orchestra.run.smithi007.stdout:/usr/bin/ceph: stderr
2024-03-26T08:32:29.965+0000 7fe43a7fc700 1 --2- 172.21.15.7:0/3643116346 >> [v2:172.21.15.7:6800/3110430694,v1:172.21.15.7:6801/3110430694] conn(0x7fe424038f20 0x7fe42403b3e0 unknown :-1 s=START_CONNECT pgs=0 cs=0 l=1 rev1=0 crypto rx=0 tx=0 comp rx=0 tx=0)._fault waiting 3.200000
2024-03-26T08:32:32.525 INFO:teuthology.orchestra.run.smithi007.stdout:/usr/bin/ceph: stderr
2024-03-26T08:32:30.977+0000 7fe423fff700 1 -- 172.21.15.7:0/3643116346 <== mon.0 v2:172.21.15.7:3300/0 6 ==== mgrmap(e 6) v1 ==== 45873+0+0 (secure 0 0 0) 0x7fe43001abb0 con 0x7fe43c07de70
2024-03-26T08:32:32.525 INFO:teuthology.orchestra.run.smithi007.stdout:/usr/bin/ceph: stderr
2024-03-26T08:32:30.977+0000 7fe423fff700 1 -- 172.21.15.7:0/3643116346 >> [v2:172.21.15.7:6800/3110430694,v1:172.21.15.7:6801/3110430694] conn(0x7fe424038f20 msgr2=0x7fe42403b3e0 unknown :-1 s=STATE_CONNECTING l=1).mark_down
2024-03-26T08:32:32.525 INFO:teuthology.orchestra.run.smithi007.stdout:/usr/bin/ceph: stderr
2024-03-26T08:32:30.977+0000 7fe423fff700 1 --2- 172.21.15.7:0/3643116346 >> [v2:172.21.15.7:6800/3110430694,v1:172.21.15.7:6801/3110430694] conn(0x7fe424038f20 0x7fe42403b3e0 unknown :-1 s=START_CONNECT pgs=0 cs=0 l=1 rev1=0 crypto rx=0 tx=0 comp rx=0 tx=0).stop
2024-03-26T08:32:32.525 INFO:teuthology.orchestra.run.smithi007.stdout:/usr/bin/ceph: stderr
2024-03-26T08:32:31.978+0000 7fe423fff700 1 -- 172.21.15.7:0/3643116346 <== mon.0 v2:172.21.15.7:3300/0 7 ==== mgrmap(e 7) v1 ==== 46000+0+0 (secure 0 0 0) 0x7fe43004ed60 con 0x7fe43c07de70
2024-03-26T08:32:32.525 INFO:teuthology.orchestra.run.smithi007.stdout:/usr/bin/ceph: stderr
2024-03-26T08:32:31.978+0000 7fe423fff700 1 --2- 172.21.15.7:0/3643116346 >> [v2:172.21.15.7:6800/1336720039,v1:172.21.15.7:6801/1336720039] conn(0x7fe42403c810 0x7fe42403ec00 unknown :-1 s=NONE pgs=0 cs=0 l=1 rev1=0 crypto rx=0 tx=0 comp rx=0 tx=0).connect
2024-03-26T08:32:32.525 INFO:teuthology.orchestra.run.smithi007.stdout:/usr/bin/ceph: stderr
2024-03-26T08:32:31.978+0000 7fe423fff700 1 -- 172.21.15.7:0/3643116346 --> [v2:172.21.15.7:6800/1336720039,v1:172.21.15.7:6801/1336720039] -- command(tid 0: {"prefix": "get_command_descriptions"}) v1 -- 0x7fe43000f940 con 0x7fe42403c810
2024-03-26T08:32:32.525 INFO:teuthology.orchestra.run.smithi007.stdout:/usr/bin/ceph: stderr
2024-03-26T08:32:31.978+0000 7fe43a7fc700 1 --2- 172.21.15.7:0/3643116346 >> [v2:172.21.15.7:6800/1336720039,v1:172.21.15.7:6801/1336720039] conn(0x7fe42403c810 0x7fe42403ec00 unknown :-1 s=BANNER_CONNECTING pgs=0 cs=0 l=1 rev1=0 crypto rx=0 tx=0 comp rx=0 tx=0)._handle_peer_banner_payload supported=3 required=0
2024-03-26T08:32:32.526 INFO:teuthology.orchestra.run.smithi007.stdout:/usr/bin/ceph: stderr
2024-03-26T08:32:31.979+0000 7fe43a7fc700 1 --2- 172.21.15.7:0/3643116346 >> [v2:172.21.15.7:6800/1336720039,v1:172.21.15.7:6801/1336720039] conn(0x7fe42403c810 0x7fe42403ec00 secure :-1 s=READY pgs=1 cs=0 l=1 rev1=1 crypto rx=0x7fe42c003a10 tx=0x7fe42c0092b0 comp rx=0 tx=0).ready entity=mgr.14120 client_cookie=0 server_cookie=0 in_seq=0 out_seq=0
2024-03-26T08:32:32.526 INFO:teuthology.orchestra.run.smithi007.stdout:/usr/bin/ceph: stderr
2024-03-26T08:32:31.979+0000 7fe423fff700 1 -- 172.21.15.7:0/3643116346 <== mgr.14120 v2:172.21.15.7:6800/1336720039 1 ==== command_reply(tid 0: 0 ) v1 ==== 8+0+7774 (secure 0 0 0) 0x7fe43000f940 con 0x7fe42403c810
2024-03-26T08:32:32.526 INFO:teuthology.orchestra.run.smithi007.stdout:/usr/bin/ceph: stderr
2024-03-26T08:32:31.986+0000 7fe441605700 1 -- 172.21.15.7:0/3643116346 --> [v2:172.21.15.7:6800/1336720039,v1:172.21.15.7:6801/1336720039] -- command(tid 1: {"prefix": "mgr_status"}) v1 -- 0x7fe43c0637c0 con 0x7fe42403c810
2024-03-26T08:32:32.526 INFO:teuthology.orchestra.run.smithi007.stdout:/usr/bin/ceph: stderr
2024-03-26T08:32:31.986+0000 7fe423fff700 1 -- 172.21.15.7:0/3643116346 <== mgr.14120 v2:172.21.15.7:6800/1336720039 2 ==== command_reply(tid 1: 0 ) v1 ==== 8+0+51 (secure 0 0 0) 0x7fe43c0637c0 con 0x7fe42403c810
2024-03-26T08:32:32.526 INFO:teuthology.orchestra.run.smithi007.stdout:/usr/bin/ceph: stderr
2024-03-26T08:32:31.986+0000 7fe441605700 1 -- 172.21.15.7:0/3643116346 >> [v2:172.21.15.7:6800/1336720039,v1:172.21.15.7:6801/1336720039] conn(0x7fe42403c810 msgr2=0x7fe42403ec00 secure :-1 s=STATE_CONNECTION_ESTABLISHED l=1).mark_down
2024-03-26T08:32:32.526 INFO:teuthology.orchestra.run.smithi007.stdout:/usr/bin/ceph: stderr
2024-03-26T08:32:31.986+0000 7fe441605700 1 --2- 172.21.15.7:0/3643116346 >> [v2:172.21.15.7:6800/1336720039,v1:172.21.15.7:6801/1336720039] conn(0x7fe42403c810 0x7fe42403ec00 secure :-1 s=READY pgs=1 cs=0 l=1 rev1=1 crypto rx=0x7fe42c003a10 tx=0x7fe42c0092b0 comp rx=0 tx=0).stop
2024-03-26T08:32:32.526 INFO:teuthology.orchestra.run.smithi007.stdout:/usr/bin/ceph: stderr
2024-03-26T08:32:31.986+0000 7fe441605700 1 -- 172.21.15.7:0/3643116346 >> [v2:172.21.15.7:3300/0,v1:172.21.15.7:6789/0] conn(0x7fe43c07de70 msgr2=0x7fe43c19dd10 secure :-1 s=STATE_CONNECTION_ESTABLISHED l=1).mark_down
2024-03-26T08:32:32.526 INFO:teuthology.orchestra.run.smithi007.stdout:/usr/bin/ceph: stderr
2024-03-26T08:32:31.986+0000 7fe441605700 1 --2- 172.21.15.7:0/3643116346 >> [v2:172.21.15.7:3300/0,v1:172.21.15.7:6789/0] conn(0x7fe43c07de70 0x7fe43c19dd10 secure :-1 s=READY pgs=29 cs=0 l=1 rev1=1 crypto rx=0x7fe430011670 tx=0x7fe430011b60 comp rx=0 tx=0).stop
2024-03-26T08:32:32.526 INFO:teuthology.orchestra.run.smithi007.stdout:/usr/bin/ceph: stderr
2024-03-26T08:32:31.986+0000 7fe441605700 1 -- 172.21.15.7:0/3643116346 shutdown_connections
2024-03-26T08:32:32.526 INFO:teuthology.orchestra.run.smithi007.stdout:/usr/bin/ceph: stderr
2024-03-26T08:32:31.986+0000 7fe441605700 1 --2- 172.21.15.7:0/3643116346 >> [v2:172.21.15.7:6800/1336720039,v1:172.21.15.7:6801/1336720039] conn(0x7fe42403c810 0x7fe42403ec00 unknown :-1 s=CLOSED pgs=1 cs=0 l=1 rev1=1 crypto rx=0 tx=0 comp rx=0 tx=0).stop
2024-03-26T08:32:32.526 INFO:teuthology.orchestra.run.smithi007.stdout:/usr/bin/ceph: stderr
2024-03-26T08:32:31.986+0000 7fe441605700 1 --2- 172.21.15.7:0/3643116346 >> [v2:172.21.15.7:3300/0,v1:172.21.15.7:6789/0] conn(0x7fe43c07de70 0x7fe43c19dd10 unknown :-1 s=CLOSED pgs=29 cs=0 l=1 rev1=1 crypto rx=0 tx=0 comp rx=0 tx=0).stop
2024-03-26T08:32:32.526 INFO:teuthology.orchestra.run.smithi007.stdout:/usr/bin/ceph: stderr
2024-03-26T08:32:31.986+0000 7fe441605700 1 --2- 172.21.15.7:0/3643116346 >> [v2:172.21.15.7:6800/3110430694,v1:172.21.15.7:6801/3110430694] conn(0x7fe424038f20 0x7fe42403b3e0 unknown :-1 s=CLOSED pgs=0 cs=0 l=1 rev1=0 crypto rx=0 tx=0 comp rx=0 tx=0).stop
2024-03-26T08:32:32.527 INFO:teuthology.orchestra.run.smithi007.stdout:/usr/bin/ceph: stderr
2024-03-26T08:32:31.986+0000 7fe441605700 1 -- 172.21.15.7:0/3643116346 >> 172.21.15.7:0/3643116346 conn(0x7fe43c1030d0 msgr2=0x7fe43c103c70 unknown :-1 s=STATE_NONE l=0).mark_down
2024-03-26T08:32:32.527 INFO:teuthology.orchestra.run.smithi007.stdout:/usr/bin/ceph: stderr
2024-03-26T08:32:31.987+0000 7fe441605700 1 -- 172.21.15.7:0/3643116346 shutdown_connections
2024-03-26T08:32:32.527 INFO:teuthology.orchestra.run.smithi007.stdout:/usr/bin/ceph: stderr
2024-03-26T08:32:31.987+0000 7fe441605700 1 -- 172.21.15.7:0/3643116346 wait complete.
2024-03-26T08:32:32.527 INFO:teuthology.orchestra.run.smithi007.stdout:mgr epoch 5 is available
2024-03-26T08:32:32.527 INFO:teuthology.orchestra.run.smithi007.stdout:Setting orchestrator backend to cephadm...
2024-03-26T08:32:33.184 INFO:journalctl@ceph.mon.a.smithi007.stdout:Mar 26 08:32:33 smithi007 ceph-mon[32462]: [26/Mar/2024:08:32:32] ENGINE Bus STARTING
2024-03-26T08:32:33.184 INFO:journalctl@ceph.mon.a.smithi007.stdout:Mar 26 08:32:33 smithi007 ceph-mon[32462]: [26/Mar/2024:08:32:32] ENGINE Serving on http://172.21.15.7:8765
2024-03-26T08:32:33.184 INFO:journalctl@ceph.mon.a.smithi007.stdout:Mar 26 08:32:33 smithi007 ceph-mon[32462]: [26/Mar/2024:08:32:32] ENGINE Serving on https://172.21.15.7:7150
2024-03-26T08:32:33.184 INFO:journalctl@ceph.mon.a.smithi007.stdout:Mar 26 08:32:33 smithi007 ceph-mon[32462]: [26/Mar/2024:08:32:32] ENGINE Bus STARTED
2024-03-26T08:32:33.184 INFO:journalctl@ceph.mon.a.smithi007.stdout:Mar 26 08:32:33 smithi007 ceph-mon[32462]: from='mgr.14120 172.21.15.7:0/3100067604' entity='mgr.x' cmd=[{"prefix": "config dump", "format": "json"}]: dispatch
2024-03-26T08:32:33.784 INFO:teuthology.orchestra.run.smithi007.stdout:/usr/bin/ceph: stderr
2024-03-26T08:32:32.957+0000 7f7ce702c700 1 Processor -- start
2024-03-26T08:32:33.784 INFO:teuthology.orchestra.run.smithi007.stdout:/usr/bin/ceph: stderr
2024-03-26T08:32:32.957+0000 7f7ce702c700 1 -- start start
2024-03-26T08:32:33.784 INFO:teuthology.orchestra.run.smithi007.stdout:/usr/bin/ceph: stderr
2024-03-26T08:32:32.957+0000 7f7ce702c700 1 --2- >> [v2:172.21.15.7:3300/0,v1:172.21.15.7:6789/0] conn(0x7f7ce007dec0 0x7f7ce007c320 unknown :-1 s=NONE pgs=0 cs=0 l=0 rev1=0 crypto rx=0 tx=0 comp rx=0 tx=0).connect
2024-03-26T08:32:33.785 INFO:teuthology.orchestra.run.smithi007.stdout:/usr/bin/ceph: stderr
2024-03-26T08:32:32.957+0000 7f7ce702c700 1 -- --> [v2:172.21.15.7:3300/0,v1:172.21.15.7:6789/0] -- mon_getmap magic: 0 v1 -- 0x7f7ce007c8f0 con 0x7f7ce007dec0
2024-03-26T08:32:33.785 INFO:teuthology.orchestra.run.smithi007.stdout:/usr/bin/ceph: stderr
2024-03-26T08:32:32.957+0000 7f7ce4dc8700 1 --2- >> [v2:172.21.15.7:3300/0,v1:172.21.15.7:6789/0] conn(0x7f7ce007dec0 0x7f7ce007c320 unknown :-1 s=BANNER_CONNECTING pgs=0 cs=0 l=0 rev1=0 crypto rx=0 tx=0 comp rx=0 tx=0)._handle_peer_banner_payload supported=3 required=0
2024-03-26T08:32:33.785 INFO:teuthology.orchestra.run.smithi007.stdout:/usr/bin/ceph: stderr
2024-03-26T08:32:32.957+0000 7f7ce4dc8700 1 --2- >> [v2:172.21.15.7:3300/0,v1:172.21.15.7:6789/0] conn(0x7f7ce007dec0 0x7f7ce007c320 unknown :-1 s=HELLO_CONNECTING pgs=0 cs=0 l=0 rev1=1 crypto rx=0 tx=0 comp rx=0 tx=0).handle_hello peer v2:172.21.15.7:3300/0 says I am v2:172.21.15.7:37352/0 (socket says 172.21.15.7:37352)
2024-03-26T08:32:33.785 INFO:teuthology.orchestra.run.smithi007.stdout:/usr/bin/ceph: stderr
2024-03-26T08:32:32.957+0000 7f7ce4dc8700 1 -- 172.21.15.7:0/3031921508 learned_addr learned my addr 172.21.15.7:0/3031921508 (peer_addr_for_me v2:172.21.15.7:0/0)
2024-03-26T08:32:33.785 INFO:teuthology.orchestra.run.smithi007.stdout:/usr/bin/ceph: stderr
2024-03-26T08:32:32.958+0000 7f7ce4dc8700 1 -- 172.21.15.7:0/3031921508 --> [v2:172.21.15.7:3300/0,v1:172.21.15.7:6789/0] -- mon_subscribe({config=0+,monmap=0+}) v3 -- 0x7f7ce007ca70 con 0x7f7ce007dec0
2024-03-26T08:32:33.785 INFO:teuthology.orchestra.run.smithi007.stdout:/usr/bin/ceph: stderr
2024-03-26T08:32:32.958+0000 7f7ce4dc8700 1 --2- 172.21.15.7:0/3031921508 >> [v2:172.21.15.7:3300/0,v1:172.21.15.7:6789/0] conn(0x7f7ce007dec0 0x7f7ce007c320 secure :-1 s=READY pgs=37 cs=0 l=1 rev1=1 crypto rx=0x7f7cd40098a0 tx=0x7f7cd4009bb0 comp rx=0 tx=0).ready entity=mon.0 client_cookie=29868aef59fd65a0 server_cookie=0 in_seq=0 out_seq=0
2024-03-26T08:32:33.785 INFO:teuthology.orchestra.run.smithi007.stdout:/usr/bin/ceph: stderr
2024-03-26T08:32:32.958+0000 7f7cdf7fe700 1 -- 172.21.15.7:0/3031921508 <== mon.0 v2:172.21.15.7:3300/0 1 ==== mon_map magic: 0 v1 ==== 205+0+0 (secure 0 0 0) 0x7f7cd4004160 con 0x7f7ce007dec0
2024-03-26T08:32:33.785 INFO:teuthology.orchestra.run.smithi007.stdout:/usr/bin/ceph: stderr
2024-03-26T08:32:32.958+0000 7f7cdf7fe700 1 -- 172.21.15.7:0/3031921508 <== mon.0 v2:172.21.15.7:3300/0 2 ==== config(27 keys) v1 ==== 1109+0+0 (secure 0 0 0) 0x7f7cd4004300 con 0x7f7ce007dec0
2024-03-26T08:32:33.785 INFO:teuthology.orchestra.run.smithi007.stdout:/usr/bin/ceph: stderr
2024-03-26T08:32:32.958+0000 7f7cdf7fe700 1 -- 172.21.15.7:0/3031921508 <== mon.0 v2:172.21.15.7:3300/0 3 ==== mon_map magic: 0 v1 ==== 205+0+0 (secure 0 0 0) 0x7f7cd4011b50 con 0x7f7ce007dec0
2024-03-26T08:32:33.785 INFO:teuthology.orchestra.run.smithi007.stdout:/usr/bin/ceph: stderr
2024-03-26T08:32:32.958+0000 7f7ce702c700 1 -- 172.21.15.7:0/3031921508 >> [v2:172.21.15.7:3300/0,v1:172.21.15.7:6789/0] conn(0x7f7ce007dec0 msgr2=0x7f7ce007c320 secure :-1 s=STATE_CONNECTION_ESTABLISHED l=1).mark_down
2024-03-26T08:32:33.785 INFO:teuthology.orchestra.run.smithi007.stdout:/usr/bin/ceph: stderr
2024-03-26T08:32:32.958+0000 7f7ce702c700 1 --2- 172.21.15.7:0/3031921508 >> [v2:172.21.15.7:3300/0,v1:172.21.15.7:6789/0] conn(0x7f7ce007dec0 0x7f7ce007c320 secure :-1 s=READY pgs=37 cs=0 l=1 rev1=1 crypto rx=0x7f7cd40098a0 tx=0x7f7cd4009bb0 comp rx=0 tx=0).stop
2024-03-26T08:32:33.785 INFO:teuthology.orchestra.run.smithi007.stdout:/usr/bin/ceph: stderr
2024-03-26T08:32:32.959+0000 7f7ce702c700 1 -- 172.21.15.7:0/3031921508 shutdown_connections
2024-03-26T08:32:33.785 INFO:teuthology.orchestra.run.smithi007.stdout:/usr/bin/ceph: stderr
2024-03-26T08:32:32.959+0000 7f7ce702c700 1 --2- 172.21.15.7:0/3031921508 >> [v2:172.21.15.7:3300/0,v1:172.21.15.7:6789/0] conn(0x7f7ce007dec0 0x7f7ce007c320 unknown :-1 s=CLOSED pgs=37 cs=0 l=1 rev1=1 crypto rx=0 tx=0 comp rx=0 tx=0).stop
2024-03-26T08:32:33.785 INFO:teuthology.orchestra.run.smithi007.stdout:/usr/bin/ceph: stderr
2024-03-26T08:32:32.959+0000 7f7ce702c700 1 -- 172.21.15.7:0/3031921508 >> 172.21.15.7:0/3031921508 conn(0x7f7ce0103150 msgr2=0x7f7ce0105570 unknown :-1 s=STATE_NONE l=0).mark_down
2024-03-26T08:32:33.786 INFO:teuthology.orchestra.run.smithi007.stdout:/usr/bin/ceph: stderr
2024-03-26T08:32:32.959+0000 7f7ce702c700 1 -- 172.21.15.7:0/3031921508 shutdown_connections
2024-03-26T08:32:33.786 INFO:teuthology.orchestra.run.smithi007.stdout:/usr/bin/ceph: stderr
2024-03-26T08:32:32.959+0000 7f7ce702c700 1 -- 172.21.15.7:0/3031921508 wait complete.
2024-03-26T08:32:33.786 INFO:teuthology.orchestra.run.smithi007.stdout:/usr/bin/ceph: stderr
2024-03-26T08:32:32.959+0000 7f7ce702c700 1 Processor -- start
2024-03-26T08:32:33.786 INFO:teuthology.orchestra.run.smithi007.stdout:/usr/bin/ceph: stderr
2024-03-26T08:32:32.959+0000 7f7ce702c700 1 -- start start
2024-03-26T08:32:33.786 INFO:teuthology.orchestra.run.smithi007.stdout:/usr/bin/ceph: stderr
2024-03-26T08:32:32.959+0000 7f7ce702c700 1 --2- >> [v2:172.21.15.7:3300/0,v1:172.21.15.7:6789/0] conn(0x7f7ce007dec0 0x7f7ce019dda0 unknown :-1 s=NONE pgs=0 cs=0 l=1 rev1=0 crypto rx=0 tx=0 comp rx=0 tx=0).connect
2024-03-26T08:32:33.786 INFO:teuthology.orchestra.run.smithi007.stdout:/usr/bin/ceph: stderr
2024-03-26T08:32:32.959+0000 7f7ce702c700 1 -- --> [v2:172.21.15.7:3300/0,v1:172.21.15.7:6789/0] -- mon_getmap magic: 0 v1 -- 0x7f7ce010e160 con 0x7f7ce007dec0
2024-03-26T08:32:33.786 INFO:teuthology.orchestra.run.smithi007.stdout:/usr/bin/ceph: stderr
2024-03-26T08:32:32.959+0000 7f7ce4dc8700 1 --2- >> [v2:172.21.15.7:3300/0,v1:172.21.15.7:6789/0] conn(0x7f7ce007dec0 0x7f7ce019dda0 unknown :-1 s=BANNER_CONNECTING pgs=0 cs=0 l=1 rev1=0 crypto rx=0 tx=0 comp rx=0 tx=0)._handle_peer_banner_payload supported=3 required=0
2024-03-26T08:32:33.786 INFO:teuthology.orchestra.run.smithi007.stdout:/usr/bin/ceph: stderr
2024-03-26T08:32:32.959+0000 7f7ce4dc8700 1 --2- >> [v2:172.21.15.7:3300/0,v1:172.21.15.7:6789/0] conn(0x7f7ce007dec0 0x7f7ce019dda0 unknown :-1 s=HELLO_CONNECTING pgs=0 cs=0 l=1 rev1=1 crypto rx=0 tx=0 comp rx=0 tx=0).handle_hello peer v2:172.21.15.7:3300/0 says I am v2:172.21.15.7:37358/0 (socket says 172.21.15.7:37358)
2024-03-26T08:32:33.786 INFO:teuthology.orchestra.run.smithi007.stdout:/usr/bin/ceph: stderr
2024-03-26T08:32:32.959+0000 7f7ce4dc8700 1 -- 172.21.15.7:0/3030486767 learned_addr learned my addr 172.21.15.7:0/3030486767 (peer_addr_for_me v2:172.21.15.7:0/0)
2024-03-26T08:32:33.786 INFO:teuthology.orchestra.run.smithi007.stdout:/usr/bin/ceph: stderr
2024-03-26T08:32:32.960+0000 7f7ce4dc8700 1 -- 172.21.15.7:0/3030486767 --> [v2:172.21.15.7:3300/0,v1:172.21.15.7:6789/0] -- mon_subscribe({config=0+,monmap=0+}) v3 -- 0x7f7ce019e2e0 con 0x7f7ce007dec0
2024-03-26T08:32:33.786 INFO:teuthology.orchestra.run.smithi007.stdout:/usr/bin/ceph: stderr
2024-03-26T08:32:32.960+0000 7f7ce4dc8700 1 --2- 172.21.15.7:0/3030486767 >> [v2:172.21.15.7:3300/0,v1:172.21.15.7:6789/0] conn(0x7f7ce007dec0 0x7f7ce019dda0 secure :-1 s=READY pgs=38 cs=0 l=1 rev1=1 crypto rx=0x7f7cd4009fb0 tx=0x7f7cd4011bf0 comp rx=0 tx=0).ready entity=mon.0 client_cookie=0 server_cookie=0 in_seq=0 out_seq=0
2024-03-26T08:32:33.786 INFO:teuthology.orchestra.run.smithi007.stdout:/usr/bin/ceph: stderr
2024-03-26T08:32:32.960+0000 7f7cddffb700 1 -- 172.21.15.7:0/3030486767 <== mon.0 v2:172.21.15.7:3300/0 1 ==== mon_map magic: 0 v1 ==== 205+0+0 (secure 0 0 0) 0x7f7cd40038b0 con 0x7f7ce007dec0
2024-03-26T08:32:33.786 INFO:teuthology.orchestra.run.smithi007.stdout:/usr/bin/ceph: stderr
2024-03-26T08:32:32.960+0000 7f7cddffb700 1 -- 172.21.15.7:0/3030486767 <== mon.0 v2:172.21.15.7:3300/0 2 ==== config(27 keys) v1 ==== 1109+0+0 (secure 0 0 0) 0x7f7cd4011e50 con 0x7f7ce007dec0
2024-03-26T08:32:33.787 INFO:teuthology.orchestra.run.smithi007.stdout:/usr/bin/ceph: stderr
2024-03-26T08:32:32.960+0000 7f7ce702c700 1 -- 172.21.15.7:0/3030486767 --> [v2:172.21.15.7:3300/0,v1:172.21.15.7:6789/0] -- mon_subscribe({mgrmap=0+}) v3 -- 0x7f7ce019e570 con 0x7f7ce007dec0
2024-03-26T08:32:33.787 INFO:teuthology.orchestra.run.smithi007.stdout:/usr/bin/ceph: stderr
2024-03-26T08:32:32.960+0000 7f7cddffb700 1 -- 172.21.15.7:0/3030486767 <== mon.0 v2:172.21.15.7:3300/0 3 ==== mon_map magic: 0 v1 ==== 205+0+0 (secure 0 0 0) 0x7f7cd4019550 con 0x7f7ce007dec0
2024-03-26T08:32:33.787 INFO:teuthology.orchestra.run.smithi007.stdout:/usr/bin/ceph: stderr
2024-03-26T08:32:32.960+0000 7f7ce702c700 1 -- 172.21.15.7:0/3030486767 --> [v2:172.21.15.7:3300/0,v1:172.21.15.7:6789/0] -- mon_subscribe({osdmap=0}) v3 -- 0x7f7ce01a1220 con 0x7f7ce007dec0
2024-03-26T08:32:33.787 INFO:teuthology.orchestra.run.smithi007.stdout:/usr/bin/ceph: stderr
2024-03-26T08:32:32.961+0000 7f7cddffb700 1 -- 172.21.15.7:0/3030486767 <== mon.0 v2:172.21.15.7:3300/0 4 ==== mgrmap(e 7) v1 ==== 46000+0+0 (secure 0 0 0) 0x7f7cd4019800 con 0x7f7ce007dec0
2024-03-26T08:32:33.787 INFO:teuthology.orchestra.run.smithi007.stdout:/usr/bin/ceph: stderr
2024-03-26T08:32:32.961+0000 7f7cddffb700 1 --2- 172.21.15.7:0/3030486767 >> [v2:172.21.15.7:6800/1336720039,v1:172.21.15.7:6801/1336720039] conn(0x7f7cd0038e10 0x7f7cd003b2d0 unknown :-1 s=NONE pgs=0 cs=0 l=1 rev1=0 crypto rx=0 tx=0 comp rx=0 tx=0).connect
2024-03-26T08:32:33.787 INFO:teuthology.orchestra.run.smithi007.stdout:/usr/bin/ceph: stderr
2024-03-26T08:32:32.961+0000 7f7cddffb700 1 -- 172.21.15.7:0/3030486767 <== mon.0 v2:172.21.15.7:3300/0 5 ==== osd_map(2..2 src has 1..2) v4 ==== 940+0+0 (secure 0 0 0) 0x7f7cd404ceb0 con 0x7f7ce007dec0
2024-03-26T08:32:33.787 INFO:teuthology.orchestra.run.smithi007.stdout:/usr/bin/ceph: stderr
2024-03-26T08:32:32.961+0000 7f7ce702c700 1 -- 172.21.15.7:0/3030486767 --> [v2:172.21.15.7:3300/0,v1:172.21.15.7:6789/0] -- mon_command({"prefix": "get_command_descriptions"} v 0) v1 -- 0x7f7ce00637c0 con 0x7f7ce007dec0
2024-03-26T08:32:33.787 INFO:teuthology.orchestra.run.smithi007.stdout:/usr/bin/ceph: stderr
2024-03-26T08:32:32.961+0000 7f7cdffff700 1 --2- 172.21.15.7:0/3030486767 >> [v2:172.21.15.7:6800/1336720039,v1:172.21.15.7:6801/1336720039] conn(0x7f7cd0038e10 0x7f7cd003b2d0 unknown :-1 s=BANNER_CONNECTING pgs=0 cs=0 l=1 rev1=0 crypto rx=0 tx=0 comp rx=0 tx=0)._handle_peer_banner_payload supported=3 required=0
2024-03-26T08:32:33.787 INFO:teuthology.orchestra.run.smithi007.stdout:/usr/bin/ceph: stderr
2024-03-26T08:32:32.962+0000 7f7cdffff700 1 --2- 172.21.15.7:0/3030486767 >> [v2:172.21.15.7:6800/1336720039,v1:172.21.15.7:6801/1336720039] conn(0x7f7cd0038e10 0x7f7cd003b2d0 secure :-1 s=READY pgs=7 cs=0 l=1 rev1=1 crypto rx=0x7f7ccc006fd0 tx=0x7f7ccc006e40 comp rx=0 tx=0).ready entity=mgr.14120 client_cookie=0 server_cookie=0 in_seq=0 out_seq=0
2024-03-26T08:32:33.787 INFO:teuthology.orchestra.run.smithi007.stdout:/usr/bin/ceph: stderr
2024-03-26T08:32:32.967+0000 7f7cddffb700 1 -- 172.21.15.7:0/3030486767 <== mon.0 v2:172.21.15.7:3300/0 6 ==== mon_command_ack([{"prefix": "get_command_descriptions"}]=0 v0) v1 ==== 72+0+186149 (secure 0 0 0) 0x7f7cd402d960 con 0x7f7ce007dec0
2024-03-26T08:32:33.787 INFO:teuthology.orchestra.run.smithi007.stdout:/usr/bin/ceph: stderr
2024-03-26T08:32:33.029+0000 7f7cddffb700 1 -- 172.21.15.7:0/3030486767 <== mon.0 v2:172.21.15.7:3300/0 7 ==== mgrmap(e 8) v1 ==== 46106+0+0 (secure 0 0 0) 0x7f7cd402d440 con 0x7f7ce007dec0
2024-03-26T08:32:33.787 INFO:teuthology.orchestra.run.smithi007.stdout:/usr/bin/ceph: stderr
2024-03-26T08:32:33.191+0000 7f7ce702c700 1 -- 172.21.15.7:0/3030486767 --> [v2:172.21.15.7:6800/1336720039,v1:172.21.15.7:6801/1336720039] -- mgr_command(tid 0: {"prefix": "orch set backend", "module_name": "cephadm", "target": ["mon-mgr", ""]}) v1 -- 0x7f7ce01043c0 con 0x7f7cd0038e10
2024-03-26T08:32:33.787 INFO:teuthology.orchestra.run.smithi007.stdout:/usr/bin/ceph: stderr
2024-03-26T08:32:33.196+0000 7f7cddffb700 1 -- 172.21.15.7:0/3030486767 <== mgr.14120 v2:172.21.15.7:6800/1336720039 1 ==== mgr_command_reply(tid 0: 0 ) v1 ==== 8+0+0 (secure 0 0 0) 0x7f7ce01043c0 con 0x7f7cd0038e10
2024-03-26T08:32:33.787 INFO:teuthology.orchestra.run.smithi007.stdout:/usr/bin/ceph: stderr
2024-03-26T08:32:33.199+0000 7f7ce702c700 1 -- 172.21.15.7:0/3030486767 >> [v2:172.21.15.7:6800/1336720039,v1:172.21.15.7:6801/1336720039] conn(0x7f7cd0038e10 msgr2=0x7f7cd003b2d0 secure :-1 s=STATE_CONNECTION_ESTABLISHED l=1).mark_down
2024-03-26T08:32:33.788 INFO:teuthology.orchestra.run.smithi007.stdout:/usr/bin/ceph: stderr
2024-03-26T08:32:33.199+0000 7f7ce702c700 1 --2- 172.21.15.7:0/3030486767 >> [v2:172.21.15.7:6800/1336720039,v1:172.21.15.7:6801/1336720039] conn(0x7f7cd0038e10 0x7f7cd003b2d0 secure :-1 s=READY pgs=7 cs=0 l=1 rev1=1 crypto rx=0x7f7ccc006fd0 tx=0x7f7ccc006e40 comp rx=0 tx=0).stop
2024-03-26T08:32:33.788 INFO:teuthology.orchestra.run.smithi007.stdout:/usr/bin/ceph: stderr
2024-03-26T08:32:33.199+0000 7f7ce702c700 1 -- 172.21.15.7:0/3030486767 >> [v2:172.21.15.7:3300/0,v1:172.21.15.7:6789/0] conn(0x7f7ce007dec0 msgr2=0x7f7ce019dda0 secure :-1 s=STATE_CONNECTION_ESTABLISHED l=1).mark_down
2024-03-26T08:32:33.788 INFO:teuthology.orchestra.run.smithi007.stdout:/usr/bin/ceph: stderr
2024-03-26T08:32:33.199+0000 7f7ce702c700 1 --2- 172.21.15.7:0/3030486767 >> [v2:172.21.15.7:3300/0,v1:172.21.15.7:6789/0] conn(0x7f7ce007dec0 0x7f7ce019dda0 secure :-1 s=READY pgs=38 cs=0 l=1 rev1=1 crypto rx=0x7f7cd4009fb0 tx=0x7f7cd4011bf0 comp rx=0 tx=0).stop
2024-03-26T08:32:33.788 INFO:teuthology.orchestra.run.smithi007.stdout:/usr/bin/ceph: stderr
2024-03-26T08:32:33.199+0000 7f7ce702c700 1 -- 172.21.15.7:0/3030486767 shutdown_connections
2024-03-26T08:32:33.788 INFO:teuthology.orchestra.run.smithi007.stdout:/usr/bin/ceph: stderr
2024-03-26T08:32:33.199+0000 7f7ce702c700 1 --2- 172.21.15.7:0/3030486767 >> [v2:172.21.15.7:6800/1336720039,v1:172.21.15.7:6801/1336720039] conn(0x7f7cd0038e10 0x7f7cd003b2d0 unknown :-1 s=CLOSED pgs=7 cs=0 l=1 rev1=1 crypto rx=0 tx=0 comp rx=0 tx=0).stop
2024-03-26T08:32:33.788 INFO:teuthology.orchestra.run.smithi007.stdout:/usr/bin/ceph: stderr
2024-03-26T08:32:33.199+0000 7f7ce702c700 1 --2- 172.21.15.7:0/3030486767 >> [v2:172.21.15.7:3300/0,v1:172.21.15.7:6789/0] conn(0x7f7ce007dec0 0x7f7ce019dda0 unknown :-1 s=CLOSED pgs=38 cs=0 l=1 rev1=1 crypto rx=0 tx=0 comp rx=0 tx=0).stop
2024-03-26T08:32:33.788 INFO:teuthology.orchestra.run.smithi007.stdout:/usr/bin/ceph: stderr
2024-03-26T08:32:33.199+0000 7f7ce702c700 1 -- 172.21.15.7:0/3030486767 >> 172.21.15.7:0/3030486767 conn(0x7f7ce0103150 msgr2=0x7f7ce0103cb0 unknown :-1 s=STATE_NONE l=0).mark_down
2024-03-26T08:32:33.788 INFO:teuthology.orchestra.run.smithi007.stdout:/usr/bin/ceph: stderr
2024-03-26T08:32:33.199+0000 7f7ce702c700 1 -- 172.21.15.7:0/3030486767 shutdown_connections
2024-03-26T08:32:33.788 INFO:teuthology.orchestra.run.smithi007.stdout:/usr/bin/ceph: stderr
2024-03-26T08:32:33.199+0000 7f7ce702c700 1 -- 172.21.15.7:0/3030486767 wait complete.
2024-03-26T08:32:34.043 INFO:journalctl@ceph.mon.a.smithi007.stdout:Mar 26 08:32:34 smithi007 ceph-mon[32462]: mgrmap e8: x(active, since 2s)
2024-03-26T08:32:34.043 INFO:journalctl@ceph.mon.a.smithi007.stdout:Mar 26 08:32:34 smithi007 ceph-mon[32462]: from='client.14132 -' entity='client.admin' cmd=[{"prefix": "orch set backend", "module_name": "cephadm", "target": ["mon-mgr", ""]}]: dispatch
2024-03-26T08:32:34.043 INFO:journalctl@ceph.mon.a.smithi007.stdout:Mar 26 08:32:34 smithi007 ceph-mon[32462]: from='mgr.14120 172.21.15.7:0/3100067604' entity='mgr.x'
2024-03-26T08:32:34.043 INFO:journalctl@ceph.mon.a.smithi007.stdout:Mar 26 08:32:34 smithi007 ceph-mon[32462]: from='mgr.14120 172.21.15.7:0/3100067604' entity='mgr.x' cmd=[{"prefix": "config dump", "format": "json"}]: dispatch
2024-03-26T08:32:35.017 INFO:teuthology.orchestra.run.smithi007.stdout:/usr/bin/ceph: stdout value unchanged
2024-03-26T08:32:35.018 INFO:teuthology.orchestra.run.smithi007.stdout:/usr/bin/ceph: stderr
2024-03-26T08:32:34.205+0000 7f9cd0bc6700 1 Processor -- start
2024-03-26T08:32:35.018 INFO:teuthology.orchestra.run.smithi007.stdout:/usr/bin/ceph: stderr
2024-03-26T08:32:34.206+0000 7f9cd0bc6700 1 -- start start
2024-03-26T08:32:35.018 INFO:teuthology.orchestra.run.smithi007.stdout:/usr/bin/ceph: stderr
2024-03-26T08:32:34.206+0000 7f9cd0bc6700 1 --2- >> [v2:172.21.15.7:3300/0,v1:172.21.15.7:6789/0] conn(0x7f9ccc108610 0x7f9ccc10aa00 unknown :-1 s=NONE pgs=0 cs=0 l=0 rev1=0 crypto rx=0 tx=0 comp rx=0 tx=0).connect
2024-03-26T08:32:35.018 INFO:teuthology.orchestra.run.smithi007.stdout:/usr/bin/ceph: stderr
2024-03-26T08:32:34.206+0000 7f9cd0bc6700 1 -- --> [v2:172.21.15.7:3300/0,v1:172.21.15.7:6789/0] -- mon_getmap magic: 0 v1 -- 0x7f9ccc07be70 con 0x7f9ccc108610
2024-03-26T08:32:35.018 INFO:teuthology.orchestra.run.smithi007.stdout:/usr/bin/ceph: stderr
2024-03-26T08:32:34.206+0000 7f9cca59c700 1 --2- >> [v2:172.21.15.7:3300/0,v1:172.21.15.7:6789/0] conn(0x7f9ccc108610 0x7f9ccc10aa00 unknown :-1 s=BANNER_CONNECTING pgs=0 cs=0 l=0 rev1=0 crypto rx=0 tx=0 comp rx=0 tx=0)._handle_peer_banner_payload supported=3 required=0
2024-03-26T08:32:35.018 INFO:teuthology.orchestra.run.smithi007.stdout:/usr/bin/ceph: stderr
2024-03-26T08:32:34.206+0000 7f9cca59c700 1 --2- >> [v2:172.21.15.7:3300/0,v1:172.21.15.7:6789/0] conn(0x7f9ccc108610 0x7f9ccc10aa00 unknown :-1 s=HELLO_CONNECTING pgs=0 cs=0 l=0 rev1=1 crypto rx=0 tx=0 comp rx=0 tx=0).handle_hello peer v2:172.21.15.7:3300/0 says I am v2:172.21.15.7:37374/0 (socket says 172.21.15.7:37374)
2024-03-26T08:32:35.018 INFO:teuthology.orchestra.run.smithi007.stdout:/usr/bin/ceph: stderr
2024-03-26T08:32:34.206+0000 7f9cca59c700 1 -- 172.21.15.7:0/2204407603 learned_addr learned my addr 172.21.15.7:0/2204407603 (peer_addr_for_me v2:172.21.15.7:0/0)
2024-03-26T08:32:35.018 INFO:teuthology.orchestra.run.smithi007.stdout:/usr/bin/ceph: stderr
2024-03-26T08:32:34.206+0000 7f9cca59c700 1 -- 172.21.15.7:0/2204407603 --> [v2:172.21.15.7:3300/0,v1:172.21.15.7:6789/0] -- mon_subscribe({config=0+,monmap=0+}) v3 -- 0x7f9ccc10af40 con 0x7f9ccc108610
2024-03-26T08:32:35.018 INFO:teuthology.orchestra.run.smithi007.stdout:/usr/bin/ceph: stderr
2024-03-26T08:32:34.206+0000 7f9cca59c700 1 --2- 172.21.15.7:0/2204407603 >> [v2:172.21.15.7:3300/0,v1:172.21.15.7:6789/0] conn(0x7f9ccc108610 0x7f9ccc10aa00 secure :-1 s=READY pgs=39 cs=0 l=1 rev1=1 crypto rx=0x7f9cb40098a0 tx=0x7f9cb4009bb0 comp rx=0 tx=0).ready entity=mon.0 client_cookie=80a7bbdb059fadd1 server_cookie=0 in_seq=0 out_seq=0
2024-03-26T08:32:35.018 INFO:teuthology.orchestra.run.smithi007.stdout:/usr/bin/ceph: stderr
2024-03-26T08:32:34.207+0000 7f9cc959a700 1 -- 172.21.15.7:0/2204407603 <== mon.0 v2:172.21.15.7:3300/0 1 ==== mon_map magic: 0 v1 ==== 205+0+0 (secure 0 0 0) 0x7f9cb4004160 con 0x7f9ccc108610
2024-03-26T08:32:35.018 INFO:teuthology.orchestra.run.smithi007.stdout:/usr/bin/ceph: stderr
2024-03-26T08:32:34.207+0000 7f9cc959a700 1 -- 172.21.15.7:0/2204407603 <== mon.0 v2:172.21.15.7:3300/0 2 ==== config(27 keys) v1 ==== 1109+0+0 (secure 0 0 0) 0x7f9cb4004300 con 0x7f9ccc108610
2024-03-26T08:32:35.019 INFO:teuthology.orchestra.run.smithi007.stdout:/usr/bin/ceph: stderr
2024-03-26T08:32:34.207+0000 7f9cc959a700 1 -- 172.21.15.7:0/2204407603 <== mon.0 v2:172.21.15.7:3300/0 3 ==== mon_map magic: 0 v1 ==== 205+0+0 (secure 0 0 0) 0x7f9cb4011b50 con 0x7f9ccc108610
2024-03-26T08:32:35.019 INFO:teuthology.orchestra.run.smithi007.stdout:/usr/bin/ceph: stderr
2024-03-26T08:32:34.207+0000 7f9cd0bc6700 1 -- 172.21.15.7:0/2204407603 >> [v2:172.21.15.7:3300/0,v1:172.21.15.7:6789/0] conn(0x7f9ccc108610 msgr2=0x7f9ccc10aa00 secure :-1 s=STATE_CONNECTION_ESTABLISHED l=1).mark_down
2024-03-26T08:32:35.019 INFO:teuthology.orchestra.run.smithi007.stdout:/usr/bin/ceph: stderr
2024-03-26T08:32:34.207+0000 7f9cd0bc6700 1 --2- 172.21.15.7:0/2204407603 >> [v2:172.21.15.7:3300/0,v1:172.21.15.7:6789/0] conn(0x7f9ccc108610 0x7f9ccc10aa00 secure :-1 s=READY pgs=39 cs=0 l=1 rev1=1 crypto rx=0x7f9cb40098a0 tx=0x7f9cb4009bb0 comp rx=0 tx=0).stop
2024-03-26T08:32:35.019 INFO:teuthology.orchestra.run.smithi007.stdout:/usr/bin/ceph: stderr
2024-03-26T08:32:34.207+0000 7f9cd0bc6700 1 -- 172.21.15.7:0/2204407603 shutdown_connections
2024-03-26T08:32:35.019 INFO:teuthology.orchestra.run.smithi007.stdout:/usr/bin/ceph: stderr
2024-03-26T08:32:34.207+0000 7f9cd0bc6700 1 --2- 172.21.15.7:0/2204407603 >> [v2:172.21.15.7:3300/0,v1:172.21.15.7:6789/0] conn(0x7f9ccc108610 0x7f9ccc10aa00 unknown :-1 s=CLOSED pgs=39 cs=0 l=1 rev1=1 crypto rx=0 tx=0 comp rx=0 tx=0).stop
2024-03-26T08:32:35.019 INFO:teuthology.orchestra.run.smithi007.stdout:/usr/bin/ceph: stderr
2024-03-26T08:32:34.207+0000 7f9cd0bc6700 1 -- 172.21.15.7:0/2204407603 >> 172.21.15.7:0/2204407603 conn(0x7f9ccc102000 msgr2=0x7f9ccc104420 unknown :-1 s=STATE_NONE l=0).mark_down
2024-03-26T08:32:35.019 INFO:teuthology.orchestra.run.smithi007.stdout:/usr/bin/ceph: stderr
2024-03-26T08:32:34.207+0000 7f9cd0bc6700 1 -- 172.21.15.7:0/2204407603 shutdown_connections
2024-03-26T08:32:35.019 INFO:teuthology.orchestra.run.smithi007.stdout:/usr/bin/ceph: stderr
2024-03-26T08:32:34.208+0000 7f9cd0bc6700 1 -- 172.21.15.7:0/2204407603 wait complete.
2024-03-26T08:32:35.019 INFO:teuthology.orchestra.run.smithi007.stdout:/usr/bin/ceph: stderr
2024-03-26T08:32:34.208+0000 7f9cd0bc6700 1 Processor -- start
2024-03-26T08:32:35.019 INFO:teuthology.orchestra.run.smithi007.stdout:/usr/bin/ceph: stderr
2024-03-26T08:32:34.208+0000 7f9cd0bc6700 1 -- start start
2024-03-26T08:32:35.019 INFO:teuthology.orchestra.run.smithi007.stdout:/usr/bin/ceph: stderr
2024-03-26T08:32:34.208+0000 7f9cd0bc6700 1 --2- >> [v2:172.21.15.7:3300/0,v1:172.21.15.7:6789/0] conn(0x7f9ccc108610 0x7f9ccc19bb40 unknown :-1 s=NONE pgs=0 cs=0 l=1 rev1=0 crypto rx=0 tx=0 comp rx=0 tx=0).connect
2024-03-26T08:32:35.019 INFO:teuthology.orchestra.run.smithi007.stdout:/usr/bin/ceph: stderr
2024-03-26T08:32:34.208+0000 7f9cd0bc6700 1 -- --> [v2:172.21.15.7:3300/0,v1:172.21.15.7:6789/0] -- mon_getmap magic: 0 v1 -- 0x7f9ccc10bf10 con 0x7f9ccc108610
2024-03-26T08:32:35.019 INFO:teuthology.orchestra.run.smithi007.stdout:/usr/bin/ceph: stderr
2024-03-26T08:32:34.209+0000 7f9cca59c700 1 --2- >> [v2:172.21.15.7:3300/0,v1:172.21.15.7:6789/0] conn(0x7f9ccc108610 0x7f9ccc19bb40 unknown :-1 s=BANNER_CONNECTING pgs=0 cs=0 l=1 rev1=0 crypto rx=0 tx=0 comp rx=0 tx=0)._handle_peer_banner_payload supported=3 required=0
2024-03-26T08:32:35.019 INFO:teuthology.orchestra.run.smithi007.stdout:/usr/bin/ceph: stderr
2024-03-26T08:32:34.209+0000 7f9cca59c700 1 --2- >> [v2:172.21.15.7:3300/0,v1:172.21.15.7:6789/0] conn(0x7f9ccc108610 0x7f9ccc19bb40 unknown :-1 s=HELLO_CONNECTING pgs=0 cs=0 l=1 rev1=1 crypto rx=0 tx=0 comp rx=0 tx=0).handle_hello peer v2:172.21.15.7:3300/0 says I am v2:172.21.15.7:37390/0 (socket says 172.21.15.7:37390)
2024-03-26T08:32:35.019 INFO:teuthology.orchestra.run.smithi007.stdout:/usr/bin/ceph: stderr
2024-03-26T08:32:34.209+0000 7f9cca59c700 1 -- 172.21.15.7:0/3345656415 learned_addr learned my addr 172.21.15.7:0/3345656415 (peer_addr_for_me v2:172.21.15.7:0/0)
2024-03-26T08:32:35.020 INFO:teuthology.orchestra.run.smithi007.stdout:/usr/bin/ceph: stderr
2024-03-26T08:32:34.209+0000 7f9cca59c700 1 -- 172.21.15.7:0/3345656415 --> [v2:172.21.15.7:3300/0,v1:172.21.15.7:6789/0] -- mon_subscribe({config=0+,monmap=0+}) v3 -- 0x7f9ccc19c080 con 0x7f9ccc108610
2024-03-26T08:32:35.020 INFO:teuthology.orchestra.run.smithi007.stdout:/usr/bin/ceph: stderr
2024-03-26T08:32:34.209+0000 7f9cca59c700 1 --2- 172.21.15.7:0/3345656415 >> [v2:172.21.15.7:3300/0,v1:172.21.15.7:6789/0] conn(0x7f9ccc108610 0x7f9ccc19bb40 secure :-1 s=READY pgs=40 cs=0 l=1 rev1=1 crypto rx=0x7f9cb4011b60 tx=0x7f9cb4011c40 comp rx=0 tx=0).ready entity=mon.0 client_cookie=0 server_cookie=0 in_seq=0 out_seq=0
2024-03-26T08:32:35.020 INFO:teuthology.orchestra.run.smithi007.stdout:/usr/bin/ceph: stderr
2024-03-26T08:32:34.209+0000 7f9cc37fe700 1 -- 172.21.15.7:0/3345656415 <== mon.0 v2:172.21.15.7:3300/0 1 ==== mon_map magic: 0 v1 ==== 205+0+0 (secure 0 0 0) 0x7f9cb4003970 con 0x7f9ccc108610
2024-03-26T08:32:35.020 INFO:teuthology.orchestra.run.smithi007.stdout:/usr/bin/ceph: stderr
2024-03-26T08:32:34.209+0000 7f9cc37fe700 1 -- 172.21.15.7:0/3345656415 <== mon.0 v2:172.21.15.7:3300/0 2 ==== config(27 keys) v1 ==== 1109+0+0 (secure 0 0 0) 0x7f9cb4003b10 con 0x7f9ccc108610
2024-03-26T08:32:35.020 INFO:teuthology.orchestra.run.smithi007.stdout:/usr/bin/ceph: stderr
2024-03-26T08:32:34.209+0000 7f9cd0bc6700 1 -- 172.21.15.7:0/3345656415 --> [v2:172.21.15.7:3300/0,v1:172.21.15.7:6789/0] -- mon_subscribe({mgrmap=0+}) v3 -- 0x7f9ccc19c310 con 0x7f9ccc108610
2024-03-26T08:32:35.020 INFO:teuthology.orchestra.run.smithi007.stdout:/usr/bin/ceph: stderr
2024-03-26T08:32:34.209+0000 7f9cc37fe700 1 -- 172.21.15.7:0/3345656415 <== mon.0 v2:172.21.15.7:3300/0 3 ==== mon_map magic: 0 v1 ==== 205+0+0 (secure 0 0 0) 0x7f9cb4024610 con 0x7f9ccc108610
2024-03-26T08:32:35.020 INFO:teuthology.orchestra.run.smithi007.stdout:/usr/bin/ceph: stderr
2024-03-26T08:32:34.209+0000 7f9cd0bc6700 1 -- 172.21.15.7:0/3345656415 --> [v2:172.21.15.7:3300/0,v1:172.21.15.7:6789/0] -- mon_subscribe({osdmap=0}) v3 -- 0x7f9ccc19f000 con 0x7f9ccc108610
2024-03-26T08:32:35.020 INFO:teuthology.orchestra.run.smithi007.stdout:/usr/bin/ceph: stderr
2024-03-26T08:32:34.210+0000 7f9cc37fe700 1 -- 172.21.15.7:0/3345656415 <== mon.0 v2:172.21.15.7:3300/0 4 ==== mgrmap(e 8) v1 ==== 46106+0+0 (secure 0 0 0) 0x7f9cb4024910 con 0x7f9ccc108610
2024-03-26T08:32:35.020 INFO:teuthology.orchestra.run.smithi007.stdout:/usr/bin/ceph: stderr
2024-03-26T08:32:34.211+0000 7f9cc37fe700 1 --2- 172.21.15.7:0/3345656415 >> [v2:172.21.15.7:6800/1336720039,v1:172.21.15.7:6801/1336720039] conn(0x7f9cb8038f20 0x7f9cb803b3e0 unknown :-1 s=NONE pgs=0 cs=0 l=1 rev1=0 crypto rx=0 tx=0 comp rx=0 tx=0).connect
