2024-03-26T08:32:23.214 INFO:teuthology.orchestra.run.smithi007.stdout:/usr/bin/ceph: stderr
2024-03-26T08:32:22.383+0000 7f7117fff700 1 -- 172.21.15.7:0/3453148675 <== mon.0 v2:172.21.15.7:3300/0 4 ==== mgrmap(e 4) v1 ==== 46095+0+0 (secure 0 0 0) 0x7f7120019720 con 0x7f7130108670
2024-03-26T08:32:23.214 INFO:teuthology.orchestra.run.smithi007.stdout:/usr/bin/ceph: stderr
2024-03-26T08:32:22.383+0000 7f7135085700 1 -- 172.21.15.7:0/3453148675 --> [v2:172.21.15.7:3300/0,v1:172.21.15.7:6789/0] -- mon_command({"prefix": "get_command_descriptions"} v 0) v1 -- 0x7f71300637c0 con 0x7f7130108670
2024-03-26T08:32:23.214 INFO:teuthology.orchestra.run.smithi007.stdout:/usr/bin/ceph: stderr
2024-03-26T08:32:22.384+0000 7f7117fff700 1 --2- 172.21.15.7:0/3453148675 >> [v2:172.21.15.7:6800/3110430694,v1:172.21.15.7:6801/3110430694] conn(0x7f7118038e80 0x7f711803b340 unknown :-1 s=NONE pgs=0 cs=0 l=1 rev1=0 crypto rx=0 tx=0 comp rx=0 tx=0).connect
2024-03-26T08:32:23.214 INFO:teuthology.orchestra.run.smithi007.stdout:/usr/bin/ceph: stderr
2024-03-26T08:32:22.384+0000 7f7117fff700 1 -- 172.21.15.7:0/3453148675 <== mon.0 v2:172.21.15.7:3300/0 5 ==== osd_map(1..1 src has 1..1) v4 ==== 725+0+0 (secure 0 0 0) 0x7f712004d2c0 con 0x7f7130108670
2024-03-26T08:32:23.214 INFO:teuthology.orchestra.run.smithi007.stdout:/usr/bin/ceph: stderr
2024-03-26T08:32:22.384+0000 7f712e59c700 1 --2- 172.21.15.7:0/3453148675 >> [v2:172.21.15.7:6800/3110430694,v1:172.21.15.7:6801/3110430694] conn(0x7f7118038e80 0x7f711803b340 unknown :-1 s=BANNER_CONNECTING pgs=0 cs=0 l=1 rev1=0 crypto rx=0 tx=0 comp rx=0 tx=0)._handle_peer_banner_payload supported=3 required=0
2024-03-26T08:32:23.214 INFO:teuthology.orchestra.run.smithi007.stdout:/usr/bin/ceph: stderr
2024-03-26T08:32:22.384+0000 7f712e59c700 1 --2- 172.21.15.7:0/3453148675 >> [v2:172.21.15.7:6800/3110430694,v1:172.21.15.7:6801/3110430694] conn(0x7f7118038e80 0x7f711803b340 secure :-1 s=READY pgs=7 cs=0 l=1 rev1=1 crypto rx=0x7f7124006fd0 tx=0x7f7124006e40 comp rx=0 tx=0).ready entity=mgr.14100 client_cookie=0 server_cookie=0 in_seq=0 out_seq=0
2024-03-26T08:32:23.214 INFO:teuthology.orchestra.run.smithi007.stdout:/usr/bin/ceph: stderr
2024-03-26T08:32:22.389+0000 7f7117fff700 1 -- 172.21.15.7:0/3453148675 <== mon.0 v2:172.21.15.7:3300/0 6 ==== mon_command_ack([{"prefix": "get_command_descriptions"}]=0 v0) v1 ==== 72+0+186149 (secure 0 0 0) 0x7f712000bc70 con 0x7f7130108670
2024-03-26T08:32:23.214 INFO:teuthology.orchestra.run.smithi007.stdout:/usr/bin/ceph: stderr
2024-03-26T08:32:22.592+0000 7f7135085700 1 -- 172.21.15.7:0/3453148675 --> [v2:172.21.15.7:3300/0,v1:172.21.15.7:6789/0] -- mon_command({"prefix": "config assimilate-conf"} v 0) v1 -- 0x7f713019f1a0 con 0x7f7130108670
2024-03-26T08:32:23.214 INFO:teuthology.orchestra.run.smithi007.stdout:/usr/bin/ceph: stderr
2024-03-26T08:32:22.593+0000 7f7117fff700 1 -- 172.21.15.7:0/3453148675 <== mon.0 v2:172.21.15.7:3300/0 7 ==== mon_command_ack([{"prefix": "config assimilate-conf"}]=0 v3) v1 ==== 70+0+373 (secure 0 0 0) 0x7f713019f1a0 con 0x7f7130108670
2024-03-26T08:32:23.214 INFO:teuthology.orchestra.run.smithi007.stdout:/usr/bin/ceph: stderr
2024-03-26T08:32:22.595+0000 7f7135085700 1 -- 172.21.15.7:0/3453148675 >> [v2:172.21.15.7:6800/3110430694,v1:172.21.15.7:6801/3110430694] conn(0x7f7118038e80 msgr2=0x7f711803b340 secure :-1 s=STATE_CONNECTION_ESTABLISHED l=1).mark_down
2024-03-26T08:32:23.215 INFO:teuthology.orchestra.run.smithi007.stdout:/usr/bin/ceph: stderr
2024-03-26T08:32:22.595+0000 7f7135085700 1 --2- 172.21.15.7:0/3453148675 >> [v2:172.21.15.7:6800/3110430694,v1:172.21.15.7:6801/3110430694] conn(0x7f7118038e80 0x7f711803b340 secure :-1 s=READY pgs=7 cs=0 l=1 rev1=1 crypto rx=0x7f7124006fd0 tx=0x7f7124006e40 comp rx=0 tx=0).stop
2024-03-26T08:32:23.215 INFO:teuthology.orchestra.run.smithi007.stdout:/usr/bin/ceph: stderr
2024-03-26T08:32:22.595+0000 7f7135085700 1 -- 172.21.15.7:0/3453148675 >> [v2:172.21.15.7:3300/0,v1:172.21.15.7:6789/0] conn(0x7f7130108670 msgr2=0x7f713019bb10 secure :-1 s=STATE_CONNECTION_ESTABLISHED l=1).mark_down
2024-03-26T08:32:23.215 INFO:teuthology.orchestra.run.smithi007.stdout:/usr/bin/ceph: stderr
2024-03-26T08:32:22.595+0000 7f7135085700 1 --2- 172.21.15.7:0/3453148675 >> [v2:172.21.15.7:3300/0,v1:172.21.15.7:6789/0] conn(0x7f7130108670 0x7f713019bb10 secure :-1 s=READY pgs=21 cs=0 l=1 rev1=1 crypto rx=0x7f7120009fb0 tx=0x7f7120011bf0 comp rx=0 tx=0).stop
2024-03-26T08:32:23.215 INFO:teuthology.orchestra.run.smithi007.stdout:/usr/bin/ceph: stderr
2024-03-26T08:32:22.595+0000 7f7135085700 1 -- 172.21.15.7:0/3453148675 shutdown_connections
2024-03-26T08:32:23.215 INFO:teuthology.orchestra.run.smithi007.stdout:/usr/bin/ceph: stderr
2024-03-26T08:32:22.595+0000 7f7135085700 1 --2- 172.21.15.7:0/3453148675 >> [v2:172.21.15.7:6800/3110430694,v1:172.21.15.7:6801/3110430694] conn(0x7f7118038e80 0x7f711803b340 unknown :-1 s=CLOSED pgs=7 cs=0 l=1 rev1=1 crypto rx=0 tx=0 comp rx=0 tx=0).stop
2024-03-26T08:32:23.215 INFO:teuthology.orchestra.run.smithi007.stdout:/usr/bin/ceph: stderr
2024-03-26T08:32:22.595+0000 7f7135085700 1 --2- 172.21.15.7:0/3453148675 >> [v2:172.21.15.7:3300/0,v1:172.21.15.7:6789/0] conn(0x7f7130108670 0x7f713019bb10 unknown :-1 s=CLOSED pgs=21 cs=0 l=1 rev1=1 crypto rx=0 tx=0 comp rx=0 tx=0).stop
2024-03-26T08:32:23.215 INFO:teuthology.orchestra.run.smithi007.stdout:/usr/bin/ceph: stderr
2024-03-26T08:32:22.595+0000 7f7135085700 1 -- 172.21.15.7:0/3453148675 >> 172.21.15.7:0/3453148675 conn(0x7f7130102000 msgr2=0x7f7130102c00 unknown :-1 s=STATE_NONE l=0).mark_down
2024-03-26T08:32:23.215 INFO:teuthology.orchestra.run.smithi007.stdout:/usr/bin/ceph: stderr
2024-03-26T08:32:22.595+0000 7f7135085700 1 -- 172.21.15.7:0/3453148675 shutdown_connections
2024-03-26T08:32:23.215 INFO:teuthology.orchestra.run.smithi007.stdout:/usr/bin/ceph: stderr
2024-03-26T08:32:22.595+0000 7f7135085700 1 -- 172.21.15.7:0/3453148675 wait complete.
2024-03-26T08:32:23.215 INFO:teuthology.orchestra.run.smithi007.stdout:Enabling cephadm module...
2024-03-26T08:32:24.293 INFO:journalctl@ceph.mon.a.smithi007.stdout:Mar 26 08:32:23 smithi007 ceph-mon[32462]: from='client.? 172.21.15.7:0/397862922' entity='client.admin' cmd=[{"prefix": "mgr module enable", "module": "cephadm"}]: dispatch
2024-03-26T08:32:24.293 INFO:journalctl@ceph.mgr.x.smithi007.stdout:Mar 26 08:32:24 smithi007 ceph-2c753f3e-eb4b-11ee-95d0-87774f69a715-mgr-x[32694]: ignoring --setuser ceph since I am not root
2024-03-26T08:32:24.294 INFO:journalctl@ceph.mgr.x.smithi007.stdout:Mar 26 08:32:24 smithi007 ceph-2c753f3e-eb4b-11ee-95d0-87774f69a715-mgr-x[32694]: ignoring --setgroup ceph since I am not root
2024-03-26T08:32:24.907 INFO:journalctl@ceph.mgr.x.smithi007.stdout:Mar 26 08:32:24 smithi007 ceph-2c753f3e-eb4b-11ee-95d0-87774f69a715-mgr-x[32694]:
2024-03-26T08:32:24.521+0000 7f7f3da00200 -1 mgr[py] Module osd_perf_query has missing NOTIFY_TYPES member
2024-03-26T08:32:24.907 INFO:journalctl@ceph.mgr.x.smithi007.stdout:Mar 26 08:32:24 smithi007 ceph-2c753f3e-eb4b-11ee-95d0-87774f69a715-mgr-x[32694]:
2024-03-26T08:32:24.615+0000 7f7f3da00200 -1 mgr[py] Module snap_schedule has missing NOTIFY_TYPES member
2024-03-26T08:32:25.207 INFO:journalctl@ceph.mon.a.smithi007.stdout:Mar 26 08:32:24 smithi007 ceph-mon[32462]: from='client.? 172.21.15.7:0/397862922' entity='client.admin' cmd='[{"prefix": "mgr module enable", "module": "cephadm"}]': finished
2024-03-26T08:32:25.208 INFO:journalctl@ceph.mon.a.smithi007.stdout:Mar 26 08:32:24 smithi007 ceph-mon[32462]: mgrmap e5: x(active, since 14s)
2024-03-26T08:32:25.215 INFO:teuthology.orchestra.run.smithi007.stdout:/usr/bin/ceph: stderr
2024-03-26T08:32:23.621+0000 7f633206e700 1 Processor -- start
2024-03-26T08:32:25.215 INFO:teuthology.orchestra.run.smithi007.stdout:/usr/bin/ceph: stderr
2024-03-26T08:32:23.621+0000 7f633206e700 1 -- start start
2024-03-26T08:32:25.215 INFO:teuthology.orchestra.run.smithi007.stdout:/usr/bin/ceph: stderr
2024-03-26T08:32:23.621+0000 7f633206e700 1 --2- >> [v2:172.21.15.7:3300/0,v1:172.21.15.7:6789/0] conn(0x7f632c07dee0 0x7f632c07c340 unknown :-1 s=NONE pgs=0 cs=0 l=0 rev1=0 crypto rx=0 tx=0 comp rx=0 tx=0).connect
2024-03-26T08:32:25.215 INFO:teuthology.orchestra.run.smithi007.stdout:/usr/bin/ceph: stderr
2024-03-26T08:32:23.621+0000 7f633206e700 1 -- --> [v2:172.21.15.7:3300/0,v1:172.21.15.7:6789/0] -- mon_getmap magic: 0 v1 -- 0x7f632c07c910 con 0x7f632c07dee0
2024-03-26T08:32:25.215 INFO:teuthology.orchestra.run.smithi007.stdout:/usr/bin/ceph: stderr
2024-03-26T08:32:23.622+0000 7f632b7fe700 1 --2- >> [v2:172.21.15.7:3300/0,v1:172.21.15.7:6789/0] conn(0x7f632c07dee0 0x7f632c07c340 unknown :-1 s=BANNER_CONNECTING pgs=0 cs=0 l=0 rev1=0 crypto rx=0 tx=0 comp rx=0 tx=0)._handle_peer_banner_payload supported=3 required=0
2024-03-26T08:32:25.215 INFO:teuthology.orchestra.run.smithi007.stdout:/usr/bin/ceph: stderr
2024-03-26T08:32:23.622+0000 7f632b7fe700 1 --2- >> [v2:172.21.15.7:3300/0,v1:172.21.15.7:6789/0] conn(0x7f632c07dee0 0x7f632c07c340 unknown :-1 s=HELLO_CONNECTING pgs=0 cs=0 l=0 rev1=1 crypto rx=0 tx=0 comp rx=0 tx=0).handle_hello peer v2:172.21.15.7:3300/0 says I am v2:172.21.15.7:44118/0 (socket says 172.21.15.7:44118)
2024-03-26T08:32:25.215 INFO:teuthology.orchestra.run.smithi007.stdout:/usr/bin/ceph: stderr
2024-03-26T08:32:23.622+0000 7f632b7fe700 1 -- 172.21.15.7:0/1735954663 learned_addr learned my addr 172.21.15.7:0/1735954663 (peer_addr_for_me v2:172.21.15.7:0/0)
2024-03-26T08:32:25.215 INFO:teuthology.orchestra.run.smithi007.stdout:/usr/bin/ceph: stderr
2024-03-26T08:32:23.622+0000 7f632b7fe700 1 -- 172.21.15.7:0/1735954663 --> [v2:172.21.15.7:3300/0,v1:172.21.15.7:6789/0] -- mon_subscribe({config=0+,monmap=0+}) v3 -- 0x7f632c07ca90 con 0x7f632c07dee0
2024-03-26T08:32:25.215 INFO:teuthology.orchestra.run.smithi007.stdout:/usr/bin/ceph: stderr
2024-03-26T08:32:23.622+0000 7f632b7fe700 1 --2- 172.21.15.7:0/1735954663 >> [v2:172.21.15.7:3300/0,v1:172.21.15.7:6789/0] conn(0x7f632c07dee0 0x7f632c07c340 secure :-1 s=READY pgs=22 cs=0 l=1 rev1=1 crypto rx=0x7f6324009e80 tx=0x7f632400b330 comp rx=0 tx=0).ready entity=mon.0 client_cookie=b6765949cde975be server_cookie=0 in_seq=0 out_seq=0
2024-03-26T08:32:25.216 INFO:teuthology.orchestra.run.smithi007.stdout:/usr/bin/ceph: stderr
2024-03-26T08:32:23.622+0000 7f632a7fc700 1 -- 172.21.15.7:0/1735954663 <== mon.0 v2:172.21.15.7:3300/0 1 ==== mon_map magic: 0 v1 ==== 205+0+0 (secure 0 0 0) 0x7f6324017070 con 0x7f632c07dee0
2024-03-26T08:32:25.216 INFO:teuthology.orchestra.run.smithi007.stdout:/usr/bin/ceph: stderr
2024-03-26T08:32:23.622+0000 7f632a7fc700 1 -- 172.21.15.7:0/1735954663 <== mon.0 v2:172.21.15.7:3300/0 2 ==== config(27 keys) v1 ==== 1109+0+0 (secure 0 0 0) 0x7f632400b8c0 con 0x7f632c07dee0
2024-03-26T08:32:25.216 INFO:teuthology.orchestra.run.smithi007.stdout:/usr/bin/ceph: stderr
2024-03-26T08:32:23.622+0000 7f632a7fc700 1 -- 172.21.15.7:0/1735954663 <== mon.0 v2:172.21.15.7:3300/0 3 ==== mon_map magic: 0 v1 ==== 205+0+0 (secure 0 0 0) 0x7f63240045c0 con 0x7f632c07dee0
2024-03-26T08:32:25.216 INFO:teuthology.orchestra.run.smithi007.stdout:/usr/bin/ceph: stderr
2024-03-26T08:32:23.623+0000 7f633206e700 1 -- 172.21.15.7:0/1735954663 >> [v2:172.21.15.7:3300/0,v1:172.21.15.7:6789/0] conn(0x7f632c07dee0 msgr2=0x7f632c07c340 secure :-1 s=STATE_CONNECTION_ESTABLISHED l=1).mark_down
2024-03-26T08:32:25.216 INFO:teuthology.orchestra.run.smithi007.stdout:/usr/bin/ceph: stderr
2024-03-26T08:32:23.623+0000 7f633206e700 1 --2- 172.21.15.7:0/1735954663 >> [v2:172.21.15.7:3300/0,v1:172.21.15.7:6789/0] conn(0x7f632c07dee0 0x7f632c07c340 secure :-1 s=READY pgs=22 cs=0 l=1 rev1=1 crypto rx=0x7f6324009e80 tx=0x7f632400b330 comp rx=0 tx=0).stop
2024-03-26T08:32:25.216 INFO:teuthology.orchestra.run.smithi007.stdout:/usr/bin/ceph: stderr
2024-03-26T08:32:23.623+0000 7f633206e700 1 -- 172.21.15.7:0/1735954663 shutdown_connections
2024-03-26T08:32:25.216 INFO:teuthology.orchestra.run.smithi007.stdout:/usr/bin/ceph: stderr
2024-03-26T08:32:23.623+0000 7f633206e700 1 --2- 172.21.15.7:0/1735954663 >> [v2:172.21.15.7:3300/0,v1:172.21.15.7:6789/0] conn(0x7f632c07dee0 0x7f632c07c340 unknown :-1 s=CLOSED pgs=22 cs=0 l=1 rev1=1 crypto rx=0 tx=0 comp rx=0 tx=0).stop
2024-03-26T08:32:25.216 INFO:teuthology.orchestra.run.smithi007.stdout:/usr/bin/ceph: stderr
2024-03-26T08:32:23.623+0000 7f633206e700 1 -- 172.21.15.7:0/1735954663 >> 172.21.15.7:0/1735954663 conn(0x7f632c103150 msgr2=0x7f632c105570 unknown :-1 s=STATE_NONE l=0).mark_down
2024-03-26T08:32:25.216 INFO:teuthology.orchestra.run.smithi007.stdout:/usr/bin/ceph: stderr
2024-03-26T08:32:23.623+0000 7f633206e700 1 -- 172.21.15.7:0/1735954663 shutdown_connections
2024-03-26T08:32:25.216 INFO:teuthology.orchestra.run.smithi007.stdout:/usr/bin/ceph: stderr
2024-03-26T08:32:23.623+0000 7f633206e700 1 -- 172.21.15.7:0/1735954663 wait complete.
2024-03-26T08:32:25.216 INFO:teuthology.orchestra.run.smithi007.stdout:/usr/bin/ceph: stderr
2024-03-26T08:32:23.624+0000 7f633206e700 1 Processor -- start
2024-03-26T08:32:25.216 INFO:teuthology.orchestra.run.smithi007.stdout:/usr/bin/ceph: stderr
2024-03-26T08:32:23.624+0000 7f633206e700 1 -- start start
2024-03-26T08:32:25.216 INFO:teuthology.orchestra.run.smithi007.stdout:/usr/bin/ceph: stderr
2024-03-26T08:32:23.624+0000 7f633206e700 1 --2- >> [v2:172.21.15.7:3300/0,v1:172.21.15.7:6789/0] conn(0x7f632c07dee0 0x7f632c19dd20 unknown :-1 s=NONE pgs=0 cs=0 l=1 rev1=0 crypto rx=0 tx=0 comp rx=0 tx=0).connect
2024-03-26T08:32:25.216 INFO:teuthology.orchestra.run.smithi007.stdout:/usr/bin/ceph: stderr
2024-03-26T08:32:23.624+0000 7f633206e700 1 -- --> [v2:172.21.15.7:3300/0,v1:172.21.15.7:6789/0] -- mon_getmap magic: 0 v1 -- 0x7f632c10e140 con 0x7f632c07dee0
2024-03-26T08:32:25.217 INFO:teuthology.orchestra.run.smithi007.stdout:/usr/bin/ceph: stderr
2024-03-26T08:32:23.624+0000 7f632b7fe700 1 --2- >> [v2:172.21.15.7:3300/0,v1:172.21.15.7:6789/0] conn(0x7f632c07dee0 0x7f632c19dd20 unknown :-1 s=BANNER_CONNECTING pgs=0 cs=0 l=1 rev1=0 crypto rx=0 tx=0 comp rx=0 tx=0)._handle_peer_banner_payload supported=3 required=0
2024-03-26T08:32:25.217 INFO:teuthology.orchestra.run.smithi007.stdout:/usr/bin/ceph: stderr
2024-03-26T08:32:23.624+0000 7f632b7fe700 1 --2- >> [v2:172.21.15.7:3300/0,v1:172.21.15.7:6789/0] conn(0x7f632c07dee0 0x7f632c19dd20 unknown :-1 s=HELLO_CONNECTING pgs=0 cs=0 l=1 rev1=1 crypto rx=0 tx=0 comp rx=0 tx=0).handle_hello peer v2:172.21.15.7:3300/0 says I am v2:172.21.15.7:44130/0 (socket says 172.21.15.7:44130)
2024-03-26T08:32:25.217 INFO:teuthology.orchestra.run.smithi007.stdout:/usr/bin/ceph: stderr
2024-03-26T08:32:23.624+0000 7f632b7fe700 1 -- 172.21.15.7:0/397862922 learned_addr learned my addr 172.21.15.7:0/397862922 (peer_addr_for_me v2:172.21.15.7:0/0)
2024-03-26T08:32:25.217 INFO:teuthology.orchestra.run.smithi007.stdout:/usr/bin/ceph: stderr
2024-03-26T08:32:23.624+0000 7f632b7fe700 1 -- 172.21.15.7:0/397862922 --> [v2:172.21.15.7:3300/0,v1:172.21.15.7:6789/0] -- mon_subscribe({config=0+,monmap=0+}) v3 -- 0x7f632c19e260 con 0x7f632c07dee0
2024-03-26T08:32:25.217 INFO:teuthology.orchestra.run.smithi007.stdout:/usr/bin/ceph: stderr
2024-03-26T08:32:23.625+0000 7f632b7fe700 1 --2- 172.21.15.7:0/397862922 >> [v2:172.21.15.7:3300/0,v1:172.21.15.7:6789/0] conn(0x7f632c07dee0 0x7f632c19dd20 secure :-1 s=READY pgs=23 cs=0 l=1 rev1=1 crypto rx=0x7f6324004210 tx=0x7f632400bd50 comp rx=0 tx=0).ready entity=mon.0 client_cookie=0 server_cookie=0 in_seq=0 out_seq=0
2024-03-26T08:32:25.217 INFO:teuthology.orchestra.run.smithi007.stdout:/usr/bin/ceph: stderr
2024-03-26T08:32:23.625+0000 7f6328ff9700 1 -- 172.21.15.7:0/397862922 <== mon.0 v2:172.21.15.7:3300/0 1 ==== mon_map magic: 0 v1 ==== 205+0+0 (secure 0 0 0) 0x7f6324020020 con 0x7f632c07dee0
2024-03-26T08:32:25.217 INFO:teuthology.orchestra.run.smithi007.stdout:/usr/bin/ceph: stderr
2024-03-26T08:32:23.625+0000 7f633206e700 1 -- 172.21.15.7:0/397862922 --> [v2:172.21.15.7:3300/0,v1:172.21.15.7:6789/0] -- mon_subscribe({mgrmap=0+}) v3 -- 0x7f632c19e4f0 con 0x7f632c07dee0
2024-03-26T08:32:25.217 INFO:teuthology.orchestra.run.smithi007.stdout:/usr/bin/ceph: stderr
2024-03-26T08:32:23.625+0000 7f6328ff9700 1 -- 172.21.15.7:0/397862922 <== mon.0 v2:172.21.15.7:3300/0 2 ==== config(27 keys) v1 ==== 1109+0+0 (secure 0 0 0) 0x7f6324003b50 con 0x7f632c07dee0
2024-03-26T08:32:25.217 INFO:teuthology.orchestra.run.smithi007.stdout:/usr/bin/ceph: stderr
2024-03-26T08:32:23.625+0000 7f6328ff9700 1 -- 172.21.15.7:0/397862922 <== mon.0 v2:172.21.15.7:3300/0 3 ==== mon_map magic: 0 v1 ==== 205+0+0 (secure 0 0 0) 0x7f6324017040 con 0x7f632c07dee0
2024-03-26T08:32:25.217 INFO:teuthology.orchestra.run.smithi007.stdout:/usr/bin/ceph: stderr
2024-03-26T08:32:23.625+0000 7f633206e700 1 -- 172.21.15.7:0/397862922 --> [v2:172.21.15.7:3300/0,v1:172.21.15.7:6789/0] -- mon_subscribe({osdmap=0}) v3 -- 0x7f632c1a11d0 con 0x7f632c07dee0
2024-03-26T08:32:25.217 INFO:teuthology.orchestra.run.smithi007.stdout:/usr/bin/ceph: stderr
2024-03-26T08:32:23.626+0000 7f6328ff9700 1 -- 172.21.15.7:0/397862922 <== mon.0 v2:172.21.15.7:3300/0 4 ==== mgrmap(e 4) v1 ==== 46095+0+0 (secure 0 0 0) 0x7f6324023020 con 0x7f632c07dee0
2024-03-26T08:32:25.217 INFO:teuthology.orchestra.run.smithi007.stdout:/usr/bin/ceph: stderr
2024-03-26T08:32:23.626+0000 7f633206e700 1 -- 172.21.15.7:0/397862922 --> [v2:172.21.15.7:3300/0,v1:172.21.15.7:6789/0] -- mon_command({"prefix": "get_command_descriptions"} v 0) v1 -- 0x7f632c0637c0 con 0x7f632c07dee0
2024-03-26T08:32:25.217 INFO:teuthology.orchestra.run.smithi007.stdout:/usr/bin/ceph: stderr
2024-03-26T08:32:23.626+0000 7f6328ff9700 1 --2- 172.21.15.7:0/397862922 >> [v2:172.21.15.7:6800/3110430694,v1:172.21.15.7:6801/3110430694] conn(0x7f6318038ed0 0x7f631803b390 unknown :-1 s=NONE pgs=0 cs=0 l=1 rev1=0 crypto rx=0 tx=0 comp rx=0 tx=0).connect
2024-03-26T08:32:25.217 INFO:teuthology.orchestra.run.smithi007.stdout:/usr/bin/ceph: stderr
2024-03-26T08:32:23.626+0000 7f6328ff9700 1 -- 172.21.15.7:0/397862922 <== mon.0 v2:172.21.15.7:3300/0 5 ==== osd_map(1..1 src has 1..1) v4 ==== 725+0+0 (secure 0 0 0) 0x7f632400f050 con 0x7f632c07dee0
2024-03-26T08:32:25.218 INFO:teuthology.orchestra.run.smithi007.stdout:/usr/bin/ceph: stderr
2024-03-26T08:32:23.626+0000 7f632affd700 1 --2- 172.21.15.7:0/397862922 >> [v2:172.21.15.7:6800/3110430694,v1:172.21.15.7:6801/3110430694] conn(0x7f6318038ed0 0x7f631803b390 unknown :-1 s=BANNER_CONNECTING pgs=0 cs=0 l=1 rev1=0 crypto rx=0 tx=0 comp rx=0 tx=0)._handle_peer_banner_payload supported=3 required=0
2024-03-26T08:32:25.218 INFO:teuthology.orchestra.run.smithi007.stdout:/usr/bin/ceph: stderr
2024-03-26T08:32:23.627+0000 7f632affd700 1 --2- 172.21.15.7:0/397862922 >> [v2:172.21.15.7:6800/3110430694,v1:172.21.15.7:6801/3110430694] conn(0x7f6318038ed0 0x7f631803b390 secure :-1 s=READY pgs=8 cs=0 l=1 rev1=1 crypto rx=0x7f6314006fd0 tx=0x7f6314006e40 comp rx=0 tx=0).ready entity=mgr.14100 client_cookie=0 server_cookie=0 in_seq=0 out_seq=0
2024-03-26T08:32:25.218 INFO:teuthology.orchestra.run.smithi007.stdout:/usr/bin/ceph: stderr
2024-03-26T08:32:23.631+0000 7f6328ff9700 1 -- 172.21.15.7:0/397862922 <== mon.0 v2:172.21.15.7:3300/0 6 ==== mon_command_ack([{"prefix": "get_command_descriptions"}]=0 v0) v1 ==== 72+0+186149 (secure 0 0 0) 0x7f632402a020 con 0x7f632c07dee0
2024-03-26T08:32:25.218 INFO:teuthology.orchestra.run.smithi007.stdout:/usr/bin/ceph: stderr
2024-03-26T08:32:23.897+0000 7f633206e700 1 -- 172.21.15.7:0/397862922 --> [v2:172.21.15.7:3300/0,v1:172.21.15.7:6789/0] -- mon_command({"prefix": "mgr module enable", "module": "cephadm"} v 0) v1 -- 0x7f632c1a18c0 con 0x7f632c07dee0
2024-03-26T08:32:25.218 INFO:teuthology.orchestra.run.smithi007.stdout:/usr/bin/ceph: stderr
2024-03-26T08:32:23.948+0000 7f6328ff9700 1 -- 172.21.15.7:0/397862922 <== mon.0 v2:172.21.15.7:3300/0 7 ==== mon_command_ack([{"prefix": "mgr module enable", "module": "cephadm"}]=0 v5) v1 ==== 86+0+0 (secure 0 0 0) 0x7f6324003d70 con 0x7f632c07dee0
2024-03-26T08:32:25.218 INFO:teuthology.orchestra.run.smithi007.stdout:/usr/bin/ceph: stderr
2024-03-26T08:32:23.950+0000 7f6328ff9700 1 -- 172.21.15.7:0/397862922 <== mon.0 v2:172.21.15.7:3300/0 8 ==== mgrmap(e 5) v1 ==== 46106+0+0 (secure 0 0 0) 0x7f6324025400 con 0x7f632c07dee0
2024-03-26T08:32:25.218 INFO:teuthology.orchestra.run.smithi007.stdout:/usr/bin/ceph: stderr
2024-03-26T08:32:23.951+0000 7f633206e700 1 -- 172.21.15.7:0/397862922 >> [v2:172.21.15.7:6800/3110430694,v1:172.21.15.7:6801/3110430694] conn(0x7f6318038ed0 msgr2=0x7f631803b390 secure :-1 s=STATE_CONNECTION_ESTABLISHED l=1).mark_down
2024-03-26T08:32:25.218 INFO:teuthology.orchestra.run.smithi007.stdout:/usr/bin/ceph: stderr
2024-03-26T08:32:23.951+0000 7f633206e700 1 --2- 172.21.15.7:0/397862922 >> [v2:172.21.15.7:6800/3110430694,v1:172.21.15.7:6801/3110430694] conn(0x7f6318038ed0 0x7f631803b390 secure :-1 s=READY pgs=8 cs=0 l=1 rev1=1 crypto rx=0x7f6314006fd0 tx=0x7f6314006e40 comp rx=0 tx=0).stop
2024-03-26T08:32:25.218 INFO:teuthology.orchestra.run.smithi007.stdout:/usr/bin/ceph: stderr
2024-03-26T08:32:23.951+0000 7f633206e700 1 -- 172.21.15.7:0/397862922 >> [v2:172.21.15.7:3300/0,v1:172.21.15.7:6789/0] conn(0x7f632c07dee0 msgr2=0x7f632c19dd20 secure :-1 s=STATE_CONNECTION_ESTABLISHED l=1).mark_down
2024-03-26T08:32:25.218 INFO:teuthology.orchestra.run.smithi007.stdout:/usr/bin/ceph: stderr
2024-03-26T08:32:23.951+0000 7f633206e700 1 --2- 172.21.15.7:0/397862922 >> [v2:172.21.15.7:3300/0,v1:172.21.15.7:6789/0] conn(0x7f632c07dee0 0x7f632c19dd20 secure :-1 s=READY pgs=23 cs=0 l=1 rev1=1 crypto rx=0x7f6324004210 tx=0x7f632400bd50 comp rx=0 tx=0).stop
2024-03-26T08:32:25.218 INFO:teuthology.orchestra.run.smithi007.stdout:/usr/bin/ceph: stderr
2024-03-26T08:32:23.951+0000 7f633206e700 1 -- 172.21.15.7:0/397862922 shutdown_connections
2024-03-26T08:32:25.218 INFO:teuthology.orchestra.run.smithi007.stdout:/usr/bin/ceph: stderr
2024-03-26T08:32:23.951+0000 7f633206e700 1 --2- 172.21.15.7:0/397862922 >> [v2:172.21.15.7:6800/3110430694,v1:172.21.15.7:6801/3110430694] conn(0x7f6318038ed0 0x7f631803b390 unknown :-1 s=CLOSED pgs=8 cs=0 l=1 rev1=1 crypto rx=0 tx=0 comp rx=0 tx=0).stop
2024-03-26T08:32:25.218 INFO:teuthology.orchestra.run.smithi007.stdout:/usr/bin/ceph: stderr
2024-03-26T08:32:23.951+0000 7f633206e700 1 --2- 172.21.15.7:0/397862922 >> [v2:172.21.15.7:3300/0,v1:172.21.15.7:6789/0] conn(0x7f632c07dee0 0x7f632c19dd20 unknown :-1 s=CLOSED pgs=23 cs=0 l=1 rev1=1 crypto rx=0 tx=0 comp rx=0 tx=0).stop
2024-03-26T08:32:25.219 INFO:teuthology.orchestra.run.smithi007.stdout:/usr/bin/ceph: stderr
2024-03-26T08:32:23.951+0000 7f633206e700 1 -- 172.21.15.7:0/397862922 >> 172.21.15.7:0/397862922 conn(0x7f632c103150 msgr2=0x7f632c103cb0 unknown :-1 s=STATE_NONE l=0).mark_down
2024-03-26T08:32:25.219 INFO:teuthology.orchestra.run.smithi007.stdout:/usr/bin/ceph: stderr
2024-03-26T08:32:23.951+0000 7f633206e700 1 -- 172.21.15.7:0/397862922 shutdown_connections
2024-03-26T08:32:25.219 INFO:teuthology.orchestra.run.smithi007.stdout:/usr/bin/ceph: stderr
2024-03-26T08:32:23.951+0000 7f633206e700 1 -- 172.21.15.7:0/397862922 wait complete.
2024-03-26T08:32:25.487 INFO:journalctl@ceph.mgr.x.smithi007.stdout:Mar 26 08:32:25 smithi007 ceph-2c753f3e-eb4b-11ee-95d0-87774f69a715-mgr-x[32694]:
2024-03-26T08:32:25.288+0000 7f7f3da00200 -1 mgr[py] Module zabbix has missing NOTIFY_TYPES member
2024-03-26T08:32:25.487 INFO:journalctl@ceph.mgr.x.smithi007.stdout:Mar 26 08:32:25 smithi007 ceph-2c753f3e-eb4b-11ee-95d0-87774f69a715-mgr-x[32694]:
2024-03-26T08:32:25.385+0000 7f7f3da00200 -1 mgr[py] Module balancer has missing NOTIFY_TYPES member
2024-03-26T08:32:25.793 INFO:journalctl@ceph.mgr.x.smithi007.stdout:Mar 26 08:32:25 smithi007 ceph-2c753f3e-eb4b-11ee-95d0-87774f69a715-mgr-x[32694]:
2024-03-26T08:32:25.532+0000 7f7f3da00200 -1 mgr[py] Module influx has missing NOTIFY_TYPES member
2024-03-26T08:32:25.794 INFO:journalctl@ceph.mgr.x.smithi007.stdout:Mar 26 08:32:25 smithi007 ceph-2c753f3e-eb4b-11ee-95d0-87774f69a715-mgr-x[32694]:
2024-03-26T08:32:25.630+0000 7f7f3da00200 -1 mgr[py] Module alerts has missing NOTIFY_TYPES member
2024-03-26T08:32:25.794 INFO:journalctl@ceph.mgr.x.smithi007.stdout:Mar 26 08:32:25 smithi007 ceph-2c753f3e-eb4b-11ee-95d0-87774f69a715-mgr-x[32694]:
2024-03-26T08:32:25.717+0000 7f7f3da00200 -1 mgr[py] Module iostat has missing NOTIFY_TYPES member
2024-03-26T08:32:26.186 INFO:journalctl@ceph.mon.a.smithi007.stdout:Mar 26 08:32:26 smithi007 ceph-mon[32462]: from='client.? 172.21.15.7:0/2126450036' entity='client.admin' cmd=[{"prefix": "mgr stat"}]: dispatch
2024-03-26T08:32:26.186 INFO:journalctl@ceph.mgr.x.smithi007.stdout:Mar 26 08:32:25 smithi007 ceph-2c753f3e-eb4b-11ee-95d0-87774f69a715-mgr-x[32694]:
2024-03-26T08:32:25.989+0000 7f7f3da00200 -1 mgr[py] Module rgw has missing NOTIFY_TYPES member
2024-03-26T08:32:26.186 INFO:journalctl@ceph.mgr.x.smithi007.stdout:Mar 26 08:32:26 smithi007 ceph-2c753f3e-eb4b-11ee-95d0-87774f69a715-mgr-x[32694]:
2024-03-26T08:32:26.105+0000 7f7f3da00200 -1 mgr[py] Module rbd_support has missing NOTIFY_TYPES member
2024-03-26T08:32:26.187 INFO:journalctl@ceph.mgr.x.smithi007.stdout:Mar 26 08:32:26 smithi007 ceph-2c753f3e-eb4b-11ee-95d0-87774f69a715-mgr-x[32694]:
2024-03-26T08:32:26.193+0000 7f7f3da00200 -1 mgr[py] Module progress has missing NOTIFY_TYPES member
2024-03-26T08:32:26.465 INFO:journalctl@ceph.mgr.x.smithi007.stdout:Mar 26 08:32:26 smithi007 ceph-2c753f3e-eb4b-11ee-95d0-87774f69a715-mgr-x[32694]:
2024-03-26T08:32:26.292+0000 7f7f3da00200 -1 mgr[py] Module pg_autoscaler has missing NOTIFY_TYPES member
2024-03-26T08:32:26.466 INFO:journalctl@ceph.mgr.x.smithi007.stdout:Mar 26 08:32:26 smithi007 ceph-2c753f3e-eb4b-11ee-95d0-87774f69a715-mgr-x[32694]:
2024-03-26T08:32:26.472+0000 7f7f3da00200 -1 mgr[py] Module devicehealth has missing NOTIFY_TYPES member
2024-03-26T08:32:26.514 INFO:teuthology.orchestra.run.smithi007.stdout:/usr/bin/ceph: stdout {
2024-03-26T08:32:26.515 INFO:teuthology.orchestra.run.smithi007.stdout:/usr/bin/ceph: stdout "epoch": 5,
2024-03-26T08:32:26.515 INFO:teuthology.orchestra.run.smithi007.stdout:/usr/bin/ceph: stdout "available": true,
2024-03-26T08:32:26.515 INFO:teuthology.orchestra.run.smithi007.stdout:/usr/bin/ceph: stdout "active_name": "x",
2024-03-26T08:32:26.515 INFO:teuthology.orchestra.run.smithi007.stdout:/usr/bin/ceph: stdout "num_standby": 0
2024-03-26T08:32:26.515 INFO:teuthology.orchestra.run.smithi007.stdout:/usr/bin/ceph: stdout }
2024-03-26T08:32:26.515 INFO:teuthology.orchestra.run.smithi007.stdout:/usr/bin/ceph: stderr
2024-03-26T08:32:25.718+0000 7f897ac96700 1 Processor -- start
2024-03-26T08:32:26.515 INFO:teuthology.orchestra.run.smithi007.stdout:/usr/bin/ceph: stderr
2024-03-26T08:32:25.718+0000 7f897ac96700 1 -- start start
2024-03-26T08:32:26.515 INFO:teuthology.orchestra.run.smithi007.stdout:/usr/bin/ceph: stderr
2024-03-26T08:32:25.718+0000 7f897ac96700 1 --2- >> [v2:172.21.15.7:3300/0,v1:172.21.15.7:6789/0] conn(0x7f8974108620 0x7f897410aa10 unknown :-1 s=NONE pgs=0 cs=0 l=0 rev1=0 crypto rx=0 tx=0 comp rx=0 tx=0).connect
2024-03-26T08:32:26.515 INFO:teuthology.orchestra.run.smithi007.stdout:/usr/bin/ceph: stderr
2024-03-26T08:32:25.718+0000 7f897ac96700 1 -- --> [v2:172.21.15.7:3300/0,v1:172.21.15.7:6789/0] -- mon_getmap magic: 0 v1 -- 0x7f8974075840 con 0x7f8974108620
2024-03-26T08:32:26.515 INFO:teuthology.orchestra.run.smithi007.stdout:/usr/bin/ceph: stderr
2024-03-26T08:32:25.719+0000 7f8978a32700 1 --2- >> [v2:172.21.15.7:3300/0,v1:172.21.15.7:6789/0] conn(0x7f8974108620 0x7f897410aa10 unknown :-1 s=BANNER_CONNECTING pgs=0 cs=0 l=0 rev1=0 crypto rx=0 tx=0 comp rx=0 tx=0)._handle_peer_banner_payload supported=3 required=0
2024-03-26T08:32:26.515 INFO:teuthology.orchestra.run.smithi007.stdout:/usr/bin/ceph: stderr
2024-03-26T08:32:25.719+0000 7f8978a32700 1 --2- >> [v2:172.21.15.7:3300/0,v1:172.21.15.7:6789/0] conn(0x7f8974108620 0x7f897410aa10 unknown :-1 s=HELLO_CONNECTING pgs=0 cs=0 l=0 rev1=1 crypto rx=0 tx=0 comp rx=0 tx=0).handle_hello peer v2:172.21.15.7:3300/0 says I am v2:172.21.15.7:44152/0 (socket says 172.21.15.7:44152)
2024-03-26T08:32:26.515 INFO:teuthology.orchestra.run.smithi007.stdout:/usr/bin/ceph: stderr
2024-03-26T08:32:25.719+0000 7f8978a32700 1 -- 172.21.15.7:0/884922816 learned_addr learned my addr 172.21.15.7:0/884922816 (peer_addr_for_me v2:172.21.15.7:0/0)
2024-03-26T08:32:26.515 INFO:teuthology.orchestra.run.smithi007.stdout:/usr/bin/ceph: stderr
2024-03-26T08:32:25.719+0000 7f8978a32700 1 -- 172.21.15.7:0/884922816 --> [v2:172.21.15.7:3300/0,v1:172.21.15.7:6789/0] -- mon_subscribe({config=0+,monmap=0+}) v3 -- 0x7f897410af50 con 0x7f8974108620
2024-03-26T08:32:26.515 INFO:teuthology.orchestra.run.smithi007.stdout:/usr/bin/ceph: stderr
2024-03-26T08:32:25.719+0000 7f8978a32700 1 --2- 172.21.15.7:0/884922816 >> [v2:172.21.15.7:3300/0,v1:172.21.15.7:6789/0] conn(0x7f8974108620 0x7f897410aa10 secure :-1 s=READY pgs=26 cs=0 l=1 rev1=1 crypto rx=0x7f89680098a0 tx=0x7f8968009bb0 comp rx=0 tx=0).ready entity=mon.0 client_cookie=272b4ef2fbebd6b8 server_cookie=0 in_seq=0 out_seq=0
2024-03-26T08:32:26.515 INFO:teuthology.orchestra.run.smithi007.stdout:/usr/bin/ceph: stderr
2024-03-26T08:32:25.719+0000 7f89737fe700 1 -- 172.21.15.7:0/884922816 <== mon.0 v2:172.21.15.7:3300/0 1 ==== mon_map magic: 0 v1 ==== 205+0+0 (secure 0 0 0) 0x7f8968004160 con 0x7f8974108620
2024-03-26T08:32:26.516 INFO:teuthology.orchestra.run.smithi007.stdout:/usr/bin/ceph: stderr
2024-03-26T08:32:25.719+0000 7f89737fe700 1 -- 172.21.15.7:0/884922816 <== mon.0 v2:172.21.15.7:3300/0 2 ==== config(27 keys) v1 ==== 1109+0+0 (secure 0 0 0) 0x7f8968004300 con 0x7f8974108620
2024-03-26T08:32:26.516 INFO:teuthology.orchestra.run.smithi007.stdout:/usr/bin/ceph: stderr
2024-03-26T08:32:25.719+0000 7f89737fe700 1 -- 172.21.15.7:0/884922816 <== mon.0 v2:172.21.15.7:3300/0 3 ==== mon_map magic: 0 v1 ==== 205+0+0 (secure 0 0 0) 0x7f8968011b50 con 0x7f8974108620
2024-03-26T08:32:26.516 INFO:teuthology.orchestra.run.smithi007.stdout:/usr/bin/ceph: stderr
2024-03-26T08:32:25.720+0000 7f897ac96700 1 -- 172.21.15.7:0/884922816 >> [v2:172.21.15.7:3300/0,v1:172.21.15.7:6789/0] conn(0x7f8974108620 msgr2=0x7f897410aa10 secure :-1 s=STATE_CONNECTION_ESTABLISHED l=1).mark_down
2024-03-26T08:32:26.516 INFO:teuthology.orchestra.run.smithi007.stdout:/usr/bin/ceph: stderr
2024-03-26T08:32:25.720+0000 7f897ac96700 1 --2- 172.21.15.7:0/884922816 >> [v2:172.21.15.7:3300/0,v1:172.21.15.7:6789/0] conn(0x7f8974108620 0x7f897410aa10 secure :-1 s=READY pgs=26 cs=0 l=1 rev1=1 crypto rx=0x7f89680098a0 tx=0x7f8968009bb0 comp rx=0 tx=0).stop
2024-03-26T08:32:26.516 INFO:teuthology.orchestra.run.smithi007.stdout:/usr/bin/ceph: stderr
2024-03-26T08:32:25.720+0000 7f897ac96700 1 -- 172.21.15.7:0/884922816 shutdown_connections
2024-03-26T08:32:26.516 INFO:teuthology.orchestra.run.smithi007.stdout:/usr/bin/ceph: stderr
2024-03-26T08:32:25.720+0000 7f897ac96700 1 --2- 172.21.15.7:0/884922816 >> [v2:172.21.15.7:3300/0,v1:172.21.15.7:6789/0] conn(0x7f8974108620 0x7f897410aa10 unknown :-1 s=CLOSED pgs=26 cs=0 l=1 rev1=1 crypto rx=0 tx=0 comp rx=0 tx=0).stop
2024-03-26T08:32:26.516 INFO:teuthology.orchestra.run.smithi007.stdout:/usr/bin/ceph: stderr
2024-03-26T08:32:25.720+0000 7f897ac96700 1 -- 172.21.15.7:0/884922816 >> 172.21.15.7:0/884922816 conn(0x7f8974101fb0 msgr2=0x7f89741043d0 unknown :-1 s=STATE_NONE l=0).mark_down
2024-03-26T08:32:26.516 INFO:teuthology.orchestra.run.smithi007.stdout:/usr/bin/ceph: stderr
2024-03-26T08:32:25.720+0000 7f897ac96700 1 -- 172.21.15.7:0/884922816 shutdown_connections
2024-03-26T08:32:26.516 INFO:teuthology.orchestra.run.smithi007.stdout:/usr/bin/ceph: stderr
2024-03-26T08:32:25.720+0000 7f897ac96700 1 -- 172.21.15.7:0/884922816 wait complete.
2024-03-26T08:32:26.516 INFO:teuthology.orchestra.run.smithi007.stdout:/usr/bin/ceph: stderr
2024-03-26T08:32:25.721+0000 7f897ac96700 1 Processor -- start
2024-03-26T08:32:26.516 INFO:teuthology.orchestra.run.smithi007.stdout:/usr/bin/ceph: stderr
2024-03-26T08:32:25.721+0000 7f897ac96700 1 -- start start
2024-03-26T08:32:26.516 INFO:teuthology.orchestra.run.smithi007.stdout:/usr/bin/ceph: stderr
2024-03-26T08:32:25.721+0000 7f897ac96700 1 --2- >> [v2:172.21.15.7:3300/0,v1:172.21.15.7:6789/0] conn(0x7f8974108620 0x7f897419bb20 unknown :-1 s=NONE pgs=0 cs=0 l=1 rev1=0 crypto rx=0 tx=0 comp rx=0 tx=0).connect
2024-03-26T08:32:26.516 INFO:teuthology.orchestra.run.smithi007.stdout:/usr/bin/ceph: stderr
2024-03-26T08:32:25.721+0000 7f897ac96700 1 -- --> [v2:172.21.15.7:3300/0,v1:172.21.15.7:6789/0] -- mon_getmap magic: 0 v1 -- 0x7f897410bec0 con 0x7f8974108620
2024-03-26T08:32:26.516 INFO:teuthology.orchestra.run.smithi007.stdout:/usr/bin/ceph: stderr
2024-03-26T08:32:25.721+0000 7f8978a32700 1 --2- >> [v2:172.21.15.7:3300/0,v1:172.21.15.7:6789/0] conn(0x7f8974108620 0x7f897419bb20 unknown :-1 s=BANNER_CONNECTING pgs=0 cs=0 l=1 rev1=0 crypto rx=0 tx=0 comp rx=0 tx=0)._handle_peer_banner_payload supported=3 required=0
2024-03-26T08:32:26.516 INFO:teuthology.orchestra.run.smithi007.stdout:/usr/bin/ceph: stderr
2024-03-26T08:32:25.721+0000 7f8978a32700 1 --2- >> [v2:172.21.15.7:3300/0,v1:172.21.15.7:6789/0] conn(0x7f8974108620 0x7f897419bb20 unknown :-1 s=HELLO_CONNECTING pgs=0 cs=0 l=1 rev1=1 crypto rx=0 tx=0 comp rx=0 tx=0).handle_hello peer v2:172.21.15.7:3300/0 says I am v2:172.21.15.7:44166/0 (socket says 172.21.15.7:44166)
2024-03-26T08:32:26.516 INFO:teuthology.orchestra.run.smithi007.stdout:/usr/bin/ceph: stderr
2024-03-26T08:32:25.721+0000 7f8978a32700 1 -- 172.21.15.7:0/2126450036 learned_addr learned my addr 172.21.15.7:0/2126450036 (peer_addr_for_me v2:172.21.15.7:0/0)
2024-03-26T08:32:26.517 INFO:teuthology.orchestra.run.smithi007.stdout:/usr/bin/ceph: stderr
2024-03-26T08:32:25.721+0000 7f8978a32700 1 -- 172.21.15.7:0/2126450036 --> [v2:172.21.15.7:3300/0,v1:172.21.15.7:6789/0] -- mon_subscribe({config=0+,monmap=0+}) v3 -- 0x7f897419c060 con 0x7f8974108620
2024-03-26T08:32:26.517 INFO:teuthology.orchestra.run.smithi007.stdout:/usr/bin/ceph: stderr
2024-03-26T08:32:25.721+0000 7f8978a32700 1 --2- 172.21.15.7:0/2126450036 >> [v2:172.21.15.7:3300/0,v1:172.21.15.7:6789/0] conn(0x7f8974108620 0x7f897419bb20 secure :-1 s=READY pgs=27 cs=0 l=1 rev1=1 crypto rx=0x7f8968009fb0 tx=0x7f8968011bf0 comp rx=0 tx=0).ready entity=mon.0 client_cookie=0 server_cookie=0 in_seq=0 out_seq=0
2024-03-26T08:32:26.517 INFO:teuthology.orchestra.run.smithi007.stdout:/usr/bin/ceph: stderr
2024-03-26T08:32:25.722+0000 7f8971ffb700 1 -- 172.21.15.7:0/2126450036 <== mon.0 v2:172.21.15.7:3300/0 1 ==== mon_map magic: 0 v1 ==== 205+0+0 (secure 0 0 0) 0x7f89680038b0 con 0x7f8974108620
2024-03-26T08:32:26.517 INFO:teuthology.orchestra.run.smithi007.stdout:/usr/bin/ceph: stderr
2024-03-26T08:32:25.722+0000 7f897ac96700 1 -- 172.21.15.7:0/2126450036 --> [v2:172.21.15.7:3300/0,v1:172.21.15.7:6789/0] -- mon_subscribe({mgrmap=0+}) v3 -- 0x7f897419c2f0 con 0x7f8974108620
2024-03-26T08:32:26.517 INFO:teuthology.orchestra.run.smithi007.stdout:/usr/bin/ceph: stderr
2024-03-26T08:32:25.722+0000 7f8971ffb700 1 -- 172.21.15.7:0/2126450036 <== mon.0 v2:172.21.15.7:3300/0 2 ==== config(27 keys) v1 ==== 1109+0+0 (secure 0 0 0) 0x7f8968011e50 con 0x7f8974108620
2024-03-26T08:32:26.517 INFO:teuthology.orchestra.run.smithi007.stdout:/usr/bin/ceph: stderr
2024-03-26T08:32:25.722+0000 7f8971ffb700 1 -- 172.21.15.7:0/2126450036 <== mon.0 v2:172.21.15.7:3300/0 3 ==== mon_map magic: 0 v1 ==== 205+0+0 (secure 0 0 0) 0x7f8968019420 con 0x7f8974108620
2024-03-26T08:32:26.517 INFO:teuthology.orchestra.run.smithi007.stdout:/usr/bin/ceph: stderr
2024-03-26T08:32:25.722+0000 7f897ac96700 1 -- 172.21.15.7:0/2126450036 --> [v2:172.21.15.7:3300/0,v1:172.21.15.7:6789/0] -- mon_subscribe({osdmap=0}) v3 -- 0x7f897419efe0 con 0x7f8974108620
2024-03-26T08:32:26.517 INFO:teuthology.orchestra.run.smithi007.stdout:/usr/bin/ceph: stderr
2024-03-26T08:32:25.723+0000 7f897ac96700 1 -- 172.21.15.7:0/2126450036 --> [v2:172.21.15.7:3300/0,v1:172.21.15.7:6789/0] -- mon_command({"prefix": "get_command_descriptions"} v 0) v1 -- 0x7f89740637c0 con 0x7f8974108620
2024-03-26T08:32:26.517 INFO:teuthology.orchestra.run.smithi007.stdout:/usr/bin/ceph: stderr
2024-03-26T08:32:25.723+0000 7f8971ffb700 1 -- 172.21.15.7:0/2126450036 <== mon.0 v2:172.21.15.7:3300/0 4 ==== mgrmap(e 5) v1 ==== 46106+0+0 (secure 0 0 0) 0x7f8968003a50 con 0x7f8974108620
2024-03-26T08:32:26.517 INFO:teuthology.orchestra.run.smithi007.stdout:/usr/bin/ceph: stderr
2024-03-26T08:32:25.723+0000 7f8971ffb700 1 --2- 172.21.15.7:0/2126450036 >> [v2:172.21.15.7:6800/3110430694,v1:172.21.15.7:6801/3110430694] conn(0x7f8964038ed0 0x7f896403b390 unknown :-1 s=NONE pgs=0 cs=0 l=1 rev1=0 crypto rx=0 tx=0 comp rx=0 tx=0).connect
2024-03-26T08:32:26.517 INFO:teuthology.orchestra.run.smithi007.stdout:/usr/bin/ceph: stderr
2024-03-26T08:32:25.723+0000 7f8971ffb700 1 -- 172.21.15.7:0/2126450036 <== mon.0 v2:172.21.15.7:3300/0 5 ==== osd_map(1..1 src has 1..1) v4 ==== 725+0+0 (secure 0 0 0) 0x7f896804d040 con 0x7f8974108620
2024-03-26T08:32:26.517 INFO:teuthology.orchestra.run.smithi007.stdout:/usr/bin/ceph: stderr
2024-03-26T08:32:25.723+0000 7f8973fff700 1 -- 172.21.15.7:0/2126450036 >> [v2:172.21.15.7:6800/3110430694,v1:172.21.15.7:6801/3110430694] conn(0x7f8964038ed0 msgr2=0x7f896403b390 unknown :-1 s=STATE_CONNECTING_RE l=1).process reconnect failed to v2:172.21.15.7:6800/3110430694
2024-03-26T08:32:26.517 INFO:teuthology.orchestra.run.smithi007.stdout:/usr/bin/ceph: stderr
2024-03-26T08:32:25.723+0000 7f8973fff700 1 --2- 172.21.15.7:0/2126450036 >> [v2:172.21.15.7:6800/3110430694,v1:172.21.15.7:6801/3110430694] conn(0x7f8964038ed0 0x7f896403b390 unknown :-1 s=START_CONNECT pgs=0 cs=0 l=1 rev1=0 crypto rx=0 tx=0 comp rx=0 tx=0)._fault waiting 0.200000
2024-03-26T08:32:26.517 INFO:teuthology.orchestra.run.smithi007.stdout:/usr/bin/ceph: stderr
2024-03-26T08:32:25.728+0000 7f8971ffb700 1 -- 172.21.15.7:0/2126450036 <== mon.0 v2:172.21.15.7:3300/0 6 ==== mon_command_ack([{"prefix": "get_command_descriptions"}]=0 v0) v1 ==== 72+0+186149 (secure 0 0 0) 0x7f8968019720 con 0x7f8974108620
2024-03-26T08:32:26.517 INFO:teuthology.orchestra.run.smithi007.stdout:/usr/bin/ceph: stderr
2024-03-26T08:32:25.924+0000 7f8973fff700 1 -- 172.21.15.7:0/2126450036 >> [v2:172.21.15.7:6800/3110430694,v1:172.21.15.7:6801/3110430694] conn(0x7f8964038ed0 msgr2=0x7f896403b390 unknown :-1 s=STATE_CONNECTING_RE l=1).process reconnect failed to v2:172.21.15.7:6800/3110430694
2024-03-26T08:32:26.518 INFO:teuthology.orchestra.run.smithi007.stdout:/usr/bin/ceph: stderr
2024-03-26T08:32:25.924+0000 7f8973fff700 1 --2- 172.21.15.7:0/2126450036 >> [v2:172.21.15.7:6800/3110430694,v1:172.21.15.7:6801/3110430694] conn(0x7f8964038ed0 0x7f896403b390 unknown :-1 s=START_CONNECT pgs=0 cs=0 l=1 rev1=0 crypto rx=0 tx=0 comp rx=0 tx=0)._fault waiting 0.400000
2024-03-26T08:32:26.518 INFO:teuthology.orchestra.run.smithi007.stdout:/usr/bin/ceph: stderr
2024-03-26T08:32:25.992+0000 7f897ac96700 1 -- 172.21.15.7:0/2126450036 --> [v2:172.21.15.7:3300/0,v1:172.21.15.7:6789/0] -- mon_command({"prefix": "mgr stat"} v 0) v1 -- 0x7f897419f620 con 0x7f8974108620
2024-03-26T08:32:26.518 INFO:teuthology.orchestra.run.smithi007.stdout:/usr/bin/ceph: stderr
2024-03-26T08:32:25.992+0000 7f8971ffb700 1 -- 172.21.15.7:0/2126450036 <== mon.0 v2:172.21.15.7:3300/0 7 ==== mon_command_ack([{"prefix": "mgr stat"}]=0 v5) v1 ==== 56+0+88 (secure 0 0 0) 0x7f896804f110 con 0x7f8974108620
2024-03-26T08:32:26.518 INFO:teuthology.orchestra.run.smithi007.stdout:/usr/bin/ceph: stderr
2024-03-26T08:32:25.995+0000 7f897ac96700 1 -- 172.21.15.7:0/2126450036 >> [v2:172.21.15.7:6800/3110430694,v1:172.21.15.7:6801/3110430694] conn(0x7f8964038ed0 msgr2=0x7f896403b390 unknown :-1 s=STATE_CONNECTING l=1).mark_down
2024-03-26T08:32:26.518 INFO:teuthology.orchestra.run.smithi007.stdout:/usr/bin/ceph: stderr
2024-03-26T08:32:25.995+0000 7f897ac96700 1 --2- 172.21.15.7:0/2126450036 >> [v2:172.21.15.7:6800/3110430694,v1:172.21.15.7:6801/3110430694] conn(0x7f8964038ed0 0x7f896403b390 unknown :-1 s=START_CONNECT pgs=0 cs=0 l=1 rev1=0 crypto rx=0 tx=0 comp rx=0 tx=0).stop
2024-03-26T08:32:26.518 INFO:teuthology.orchestra.run.smithi007.stdout:/usr/bin/ceph: stderr
2024-03-26T08:32:25.995+0000 7f897ac96700 1 -- 172.21.15.7:0/2126450036 >> [v2:172.21.15.7:3300/0,v1:172.21.15.7:6789/0] conn(0x7f8974108620 msgr2=0x7f897419bb20 secure :-1 s=STATE_CONNECTION_ESTABLISHED l=1).mark_down
2024-03-26T08:32:26.518 INFO:teuthology.orchestra.run.smithi007.stdout:/usr/bin/ceph: stderr
2024-03-26T08:32:25.995+0000 7f897ac96700 1 --2- 172.21.15.7:0/2126450036 >> [v2:172.21.15.7:3300/0,v1:172.21.15.7:6789/0] conn(0x7f8974108620 0x7f897419bb20 secure :-1 s=READY pgs=27 cs=0 l=1 rev1=1 crypto rx=0x7f8968009fb0 tx=0x7f8968011bf0 comp rx=0 tx=0).stop
2024-03-26T08:32:26.518 INFO:teuthology.orchestra.run.smithi007.stdout:/usr/bin/ceph: stderr
2024-03-26T08:32:25.995+0000 7f897ac96700 1 -- 172.21.15.7:0/2126450036 shutdown_connections
2024-03-26T08:32:26.518 INFO:teuthology.orchestra.run.smithi007.stdout:/usr/bin/ceph: stderr
2024-03-26T08:32:25.995+0000 7f897ac96700 1 --2- 172.21.15.7:0/2126450036 >> [v2:172.21.15.7:6800/3110430694,v1:172.21.15.7:6801/3110430694] conn(0x7f8964038ed0 0x7f896403b390 unknown :-1 s=CLOSED pgs=0 cs=0 l=1 rev1=0 crypto rx=0 tx=0 comp rx=0 tx=0).stop
2024-03-26T08:32:26.518 INFO:teuthology.orchestra.run.smithi007.stdout:/usr/bin/ceph: stderr
2024-03-26T08:32:25.995+0000 7f897ac96700 1 --2- 172.21.15.7:0/2126450036 >> [v2:172.21.15.7:3300/0,v1:172.21.15.7:6789/0] conn(0x7f8974108620 0x7f897419bb20 unknown :-1 s=CLOSED pgs=27 cs=0 l=1 rev1=1 crypto rx=0 tx=0 comp rx=0 tx=0).stop
2024-03-26T08:32:26.518 INFO:teuthology.orchestra.run.smithi007.stdout:/usr/bin/ceph: stderr
2024-03-26T08:32:25.995+0000 7f897ac96700 1 -- 172.21.15.7:0/2126450036 >> 172.21.15.7:0/2126450036 conn(0x7f8974101fb0 msgr2=0x7f8974102ae0 unknown :-1 s=STATE_NONE l=0).mark_down
2024-03-26T08:32:26.518 INFO:teuthology.orchestra.run.smithi007.stdout:/usr/bin/ceph: stderr
2024-03-26T08:32:25.995+0000 7f897ac96700 1 -- 172.21.15.7:0/2126450036 shutdown_connections
2024-03-26T08:32:26.518 INFO:teuthology.orchestra.run.smithi007.stdout:/usr/bin/ceph: stderr
2024-03-26T08:32:25.995+0000 7f897ac96700 1 -- 172.21.15.7:0/2126450036 wait complete.
2024-03-26T08:32:26.518 INFO:teuthology.orchestra.run.smithi007.stdout:Waiting for the mgr to restart...
2024-03-26T08:32:26.518 INFO:teuthology.orchestra.run.smithi007.stdout:Waiting for mgr epoch 5...
2024-03-26T08:32:27.793 INFO:journalctl@ceph.mgr.x.smithi007.stdout:Mar 26 08:32:27 smithi007 ceph-2c753f3e-eb4b-11ee-95d0-87774f69a715-mgr-x[32694]:
2024-03-26T08:32:27.477+0000 7f7f3da00200 -1 mgr[py] Module rook has missing NOTIFY_TYPES member
2024-03-26T08:32:27.793 INFO:journalctl@ceph.mgr.x.smithi007.stdout:Mar 26 08:32:27 smithi007 ceph-2c753f3e-eb4b-11ee-95d0-87774f69a715-mgr-x[32694]:
2024-03-26T08:32:27.611+0000 7f7f3da00200 -1 mgr[py] Module diskprediction_local has missing NOTIFY_TYPES member
2024-03-26T08:32:28.234 INFO:journalctl@ceph.mgr.x.smithi007.stdout:Mar 26 08:32:27 smithi007 ceph-2c753f3e-eb4b-11ee-95d0-87774f69a715-mgr-x[32694]:
2024-03-26T08:32:27.949+0000 7f7f3da00200 -1 mgr[py] Module selftest has missing NOTIFY_TYPES member
2024-03-26T08:32:28.235 INFO:journalctl@ceph.mgr.x.smithi007.stdout:Mar 26 08:32:28 smithi007 ceph-2c753f3e-eb4b-11ee-95d0-87774f69a715-mgr-x[32694]:
2024-03-26T08:32:28.040+0000 7f7f3da00200 -1 mgr[py] Module telegraf has missing NOTIFY_TYPES member
2024-03-26T08:32:28.235 INFO:journalctl@ceph.mgr.x.smithi007.stdout:Mar 26 08:32:28 smithi007 ceph-2c753f3e-eb4b-11ee-95d0-87774f69a715-mgr-x[32694]:
2024-03-26T08:32:28.241+0000 7f7f3da00200 -1 mgr[py] Module test_orchestrator has missing NOTIFY_TYPES member
2024-03-26T08:32:28.543 INFO:journalctl@ceph.mgr.x.smithi007.stdout:Mar 26 08:32:28 smithi007 ceph-2c753f3e-eb4b-11ee-95d0-87774f69a715-mgr-x[32694]:
2024-03-26T08:32:28.431+0000 7f7f3da00200 -1 mgr[py] Module crash has missing NOTIFY_TYPES member
2024-03-26T08:32:28.976 INFO:journalctl@ceph.mgr.x.smithi007.stdout:Mar 26 08:32:28 smithi007 ceph-2c753f3e-eb4b-11ee-95d0-87774f69a715-mgr-x[32694]:
2024-03-26T08:32:28.722+0000 7f7f3da00200 -1 mgr[py] Module orchestrator has missing NOTIFY_TYPES member
2024-03-26T08:32:28.976 INFO:journalctl@ceph.mgr.x.smithi007.stdout:Mar 26 08:32:28 smithi007 ceph-2c753f3e-eb4b-11ee-95d0-87774f69a715-mgr-x[32694]:
2024-03-26T08:32:28.983+0000 7f7f3da00200 -1 mgr[py] Module osd_support has missing NOTIFY_TYPES member
2024-03-26T08:32:29.293 INFO:journalctl@ceph.mgr.x.smithi007.stdout:Mar 26 08:32:29 smithi007 ceph-2c753f3e-eb4b-11ee-95d0-87774f69a715-mgr-x[32694]:
2024-03-26T08:32:29.226+0000 7f7f3da00200 -1 mgr[py] Module volumes has missing NOTIFY_TYPES member
2024-03-26T08:32:30.293 INFO:journalctl@ceph.mgr.x.smithi007.stdout:Mar 26 08:32:30 smithi007 ceph-2c753f3e-eb4b-11ee-95d0-87774f69a715-mgr-x[32694]:
2024-03-26T08:32:30.056+0000 7f7f3da00200 -1 mgr[py] Module telemetry has missing NOTIFY_TYPES member
2024-03-26T08:32:30.955 INFO:journalctl@ceph.mgr.x.smithi007.stdout:Mar 26 08:32:30 smithi007 ceph-2c753f3e-eb4b-11ee-95d0-87774f69a715-mgr-x[32694]:
2024-03-26T08:32:30.639+0000 7f7f3da00200 -1 mgr[py] Module prometheus has missing NOTIFY_TYPES member
2024-03-26T08:32:30.955 INFO:journalctl@ceph.mgr.x.smithi007.stdout:Mar 26 08:32:30 smithi007 ceph-2c753f3e-eb4b-11ee-95d0-87774f69a715-mgr-x[32694]:
2024-03-26T08:32:30.739+0000 7f7f3da00200 -1 mgr[py] Module status has missing NOTIFY_TYPES member
2024-03-26T08:32:30.955 INFO:journalctl@ceph.mgr.x.smithi007.stdout:Mar 26 08:32:30 smithi007 ceph-2c753f3e-eb4b-11ee-95d0-87774f69a715-mgr-x[32694]:
2024-03-26T08:32:30.962+0000 7f7f3da00200 -1 mgr[py] Module nfs has missing NOTIFY_TYPES member
2024-03-26T08:32:31.293 INFO:journalctl@ceph.mon.a.smithi007.stdout:Mar 26 08:32:31 smithi007 ceph-mon[32462]: Active manager daemon x restarted
2024-03-26T08:32:31.293 INFO:journalctl@ceph.mon.a.smithi007.stdout:Mar 26 08:32:31 smithi007 ceph-mon[32462]: Activating manager daemon x
2024-03-26T08:32:31.293 INFO:journalctl@ceph.mon.a.smithi007.stdout:Mar 26 08:32:31 smithi007 ceph-mon[32462]: osdmap e2: 0 total, 0 up, 0 in
2024-03-26T08:32:31.294 INFO:journalctl@ceph.mon.a.smithi007.stdout:Mar 26 08:32:31 smithi007 ceph-mon[32462]: mgrmap e6: x(active, starting, since 0.00326353s)
2024-03-26T08:32:31.294 INFO:journalctl@ceph.mon.a.smithi007.stdout:Mar 26 08:32:31 smithi007 ceph-mon[32462]: from='mgr.14120 172.21.15.7:0/3100067604' entity='mgr.x' cmd=[{"prefix": "mon metadata", "id": "a"}]: dispatch
2024-03-26T08:32:31.294 INFO:journalctl@ceph.mon.a.smithi007.stdout:Mar 26 08:32:31 smithi007 ceph-mon[32462]: from='mgr.14120 172.21.15.7:0/3100067604' entity='mgr.x' cmd=[{"prefix": "mgr metadata", "who": "x", "id": "x"}]: dispatch
2024-03-26T08:32:31.294 INFO:journalctl@ceph.mon.a.smithi007.stdout:Mar 26 08:32:31 smithi007 ceph-mon[32462]: from='mgr.14120 172.21.15.7:0/3100067604' entity='mgr.x' cmd=[{"prefix": "mds metadata"}]: dispatch
2024-03-26T08:32:31.294 INFO:journalctl@ceph.mon.a.smithi007.stdout:Mar 26 08:32:31 smithi007 ceph-mon[32462]: from='mgr.14120 172.21.15.7:0/3100067604' entity='mgr.x' cmd=[{"prefix": "osd metadata"}]: dispatch
2024-03-26T08:32:31.294 INFO:journalctl@ceph.mon.a.smithi007.stdout:Mar 26 08:32:31 smithi007 ceph-mon[32462]: from='mgr.14120 172.21.15.7:0/3100067604' entity='mgr.x' cmd=[{"prefix": "mon metadata"}]: dispatch
2024-03-26T08:32:31.294 INFO:journalctl@ceph.mon.a.smithi007.stdout:Mar 26 08:32:31 smithi007 ceph-mon[32462]: Manager daemon x is now available
2024-03-26T08:32:31.294 INFO:journalctl@ceph.mon.a.smithi007.stdout:Mar 26 08:32:31 smithi007 ceph-mon[32462]: from='mgr.14120 172.21.15.7:0/3100067604' entity='mgr.x'
2024-03-26T08:32:31.294 INFO:journalctl@ceph.mon.a.smithi007.stdout:Mar 26 08:32:31 smithi007 ceph-mon[32462]: from='mgr.14120 172.21.15.7:0/3100067604' entity='mgr.x'
2024-03-26T08:32:31.294 INFO:journalctl@ceph.mon.a.smithi007.stdout:Mar 26 08:32:31 smithi007 ceph-mon[32462]: from='mgr.14120 172.21.15.7:0/3100067604' entity='mgr.x' cmd=[{"prefix": "config dump", "format": "json"}]: dispatch
2024-03-26T08:32:31.294 INFO:journalctl@ceph.mon.a.smithi007.stdout:Mar 26 08:32:31 smithi007 ceph-mon[32462]: from='mgr.14120 172.21.15.7:0/3100067604' entity='mgr.x' cmd=[{"prefix": "config dump", "format": "json"}]: dispatch
2024-03-26T08:32:31.294 INFO:journalctl@ceph.mon.a.smithi007.stdout:Mar 26 08:32:31 smithi007 ceph-mon[32462]: from='mgr.14120 172.21.15.7:0/3100067604' entity='mgr.x' cmd=[{"prefix": "config dump", "format": "json"}]: dispatch
2024-03-26T08:32:32.293 INFO:journalctl@ceph.mon.a.smithi007.stdout:Mar 26 08:32:32 smithi007 ceph-mon[32462]: Found migration_current of "None". Setting to last migration.
2024-03-26T08:32:32.293 INFO:journalctl@ceph.mon.a.smithi007.stdout:Mar 26 08:32:32 smithi007 ceph-mon[32462]: from='mgr.14120 172.21.15.7:0/3100067604' entity='mgr.x' cmd=[{"prefix":"config rm","who":"mgr","name":"mgr/rbd_support/x/mirror_snapshot_schedule"}]: dispatch
2024-03-26T08:32:32.293 INFO:journalctl@ceph.mon.a.smithi007.stdout:Mar 26 08:32:32 smithi007 ceph-mon[32462]: from='mgr.14120 172.21.15.7:0/3100067604' entity='mgr.x' cmd=[{"prefix":"config rm","who":"mgr","name":"mgr/rbd_support/x/trash_purge_schedule"}]: dispatch
2024-03-26T08:32:32.293 INFO:journalctl@ceph.mon.a.smithi007.stdout:Mar 26 08:32:32 smithi007 ceph-mon[32462]: from='mgr.14120 172.21.15.7:0/3100067604' entity='mgr.x'
2024-03-26T08:32:32.294 INFO:journalctl@ceph.mon.a.smithi007.stdout:Mar 26 08:32:32 smithi007 ceph-mon[32462]: from='mgr.14120 172.21.15.7:0/3100067604' entity='mgr.x'
