2024-03-26T13:49:39.223+0000 7f54e9200700 1 Processor -- start
2024-03-26T13:49:40.807 INFO:teuthology.orchestra.run.smithi137.stdout:/usr/bin/ceph: stderr
2024-03-26T13:49:39.224+0000 7f54e9200700 1 -- start start
2024-03-26T13:49:40.808 INFO:teuthology.orchestra.run.smithi137.stdout:/usr/bin/ceph: stderr
2024-03-26T13:49:39.224+0000 7f54e9200700 1 --2- >> [v2:172.21.15.137:3300/0,v1:172.21.15.137:6789/0] conn(0x7f54e4107a00 0x7f54e407db80 unknown :-1 s=NONE pgs=0 cs=0 l=1 rev1=0 crypto rx=0 tx=0 comp rx=0 tx=0).connect
2024-03-26T13:49:40.808 INFO:teuthology.orchestra.run.smithi137.stdout:/usr/bin/ceph: stderr
2024-03-26T13:49:39.224+0000 7f54e9200700 1 -- --> [v2:172.21.15.137:3300/0,v1:172.21.15.137:6789/0] -- mon_getmap magic: 0 v1 -- 0x7f54e410bfb0 con 0x7f54e4107a00
2024-03-26T13:49:40.808 INFO:teuthology.orchestra.run.smithi137.stdout:/usr/bin/ceph: stderr
2024-03-26T13:49:39.224+0000 7f54e1e00700 1 --2- >> [v2:172.21.15.137:3300/0,v1:172.21.15.137:6789/0] conn(0x7f54e4107a00 0x7f54e407db80 unknown :-1 s=BANNER_CONNECTING pgs=0 cs=0 l=1 rev1=0 crypto rx=0 tx=0 comp rx=0 tx=0)._handle_peer_banner_payload supported=3 required=0
2024-03-26T13:49:40.808 INFO:teuthology.orchestra.run.smithi137.stdout:/usr/bin/ceph: stderr
2024-03-26T13:49:39.224+0000 7f54e1e00700 1 --2- >> [v2:172.21.15.137:3300/0,v1:172.21.15.137:6789/0] conn(0x7f54e4107a00 0x7f54e407db80 unknown :-1 s=HELLO_CONNECTING pgs=0 cs=0 l=1 rev1=1 crypto rx=0 tx=0 comp rx=0 tx=0).handle_hello peer v2:172.21.15.137:3300/0 says I am v2:172.21.15.137:59746/0 (socket says 172.21.15.137:59746)
2024-03-26T13:49:40.808 INFO:teuthology.orchestra.run.smithi137.stdout:/usr/bin/ceph: stderr
2024-03-26T13:49:39.224+0000 7f54e1e00700 1 -- 172.21.15.137:0/1496351597 learned_addr learned my addr 172.21.15.137:0/1496351597 (peer_addr_for_me v2:172.21.15.137:0/0)
2024-03-26T13:49:40.808 INFO:teuthology.orchestra.run.smithi137.stdout:/usr/bin/ceph: stderr
2024-03-26T13:49:39.225+0000 7f54e1e00700 1 -- 172.21.15.137:0/1496351597 --> [v2:172.21.15.137:3300/0,v1:172.21.15.137:6789/0] -- mon_subscribe({config=0+,monmap=0+}) v3 -- 0x7f54e407e0c0 con 0x7f54e4107a00
2024-03-26T13:49:40.808 INFO:teuthology.orchestra.run.smithi137.stdout:/usr/bin/ceph: stderr
2024-03-26T13:49:39.225+0000 7f54e1e00700 1 --2- 172.21.15.137:0/1496351597 >> [v2:172.21.15.137:3300/0,v1:172.21.15.137:6789/0] conn(0x7f54e4107a00 0x7f54e407db80 secure :-1 s=READY pgs=52 cs=0 l=1 rev1=1 crypto rx=0x7f54d4011a20 tx=0x7f54d4011b00 comp rx=0 tx=0).ready entity=mon.0 client_cookie=0 server_cookie=0 in_seq=0 out_seq=0
2024-03-26T13:49:40.808 INFO:teuthology.orchestra.run.smithi137.stdout:/usr/bin/ceph: stderr
2024-03-26T13:49:39.225+0000 7f54daa00700 1 -- 172.21.15.137:0/1496351597 <== mon.0 v2:172.21.15.137:3300/0 1 ==== mon_map magic: 0 v1 ==== 205+0+0 (secure 0 0 0) 0x7f54d4003af0 con 0x7f54e4107a00
2024-03-26T13:49:40.808 INFO:teuthology.orchestra.run.smithi137.stdout:/usr/bin/ceph: stderr
2024-03-26T13:49:39.225+0000 7f54daa00700 1 -- 172.21.15.137:0/1496351597 <== mon.0 v2:172.21.15.137:3300/0 2 ==== config(26 keys) v1 ==== 1102+0+0 (secure 0 0 0) 0x7f54d401a8e0 con 0x7f54e4107a00
2024-03-26T13:49:40.808 INFO:teuthology.orchestra.run.smithi137.stdout:/usr/bin/ceph: stderr
2024-03-26T13:49:39.225+0000 7f54e9200700 1 -- 172.21.15.137:0/1496351597 --> [v2:172.21.15.137:3300/0,v1:172.21.15.137:6789/0] -- mon_subscribe({mgrmap=0+}) v3 -- 0x7f54e407c2b0 con 0x7f54e4107a00
2024-03-26T13:49:40.808 INFO:teuthology.orchestra.run.smithi137.stdout:/usr/bin/ceph: stderr
2024-03-26T13:49:39.225+0000 7f54daa00700 1 -- 172.21.15.137:0/1496351597 <== mon.0 v2:172.21.15.137:3300/0 3 ==== mon_map magic: 0 v1 ==== 205+0+0 (secure 0 0 0) 0x7f54d4024860 con 0x7f54e4107a00
2024-03-26T13:49:40.808 INFO:teuthology.orchestra.run.smithi137.stdout:/usr/bin/ceph: stderr
2024-03-26T13:49:39.225+0000 7f54e9200700 1 -- 172.21.15.137:0/1496351597 --> [v2:172.21.15.137:3300/0,v1:172.21.15.137:6789/0] -- mon_subscribe({osdmap=0}) v3 -- 0x7f54e407c7f0 con 0x7f54e4107a00
2024-03-26T13:49:40.808 INFO:teuthology.orchestra.run.smithi137.stdout:/usr/bin/ceph: stderr
2024-03-26T13:49:39.226+0000 7f54daa00700 1 -- 172.21.15.137:0/1496351597 <== mon.0 v2:172.21.15.137:3300/0 4 ==== mgrmap(e 8) v1 ==== 46106+0+0 (secure 0 0 0) 0x7f54d4022020 con 0x7f54e4107a00
2024-03-26T13:49:40.808 INFO:teuthology.orchestra.run.smithi137.stdout:/usr/bin/ceph: stderr
2024-03-26T13:49:39.226+0000 7f54e9200700 1 -- 172.21.15.137:0/1496351597 --> [v2:172.21.15.137:3300/0,v1:172.21.15.137:6789/0] -- mon_command({"prefix": "get_command_descriptions"} v 0) v1 -- 0x7f54e40637c0 con 0x7f54e4107a00
2024-03-26T13:49:40.808 INFO:teuthology.orchestra.run.smithi137.stdout:/usr/bin/ceph: stderr
2024-03-26T13:49:39.227+0000 7f54daa00700 1 --2- 172.21.15.137:0/1496351597 >> [v2:172.21.15.137:6800/1621047019,v1:172.21.15.137:6801/1621047019] conn(0x7f54c8038f20 0x7f54c803b3e0 unknown :-1 s=NONE pgs=0 cs=0 l=1 rev1=0 crypto rx=0 tx=0 comp rx=0 tx=0).connect
2024-03-26T13:49:40.809 INFO:teuthology.orchestra.run.smithi137.stdout:/usr/bin/ceph: stderr
2024-03-26T13:49:39.227+0000 7f54daa00700 1 -- 172.21.15.137:0/1496351597 <== mon.0 v2:172.21.15.137:3300/0 5 ==== osd_map(2..2 src has 1..2) v4 ==== 940+0+0 (secure 0 0 0) 0x7f54d404d160 con 0x7f54e4107a00
2024-03-26T13:49:40.809 INFO:teuthology.orchestra.run.smithi137.stdout:/usr/bin/ceph: stderr
2024-03-26T13:49:39.227+0000 7f54e1400700 1 --2- 172.21.15.137:0/1496351597 >> [v2:172.21.15.137:6800/1621047019,v1:172.21.15.137:6801/1621047019] conn(0x7f54c8038f20 0x7f54c803b3e0 unknown :-1 s=BANNER_CONNECTING pgs=0 cs=0 l=1 rev1=0 crypto rx=0 tx=0 comp rx=0 tx=0)._handle_peer_banner_payload supported=3 required=0
2024-03-26T13:49:40.809 INFO:teuthology.orchestra.run.smithi137.stdout:/usr/bin/ceph: stderr
2024-03-26T13:49:39.228+0000 7f54e1400700 1 --2- 172.21.15.137:0/1496351597 >> [v2:172.21.15.137:6800/1621047019,v1:172.21.15.137:6801/1621047019] conn(0x7f54c8038f20 0x7f54c803b3e0 secure :-1 s=READY pgs=14 cs=0 l=1 rev1=1 crypto rx=0x7f54d0006fd0 tx=0x7f54d0006e40 comp rx=0 tx=0).ready entity=mgr.14120 client_cookie=0 server_cookie=0 in_seq=0 out_seq=0
2024-03-26T13:49:40.809 INFO:teuthology.orchestra.run.smithi137.stdout:/usr/bin/ceph: stderr
2024-03-26T13:49:39.233+0000 7f54daa00700 1 -- 172.21.15.137:0/1496351597 <== mon.0 v2:172.21.15.137:3300/0 6 ==== mon_command_ack([{"prefix": "get_command_descriptions"}]=0 v0) v1 ==== 72+0+186149 (secure 0 0 0) 0x7f54d400b3e0 con 0x7f54e4107a00
2024-03-26T13:49:40.809 INFO:teuthology.orchestra.run.smithi137.stdout:/usr/bin/ceph: stderr
2024-03-26T13:49:39.458+0000 7f54e9200700 1 -- 172.21.15.137:0/1496351597 --> [v2:172.21.15.137:3300/0,v1:172.21.15.137:6789/0] -- mon_command([{prefix=config set, name=mgr/cephadm/container_init}] v 0) v1 -- 0x7f54e407d090 con 0x7f54e4107a00
2024-03-26T13:49:40.809 INFO:teuthology.orchestra.run.smithi137.stdout:/usr/bin/ceph: stderr
2024-03-26T13:49:39.461+0000 7f54daa00700 1 -- 172.21.15.137:0/1496351597 <== mon.0 v2:172.21.15.137:3300/0 7 ==== mon_command_ack([{prefix=config set, name=mgr/cephadm/container_init}]=0 v7)=0 v7) v1 ==== 142+0+0 (secure 0 0 0) 0x7f54d40172b0 con 0x7f54e4107a00
2024-03-26T13:49:40.809 INFO:teuthology.orchestra.run.smithi137.stdout:/usr/bin/ceph: stderr
2024-03-26T13:49:39.464+0000 7f54e9200700 1 -- 172.21.15.137:0/1496351597 >> [v2:172.21.15.137:6800/1621047019,v1:172.21.15.137:6801/1621047019] conn(0x7f54c8038f20 msgr2=0x7f54c803b3e0 secure :-1 s=STATE_CONNECTION_ESTABLISHED l=1).mark_down
2024-03-26T13:49:40.809 INFO:teuthology.orchestra.run.smithi137.stdout:/usr/bin/ceph: stderr
2024-03-26T13:49:39.464+0000 7f54e9200700 1 --2- 172.21.15.137:0/1496351597 >> [v2:172.21.15.137:6800/1621047019,v1:172.21.15.137:6801/1621047019] conn(0x7f54c8038f20 0x7f54c803b3e0 secure :-1 s=READY pgs=14 cs=0 l=1 rev1=1 crypto rx=0x7f54d0006fd0 tx=0x7f54d0006e40 comp rx=0 tx=0).stop
2024-03-26T13:49:40.809 INFO:teuthology.orchestra.run.smithi137.stdout:/usr/bin/ceph: stderr
2024-03-26T13:49:39.464+0000 7f54e9200700 1 -- 172.21.15.137:0/1496351597 >> [v2:172.21.15.137:3300/0,v1:172.21.15.137:6789/0] conn(0x7f54e4107a00 msgr2=0x7f54e407db80 secure :-1 s=STATE_CONNECTION_ESTABLISHED l=1).mark_down
2024-03-26T13:49:40.809 INFO:teuthology.orchestra.run.smithi137.stdout:/usr/bin/ceph: stderr
2024-03-26T13:49:39.464+0000 7f54e9200700 1 --2- 172.21.15.137:0/1496351597 >> [v2:172.21.15.137:3300/0,v1:172.21.15.137:6789/0] conn(0x7f54e4107a00 0x7f54e407db80 secure :-1 s=READY pgs=52 cs=0 l=1 rev1=1 crypto rx=0x7f54d4011a20 tx=0x7f54d4011b00 comp rx=0 tx=0).stop
2024-03-26T13:49:40.809 INFO:teuthology.orchestra.run.smithi137.stdout:/usr/bin/ceph: stderr
2024-03-26T13:49:39.465+0000 7f54e9200700 1 -- 172.21.15.137:0/1496351597 shutdown_connections
2024-03-26T13:49:40.809 INFO:teuthology.orchestra.run.smithi137.stdout:/usr/bin/ceph: stderr
2024-03-26T13:49:39.465+0000 7f54e9200700 1 --2- 172.21.15.137:0/1496351597 >> [v2:172.21.15.137:6800/1621047019,v1:172.21.15.137:6801/1621047019] conn(0x7f54c8038f20 0x7f54c803b3e0 unknown :-1 s=CLOSED pgs=14 cs=0 l=1 rev1=1 crypto rx=0 tx=0 comp rx=0 tx=0).stop
2024-03-26T13:49:40.809 INFO:teuthology.orchestra.run.smithi137.stdout:/usr/bin/ceph: stderr
2024-03-26T13:49:39.465+0000 7f54e9200700 1 --2- 172.21.15.137:0/1496351597 >> [v2:172.21.15.137:3300/0,v1:172.21.15.137:6789/0] conn(0x7f54e4107a00 0x7f54e407db80 unknown :-1 s=CLOSED pgs=52 cs=0 l=1 rev1=1 crypto rx=0 tx=0 comp rx=0 tx=0).stop
2024-03-26T13:49:40.809 INFO:teuthology.orchestra.run.smithi137.stdout:/usr/bin/ceph: stderr
2024-03-26T13:49:39.465+0000 7f54e9200700 1 -- 172.21.15.137:0/1496351597 >> 172.21.15.137:0/1496351597 conn(0x7f54e4102fa0 msgr2=0x7f54e4103ab0 unknown :-1 s=STATE_NONE l=0).mark_down
2024-03-26T13:49:40.809 INFO:teuthology.orchestra.run.smithi137.stdout:/usr/bin/ceph: stderr
2024-03-26T13:49:39.465+0000 7f54e9200700 1 -- 172.21.15.137:0/1496351597 shutdown_connections
2024-03-26T13:49:40.810 INFO:teuthology.orchestra.run.smithi137.stdout:/usr/bin/ceph: stderr
2024-03-26T13:49:39.465+0000 7f54e9200700 1 -- 172.21.15.137:0/1496351597 wait complete.
2024-03-26T13:49:42.277 INFO:journalctl@ceph.mon.a.smithi137.stdout:Mar 26 13:49:41 smithi137 ceph-mon[31539]: from='mgr.14120 172.21.15.137:0/840809782' entity='mgr.x'
2024-03-26T13:49:42.277 INFO:journalctl@ceph.mon.a.smithi137.stdout:Mar 26 13:49:41 smithi137 ceph-mon[31539]: pgmap v4: 0 pgs: ; 0 B data, 0 B used, 0 B / 0 B avail
2024-03-26T13:49:42.277 INFO:journalctl@ceph.mon.a.smithi137.stdout:Mar 26 13:49:41 smithi137 ceph-mon[31539]: from='client.? 172.21.15.137:0/3926909350' entity='client.admin'
2024-03-26T13:49:42.326 INFO:teuthology.orchestra.run.smithi137.stdout:/usr/bin/ceph: stderr
2024-03-26T13:49:41.401+0000 7fad3ea00700 1 Processor -- start
2024-03-26T13:49:42.328 INFO:teuthology.orchestra.run.smithi137.stdout:/usr/bin/ceph: stderr
2024-03-26T13:49:41.401+0000 7fad3ea00700 1 -- start start
2024-03-26T13:49:42.328 INFO:teuthology.orchestra.run.smithi137.stdout:/usr/bin/ceph: stderr
2024-03-26T13:49:41.401+0000 7fad3ea00700 1 --2- >> [v2:172.21.15.137:3300/0,v1:172.21.15.137:6789/0] conn(0x7fad381084e0 0x7fad3810a8d0 unknown :-1 s=NONE pgs=0 cs=0 l=0 rev1=0 crypto rx=0 tx=0 comp rx=0 tx=0).connect
2024-03-26T13:49:42.328 INFO:teuthology.orchestra.run.smithi137.stdout:/usr/bin/ceph: stderr
2024-03-26T13:49:41.401+0000 7fad3ea00700 1 -- --> [v2:172.21.15.137:3300/0,v1:172.21.15.137:6789/0] -- mon_getmap magic: 0 v1 -- 0x7fad3807be40 con 0x7fad381084e0
2024-03-26T13:49:42.328 INFO:teuthology.orchestra.run.smithi137.stdout:/usr/bin/ceph: stderr
2024-03-26T13:49:41.402+0000 7fad37e00700 1 --2- >> [v2:172.21.15.137:3300/0,v1:172.21.15.137:6789/0] conn(0x7fad381084e0 0x7fad3810a8d0 unknown :-1 s=BANNER_CONNECTING pgs=0 cs=0 l=0 rev1=0 crypto rx=0 tx=0 comp rx=0 tx=0)._handle_peer_banner_payload supported=3 required=0
2024-03-26T13:49:42.328 INFO:teuthology.orchestra.run.smithi137.stdout:/usr/bin/ceph: stderr
2024-03-26T13:49:41.402+0000 7fad37e00700 1 --2- >> [v2:172.21.15.137:3300/0,v1:172.21.15.137:6789/0] conn(0x7fad381084e0 0x7fad3810a8d0 unknown :-1 s=HELLO_CONNECTING pgs=0 cs=0 l=0 rev1=1 crypto rx=0 tx=0 comp rx=0 tx=0).handle_hello peer v2:172.21.15.137:3300/0 says I am v2:172.21.15.137:59754/0 (socket says 172.21.15.137:59754)
2024-03-26T13:49:42.328 INFO:teuthology.orchestra.run.smithi137.stdout:/usr/bin/ceph: stderr
2024-03-26T13:49:41.402+0000 7fad37e00700 1 -- 172.21.15.137:0/2214417960 learned_addr learned my addr 172.21.15.137:0/2214417960 (peer_addr_for_me v2:172.21.15.137:0/0)
2024-03-26T13:49:42.328 INFO:teuthology.orchestra.run.smithi137.stdout:/usr/bin/ceph: stderr
2024-03-26T13:49:41.402+0000 7fad37e00700 1 -- 172.21.15.137:0/2214417960 --> [v2:172.21.15.137:3300/0,v1:172.21.15.137:6789/0] -- mon_subscribe({config=0+,monmap=0+}) v3 -- 0x7fad3810ae10 con 0x7fad381084e0
2024-03-26T13:49:42.328 INFO:teuthology.orchestra.run.smithi137.stdout:/usr/bin/ceph: stderr
2024-03-26T13:49:41.403+0000 7fad37e00700 1 --2- 172.21.15.137:0/2214417960 >> [v2:172.21.15.137:3300/0,v1:172.21.15.137:6789/0] conn(0x7fad381084e0 0x7fad3810a8d0 secure :-1 s=READY pgs=53 cs=0 l=1 rev1=1 crypto rx=0x7fad280098a0 tx=0x7fad28009bb0 comp rx=0 tx=0).ready entity=mon.0 client_cookie=d9df58ebc513e831 server_cookie=0 in_seq=0 out_seq=0
2024-03-26T13:49:42.328 INFO:teuthology.orchestra.run.smithi137.stdout:/usr/bin/ceph: stderr
2024-03-26T13:49:41.403+0000 7fad36a00700 1 -- 172.21.15.137:0/2214417960 <== mon.0 v2:172.21.15.137:3300/0 1 ==== mon_map magic: 0 v1 ==== 205+0+0 (secure 0 0 0) 0x7fad28004160 con 0x7fad381084e0
2024-03-26T13:49:42.328 INFO:teuthology.orchestra.run.smithi137.stdout:/usr/bin/ceph: stderr
2024-03-26T13:49:41.403+0000 7fad36a00700 1 -- 172.21.15.137:0/2214417960 <== mon.0 v2:172.21.15.137:3300/0 2 ==== config(26 keys) v1 ==== 1102+0+0 (secure 0 0 0) 0x7fad28004300 con 0x7fad381084e0
2024-03-26T13:49:42.328 INFO:teuthology.orchestra.run.smithi137.stdout:/usr/bin/ceph: stderr
2024-03-26T13:49:41.403+0000 7fad36a00700 1 -- 172.21.15.137:0/2214417960 <== mon.0 v2:172.21.15.137:3300/0 3 ==== mon_map magic: 0 v1 ==== 205+0+0 (secure 0 0 0) 0x7fad28011a50 con 0x7fad381084e0
2024-03-26T13:49:42.328 INFO:teuthology.orchestra.run.smithi137.stdout:/usr/bin/ceph: stderr
2024-03-26T13:49:41.404+0000 7fad3ea00700 1 -- 172.21.15.137:0/2214417960 >> [v2:172.21.15.137:3300/0,v1:172.21.15.137:6789/0] conn(0x7fad381084e0 msgr2=0x7fad3810a8d0 secure :-1 s=STATE_CONNECTION_ESTABLISHED l=1).mark_down
2024-03-26T13:49:42.328 INFO:teuthology.orchestra.run.smithi137.stdout:/usr/bin/ceph: stderr
2024-03-26T13:49:41.404+0000 7fad3ea00700 1 --2- 172.21.15.137:0/2214417960 >> [v2:172.21.15.137:3300/0,v1:172.21.15.137:6789/0] conn(0x7fad381084e0 0x7fad3810a8d0 secure :-1 s=READY pgs=53 cs=0 l=1 rev1=1 crypto rx=0x7fad280098a0 tx=0x7fad28009bb0 comp rx=0 tx=0).stop
2024-03-26T13:49:42.329 INFO:teuthology.orchestra.run.smithi137.stdout:/usr/bin/ceph: stderr
2024-03-26T13:49:41.404+0000 7fad3ea00700 1 -- 172.21.15.137:0/2214417960 shutdown_connections
2024-03-26T13:49:42.333 INFO:teuthology.orchestra.run.smithi137.stdout:/usr/bin/ceph: stderr
2024-03-26T13:49:41.404+0000 7fad3ea00700 1 --2- 172.21.15.137:0/2214417960 >> [v2:172.21.15.137:3300/0,v1:172.21.15.137:6789/0] conn(0x7fad381084e0 0x7fad3810a8d0 unknown :-1 s=CLOSED pgs=53 cs=0 l=1 rev1=1 crypto rx=0 tx=0 comp rx=0 tx=0).stop
2024-03-26T13:49:42.333 INFO:teuthology.orchestra.run.smithi137.stdout:/usr/bin/ceph: stderr
2024-03-26T13:49:41.404+0000 7fad3ea00700 1 -- 172.21.15.137:0/2214417960 >> 172.21.15.137:0/2214417960 conn(0x7fad38101ef0 msgr2=0x7fad38104310 unknown :-1 s=STATE_NONE l=0).mark_down
2024-03-26T13:49:42.333 INFO:teuthology.orchestra.run.smithi137.stdout:/usr/bin/ceph: stderr
2024-03-26T13:49:41.404+0000 7fad3ea00700 1 -- 172.21.15.137:0/2214417960 shutdown_connections
2024-03-26T13:49:42.333 INFO:teuthology.orchestra.run.smithi137.stdout:/usr/bin/ceph: stderr
2024-03-26T13:49:41.404+0000 7fad3ea00700 1 -- 172.21.15.137:0/2214417960 wait complete.
2024-03-26T13:49:42.333 INFO:teuthology.orchestra.run.smithi137.stdout:/usr/bin/ceph: stderr
2024-03-26T13:49:41.405+0000 7fad3ea00700 1 Processor -- start
2024-03-26T13:49:42.333 INFO:teuthology.orchestra.run.smithi137.stdout:/usr/bin/ceph: stderr
2024-03-26T13:49:41.405+0000 7fad3ea00700 1 -- start start
2024-03-26T13:49:42.333 INFO:teuthology.orchestra.run.smithi137.stdout:/usr/bin/ceph: stderr
2024-03-26T13:49:41.406+0000 7fad3ea00700 1 --2- >> [v2:172.21.15.137:3300/0,v1:172.21.15.137:6789/0] conn(0x7fad381084e0 0x7fad3819db50 unknown :-1 s=NONE pgs=0 cs=0 l=1 rev1=0 crypto rx=0 tx=0 comp rx=0 tx=0).connect
2024-03-26T13:49:42.333 INFO:teuthology.orchestra.run.smithi137.stdout:/usr/bin/ceph: stderr
2024-03-26T13:49:41.406+0000 7fad3ea00700 1 -- --> [v2:172.21.15.137:3300/0,v1:172.21.15.137:6789/0] -- mon_getmap magic: 0 v1 -- 0x7fad381070a0 con 0x7fad381084e0
2024-03-26T13:49:42.333 INFO:teuthology.orchestra.run.smithi137.stdout:/usr/bin/ceph: stderr
2024-03-26T13:49:41.406+0000 7fad37e00700 1 --2- >> [v2:172.21.15.137:3300/0,v1:172.21.15.137:6789/0] conn(0x7fad381084e0 0x7fad3819db50 unknown :-1 s=BANNER_CONNECTING pgs=0 cs=0 l=1 rev1=0 crypto rx=0 tx=0 comp rx=0 tx=0)._handle_peer_banner_payload supported=3 required=0
2024-03-26T13:49:42.333 INFO:teuthology.orchestra.run.smithi137.stdout:/usr/bin/ceph: stderr
2024-03-26T13:49:41.406+0000 7fad37e00700 1 --2- >> [v2:172.21.15.137:3300/0,v1:172.21.15.137:6789/0] conn(0x7fad381084e0 0x7fad3819db50 unknown :-1 s=HELLO_CONNECTING pgs=0 cs=0 l=1 rev1=1 crypto rx=0 tx=0 comp rx=0 tx=0).handle_hello peer v2:172.21.15.137:3300/0 says I am v2:172.21.15.137:59756/0 (socket says 172.21.15.137:59756)
2024-03-26T13:49:42.334 INFO:teuthology.orchestra.run.smithi137.stdout:/usr/bin/ceph: stderr
2024-03-26T13:49:41.406+0000 7fad37e00700 1 -- 172.21.15.137:0/3926909350 learned_addr learned my addr 172.21.15.137:0/3926909350 (peer_addr_for_me v2:172.21.15.137:0/0)
2024-03-26T13:49:42.334 INFO:teuthology.orchestra.run.smithi137.stdout:/usr/bin/ceph: stderr
2024-03-26T13:49:41.406+0000 7fad37e00700 1 -- 172.21.15.137:0/3926909350 --> [v2:172.21.15.137:3300/0,v1:172.21.15.137:6789/0] -- mon_subscribe({config=0+,monmap=0+}) v3 -- 0x7fad3819e090 con 0x7fad381084e0
2024-03-26T13:49:42.334 INFO:teuthology.orchestra.run.smithi137.stdout:/usr/bin/ceph: stderr
2024-03-26T13:49:41.407+0000 7fad37e00700 1 --2- 172.21.15.137:0/3926909350 >> [v2:172.21.15.137:3300/0,v1:172.21.15.137:6789/0] conn(0x7fad381084e0 0x7fad3819db50 secure :-1 s=READY pgs=54 cs=0 l=1 rev1=1 crypto rx=0x7fad28011a20 tx=0x7fad28011b00 comp rx=0 tx=0).ready entity=mon.0 client_cookie=0 server_cookie=0 in_seq=0 out_seq=0
2024-03-26T13:49:42.334 INFO:teuthology.orchestra.run.smithi137.stdout:/usr/bin/ceph: stderr
2024-03-26T13:49:41.407+0000 7fad34c00700 1 -- 172.21.15.137:0/3926909350 <== mon.0 v2:172.21.15.137:3300/0 1 ==== mon_map magic: 0 v1 ==== 205+0+0 (secure 0 0 0) 0x7fad280039c0 con 0x7fad381084e0
2024-03-26T13:49:42.334 INFO:teuthology.orchestra.run.smithi137.stdout:/usr/bin/ceph: stderr
2024-03-26T13:49:41.407+0000 7fad34c00700 1 -- 172.21.15.137:0/3926909350 <== mon.0 v2:172.21.15.137:3300/0 2 ==== config(26 keys) v1 ==== 1102+0+0 (secure 0 0 0) 0x7fad28003b60 con 0x7fad381084e0
2024-03-26T13:49:42.334 INFO:teuthology.orchestra.run.smithi137.stdout:/usr/bin/ceph: stderr
2024-03-26T13:49:41.407+0000 7fad3ea00700 1 -- 172.21.15.137:0/3926909350 --> [v2:172.21.15.137:3300/0,v1:172.21.15.137:6789/0] -- mon_subscribe({mgrmap=0+}) v3 -- 0x7fad3819e320 con 0x7fad381084e0
2024-03-26T13:49:42.334 INFO:teuthology.orchestra.run.smithi137.stdout:/usr/bin/ceph: stderr
2024-03-26T13:49:41.407+0000 7fad34c00700 1 -- 172.21.15.137:0/3926909350 <== mon.0 v2:172.21.15.137:3300/0 3 ==== mon_map magic: 0 v1 ==== 205+0+0 (secure 0 0 0) 0x7fad2801a6b0 con 0x7fad381084e0
2024-03-26T13:49:42.334 INFO:teuthology.orchestra.run.smithi137.stdout:/usr/bin/ceph: stderr
2024-03-26T13:49:41.407+0000 7fad3ea00700 1 -- 172.21.15.137:0/3926909350 --> [v2:172.21.15.137:3300/0,v1:172.21.15.137:6789/0] -- mon_subscribe({osdmap=0}) v3 -- 0x7fad381a1010 con 0x7fad381084e0
2024-03-26T13:49:42.334 INFO:teuthology.orchestra.run.smithi137.stdout:/usr/bin/ceph: stderr
2024-03-26T13:49:41.408+0000 7fad34c00700 1 -- 172.21.15.137:0/3926909350 <== mon.0 v2:172.21.15.137:3300/0 4 ==== mgrmap(e 8) v1 ==== 46106+0+0 (secure 0 0 0) 0x7fad28024430 con 0x7fad381084e0
2024-03-26T13:49:42.334 INFO:teuthology.orchestra.run.smithi137.stdout:/usr/bin/ceph: stderr
2024-03-26T13:49:41.408+0000 7fad3ea00700 1 -- 172.21.15.137:0/3926909350 --> [v2:172.21.15.137:3300/0,v1:172.21.15.137:6789/0] -- mon_command({"prefix": "get_command_descriptions"} v 0) v1 -- 0x7fad380637c0 con 0x7fad381084e0
2024-03-26T13:49:42.334 INFO:teuthology.orchestra.run.smithi137.stdout:/usr/bin/ceph: stderr
2024-03-26T13:49:41.409+0000 7fad34c00700 1 --2- 172.21.15.137:0/3926909350 >> [v2:172.21.15.137:6800/1621047019,v1:172.21.15.137:6801/1621047019] conn(0x7fad1c038f20 0x7fad1c03b3e0 unknown :-1 s=NONE pgs=0 cs=0 l=1 rev1=0 crypto rx=0 tx=0 comp rx=0 tx=0).connect
2024-03-26T13:49:42.334 INFO:teuthology.orchestra.run.smithi137.stdout:/usr/bin/ceph: stderr
2024-03-26T13:49:41.409+0000 7fad34c00700 1 -- 172.21.15.137:0/3926909350 <== mon.0 v2:172.21.15.137:3300/0 5 ==== osd_map(2..2 src has 1..2) v4 ==== 940+0+0 (secure 0 0 0) 0x7fad2804d520 con 0x7fad381084e0
2024-03-26T13:49:42.334 INFO:teuthology.orchestra.run.smithi137.stdout:/usr/bin/ceph: stderr
2024-03-26T13:49:41.409+0000 7fad37400700 1 --2- 172.21.15.137:0/3926909350 >> [v2:172.21.15.137:6800/1621047019,v1:172.21.15.137:6801/1621047019] conn(0x7fad1c038f20 0x7fad1c03b3e0 unknown :-1 s=BANNER_CONNECTING pgs=0 cs=0 l=1 rev1=0 crypto rx=0 tx=0 comp rx=0 tx=0)._handle_peer_banner_payload supported=3 required=0
2024-03-26T13:49:42.335 INFO:teuthology.orchestra.run.smithi137.stdout:/usr/bin/ceph: stderr
2024-03-26T13:49:41.410+0000 7fad37400700 1 --2- 172.21.15.137:0/3926909350 >> [v2:172.21.15.137:6800/1621047019,v1:172.21.15.137:6801/1621047019] conn(0x7fad1c038f20 0x7fad1c03b3e0 secure :-1 s=READY pgs=15 cs=0 l=1 rev1=1 crypto rx=0x7fad24006fd0 tx=0x7fad24006e40 comp rx=0 tx=0).ready entity=mgr.14120 client_cookie=0 server_cookie=0 in_seq=0 out_seq=0
2024-03-26T13:49:42.335 INFO:teuthology.orchestra.run.smithi137.stdout:/usr/bin/ceph: stderr
2024-03-26T13:49:41.414+0000 7fad34c00700 1 -- 172.21.15.137:0/3926909350 <== mon.0 v2:172.21.15.137:3300/0 6 ==== mon_command_ack([{"prefix": "get_command_descriptions"}]=0 v0) v1 ==== 72+0+186149 (secure 0 0 0) 0x7fad28024720 con 0x7fad381084e0
2024-03-26T13:49:42.335 INFO:teuthology.orchestra.run.smithi137.stdout:/usr/bin/ceph: stderr
2024-03-26T13:49:41.638+0000 7fad3ea00700 1 -- 172.21.15.137:0/3926909350 --> [v2:172.21.15.137:3300/0,v1:172.21.15.137:6789/0] -- mon_command([{prefix=config set, name=mgr/dashboard/ssl_server_port}] v 0) v1 -- 0x7fad3802dd30 con 0x7fad381084e0
2024-03-26T13:49:42.335 INFO:teuthology.orchestra.run.smithi137.stdout:/usr/bin/ceph: stderr
2024-03-26T13:49:41.644+0000 7fad34c00700 1 -- 172.21.15.137:0/3926909350 <== mon.0 v2:172.21.15.137:3300/0 7 ==== mon_command_ack([{prefix=config set, name=mgr/dashboard/ssl_server_port}]=0 v8)=0 v8) v1 ==== 130+0+0 (secure 0 0 0) 0x7fad2804ce70 con 0x7fad381084e0
2024-03-26T13:49:42.335 INFO:teuthology.orchestra.run.smithi137.stdout:/usr/bin/ceph: stderr
2024-03-26T13:49:41.647+0000 7fad3ea00700 1 -- 172.21.15.137:0/3926909350 >> [v2:172.21.15.137:6800/1621047019,v1:172.21.15.137:6801/1621047019] conn(0x7fad1c038f20 msgr2=0x7fad1c03b3e0 secure :-1 s=STATE_CONNECTION_ESTABLISHED l=1).mark_down
2024-03-26T13:49:42.335 INFO:teuthology.orchestra.run.smithi137.stdout:/usr/bin/ceph: stderr
2024-03-26T13:49:41.647+0000 7fad3ea00700 1 --2- 172.21.15.137:0/3926909350 >> [v2:172.21.15.137:6800/1621047019,v1:172.21.15.137:6801/1621047019] conn(0x7fad1c038f20 0x7fad1c03b3e0 secure :-1 s=READY pgs=15 cs=0 l=1 rev1=1 crypto rx=0x7fad24006fd0 tx=0x7fad24006e40 comp rx=0 tx=0).stop
2024-03-26T13:49:42.335 INFO:teuthology.orchestra.run.smithi137.stdout:/usr/bin/ceph: stderr
2024-03-26T13:49:41.647+0000 7fad3ea00700 1 -- 172.21.15.137:0/3926909350 >> [v2:172.21.15.137:3300/0,v1:172.21.15.137:6789/0] conn(0x7fad381084e0 msgr2=0x7fad3819db50 secure :-1 s=STATE_CONNECTION_ESTABLISHED l=1).mark_down
2024-03-26T13:49:42.335 INFO:teuthology.orchestra.run.smithi137.stdout:/usr/bin/ceph: stderr
2024-03-26T13:49:41.647+0000 7fad3ea00700 1 --2- 172.21.15.137:0/3926909350 >> [v2:172.21.15.137:3300/0,v1:172.21.15.137:6789/0] conn(0x7fad381084e0 0x7fad3819db50 secure :-1 s=READY pgs=54 cs=0 l=1 rev1=1 crypto rx=0x7fad28011a20 tx=0x7fad28011b00 comp rx=0 tx=0).stop
2024-03-26T13:49:42.335 INFO:teuthology.orchestra.run.smithi137.stdout:/usr/bin/ceph: stderr
2024-03-26T13:49:41.647+0000 7fad3ea00700 1 -- 172.21.15.137:0/3926909350 shutdown_connections
2024-03-26T13:49:42.335 INFO:teuthology.orchestra.run.smithi137.stdout:/usr/bin/ceph: stderr
2024-03-26T13:49:41.647+0000 7fad3ea00700 1 --2- 172.21.15.137:0/3926909350 >> [v2:172.21.15.137:6800/1621047019,v1:172.21.15.137:6801/1621047019] conn(0x7fad1c038f20 0x7fad1c03b3e0 unknown :-1 s=CLOSED pgs=15 cs=0 l=1 rev1=1 crypto rx=0 tx=0 comp rx=0 tx=0).stop
2024-03-26T13:49:42.335 INFO:teuthology.orchestra.run.smithi137.stdout:/usr/bin/ceph: stderr
2024-03-26T13:49:41.647+0000 7fad3ea00700 1 --2- 172.21.15.137:0/3926909350 >> [v2:172.21.15.137:3300/0,v1:172.21.15.137:6789/0] conn(0x7fad381084e0 0x7fad3819db50 unknown :-1 s=CLOSED pgs=54 cs=0 l=1 rev1=1 crypto rx=0 tx=0 comp rx=0 tx=0).stop
2024-03-26T13:49:42.335 INFO:teuthology.orchestra.run.smithi137.stdout:/usr/bin/ceph: stderr
2024-03-26T13:49:41.647+0000 7fad3ea00700 1 -- 172.21.15.137:0/3926909350 >> 172.21.15.137:0/3926909350 conn(0x7fad38101ef0 msgr2=0x7fad38102790 unknown :-1 s=STATE_NONE l=0).mark_down
2024-03-26T13:49:42.335 INFO:teuthology.orchestra.run.smithi137.stdout:/usr/bin/ceph: stderr
2024-03-26T13:49:41.648+0000 7fad3ea00700 1 -- 172.21.15.137:0/3926909350 shutdown_connections
2024-03-26T13:49:42.335 INFO:teuthology.orchestra.run.smithi137.stdout:/usr/bin/ceph: stderr
2024-03-26T13:49:41.648+0000 7fad3ea00700 1 -- 172.21.15.137:0/3926909350 wait complete.
2024-03-26T13:49:42.335 INFO:teuthology.orchestra.run.smithi137.stdout:Enabling the dashboard module...
2024-03-26T13:49:44.075 INFO:journalctl@ceph.mon.a.smithi137.stdout:Mar 26 13:49:43 smithi137 ceph-mon[31539]: from='mgr.14120 172.21.15.137:0/840809782' entity='mgr.x'
2024-03-26T13:49:44.075 INFO:journalctl@ceph.mon.a.smithi137.stdout:Mar 26 13:49:43 smithi137 ceph-mon[31539]: pgmap v5: 0 pgs: ; 0 B data, 0 B used, 0 B / 0 B avail
2024-03-26T13:49:44.075 INFO:journalctl@ceph.mon.a.smithi137.stdout:Mar 26 13:49:43 smithi137 ceph-mon[31539]: from='client.? 172.21.15.137:0/1784028215' entity='client.admin' cmd=[{"prefix": "mgr module enable", "module": "dashboard"}]: dispatch
2024-03-26T13:49:44.350 INFO:journalctl@ceph.mgr.x.smithi137.stdout:Mar 26 13:49:44 smithi137 ceph-66aee2a0-eb77-11ee-95d0-87774f69a715-mgr-x[31769]: ignoring --setuser ceph since I am not root
2024-03-26T13:49:44.350 INFO:journalctl@ceph.mgr.x.smithi137.stdout:Mar 26 13:49:44 smithi137 ceph-66aee2a0-eb77-11ee-95d0-87774f69a715-mgr-x[31769]: ignoring --setgroup ceph since I am not root
2024-03-26T13:49:45.027 INFO:journalctl@ceph.mgr.x.smithi137.stdout:Mar 26 13:49:44 smithi137 ceph-66aee2a0-eb77-11ee-95d0-87774f69a715-mgr-x[31769]:
2024-03-26T13:49:44.783+0000 7f8c4395b200 -1 mgr[py] Module osd_perf_query has missing NOTIFY_TYPES member
2024-03-26T13:49:45.027 INFO:journalctl@ceph.mgr.x.smithi137.stdout:Mar 26 13:49:44 smithi137 ceph-66aee2a0-eb77-11ee-95d0-87774f69a715-mgr-x[31769]:
2024-03-26T13:49:44.906+0000 7f8c4395b200 -1 mgr[py] Module snap_schedule has missing NOTIFY_TYPES member
2024-03-26T13:49:45.027 INFO:journalctl@ceph.mon.a.smithi137.stdout:Mar 26 13:49:44 smithi137 ceph-mon[31539]: from='client.? 172.21.15.137:0/1784028215' entity='client.admin' cmd='[{"prefix": "mgr module enable", "module": "dashboard"}]': finished
2024-03-26T13:49:45.027 INFO:journalctl@ceph.mon.a.smithi137.stdout:Mar 26 13:49:44 smithi137 ceph-mon[31539]: mgrmap e9: x(active, since 24s)
2024-03-26T13:49:45.491 INFO:teuthology.orchestra.run.smithi137.stdout:/usr/bin/ceph: stderr
2024-03-26T13:49:42.921+0000 7f16b5e00700 1 Processor -- start
2024-03-26T13:49:45.491 INFO:teuthology.orchestra.run.smithi137.stdout:/usr/bin/ceph: stderr
2024-03-26T13:49:42.921+0000 7f16b5e00700 1 -- start start
2024-03-26T13:49:45.492 INFO:teuthology.orchestra.run.smithi137.stdout:/usr/bin/ceph: stderr
2024-03-26T13:49:42.921+0000 7f16b5e00700 1 --2- >> [v2:172.21.15.137:3300/0,v1:172.21.15.137:6789/0] conn(0x7f16b0107a70 0x7f16b0107e90 unknown :-1 s=NONE pgs=0 cs=0 l=0 rev1=0 crypto rx=0 tx=0 comp rx=0 tx=0).connect
2024-03-26T13:49:45.492 INFO:teuthology.orchestra.run.smithi137.stdout:/usr/bin/ceph: stderr
2024-03-26T13:49:42.921+0000 7f16b5e00700 1 -- --> [v2:172.21.15.137:3300/0,v1:172.21.15.137:6789/0] -- mon_getmap magic: 0 v1 -- 0x7f16b0108460 con 0x7f16b0107a70
2024-03-26T13:49:45.492 INFO:teuthology.orchestra.run.smithi137.stdout:/usr/bin/ceph: stderr
2024-03-26T13:49:42.922+0000 7f16aea00700 1 --2- >> [v2:172.21.15.137:3300/0,v1:172.21.15.137:6789/0] conn(0x7f16b0107a70 0x7f16b0107e90 unknown :-1 s=BANNER_CONNECTING pgs=0 cs=0 l=0 rev1=0 crypto rx=0 tx=0 comp rx=0 tx=0)._handle_peer_banner_payload supported=3 required=0
2024-03-26T13:49:45.492 INFO:teuthology.orchestra.run.smithi137.stdout:/usr/bin/ceph: stderr
2024-03-26T13:49:42.922+0000 7f16aea00700 1 --2- >> [v2:172.21.15.137:3300/0,v1:172.21.15.137:6789/0] conn(0x7f16b0107a70 0x7f16b0107e90 unknown :-1 s=HELLO_CONNECTING pgs=0 cs=0 l=0 rev1=1 crypto rx=0 tx=0 comp rx=0 tx=0).handle_hello peer v2:172.21.15.137:3300/0 says I am v2:172.21.15.137:59766/0 (socket says 172.21.15.137:59766)
2024-03-26T13:49:45.492 INFO:teuthology.orchestra.run.smithi137.stdout:/usr/bin/ceph: stderr
2024-03-26T13:49:42.922+0000 7f16aea00700 1 -- 172.21.15.137:0/3953554033 learned_addr learned my addr 172.21.15.137:0/3953554033 (peer_addr_for_me v2:172.21.15.137:0/0)
2024-03-26T13:49:45.492 INFO:teuthology.orchestra.run.smithi137.stdout:/usr/bin/ceph: stderr
2024-03-26T13:49:42.923+0000 7f16aea00700 1 -- 172.21.15.137:0/3953554033 --> [v2:172.21.15.137:3300/0,v1:172.21.15.137:6789/0] -- mon_subscribe({config=0+,monmap=0+}) v3 -- 0x7f16b0108c70 con 0x7f16b0107a70
2024-03-26T13:49:45.492 INFO:teuthology.orchestra.run.smithi137.stdout:/usr/bin/ceph: stderr
2024-03-26T13:49:42.923+0000 7f16aea00700 1 --2- 172.21.15.137:0/3953554033 >> [v2:172.21.15.137:3300/0,v1:172.21.15.137:6789/0] conn(0x7f16b0107a70 0x7f16b0107e90 secure :-1 s=READY pgs=55 cs=0 l=1 rev1=1 crypto rx=0x7f16a00098a0 tx=0x7f16a0009bb0 comp rx=0 tx=0).ready entity=mon.0 client_cookie=ea7b3ba8572a3add server_cookie=0 in_seq=0 out_seq=0
2024-03-26T13:49:45.492 INFO:teuthology.orchestra.run.smithi137.stdout:/usr/bin/ceph: stderr
2024-03-26T13:49:42.923+0000 7f16ae000700 1 -- 172.21.15.137:0/3953554033 <== mon.0 v2:172.21.15.137:3300/0 1 ==== mon_map magic: 0 v1 ==== 205+0+0 (secure 0 0 0) 0x7f16a0004160 con 0x7f16b0107a70
2024-03-26T13:49:45.492 INFO:teuthology.orchestra.run.smithi137.stdout:/usr/bin/ceph: stderr
2024-03-26T13:49:42.923+0000 7f16ae000700 1 -- 172.21.15.137:0/3953554033 <== mon.0 v2:172.21.15.137:3300/0 2 ==== config(26 keys) v1 ==== 1102+0+0 (secure 0 0 0) 0x7f16a0004300 con 0x7f16b0107a70
2024-03-26T13:49:45.492 INFO:teuthology.orchestra.run.smithi137.stdout:/usr/bin/ceph: stderr
2024-03-26T13:49:42.923+0000 7f16ae000700 1 -- 172.21.15.137:0/3953554033 <== mon.0 v2:172.21.15.137:3300/0 3 ==== mon_map magic: 0 v1 ==== 205+0+0 (secure 0 0 0) 0x7f16a0011a50 con 0x7f16b0107a70
2024-03-26T13:49:45.492 INFO:teuthology.orchestra.run.smithi137.stdout:/usr/bin/ceph: stderr
2024-03-26T13:49:42.924+0000 7f16b5e00700 1 -- 172.21.15.137:0/3953554033 >> [v2:172.21.15.137:3300/0,v1:172.21.15.137:6789/0] conn(0x7f16b0107a70 msgr2=0x7f16b0107e90 secure :-1 s=STATE_CONNECTION_ESTABLISHED l=1).mark_down
2024-03-26T13:49:45.492 INFO:teuthology.orchestra.run.smithi137.stdout:/usr/bin/ceph: stderr
2024-03-26T13:49:42.924+0000 7f16b5e00700 1 --2- 172.21.15.137:0/3953554033 >> [v2:172.21.15.137:3300/0,v1:172.21.15.137:6789/0] conn(0x7f16b0107a70 0x7f16b0107e90 secure :-1 s=READY pgs=55 cs=0 l=1 rev1=1 crypto rx=0x7f16a00098a0 tx=0x7f16a0009bb0 comp rx=0 tx=0).stop
2024-03-26T13:49:45.493 INFO:teuthology.orchestra.run.smithi137.stdout:/usr/bin/ceph: stderr
2024-03-26T13:49:42.924+0000 7f16b5e00700 1 -- 172.21.15.137:0/3953554033 shutdown_connections
2024-03-26T13:49:45.493 INFO:teuthology.orchestra.run.smithi137.stdout:/usr/bin/ceph: stderr
2024-03-26T13:49:42.924+0000 7f16b5e00700 1 --2- 172.21.15.137:0/3953554033 >> [v2:172.21.15.137:3300/0,v1:172.21.15.137:6789/0] conn(0x7f16b0107a70 0x7f16b0107e90 unknown :-1 s=CLOSED pgs=55 cs=0 l=1 rev1=1 crypto rx=0 tx=0 comp rx=0 tx=0).stop
2024-03-26T13:49:45.493 INFO:teuthology.orchestra.run.smithi137.stdout:/usr/bin/ceph: stderr
2024-03-26T13:49:42.924+0000 7f16b5e00700 1 -- 172.21.15.137:0/3953554033 >> 172.21.15.137:0/3953554033 conn(0x7f16b0103050 msgr2=0x7f16b0105470 unknown :-1 s=STATE_NONE l=0).mark_down
2024-03-26T13:49:45.493 INFO:teuthology.orchestra.run.smithi137.stdout:/usr/bin/ceph: stderr
2024-03-26T13:49:42.924+0000 7f16b5e00700 1 -- 172.21.15.137:0/3953554033 shutdown_connections
2024-03-26T13:49:45.493 INFO:teuthology.orchestra.run.smithi137.stdout:/usr/bin/ceph: stderr
2024-03-26T13:49:42.925+0000 7f16b5e00700 1 -- 172.21.15.137:0/3953554033 wait complete.
2024-03-26T13:49:45.493 INFO:teuthology.orchestra.run.smithi137.stdout:/usr/bin/ceph: stderr
2024-03-26T13:49:42.925+0000 7f16b5e00700 1 Processor -- start
2024-03-26T13:49:45.493 INFO:teuthology.orchestra.run.smithi137.stdout:/usr/bin/ceph: stderr
2024-03-26T13:49:42.926+0000 7f16b5e00700 1 -- start start
2024-03-26T13:49:45.493 INFO:teuthology.orchestra.run.smithi137.stdout:/usr/bin/ceph: stderr
2024-03-26T13:49:42.926+0000 7f16b5e00700 1 --2- >> [v2:172.21.15.137:3300/0,v1:172.21.15.137:6789/0] conn(0x7f16b0107a70 0x7f16b019db60 unknown :-1 s=NONE pgs=0 cs=0 l=1 rev1=0 crypto rx=0 tx=0 comp rx=0 tx=0).connect
2024-03-26T13:49:45.493 INFO:teuthology.orchestra.run.smithi137.stdout:/usr/bin/ceph: stderr
2024-03-26T13:49:42.926+0000 7f16b5e00700 1 -- --> [v2:172.21.15.137:3300/0,v1:172.21.15.137:6789/0] -- mon_getmap magic: 0 v1 -- 0x7f16b010c020 con 0x7f16b0107a70
2024-03-26T13:49:45.493 INFO:teuthology.orchestra.run.smithi137.stdout:/usr/bin/ceph: stderr
2024-03-26T13:49:42.926+0000 7f16aea00700 1 --2- >> [v2:172.21.15.137:3300/0,v1:172.21.15.137:6789/0] conn(0x7f16b0107a70 0x7f16b019db60 unknown :-1 s=BANNER_CONNECTING pgs=0 cs=0 l=1 rev1=0 crypto rx=0 tx=0 comp rx=0 tx=0)._handle_peer_banner_payload supported=3 required=0
2024-03-26T13:49:45.493 INFO:teuthology.orchestra.run.smithi137.stdout:/usr/bin/ceph: stderr
2024-03-26T13:49:42.926+0000 7f16aea00700 1 --2- >> [v2:172.21.15.137:3300/0,v1:172.21.15.137:6789/0] conn(0x7f16b0107a70 0x7f16b019db60 unknown :-1 s=HELLO_CONNECTING pgs=0 cs=0 l=1 rev1=1 crypto rx=0 tx=0 comp rx=0 tx=0).handle_hello peer v2:172.21.15.137:3300/0 says I am v2:172.21.15.137:59774/0 (socket says 172.21.15.137:59774)
2024-03-26T13:49:45.494 INFO:teuthology.orchestra.run.smithi137.stdout:/usr/bin/ceph: stderr
2024-03-26T13:49:42.926+0000 7f16aea00700 1 -- 172.21.15.137:0/1784028215 learned_addr learned my addr 172.21.15.137:0/1784028215 (peer_addr_for_me v2:172.21.15.137:0/0)
2024-03-26T13:49:45.494 INFO:teuthology.orchestra.run.smithi137.stdout:/usr/bin/ceph: stderr
2024-03-26T13:49:42.927+0000 7f16aea00700 1 -- 172.21.15.137:0/1784028215 --> [v2:172.21.15.137:3300/0,v1:172.21.15.137:6789/0] -- mon_subscribe({config=0+,monmap=0+}) v3 -- 0x7f16b019e0a0 con 0x7f16b0107a70
2024-03-26T13:49:45.494 INFO:teuthology.orchestra.run.smithi137.stdout:/usr/bin/ceph: stderr
2024-03-26T13:49:42.927+0000 7f16aea00700 1 --2- 172.21.15.137:0/1784028215 >> [v2:172.21.15.137:3300/0,v1:172.21.15.137:6789/0] conn(0x7f16b0107a70 0x7f16b019db60 secure :-1 s=READY pgs=56 cs=0 l=1 rev1=1 crypto rx=0x7f16a0011a20 tx=0x7f16a0011b00 comp rx=0 tx=0).ready entity=mon.0 client_cookie=0 server_cookie=0 in_seq=0 out_seq=0
2024-03-26T13:49:45.494 INFO:teuthology.orchestra.run.smithi137.stdout:/usr/bin/ceph: stderr
2024-03-26T13:49:42.927+0000 7f16b4a00700 1 -- 172.21.15.137:0/1784028215 <== mon.0 v2:172.21.15.137:3300/0 1 ==== mon_map magic: 0 v1 ==== 205+0+0 (secure 0 0 0) 0x7f16a0003af0 con 0x7f16b0107a70
2024-03-26T13:49:45.494 INFO:teuthology.orchestra.run.smithi137.stdout:/usr/bin/ceph: stderr
2024-03-26T13:49:42.927+0000 7f16b4a00700 1 -- 172.21.15.137:0/1784028215 <== mon.0 v2:172.21.15.137:3300/0 2 ==== config(26 keys) v1 ==== 1102+0+0 (secure 0 0 0) 0x7f16a001a8e0 con 0x7f16b0107a70
2024-03-26T13:49:45.494 INFO:teuthology.orchestra.run.smithi137.stdout:/usr/bin/ceph: stderr
2024-03-26T13:49:42.927+0000 7f16b5e00700 1 -- 172.21.15.137:0/1784028215 --> [v2:172.21.15.137:3300/0,v1:172.21.15.137:6789/0] -- mon_subscribe({mgrmap=0+}) v3 -- 0x7f16b019e330 con 0x7f16b0107a70
2024-03-26T13:49:45.494 INFO:teuthology.orchestra.run.smithi137.stdout:/usr/bin/ceph: stderr
2024-03-26T13:49:42.927+0000 7f16b4a00700 1 -- 172.21.15.137:0/1784028215 <== mon.0 v2:172.21.15.137:3300/0 3 ==== mon_map magic: 0 v1 ==== 205+0+0 (secure 0 0 0) 0x7f16a0024860 con 0x7f16b0107a70
2024-03-26T13:49:45.494 INFO:teuthology.orchestra.run.smithi137.stdout:/usr/bin/ceph: stderr
2024-03-26T13:49:42.928+0000 7f16b5e00700 1 -- 172.21.15.137:0/1784028215 --> [v2:172.21.15.137:3300/0,v1:172.21.15.137:6789/0] -- mon_subscribe({osdmap=0}) v3 -- 0x7f16b01a1020 con 0x7f16b0107a70
2024-03-26T13:49:45.494 INFO:teuthology.orchestra.run.smithi137.stdout:/usr/bin/ceph: stderr
2024-03-26T13:49:42.929+0000 7f16b4a00700 1 -- 172.21.15.137:0/1784028215 <== mon.0 v2:172.21.15.137:3300/0 4 ==== mgrmap(e 8) v1 ==== 46106+0+0 (secure 0 0 0) 0x7f16a0022020 con 0x7f16b0107a70
2024-03-26T13:49:45.494 INFO:teuthology.orchestra.run.smithi137.stdout:/usr/bin/ceph: stderr
2024-03-26T13:49:42.929+0000 7f16b5e00700 1 -- 172.21.15.137:0/1784028215 --> [v2:172.21.15.137:3300/0,v1:172.21.15.137:6789/0] -- mon_command({"prefix": "get_command_descriptions"} v 0) v1 -- 0x7f16b010c1a0 con 0x7f16b0107a70
2024-03-26T13:49:45.494 INFO:teuthology.orchestra.run.smithi137.stdout:/usr/bin/ceph: stderr
2024-03-26T13:49:42.929+0000 7f16b4a00700 1 --2- 172.21.15.137:0/1784028215 >> [v2:172.21.15.137:6800/1621047019,v1:172.21.15.137:6801/1621047019] conn(0x7f1694038f20 0x7f169403b3e0 unknown :-1 s=NONE pgs=0 cs=0 l=1 rev1=0 crypto rx=0 tx=0 comp rx=0 tx=0).connect
2024-03-26T13:49:45.495 INFO:teuthology.orchestra.run.smithi137.stdout:/usr/bin/ceph: stderr
2024-03-26T13:49:42.929+0000 7f16b4a00700 1 -- 172.21.15.137:0/1784028215 <== mon.0 v2:172.21.15.137:3300/0 5 ==== osd_map(2..2 src has 1..2) v4 ==== 940+0+0 (secure 0 0 0) 0x7f16a004d2a0 con 0x7f16b0107a70
2024-03-26T13:49:45.495 INFO:teuthology.orchestra.run.smithi137.stdout:/usr/bin/ceph: stderr
2024-03-26T13:49:42.929+0000 7f16a7e00700 1 --2- 172.21.15.137:0/1784028215 >> [v2:172.21.15.137:6800/1621047019,v1:172.21.15.137:6801/1621047019] conn(0x7f1694038f20 0x7f169403b3e0 unknown :-1 s=BANNER_CONNECTING pgs=0 cs=0 l=1 rev1=0 crypto rx=0 tx=0 comp rx=0 tx=0)._handle_peer_banner_payload supported=3 required=0
2024-03-26T13:49:45.495 INFO:teuthology.orchestra.run.smithi137.stdout:/usr/bin/ceph: stderr
2024-03-26T13:49:42.930+0000 7f16a7e00700 1 --2- 172.21.15.137:0/1784028215 >> [v2:172.21.15.137:6800/1621047019,v1:172.21.15.137:6801/1621047019] conn(0x7f1694038f20 0x7f169403b3e0 secure :-1 s=READY pgs=16 cs=0 l=1 rev1=1 crypto rx=0x7f1698006fd0 tx=0x7f1698006e40 comp rx=0 tx=0).ready entity=mgr.14120 client_cookie=0 server_cookie=0 in_seq=0 out_seq=0
2024-03-26T13:49:45.495 INFO:teuthology.orchestra.run.smithi137.stdout:/usr/bin/ceph: stderr
2024-03-26T13:49:42.934+0000 7f16b4a00700 1 -- 172.21.15.137:0/1784028215 <== mon.0 v2:172.21.15.137:3300/0 6 ==== mon_command_ack([{"prefix": "get_command_descriptions"}]=0 v0) v1 ==== 72+0+186149 (secure 0 0 0) 0x7f16a004cbf0 con 0x7f16b0107a70
2024-03-26T13:49:45.495 INFO:teuthology.orchestra.run.smithi137.stdout:/usr/bin/ceph: stderr
2024-03-26T13:49:43.220+0000 7f16b5e00700 1 -- 172.21.15.137:0/1784028215 --> [v2:172.21.15.137:3300/0,v1:172.21.15.137:6789/0] -- mon_command({"prefix": "mgr module enable", "module": "dashboard"} v 0) v1 -- 0x7f16b01a15d0 con 0x7f16b0107a70
2024-03-26T13:49:45.495 INFO:teuthology.orchestra.run.smithi137.stdout:/usr/bin/ceph: stderr
2024-03-26T13:49:43.980+0000 7f16b4a00700 1 -- 172.21.15.137:0/1784028215 <== mon.0 v2:172.21.15.137:3300/0 7 ==== mon_command_ack([{"prefix": "mgr module enable", "module": "dashboard"}]=0 v9) v1 ==== 88+0+0 (secure 0 0 0) 0x7f16a002d910 con 0x7f16b0107a70
2024-03-26T13:49:45.495 INFO:teuthology.orchestra.run.smithi137.stdout:/usr/bin/ceph: stderr
2024-03-26T13:49:43.982+0000 7f16b4a00700 1 -- 172.21.15.137:0/1784028215 <== mon.0 v2:172.21.15.137:3300/0 8 ==== mgrmap(e 9) v1 ==== 46119+0+0 (secure 0 0 0) 0x7f16a002d3f0 con 0x7f16b0107a70
2024-03-26T13:49:45.495 INFO:teuthology.orchestra.run.smithi137.stdout:/usr/bin/ceph: stderr
2024-03-26T13:49:43.985+0000 7f16b5e00700 1 -- 172.21.15.137:0/1784028215 >> [v2:172.21.15.137:6800/1621047019,v1:172.21.15.137:6801/1621047019] conn(0x7f1694038f20 msgr2=0x7f169403b3e0 secure :-1 s=STATE_CONNECTION_ESTABLISHED l=1).mark_down
2024-03-26T13:49:45.495 INFO:teuthology.orchestra.run.smithi137.stdout:/usr/bin/ceph: stderr
2024-03-26T13:49:43.985+0000 7f16b5e00700 1 --2- 172.21.15.137:0/1784028215 >> [v2:172.21.15.137:6800/1621047019,v1:172.21.15.137:6801/1621047019] conn(0x7f1694038f20 0x7f169403b3e0 secure :-1 s=READY pgs=16 cs=0 l=1 rev1=1 crypto rx=0x7f1698006fd0 tx=0x7f1698006e40 comp rx=0 tx=0).stop
2024-03-26T13:49:45.495 INFO:teuthology.orchestra.run.smithi137.stdout:/usr/bin/ceph: stderr
2024-03-26T13:49:43.985+0000 7f16b5e00700 1 -- 172.21.15.137:0/1784028215 >> [v2:172.21.15.137:3300/0,v1:172.21.15.137:6789/0] conn(0x7f16b0107a70 msgr2=0x7f16b019db60 secure :-1 s=STATE_CONNECTION_ESTABLISHED l=1).mark_down
2024-03-26T13:49:45.495 INFO:teuthology.orchestra.run.smithi137.stdout:/usr/bin/ceph: stderr
2024-03-26T13:49:43.985+0000 7f16b5e00700 1 --2- 172.21.15.137:0/1784028215 >> [v2:172.21.15.137:3300/0,v1:172.21.15.137:6789/0] conn(0x7f16b0107a70 0x7f16b019db60 secure :-1 s=READY pgs=56 cs=0 l=1 rev1=1 crypto rx=0x7f16a0011a20 tx=0x7f16a0011b00 comp rx=0 tx=0).stop
2024-03-26T13:49:45.496 INFO:teuthology.orchestra.run.smithi137.stdout:/usr/bin/ceph: stderr
2024-03-26T13:49:43.985+0000 7f16b5e00700 1 -- 172.21.15.137:0/1784028215 shutdown_connections
2024-03-26T13:49:45.496 INFO:teuthology.orchestra.run.smithi137.stdout:/usr/bin/ceph: stderr
2024-03-26T13:49:43.985+0000 7f16b5e00700 1 --2- 172.21.15.137:0/1784028215 >> [v2:172.21.15.137:6800/1621047019,v1:172.21.15.137:6801/1621047019] conn(0x7f1694038f20 0x7f169403b3e0 unknown :-1 s=CLOSED pgs=16 cs=0 l=1 rev1=1 crypto rx=0 tx=0 comp rx=0 tx=0).stop
2024-03-26T13:49:45.496 INFO:teuthology.orchestra.run.smithi137.stdout:/usr/bin/ceph: stderr
2024-03-26T13:49:43.985+0000 7f16b5e00700 1 --2- 172.21.15.137:0/1784028215 >> [v2:172.21.15.137:3300/0,v1:172.21.15.137:6789/0] conn(0x7f16b0107a70 0x7f16b019db60 secure :-1 s=CLOSED pgs=56 cs=0 l=1 rev1=1 crypto rx=0x7f16a0011a20 tx=0x7f16a0011b00 comp rx=0 tx=0).stop
2024-03-26T13:49:45.496 INFO:teuthology.orchestra.run.smithi137.stdout:/usr/bin/ceph: stderr
2024-03-26T13:49:43.985+0000 7f16b5e00700 1 -- 172.21.15.137:0/1784028215 >> 172.21.15.137:0/1784028215 conn(0x7f16b0103050 msgr2=0x7f16b0103a80 unknown :-1 s=STATE_NONE l=0).mark_down
2024-03-26T13:49:45.496 INFO:teuthology.orchestra.run.smithi137.stdout:/usr/bin/ceph: stderr
2024-03-26T13:49:43.986+0000 7f16b5e00700 1 -- 172.21.15.137:0/1784028215 shutdown_connections
2024-03-26T13:49:45.496 INFO:teuthology.orchestra.run.smithi137.stdout:/usr/bin/ceph: stderr
2024-03-26T13:49:43.986+0000 7f16b5e00700 1 -- 172.21.15.137:0/1784028215 wait complete.
2024-03-26T13:49:45.777 INFO:journalctl@ceph.mgr.x.smithi137.stdout:Mar 26 13:49:45 smithi137 ceph-66aee2a0-eb77-11ee-95d0-87774f69a715-mgr-x[31769]:
2024-03-26T13:49:45.699+0000 7f8c4395b200 -1 mgr[py] Module zabbix has missing NOTIFY_TYPES member
2024-03-26T13:49:46.056 INFO:journalctl@ceph.mgr.x.smithi137.stdout:Mar 26 13:49:45 smithi137 ceph-66aee2a0-eb77-11ee-95d0-87774f69a715-mgr-x[31769]:
2024-03-26T13:49:45.831+0000 7f8c4395b200 -1 mgr[py] Module balancer has missing NOTIFY_TYPES member
2024-03-26T13:49:46.056 INFO:journalctl@ceph.mgr.x.smithi137.stdout:Mar 26 13:49:46 smithi137 ceph-66aee2a0-eb77-11ee-95d0-87774f69a715-mgr-x[31769]:
2024-03-26T13:49:46.014+0000 7f8c4395b200 -1 mgr[py] Module influx has missing NOTIFY_TYPES member
2024-03-26T13:49:46.316 INFO:journalctl@ceph.mgr.x.smithi137.stdout:Mar 26 13:49:46 smithi137 ceph-66aee2a0-eb77-11ee-95d0-87774f69a715-mgr-x[31769]:
2024-03-26T13:49:46.145+0000 7f8c4395b200 -1 mgr[py] Module alerts has missing NOTIFY_TYPES member
2024-03-26T13:49:46.316 INFO:journalctl@ceph.mgr.x.smithi137.stdout:Mar 26 13:49:46 smithi137 ceph-66aee2a0-eb77-11ee-95d0-87774f69a715-mgr-x[31769]:
2024-03-26T13:49:46.254+0000 7f8c4395b200 -1 mgr[py] Module iostat has missing NOTIFY_TYPES member
2024-03-26T13:49:46.591 INFO:journalctl@ceph.mon.a.smithi137.stdout:Mar 26 13:49:46 smithi137 ceph-mon[31539]: from='client.? 172.21.15.137:0/4158375094' entity='client.admin' cmd=[{"prefix": "mgr stat"}]: dispatch
2024-03-26T13:49:46.846 INFO:journalctl@ceph.mgr.x.smithi137.stdout:Mar 26 13:49:46 smithi137 ceph-66aee2a0-eb77-11ee-95d0-87774f69a715-mgr-x[31769]:
2024-03-26T13:49:46.598+0000 7f8c4395b200 -1 mgr[py] Module rgw has missing NOTIFY_TYPES member
2024-03-26T13:49:46.846 INFO:journalctl@ceph.mgr.x.smithi137.stdout:Mar 26 13:49:46 smithi137 ceph-66aee2a0-eb77-11ee-95d0-87774f69a715-mgr-x[31769]:
2024-03-26T13:49:46.739+0000 7f8c4395b200 -1 mgr[py] Module rbd_support has missing NOTIFY_TYPES member
2024-03-26T13:49:47.126 INFO:journalctl@ceph.mgr.x.smithi137.stdout:Mar 26 13:49:46 smithi137 ceph-66aee2a0-eb77-11ee-95d0-87774f69a715-mgr-x[31769]:
2024-03-26T13:49:46.853+0000 7f8c4395b200 -1 mgr[py] Module progress has missing NOTIFY_TYPES member
2024-03-26T13:49:47.126 INFO:journalctl@ceph.mgr.x.smithi137.stdout:Mar 26 13:49:46 smithi137 ceph-66aee2a0-eb77-11ee-95d0-87774f69a715-mgr-x[31769]:
2024-03-26T13:49:46.975+0000 7f8c4395b200 -1 mgr[py] Module pg_autoscaler has missing NOTIFY_TYPES member
2024-03-26T13:49:47.136 INFO:teuthology.orchestra.run.smithi137.stdout:/usr/bin/ceph: stdout {
2024-03-26T13:49:47.142 INFO:teuthology.orchestra.run.smithi137.stdout:/usr/bin/ceph: stdout "epoch": 9,
2024-03-26T13:49:47.142 INFO:teuthology.orchestra.run.smithi137.stdout:/usr/bin/ceph: stdout "available": true,
2024-03-26T13:49:47.142 INFO:teuthology.orchestra.run.smithi137.stdout:/usr/bin/ceph: stdout "active_name": "x",
2024-03-26T13:49:47.142 INFO:teuthology.orchestra.run.smithi137.stdout:/usr/bin/ceph: stdout "num_standby": 0
2024-03-26T13:49:47.142 INFO:teuthology.orchestra.run.smithi137.stdout:/usr/bin/ceph: stdout }
2024-03-26T13:49:47.142 INFO:teuthology.orchestra.run.smithi137.stdout:/usr/bin/ceph: stderr
2024-03-26T13:49:46.115+0000 7ffb3da00700 1 Processor -- start
2024-03-26T13:49:47.142 INFO:teuthology.orchestra.run.smithi137.stdout:/usr/bin/ceph: stderr
2024-03-26T13:49:46.116+0000 7ffb3da00700 1 -- start start
2024-03-26T13:49:47.143 INFO:teuthology.orchestra.run.smithi137.stdout:/usr/bin/ceph: stderr
2024-03-26T13:49:46.116+0000 7ffb3da00700 1 --2- >> [v2:172.21.15.137:3300/0,v1:172.21.15.137:6789/0] conn(0x7ffb3807de90 0x7ffb3807c2f0 unknown :-1 s=NONE pgs=0 cs=0 l=0 rev1=0 crypto rx=0 tx=0 comp rx=0 tx=0).connect
2024-03-26T13:49:47.143 INFO:teuthology.orchestra.run.smithi137.stdout:/usr/bin/ceph: stderr
2024-03-26T13:49:46.116+0000 7ffb3da00700 1 -- --> [v2:172.21.15.137:3300/0,v1:172.21.15.137:6789/0] -- mon_getmap magic: 0 v1 -- 0x7ffb3807c8c0 con 0x7ffb3807de90
2024-03-26T13:49:47.143 INFO:teuthology.orchestra.run.smithi137.stdout:/usr/bin/ceph: stderr
2024-03-26T13:49:46.116+0000 7ffb36a00700 1 --2- >> [v2:172.21.15.137:3300/0,v1:172.21.15.137:6789/0] conn(0x7ffb3807de90 0x7ffb3807c2f0 unknown :-1 s=BANNER_CONNECTING pgs=0 cs=0 l=0 rev1=0 crypto rx=0 tx=0 comp rx=0 tx=0)._handle_peer_banner_payload supported=3 required=0
2024-03-26T13:49:47.143 INFO:teuthology.orchestra.run.smithi137.stdout:/usr/bin/ceph: stderr
2024-03-26T13:49:46.117+0000 7ffb36a00700 1 --2- >> [v2:172.21.15.137:3300/0,v1:172.21.15.137:6789/0] conn(0x7ffb3807de90 0x7ffb3807c2f0 unknown :-1 s=HELLO_CONNECTING pgs=0 cs=0 l=0 rev1=1 crypto rx=0 tx=0 comp rx=0 tx=0).handle_hello peer v2:172.21.15.137:3300/0 says I am v2:172.21.15.137:59800/0 (socket says 172.21.15.137:59800)
2024-03-26T13:49:47.143 INFO:teuthology.orchestra.run.smithi137.stdout:/usr/bin/ceph: stderr
2024-03-26T13:49:46.117+0000 7ffb36a00700 1 -- 172.21.15.137:0/3161538536 learned_addr learned my addr 172.21.15.137:0/3161538536 (peer_addr_for_me v2:172.21.15.137:0/0)
2024-03-26T13:49:47.143 INFO:teuthology.orchestra.run.smithi137.stdout:/usr/bin/ceph: stderr
2024-03-26T13:49:46.117+0000 7ffb36a00700 1 -- 172.21.15.137:0/3161538536 --> [v2:172.21.15.137:3300/0,v1:172.21.15.137:6789/0] -- mon_subscribe({config=0+,monmap=0+}) v3 -- 0x7ffb3807ca40 con 0x7ffb3807de90
2024-03-26T13:49:47.143 INFO:teuthology.orchestra.run.smithi137.stdout:/usr/bin/ceph: stderr
2024-03-26T13:49:46.117+0000 7ffb36a00700 1 --2- 172.21.15.137:0/3161538536 >> [v2:172.21.15.137:3300/0,v1:172.21.15.137:6789/0] conn(0x7ffb3807de90 0x7ffb3807c2f0 secure :-1 s=READY pgs=59 cs=0 l=1 rev1=1 crypto rx=0x7ffb280098a0 tx=0x7ffb28009bb0 comp rx=0 tx=0).ready entity=mon.0 client_cookie=e7fc170d0eae10da server_cookie=0 in_seq=0 out_seq=0
