2024-03-26T13:49:34.929 INFO:teuthology.orchestra.run.smithi137.stdout:/usr/bin/ceph: stderr
2024-03-26T13:49:27.773+0000 7f89b3a00700 1 -- start start
2024-03-26T13:49:34.929 INFO:teuthology.orchestra.run.smithi137.stdout:/usr/bin/ceph: stderr
2024-03-26T13:49:27.774+0000 7f89b3a00700 1 --2- >> [v2:172.21.15.137:3300/0,v1:172.21.15.137:6789/0] conn(0x7f89ac1084a0 0x7f89ac107d20 unknown :-1 s=NONE pgs=0 cs=0 l=1 rev1=0 crypto rx=0 tx=0 comp rx=0 tx=0).connect
2024-03-26T13:49:34.929 INFO:teuthology.orchestra.run.smithi137.stdout:/usr/bin/ceph: stderr
2024-03-26T13:49:27.774+0000 7f89b3a00700 1 -- --> [v2:172.21.15.137:3300/0,v1:172.21.15.137:6789/0] -- mon_getmap magic: 0 v1 -- 0x7f89ac10bd90 con 0x7f89ac1084a0
2024-03-26T13:49:34.929 INFO:teuthology.orchestra.run.smithi137.stdout:/usr/bin/ceph: stderr
2024-03-26T13:49:27.774+0000 7f89b1000700 1 --2- >> [v2:172.21.15.137:3300/0,v1:172.21.15.137:6789/0] conn(0x7f89ac1084a0 0x7f89ac107d20 unknown :-1 s=BANNER_CONNECTING pgs=0 cs=0 l=1 rev1=0 crypto rx=0 tx=0 comp rx=0 tx=0)._handle_peer_banner_payload supported=3 required=0
2024-03-26T13:49:34.929 INFO:teuthology.orchestra.run.smithi137.stdout:/usr/bin/ceph: stderr
2024-03-26T13:49:27.774+0000 7f89b1000700 1 --2- >> [v2:172.21.15.137:3300/0,v1:172.21.15.137:6789/0] conn(0x7f89ac1084a0 0x7f89ac107d20 unknown :-1 s=HELLO_CONNECTING pgs=0 cs=0 l=1 rev1=1 crypto rx=0 tx=0 comp rx=0 tx=0).handle_hello peer v2:172.21.15.137:3300/0 says I am v2:172.21.15.137:48138/0 (socket says 172.21.15.137:48138)
2024-03-26T13:49:34.929 INFO:teuthology.orchestra.run.smithi137.stdout:/usr/bin/ceph: stderr
2024-03-26T13:49:27.774+0000 7f89b1000700 1 -- 172.21.15.137:0/2866302143 learned_addr learned my addr 172.21.15.137:0/2866302143 (peer_addr_for_me v2:172.21.15.137:0/0)
2024-03-26T13:49:34.929 INFO:teuthology.orchestra.run.smithi137.stdout:/usr/bin/ceph: stderr
2024-03-26T13:49:27.774+0000 7f89b1000700 1 -- 172.21.15.137:0/2866302143 --> [v2:172.21.15.137:3300/0,v1:172.21.15.137:6789/0] -- mon_subscribe({config=0+,monmap=0+}) v3 -- 0x7f89ac108260 con 0x7f89ac1084a0
2024-03-26T13:49:34.929 INFO:teuthology.orchestra.run.smithi137.stdout:/usr/bin/ceph: stderr
2024-03-26T13:49:27.775+0000 7f89b1000700 1 --2- 172.21.15.137:0/2866302143 >> [v2:172.21.15.137:3300/0,v1:172.21.15.137:6789/0] conn(0x7f89ac1084a0 0x7f89ac107d20 secure :-1 s=READY pgs=46 cs=0 l=1 rev1=1 crypto rx=0x7f89a0011a50 tx=0x7f89a0004290 comp rx=0 tx=0).ready entity=mon.0 client_cookie=0 server_cookie=0 in_seq=0 out_seq=0
2024-03-26T13:49:34.929 INFO:teuthology.orchestra.run.smithi137.stdout:/usr/bin/ceph: stderr
2024-03-26T13:49:27.775+0000 7f89a9600700 1 -- 172.21.15.137:0/2866302143 <== mon.0 v2:172.21.15.137:3300/0 1 ==== mon_map magic: 0 v1 ==== 205+0+0 (secure 0 0 0) 0x7f89a00039f0 con 0x7f89ac1084a0
2024-03-26T13:49:34.929 INFO:teuthology.orchestra.run.smithi137.stdout:/usr/bin/ceph: stderr
2024-03-26T13:49:27.775+0000 7f89a9600700 1 -- 172.21.15.137:0/2866302143 <== mon.0 v2:172.21.15.137:3300/0 2 ==== config(26 keys) v1 ==== 1071+0+0 (secure 0 0 0) 0x7f89a0003b90 con 0x7f89ac1084a0
2024-03-26T13:49:34.930 INFO:teuthology.orchestra.run.smithi137.stdout:/usr/bin/ceph: stderr
2024-03-26T13:49:27.775+0000 7f89a9600700 1 -- 172.21.15.137:0/2866302143 <== mon.0 v2:172.21.15.137:3300/0 3 ==== mon_map magic: 0 v1 ==== 205+0+0 (secure 0 0 0) 0x7f89a001a600 con 0x7f89ac1084a0
2024-03-26T13:49:34.930 INFO:teuthology.orchestra.run.smithi137.stdout:/usr/bin/ceph: stderr
2024-03-26T13:49:27.775+0000 7f89b3a00700 1 -- 172.21.15.137:0/2866302143 --> [v2:172.21.15.137:3300/0,v1:172.21.15.137:6789/0] -- mon_subscribe({mgrmap=0+}) v3 -- 0x7f89ac106450 con 0x7f89ac1084a0
2024-03-26T13:49:34.930 INFO:teuthology.orchestra.run.smithi137.stdout:/usr/bin/ceph: stderr
2024-03-26T13:49:27.775+0000 7f89b3a00700 1 -- 172.21.15.137:0/2866302143 --> [v2:172.21.15.137:3300/0,v1:172.21.15.137:6789/0] -- mon_subscribe({osdmap=0}) v3 -- 0x7f89ac106990 con 0x7f89ac1084a0
2024-03-26T13:49:34.930 INFO:teuthology.orchestra.run.smithi137.stdout:/usr/bin/ceph: stderr
2024-03-26T13:49:27.776+0000 7f89a9600700 1 -- 172.21.15.137:0/2866302143 <== mon.0 v2:172.21.15.137:3300/0 4 ==== mgrmap(e 8) v1 ==== 46106+0+0 (secure 0 0 0) 0x7f89a0024a40 con 0x7f89ac1084a0
2024-03-26T13:49:34.930 INFO:teuthology.orchestra.run.smithi137.stdout:/usr/bin/ceph: stderr
2024-03-26T13:49:27.776+0000 7f89b3a00700 1 -- 172.21.15.137:0/2866302143 --> [v2:172.21.15.137:3300/0,v1:172.21.15.137:6789/0] -- mon_command({"prefix": "get_command_descriptions"} v 0) v1 -- 0x7f89ac0637c0 con 0x7f89ac1084a0
2024-03-26T13:49:34.930 INFO:teuthology.orchestra.run.smithi137.stdout:/usr/bin/ceph: stderr
2024-03-26T13:49:27.777+0000 7f89a9600700 1 --2- 172.21.15.137:0/2866302143 >> [v2:172.21.15.137:6800/1621047019,v1:172.21.15.137:6801/1621047019] conn(0x7f8994038f70 0x7f899403b430 unknown :-1 s=NONE pgs=0 cs=0 l=1 rev1=0 crypto rx=0 tx=0 comp rx=0 tx=0).connect
2024-03-26T13:49:34.930 INFO:teuthology.orchestra.run.smithi137.stdout:/usr/bin/ceph: stderr
2024-03-26T13:49:27.777+0000 7f89a9600700 1 -- 172.21.15.137:0/2866302143 <== mon.0 v2:172.21.15.137:3300/0 5 ==== osd_map(2..2 src has 1..2) v4 ==== 940+0+0 (secure 0 0 0) 0x7f89a004d2d0 con 0x7f89ac1084a0
2024-03-26T13:49:34.930 INFO:teuthology.orchestra.run.smithi137.stdout:/usr/bin/ceph: stderr
2024-03-26T13:49:27.777+0000 7f89abe00700 1 --2- 172.21.15.137:0/2866302143 >> [v2:172.21.15.137:6800/1621047019,v1:172.21.15.137:6801/1621047019] conn(0x7f8994038f70 0x7f899403b430 unknown :-1 s=BANNER_CONNECTING pgs=0 cs=0 l=1 rev1=0 crypto rx=0 tx=0 comp rx=0 tx=0)._handle_peer_banner_payload supported=3 required=0
2024-03-26T13:49:34.930 INFO:teuthology.orchestra.run.smithi137.stdout:/usr/bin/ceph: stderr
2024-03-26T13:49:27.778+0000 7f89abe00700 1 --2- 172.21.15.137:0/2866302143 >> [v2:172.21.15.137:6800/1621047019,v1:172.21.15.137:6801/1621047019] conn(0x7f8994038f70 0x7f899403b430 secure :-1 s=READY pgs=11 cs=0 l=1 rev1=1 crypto rx=0x7f8998006fd0 tx=0x7f8998006e40 comp rx=0 tx=0).ready entity=mgr.14120 client_cookie=0 server_cookie=0 in_seq=0 out_seq=0
2024-03-26T13:49:34.930 INFO:teuthology.orchestra.run.smithi137.stdout:/usr/bin/ceph: stderr
2024-03-26T13:49:27.782+0000 7f89a9600700 1 -- 172.21.15.137:0/2866302143 <== mon.0 v2:172.21.15.137:3300/0 6 ==== mon_command_ack([{"prefix": "get_command_descriptions"}]=0 v0) v1 ==== 72+0+186149 (secure 0 0 0) 0x7f89a002d770 con 0x7f89ac1084a0
2024-03-26T13:49:34.930 INFO:teuthology.orchestra.run.smithi137.stdout:/usr/bin/ceph: stderr
2024-03-26T13:49:28.007+0000 7f89b3a00700 1 -- 172.21.15.137:0/2866302143 --> [v2:172.21.15.137:6800/1621047019,v1:172.21.15.137:6801/1621047019] -- mgr_command(tid 0: {"prefix": "orch host add", "hostname": "smithi137", "addr": "172.21.15.137", "target": ["mon-mgr", ""]}) v1 -- 0x7f89ac103160 con 0x7f8994038f70
2024-03-26T13:49:34.930 INFO:teuthology.orchestra.run.smithi137.stdout:/usr/bin/ceph: stderr
2024-03-26T13:49:34.212+0000 7f89a9600700 1 -- 172.21.15.137:0/2866302143 <== mgr.14120 v2:172.21.15.137:6800/1621047019 1 ==== mgr_command_reply(tid 0: 0 ) v1 ==== 8+0+49 (secure 0 0 0) 0x7f89ac103160 con 0x7f8994038f70
2024-03-26T13:49:34.930 INFO:teuthology.orchestra.run.smithi137.stdout:/usr/bin/ceph: stderr
2024-03-26T13:49:34.216+0000 7f89b3a00700 1 -- 172.21.15.137:0/2866302143 >> [v2:172.21.15.137:6800/1621047019,v1:172.21.15.137:6801/1621047019] conn(0x7f8994038f70 msgr2=0x7f899403b430 secure :-1 s=STATE_CONNECTION_ESTABLISHED l=1).mark_down
2024-03-26T13:49:34.930 INFO:teuthology.orchestra.run.smithi137.stdout:/usr/bin/ceph: stderr
2024-03-26T13:49:34.216+0000 7f89b3a00700 1 --2- 172.21.15.137:0/2866302143 >> [v2:172.21.15.137:6800/1621047019,v1:172.21.15.137:6801/1621047019] conn(0x7f8994038f70 0x7f899403b430 secure :-1 s=READY pgs=11 cs=0 l=1 rev1=1 crypto rx=0x7f8998006fd0 tx=0x7f8998006e40 comp rx=0 tx=0).stop
2024-03-26T13:49:34.931 INFO:teuthology.orchestra.run.smithi137.stdout:/usr/bin/ceph: stderr
2024-03-26T13:49:34.216+0000 7f89b3a00700 1 -- 172.21.15.137:0/2866302143 >> [v2:172.21.15.137:3300/0,v1:172.21.15.137:6789/0] conn(0x7f89ac1084a0 msgr2=0x7f89ac107d20 secure :-1 s=STATE_CONNECTION_ESTABLISHED l=1).mark_down
2024-03-26T13:49:34.931 INFO:teuthology.orchestra.run.smithi137.stdout:/usr/bin/ceph: stderr
2024-03-26T13:49:34.216+0000 7f89b3a00700 1 --2- 172.21.15.137:0/2866302143 >> [v2:172.21.15.137:3300/0,v1:172.21.15.137:6789/0] conn(0x7f89ac1084a0 0x7f89ac107d20 secure :-1 s=READY pgs=46 cs=0 l=1 rev1=1 crypto rx=0x7f89a0011a50 tx=0x7f89a0004290 comp rx=0 tx=0).stop
2024-03-26T13:49:34.931 INFO:teuthology.orchestra.run.smithi137.stdout:/usr/bin/ceph: stderr
2024-03-26T13:49:34.216+0000 7f89b3a00700 1 -- 172.21.15.137:0/2866302143 shutdown_connections
2024-03-26T13:49:34.931 INFO:teuthology.orchestra.run.smithi137.stdout:/usr/bin/ceph: stderr
2024-03-26T13:49:34.216+0000 7f89b3a00700 1 --2- 172.21.15.137:0/2866302143 >> [v2:172.21.15.137:6800/1621047019,v1:172.21.15.137:6801/1621047019] conn(0x7f8994038f70 0x7f899403b430 unknown :-1 s=CLOSED pgs=11 cs=0 l=1 rev1=1 crypto rx=0 tx=0 comp rx=0 tx=0).stop
2024-03-26T13:49:34.931 INFO:teuthology.orchestra.run.smithi137.stdout:/usr/bin/ceph: stderr
2024-03-26T13:49:34.216+0000 7f89b3a00700 1 --2- 172.21.15.137:0/2866302143 >> [v2:172.21.15.137:3300/0,v1:172.21.15.137:6789/0] conn(0x7f89ac1084a0 0x7f89ac107d20 unknown :-1 s=CLOSED pgs=46 cs=0 l=1 rev1=1 crypto rx=0 tx=0 comp rx=0 tx=0).stop
2024-03-26T13:49:34.931 INFO:teuthology.orchestra.run.smithi137.stdout:/usr/bin/ceph: stderr
2024-03-26T13:49:34.216+0000 7f89b3a00700 1 -- 172.21.15.137:0/2866302143 >> 172.21.15.137:0/2866302143 conn(0x7f89ac101ef0 msgr2=0x7f89ac102a50 unknown :-1 s=STATE_NONE l=0).mark_down
2024-03-26T13:49:34.931 INFO:teuthology.orchestra.run.smithi137.stdout:/usr/bin/ceph: stderr
2024-03-26T13:49:34.216+0000 7f89b3a00700 1 -- 172.21.15.137:0/2866302143 shutdown_connections
2024-03-26T13:49:34.931 INFO:teuthology.orchestra.run.smithi137.stdout:/usr/bin/ceph: stderr
2024-03-26T13:49:34.216+0000 7f89b3a00700 1 -- 172.21.15.137:0/2866302143 wait complete.
2024-03-26T13:49:34.931 INFO:teuthology.orchestra.run.smithi137.stdout:Deploying unmanaged mon service...
2024-03-26T13:49:35.527 INFO:journalctl@ceph.mon.a.smithi137.stdout:Mar 26 13:49:35 smithi137 ceph-mon[31539]: from='mgr.14120 172.21.15.137:0/840809782' entity='mgr.x'
2024-03-26T13:49:35.527 INFO:journalctl@ceph.mon.a.smithi137.stdout:Mar 26 13:49:35 smithi137 ceph-mon[31539]: Added host smithi137
2024-03-26T13:49:35.527 INFO:journalctl@ceph.mon.a.smithi137.stdout:Mar 26 13:49:35 smithi137 ceph-mon[31539]: from='mgr.14120 172.21.15.137:0/840809782' entity='mgr.x' cmd=[{"prefix": "config dump", "format": "json"}]: dispatch
2024-03-26T13:49:36.990 INFO:teuthology.orchestra.run.smithi137.stdout:/usr/bin/ceph: stdout Scheduled mon update...
2024-03-26T13:49:36.990 INFO:teuthology.orchestra.run.smithi137.stdout:/usr/bin/ceph: stderr
2024-03-26T13:49:35.569+0000 7fb2db600700 1 Processor -- start
2024-03-26T13:49:36.990 INFO:teuthology.orchestra.run.smithi137.stdout:/usr/bin/ceph: stderr
2024-03-26T13:49:35.569+0000 7fb2db600700 1 -- start start
2024-03-26T13:49:36.990 INFO:teuthology.orchestra.run.smithi137.stdout:/usr/bin/ceph: stderr
2024-03-26T13:49:35.570+0000 7fb2db600700 1 --2- >> [v2:172.21.15.137:3300/0,v1:172.21.15.137:6789/0] conn(0x7fb2d407de70 0x7fb2d407c2d0 unknown :-1 s=NONE pgs=0 cs=0 l=0 rev1=0 crypto rx=0 tx=0 comp rx=0 tx=0).connect
2024-03-26T13:49:36.990 INFO:teuthology.orchestra.run.smithi137.stdout:/usr/bin/ceph: stderr
2024-03-26T13:49:35.570+0000 7fb2db600700 1 -- --> [v2:172.21.15.137:3300/0,v1:172.21.15.137:6789/0] -- mon_getmap magic: 0 v1 -- 0x7fb2d407c8a0 con 0x7fb2d407de70
2024-03-26T13:49:36.990 INFO:teuthology.orchestra.run.smithi137.stdout:/usr/bin/ceph: stderr
2024-03-26T13:49:35.570+0000 7fb2d8c00700 1 --2- >> [v2:172.21.15.137:3300/0,v1:172.21.15.137:6789/0] conn(0x7fb2d407de70 0x7fb2d407c2d0 unknown :-1 s=BANNER_CONNECTING pgs=0 cs=0 l=0 rev1=0 crypto rx=0 tx=0 comp rx=0 tx=0)._handle_peer_banner_payload supported=3 required=0
2024-03-26T13:49:36.991 INFO:teuthology.orchestra.run.smithi137.stdout:/usr/bin/ceph: stderr
2024-03-26T13:49:35.570+0000 7fb2d8c00700 1 --2- >> [v2:172.21.15.137:3300/0,v1:172.21.15.137:6789/0] conn(0x7fb2d407de70 0x7fb2d407c2d0 unknown :-1 s=HELLO_CONNECTING pgs=0 cs=0 l=0 rev1=1 crypto rx=0 tx=0 comp rx=0 tx=0).handle_hello peer v2:172.21.15.137:3300/0 says I am v2:172.21.15.137:45392/0 (socket says 172.21.15.137:45392)
2024-03-26T13:49:36.991 INFO:teuthology.orchestra.run.smithi137.stdout:/usr/bin/ceph: stderr
2024-03-26T13:49:35.570+0000 7fb2d8c00700 1 -- 172.21.15.137:0/1253259402 learned_addr learned my addr 172.21.15.137:0/1253259402 (peer_addr_for_me v2:172.21.15.137:0/0)
2024-03-26T13:49:36.991 INFO:teuthology.orchestra.run.smithi137.stdout:/usr/bin/ceph: stderr
2024-03-26T13:49:35.571+0000 7fb2d8c00700 1 -- 172.21.15.137:0/1253259402 --> [v2:172.21.15.137:3300/0,v1:172.21.15.137:6789/0] -- mon_subscribe({config=0+,monmap=0+}) v3 -- 0x7fb2d407ca20 con 0x7fb2d407de70
2024-03-26T13:49:36.991 INFO:teuthology.orchestra.run.smithi137.stdout:/usr/bin/ceph: stderr
2024-03-26T13:49:35.571+0000 7fb2d8c00700 1 --2- 172.21.15.137:0/1253259402 >> [v2:172.21.15.137:3300/0,v1:172.21.15.137:6789/0] conn(0x7fb2d407de70 0x7fb2d407c2d0 secure :-1 s=READY pgs=47 cs=0 l=1 rev1=1 crypto rx=0x7fb2c80098a0 tx=0x7fb2c8009bb0 comp rx=0 tx=0).ready entity=mon.0 client_cookie=80d91a91575c309f server_cookie=0 in_seq=0 out_seq=0
2024-03-26T13:49:36.991 INFO:teuthology.orchestra.run.smithi137.stdout:/usr/bin/ceph: stderr
2024-03-26T13:49:35.571+0000 7fb2d3400700 1 -- 172.21.15.137:0/1253259402 <== mon.0 v2:172.21.15.137:3300/0 1 ==== mon_map magic: 0 v1 ==== 205+0+0 (secure 0 0 0) 0x7fb2c8004160 con 0x7fb2d407de70
2024-03-26T13:49:36.991 INFO:teuthology.orchestra.run.smithi137.stdout:/usr/bin/ceph: stderr
2024-03-26T13:49:35.571+0000 7fb2d3400700 1 -- 172.21.15.137:0/1253259402 <== mon.0 v2:172.21.15.137:3300/0 2 ==== config(26 keys) v1 ==== 1071+0+0 (secure 0 0 0) 0x7fb2c8004300 con 0x7fb2d407de70
2024-03-26T13:49:36.991 INFO:teuthology.orchestra.run.smithi137.stdout:/usr/bin/ceph: stderr
2024-03-26T13:49:35.571+0000 7fb2d3400700 1 -- 172.21.15.137:0/1253259402 <== mon.0 v2:172.21.15.137:3300/0 3 ==== mon_map magic: 0 v1 ==== 205+0+0 (secure 0 0 0) 0x7fb2c8011a80 con 0x7fb2d407de70
2024-03-26T13:49:36.991 INFO:teuthology.orchestra.run.smithi137.stdout:/usr/bin/ceph: stderr
2024-03-26T13:49:35.572+0000 7fb2db600700 1 -- 172.21.15.137:0/1253259402 >> [v2:172.21.15.137:3300/0,v1:172.21.15.137:6789/0] conn(0x7fb2d407de70 msgr2=0x7fb2d407c2d0 secure :-1 s=STATE_CONNECTION_ESTABLISHED l=1).mark_down
2024-03-26T13:49:36.991 INFO:teuthology.orchestra.run.smithi137.stdout:/usr/bin/ceph: stderr
2024-03-26T13:49:35.572+0000 7fb2db600700 1 --2- 172.21.15.137:0/1253259402 >> [v2:172.21.15.137:3300/0,v1:172.21.15.137:6789/0] conn(0x7fb2d407de70 0x7fb2d407c2d0 secure :-1 s=READY pgs=47 cs=0 l=1 rev1=1 crypto rx=0x7fb2c80098a0 tx=0x7fb2c8009bb0 comp rx=0 tx=0).stop
2024-03-26T13:49:36.991 INFO:teuthology.orchestra.run.smithi137.stdout:/usr/bin/ceph: stderr
2024-03-26T13:49:35.572+0000 7fb2db600700 1 -- 172.21.15.137:0/1253259402 shutdown_connections
2024-03-26T13:49:36.991 INFO:teuthology.orchestra.run.smithi137.stdout:/usr/bin/ceph: stderr
2024-03-26T13:49:35.572+0000 7fb2db600700 1 --2- 172.21.15.137:0/1253259402 >> [v2:172.21.15.137:3300/0,v1:172.21.15.137:6789/0] conn(0x7fb2d407de70 0x7fb2d407c2d0 unknown :-1 s=CLOSED pgs=47 cs=0 l=1 rev1=1 crypto rx=0 tx=0 comp rx=0 tx=0).stop
2024-03-26T13:49:36.991 INFO:teuthology.orchestra.run.smithi137.stdout:/usr/bin/ceph: stderr
2024-03-26T13:49:35.572+0000 7fb2db600700 1 -- 172.21.15.137:0/1253259402 >> 172.21.15.137:0/1253259402 conn(0x7fb2d4102ff0 msgr2=0x7fb2d4105410 unknown :-1 s=STATE_NONE l=0).mark_down
2024-03-26T13:49:36.991 INFO:teuthology.orchestra.run.smithi137.stdout:/usr/bin/ceph: stderr
2024-03-26T13:49:35.572+0000 7fb2db600700 1 -- 172.21.15.137:0/1253259402 shutdown_connections
2024-03-26T13:49:36.992 INFO:teuthology.orchestra.run.smithi137.stdout:/usr/bin/ceph: stderr
2024-03-26T13:49:35.572+0000 7fb2db600700 1 -- 172.21.15.137:0/1253259402 wait complete.
2024-03-26T13:49:36.992 INFO:teuthology.orchestra.run.smithi137.stdout:/usr/bin/ceph: stderr
2024-03-26T13:49:35.574+0000 7fb2db600700 1 Processor -- start
2024-03-26T13:49:36.992 INFO:teuthology.orchestra.run.smithi137.stdout:/usr/bin/ceph: stderr
2024-03-26T13:49:35.574+0000 7fb2db600700 1 -- start start
2024-03-26T13:49:36.992 INFO:teuthology.orchestra.run.smithi137.stdout:/usr/bin/ceph: stderr
2024-03-26T13:49:35.574+0000 7fb2db600700 1 --2- >> [v2:172.21.15.137:3300/0,v1:172.21.15.137:6789/0] conn(0x7fb2d407de70 0x7fb2d419db50 unknown :-1 s=NONE pgs=0 cs=0 l=1 rev1=0 crypto rx=0 tx=0 comp rx=0 tx=0).connect
2024-03-26T13:49:36.992 INFO:teuthology.orchestra.run.smithi137.stdout:/usr/bin/ceph: stderr
2024-03-26T13:49:35.574+0000 7fb2db600700 1 -- --> [v2:172.21.15.137:3300/0,v1:172.21.15.137:6789/0] -- mon_getmap magic: 0 v1 -- 0x7fb2d410df80 con 0x7fb2d407de70
2024-03-26T13:49:36.992 INFO:teuthology.orchestra.run.smithi137.stdout:/usr/bin/ceph: stderr
2024-03-26T13:49:35.574+0000 7fb2d8c00700 1 --2- >> [v2:172.21.15.137:3300/0,v1:172.21.15.137:6789/0] conn(0x7fb2d407de70 0x7fb2d419db50 unknown :-1 s=BANNER_CONNECTING pgs=0 cs=0 l=1 rev1=0 crypto rx=0 tx=0 comp rx=0 tx=0)._handle_peer_banner_payload supported=3 required=0
2024-03-26T13:49:36.992 INFO:teuthology.orchestra.run.smithi137.stdout:/usr/bin/ceph: stderr
2024-03-26T13:49:35.574+0000 7fb2d8c00700 1 --2- >> [v2:172.21.15.137:3300/0,v1:172.21.15.137:6789/0] conn(0x7fb2d407de70 0x7fb2d419db50 unknown :-1 s=HELLO_CONNECTING pgs=0 cs=0 l=1 rev1=1 crypto rx=0 tx=0 comp rx=0 tx=0).handle_hello peer v2:172.21.15.137:3300/0 says I am v2:172.21.15.137:45396/0 (socket says 172.21.15.137:45396)
2024-03-26T13:49:36.992 INFO:teuthology.orchestra.run.smithi137.stdout:/usr/bin/ceph: stderr
2024-03-26T13:49:35.574+0000 7fb2d8c00700 1 -- 172.21.15.137:0/3192361893 learned_addr learned my addr 172.21.15.137:0/3192361893 (peer_addr_for_me v2:172.21.15.137:0/0)
2024-03-26T13:49:36.992 INFO:teuthology.orchestra.run.smithi137.stdout:/usr/bin/ceph: stderr
2024-03-26T13:49:35.575+0000 7fb2d8c00700 1 -- 172.21.15.137:0/3192361893 --> [v2:172.21.15.137:3300/0,v1:172.21.15.137:6789/0] -- mon_subscribe({config=0+,monmap=0+}) v3 -- 0x7fb2d419e090 con 0x7fb2d407de70
2024-03-26T13:49:36.992 INFO:teuthology.orchestra.run.smithi137.stdout:/usr/bin/ceph: stderr
2024-03-26T13:49:35.575+0000 7fb2d8c00700 1 --2- 172.21.15.137:0/3192361893 >> [v2:172.21.15.137:3300/0,v1:172.21.15.137:6789/0] conn(0x7fb2d407de70 0x7fb2d419db50 secure :-1 s=READY pgs=48 cs=0 l=1 rev1=1 crypto rx=0x7fb2c8011a50 tx=0x7fb2c8004290 comp rx=0 tx=0).ready entity=mon.0 client_cookie=0 server_cookie=0 in_seq=0 out_seq=0
2024-03-26T13:49:36.992 INFO:teuthology.orchestra.run.smithi137.stdout:/usr/bin/ceph: stderr
2024-03-26T13:49:35.575+0000 7fb2d1600700 1 -- 172.21.15.137:0/3192361893 <== mon.0 v2:172.21.15.137:3300/0 1 ==== mon_map magic: 0 v1 ==== 205+0+0 (secure 0 0 0) 0x7fb2c80039f0 con 0x7fb2d407de70
2024-03-26T13:49:36.992 INFO:teuthology.orchestra.run.smithi137.stdout:/usr/bin/ceph: stderr
2024-03-26T13:49:35.575+0000 7fb2d1600700 1 -- 172.21.15.137:0/3192361893 <== mon.0 v2:172.21.15.137:3300/0 2 ==== config(26 keys) v1 ==== 1071+0+0 (secure 0 0 0) 0x7fb2c8003b90 con 0x7fb2d407de70
2024-03-26T13:49:36.992 INFO:teuthology.orchestra.run.smithi137.stdout:/usr/bin/ceph: stderr
2024-03-26T13:49:35.575+0000 7fb2db600700 1 -- 172.21.15.137:0/3192361893 --> [v2:172.21.15.137:3300/0,v1:172.21.15.137:6789/0] -- mon_subscribe({mgrmap=0+}) v3 -- 0x7fb2d419e320 con 0x7fb2d407de70
2024-03-26T13:49:36.992 INFO:teuthology.orchestra.run.smithi137.stdout:/usr/bin/ceph: stderr
2024-03-26T13:49:35.575+0000 7fb2d1600700 1 -- 172.21.15.137:0/3192361893 <== mon.0 v2:172.21.15.137:3300/0 3 ==== mon_map magic: 0 v1 ==== 205+0+0 (secure 0 0 0) 0x7fb2c801a600 con 0x7fb2d407de70
2024-03-26T13:49:36.993 INFO:teuthology.orchestra.run.smithi137.stdout:/usr/bin/ceph: stderr
2024-03-26T13:49:35.575+0000 7fb2db600700 1 -- 172.21.15.137:0/3192361893 --> [v2:172.21.15.137:3300/0,v1:172.21.15.137:6789/0] -- mon_subscribe({osdmap=0}) v3 -- 0x7fb2d41a1010 con 0x7fb2d407de70
2024-03-26T13:49:36.993 INFO:teuthology.orchestra.run.smithi137.stdout:/usr/bin/ceph: stderr
2024-03-26T13:49:35.577+0000 7fb2d1600700 1 -- 172.21.15.137:0/3192361893 <== mon.0 v2:172.21.15.137:3300/0 4 ==== mgrmap(e 8) v1 ==== 46106+0+0 (secure 0 0 0) 0x7fb2c8024440 con 0x7fb2d407de70
2024-03-26T13:49:36.993 INFO:teuthology.orchestra.run.smithi137.stdout:/usr/bin/ceph: stderr
2024-03-26T13:49:35.577+0000 7fb2db600700 1 -- 172.21.15.137:0/3192361893 --> [v2:172.21.15.137:3300/0,v1:172.21.15.137:6789/0] -- mon_command({"prefix": "get_command_descriptions"} v 0) v1 -- 0x7fb2d40637c0 con 0x7fb2d407de70
2024-03-26T13:49:36.993 INFO:teuthology.orchestra.run.smithi137.stdout:/usr/bin/ceph: stderr
2024-03-26T13:49:35.577+0000 7fb2d1600700 1 --2- 172.21.15.137:0/3192361893 >> [v2:172.21.15.137:6800/1621047019,v1:172.21.15.137:6801/1621047019] conn(0x7fb2bc038f20 0x7fb2bc03b3e0 unknown :-1 s=NONE pgs=0 cs=0 l=1 rev1=0 crypto rx=0 tx=0 comp rx=0 tx=0).connect
2024-03-26T13:49:36.993 INFO:teuthology.orchestra.run.smithi137.stdout:/usr/bin/ceph: stderr
2024-03-26T13:49:35.577+0000 7fb2d1600700 1 -- 172.21.15.137:0/3192361893 <== mon.0 v2:172.21.15.137:3300/0 5 ==== osd_map(2..2 src has 1..2) v4 ==== 940+0+0 (secure 0 0 0) 0x7fb2c804d390 con 0x7fb2d407de70
2024-03-26T13:49:36.993 INFO:teuthology.orchestra.run.smithi137.stdout:/usr/bin/ceph: stderr
2024-03-26T13:49:35.577+0000 7fb2d3e00700 1 --2- 172.21.15.137:0/3192361893 >> [v2:172.21.15.137:6800/1621047019,v1:172.21.15.137:6801/1621047019] conn(0x7fb2bc038f20 0x7fb2bc03b3e0 unknown :-1 s=BANNER_CONNECTING pgs=0 cs=0 l=1 rev1=0 crypto rx=0 tx=0 comp rx=0 tx=0)._handle_peer_banner_payload supported=3 required=0
2024-03-26T13:49:36.993 INFO:teuthology.orchestra.run.smithi137.stdout:/usr/bin/ceph: stderr
2024-03-26T13:49:35.578+0000 7fb2d3e00700 1 --2- 172.21.15.137:0/3192361893 >> [v2:172.21.15.137:6800/1621047019,v1:172.21.15.137:6801/1621047019] conn(0x7fb2bc038f20 0x7fb2bc03b3e0 secure :-1 s=READY pgs=12 cs=0 l=1 rev1=1 crypto rx=0x7fb2c0006fd0 tx=0x7fb2c0006e40 comp rx=0 tx=0).ready entity=mgr.14120 client_cookie=0 server_cookie=0 in_seq=0 out_seq=0
2024-03-26T13:49:36.993 INFO:teuthology.orchestra.run.smithi137.stdout:/usr/bin/ceph: stderr
2024-03-26T13:49:35.583+0000 7fb2d1600700 1 -- 172.21.15.137:0/3192361893 <== mon.0 v2:172.21.15.137:3300/0 6 ==== mon_command_ack([{"prefix": "get_command_descriptions"}]=0 v0) v1 ==== 72+0+186149 (secure 0 0 0) 0x7fb2c804cce0 con 0x7fb2d407de70
2024-03-26T13:49:36.993 INFO:teuthology.orchestra.run.smithi137.stdout:/usr/bin/ceph: stderr
2024-03-26T13:49:35.832+0000 7fb2db600700 1 -- 172.21.15.137:0/3192361893 --> [v2:172.21.15.137:6800/1621047019,v1:172.21.15.137:6801/1621047019] -- mgr_command(tid 0: {"prefix": "orch apply", "service_type": "mon", "unmanaged": true, "target": ["mon-mgr", ""]}) v1 -- 0x7fb2d41042b0 con 0x7fb2bc038f20
2024-03-26T13:49:36.993 INFO:teuthology.orchestra.run.smithi137.stdout:/usr/bin/ceph: stderr
2024-03-26T13:49:35.839+0000 7fb2d1600700 1 -- 172.21.15.137:0/3192361893 <== mgr.14120 v2:172.21.15.137:6800/1621047019 1 ==== mgr_command_reply(tid 0: 0 ) v1 ==== 8+0+24 (secure 0 0 0) 0x7fb2d41042b0 con 0x7fb2bc038f20
2024-03-26T13:49:36.993 INFO:teuthology.orchestra.run.smithi137.stdout:/usr/bin/ceph: stderr
2024-03-26T13:49:35.842+0000 7fb2db600700 1 -- 172.21.15.137:0/3192361893 >> [v2:172.21.15.137:6800/1621047019,v1:172.21.15.137:6801/1621047019] conn(0x7fb2bc038f20 msgr2=0x7fb2bc03b3e0 secure :-1 s=STATE_CONNECTION_ESTABLISHED l=1).mark_down
2024-03-26T13:49:36.993 INFO:teuthology.orchestra.run.smithi137.stdout:/usr/bin/ceph: stderr
2024-03-26T13:49:35.842+0000 7fb2db600700 1 --2- 172.21.15.137:0/3192361893 >> [v2:172.21.15.137:6800/1621047019,v1:172.21.15.137:6801/1621047019] conn(0x7fb2bc038f20 0x7fb2bc03b3e0 secure :-1 s=READY pgs=12 cs=0 l=1 rev1=1 crypto rx=0x7fb2c0006fd0 tx=0x7fb2c0006e40 comp rx=0 tx=0).stop
2024-03-26T13:49:36.994 INFO:teuthology.orchestra.run.smithi137.stdout:/usr/bin/ceph: stderr
2024-03-26T13:49:35.842+0000 7fb2db600700 1 -- 172.21.15.137:0/3192361893 >> [v2:172.21.15.137:3300/0,v1:172.21.15.137:6789/0] conn(0x7fb2d407de70 msgr2=0x7fb2d419db50 secure :-1 s=STATE_CONNECTION_ESTABLISHED l=1).mark_down
2024-03-26T13:49:36.994 INFO:teuthology.orchestra.run.smithi137.stdout:/usr/bin/ceph: stderr
2024-03-26T13:49:35.842+0000 7fb2db600700 1 --2- 172.21.15.137:0/3192361893 >> [v2:172.21.15.137:3300/0,v1:172.21.15.137:6789/0] conn(0x7fb2d407de70 0x7fb2d419db50 secure :-1 s=READY pgs=48 cs=0 l=1 rev1=1 crypto rx=0x7fb2c8011a50 tx=0x7fb2c8004290 comp rx=0 tx=0).stop
2024-03-26T13:49:36.994 INFO:teuthology.orchestra.run.smithi137.stdout:/usr/bin/ceph: stderr
2024-03-26T13:49:35.842+0000 7fb2db600700 1 -- 172.21.15.137:0/3192361893 shutdown_connections
2024-03-26T13:49:36.994 INFO:teuthology.orchestra.run.smithi137.stdout:/usr/bin/ceph: stderr
2024-03-26T13:49:35.843+0000 7fb2db600700 1 --2- 172.21.15.137:0/3192361893 >> [v2:172.21.15.137:6800/1621047019,v1:172.21.15.137:6801/1621047019] conn(0x7fb2bc038f20 0x7fb2bc03b3e0 unknown :-1 s=CLOSED pgs=12 cs=0 l=1 rev1=1 crypto rx=0 tx=0 comp rx=0 tx=0).stop
2024-03-26T13:49:36.994 INFO:teuthology.orchestra.run.smithi137.stdout:/usr/bin/ceph: stderr
2024-03-26T13:49:35.843+0000 7fb2db600700 1 --2- 172.21.15.137:0/3192361893 >> [v2:172.21.15.137:3300/0,v1:172.21.15.137:6789/0] conn(0x7fb2d407de70 0x7fb2d419db50 unknown :-1 s=CLOSED pgs=48 cs=0 l=1 rev1=1 crypto rx=0 tx=0 comp rx=0 tx=0).stop
2024-03-26T13:49:36.994 INFO:teuthology.orchestra.run.smithi137.stdout:/usr/bin/ceph: stderr
2024-03-26T13:49:35.843+0000 7fb2db600700 1 -- 172.21.15.137:0/3192361893 >> 172.21.15.137:0/3192361893 conn(0x7fb2d4102ff0 msgr2=0x7fb2d4103ba0 unknown :-1 s=STATE_NONE l=0).mark_down
2024-03-26T13:49:36.994 INFO:teuthology.orchestra.run.smithi137.stdout:/usr/bin/ceph: stderr
2024-03-26T13:49:35.843+0000 7fb2db600700 1 -- 172.21.15.137:0/3192361893 shutdown_connections
2024-03-26T13:49:36.994 INFO:teuthology.orchestra.run.smithi137.stdout:/usr/bin/ceph: stderr
2024-03-26T13:49:35.843+0000 7fb2db600700 1 -- 172.21.15.137:0/3192361893 wait complete.
2024-03-26T13:49:36.994 INFO:teuthology.orchestra.run.smithi137.stdout:Deploying unmanaged mgr service...
2024-03-26T13:49:37.143 INFO:journalctl@ceph.mon.a.smithi137.stdout:Mar 26 13:49:36 smithi137 ceph-mon[31539]: from='client.14142 -' entity='client.admin' cmd=[{"prefix": "orch apply", "service_type": "mon", "unmanaged": true, "target": ["mon-mgr", ""]}]: dispatch
2024-03-26T13:49:37.143 INFO:journalctl@ceph.mon.a.smithi137.stdout:Mar 26 13:49:36 smithi137 ceph-mon[31539]: Saving service mon spec with placement count:5
2024-03-26T13:49:37.143 INFO:journalctl@ceph.mon.a.smithi137.stdout:Mar 26 13:49:36 smithi137 ceph-mon[31539]: from='mgr.14120 172.21.15.137:0/840809782' entity='mgr.x'
2024-03-26T13:49:38.614 INFO:teuthology.orchestra.run.smithi137.stdout:/usr/bin/ceph: stdout Scheduled mgr update...
2024-03-26T13:49:38.614 INFO:teuthology.orchestra.run.smithi137.stdout:/usr/bin/ceph: stderr
2024-03-26T13:49:37.651+0000 7faa8de00700 1 Processor -- start
2024-03-26T13:49:38.614 INFO:teuthology.orchestra.run.smithi137.stdout:/usr/bin/ceph: stderr
2024-03-26T13:49:37.651+0000 7faa8de00700 1 -- start start
2024-03-26T13:49:38.614 INFO:teuthology.orchestra.run.smithi137.stdout:/usr/bin/ceph: stderr
2024-03-26T13:49:37.652+0000 7faa8de00700 1 --2- >> [v2:172.21.15.137:3300/0,v1:172.21.15.137:6789/0] conn(0x7faa8807de90 0x7faa8807c2f0 unknown :-1 s=NONE pgs=0 cs=0 l=0 rev1=0 crypto rx=0 tx=0 comp rx=0 tx=0).connect
2024-03-26T13:49:38.614 INFO:teuthology.orchestra.run.smithi137.stdout:/usr/bin/ceph: stderr
2024-03-26T13:49:37.652+0000 7faa8de00700 1 -- --> [v2:172.21.15.137:3300/0,v1:172.21.15.137:6789/0] -- mon_getmap magic: 0 v1 -- 0x7faa8807c8c0 con 0x7faa8807de90
2024-03-26T13:49:38.614 INFO:teuthology.orchestra.run.smithi137.stdout:/usr/bin/ceph: stderr
2024-03-26T13:49:37.652+0000 7faa86a00700 1 --2- >> [v2:172.21.15.137:3300/0,v1:172.21.15.137:6789/0] conn(0x7faa8807de90 0x7faa8807c2f0 unknown :-1 s=BANNER_CONNECTING pgs=0 cs=0 l=0 rev1=0 crypto rx=0 tx=0 comp rx=0 tx=0)._handle_peer_banner_payload supported=3 required=0
2024-03-26T13:49:38.614 INFO:teuthology.orchestra.run.smithi137.stdout:/usr/bin/ceph: stderr
2024-03-26T13:49:37.652+0000 7faa86a00700 1 --2- >> [v2:172.21.15.137:3300/0,v1:172.21.15.137:6789/0] conn(0x7faa8807de90 0x7faa8807c2f0 unknown :-1 s=HELLO_CONNECTING pgs=0 cs=0 l=0 rev1=1 crypto rx=0 tx=0 comp rx=0 tx=0).handle_hello peer v2:172.21.15.137:3300/0 says I am v2:172.21.15.137:45404/0 (socket says 172.21.15.137:45404)
2024-03-26T13:49:38.614 INFO:teuthology.orchestra.run.smithi137.stdout:/usr/bin/ceph: stderr
2024-03-26T13:49:37.652+0000 7faa86a00700 1 -- 172.21.15.137:0/703977420 learned_addr learned my addr 172.21.15.137:0/703977420 (peer_addr_for_me v2:172.21.15.137:0/0)
2024-03-26T13:49:38.614 INFO:teuthology.orchestra.run.smithi137.stdout:/usr/bin/ceph: stderr
2024-03-26T13:49:37.653+0000 7faa86a00700 1 -- 172.21.15.137:0/703977420 --> [v2:172.21.15.137:3300/0,v1:172.21.15.137:6789/0] -- mon_subscribe({config=0+,monmap=0+}) v3 -- 0x7faa8807ca40 con 0x7faa8807de90
2024-03-26T13:49:38.615 INFO:teuthology.orchestra.run.smithi137.stdout:/usr/bin/ceph: stderr
2024-03-26T13:49:37.653+0000 7faa86a00700 1 --2- 172.21.15.137:0/703977420 >> [v2:172.21.15.137:3300/0,v1:172.21.15.137:6789/0] conn(0x7faa8807de90 0x7faa8807c2f0 secure :-1 s=READY pgs=49 cs=0 l=1 rev1=1 crypto rx=0x7faa780098a0 tx=0x7faa78009bb0 comp rx=0 tx=0).ready entity=mon.0 client_cookie=8dc4142450fedd1 server_cookie=0 in_seq=0 out_seq=0
2024-03-26T13:49:38.615 INFO:teuthology.orchestra.run.smithi137.stdout:/usr/bin/ceph: stderr
2024-03-26T13:49:37.653+0000 7faa86000700 1 -- 172.21.15.137:0/703977420 <== mon.0 v2:172.21.15.137:3300/0 1 ==== mon_map magic: 0 v1 ==== 205+0+0 (secure 0 0 0) 0x7faa78004160 con 0x7faa8807de90
2024-03-26T13:49:38.615 INFO:teuthology.orchestra.run.smithi137.stdout:/usr/bin/ceph: stderr
2024-03-26T13:49:37.653+0000 7faa86000700 1 -- 172.21.15.137:0/703977420 <== mon.0 v2:172.21.15.137:3300/0 2 ==== config(26 keys) v1 ==== 1071+0+0 (secure 0 0 0) 0x7faa78004300 con 0x7faa8807de90
2024-03-26T13:49:38.615 INFO:teuthology.orchestra.run.smithi137.stdout:/usr/bin/ceph: stderr
2024-03-26T13:49:37.653+0000 7faa86000700 1 -- 172.21.15.137:0/703977420 <== mon.0 v2:172.21.15.137:3300/0 3 ==== mon_map magic: 0 v1 ==== 205+0+0 (secure 0 0 0) 0x7faa78011a80 con 0x7faa8807de90
2024-03-26T13:49:38.615 INFO:teuthology.orchestra.run.smithi137.stdout:/usr/bin/ceph: stderr
2024-03-26T13:49:37.654+0000 7faa8de00700 1 -- 172.21.15.137:0/703977420 >> [v2:172.21.15.137:3300/0,v1:172.21.15.137:6789/0] conn(0x7faa8807de90 msgr2=0x7faa8807c2f0 secure :-1 s=STATE_CONNECTION_ESTABLISHED l=1).mark_down
2024-03-26T13:49:38.615 INFO:teuthology.orchestra.run.smithi137.stdout:/usr/bin/ceph: stderr
2024-03-26T13:49:37.654+0000 7faa8de00700 1 --2- 172.21.15.137:0/703977420 >> [v2:172.21.15.137:3300/0,v1:172.21.15.137:6789/0] conn(0x7faa8807de90 0x7faa8807c2f0 secure :-1 s=READY pgs=49 cs=0 l=1 rev1=1 crypto rx=0x7faa780098a0 tx=0x7faa78009bb0 comp rx=0 tx=0).stop
2024-03-26T13:49:38.619 INFO:teuthology.orchestra.run.smithi137.stdout:/usr/bin/ceph: stderr
2024-03-26T13:49:37.654+0000 7faa8de00700 1 -- 172.21.15.137:0/703977420 shutdown_connections
2024-03-26T13:49:38.619 INFO:teuthology.orchestra.run.smithi137.stdout:/usr/bin/ceph: stderr
2024-03-26T13:49:37.654+0000 7faa8de00700 1 --2- 172.21.15.137:0/703977420 >> [v2:172.21.15.137:3300/0,v1:172.21.15.137:6789/0] conn(0x7faa8807de90 0x7faa8807c2f0 unknown :-1 s=CLOSED pgs=49 cs=0 l=1 rev1=1 crypto rx=0 tx=0 comp rx=0 tx=0).stop
2024-03-26T13:49:38.619 INFO:teuthology.orchestra.run.smithi137.stdout:/usr/bin/ceph: stderr
2024-03-26T13:49:37.654+0000 7faa8de00700 1 -- 172.21.15.137:0/703977420 >> 172.21.15.137:0/703977420 conn(0x7faa88102ff0 msgr2=0x7faa88105410 unknown :-1 s=STATE_NONE l=0).mark_down
2024-03-26T13:49:38.619 INFO:teuthology.orchestra.run.smithi137.stdout:/usr/bin/ceph: stderr
2024-03-26T13:49:37.654+0000 7faa8de00700 1 -- 172.21.15.137:0/703977420 shutdown_connections
2024-03-26T13:49:38.619 INFO:teuthology.orchestra.run.smithi137.stdout:/usr/bin/ceph: stderr
2024-03-26T13:49:37.654+0000 7faa8de00700 1 -- 172.21.15.137:0/703977420 wait complete.
2024-03-26T13:49:38.619 INFO:teuthology.orchestra.run.smithi137.stdout:/usr/bin/ceph: stderr
2024-03-26T13:49:37.655+0000 7faa8de00700 1 Processor -- start
2024-03-26T13:49:38.620 INFO:teuthology.orchestra.run.smithi137.stdout:/usr/bin/ceph: stderr
2024-03-26T13:49:37.655+0000 7faa8de00700 1 -- start start
2024-03-26T13:49:38.620 INFO:teuthology.orchestra.run.smithi137.stdout:/usr/bin/ceph: stderr
2024-03-26T13:49:37.656+0000 7faa8de00700 1 --2- >> [v2:172.21.15.137:3300/0,v1:172.21.15.137:6789/0] conn(0x7faa8807de90 0x7faa8819db50 unknown :-1 s=NONE pgs=0 cs=0 l=1 rev1=0 crypto rx=0 tx=0 comp rx=0 tx=0).connect
2024-03-26T13:49:38.620 INFO:teuthology.orchestra.run.smithi137.stdout:/usr/bin/ceph: stderr
2024-03-26T13:49:37.656+0000 7faa8de00700 1 -- --> [v2:172.21.15.137:3300/0,v1:172.21.15.137:6789/0] -- mon_getmap magic: 0 v1 -- 0x7faa8810dfc0 con 0x7faa8807de90
2024-03-26T13:49:38.620 INFO:teuthology.orchestra.run.smithi137.stdout:/usr/bin/ceph: stderr
2024-03-26T13:49:37.656+0000 7faa86a00700 1 --2- >> [v2:172.21.15.137:3300/0,v1:172.21.15.137:6789/0] conn(0x7faa8807de90 0x7faa8819db50 unknown :-1 s=BANNER_CONNECTING pgs=0 cs=0 l=1 rev1=0 crypto rx=0 tx=0 comp rx=0 tx=0)._handle_peer_banner_payload supported=3 required=0
2024-03-26T13:49:38.620 INFO:teuthology.orchestra.run.smithi137.stdout:/usr/bin/ceph: stderr
2024-03-26T13:49:37.656+0000 7faa86a00700 1 --2- >> [v2:172.21.15.137:3300/0,v1:172.21.15.137:6789/0] conn(0x7faa8807de90 0x7faa8819db50 unknown :-1 s=HELLO_CONNECTING pgs=0 cs=0 l=1 rev1=1 crypto rx=0 tx=0 comp rx=0 tx=0).handle_hello peer v2:172.21.15.137:3300/0 says I am v2:172.21.15.137:45410/0 (socket says 172.21.15.137:45410)
2024-03-26T13:49:38.620 INFO:teuthology.orchestra.run.smithi137.stdout:/usr/bin/ceph: stderr
2024-03-26T13:49:37.656+0000 7faa86a00700 1 -- 172.21.15.137:0/3080047845 learned_addr learned my addr 172.21.15.137:0/3080047845 (peer_addr_for_me v2:172.21.15.137:0/0)
2024-03-26T13:49:38.620 INFO:teuthology.orchestra.run.smithi137.stdout:/usr/bin/ceph: stderr
2024-03-26T13:49:37.656+0000 7faa86a00700 1 -- 172.21.15.137:0/3080047845 --> [v2:172.21.15.137:3300/0,v1:172.21.15.137:6789/0] -- mon_subscribe({config=0+,monmap=0+}) v3 -- 0x7faa8819e090 con 0x7faa8807de90
2024-03-26T13:49:38.620 INFO:teuthology.orchestra.run.smithi137.stdout:/usr/bin/ceph: stderr
2024-03-26T13:49:37.656+0000 7faa86a00700 1 --2- 172.21.15.137:0/3080047845 >> [v2:172.21.15.137:3300/0,v1:172.21.15.137:6789/0] conn(0x7faa8807de90 0x7faa8819db50 secure :-1 s=READY pgs=50 cs=0 l=1 rev1=1 crypto rx=0x7faa78011a50 tx=0x7faa78004290 comp rx=0 tx=0).ready entity=mon.0 client_cookie=0 server_cookie=0 in_seq=0 out_seq=0
2024-03-26T13:49:38.620 INFO:teuthology.orchestra.run.smithi137.stdout:/usr/bin/ceph: stderr
2024-03-26T13:49:37.657+0000 7faa8ca00700 1 -- 172.21.15.137:0/3080047845 <== mon.0 v2:172.21.15.137:3300/0 1 ==== mon_map magic: 0 v1 ==== 205+0+0 (secure 0 0 0) 0x7faa780039f0 con 0x7faa8807de90
2024-03-26T13:49:38.620 INFO:teuthology.orchestra.run.smithi137.stdout:/usr/bin/ceph: stderr
2024-03-26T13:49:37.657+0000 7faa8ca00700 1 -- 172.21.15.137:0/3080047845 <== mon.0 v2:172.21.15.137:3300/0 2 ==== config(26 keys) v1 ==== 1071+0+0 (secure 0 0 0) 0x7faa78003b90 con 0x7faa8807de90
2024-03-26T13:49:38.620 INFO:teuthology.orchestra.run.smithi137.stdout:/usr/bin/ceph: stderr
2024-03-26T13:49:37.657+0000 7faa8de00700 1 -- 172.21.15.137:0/3080047845 --> [v2:172.21.15.137:3300/0,v1:172.21.15.137:6789/0] -- mon_subscribe({mgrmap=0+}) v3 -- 0x7faa8819e320 con 0x7faa8807de90
2024-03-26T13:49:38.620 INFO:teuthology.orchestra.run.smithi137.stdout:/usr/bin/ceph: stderr
2024-03-26T13:49:37.657+0000 7faa8ca00700 1 -- 172.21.15.137:0/3080047845 <== mon.0 v2:172.21.15.137:3300/0 3 ==== mon_map magic: 0 v1 ==== 205+0+0 (secure 0 0 0) 0x7faa7801a600 con 0x7faa8807de90
2024-03-26T13:49:38.620 INFO:teuthology.orchestra.run.smithi137.stdout:/usr/bin/ceph: stderr
2024-03-26T13:49:37.657+0000 7faa8de00700 1 -- 172.21.15.137:0/3080047845 --> [v2:172.21.15.137:3300/0,v1:172.21.15.137:6789/0] -- mon_subscribe({osdmap=0}) v3 -- 0x7faa881a1010 con 0x7faa8807de90
2024-03-26T13:49:38.620 INFO:teuthology.orchestra.run.smithi137.stdout:/usr/bin/ceph: stderr
2024-03-26T13:49:37.658+0000 7faa8ca00700 1 -- 172.21.15.137:0/3080047845 <== mon.0 v2:172.21.15.137:3300/0 4 ==== mgrmap(e 8) v1 ==== 46106+0+0 (secure 0 0 0) 0x7faa78024a40 con 0x7faa8807de90
2024-03-26T13:49:38.621 INFO:teuthology.orchestra.run.smithi137.stdout:/usr/bin/ceph: stderr
2024-03-26T13:49:37.658+0000 7faa8de00700 1 -- 172.21.15.137:0/3080047845 --> [v2:172.21.15.137:3300/0,v1:172.21.15.137:6789/0] -- mon_command({"prefix": "get_command_descriptions"} v 0) v1 -- 0x7faa880637c0 con 0x7faa8807de90
2024-03-26T13:49:38.621 INFO:teuthology.orchestra.run.smithi137.stdout:/usr/bin/ceph: stderr
2024-03-26T13:49:37.658+0000 7faa8ca00700 1 --2- 172.21.15.137:0/3080047845 >> [v2:172.21.15.137:6800/1621047019,v1:172.21.15.137:6801/1621047019] conn(0x7faa6c038f70 0x7faa6c03b430 unknown :-1 s=NONE pgs=0 cs=0 l=1 rev1=0 crypto rx=0 tx=0 comp rx=0 tx=0).connect
2024-03-26T13:49:38.621 INFO:teuthology.orchestra.run.smithi137.stdout:/usr/bin/ceph: stderr
2024-03-26T13:49:37.658+0000 7faa8ca00700 1 -- 172.21.15.137:0/3080047845 <== mon.0 v2:172.21.15.137:3300/0 5 ==== osd_map(2..2 src has 1..2) v4 ==== 940+0+0 (secure 0 0 0) 0x7faa7804d280 con 0x7faa8807de90
2024-03-26T13:49:38.621 INFO:teuthology.orchestra.run.smithi137.stdout:/usr/bin/ceph: stderr
2024-03-26T13:49:37.659+0000 7faa7fe00700 1 --2- 172.21.15.137:0/3080047845 >> [v2:172.21.15.137:6800/1621047019,v1:172.21.15.137:6801/1621047019] conn(0x7faa6c038f70 0x7faa6c03b430 unknown :-1 s=BANNER_CONNECTING pgs=0 cs=0 l=1 rev1=0 crypto rx=0 tx=0 comp rx=0 tx=0)._handle_peer_banner_payload supported=3 required=0
2024-03-26T13:49:38.621 INFO:teuthology.orchestra.run.smithi137.stdout:/usr/bin/ceph: stderr
2024-03-26T13:49:37.659+0000 7faa7fe00700 1 --2- 172.21.15.137:0/3080047845 >> [v2:172.21.15.137:6800/1621047019,v1:172.21.15.137:6801/1621047019] conn(0x7faa6c038f70 0x7faa6c03b430 secure :-1 s=READY pgs=13 cs=0 l=1 rev1=1 crypto rx=0x7faa70006fd0 tx=0x7faa70006e40 comp rx=0 tx=0).ready entity=mgr.14120 client_cookie=0 server_cookie=0 in_seq=0 out_seq=0
2024-03-26T13:49:38.621 INFO:teuthology.orchestra.run.smithi137.stdout:/usr/bin/ceph: stderr
2024-03-26T13:49:37.664+0000 7faa8ca00700 1 -- 172.21.15.137:0/3080047845 <== mon.0 v2:172.21.15.137:3300/0 6 ==== mon_command_ack([{"prefix": "get_command_descriptions"}]=0 v0) v1 ==== 72+0+186149 (secure 0 0 0) 0x7faa7802d770 con 0x7faa8807de90
2024-03-26T13:49:38.621 INFO:teuthology.orchestra.run.smithi137.stdout:/usr/bin/ceph: stderr
2024-03-26T13:49:37.853+0000 7faa8ca00700 1 -- 172.21.15.137:0/3080047845 <== mon.0 v2:172.21.15.137:3300/0 7 ==== config(26 keys) v1 ==== 1102+0+0 (secure 0 0 0) 0x7faa78018710 con 0x7faa8807de90
2024-03-26T13:49:38.621 INFO:teuthology.orchestra.run.smithi137.stdout:/usr/bin/ceph: stderr
2024-03-26T13:49:37.907+0000 7faa8de00700 1 -- 172.21.15.137:0/3080047845 --> [v2:172.21.15.137:6800/1621047019,v1:172.21.15.137:6801/1621047019] -- mgr_command(tid 0: {"prefix": "orch apply", "service_type": "mgr", "unmanaged": true, "target": ["mon-mgr", ""]}) v1 -- 0x7faa88104270 con 0x7faa6c038f70
2024-03-26T13:49:38.621 INFO:teuthology.orchestra.run.smithi137.stdout:/usr/bin/ceph: stderr
2024-03-26T13:49:37.915+0000 7faa8ca00700 1 -- 172.21.15.137:0/3080047845 <== mgr.14120 v2:172.21.15.137:6800/1621047019 1 ==== mgr_command_reply(tid 0: 0 ) v1 ==== 8+0+24 (secure 0 0 0) 0x7faa88104270 con 0x7faa6c038f70
2024-03-26T13:49:38.621 INFO:teuthology.orchestra.run.smithi137.stdout:/usr/bin/ceph: stderr
2024-03-26T13:49:37.918+0000 7faa8de00700 1 -- 172.21.15.137:0/3080047845 >> [v2:172.21.15.137:6800/1621047019,v1:172.21.15.137:6801/1621047019] conn(0x7faa6c038f70 msgr2=0x7faa6c03b430 secure :-1 s=STATE_CONNECTION_ESTABLISHED l=1).mark_down
2024-03-26T13:49:38.621 INFO:teuthology.orchestra.run.smithi137.stdout:/usr/bin/ceph: stderr
2024-03-26T13:49:37.918+0000 7faa8de00700 1 --2- 172.21.15.137:0/3080047845 >> [v2:172.21.15.137:6800/1621047019,v1:172.21.15.137:6801/1621047019] conn(0x7faa6c038f70 0x7faa6c03b430 secure :-1 s=READY pgs=13 cs=0 l=1 rev1=1 crypto rx=0x7faa70006fd0 tx=0x7faa70006e40 comp rx=0 tx=0).stop
2024-03-26T13:49:38.621 INFO:teuthology.orchestra.run.smithi137.stdout:/usr/bin/ceph: stderr
2024-03-26T13:49:37.918+0000 7faa8de00700 1 -- 172.21.15.137:0/3080047845 >> [v2:172.21.15.137:3300/0,v1:172.21.15.137:6789/0] conn(0x7faa8807de90 msgr2=0x7faa8819db50 secure :-1 s=STATE_CONNECTION_ESTABLISHED l=1).mark_down
2024-03-26T13:49:38.621 INFO:teuthology.orchestra.run.smithi137.stdout:/usr/bin/ceph: stderr
2024-03-26T13:49:37.918+0000 7faa8de00700 1 --2- 172.21.15.137:0/3080047845 >> [v2:172.21.15.137:3300/0,v1:172.21.15.137:6789/0] conn(0x7faa8807de90 0x7faa8819db50 secure :-1 s=READY pgs=50 cs=0 l=1 rev1=1 crypto rx=0x7faa78011a50 tx=0x7faa78004290 comp rx=0 tx=0).stop
2024-03-26T13:49:38.621 INFO:teuthology.orchestra.run.smithi137.stdout:/usr/bin/ceph: stderr
2024-03-26T13:49:37.918+0000 7faa8de00700 1 -- 172.21.15.137:0/3080047845 shutdown_connections
2024-03-26T13:49:38.622 INFO:teuthology.orchestra.run.smithi137.stdout:/usr/bin/ceph: stderr
2024-03-26T13:49:37.918+0000 7faa8de00700 1 --2- 172.21.15.137:0/3080047845 >> [v2:172.21.15.137:6800/1621047019,v1:172.21.15.137:6801/1621047019] conn(0x7faa6c038f70 0x7faa6c03b430 unknown :-1 s=CLOSED pgs=13 cs=0 l=1 rev1=1 crypto rx=0 tx=0 comp rx=0 tx=0).stop
2024-03-26T13:49:38.622 INFO:teuthology.orchestra.run.smithi137.stdout:/usr/bin/ceph: stderr
2024-03-26T13:49:37.918+0000 7faa8de00700 1 --2- 172.21.15.137:0/3080047845 >> [v2:172.21.15.137:3300/0,v1:172.21.15.137:6789/0] conn(0x7faa8807de90 0x7faa8819db50 unknown :-1 s=CLOSED pgs=50 cs=0 l=1 rev1=1 crypto rx=0 tx=0 comp rx=0 tx=0).stop
2024-03-26T13:49:38.622 INFO:teuthology.orchestra.run.smithi137.stdout:/usr/bin/ceph: stderr
2024-03-26T13:49:37.918+0000 7faa8de00700 1 -- 172.21.15.137:0/3080047845 >> 172.21.15.137:0/3080047845 conn(0x7faa88102ff0 msgr2=0x7faa88103b60 unknown :-1 s=STATE_NONE l=0).mark_down
2024-03-26T13:49:38.622 INFO:teuthology.orchestra.run.smithi137.stdout:/usr/bin/ceph: stderr
2024-03-26T13:49:37.918+0000 7faa8de00700 1 -- 172.21.15.137:0/3080047845 shutdown_connections
2024-03-26T13:49:38.622 INFO:teuthology.orchestra.run.smithi137.stdout:/usr/bin/ceph: stderr
2024-03-26T13:49:37.918+0000 7faa8de00700 1 -- 172.21.15.137:0/3080047845 wait complete.
2024-03-26T13:49:38.900 INFO:journalctl@ceph.mon.a.smithi137.stdout:Mar 26 13:49:38 smithi137 ceph-mon[31539]: from='mgr.14120 172.21.15.137:0/840809782' entity='mgr.x'
2024-03-26T13:49:38.900 INFO:journalctl@ceph.mon.a.smithi137.stdout:Mar 26 13:49:38 smithi137 ceph-mon[31539]: from='client.14144 -' entity='client.admin' cmd=[{"prefix": "orch apply", "service_type": "mgr", "unmanaged": true, "target": ["mon-mgr", ""]}]: dispatch
2024-03-26T13:49:38.900 INFO:journalctl@ceph.mon.a.smithi137.stdout:Mar 26 13:49:38 smithi137 ceph-mon[31539]: Saving service mgr spec with placement count:2
2024-03-26T13:49:38.900 INFO:journalctl@ceph.mon.a.smithi137.stdout:Mar 26 13:49:38 smithi137 ceph-mon[31539]: from='mgr.14120 172.21.15.137:0/840809782' entity='mgr.x'
2024-03-26T13:49:38.900 INFO:journalctl@ceph.mon.a.smithi137.stdout:Mar 26 13:49:38 smithi137 ceph-mon[31539]: from='mgr.14120 172.21.15.137:0/840809782' entity='mgr.x'
2024-03-26T13:49:40.277 INFO:journalctl@ceph.mon.a.smithi137.stdout:Mar 26 13:49:40 smithi137 ceph-mon[31539]: pgmap v3: 0 pgs: ; 0 B data, 0 B used, 0 B / 0 B avail
2024-03-26T13:49:40.277 INFO:journalctl@ceph.mon.a.smithi137.stdout:Mar 26 13:49:40 smithi137 ceph-mon[31539]: from='client.? 172.21.15.137:0/1496351597' entity='client.admin'
2024-03-26T13:49:40.806 INFO:teuthology.orchestra.run.smithi137.stdout:/usr/bin/ceph: stderr
2024-03-26T13:49:39.218+0000 7f54e9200700 1 Processor -- start
2024-03-26T13:49:40.806 INFO:teuthology.orchestra.run.smithi137.stdout:/usr/bin/ceph: stderr
2024-03-26T13:49:39.218+0000 7f54e9200700 1 -- start start
2024-03-26T13:49:40.806 INFO:teuthology.orchestra.run.smithi137.stdout:/usr/bin/ceph: stderr
2024-03-26T13:49:39.219+0000 7f54e9200700 1 --2- >> [v2:172.21.15.137:3300/0,v1:172.21.15.137:6789/0] conn(0x7f54e4107a00 0x7f54e4107e20 unknown :-1 s=NONE pgs=0 cs=0 l=0 rev1=0 crypto rx=0 tx=0 comp rx=0 tx=0).connect
2024-03-26T13:49:40.806 INFO:teuthology.orchestra.run.smithi137.stdout:/usr/bin/ceph: stderr
2024-03-26T13:49:39.219+0000 7f54e9200700 1 -- --> [v2:172.21.15.137:3300/0,v1:172.21.15.137:6789/0] -- mon_getmap magic: 0 v1 -- 0x7f54e41083f0 con 0x7f54e4107a00
2024-03-26T13:49:40.806 INFO:teuthology.orchestra.run.smithi137.stdout:/usr/bin/ceph: stderr
2024-03-26T13:49:39.219+0000 7f54e1e00700 1 --2- >> [v2:172.21.15.137:3300/0,v1:172.21.15.137:6789/0] conn(0x7f54e4107a00 0x7f54e4107e20 unknown :-1 s=BANNER_CONNECTING pgs=0 cs=0 l=0 rev1=0 crypto rx=0 tx=0 comp rx=0 tx=0)._handle_peer_banner_payload supported=3 required=0
2024-03-26T13:49:40.806 INFO:teuthology.orchestra.run.smithi137.stdout:/usr/bin/ceph: stderr
2024-03-26T13:49:39.219+0000 7f54e1e00700 1 --2- >> [v2:172.21.15.137:3300/0,v1:172.21.15.137:6789/0] conn(0x7f54e4107a00 0x7f54e4107e20 unknown :-1 s=HELLO_CONNECTING pgs=0 cs=0 l=0 rev1=1 crypto rx=0 tx=0 comp rx=0 tx=0).handle_hello peer v2:172.21.15.137:3300/0 says I am v2:172.21.15.137:59734/0 (socket says 172.21.15.137:59734)
2024-03-26T13:49:40.806 INFO:teuthology.orchestra.run.smithi137.stdout:/usr/bin/ceph: stderr
2024-03-26T13:49:39.219+0000 7f54e1e00700 1 -- 172.21.15.137:0/2948564326 learned_addr learned my addr 172.21.15.137:0/2948564326 (peer_addr_for_me v2:172.21.15.137:0/0)
2024-03-26T13:49:40.807 INFO:teuthology.orchestra.run.smithi137.stdout:/usr/bin/ceph: stderr
2024-03-26T13:49:39.220+0000 7f54e1e00700 1 -- 172.21.15.137:0/2948564326 --> [v2:172.21.15.137:3300/0,v1:172.21.15.137:6789/0] -- mon_subscribe({config=0+,monmap=0+}) v3 -- 0x7f54e4108c00 con 0x7f54e4107a00
2024-03-26T13:49:40.807 INFO:teuthology.orchestra.run.smithi137.stdout:/usr/bin/ceph: stderr
2024-03-26T13:49:39.220+0000 7f54e1e00700 1 --2- 172.21.15.137:0/2948564326 >> [v2:172.21.15.137:3300/0,v1:172.21.15.137:6789/0] conn(0x7f54e4107a00 0x7f54e4107e20 secure :-1 s=READY pgs=51 cs=0 l=1 rev1=1 crypto rx=0x7f54d40098a0 tx=0x7f54d4009bb0 comp rx=0 tx=0).ready entity=mon.0 client_cookie=20b33b50ab29fb9c server_cookie=0 in_seq=0 out_seq=0
2024-03-26T13:49:40.807 INFO:teuthology.orchestra.run.smithi137.stdout:/usr/bin/ceph: stderr
2024-03-26T13:49:39.221+0000 7f54e0a00700 1 -- 172.21.15.137:0/2948564326 <== mon.0 v2:172.21.15.137:3300/0 1 ==== mon_map magic: 0 v1 ==== 205+0+0 (secure 0 0 0) 0x7f54d4004160 con 0x7f54e4107a00
2024-03-26T13:49:40.807 INFO:teuthology.orchestra.run.smithi137.stdout:/usr/bin/ceph: stderr
2024-03-26T13:49:39.221+0000 7f54e0a00700 1 -- 172.21.15.137:0/2948564326 <== mon.0 v2:172.21.15.137:3300/0 2 ==== config(26 keys) v1 ==== 1102+0+0 (secure 0 0 0) 0x7f54d4004300 con 0x7f54e4107a00
2024-03-26T13:49:40.807 INFO:teuthology.orchestra.run.smithi137.stdout:/usr/bin/ceph: stderr
2024-03-26T13:49:39.221+0000 7f54e0a00700 1 -- 172.21.15.137:0/2948564326 <== mon.0 v2:172.21.15.137:3300/0 3 ==== mon_map magic: 0 v1 ==== 205+0+0 (secure 0 0 0) 0x7f54d4011a50 con 0x7f54e4107a00
2024-03-26T13:49:40.807 INFO:teuthology.orchestra.run.smithi137.stdout:/usr/bin/ceph: stderr
2024-03-26T13:49:39.222+0000 7f54e9200700 1 -- 172.21.15.137:0/2948564326 >> [v2:172.21.15.137:3300/0,v1:172.21.15.137:6789/0] conn(0x7f54e4107a00 msgr2=0x7f54e4107e20 secure :-1 s=STATE_CONNECTION_ESTABLISHED l=1).mark_down
2024-03-26T13:49:40.807 INFO:teuthology.orchestra.run.smithi137.stdout:/usr/bin/ceph: stderr
2024-03-26T13:49:39.222+0000 7f54e9200700 1 --2- 172.21.15.137:0/2948564326 >> [v2:172.21.15.137:3300/0,v1:172.21.15.137:6789/0] conn(0x7f54e4107a00 0x7f54e4107e20 secure :-1 s=READY pgs=51 cs=0 l=1 rev1=1 crypto rx=0x7f54d40098a0 tx=0x7f54d4009bb0 comp rx=0 tx=0).stop
2024-03-26T13:49:40.807 INFO:teuthology.orchestra.run.smithi137.stdout:/usr/bin/ceph: stderr
2024-03-26T13:49:39.222+0000 7f54e9200700 1 -- 172.21.15.137:0/2948564326 shutdown_connections
2024-03-26T13:49:40.807 INFO:teuthology.orchestra.run.smithi137.stdout:/usr/bin/ceph: stderr
2024-03-26T13:49:39.222+0000 7f54e9200700 1 --2- 172.21.15.137:0/2948564326 >> [v2:172.21.15.137:3300/0,v1:172.21.15.137:6789/0] conn(0x7f54e4107a00 0x7f54e4107e20 unknown :-1 s=CLOSED pgs=51 cs=0 l=1 rev1=1 crypto rx=0 tx=0 comp rx=0 tx=0).stop
2024-03-26T13:49:40.807 INFO:teuthology.orchestra.run.smithi137.stdout:/usr/bin/ceph: stderr
2024-03-26T13:49:39.222+0000 7f54e9200700 1 -- 172.21.15.137:0/2948564326 >> 172.21.15.137:0/2948564326 conn(0x7f54e4102fa0 msgr2=0x7f54e41053e0 unknown :-1 s=STATE_NONE l=0).mark_down
2024-03-26T13:49:40.807 INFO:teuthology.orchestra.run.smithi137.stdout:/usr/bin/ceph: stderr
2024-03-26T13:49:39.222+0000 7f54e9200700 1 -- 172.21.15.137:0/2948564326 shutdown_connections
2024-03-26T13:49:40.807 INFO:teuthology.orchestra.run.smithi137.stdout:/usr/bin/ceph: stderr
2024-03-26T13:49:39.222+0000 7f54e9200700 1 -- 172.21.15.137:0/2948564326 wait complete.
2024-03-26T13:49:40.807 INFO:teuthology.orchestra.run.smithi137.stdout:/usr/bin/ceph: stderr
