2024-03-28T00:16:08.205+0000 7f2eeb400700 1 --2- >> [v2:172.21.15.119:3300/0,v1:172.21.15.119:6789/0] conn(0x7f2eec1083b0 0x7f2eec19da30 unknown :-1 s=BANNER_CONNECTING pgs=0 cs=0 l=1 rev1=0 crypto rx=0 tx=0 comp rx=0 tx=0)._handle_peer_banner_payload supported=3 required=0
2024-03-28T00:16:09.435 INFO:teuthology.orchestra.run.smithi119.stdout:/usr/bin/ceph: stderr
2024-03-28T00:16:08.205+0000 7f2eeb400700 1 --2- >> [v2:172.21.15.119:3300/0,v1:172.21.15.119:6789/0] conn(0x7f2eec1083b0 0x7f2eec19da30 unknown :-1 s=HELLO_CONNECTING pgs=0 cs=0 l=1 rev1=1 crypto rx=0 tx=0 comp rx=0 tx=0).handle_hello peer v2:172.21.15.119:3300/0 says I am v2:172.21.15.119:34196/0 (socket says 172.21.15.119:34196)
2024-03-28T00:16:09.435 INFO:teuthology.orchestra.run.smithi119.stdout:/usr/bin/ceph: stderr
2024-03-28T00:16:08.205+0000 7f2eeb400700 1 -- 172.21.15.119:0/295994721 learned_addr learned my addr 172.21.15.119:0/295994721 (peer_addr_for_me v2:172.21.15.119:0/0)
2024-03-28T00:16:09.435 INFO:teuthology.orchestra.run.smithi119.stdout:/usr/bin/ceph: stderr
2024-03-28T00:16:08.206+0000 7f2eeb400700 1 -- 172.21.15.119:0/295994721 --> [v2:172.21.15.119:3300/0,v1:172.21.15.119:6789/0] -- mon_subscribe({config=0+,monmap=0+}) v3 -- 0x7f2eec19df70 con 0x7f2eec1083b0
2024-03-28T00:16:09.435 INFO:teuthology.orchestra.run.smithi119.stdout:/usr/bin/ceph: stderr
2024-03-28T00:16:08.206+0000 7f2eeb400700 1 --2- 172.21.15.119:0/295994721 >> [v2:172.21.15.119:3300/0,v1:172.21.15.119:6789/0] conn(0x7f2eec1083b0 0x7f2eec19da30 secure :-1 s=READY pgs=73 cs=0 l=1 rev1=1 crypto rx=0x7f2edc0117e0 tx=0x7f2edc011ba0 comp rx=0 tx=0).ready entity=mon.0 client_cookie=0 server_cookie=0 in_seq=0 out_seq=0
2024-03-28T00:16:09.435 INFO:teuthology.orchestra.run.smithi119.stdout:/usr/bin/ceph: stderr
2024-03-28T00:16:08.206+0000 7f2ee3e00700 1 -- 172.21.15.119:0/295994721 <== mon.0 v2:172.21.15.119:3300/0 1 ==== mon_map magic: 0 v1 ==== 205+0+0 (secure 0 0 0) 0x7f2edc003ba0 con 0x7f2eec1083b0
2024-03-28T00:16:09.435 INFO:teuthology.orchestra.run.smithi119.stdout:/usr/bin/ceph: stderr
2024-03-28T00:16:08.206+0000 7f2ee3e00700 1 -- 172.21.15.119:0/295994721 <== mon.0 v2:172.21.15.119:3300/0 2 ==== config(27 keys) v1 ==== 1140+0+0 (secure 0 0 0) 0x7f2edc01a910 con 0x7f2eec1083b0
2024-03-28T00:16:09.436 INFO:teuthology.orchestra.run.smithi119.stdout:/usr/bin/ceph: stderr
2024-03-28T00:16:08.206+0000 7f2ee3e00700 1 -- 172.21.15.119:0/295994721 <== mon.0 v2:172.21.15.119:3300/0 3 ==== mon_map magic: 0 v1 ==== 205+0+0 (secure 0 0 0) 0x7f2edc0248f0 con 0x7f2eec1083b0
2024-03-28T00:16:09.436 INFO:teuthology.orchestra.run.smithi119.stdout:/usr/bin/ceph: stderr
2024-03-28T00:16:08.206+0000 7f2ef1200700 1 -- 172.21.15.119:0/295994721 --> [v2:172.21.15.119:3300/0,v1:172.21.15.119:6789/0] -- mon_subscribe({mgrmap=0+}) v3 -- 0x7f2eec19e200 con 0x7f2eec1083b0
2024-03-28T00:16:09.436 INFO:teuthology.orchestra.run.smithi119.stdout:/usr/bin/ceph: stderr
2024-03-28T00:16:08.206+0000 7f2ef1200700 1 -- 172.21.15.119:0/295994721 --> [v2:172.21.15.119:3300/0,v1:172.21.15.119:6789/0] -- mon_subscribe({osdmap=0}) v3 -- 0x7f2eec19e660 con 0x7f2eec1083b0
2024-03-28T00:16:09.436 INFO:teuthology.orchestra.run.smithi119.stdout:/usr/bin/ceph: stderr
2024-03-28T00:16:08.208+0000 7f2ef1200700 1 -- 172.21.15.119:0/295994721 --> [v2:172.21.15.119:3300/0,v1:172.21.15.119:6789/0] -- mon_command({"prefix": "get_command_descriptions"} v 0) v1 -- 0x7f2eec069260 con 0x7f2eec1083b0
2024-03-28T00:16:09.436 INFO:teuthology.orchestra.run.smithi119.stdout:/usr/bin/ceph: stderr
2024-03-28T00:16:08.208+0000 7f2ee3e00700 1 -- 172.21.15.119:0/295994721 <== mon.0 v2:172.21.15.119:3300/0 4 ==== mgrmap(e 12) v1 ==== 46119+0+0 (secure 0 0 0) 0x7f2edc022020 con 0x7f2eec1083b0
2024-03-28T00:16:09.436 INFO:teuthology.orchestra.run.smithi119.stdout:/usr/bin/ceph: stderr
2024-03-28T00:16:08.208+0000 7f2ee3e00700 1 --2- 172.21.15.119:0/295994721 >> [v2:172.21.15.119:6800/1401937096,v1:172.21.15.119:6801/1401937096] conn(0x7f2ed0038fd0 0x7f2ed003b490 unknown :-1 s=NONE pgs=0 cs=0 l=1 rev1=0 crypto rx=0 tx=0 comp rx=0 tx=0).connect
2024-03-28T00:16:09.436 INFO:teuthology.orchestra.run.smithi119.stdout:/usr/bin/ceph: stderr
2024-03-28T00:16:08.208+0000 7f2ee3e00700 1 -- 172.21.15.119:0/295994721 <== mon.0 v2:172.21.15.119:3300/0 5 ==== osd_map(3..3 src has 1..3) v4 ==== 1155+0+0 (secure 0 0 0) 0x7f2edc04d4b0 con 0x7f2eec1083b0
2024-03-28T00:16:09.436 INFO:teuthology.orchestra.run.smithi119.stdout:/usr/bin/ceph: stderr
2024-03-28T00:16:08.209+0000 7f2eeaa00700 1 --2- 172.21.15.119:0/295994721 >> [v2:172.21.15.119:6800/1401937096,v1:172.21.15.119:6801/1401937096] conn(0x7f2ed0038fd0 0x7f2ed003b490 unknown :-1 s=BANNER_CONNECTING pgs=0 cs=0 l=1 rev1=0 crypto rx=0 tx=0 comp rx=0 tx=0)._handle_peer_banner_payload supported=3 required=0
2024-03-28T00:16:09.436 INFO:teuthology.orchestra.run.smithi119.stdout:/usr/bin/ceph: stderr
2024-03-28T00:16:08.209+0000 7f2eeaa00700 1 --2- 172.21.15.119:0/295994721 >> [v2:172.21.15.119:6800/1401937096,v1:172.21.15.119:6801/1401937096] conn(0x7f2ed0038fd0 0x7f2ed003b490 secure :-1 s=READY pgs=8 cs=0 l=1 rev1=1 crypto rx=0x7f2ed8006fd0 tx=0x7f2ed8006e40 comp rx=0 tx=0).ready entity=mgr.14152 client_cookie=0 server_cookie=0 in_seq=0 out_seq=0
2024-03-28T00:16:09.436 INFO:teuthology.orchestra.run.smithi119.stdout:/usr/bin/ceph: stderr
2024-03-28T00:16:08.213+0000 7f2ee3e00700 1 -- 172.21.15.119:0/295994721 <== mon.0 v2:172.21.15.119:3300/0 6 ==== mon_command_ack([{"prefix": "get_command_descriptions"}]=0 v0) v1 ==== 72+0+186149 (secure 0 0 0) 0x7f2edc00b3e0 con 0x7f2eec1083b0
2024-03-28T00:16:09.438 INFO:teuthology.orchestra.run.smithi119.stdout:/usr/bin/ceph: stderr
2024-03-28T00:16:08.478+0000 7f2ef1200700 1 -- 172.21.15.119:0/295994721 --> [v2:172.21.15.119:6800/1401937096,v1:172.21.15.119:6801/1401937096] -- mgr_command(tid 0: {"prefix": "dashboard ac-user-create", "username": "admin", "rolename": "administrator", "force_password": true, "pwd_update_required": true, "target": ["mon-mgr", ""]}) v1 -- 0x7f2eec1975b0 con 0x7f2ed0038fd0
2024-03-28T00:16:09.438 INFO:teuthology.orchestra.run.smithi119.stdout:/usr/bin/ceph: stderr
2024-03-28T00:16:08.710+0000 7f2ee3e00700 1 -- 172.21.15.119:0/295994721 <== mgr.14152 v2:172.21.15.119:6800/1401937096 1 ==== mgr_command_reply(tid 0: 0 ) v1 ==== 8+0+252 (secure 0 0 0) 0x7f2eec1975b0 con 0x7f2ed0038fd0
2024-03-28T00:16:09.438 INFO:teuthology.orchestra.run.smithi119.stdout:/usr/bin/ceph: stderr
2024-03-28T00:16:08.713+0000 7f2ef1200700 1 -- 172.21.15.119:0/295994721 >> [v2:172.21.15.119:6800/1401937096,v1:172.21.15.119:6801/1401937096] conn(0x7f2ed0038fd0 msgr2=0x7f2ed003b490 secure :-1 s=STATE_CONNECTION_ESTABLISHED l=1).mark_down
2024-03-28T00:16:09.438 INFO:teuthology.orchestra.run.smithi119.stdout:/usr/bin/ceph: stderr
2024-03-28T00:16:08.713+0000 7f2ef1200700 1 --2- 172.21.15.119:0/295994721 >> [v2:172.21.15.119:6800/1401937096,v1:172.21.15.119:6801/1401937096] conn(0x7f2ed0038fd0 0x7f2ed003b490 secure :-1 s=READY pgs=8 cs=0 l=1 rev1=1 crypto rx=0x7f2ed8006fd0 tx=0x7f2ed8006e40 comp rx=0 tx=0).stop
2024-03-28T00:16:09.438 INFO:teuthology.orchestra.run.smithi119.stdout:/usr/bin/ceph: stderr
2024-03-28T00:16:08.713+0000 7f2ef1200700 1 -- 172.21.15.119:0/295994721 >> [v2:172.21.15.119:3300/0,v1:172.21.15.119:6789/0] conn(0x7f2eec1083b0 msgr2=0x7f2eec19da30 secure :-1 s=STATE_CONNECTION_ESTABLISHED l=1).mark_down
2024-03-28T00:16:09.438 INFO:teuthology.orchestra.run.smithi119.stdout:/usr/bin/ceph: stderr
2024-03-28T00:16:08.713+0000 7f2ef1200700 1 --2- 172.21.15.119:0/295994721 >> [v2:172.21.15.119:3300/0,v1:172.21.15.119:6789/0] conn(0x7f2eec1083b0 0x7f2eec19da30 secure :-1 s=READY pgs=73 cs=0 l=1 rev1=1 crypto rx=0x7f2edc0117e0 tx=0x7f2edc011ba0 comp rx=0 tx=0).stop
2024-03-28T00:16:09.438 INFO:teuthology.orchestra.run.smithi119.stdout:/usr/bin/ceph: stderr
2024-03-28T00:16:08.713+0000 7f2ef1200700 1 -- 172.21.15.119:0/295994721 shutdown_connections
2024-03-28T00:16:09.438 INFO:teuthology.orchestra.run.smithi119.stdout:/usr/bin/ceph: stderr
2024-03-28T00:16:08.713+0000 7f2ef1200700 1 --2- 172.21.15.119:0/295994721 >> [v2:172.21.15.119:6800/1401937096,v1:172.21.15.119:6801/1401937096] conn(0x7f2ed0038fd0 0x7f2ed003b490 unknown :-1 s=CLOSED pgs=8 cs=0 l=1 rev1=1 crypto rx=0 tx=0 comp rx=0 tx=0).stop
2024-03-28T00:16:09.438 INFO:teuthology.orchestra.run.smithi119.stdout:/usr/bin/ceph: stderr
2024-03-28T00:16:08.713+0000 7f2ef1200700 1 --2- 172.21.15.119:0/295994721 >> [v2:172.21.15.119:3300/0,v1:172.21.15.119:6789/0] conn(0x7f2eec1083b0 0x7f2eec19da30 unknown :-1 s=CLOSED pgs=73 cs=0 l=1 rev1=1 crypto rx=0 tx=0 comp rx=0 tx=0).stop
2024-03-28T00:16:09.438 INFO:teuthology.orchestra.run.smithi119.stdout:/usr/bin/ceph: stderr
2024-03-28T00:16:08.713+0000 7f2ef1200700 1 -- 172.21.15.119:0/295994721 >> 172.21.15.119:0/295994721 conn(0x7f2eec101dc0 msgr2=0x7f2eec102900 unknown :-1 s=STATE_NONE l=0).mark_down
2024-03-28T00:16:09.439 INFO:teuthology.orchestra.run.smithi119.stdout:/usr/bin/ceph: stderr
2024-03-28T00:16:08.713+0000 7f2ef1200700 1 -- 172.21.15.119:0/295994721 shutdown_connections
2024-03-28T00:16:09.439 INFO:teuthology.orchestra.run.smithi119.stdout:/usr/bin/ceph: stderr
2024-03-28T00:16:08.713+0000 7f2ef1200700 1 -- 172.21.15.119:0/295994721 wait complete.
2024-03-28T00:16:09.439 INFO:teuthology.orchestra.run.smithi119.stdout:Fetching dashboard port number...
2024-03-28T00:16:09.594 INFO:journalctl@ceph.mon.a.smithi119.stdout:Mar 28 00:16:09 smithi119 ceph-mon[31518]: from='mgr.14152 172.21.15.119:0/2710417582' entity='mgr.x'
2024-03-28T00:16:09.594 INFO:journalctl@ceph.mon.a.smithi119.stdout:Mar 28 00:16:09 smithi119 ceph-mon[31518]: from='client.14166 -' entity='client.admin' cmd=[{"prefix": "dashboard ac-user-create", "username": "admin", "rolename": "administrator", "force_password": true, "pwd_update_required": true, "target": ["mon-mgr", ""]}]: dispatch
2024-03-28T00:16:09.594 INFO:journalctl@ceph.mon.a.smithi119.stdout:Mar 28 00:16:09 smithi119 ceph-mon[31518]: from='mgr.14152 172.21.15.119:0/2710417582' entity='mgr.x'
2024-03-28T00:16:11.263 INFO:teuthology.orchestra.run.smithi119.stdout:/usr/bin/ceph: stdout 8443
2024-03-28T00:16:11.263 INFO:teuthology.orchestra.run.smithi119.stdout:/usr/bin/ceph: stderr
2024-03-28T00:16:10.244+0000 7f607e400700 1 Processor -- start
2024-03-28T00:16:11.263 INFO:teuthology.orchestra.run.smithi119.stdout:/usr/bin/ceph: stderr
2024-03-28T00:16:10.245+0000 7f607e400700 1 -- start start
2024-03-28T00:16:11.264 INFO:teuthology.orchestra.run.smithi119.stdout:/usr/bin/ceph: stderr
2024-03-28T00:16:10.245+0000 7f607e400700 1 --2- >> [v2:172.21.15.119:3300/0,v1:172.21.15.119:6789/0] conn(0x7f607807de10 0x7f607807c270 unknown :-1 s=NONE pgs=0 cs=0 l=0 rev1=0 crypto rx=0 tx=0 comp rx=0 tx=0).connect
2024-03-28T00:16:11.264 INFO:teuthology.orchestra.run.smithi119.stdout:/usr/bin/ceph: stderr
2024-03-28T00:16:10.245+0000 7f607e400700 1 -- --> [v2:172.21.15.119:3300/0,v1:172.21.15.119:6789/0] -- mon_getmap magic: 0 v1 -- 0x7f607807c840 con 0x7f607807de10
2024-03-28T00:16:11.264 INFO:teuthology.orchestra.run.smithi119.stdout:/usr/bin/ceph: stderr
2024-03-28T00:16:10.246+0000 7f6077400700 1 --2- >> [v2:172.21.15.119:3300/0,v1:172.21.15.119:6789/0] conn(0x7f607807de10 0x7f607807c270 unknown :-1 s=BANNER_CONNECTING pgs=0 cs=0 l=0 rev1=0 crypto rx=0 tx=0 comp rx=0 tx=0)._handle_peer_banner_payload supported=3 required=0
2024-03-28T00:16:11.264 INFO:teuthology.orchestra.run.smithi119.stdout:/usr/bin/ceph: stderr
2024-03-28T00:16:10.246+0000 7f6077400700 1 --2- >> [v2:172.21.15.119:3300/0,v1:172.21.15.119:6789/0] conn(0x7f607807de10 0x7f607807c270 unknown :-1 s=HELLO_CONNECTING pgs=0 cs=0 l=0 rev1=1 crypto rx=0 tx=0 comp rx=0 tx=0).handle_hello peer v2:172.21.15.119:3300/0 says I am v2:172.21.15.119:34208/0 (socket says 172.21.15.119:34208)
2024-03-28T00:16:11.264 INFO:teuthology.orchestra.run.smithi119.stdout:/usr/bin/ceph: stderr
2024-03-28T00:16:10.246+0000 7f6077400700 1 -- 172.21.15.119:0/4221492072 learned_addr learned my addr 172.21.15.119:0/4221492072 (peer_addr_for_me v2:172.21.15.119:0/0)
2024-03-28T00:16:11.264 INFO:teuthology.orchestra.run.smithi119.stdout:/usr/bin/ceph: stderr
2024-03-28T00:16:10.246+0000 7f6077400700 1 -- 172.21.15.119:0/4221492072 --> [v2:172.21.15.119:3300/0,v1:172.21.15.119:6789/0] -- mon_subscribe({config=0+,monmap=0+}) v3 -- 0x7f607807c9c0 con 0x7f607807de10
2024-03-28T00:16:11.264 INFO:teuthology.orchestra.run.smithi119.stdout:/usr/bin/ceph: stderr
2024-03-28T00:16:10.246+0000 7f6077400700 1 --2- 172.21.15.119:0/4221492072 >> [v2:172.21.15.119:3300/0,v1:172.21.15.119:6789/0] conn(0x7f607807de10 0x7f607807c270 secure :-1 s=READY pgs=74 cs=0 l=1 rev1=1 crypto rx=0x7f60680098a0 tx=0x7f6068009bb0 comp rx=0 tx=0).ready entity=mon.0 client_cookie=295dfea30e79b1d9 server_cookie=0 in_seq=0 out_seq=0
2024-03-28T00:16:11.264 INFO:teuthology.orchestra.run.smithi119.stdout:/usr/bin/ceph: stderr
2024-03-28T00:16:10.247+0000 7f6076000700 1 -- 172.21.15.119:0/4221492072 <== mon.0 v2:172.21.15.119:3300/0 1 ==== mon_map magic: 0 v1 ==== 205+0+0 (secure 0 0 0) 0x7f6068004160 con 0x7f607807de10
2024-03-28T00:16:11.264 INFO:teuthology.orchestra.run.smithi119.stdout:/usr/bin/ceph: stderr
2024-03-28T00:16:10.247+0000 7f6076000700 1 -- 172.21.15.119:0/4221492072 <== mon.0 v2:172.21.15.119:3300/0 2 ==== config(27 keys) v1 ==== 1140+0+0 (secure 0 0 0) 0x7f6068004300 con 0x7f607807de10
2024-03-28T00:16:11.264 INFO:teuthology.orchestra.run.smithi119.stdout:/usr/bin/ceph: stderr
2024-03-28T00:16:10.247+0000 7f6076000700 1 -- 172.21.15.119:0/4221492072 <== mon.0 v2:172.21.15.119:3300/0 3 ==== mon_map magic: 0 v1 ==== 205+0+0 (secure 0 0 0) 0x7f6068011b20 con 0x7f607807de10
2024-03-28T00:16:11.264 INFO:teuthology.orchestra.run.smithi119.stdout:/usr/bin/ceph: stderr
2024-03-28T00:16:10.248+0000 7f607e400700 1 -- 172.21.15.119:0/4221492072 >> [v2:172.21.15.119:3300/0,v1:172.21.15.119:6789/0] conn(0x7f607807de10 msgr2=0x7f607807c270 secure :-1 s=STATE_CONNECTION_ESTABLISHED l=1).mark_down
2024-03-28T00:16:11.264 INFO:teuthology.orchestra.run.smithi119.stdout:/usr/bin/ceph: stderr
2024-03-28T00:16:10.248+0000 7f607e400700 1 --2- 172.21.15.119:0/4221492072 >> [v2:172.21.15.119:3300/0,v1:172.21.15.119:6789/0] conn(0x7f607807de10 0x7f607807c270 secure :-1 s=READY pgs=74 cs=0 l=1 rev1=1 crypto rx=0x7f60680098a0 tx=0x7f6068009bb0 comp rx=0 tx=0).stop
2024-03-28T00:16:11.264 INFO:teuthology.orchestra.run.smithi119.stdout:/usr/bin/ceph: stderr
2024-03-28T00:16:10.248+0000 7f607e400700 1 -- 172.21.15.119:0/4221492072 shutdown_connections
2024-03-28T00:16:11.265 INFO:teuthology.orchestra.run.smithi119.stdout:/usr/bin/ceph: stderr
2024-03-28T00:16:10.248+0000 7f607e400700 1 --2- 172.21.15.119:0/4221492072 >> [v2:172.21.15.119:3300/0,v1:172.21.15.119:6789/0] conn(0x7f607807de10 0x7f607807c270 unknown :-1 s=CLOSED pgs=74 cs=0 l=1 rev1=1 crypto rx=0 tx=0 comp rx=0 tx=0).stop
2024-03-28T00:16:11.265 INFO:teuthology.orchestra.run.smithi119.stdout:/usr/bin/ceph: stderr
2024-03-28T00:16:10.248+0000 7f607e400700 1 -- 172.21.15.119:0/4221492072 >> 172.21.15.119:0/4221492072 conn(0x7f60781030f0 msgr2=0x7f6078105510 unknown :-1 s=STATE_NONE l=0).mark_down
2024-03-28T00:16:11.265 INFO:teuthology.orchestra.run.smithi119.stdout:/usr/bin/ceph: stderr
2024-03-28T00:16:10.248+0000 7f607e400700 1 -- 172.21.15.119:0/4221492072 shutdown_connections
2024-03-28T00:16:11.265 INFO:teuthology.orchestra.run.smithi119.stdout:/usr/bin/ceph: stderr
2024-03-28T00:16:10.248+0000 7f607e400700 1 -- 172.21.15.119:0/4221492072 wait complete.
2024-03-28T00:16:11.265 INFO:teuthology.orchestra.run.smithi119.stdout:/usr/bin/ceph: stderr
2024-03-28T00:16:10.249+0000 7f607e400700 1 Processor -- start
2024-03-28T00:16:11.265 INFO:teuthology.orchestra.run.smithi119.stdout:/usr/bin/ceph: stderr
2024-03-28T00:16:10.249+0000 7f607e400700 1 -- start start
2024-03-28T00:16:11.265 INFO:teuthology.orchestra.run.smithi119.stdout:/usr/bin/ceph: stderr
2024-03-28T00:16:10.249+0000 7f607e400700 1 --2- >> [v2:172.21.15.119:3300/0,v1:172.21.15.119:6789/0] conn(0x7f607807de10 0x7f607819ddf0 unknown :-1 s=NONE pgs=0 cs=0 l=1 rev1=0 crypto rx=0 tx=0 comp rx=0 tx=0).connect
2024-03-28T00:16:11.265 INFO:teuthology.orchestra.run.smithi119.stdout:/usr/bin/ceph: stderr
2024-03-28T00:16:10.249+0000 7f607e400700 1 -- --> [v2:172.21.15.119:3300/0,v1:172.21.15.119:6789/0] -- mon_getmap magic: 0 v1 -- 0x7f607810e170 con 0x7f607807de10
2024-03-28T00:16:11.265 INFO:teuthology.orchestra.run.smithi119.stdout:/usr/bin/ceph: stderr
2024-03-28T00:16:10.250+0000 7f6077400700 1 --2- >> [v2:172.21.15.119:3300/0,v1:172.21.15.119:6789/0] conn(0x7f607807de10 0x7f607819ddf0 unknown :-1 s=BANNER_CONNECTING pgs=0 cs=0 l=1 rev1=0 crypto rx=0 tx=0 comp rx=0 tx=0)._handle_peer_banner_payload supported=3 required=0
2024-03-28T00:16:11.265 INFO:teuthology.orchestra.run.smithi119.stdout:/usr/bin/ceph: stderr
2024-03-28T00:16:10.250+0000 7f6077400700 1 --2- >> [v2:172.21.15.119:3300/0,v1:172.21.15.119:6789/0] conn(0x7f607807de10 0x7f607819ddf0 unknown :-1 s=HELLO_CONNECTING pgs=0 cs=0 l=1 rev1=1 crypto rx=0 tx=0 comp rx=0 tx=0).handle_hello peer v2:172.21.15.119:3300/0 says I am v2:172.21.15.119:34210/0 (socket says 172.21.15.119:34210)
2024-03-28T00:16:11.265 INFO:teuthology.orchestra.run.smithi119.stdout:/usr/bin/ceph: stderr
2024-03-28T00:16:10.250+0000 7f6077400700 1 -- 172.21.15.119:0/3595030632 learned_addr learned my addr 172.21.15.119:0/3595030632 (peer_addr_for_me v2:172.21.15.119:0/0)
2024-03-28T00:16:11.265 INFO:teuthology.orchestra.run.smithi119.stdout:/usr/bin/ceph: stderr
2024-03-28T00:16:10.250+0000 7f6077400700 1 -- 172.21.15.119:0/3595030632 --> [v2:172.21.15.119:3300/0,v1:172.21.15.119:6789/0] -- mon_subscribe({config=0+,monmap=0+}) v3 -- 0x7f607819e330 con 0x7f607807de10
2024-03-28T00:16:11.265 INFO:teuthology.orchestra.run.smithi119.stdout:/usr/bin/ceph: stderr
2024-03-28T00:16:10.250+0000 7f6077400700 1 --2- 172.21.15.119:0/3595030632 >> [v2:172.21.15.119:3300/0,v1:172.21.15.119:6789/0] conn(0x7f607807de10 0x7f607819ddf0 secure :-1 s=READY pgs=75 cs=0 l=1 rev1=1 crypto rx=0x7f60680117e0 tx=0x7f6068011ba0 comp rx=0 tx=0).ready entity=mon.0 client_cookie=0 server_cookie=0 in_seq=0 out_seq=0
2024-03-28T00:16:11.265 INFO:teuthology.orchestra.run.smithi119.stdout:/usr/bin/ceph: stderr
2024-03-28T00:16:10.251+0000 7f606fe00700 1 -- 172.21.15.119:0/3595030632 <== mon.0 v2:172.21.15.119:3300/0 1 ==== mon_map magic: 0 v1 ==== 205+0+0 (secure 0 0 0) 0x7f6068003ba0 con 0x7f607807de10
2024-03-28T00:16:11.265 INFO:teuthology.orchestra.run.smithi119.stdout:/usr/bin/ceph: stderr
2024-03-28T00:16:10.251+0000 7f606fe00700 1 -- 172.21.15.119:0/3595030632 <== mon.0 v2:172.21.15.119:3300/0 2 ==== config(27 keys) v1 ==== 1140+0+0 (secure 0 0 0) 0x7f606801a910 con 0x7f607807de10
2024-03-28T00:16:11.266 INFO:teuthology.orchestra.run.smithi119.stdout:/usr/bin/ceph: stderr
2024-03-28T00:16:10.251+0000 7f606fe00700 1 -- 172.21.15.119:0/3595030632 <== mon.0 v2:172.21.15.119:3300/0 3 ==== mon_map magic: 0 v1 ==== 205+0+0 (secure 0 0 0) 0x7f60680248f0 con 0x7f607807de10
2024-03-28T00:16:11.266 INFO:teuthology.orchestra.run.smithi119.stdout:/usr/bin/ceph: stderr
2024-03-28T00:16:10.251+0000 7f607e400700 1 -- 172.21.15.119:0/3595030632 --> [v2:172.21.15.119:3300/0,v1:172.21.15.119:6789/0] -- mon_subscribe({mgrmap=0+}) v3 -- 0x7f607819e5c0 con 0x7f607807de10
2024-03-28T00:16:11.266 INFO:teuthology.orchestra.run.smithi119.stdout:/usr/bin/ceph: stderr
2024-03-28T00:16:10.251+0000 7f607e400700 1 -- 172.21.15.119:0/3595030632 --> [v2:172.21.15.119:3300/0,v1:172.21.15.119:6789/0] -- mon_subscribe({osdmap=0}) v3 -- 0x7f607819efa0 con 0x7f607807de10
2024-03-28T00:16:11.266 INFO:teuthology.orchestra.run.smithi119.stdout:/usr/bin/ceph: stderr
2024-03-28T00:16:10.252+0000 7f606fe00700 1 -- 172.21.15.119:0/3595030632 <== mon.0 v2:172.21.15.119:3300/0 4 ==== mgrmap(e 12) v1 ==== 46119+0+0 (secure 0 0 0) 0x7f6068022020 con 0x7f607807de10
2024-03-28T00:16:11.266 INFO:teuthology.orchestra.run.smithi119.stdout:/usr/bin/ceph: stderr
2024-03-28T00:16:10.252+0000 7f607e400700 1 -- 172.21.15.119:0/3595030632 --> [v2:172.21.15.119:3300/0,v1:172.21.15.119:6789/0] -- mon_command({"prefix": "get_command_descriptions"} v 0) v1 -- 0x7f60780637c0 con 0x7f607807de10
2024-03-28T00:16:11.266 INFO:teuthology.orchestra.run.smithi119.stdout:/usr/bin/ceph: stderr
2024-03-28T00:16:10.253+0000 7f606fe00700 1 --2- 172.21.15.119:0/3595030632 >> [v2:172.21.15.119:6800/1401937096,v1:172.21.15.119:6801/1401937096] conn(0x7f605c038fd0 0x7f605c03b490 unknown :-1 s=NONE pgs=0 cs=0 l=1 rev1=0 crypto rx=0 tx=0 comp rx=0 tx=0).connect
2024-03-28T00:16:11.266 INFO:teuthology.orchestra.run.smithi119.stdout:/usr/bin/ceph: stderr
2024-03-28T00:16:10.253+0000 7f606fe00700 1 -- 172.21.15.119:0/3595030632 <== mon.0 v2:172.21.15.119:3300/0 5 ==== osd_map(3..3 src has 1..3) v4 ==== 1155+0+0 (secure 0 0 0) 0x7f606804d460 con 0x7f607807de10
2024-03-28T00:16:11.266 INFO:teuthology.orchestra.run.smithi119.stdout:/usr/bin/ceph: stderr
2024-03-28T00:16:10.253+0000 7f6076a00700 1 --2- 172.21.15.119:0/3595030632 >> [v2:172.21.15.119:6800/1401937096,v1:172.21.15.119:6801/1401937096] conn(0x7f605c038fd0 0x7f605c03b490 unknown :-1 s=BANNER_CONNECTING pgs=0 cs=0 l=1 rev1=0 crypto rx=0 tx=0 comp rx=0 tx=0)._handle_peer_banner_payload supported=3 required=0
2024-03-28T00:16:11.266 INFO:teuthology.orchestra.run.smithi119.stdout:/usr/bin/ceph: stderr
2024-03-28T00:16:10.254+0000 7f6076a00700 1 --2- 172.21.15.119:0/3595030632 >> [v2:172.21.15.119:6800/1401937096,v1:172.21.15.119:6801/1401937096] conn(0x7f605c038fd0 0x7f605c03b490 secure :-1 s=READY pgs=9 cs=0 l=1 rev1=1 crypto rx=0x7f6064006fd0 tx=0x7f6064006e40 comp rx=0 tx=0).ready entity=mgr.14152 client_cookie=0 server_cookie=0 in_seq=0 out_seq=0
2024-03-28T00:16:11.266 INFO:teuthology.orchestra.run.smithi119.stdout:/usr/bin/ceph: stderr
2024-03-28T00:16:10.258+0000 7f606fe00700 1 -- 172.21.15.119:0/3595030632 <== mon.0 v2:172.21.15.119:3300/0 6 ==== mon_command_ack([{"prefix": "get_command_descriptions"}]=0 v0) v1 ==== 72+0+186149 (secure 0 0 0) 0x7f606801ab70 con 0x7f607807de10
2024-03-28T00:16:11.266 INFO:teuthology.orchestra.run.smithi119.stdout:/usr/bin/ceph: stderr
2024-03-28T00:16:10.320+0000 7f606fe00700 1 -- 172.21.15.119:0/3595030632 <== mon.0 v2:172.21.15.119:3300/0 7 ==== mgrmap(e 13) v1 ==== 46163+0+0 (secure 0 0 0) 0x7f606802d3f0 con 0x7f607807de10
2024-03-28T00:16:11.266 INFO:teuthology.orchestra.run.smithi119.stdout:/usr/bin/ceph: stderr
2024-03-28T00:16:10.483+0000 7f607e400700 1 -- 172.21.15.119:0/3595030632 --> [v2:172.21.15.119:3300/0,v1:172.21.15.119:6789/0] -- mon_command({"prefix": "config get", "who": "mgr", "key": "mgr/dashboard/ssl_server_port"} v 0) v1 -- 0x7f607819f490 con 0x7f607807de10
2024-03-28T00:16:11.266 INFO:teuthology.orchestra.run.smithi119.stdout:/usr/bin/ceph: stderr
2024-03-28T00:16:10.484+0000 7f606fe00700 1 -- 172.21.15.119:0/3595030632 <== mon.0 v2:172.21.15.119:3300/0 8 ==== mon_command_ack([{"prefix": "config get", "who": "mgr", "key": "mgr/dashboard/ssl_server_port"}]=0 v8) v1 ==== 112+0+5 (secure 0 0 0) 0x7f6068019700 con 0x7f607807de10
2024-03-28T00:16:11.267 INFO:teuthology.orchestra.run.smithi119.stdout:/usr/bin/ceph: stderr
2024-03-28T00:16:10.487+0000 7f607e400700 1 -- 172.21.15.119:0/3595030632 >> [v2:172.21.15.119:6800/1401937096,v1:172.21.15.119:6801/1401937096] conn(0x7f605c038fd0 msgr2=0x7f605c03b490 secure :-1 s=STATE_CONNECTION_ESTABLISHED l=1).mark_down
2024-03-28T00:16:11.267 INFO:teuthology.orchestra.run.smithi119.stdout:/usr/bin/ceph: stderr
2024-03-28T00:16:10.487+0000 7f607e400700 1 --2- 172.21.15.119:0/3595030632 >> [v2:172.21.15.119:6800/1401937096,v1:172.21.15.119:6801/1401937096] conn(0x7f605c038fd0 0x7f605c03b490 secure :-1 s=READY pgs=9 cs=0 l=1 rev1=1 crypto rx=0x7f6064006fd0 tx=0x7f6064006e40 comp rx=0 tx=0).stop
2024-03-28T00:16:11.267 INFO:teuthology.orchestra.run.smithi119.stdout:/usr/bin/ceph: stderr
2024-03-28T00:16:10.487+0000 7f607e400700 1 -- 172.21.15.119:0/3595030632 >> [v2:172.21.15.119:3300/0,v1:172.21.15.119:6789/0] conn(0x7f607807de10 msgr2=0x7f607819ddf0 secure :-1 s=STATE_CONNECTION_ESTABLISHED l=1).mark_down
2024-03-28T00:16:11.267 INFO:teuthology.orchestra.run.smithi119.stdout:/usr/bin/ceph: stderr
2024-03-28T00:16:10.487+0000 7f607e400700 1 --2- 172.21.15.119:0/3595030632 >> [v2:172.21.15.119:3300/0,v1:172.21.15.119:6789/0] conn(0x7f607807de10 0x7f607819ddf0 secure :-1 s=READY pgs=75 cs=0 l=1 rev1=1 crypto rx=0x7f60680117e0 tx=0x7f6068011ba0 comp rx=0 tx=0).stop
2024-03-28T00:16:11.267 INFO:teuthology.orchestra.run.smithi119.stdout:/usr/bin/ceph: stderr
2024-03-28T00:16:10.488+0000 7f607e400700 1 -- 172.21.15.119:0/3595030632 shutdown_connections
2024-03-28T00:16:11.267 INFO:teuthology.orchestra.run.smithi119.stdout:/usr/bin/ceph: stderr
2024-03-28T00:16:10.488+0000 7f607e400700 1 --2- 172.21.15.119:0/3595030632 >> [v2:172.21.15.119:6800/1401937096,v1:172.21.15.119:6801/1401937096] conn(0x7f605c038fd0 0x7f605c03b490 unknown :-1 s=CLOSED pgs=9 cs=0 l=1 rev1=1 crypto rx=0 tx=0 comp rx=0 tx=0).stop
2024-03-28T00:16:11.267 INFO:teuthology.orchestra.run.smithi119.stdout:/usr/bin/ceph: stderr
2024-03-28T00:16:10.488+0000 7f607e400700 1 --2- 172.21.15.119:0/3595030632 >> [v2:172.21.15.119:3300/0,v1:172.21.15.119:6789/0] conn(0x7f607807de10 0x7f607819ddf0 unknown :-1 s=CLOSED pgs=75 cs=0 l=1 rev1=1 crypto rx=0 tx=0 comp rx=0 tx=0).stop
2024-03-28T00:16:11.267 INFO:teuthology.orchestra.run.smithi119.stdout:/usr/bin/ceph: stderr
2024-03-28T00:16:10.488+0000 7f607e400700 1 -- 172.21.15.119:0/3595030632 >> 172.21.15.119:0/3595030632 conn(0x7f60781030f0 msgr2=0x7f6078103b90 unknown :-1 s=STATE_NONE l=0).mark_down
2024-03-28T00:16:11.267 INFO:teuthology.orchestra.run.smithi119.stdout:/usr/bin/ceph: stderr
2024-03-28T00:16:10.488+0000 7f607e400700 1 -- 172.21.15.119:0/3595030632 shutdown_connections
2024-03-28T00:16:11.267 INFO:teuthology.orchestra.run.smithi119.stdout:/usr/bin/ceph: stderr
2024-03-28T00:16:10.488+0000 7f607e400700 1 -- 172.21.15.119:0/3595030632 wait complete.
2024-03-28T00:16:11.287 INFO:teuthology.orchestra.run.smithi119.stdout:Non-zero exit code 1 from systemctl is-enabled firewalld.service
2024-03-28T00:16:11.287 INFO:teuthology.orchestra.run.smithi119.stdout:systemctl: stdout disabled
2024-03-28T00:16:11.305 INFO:teuthology.orchestra.run.smithi119.stdout:Non-zero exit code 3 from systemctl is-active firewalld.service
2024-03-28T00:16:11.305 INFO:teuthology.orchestra.run.smithi119.stdout:systemctl: stdout inactive
2024-03-28T00:16:11.305 INFO:teuthology.orchestra.run.smithi119.stdout:firewalld.service is not enabled
2024-03-28T00:16:11.305 INFO:teuthology.orchestra.run.smithi119.stdout:Not possible to open ports <[8443]>. firewalld.service is not available
2024-03-28T00:16:11.308 INFO:teuthology.orchestra.run.smithi119.stdout:Ceph Dashboard is now available at:
2024-03-28T00:16:11.308 INFO:teuthology.orchestra.run.smithi119.stdout:
2024-03-28T00:16:11.308 INFO:teuthology.orchestra.run.smithi119.stdout: URL: https://smithi119.front.sepia.ceph.com:8443/
2024-03-28T00:16:11.308 INFO:teuthology.orchestra.run.smithi119.stdout: User: admin
2024-03-28T00:16:11.308 INFO:teuthology.orchestra.run.smithi119.stdout: Password: jl7c7rdqtq
2024-03-28T00:16:11.308 INFO:teuthology.orchestra.run.smithi119.stdout:
2024-03-28T00:16:11.309 INFO:teuthology.orchestra.run.smithi119.stdout:Saving cluster configuration to /var/lib/ceph/10f73b92-ec98-11ee-95d0-87774f69a715/config directory
2024-03-28T00:16:11.310 INFO:teuthology.orchestra.run.smithi119.stdout:Enabling autotune for osd_memory_target
2024-03-28T00:16:11.513 INFO:journalctl@ceph.mon.a.smithi119.stdout:Mar 28 00:16:11 smithi119 ceph-mon[31518]: mgrmap e13: x(active, since 6s)
2024-03-28T00:16:11.513 INFO:journalctl@ceph.mon.a.smithi119.stdout:Mar 28 00:16:11 smithi119 ceph-mon[31518]: from='client.? 172.21.15.119:0/3595030632' entity='client.admin' cmd=[{"prefix": "config get", "who": "mgr", "key": "mgr/dashboard/ssl_server_port"}]: dispatch
2024-03-28T00:16:13.205 INFO:teuthology.orchestra.run.smithi119.stdout:/usr/bin/ceph: stderr
2024-03-28T00:16:12.247+0000 7f9628a00700 1 Processor -- start
2024-03-28T00:16:13.205 INFO:teuthology.orchestra.run.smithi119.stdout:/usr/bin/ceph: stderr
2024-03-28T00:16:12.247+0000 7f9628a00700 1 -- start start
2024-03-28T00:16:13.206 INFO:teuthology.orchestra.run.smithi119.stdout:/usr/bin/ceph: stderr
2024-03-28T00:16:12.247+0000 7f9628a00700 1 --2- >> [v2:172.21.15.119:3300/0,v1:172.21.15.119:6789/0] conn(0x7f962410ec80 0x7f9624111070 unknown :-1 s=NONE pgs=0 cs=0 l=0 rev1=0 crypto rx=0 tx=0 comp rx=0 tx=0).connect
2024-03-28T00:16:13.206 INFO:teuthology.orchestra.run.smithi119.stdout:/usr/bin/ceph: stderr
2024-03-28T00:16:12.247+0000 7f9628a00700 1 -- --> [v2:172.21.15.119:3300/0,v1:172.21.15.119:6789/0] -- mon_getmap magic: 0 v1 -- 0x7f9624082380 con 0x7f962410ec80
2024-03-28T00:16:13.206 INFO:teuthology.orchestra.run.smithi119.stdout:/usr/bin/ceph: stderr
2024-03-28T00:16:12.248+0000 7f9621e00700 1 --2- >> [v2:172.21.15.119:3300/0,v1:172.21.15.119:6789/0] conn(0x7f962410ec80 0x7f9624111070 unknown :-1 s=BANNER_CONNECTING pgs=0 cs=0 l=0 rev1=0 crypto rx=0 tx=0 comp rx=0 tx=0)._handle_peer_banner_payload supported=3 required=0
2024-03-28T00:16:13.206 INFO:teuthology.orchestra.run.smithi119.stdout:/usr/bin/ceph: stderr
2024-03-28T00:16:12.248+0000 7f9621e00700 1 --2- >> [v2:172.21.15.119:3300/0,v1:172.21.15.119:6789/0] conn(0x7f962410ec80 0x7f9624111070 unknown :-1 s=HELLO_CONNECTING pgs=0 cs=0 l=0 rev1=1 crypto rx=0 tx=0 comp rx=0 tx=0).handle_hello peer v2:172.21.15.119:3300/0 says I am v2:172.21.15.119:34220/0 (socket says 172.21.15.119:34220)
2024-03-28T00:16:13.206 INFO:teuthology.orchestra.run.smithi119.stdout:/usr/bin/ceph: stderr
2024-03-28T00:16:12.248+0000 7f9621e00700 1 -- 172.21.15.119:0/618974314 learned_addr learned my addr 172.21.15.119:0/618974314 (peer_addr_for_me v2:172.21.15.119:0/0)
2024-03-28T00:16:13.206 INFO:teuthology.orchestra.run.smithi119.stdout:/usr/bin/ceph: stderr
2024-03-28T00:16:12.248+0000 7f9621e00700 1 -- 172.21.15.119:0/618974314 --> [v2:172.21.15.119:3300/0,v1:172.21.15.119:6789/0] -- mon_subscribe({config=0+,monmap=0+}) v3 -- 0x7f96241115b0 con 0x7f962410ec80
2024-03-28T00:16:13.206 INFO:teuthology.orchestra.run.smithi119.stdout:/usr/bin/ceph: stderr
2024-03-28T00:16:12.249+0000 7f9621e00700 1 --2- 172.21.15.119:0/618974314 >> [v2:172.21.15.119:3300/0,v1:172.21.15.119:6789/0] conn(0x7f962410ec80 0x7f9624111070 secure :-1 s=READY pgs=76 cs=0 l=1 rev1=1 crypto rx=0x7f96140098a0 tx=0x7f9614009bb0 comp rx=0 tx=0).ready entity=mon.0 client_cookie=fe670869431a4216 server_cookie=0 in_seq=0 out_seq=0
2024-03-28T00:16:13.206 INFO:teuthology.orchestra.run.smithi119.stdout:/usr/bin/ceph: stderr
2024-03-28T00:16:12.249+0000 7f9620a00700 1 -- 172.21.15.119:0/618974314 <== mon.0 v2:172.21.15.119:3300/0 1 ==== mon_map magic: 0 v1 ==== 205+0+0 (secure 0 0 0) 0x7f9614004160 con 0x7f962410ec80
2024-03-28T00:16:13.206 INFO:teuthology.orchestra.run.smithi119.stdout:/usr/bin/ceph: stderr
2024-03-28T00:16:12.249+0000 7f9620a00700 1 -- 172.21.15.119:0/618974314 <== mon.0 v2:172.21.15.119:3300/0 2 ==== config(27 keys) v1 ==== 1140+0+0 (secure 0 0 0) 0x7f9614004300 con 0x7f962410ec80
2024-03-28T00:16:13.206 INFO:teuthology.orchestra.run.smithi119.stdout:/usr/bin/ceph: stderr
2024-03-28T00:16:12.249+0000 7f9620a00700 1 -- 172.21.15.119:0/618974314 <== mon.0 v2:172.21.15.119:3300/0 3 ==== mon_map magic: 0 v1 ==== 205+0+0 (secure 0 0 0) 0x7f9614011b20 con 0x7f962410ec80
2024-03-28T00:16:13.206 INFO:teuthology.orchestra.run.smithi119.stdout:/usr/bin/ceph: stderr
2024-03-28T00:16:12.250+0000 7f9628a00700 1 -- 172.21.15.119:0/618974314 >> [v2:172.21.15.119:3300/0,v1:172.21.15.119:6789/0] conn(0x7f962410ec80 msgr2=0x7f9624111070 secure :-1 s=STATE_CONNECTION_ESTABLISHED l=1).mark_down
2024-03-28T00:16:13.206 INFO:teuthology.orchestra.run.smithi119.stdout:/usr/bin/ceph: stderr
2024-03-28T00:16:12.250+0000 7f9628a00700 1 --2- 172.21.15.119:0/618974314 >> [v2:172.21.15.119:3300/0,v1:172.21.15.119:6789/0] conn(0x7f962410ec80 0x7f9624111070 secure :-1 s=READY pgs=76 cs=0 l=1 rev1=1 crypto rx=0x7f96140098a0 tx=0x7f9614009bb0 comp rx=0 tx=0).stop
2024-03-28T00:16:13.206 INFO:teuthology.orchestra.run.smithi119.stdout:/usr/bin/ceph: stderr
2024-03-28T00:16:12.250+0000 7f9628a00700 1 -- 172.21.15.119:0/618974314 shutdown_connections
2024-03-28T00:16:13.207 INFO:teuthology.orchestra.run.smithi119.stdout:/usr/bin/ceph: stderr
2024-03-28T00:16:12.250+0000 7f9628a00700 1 --2- 172.21.15.119:0/618974314 >> [v2:172.21.15.119:3300/0,v1:172.21.15.119:6789/0] conn(0x7f962410ec80 0x7f9624111070 unknown :-1 s=CLOSED pgs=76 cs=0 l=1 rev1=1 crypto rx=0 tx=0 comp rx=0 tx=0).stop
2024-03-28T00:16:13.207 INFO:teuthology.orchestra.run.smithi119.stdout:/usr/bin/ceph: stderr
2024-03-28T00:16:12.250+0000 7f9628a00700 1 -- 172.21.15.119:0/618974314 >> 172.21.15.119:0/618974314 conn(0x7f962407d100 msgr2=0x7f962407f520 unknown :-1 s=STATE_NONE l=0).mark_down
2024-03-28T00:16:13.207 INFO:teuthology.orchestra.run.smithi119.stdout:/usr/bin/ceph: stderr
2024-03-28T00:16:12.250+0000 7f9628a00700 1 -- 172.21.15.119:0/618974314 shutdown_connections
2024-03-28T00:16:13.207 INFO:teuthology.orchestra.run.smithi119.stdout:/usr/bin/ceph: stderr
2024-03-28T00:16:12.250+0000 7f9628a00700 1 -- 172.21.15.119:0/618974314 wait complete.
2024-03-28T00:16:13.207 INFO:teuthology.orchestra.run.smithi119.stdout:/usr/bin/ceph: stderr
2024-03-28T00:16:12.251+0000 7f9628a00700 1 Processor -- start
2024-03-28T00:16:13.207 INFO:teuthology.orchestra.run.smithi119.stdout:/usr/bin/ceph: stderr
2024-03-28T00:16:12.251+0000 7f9628a00700 1 -- start start
2024-03-28T00:16:13.207 INFO:teuthology.orchestra.run.smithi119.stdout:/usr/bin/ceph: stderr
2024-03-28T00:16:12.251+0000 7f9628a00700 1 --2- >> [v2:172.21.15.119:3300/0,v1:172.21.15.119:6789/0] conn(0x7f962410ec80 0x7f96241a2100 unknown :-1 s=NONE pgs=0 cs=0 l=1 rev1=0 crypto rx=0 tx=0 comp rx=0 tx=0).connect
2024-03-28T00:16:13.207 INFO:teuthology.orchestra.run.smithi119.stdout:/usr/bin/ceph: stderr
2024-03-28T00:16:12.252+0000 7f9628a00700 1 -- --> [v2:172.21.15.119:3300/0,v1:172.21.15.119:6789/0] -- mon_getmap magic: 0 v1 -- 0x7f9624112550 con 0x7f962410ec80
2024-03-28T00:16:13.207 INFO:teuthology.orchestra.run.smithi119.stdout:/usr/bin/ceph: stderr
2024-03-28T00:16:12.252+0000 7f9621e00700 1 --2- >> [v2:172.21.15.119:3300/0,v1:172.21.15.119:6789/0] conn(0x7f962410ec80 0x7f96241a2100 unknown :-1 s=BANNER_CONNECTING pgs=0 cs=0 l=1 rev1=0 crypto rx=0 tx=0 comp rx=0 tx=0)._handle_peer_banner_payload supported=3 required=0
2024-03-28T00:16:13.207 INFO:teuthology.orchestra.run.smithi119.stdout:/usr/bin/ceph: stderr
2024-03-28T00:16:12.252+0000 7f9621e00700 1 --2- >> [v2:172.21.15.119:3300/0,v1:172.21.15.119:6789/0] conn(0x7f962410ec80 0x7f96241a2100 unknown :-1 s=HELLO_CONNECTING pgs=0 cs=0 l=1 rev1=1 crypto rx=0 tx=0 comp rx=0 tx=0).handle_hello peer v2:172.21.15.119:3300/0 says I am v2:172.21.15.119:34236/0 (socket says 172.21.15.119:34236)
2024-03-28T00:16:13.207 INFO:teuthology.orchestra.run.smithi119.stdout:/usr/bin/ceph: stderr
2024-03-28T00:16:12.252+0000 7f9621e00700 1 -- 172.21.15.119:0/3951651789 learned_addr learned my addr 172.21.15.119:0/3951651789 (peer_addr_for_me v2:172.21.15.119:0/0)
2024-03-28T00:16:13.207 INFO:teuthology.orchestra.run.smithi119.stdout:/usr/bin/ceph: stderr
2024-03-28T00:16:12.252+0000 7f9621e00700 1 -- 172.21.15.119:0/3951651789 --> [v2:172.21.15.119:3300/0,v1:172.21.15.119:6789/0] -- mon_subscribe({config=0+,monmap=0+}) v3 -- 0x7f96241a2640 con 0x7f962410ec80
2024-03-28T00:16:13.207 INFO:teuthology.orchestra.run.smithi119.stdout:/usr/bin/ceph: stderr
2024-03-28T00:16:12.253+0000 7f9621e00700 1 --2- 172.21.15.119:0/3951651789 >> [v2:172.21.15.119:3300/0,v1:172.21.15.119:6789/0] conn(0x7f962410ec80 0x7f96241a2100 secure :-1 s=READY pgs=77 cs=0 l=1 rev1=1 crypto rx=0x7f9614011b60 tx=0x7f9614011c40 comp rx=0 tx=0).ready entity=mon.0 client_cookie=0 server_cookie=0 in_seq=0 out_seq=0
2024-03-28T00:16:13.208 INFO:teuthology.orchestra.run.smithi119.stdout:/usr/bin/ceph: stderr
2024-03-28T00:16:12.253+0000 7f961aa00700 1 -- 172.21.15.119:0/3951651789 <== mon.0 v2:172.21.15.119:3300/0 1 ==== mon_map magic: 0 v1 ==== 205+0+0 (secure 0 0 0) 0x7f9614003b60 con 0x7f962410ec80
2024-03-28T00:16:13.208 INFO:teuthology.orchestra.run.smithi119.stdout:/usr/bin/ceph: stderr
2024-03-28T00:16:12.253+0000 7f961aa00700 1 -- 172.21.15.119:0/3951651789 <== mon.0 v2:172.21.15.119:3300/0 2 ==== config(27 keys) v1 ==== 1140+0+0 (secure 0 0 0) 0x7f961401a910 con 0x7f962410ec80
2024-03-28T00:16:13.208 INFO:teuthology.orchestra.run.smithi119.stdout:/usr/bin/ceph: stderr
2024-03-28T00:16:12.253+0000 7f9628a00700 1 -- 172.21.15.119:0/3951651789 --> [v2:172.21.15.119:3300/0,v1:172.21.15.119:6789/0] -- mon_subscribe({mgrmap=0+}) v3 -- 0x7f96241a28d0 con 0x7f962410ec80
2024-03-28T00:16:13.208 INFO:teuthology.orchestra.run.smithi119.stdout:/usr/bin/ceph: stderr
2024-03-28T00:16:12.253+0000 7f961aa00700 1 -- 172.21.15.119:0/3951651789 <== mon.0 v2:172.21.15.119:3300/0 3 ==== mon_map magic: 0 v1 ==== 205+0+0 (secure 0 0 0) 0x7f9614024930 con 0x7f962410ec80
2024-03-28T00:16:13.208 INFO:teuthology.orchestra.run.smithi119.stdout:/usr/bin/ceph: stderr
2024-03-28T00:16:12.253+0000 7f9628a00700 1 -- 172.21.15.119:0/3951651789 --> [v2:172.21.15.119:3300/0,v1:172.21.15.119:6789/0] -- mon_subscribe({osdmap=0}) v3 -- 0x7f96241a33f0 con 0x7f962410ec80
2024-03-28T00:16:13.208 INFO:teuthology.orchestra.run.smithi119.stdout:/usr/bin/ceph: stderr
2024-03-28T00:16:12.254+0000 7f961aa00700 1 -- 172.21.15.119:0/3951651789 <== mon.0 v2:172.21.15.119:3300/0 4 ==== mgrmap(e 13) v1 ==== 46163+0+0 (secure 0 0 0) 0x7f9614022020 con 0x7f962410ec80
2024-03-28T00:16:13.208 INFO:teuthology.orchestra.run.smithi119.stdout:/usr/bin/ceph: stderr
2024-03-28T00:16:12.254+0000 7f9628a00700 1 -- 172.21.15.119:0/3951651789 --> [v2:172.21.15.119:3300/0,v1:172.21.15.119:6789/0] -- mon_command({"prefix": "get_command_descriptions"} v 0) v1 -- 0x7f96240637c0 con 0x7f962410ec80
2024-03-28T00:16:13.208 INFO:teuthology.orchestra.run.smithi119.stdout:/usr/bin/ceph: stderr
2024-03-28T00:16:12.255+0000 7f961aa00700 1 --2- 172.21.15.119:0/3951651789 >> [v2:172.21.15.119:6800/1401937096,v1:172.21.15.119:6801/1401937096] conn(0x7f9608039070 0x7f960803b530 unknown :-1 s=NONE pgs=0 cs=0 l=1 rev1=0 crypto rx=0 tx=0 comp rx=0 tx=0).connect
2024-03-28T00:16:13.208 INFO:teuthology.orchestra.run.smithi119.stdout:/usr/bin/ceph: stderr
2024-03-28T00:16:12.255+0000 7f961aa00700 1 -- 172.21.15.119:0/3951651789 <== mon.0 v2:172.21.15.119:3300/0 5 ==== osd_map(3..3 src has 1..3) v4 ==== 1155+0+0 (secure 0 0 0) 0x7f961404d2e0 con 0x7f962410ec80
2024-03-28T00:16:13.208 INFO:teuthology.orchestra.run.smithi119.stdout:/usr/bin/ceph: stderr
2024-03-28T00:16:12.255+0000 7f9621400700 1 --2- 172.21.15.119:0/3951651789 >> [v2:172.21.15.119:6800/1401937096,v1:172.21.15.119:6801/1401937096] conn(0x7f9608039070 0x7f960803b530 unknown :-1 s=BANNER_CONNECTING pgs=0 cs=0 l=1 rev1=0 crypto rx=0 tx=0 comp rx=0 tx=0)._handle_peer_banner_payload supported=3 required=0
2024-03-28T00:16:13.208 INFO:teuthology.orchestra.run.smithi119.stdout:/usr/bin/ceph: stderr
2024-03-28T00:16:12.256+0000 7f9621400700 1 --2- 172.21.15.119:0/3951651789 >> [v2:172.21.15.119:6800/1401937096,v1:172.21.15.119:6801/1401937096] conn(0x7f9608039070 0x7f960803b530 secure :-1 s=READY pgs=10 cs=0 l=1 rev1=1 crypto rx=0x7f9610006fd0 tx=0x7f9610006e40 comp rx=0 tx=0).ready entity=mgr.14152 client_cookie=0 server_cookie=0 in_seq=0 out_seq=0
2024-03-28T00:16:13.208 INFO:teuthology.orchestra.run.smithi119.stdout:/usr/bin/ceph: stderr
2024-03-28T00:16:12.260+0000 7f961aa00700 1 -- 172.21.15.119:0/3951651789 <== mon.0 v2:172.21.15.119:3300/0 6 ==== mon_command_ack([{"prefix": "get_command_descriptions"}]=0 v0) v1 ==== 72+0+186149 (secure 0 0 0) 0x7f961400b3e0 con 0x7f962410ec80
2024-03-28T00:16:13.208 INFO:teuthology.orchestra.run.smithi119.stdout:/usr/bin/ceph: stderr
2024-03-28T00:16:12.489+0000 7f9628a00700 1 -- 172.21.15.119:0/3951651789 --> [v2:172.21.15.119:3300/0,v1:172.21.15.119:6789/0] -- mon_command([{prefix=config set, name=osd_memory_target_autotune}] v 0) v1 -- 0x7f96241a3870 con 0x7f962410ec80
2024-03-28T00:16:13.208 INFO:teuthology.orchestra.run.smithi119.stdout:/usr/bin/ceph: stderr
2024-03-28T00:16:12.490+0000 7f961aa00700 1 -- 172.21.15.119:0/3951651789 <== mon.0 v2:172.21.15.119:3300/0 7 ==== mon_command_ack([{prefix=config set, name=osd_memory_target_autotune}]=0 v8)=0 v8) v1 ==== 127+0+0 (secure 0 0 0) 0x7f961402dde0 con 0x7f962410ec80
2024-03-28T00:16:13.209 INFO:teuthology.orchestra.run.smithi119.stdout:/usr/bin/ceph: stderr
2024-03-28T00:16:12.493+0000 7f9628a00700 1 -- 172.21.15.119:0/3951651789 >> [v2:172.21.15.119:6800/1401937096,v1:172.21.15.119:6801/1401937096] conn(0x7f9608039070 msgr2=0x7f960803b530 secure :-1 s=STATE_CONNECTION_ESTABLISHED l=1).mark_down
2024-03-28T00:16:13.209 INFO:teuthology.orchestra.run.smithi119.stdout:/usr/bin/ceph: stderr
2024-03-28T00:16:12.493+0000 7f9628a00700 1 --2- 172.21.15.119:0/3951651789 >> [v2:172.21.15.119:6800/1401937096,v1:172.21.15.119:6801/1401937096] conn(0x7f9608039070 0x7f960803b530 secure :-1 s=READY pgs=10 cs=0 l=1 rev1=1 crypto rx=0x7f9610006fd0 tx=0x7f9610006e40 comp rx=0 tx=0).stop
2024-03-28T00:16:13.209 INFO:teuthology.orchestra.run.smithi119.stdout:/usr/bin/ceph: stderr
2024-03-28T00:16:12.493+0000 7f9628a00700 1 -- 172.21.15.119:0/3951651789 >> [v2:172.21.15.119:3300/0,v1:172.21.15.119:6789/0] conn(0x7f962410ec80 msgr2=0x7f96241a2100 secure :-1 s=STATE_CONNECTION_ESTABLISHED l=1).mark_down
2024-03-28T00:16:13.209 INFO:teuthology.orchestra.run.smithi119.stdout:/usr/bin/ceph: stderr
2024-03-28T00:16:12.493+0000 7f9628a00700 1 --2- 172.21.15.119:0/3951651789 >> [v2:172.21.15.119:3300/0,v1:172.21.15.119:6789/0] conn(0x7f962410ec80 0x7f96241a2100 secure :-1 s=READY pgs=77 cs=0 l=1 rev1=1 crypto rx=0x7f9614011b60 tx=0x7f9614011c40 comp rx=0 tx=0).stop
2024-03-28T00:16:13.209 INFO:teuthology.orchestra.run.smithi119.stdout:/usr/bin/ceph: stderr
2024-03-28T00:16:12.493+0000 7f9628a00700 1 -- 172.21.15.119:0/3951651789 shutdown_connections
2024-03-28T00:16:13.209 INFO:teuthology.orchestra.run.smithi119.stdout:/usr/bin/ceph: stderr
2024-03-28T00:16:12.493+0000 7f9628a00700 1 --2- 172.21.15.119:0/3951651789 >> [v2:172.21.15.119:6800/1401937096,v1:172.21.15.119:6801/1401937096] conn(0x7f9608039070 0x7f960803b530 unknown :-1 s=CLOSED pgs=10 cs=0 l=1 rev1=1 crypto rx=0 tx=0 comp rx=0 tx=0).stop
2024-03-28T00:16:13.209 INFO:teuthology.orchestra.run.smithi119.stdout:/usr/bin/ceph: stderr
2024-03-28T00:16:12.493+0000 7f9628a00700 1 --2- 172.21.15.119:0/3951651789 >> [v2:172.21.15.119:3300/0,v1:172.21.15.119:6789/0] conn(0x7f962410ec80 0x7f96241a2100 unknown :-1 s=CLOSED pgs=77 cs=0 l=1 rev1=1 crypto rx=0 tx=0 comp rx=0 tx=0).stop
2024-03-28T00:16:13.209 INFO:teuthology.orchestra.run.smithi119.stdout:/usr/bin/ceph: stderr
2024-03-28T00:16:12.493+0000 7f9628a00700 1 -- 172.21.15.119:0/3951651789 >> 172.21.15.119:0/3951651789 conn(0x7f962407d100 msgr2=0x7f962407dbc0 unknown :-1 s=STATE_NONE l=0).mark_down
2024-03-28T00:16:13.209 INFO:teuthology.orchestra.run.smithi119.stdout:/usr/bin/ceph: stderr
2024-03-28T00:16:12.494+0000 7f9628a00700 1 -- 172.21.15.119:0/3951651789 shutdown_connections
2024-03-28T00:16:13.209 INFO:teuthology.orchestra.run.smithi119.stdout:/usr/bin/ceph: stderr
2024-03-28T00:16:12.494+0000 7f9628a00700 1 -- 172.21.15.119:0/3951651789 wait complete.
2024-03-28T00:16:14.873 INFO:teuthology.orchestra.run.smithi119.stdout:/usr/bin/ceph: stderr
2024-03-28T00:16:13.818+0000 7fe4fd600700 1 Processor -- start
2024-03-28T00:16:14.874 INFO:teuthology.orchestra.run.smithi119.stdout:/usr/bin/ceph: stderr
2024-03-28T00:16:13.819+0000 7fe4fd600700 1 -- start start
2024-03-28T00:16:14.874 INFO:teuthology.orchestra.run.smithi119.stdout:/usr/bin/ceph: stderr
2024-03-28T00:16:13.819+0000 7fe4fd600700 1 --2- >> [v2:172.21.15.119:3300/0,v1:172.21.15.119:6789/0] conn(0x7fe4f807de70 0x7fe4f807c2d0 unknown :-1 s=NONE pgs=0 cs=0 l=0 rev1=0 crypto rx=0 tx=0 comp rx=0 tx=0).connect
2024-03-28T00:16:14.874 INFO:teuthology.orchestra.run.smithi119.stdout:/usr/bin/ceph: stderr
2024-03-28T00:16:13.819+0000 7fe4fd600700 1 -- --> [v2:172.21.15.119:3300/0,v1:172.21.15.119:6789/0] -- mon_getmap magic: 0 v1 -- 0x7fe4f807c8a0 con 0x7fe4f807de70
2024-03-28T00:16:14.874 INFO:teuthology.orchestra.run.smithi119.stdout:/usr/bin/ceph: stderr
2024-03-28T00:16:13.819+0000 7fe4f6a00700 1 --2- >> [v2:172.21.15.119:3300/0,v1:172.21.15.119:6789/0] conn(0x7fe4f807de70 0x7fe4f807c2d0 unknown :-1 s=BANNER_CONNECTING pgs=0 cs=0 l=0 rev1=0 crypto rx=0 tx=0 comp rx=0 tx=0)._handle_peer_banner_payload supported=3 required=0
2024-03-28T00:16:14.874 INFO:teuthology.orchestra.run.smithi119.stdout:/usr/bin/ceph: stderr
2024-03-28T00:16:13.819+0000 7fe4f6a00700 1 --2- >> [v2:172.21.15.119:3300/0,v1:172.21.15.119:6789/0] conn(0x7fe4f807de70 0x7fe4f807c2d0 unknown :-1 s=HELLO_CONNECTING pgs=0 cs=0 l=0 rev1=1 crypto rx=0 tx=0 comp rx=0 tx=0).handle_hello peer v2:172.21.15.119:3300/0 says I am v2:172.21.15.119:34250/0 (socket says 172.21.15.119:34250)
2024-03-28T00:16:14.874 INFO:teuthology.orchestra.run.smithi119.stdout:/usr/bin/ceph: stderr
2024-03-28T00:16:13.819+0000 7fe4f6a00700 1 -- 172.21.15.119:0/2405193696 learned_addr learned my addr 172.21.15.119:0/2405193696 (peer_addr_for_me v2:172.21.15.119:0/0)
2024-03-28T00:16:14.874 INFO:teuthology.orchestra.run.smithi119.stdout:/usr/bin/ceph: stderr
2024-03-28T00:16:13.820+0000 7fe4f6a00700 1 -- 172.21.15.119:0/2405193696 --> [v2:172.21.15.119:3300/0,v1:172.21.15.119:6789/0] -- mon_subscribe({config=0+,monmap=0+}) v3 -- 0x7fe4f807ca20 con 0x7fe4f807de70
2024-03-28T00:16:14.874 INFO:teuthology.orchestra.run.smithi119.stdout:/usr/bin/ceph: stderr
2024-03-28T00:16:13.820+0000 7fe4f6a00700 1 --2- 172.21.15.119:0/2405193696 >> [v2:172.21.15.119:3300/0,v1:172.21.15.119:6789/0] conn(0x7fe4f807de70 0x7fe4f807c2d0 secure :-1 s=READY pgs=78 cs=0 l=1 rev1=1 crypto rx=0x7fe4e8009e80 tx=0x7fe4e800b330 comp rx=0 tx=0).ready entity=mon.0 client_cookie=58a58816547df9f server_cookie=0 in_seq=0 out_seq=0
2024-03-28T00:16:14.875 INFO:teuthology.orchestra.run.smithi119.stdout:/usr/bin/ceph: stderr
2024-03-28T00:16:13.820+0000 7fe4f5600700 1 -- 172.21.15.119:0/2405193696 <== mon.0 v2:172.21.15.119:3300/0 1 ==== mon_map magic: 0 v1 ==== 205+0+0 (secure 0 0 0) 0x7fe4e8017070 con 0x7fe4f807de70
2024-03-28T00:16:14.875 INFO:teuthology.orchestra.run.smithi119.stdout:/usr/bin/ceph: stderr
2024-03-28T00:16:13.820+0000 7fe4f5600700 1 -- 172.21.15.119:0/2405193696 <== mon.0 v2:172.21.15.119:3300/0 2 ==== config(27 keys) v1 ==== 1140+0+0 (secure 0 0 0) 0x7fe4e800b8c0 con 0x7fe4f807de70
2024-03-28T00:16:14.875 INFO:teuthology.orchestra.run.smithi119.stdout:/usr/bin/ceph: stderr
2024-03-28T00:16:13.820+0000 7fe4f5600700 1 -- 172.21.15.119:0/2405193696 <== mon.0 v2:172.21.15.119:3300/0 3 ==== mon_map magic: 0 v1 ==== 205+0+0 (secure 0 0 0) 0x7fe4e80045c0 con 0x7fe4f807de70
2024-03-28T00:16:14.875 INFO:teuthology.orchestra.run.smithi119.stdout:/usr/bin/ceph: stderr
2024-03-28T00:16:13.821+0000 7fe4fd600700 1 -- 172.21.15.119:0/2405193696 >> [v2:172.21.15.119:3300/0,v1:172.21.15.119:6789/0] conn(0x7fe4f807de70 msgr2=0x7fe4f807c2d0 secure :-1 s=STATE_CONNECTION_ESTABLISHED l=1).mark_down
2024-03-28T00:16:14.875 INFO:teuthology.orchestra.run.smithi119.stdout:/usr/bin/ceph: stderr
2024-03-28T00:16:13.821+0000 7fe4fd600700 1 --2- 172.21.15.119:0/2405193696 >> [v2:172.21.15.119:3300/0,v1:172.21.15.119:6789/0] conn(0x7fe4f807de70 0x7fe4f807c2d0 secure :-1 s=READY pgs=78 cs=0 l=1 rev1=1 crypto rx=0x7fe4e8009e80 tx=0x7fe4e800b330 comp rx=0 tx=0).stop
2024-03-28T00:16:14.875 INFO:teuthology.orchestra.run.smithi119.stdout:/usr/bin/ceph: stderr
2024-03-28T00:16:13.821+0000 7fe4fd600700 1 -- 172.21.15.119:0/2405193696 shutdown_connections
2024-03-28T00:16:14.875 INFO:teuthology.orchestra.run.smithi119.stdout:/usr/bin/ceph: stderr
2024-03-28T00:16:13.821+0000 7fe4fd600700 1 --2- 172.21.15.119:0/2405193696 >> [v2:172.21.15.119:3300/0,v1:172.21.15.119:6789/0] conn(0x7fe4f807de70 0x7fe4f807c2d0 unknown :-1 s=CLOSED pgs=78 cs=0 l=1 rev1=1 crypto rx=0 tx=0 comp rx=0 tx=0).stop
2024-03-28T00:16:14.875 INFO:teuthology.orchestra.run.smithi119.stdout:/usr/bin/ceph: stderr
2024-03-28T00:16:13.821+0000 7fe4fd600700 1 -- 172.21.15.119:0/2405193696 >> 172.21.15.119:0/2405193696 conn(0x7fe4f81030f0 msgr2=0x7fe4f8105510 unknown :-1 s=STATE_NONE l=0).mark_down
2024-03-28T00:16:14.875 INFO:teuthology.orchestra.run.smithi119.stdout:/usr/bin/ceph: stderr
2024-03-28T00:16:13.821+0000 7fe4fd600700 1 -- 172.21.15.119:0/2405193696 shutdown_connections
2024-03-28T00:16:14.875 INFO:teuthology.orchestra.run.smithi119.stdout:/usr/bin/ceph: stderr
2024-03-28T00:16:13.821+0000 7fe4fd600700 1 -- 172.21.15.119:0/2405193696 wait complete.
2024-03-28T00:16:14.875 INFO:teuthology.orchestra.run.smithi119.stdout:/usr/bin/ceph: stderr
2024-03-28T00:16:13.822+0000 7fe4fd600700 1 Processor -- start
2024-03-28T00:16:14.876 INFO:teuthology.orchestra.run.smithi119.stdout:/usr/bin/ceph: stderr
2024-03-28T00:16:13.822+0000 7fe4fd600700 1 -- start start
2024-03-28T00:16:14.876 INFO:teuthology.orchestra.run.smithi119.stdout:/usr/bin/ceph: stderr
2024-03-28T00:16:13.823+0000 7fe4fd600700 1 --2- >> [v2:172.21.15.119:3300/0,v1:172.21.15.119:6789/0] conn(0x7fe4f807de70 0x7fe4f819de40 unknown :-1 s=NONE pgs=0 cs=0 l=1 rev1=0 crypto rx=0 tx=0 comp rx=0 tx=0).connect
2024-03-28T00:16:14.876 INFO:teuthology.orchestra.run.smithi119.stdout:/usr/bin/ceph: stderr
2024-03-28T00:16:13.823+0000 7fe4fd600700 1 -- --> [v2:172.21.15.119:3300/0,v1:172.21.15.119:6789/0] -- mon_getmap magic: 0 v1 -- 0x7fe4f810e170 con 0x7fe4f807de70
