2024-03-28T00:15:22.525 INFO:teuthology.orchestra.run.smithi119.stdout:/usr/bin/ceph: stderr
2024-03-28T00:15:21.431+0000 7f98e7400700 1 -- 172.21.15.119:0/3722552431 <== mon.0 v2:172.21.15.119:3300/0 3 ==== mon_map magic: 0 v1 ==== 205+0+0 (secure 0 0 0) 0x7f98e0017040 con 0x7f98f010ec80
2024-03-28T00:15:22.525 INFO:teuthology.orchestra.run.smithi119.stdout:/usr/bin/ceph: stderr
2024-03-28T00:15:21.431+0000 7f98f4c00700 1 -- 172.21.15.119:0/3722552431 --> [v2:172.21.15.119:3300/0,v1:172.21.15.119:6789/0] -- mon_subscribe({osdmap=0}) v3 -- 0x7f98f01a3420 con 0x7f98f010ec80
2024-03-28T00:15:22.525 INFO:teuthology.orchestra.run.smithi119.stdout:/usr/bin/ceph: stderr
2024-03-28T00:15:21.432+0000 7f98e7400700 1 -- 172.21.15.119:0/3722552431 <== mon.0 v2:172.21.15.119:3300/0 4 ==== mgrmap(e 4) v1 ==== 46095+0+0 (secure 0 0 0) 0x7f98e0023020 con 0x7f98f010ec80
2024-03-28T00:15:22.525 INFO:teuthology.orchestra.run.smithi119.stdout:/usr/bin/ceph: stderr
2024-03-28T00:15:21.432+0000 7f98f4c00700 1 -- 172.21.15.119:0/3722552431 --> [v2:172.21.15.119:3300/0,v1:172.21.15.119:6789/0] -- mon_command({"prefix": "get_command_descriptions"} v 0) v1 -- 0x7f98f00637c0 con 0x7f98f010ec80
2024-03-28T00:15:22.525 INFO:teuthology.orchestra.run.smithi119.stdout:/usr/bin/ceph: stderr
2024-03-28T00:15:21.433+0000 7f98e7400700 1 --2- 172.21.15.119:0/3722552431 >> [v2:172.21.15.119:6800/2056426384,v1:172.21.15.119:6801/2056426384] conn(0x7f98d4038ed0 0x7f98d403b390 unknown :-1 s=NONE pgs=0 cs=0 l=1 rev1=0 crypto rx=0 tx=0 comp rx=0 tx=0).connect
2024-03-28T00:15:22.525 INFO:teuthology.orchestra.run.smithi119.stdout:/usr/bin/ceph: stderr
2024-03-28T00:15:21.433+0000 7f98e7400700 1 -- 172.21.15.119:0/3722552431 <== mon.0 v2:172.21.15.119:3300/0 5 ==== osd_map(1..1 src has 1..1) v4 ==== 725+0+0 (secure 0 0 0) 0x7f98e000f050 con 0x7f98f010ec80
2024-03-28T00:15:22.525 INFO:teuthology.orchestra.run.smithi119.stdout:/usr/bin/ceph: stderr
2024-03-28T00:15:21.433+0000 7f98e5400700 1 --2- 172.21.15.119:0/3722552431 >> [v2:172.21.15.119:6800/2056426384,v1:172.21.15.119:6801/2056426384] conn(0x7f98d4038ed0 0x7f98d403b390 unknown :-1 s=BANNER_CONNECTING pgs=0 cs=0 l=1 rev1=0 crypto rx=0 tx=0 comp rx=0 tx=0)._handle_peer_banner_payload supported=3 required=0
2024-03-28T00:15:22.525 INFO:teuthology.orchestra.run.smithi119.stdout:/usr/bin/ceph: stderr
2024-03-28T00:15:21.434+0000 7f98e5400700 1 --2- 172.21.15.119:0/3722552431 >> [v2:172.21.15.119:6800/2056426384,v1:172.21.15.119:6801/2056426384] conn(0x7f98d4038ed0 0x7f98d403b390 secure :-1 s=READY pgs=8 cs=0 l=1 rev1=1 crypto rx=0x7f98d8006fd0 tx=0x7f98d8006e40 comp rx=0 tx=0).ready entity=mgr.14100 client_cookie=0 server_cookie=0 in_seq=0 out_seq=0
2024-03-28T00:15:22.525 INFO:teuthology.orchestra.run.smithi119.stdout:/usr/bin/ceph: stderr
2024-03-28T00:15:21.438+0000 7f98e7400700 1 -- 172.21.15.119:0/3722552431 <== mon.0 v2:172.21.15.119:3300/0 6 ==== mon_command_ack([{"prefix": "get_command_descriptions"}]=0 v0) v1 ==== 72+0+186149 (secure 0 0 0) 0x7f98e002a020 con 0x7f98f010ec80
2024-03-28T00:15:22.525 INFO:teuthology.orchestra.run.smithi119.stdout:/usr/bin/ceph: stderr
2024-03-28T00:15:21.717+0000 7f98f4c00700 1 -- 172.21.15.119:0/3722552431 --> [v2:172.21.15.119:3300/0,v1:172.21.15.119:6789/0] -- mon_command({"prefix": "mgr module enable", "module": "cephadm"} v 0) v1 -- 0x7f98f01a3990 con 0x7f98f010ec80
2024-03-28T00:15:22.525 INFO:teuthology.orchestra.run.smithi119.stdout:/usr/bin/ceph: stderr
2024-03-28T00:15:21.771+0000 7f98e7400700 1 -- 172.21.15.119:0/3722552431 <== mon.0 v2:172.21.15.119:3300/0 7 ==== mon_command_ack([{"prefix": "mgr module enable", "module": "cephadm"}]=0 v5) v1 ==== 86+0+0 (secure 0 0 0) 0x7f98e0011e70 con 0x7f98f010ec80
2024-03-28T00:15:22.525 INFO:teuthology.orchestra.run.smithi119.stdout:/usr/bin/ceph: stderr
2024-03-28T00:15:21.774+0000 7f98e7400700 1 -- 172.21.15.119:0/3722552431 <== mon.0 v2:172.21.15.119:3300/0 8 ==== mgrmap(e 5) v1 ==== 46106+0+0 (secure 0 0 0) 0x7f98e00127b0 con 0x7f98f010ec80
2024-03-28T00:15:22.525 INFO:teuthology.orchestra.run.smithi119.stdout:/usr/bin/ceph: stderr
2024-03-28T00:15:21.777+0000 7f98f4c00700 1 -- 172.21.15.119:0/3722552431 >> [v2:172.21.15.119:6800/2056426384,v1:172.21.15.119:6801/2056426384] conn(0x7f98d4038ed0 msgr2=0x7f98d403b390 secure :-1 s=STATE_CONNECTION_ESTABLISHED l=1).mark_down
2024-03-28T00:15:22.526 INFO:teuthology.orchestra.run.smithi119.stdout:/usr/bin/ceph: stderr
2024-03-28T00:15:21.777+0000 7f98f4c00700 1 --2- 172.21.15.119:0/3722552431 >> [v2:172.21.15.119:6800/2056426384,v1:172.21.15.119:6801/2056426384] conn(0x7f98d4038ed0 0x7f98d403b390 secure :-1 s=READY pgs=8 cs=0 l=1 rev1=1 crypto rx=0x7f98d8006fd0 tx=0x7f98d8006e40 comp rx=0 tx=0).stop
2024-03-28T00:15:22.526 INFO:teuthology.orchestra.run.smithi119.stdout:/usr/bin/ceph: stderr
2024-03-28T00:15:21.777+0000 7f98f4c00700 1 -- 172.21.15.119:0/3722552431 >> [v2:172.21.15.119:3300/0,v1:172.21.15.119:6789/0] conn(0x7f98f010ec80 msgr2=0x7f98f01a2130 secure :-1 s=STATE_CONNECTION_ESTABLISHED l=1).mark_down
2024-03-28T00:15:22.526 INFO:teuthology.orchestra.run.smithi119.stdout:/usr/bin/ceph: stderr
2024-03-28T00:15:21.777+0000 7f98f4c00700 1 --2- 172.21.15.119:0/3722552431 >> [v2:172.21.15.119:3300/0,v1:172.21.15.119:6789/0] conn(0x7f98f010ec80 0x7f98f01a2130 secure :-1 s=READY pgs=23 cs=0 l=1 rev1=1 crypto rx=0x7f98e0009e50 tx=0x7f98e000bd30 comp rx=0 tx=0).stop
2024-03-28T00:15:22.526 INFO:teuthology.orchestra.run.smithi119.stdout:/usr/bin/ceph: stderr
2024-03-28T00:15:21.777+0000 7f98f4c00700 1 -- 172.21.15.119:0/3722552431 shutdown_connections
2024-03-28T00:15:22.526 INFO:teuthology.orchestra.run.smithi119.stdout:/usr/bin/ceph: stderr
2024-03-28T00:15:21.777+0000 7f98f4c00700 1 --2- 172.21.15.119:0/3722552431 >> [v2:172.21.15.119:6800/2056426384,v1:172.21.15.119:6801/2056426384] conn(0x7f98d4038ed0 0x7f98d403b390 unknown :-1 s=CLOSED pgs=8 cs=0 l=1 rev1=1 crypto rx=0 tx=0 comp rx=0 tx=0).stop
2024-03-28T00:15:22.526 INFO:teuthology.orchestra.run.smithi119.stdout:/usr/bin/ceph: stderr
2024-03-28T00:15:21.777+0000 7f98f4c00700 1 --2- 172.21.15.119:0/3722552431 >> [v2:172.21.15.119:3300/0,v1:172.21.15.119:6789/0] conn(0x7f98f010ec80 0x7f98f01a2130 unknown :-1 s=CLOSED pgs=23 cs=0 l=1 rev1=1 crypto rx=0 tx=0 comp rx=0 tx=0).stop
2024-03-28T00:15:22.526 INFO:teuthology.orchestra.run.smithi119.stdout:/usr/bin/ceph: stderr
2024-03-28T00:15:21.777+0000 7f98f4c00700 1 -- 172.21.15.119:0/3722552431 >> 172.21.15.119:0/3722552431 conn(0x7f98f007d100 msgr2=0x7f98f007dc40 unknown :-1 s=STATE_NONE l=0).mark_down
2024-03-28T00:15:22.526 INFO:teuthology.orchestra.run.smithi119.stdout:/usr/bin/ceph: stderr
2024-03-28T00:15:21.777+0000 7f98f4c00700 1 -- 172.21.15.119:0/3722552431 shutdown_connections
2024-03-28T00:15:22.526 INFO:teuthology.orchestra.run.smithi119.stdout:/usr/bin/ceph: stderr
2024-03-28T00:15:21.777+0000 7f98f4c00700 1 -- 172.21.15.119:0/3722552431 wait complete.
2024-03-28T00:15:22.786 INFO:journalctl@ceph.mgr.x.smithi119.stdout:Mar 28 00:15:22 smithi119 ceph-10f73b92-ec98-11ee-95d0-87774f69a715-mgr-x[31752]:
2024-03-28T00:15:22.538+0000 7f8e1aaa9200 -1 mgr[py] Module osd_perf_query has missing NOTIFY_TYPES member
2024-03-28T00:15:22.786 INFO:journalctl@ceph.mgr.x.smithi119.stdout:Mar 28 00:15:22 smithi119 ceph-10f73b92-ec98-11ee-95d0-87774f69a715-mgr-x[31752]:
2024-03-28T00:15:22.664+0000 7f8e1aaa9200 -1 mgr[py] Module snap_schedule has missing NOTIFY_TYPES member
2024-03-28T00:15:23.065 INFO:journalctl@ceph.mon.a.smithi119.stdout:Mar 28 00:15:22 smithi119 ceph-mon[31518]: from='client.? 172.21.15.119:0/3722552431' entity='client.admin' cmd='[{"prefix": "mgr module enable", "module": "cephadm"}]': finished
2024-03-28T00:15:23.065 INFO:journalctl@ceph.mon.a.smithi119.stdout:Mar 28 00:15:22 smithi119 ceph-mon[31518]: mgrmap e5: x(active, since 5s)
2024-03-28T00:15:23.619 INFO:journalctl@ceph.mgr.x.smithi119.stdout:Mar 28 00:15:23 smithi119 ceph-10f73b92-ec98-11ee-95d0-87774f69a715-mgr-x[31752]:
2024-03-28T00:15:23.490+0000 7f8e1aaa9200 -1 mgr[py] Module zabbix has missing NOTIFY_TYPES member
2024-03-28T00:15:23.619 INFO:journalctl@ceph.mgr.x.smithi119.stdout:Mar 28 00:15:23 smithi119 ceph-10f73b92-ec98-11ee-95d0-87774f69a715-mgr-x[31752]:
2024-03-28T00:15:23.612+0000 7f8e1aaa9200 -1 mgr[py] Module balancer has missing NOTIFY_TYPES member
2024-03-28T00:15:23.905 INFO:journalctl@ceph.mgr.x.smithi119.stdout:Mar 28 00:15:23 smithi119 ceph-10f73b92-ec98-11ee-95d0-87774f69a715-mgr-x[31752]:
2024-03-28T00:15:23.793+0000 7f8e1aaa9200 -1 mgr[py] Module influx has missing NOTIFY_TYPES member
2024-03-28T00:15:23.906 INFO:journalctl@ceph.mon.a.smithi119.stdout:Mar 28 00:15:23 smithi119 ceph-mon[31518]: from='client.? 172.21.15.119:0/3965801874' entity='client.admin' cmd=[{"prefix": "mgr stat"}]: dispatch
2024-03-28T00:15:24.050 INFO:teuthology.orchestra.run.smithi119.stdout:/usr/bin/ceph: stdout {
2024-03-28T00:15:24.050 INFO:teuthology.orchestra.run.smithi119.stdout:/usr/bin/ceph: stdout "epoch": 5,
2024-03-28T00:15:24.051 INFO:teuthology.orchestra.run.smithi119.stdout:/usr/bin/ceph: stdout "available": true,
2024-03-28T00:15:24.051 INFO:teuthology.orchestra.run.smithi119.stdout:/usr/bin/ceph: stdout "active_name": "x",
2024-03-28T00:15:24.051 INFO:teuthology.orchestra.run.smithi119.stdout:/usr/bin/ceph: stdout "num_standby": 0
2024-03-28T00:15:24.051 INFO:teuthology.orchestra.run.smithi119.stdout:/usr/bin/ceph: stdout }
2024-03-28T00:15:24.051 INFO:teuthology.orchestra.run.smithi119.stdout:/usr/bin/ceph: stderr
2024-03-28T00:15:23.057+0000 7f41b2200700 1 Processor -- start
2024-03-28T00:15:24.051 INFO:teuthology.orchestra.run.smithi119.stdout:/usr/bin/ceph: stderr
2024-03-28T00:15:23.058+0000 7f41b2200700 1 -- start start
2024-03-28T00:15:24.051 INFO:teuthology.orchestra.run.smithi119.stdout:/usr/bin/ceph: stderr
2024-03-28T00:15:23.058+0000 7f41b2200700 1 --2- >> [v2:172.21.15.119:3300/0,v1:172.21.15.119:6789/0] conn(0x7f41ac107b40 0x7f41ac107f60 unknown :-1 s=NONE pgs=0 cs=0 l=0 rev1=0 crypto rx=0 tx=0 comp rx=0 tx=0).connect
2024-03-28T00:15:24.051 INFO:teuthology.orchestra.run.smithi119.stdout:/usr/bin/ceph: stderr
2024-03-28T00:15:23.058+0000 7f41b2200700 1 -- --> [v2:172.21.15.119:3300/0,v1:172.21.15.119:6789/0] -- mon_getmap magic: 0 v1 -- 0x7f41ac108530 con 0x7f41ac107b40
2024-03-28T00:15:24.051 INFO:teuthology.orchestra.run.smithi119.stdout:/usr/bin/ceph: stderr
2024-03-28T00:15:23.058+0000 7f41ab400700 1 --2- >> [v2:172.21.15.119:3300/0,v1:172.21.15.119:6789/0] conn(0x7f41ac107b40 0x7f41ac107f60 unknown :-1 s=BANNER_CONNECTING pgs=0 cs=0 l=0 rev1=0 crypto rx=0 tx=0 comp rx=0 tx=0)._handle_peer_banner_payload supported=3 required=0
2024-03-28T00:15:24.051 INFO:teuthology.orchestra.run.smithi119.stdout:/usr/bin/ceph: stderr
2024-03-28T00:15:23.059+0000 7f41ab400700 1 --2- >> [v2:172.21.15.119:3300/0,v1:172.21.15.119:6789/0] conn(0x7f41ac107b40 0x7f41ac107f60 unknown :-1 s=HELLO_CONNECTING pgs=0 cs=0 l=0 rev1=1 crypto rx=0 tx=0 comp rx=0 tx=0).handle_hello peer v2:172.21.15.119:3300/0 says I am v2:172.21.15.119:40092/0 (socket says 172.21.15.119:40092)
2024-03-28T00:15:24.051 INFO:teuthology.orchestra.run.smithi119.stdout:/usr/bin/ceph: stderr
2024-03-28T00:15:23.059+0000 7f41ab400700 1 -- 172.21.15.119:0/4230116683 learned_addr learned my addr 172.21.15.119:0/4230116683 (peer_addr_for_me v2:172.21.15.119:0/0)
2024-03-28T00:15:24.052 INFO:teuthology.orchestra.run.smithi119.stdout:/usr/bin/ceph: stderr
2024-03-28T00:15:23.059+0000 7f41ab400700 1 -- 172.21.15.119:0/4230116683 --> [v2:172.21.15.119:3300/0,v1:172.21.15.119:6789/0] -- mon_subscribe({config=0+,monmap=0+}) v3 -- 0x7f41ac108cf0 con 0x7f41ac107b40
2024-03-28T00:15:24.052 INFO:teuthology.orchestra.run.smithi119.stdout:/usr/bin/ceph: stderr
2024-03-28T00:15:23.059+0000 7f41ab400700 1 --2- 172.21.15.119:0/4230116683 >> [v2:172.21.15.119:3300/0,v1:172.21.15.119:6789/0] conn(0x7f41ac107b40 0x7f41ac107f60 secure :-1 s=READY pgs=26 cs=0 l=1 rev1=1 crypto rx=0x7f419c0098a0 tx=0x7f419c009bb0 comp rx=0 tx=0).ready entity=mon.0 client_cookie=fefdec59a55c37b6 server_cookie=0 in_seq=0 out_seq=0
2024-03-28T00:15:24.052 INFO:teuthology.orchestra.run.smithi119.stdout:/usr/bin/ceph: stderr
2024-03-28T00:15:23.060+0000 7f41aa000700 1 -- 172.21.15.119:0/4230116683 <== mon.0 v2:172.21.15.119:3300/0 1 ==== mon_map magic: 0 v1 ==== 205+0+0 (secure 0 0 0) 0x7f419c004160 con 0x7f41ac107b40
2024-03-28T00:15:24.052 INFO:teuthology.orchestra.run.smithi119.stdout:/usr/bin/ceph: stderr
2024-03-28T00:15:23.060+0000 7f41aa000700 1 -- 172.21.15.119:0/4230116683 <== mon.0 v2:172.21.15.119:3300/0 2 ==== config(27 keys) v1 ==== 1109+0+0 (secure 0 0 0) 0x7f419c004300 con 0x7f41ac107b40
2024-03-28T00:15:24.052 INFO:teuthology.orchestra.run.smithi119.stdout:/usr/bin/ceph: stderr
2024-03-28T00:15:23.060+0000 7f41aa000700 1 -- 172.21.15.119:0/4230116683 <== mon.0 v2:172.21.15.119:3300/0 3 ==== mon_map magic: 0 v1 ==== 205+0+0 (secure 0 0 0) 0x7f419c011b50 con 0x7f41ac107b40
2024-03-28T00:15:24.052 INFO:teuthology.orchestra.run.smithi119.stdout:/usr/bin/ceph: stderr
2024-03-28T00:15:23.061+0000 7f41b2200700 1 -- 172.21.15.119:0/4230116683 >> [v2:172.21.15.119:3300/0,v1:172.21.15.119:6789/0] conn(0x7f41ac107b40 msgr2=0x7f41ac107f60 secure :-1 s=STATE_CONNECTION_ESTABLISHED l=1).mark_down
2024-03-28T00:15:24.052 INFO:teuthology.orchestra.run.smithi119.stdout:/usr/bin/ceph: stderr
2024-03-28T00:15:23.061+0000 7f41b2200700 1 --2- 172.21.15.119:0/4230116683 >> [v2:172.21.15.119:3300/0,v1:172.21.15.119:6789/0] conn(0x7f41ac107b40 0x7f41ac107f60 secure :-1 s=READY pgs=26 cs=0 l=1 rev1=1 crypto rx=0x7f419c0098a0 tx=0x7f419c009bb0 comp rx=0 tx=0).stop
2024-03-28T00:15:24.052 INFO:teuthology.orchestra.run.smithi119.stdout:/usr/bin/ceph: stderr
2024-03-28T00:15:23.061+0000 7f41b2200700 1 -- 172.21.15.119:0/4230116683 shutdown_connections
2024-03-28T00:15:24.052 INFO:teuthology.orchestra.run.smithi119.stdout:/usr/bin/ceph: stderr
2024-03-28T00:15:23.061+0000 7f41b2200700 1 --2- 172.21.15.119:0/4230116683 >> [v2:172.21.15.119:3300/0,v1:172.21.15.119:6789/0] conn(0x7f41ac107b40 0x7f41ac107f60 unknown :-1 s=CLOSED pgs=26 cs=0 l=1 rev1=1 crypto rx=0 tx=0 comp rx=0 tx=0).stop
2024-03-28T00:15:24.052 INFO:teuthology.orchestra.run.smithi119.stdout:/usr/bin/ceph: stderr
2024-03-28T00:15:23.061+0000 7f41b2200700 1 -- 172.21.15.119:0/4230116683 >> 172.21.15.119:0/4230116683 conn(0x7f41ac103140 msgr2=0x7f41ac105560 unknown :-1 s=STATE_NONE l=0).mark_down
2024-03-28T00:15:24.052 INFO:teuthology.orchestra.run.smithi119.stdout:/usr/bin/ceph: stderr
2024-03-28T00:15:23.061+0000 7f41b2200700 1 -- 172.21.15.119:0/4230116683 shutdown_connections
2024-03-28T00:15:24.052 INFO:teuthology.orchestra.run.smithi119.stdout:/usr/bin/ceph: stderr
2024-03-28T00:15:23.061+0000 7f41b2200700 1 -- 172.21.15.119:0/4230116683 wait complete.
2024-03-28T00:15:24.052 INFO:teuthology.orchestra.run.smithi119.stdout:/usr/bin/ceph: stderr
2024-03-28T00:15:23.062+0000 7f41b2200700 1 Processor -- start
2024-03-28T00:15:24.052 INFO:teuthology.orchestra.run.smithi119.stdout:/usr/bin/ceph: stderr
2024-03-28T00:15:23.062+0000 7f41b2200700 1 -- start start
2024-03-28T00:15:24.053 INFO:teuthology.orchestra.run.smithi119.stdout:/usr/bin/ceph: stderr
2024-03-28T00:15:23.063+0000 7f41b2200700 1 --2- >> [v2:172.21.15.119:3300/0,v1:172.21.15.119:6789/0] conn(0x7f41ac107b40 0x7f41ac19bae0 unknown :-1 s=NONE pgs=0 cs=0 l=1 rev1=0 crypto rx=0 tx=0 comp rx=0 tx=0).connect
2024-03-28T00:15:24.053 INFO:teuthology.orchestra.run.smithi119.stdout:/usr/bin/ceph: stderr
2024-03-28T00:15:23.063+0000 7f41b2200700 1 -- --> [v2:172.21.15.119:3300/0,v1:172.21.15.119:6789/0] -- mon_getmap magic: 0 v1 -- 0x7f41ac10c0a0 con 0x7f41ac107b40
2024-03-28T00:15:24.053 INFO:teuthology.orchestra.run.smithi119.stdout:/usr/bin/ceph: stderr
2024-03-28T00:15:23.063+0000 7f41ab400700 1 --2- >> [v2:172.21.15.119:3300/0,v1:172.21.15.119:6789/0] conn(0x7f41ac107b40 0x7f41ac19bae0 unknown :-1 s=BANNER_CONNECTING pgs=0 cs=0 l=1 rev1=0 crypto rx=0 tx=0 comp rx=0 tx=0)._handle_peer_banner_payload supported=3 required=0
2024-03-28T00:15:24.053 INFO:teuthology.orchestra.run.smithi119.stdout:/usr/bin/ceph: stderr
2024-03-28T00:15:23.063+0000 7f41ab400700 1 --2- >> [v2:172.21.15.119:3300/0,v1:172.21.15.119:6789/0] conn(0x7f41ac107b40 0x7f41ac19bae0 unknown :-1 s=HELLO_CONNECTING pgs=0 cs=0 l=1 rev1=1 crypto rx=0 tx=0 comp rx=0 tx=0).handle_hello peer v2:172.21.15.119:3300/0 says I am v2:172.21.15.119:40100/0 (socket says 172.21.15.119:40100)
2024-03-28T00:15:24.053 INFO:teuthology.orchestra.run.smithi119.stdout:/usr/bin/ceph: stderr
2024-03-28T00:15:23.063+0000 7f41ab400700 1 -- 172.21.15.119:0/3965801874 learned_addr learned my addr 172.21.15.119:0/3965801874 (peer_addr_for_me v2:172.21.15.119:0/0)
2024-03-28T00:15:24.053 INFO:teuthology.orchestra.run.smithi119.stdout:/usr/bin/ceph: stderr
2024-03-28T00:15:23.064+0000 7f41ab400700 1 -- 172.21.15.119:0/3965801874 --> [v2:172.21.15.119:3300/0,v1:172.21.15.119:6789/0] -- mon_subscribe({config=0+,monmap=0+}) v3 -- 0x7f41ac19c020 con 0x7f41ac107b40
2024-03-28T00:15:24.053 INFO:teuthology.orchestra.run.smithi119.stdout:/usr/bin/ceph: stderr
2024-03-28T00:15:23.064+0000 7f41ab400700 1 --2- 172.21.15.119:0/3965801874 >> [v2:172.21.15.119:3300/0,v1:172.21.15.119:6789/0] conn(0x7f41ac107b40 0x7f41ac19bae0 secure :-1 s=READY pgs=27 cs=0 l=1 rev1=1 crypto rx=0x7f419c011850 tx=0x7f419c011c10 comp rx=0 tx=0).ready entity=mon.0 client_cookie=0 server_cookie=0 in_seq=0 out_seq=0
2024-03-28T00:15:24.053 INFO:teuthology.orchestra.run.smithi119.stdout:/usr/bin/ceph: stderr
2024-03-28T00:15:23.064+0000 7f41a3e00700 1 -- 172.21.15.119:0/3965801874 <== mon.0 v2:172.21.15.119:3300/0 1 ==== mon_map magic: 0 v1 ==== 205+0+0 (secure 0 0 0) 0x7f419c003af0 con 0x7f41ac107b40
2024-03-28T00:15:24.053 INFO:teuthology.orchestra.run.smithi119.stdout:/usr/bin/ceph: stderr
2024-03-28T00:15:23.064+0000 7f41a3e00700 1 -- 172.21.15.119:0/3965801874 <== mon.0 v2:172.21.15.119:3300/0 2 ==== config(27 keys) v1 ==== 1109+0+0 (secure 0 0 0) 0x7f419c020070 con 0x7f41ac107b40
2024-03-28T00:15:24.053 INFO:teuthology.orchestra.run.smithi119.stdout:/usr/bin/ceph: stderr
2024-03-28T00:15:23.064+0000 7f41b2200700 1 -- 172.21.15.119:0/3965801874 --> [v2:172.21.15.119:3300/0,v1:172.21.15.119:6789/0] -- mon_subscribe({mgrmap=0+}) v3 -- 0x7f41ac19c2b0 con 0x7f41ac107b40
2024-03-28T00:15:24.053 INFO:teuthology.orchestra.run.smithi119.stdout:/usr/bin/ceph: stderr
2024-03-28T00:15:23.064+0000 7f41a3e00700 1 -- 172.21.15.119:0/3965801874 <== mon.0 v2:172.21.15.119:3300/0 3 ==== mon_map magic: 0 v1 ==== 205+0+0 (secure 0 0 0) 0x7f419c0195a0 con 0x7f41ac107b40
2024-03-28T00:15:24.053 INFO:teuthology.orchestra.run.smithi119.stdout:/usr/bin/ceph: stderr
2024-03-28T00:15:23.064+0000 7f41b2200700 1 -- 172.21.15.119:0/3965801874 --> [v2:172.21.15.119:3300/0,v1:172.21.15.119:6789/0] -- mon_subscribe({osdmap=0}) v3 -- 0x7f41ac19efa0 con 0x7f41ac107b40
2024-03-28T00:15:24.053 INFO:teuthology.orchestra.run.smithi119.stdout:/usr/bin/ceph: stderr
2024-03-28T00:15:23.065+0000 7f41b2200700 1 -- 172.21.15.119:0/3965801874 --> [v2:172.21.15.119:3300/0,v1:172.21.15.119:6789/0] -- mon_command({"prefix": "get_command_descriptions"} v 0) v1 -- 0x7f41ac069260 con 0x7f41ac107b40
2024-03-28T00:15:24.053 INFO:teuthology.orchestra.run.smithi119.stdout:/usr/bin/ceph: stderr
2024-03-28T00:15:23.065+0000 7f41a3e00700 1 -- 172.21.15.119:0/3965801874 <== mon.0 v2:172.21.15.119:3300/0 4 ==== mgrmap(e 5) v1 ==== 46106+0+0 (secure 0 0 0) 0x7f419c019850 con 0x7f41ac107b40
2024-03-28T00:15:24.053 INFO:teuthology.orchestra.run.smithi119.stdout:/usr/bin/ceph: stderr
2024-03-28T00:15:23.066+0000 7f41a3e00700 1 --2- 172.21.15.119:0/3965801874 >> [v2:172.21.15.119:6800/2056426384,v1:172.21.15.119:6801/2056426384] conn(0x7f4190038f70 0x7f419003b430 unknown :-1 s=NONE pgs=0 cs=0 l=1 rev1=0 crypto rx=0 tx=0 comp rx=0 tx=0).connect
2024-03-28T00:15:24.054 INFO:teuthology.orchestra.run.smithi119.stdout:/usr/bin/ceph: stderr
2024-03-28T00:15:23.066+0000 7f41a3e00700 1 -- 172.21.15.119:0/3965801874 <== mon.0 v2:172.21.15.119:3300/0 5 ==== osd_map(1..1 src has 1..1) v4 ==== 725+0+0 (secure 0 0 0) 0x7f419c011e00 con 0x7f41ac107b40
2024-03-28T00:15:24.054 INFO:teuthology.orchestra.run.smithi119.stdout:/usr/bin/ceph: stderr
2024-03-28T00:15:23.066+0000 7f41aaa00700 1 -- 172.21.15.119:0/3965801874 >> [v2:172.21.15.119:6800/2056426384,v1:172.21.15.119:6801/2056426384] conn(0x7f4190038f70 msgr2=0x7f419003b430 unknown :-1 s=STATE_CONNECTING_RE l=1).process reconnect failed to v2:172.21.15.119:6800/2056426384
2024-03-28T00:15:24.054 INFO:teuthology.orchestra.run.smithi119.stdout:/usr/bin/ceph: stderr
2024-03-28T00:15:23.066+0000 7f41aaa00700 1 --2- 172.21.15.119:0/3965801874 >> [v2:172.21.15.119:6800/2056426384,v1:172.21.15.119:6801/2056426384] conn(0x7f4190038f70 0x7f419003b430 unknown :-1 s=START_CONNECT pgs=0 cs=0 l=1 rev1=0 crypto rx=0 tx=0 comp rx=0 tx=0)._fault waiting 0.200000
2024-03-28T00:15:24.054 INFO:teuthology.orchestra.run.smithi119.stdout:/usr/bin/ceph: stderr
2024-03-28T00:15:23.071+0000 7f41a3e00700 1 -- 172.21.15.119:0/3965801874 <== mon.0 v2:172.21.15.119:3300/0 6 ==== mon_command_ack([{"prefix": "get_command_descriptions"}]=0 v0) v1 ==== 72+0+186149 (secure 0 0 0) 0x7f419c003c90 con 0x7f41ac107b40
2024-03-28T00:15:24.054 INFO:teuthology.orchestra.run.smithi119.stdout:/usr/bin/ceph: stderr
2024-03-28T00:15:23.267+0000 7f41aaa00700 1 -- 172.21.15.119:0/3965801874 >> [v2:172.21.15.119:6800/2056426384,v1:172.21.15.119:6801/2056426384] conn(0x7f4190038f70 msgr2=0x7f419003b430 unknown :-1 s=STATE_CONNECTING_RE l=1).process reconnect failed to v2:172.21.15.119:6800/2056426384
2024-03-28T00:15:24.054 INFO:teuthology.orchestra.run.smithi119.stdout:/usr/bin/ceph: stderr
2024-03-28T00:15:23.267+0000 7f41aaa00700 1 --2- 172.21.15.119:0/3965801874 >> [v2:172.21.15.119:6800/2056426384,v1:172.21.15.119:6801/2056426384] conn(0x7f4190038f70 0x7f419003b430 unknown :-1 s=START_CONNECT pgs=0 cs=0 l=1 rev1=0 crypto rx=0 tx=0 comp rx=0 tx=0)._fault waiting 0.400000
2024-03-28T00:15:24.054 INFO:teuthology.orchestra.run.smithi119.stdout:/usr/bin/ceph: stderr
2024-03-28T00:15:23.351+0000 7f41b2200700 1 -- 172.21.15.119:0/3965801874 --> [v2:172.21.15.119:3300/0,v1:172.21.15.119:6789/0] -- mon_command({"prefix": "mgr stat"} v 0) v1 -- 0x7f41ac19f170 con 0x7f41ac107b40
2024-03-28T00:15:24.054 INFO:teuthology.orchestra.run.smithi119.stdout:/usr/bin/ceph: stderr
2024-03-28T00:15:23.352+0000 7f41a3e00700 1 -- 172.21.15.119:0/3965801874 <== mon.0 v2:172.21.15.119:3300/0 7 ==== mon_command_ack([{"prefix": "mgr stat"}]=0 v5) v1 ==== 56+0+88 (secure 0 0 0) 0x7f41ac19f170 con 0x7f41ac107b40
2024-03-28T00:15:24.054 INFO:teuthology.orchestra.run.smithi119.stdout:/usr/bin/ceph: stderr
2024-03-28T00:15:23.356+0000 7f41b2200700 1 -- 172.21.15.119:0/3965801874 >> [v2:172.21.15.119:6800/2056426384,v1:172.21.15.119:6801/2056426384] conn(0x7f4190038f70 msgr2=0x7f419003b430 unknown :-1 s=STATE_CONNECTING l=1).mark_down
2024-03-28T00:15:24.054 INFO:teuthology.orchestra.run.smithi119.stdout:/usr/bin/ceph: stderr
2024-03-28T00:15:23.356+0000 7f41b2200700 1 --2- 172.21.15.119:0/3965801874 >> [v2:172.21.15.119:6800/2056426384,v1:172.21.15.119:6801/2056426384] conn(0x7f4190038f70 0x7f419003b430 unknown :-1 s=START_CONNECT pgs=0 cs=0 l=1 rev1=0 crypto rx=0 tx=0 comp rx=0 tx=0).stop
2024-03-28T00:15:24.054 INFO:teuthology.orchestra.run.smithi119.stdout:/usr/bin/ceph: stderr
2024-03-28T00:15:23.356+0000 7f41b2200700 1 -- 172.21.15.119:0/3965801874 >> [v2:172.21.15.119:3300/0,v1:172.21.15.119:6789/0] conn(0x7f41ac107b40 msgr2=0x7f41ac19bae0 secure :-1 s=STATE_CONNECTION_ESTABLISHED l=1).mark_down
2024-03-28T00:15:24.054 INFO:teuthology.orchestra.run.smithi119.stdout:/usr/bin/ceph: stderr
2024-03-28T00:15:23.356+0000 7f41b2200700 1 --2- 172.21.15.119:0/3965801874 >> [v2:172.21.15.119:3300/0,v1:172.21.15.119:6789/0] conn(0x7f41ac107b40 0x7f41ac19bae0 secure :-1 s=READY pgs=27 cs=0 l=1 rev1=1 crypto rx=0x7f419c011850 tx=0x7f419c011c10 comp rx=0 tx=0).stop
2024-03-28T00:15:24.054 INFO:teuthology.orchestra.run.smithi119.stdout:/usr/bin/ceph: stderr
2024-03-28T00:15:23.356+0000 7f41b2200700 1 -- 172.21.15.119:0/3965801874 shutdown_connections
2024-03-28T00:15:24.054 INFO:teuthology.orchestra.run.smithi119.stdout:/usr/bin/ceph: stderr
2024-03-28T00:15:23.356+0000 7f41b2200700 1 --2- 172.21.15.119:0/3965801874 >> [v2:172.21.15.119:6800/2056426384,v1:172.21.15.119:6801/2056426384] conn(0x7f4190038f70 0x7f419003b430 unknown :-1 s=CLOSED pgs=0 cs=0 l=1 rev1=0 crypto rx=0 tx=0 comp rx=0 tx=0).stop
2024-03-28T00:15:24.055 INFO:teuthology.orchestra.run.smithi119.stdout:/usr/bin/ceph: stderr
2024-03-28T00:15:23.356+0000 7f41b2200700 1 --2- 172.21.15.119:0/3965801874 >> [v2:172.21.15.119:3300/0,v1:172.21.15.119:6789/0] conn(0x7f41ac107b40 0x7f41ac19bae0 unknown :-1 s=CLOSED pgs=27 cs=0 l=1 rev1=1 crypto rx=0 tx=0 comp rx=0 tx=0).stop
2024-03-28T00:15:24.055 INFO:teuthology.orchestra.run.smithi119.stdout:/usr/bin/ceph: stderr
2024-03-28T00:15:23.356+0000 7f41b2200700 1 -- 172.21.15.119:0/3965801874 >> 172.21.15.119:0/3965801874 conn(0x7f41ac103140 msgr2=0x7f41ac103c80 unknown :-1 s=STATE_NONE l=0).mark_down
2024-03-28T00:15:24.055 INFO:teuthology.orchestra.run.smithi119.stdout:/usr/bin/ceph: stderr
2024-03-28T00:15:23.357+0000 7f41b2200700 1 -- 172.21.15.119:0/3965801874 shutdown_connections
2024-03-28T00:15:24.055 INFO:teuthology.orchestra.run.smithi119.stdout:/usr/bin/ceph: stderr
2024-03-28T00:15:23.357+0000 7f41b2200700 1 -- 172.21.15.119:0/3965801874 wait complete.
2024-03-28T00:15:24.055 INFO:teuthology.orchestra.run.smithi119.stdout:Waiting for the mgr to restart...
2024-03-28T00:15:24.055 INFO:teuthology.orchestra.run.smithi119.stdout:Waiting for mgr epoch 5...
2024-03-28T00:15:24.196 INFO:journalctl@ceph.mgr.x.smithi119.stdout:Mar 28 00:15:23 smithi119 ceph-10f73b92-ec98-11ee-95d0-87774f69a715-mgr-x[31752]:
2024-03-28T00:15:23.917+0000 7f8e1aaa9200 -1 mgr[py] Module alerts has missing NOTIFY_TYPES member
2024-03-28T00:15:24.196 INFO:journalctl@ceph.mgr.x.smithi119.stdout:Mar 28 00:15:24 smithi119 ceph-10f73b92-ec98-11ee-95d0-87774f69a715-mgr-x[31752]:
2024-03-28T00:15:24.027+0000 7f8e1aaa9200 -1 mgr[py] Module iostat has missing NOTIFY_TYPES member
2024-03-28T00:15:24.484 INFO:journalctl@ceph.mgr.x.smithi119.stdout:Mar 28 00:15:24 smithi119 ceph-10f73b92-ec98-11ee-95d0-87774f69a715-mgr-x[31752]:
2024-03-28T00:15:24.368+0000 7f8e1aaa9200 -1 mgr[py] Module rgw has missing NOTIFY_TYPES member
2024-03-28T00:15:24.760 INFO:journalctl@ceph.mgr.x.smithi119.stdout:Mar 28 00:15:24 smithi119 ceph-10f73b92-ec98-11ee-95d0-87774f69a715-mgr-x[31752]:
2024-03-28T00:15:24.512+0000 7f8e1aaa9200 -1 mgr[py] Module rbd_support has missing NOTIFY_TYPES member
2024-03-28T00:15:24.760 INFO:journalctl@ceph.mgr.x.smithi119.stdout:Mar 28 00:15:24 smithi119 ceph-10f73b92-ec98-11ee-95d0-87774f69a715-mgr-x[31752]:
2024-03-28T00:15:24.628+0000 7f8e1aaa9200 -1 mgr[py] Module progress has missing NOTIFY_TYPES member
2024-03-28T00:15:24.760 INFO:journalctl@ceph.mgr.x.smithi119.stdout:Mar 28 00:15:24 smithi119 ceph-10f73b92-ec98-11ee-95d0-87774f69a715-mgr-x[31752]:
2024-03-28T00:15:24.753+0000 7f8e1aaa9200 -1 mgr[py] Module pg_autoscaler has missing NOTIFY_TYPES member
2024-03-28T00:15:25.155 INFO:journalctl@ceph.mgr.x.smithi119.stdout:Mar 28 00:15:24 smithi119 ceph-10f73b92-ec98-11ee-95d0-87774f69a715-mgr-x[31752]:
2024-03-28T00:15:24.970+0000 7f8e1aaa9200 -1 mgr[py] Module devicehealth has missing NOTIFY_TYPES member
2024-03-28T00:15:26.656 INFO:journalctl@ceph.mgr.x.smithi119.stdout:Mar 28 00:15:26 smithi119 ceph-10f73b92-ec98-11ee-95d0-87774f69a715-mgr-x[31752]:
2024-03-28T00:15:26.215+0000 7f8e1aaa9200 -1 mgr[py] Module rook has missing NOTIFY_TYPES member
2024-03-28T00:15:26.656 INFO:journalctl@ceph.mgr.x.smithi119.stdout:Mar 28 00:15:26 smithi119 ceph-10f73b92-ec98-11ee-95d0-87774f69a715-mgr-x[31752]:
2024-03-28T00:15:26.383+0000 7f8e1aaa9200 -1 mgr[py] Module diskprediction_local has missing NOTIFY_TYPES member
2024-03-28T00:15:27.155 INFO:journalctl@ceph.mgr.x.smithi119.stdout:Mar 28 00:15:26 smithi119 ceph-10f73b92-ec98-11ee-95d0-87774f69a715-mgr-x[31752]:
2024-03-28T00:15:26.793+0000 7f8e1aaa9200 -1 mgr[py] Module selftest has missing NOTIFY_TYPES member
2024-03-28T00:15:27.155 INFO:journalctl@ceph.mgr.x.smithi119.stdout:Mar 28 00:15:26 smithi119 ceph-10f73b92-ec98-11ee-95d0-87774f69a715-mgr-x[31752]:
2024-03-28T00:15:26.911+0000 7f8e1aaa9200 -1 mgr[py] Module telegraf has missing NOTIFY_TYPES member
2024-03-28T00:15:27.649 INFO:journalctl@ceph.mgr.x.smithi119.stdout:Mar 28 00:15:27 smithi119 ceph-10f73b92-ec98-11ee-95d0-87774f69a715-mgr-x[31752]:
2024-03-28T00:15:27.162+0000 7f8e1aaa9200 -1 mgr[py] Module test_orchestrator has missing NOTIFY_TYPES member
2024-03-28T00:15:27.649 INFO:journalctl@ceph.mgr.x.smithi119.stdout:Mar 28 00:15:27 smithi119 ceph-10f73b92-ec98-11ee-95d0-87774f69a715-mgr-x[31752]:
2024-03-28T00:15:27.404+0000 7f8e1aaa9200 -1 mgr[py] Module crash has missing NOTIFY_TYPES member
2024-03-28T00:15:27.906 INFO:journalctl@ceph.mgr.x.smithi119.stdout:Mar 28 00:15:27 smithi119 ceph-10f73b92-ec98-11ee-95d0-87774f69a715-mgr-x[31752]:
2024-03-28T00:15:27.775+0000 7f8e1aaa9200 -1 mgr[py] Module orchestrator has missing NOTIFY_TYPES member
2024-03-28T00:15:28.391 INFO:journalctl@ceph.mgr.x.smithi119.stdout:Mar 28 00:15:28 smithi119 ceph-10f73b92-ec98-11ee-95d0-87774f69a715-mgr-x[31752]:
2024-03-28T00:15:28.089+0000 7f8e1aaa9200 -1 mgr[py] Module osd_support has missing NOTIFY_TYPES member
2024-03-28T00:15:28.391 INFO:journalctl@ceph.mgr.x.smithi119.stdout:Mar 28 00:15:28 smithi119 ceph-10f73b92-ec98-11ee-95d0-87774f69a715-mgr-x[31752]:
2024-03-28T00:15:28.385+0000 7f8e1aaa9200 -1 mgr[py] Module volumes has missing NOTIFY_TYPES member
2024-03-28T00:15:29.655 INFO:journalctl@ceph.mgr.x.smithi119.stdout:Mar 28 00:15:29 smithi119 ceph-10f73b92-ec98-11ee-95d0-87774f69a715-mgr-x[31752]:
2024-03-28T00:15:29.383+0000 7f8e1aaa9200 -1 mgr[py] Module telemetry has missing NOTIFY_TYPES member
2024-03-28T00:15:30.405 INFO:journalctl@ceph.mgr.x.smithi119.stdout:Mar 28 00:15:30 smithi119 ceph-10f73b92-ec98-11ee-95d0-87774f69a715-mgr-x[31752]:
2024-03-28T00:15:30.067+0000 7f8e1aaa9200 -1 mgr[py] Module prometheus has missing NOTIFY_TYPES member
2024-03-28T00:15:30.405 INFO:journalctl@ceph.mgr.x.smithi119.stdout:Mar 28 00:15:30 smithi119 ceph-10f73b92-ec98-11ee-95d0-87774f69a715-mgr-x[31752]:
2024-03-28T00:15:30.194+0000 7f8e1aaa9200 -1 mgr[py] Module status has missing NOTIFY_TYPES member
2024-03-28T00:15:30.905 INFO:journalctl@ceph.mgr.x.smithi119.stdout:Mar 28 00:15:30 smithi119 ceph-10f73b92-ec98-11ee-95d0-87774f69a715-mgr-x[31752]:
2024-03-28T00:15:30.468+0000 7f8e1aaa9200 -1 mgr[py] Module nfs has missing NOTIFY_TYPES member
2024-03-28T00:15:30.906 INFO:journalctl@ceph.mon.a.smithi119.stdout:Mar 28 00:15:30 smithi119 ceph-mon[31518]: Active manager daemon x restarted
2024-03-28T00:15:30.906 INFO:journalctl@ceph.mon.a.smithi119.stdout:Mar 28 00:15:30 smithi119 ceph-mon[31518]: Activating manager daemon x
2024-03-28T00:15:30.906 INFO:journalctl@ceph.mon.a.smithi119.stdout:Mar 28 00:15:30 smithi119 ceph-mon[31518]: osdmap e2: 0 total, 0 up, 0 in
2024-03-28T00:15:30.906 INFO:journalctl@ceph.mon.a.smithi119.stdout:Mar 28 00:15:30 smithi119 ceph-mon[31518]: mgrmap e6: x(active, starting, since 0.00992261s)
2024-03-28T00:15:30.906 INFO:journalctl@ceph.mon.a.smithi119.stdout:Mar 28 00:15:30 smithi119 ceph-mon[31518]: from='mgr.14120 172.21.15.119:0/4048015587' entity='mgr.x' cmd=[{"prefix": "mon metadata", "id": "a"}]: dispatch
2024-03-28T00:15:30.906 INFO:journalctl@ceph.mon.a.smithi119.stdout:Mar 28 00:15:30 smithi119 ceph-mon[31518]: from='mgr.14120 172.21.15.119:0/4048015587' entity='mgr.x' cmd=[{"prefix": "mgr metadata", "who": "x", "id": "x"}]: dispatch
2024-03-28T00:15:30.906 INFO:journalctl@ceph.mon.a.smithi119.stdout:Mar 28 00:15:30 smithi119 ceph-mon[31518]: from='mgr.14120 172.21.15.119:0/4048015587' entity='mgr.x' cmd=[{"prefix": "mds metadata"}]: dispatch
2024-03-28T00:15:30.906 INFO:journalctl@ceph.mon.a.smithi119.stdout:Mar 28 00:15:30 smithi119 ceph-mon[31518]: from='mgr.14120 172.21.15.119:0/4048015587' entity='mgr.x' cmd=[{"prefix": "osd metadata"}]: dispatch
2024-03-28T00:15:30.906 INFO:journalctl@ceph.mon.a.smithi119.stdout:Mar 28 00:15:30 smithi119 ceph-mon[31518]: from='mgr.14120 172.21.15.119:0/4048015587' entity='mgr.x' cmd=[{"prefix": "mon metadata"}]: dispatch
2024-03-28T00:15:30.907 INFO:journalctl@ceph.mon.a.smithi119.stdout:Mar 28 00:15:30 smithi119 ceph-mon[31518]: Manager daemon x is now available
2024-03-28T00:15:30.907 INFO:journalctl@ceph.mon.a.smithi119.stdout:Mar 28 00:15:30 smithi119 ceph-mon[31518]: from='mgr.14120 172.21.15.119:0/4048015587' entity='mgr.x'
2024-03-28T00:15:30.907 INFO:journalctl@ceph.mon.a.smithi119.stdout:Mar 28 00:15:30 smithi119 ceph-mon[31518]: from='mgr.14120 172.21.15.119:0/4048015587' entity='mgr.x'
2024-03-28T00:15:31.906 INFO:journalctl@ceph.mon.a.smithi119.stdout:Mar 28 00:15:31 smithi119 ceph-mon[31518]: Found migration_current of "None". Setting to last migration.
2024-03-28T00:15:31.906 INFO:journalctl@ceph.mon.a.smithi119.stdout:Mar 28 00:15:31 smithi119 ceph-mon[31518]: from='mgr.14120 172.21.15.119:0/4048015587' entity='mgr.x' cmd=[{"prefix": "config dump", "format": "json"}]: dispatch
2024-03-28T00:15:31.906 INFO:journalctl@ceph.mon.a.smithi119.stdout:Mar 28 00:15:31 smithi119 ceph-mon[31518]: from='mgr.14120 172.21.15.119:0/4048015587' entity='mgr.x' cmd=[{"prefix": "config dump", "format": "json"}]: dispatch
2024-03-28T00:15:31.906 INFO:journalctl@ceph.mon.a.smithi119.stdout:Mar 28 00:15:31 smithi119 ceph-mon[31518]: from='mgr.14120 172.21.15.119:0/4048015587' entity='mgr.x' cmd=[{"prefix": "config dump", "format": "json"}]: dispatch
2024-03-28T00:15:31.906 INFO:journalctl@ceph.mon.a.smithi119.stdout:Mar 28 00:15:31 smithi119 ceph-mon[31518]: from='mgr.14120 172.21.15.119:0/4048015587' entity='mgr.x' cmd=[{"prefix":"config rm","who":"mgr","name":"mgr/rbd_support/x/mirror_snapshot_schedule"}]: dispatch
2024-03-28T00:15:31.906 INFO:journalctl@ceph.mon.a.smithi119.stdout:Mar 28 00:15:31 smithi119 ceph-mon[31518]: from='mgr.14120 172.21.15.119:0/4048015587' entity='mgr.x' cmd=[{"prefix":"config rm","who":"mgr","name":"mgr/rbd_support/x/trash_purge_schedule"}]: dispatch
2024-03-28T00:15:31.907 INFO:journalctl@ceph.mon.a.smithi119.stdout:Mar 28 00:15:31 smithi119 ceph-mon[31518]: from='mgr.14120 172.21.15.119:0/4048015587' entity='mgr.x'
2024-03-28T00:15:31.907 INFO:journalctl@ceph.mon.a.smithi119.stdout:Mar 28 00:15:31 smithi119 ceph-mon[31518]: from='mgr.14120 172.21.15.119:0/4048015587' entity='mgr.x'
2024-03-28T00:15:31.907 INFO:journalctl@ceph.mon.a.smithi119.stdout:Mar 28 00:15:31 smithi119 ceph-mon[31518]: from='mgr.14120 172.21.15.119:0/4048015587' entity='mgr.x' cmd=[{"prefix": "config dump", "format": "json"}]: dispatch
2024-03-28T00:15:31.907 INFO:journalctl@ceph.mon.a.smithi119.stdout:Mar 28 00:15:31 smithi119 ceph-mon[31518]: mgrmap e7: x(active, since 1.0188s)
2024-03-28T00:15:32.237 INFO:teuthology.orchestra.run.smithi119.stdout:/usr/bin/ceph: stdout {
2024-03-28T00:15:32.237 INFO:teuthology.orchestra.run.smithi119.stdout:/usr/bin/ceph: stdout "mgrmap_epoch": 7,
2024-03-28T00:15:32.237 INFO:teuthology.orchestra.run.smithi119.stdout:/usr/bin/ceph: stdout "initialized": true
2024-03-28T00:15:32.238 INFO:teuthology.orchestra.run.smithi119.stdout:/usr/bin/ceph: stdout }
2024-03-28T00:15:32.238 INFO:teuthology.orchestra.run.smithi119.stdout:/usr/bin/ceph: stderr
2024-03-28T00:15:24.629+0000 7f7fe5000700 1 Processor -- start
2024-03-28T00:15:32.238 INFO:teuthology.orchestra.run.smithi119.stdout:/usr/bin/ceph: stderr
2024-03-28T00:15:24.629+0000 7f7fe5000700 1 -- start start
2024-03-28T00:15:32.238 INFO:teuthology.orchestra.run.smithi119.stdout:/usr/bin/ceph: stderr
2024-03-28T00:15:24.630+0000 7f7fe5000700 1 --2- >> [v2:172.21.15.119:3300/0,v1:172.21.15.119:6789/0] conn(0x7f7fe0107900 0x7f7fe0107d20 unknown :-1 s=NONE pgs=0 cs=0 l=0 rev1=0 crypto rx=0 tx=0 comp rx=0 tx=0).connect
2024-03-28T00:15:32.238 INFO:teuthology.orchestra.run.smithi119.stdout:/usr/bin/ceph: stderr
2024-03-28T00:15:24.630+0000 7f7fe5000700 1 -- --> [v2:172.21.15.119:3300/0,v1:172.21.15.119:6789/0] -- mon_getmap magic: 0 v1 -- 0x7f7fe01082f0 con 0x7f7fe0107900
2024-03-28T00:15:32.238 INFO:teuthology.orchestra.run.smithi119.stdout:/usr/bin/ceph: stderr
2024-03-28T00:15:24.630+0000 7f7fdf400700 1 --2- >> [v2:172.21.15.119:3300/0,v1:172.21.15.119:6789/0] conn(0x7f7fe0107900 0x7f7fe0107d20 unknown :-1 s=BANNER_CONNECTING pgs=0 cs=0 l=0 rev1=0 crypto rx=0 tx=0 comp rx=0 tx=0)._handle_peer_banner_payload supported=3 required=0
2024-03-28T00:15:32.238 INFO:teuthology.orchestra.run.smithi119.stdout:/usr/bin/ceph: stderr
2024-03-28T00:15:24.630+0000 7f7fdf400700 1 --2- >> [v2:172.21.15.119:3300/0,v1:172.21.15.119:6789/0] conn(0x7f7fe0107900 0x7f7fe0107d20 unknown :-1 s=HELLO_CONNECTING pgs=0 cs=0 l=0 rev1=1 crypto rx=0 tx=0 comp rx=0 tx=0).handle_hello peer v2:172.21.15.119:3300/0 says I am v2:172.21.15.119:56872/0 (socket says 172.21.15.119:56872)
2024-03-28T00:15:32.238 INFO:teuthology.orchestra.run.smithi119.stdout:/usr/bin/ceph: stderr
2024-03-28T00:15:24.630+0000 7f7fdf400700 1 -- 172.21.15.119:0/1476862864 learned_addr learned my addr 172.21.15.119:0/1476862864 (peer_addr_for_me v2:172.21.15.119:0/0)
2024-03-28T00:15:32.238 INFO:teuthology.orchestra.run.smithi119.stdout:/usr/bin/ceph: stderr
2024-03-28T00:15:24.630+0000 7f7fdf400700 1 -- 172.21.15.119:0/1476862864 --> [v2:172.21.15.119:3300/0,v1:172.21.15.119:6789/0] -- mon_subscribe({config=0+,monmap=0+}) v3 -- 0x7f7fe0108b00 con 0x7f7fe0107900
2024-03-28T00:15:32.238 INFO:teuthology.orchestra.run.smithi119.stdout:/usr/bin/ceph: stderr
2024-03-28T00:15:24.631+0000 7f7fdf400700 1 --2- 172.21.15.119:0/1476862864 >> [v2:172.21.15.119:3300/0,v1:172.21.15.119:6789/0] conn(0x7f7fe0107900 0x7f7fe0107d20 secure :-1 s=READY pgs=28 cs=0 l=1 rev1=1 crypto rx=0x7f7fd00098a0 tx=0x7f7fd0009bb0 comp rx=0 tx=0).ready entity=mon.0 client_cookie=2954f1b16a3c5f81 server_cookie=0 in_seq=0 out_seq=0
2024-03-28T00:15:32.238 INFO:teuthology.orchestra.run.smithi119.stdout:/usr/bin/ceph: stderr
2024-03-28T00:15:24.631+0000 7f7fde000700 1 -- 172.21.15.119:0/1476862864 <== mon.0 v2:172.21.15.119:3300/0 1 ==== mon_map magic: 0 v1 ==== 205+0+0 (secure 0 0 0) 0x7f7fd0004160 con 0x7f7fe0107900
2024-03-28T00:15:32.238 INFO:teuthology.orchestra.run.smithi119.stdout:/usr/bin/ceph: stderr
2024-03-28T00:15:24.631+0000 7f7fde000700 1 -- 172.21.15.119:0/1476862864 <== mon.0 v2:172.21.15.119:3300/0 2 ==== config(27 keys) v1 ==== 1109+0+0 (secure 0 0 0) 0x7f7fd0004300 con 0x7f7fe0107900
2024-03-28T00:15:32.238 INFO:teuthology.orchestra.run.smithi119.stdout:/usr/bin/ceph: stderr
2024-03-28T00:15:24.631+0000 7f7fde000700 1 -- 172.21.15.119:0/1476862864 <== mon.0 v2:172.21.15.119:3300/0 3 ==== mon_map magic: 0 v1 ==== 205+0+0 (secure 0 0 0) 0x7f7fd0011b50 con 0x7f7fe0107900
2024-03-28T00:15:32.238 INFO:teuthology.orchestra.run.smithi119.stdout:/usr/bin/ceph: stderr
2024-03-28T00:15:24.632+0000 7f7fe5000700 1 -- 172.21.15.119:0/1476862864 >> [v2:172.21.15.119:3300/0,v1:172.21.15.119:6789/0] conn(0x7f7fe0107900 msgr2=0x7f7fe0107d20 secure :-1 s=STATE_CONNECTION_ESTABLISHED l=1).mark_down
2024-03-28T00:15:32.239 INFO:teuthology.orchestra.run.smithi119.stdout:/usr/bin/ceph: stderr
2024-03-28T00:15:24.632+0000 7f7fe5000700 1 --2- 172.21.15.119:0/1476862864 >> [v2:172.21.15.119:3300/0,v1:172.21.15.119:6789/0] conn(0x7f7fe0107900 0x7f7fe0107d20 secure :-1 s=READY pgs=28 cs=0 l=1 rev1=1 crypto rx=0x7f7fd00098a0 tx=0x7f7fd0009bb0 comp rx=0 tx=0).stop
2024-03-28T00:15:32.239 INFO:teuthology.orchestra.run.smithi119.stdout:/usr/bin/ceph: stderr
2024-03-28T00:15:24.632+0000 7f7fe5000700 1 -- 172.21.15.119:0/1476862864 shutdown_connections
2024-03-28T00:15:32.239 INFO:teuthology.orchestra.run.smithi119.stdout:/usr/bin/ceph: stderr
2024-03-28T00:15:24.632+0000 7f7fe5000700 1 --2- 172.21.15.119:0/1476862864 >> [v2:172.21.15.119:3300/0,v1:172.21.15.119:6789/0] conn(0x7f7fe0107900 0x7f7fe0107d20 unknown :-1 s=CLOSED pgs=28 cs=0 l=1 rev1=1 crypto rx=0 tx=0 comp rx=0 tx=0).stop
2024-03-28T00:15:32.239 INFO:teuthology.orchestra.run.smithi119.stdout:/usr/bin/ceph: stderr
2024-03-28T00:15:24.632+0000 7f7fe5000700 1 -- 172.21.15.119:0/1476862864 >> 172.21.15.119:0/1476862864 conn(0x7f7fe0102ec0 msgr2=0x7f7fe01052e0 unknown :-1 s=STATE_NONE l=0).mark_down
2024-03-28T00:15:32.239 INFO:teuthology.orchestra.run.smithi119.stdout:/usr/bin/ceph: stderr
2024-03-28T00:15:24.632+0000 7f7fe5000700 1 -- 172.21.15.119:0/1476862864 shutdown_connections
2024-03-28T00:15:32.239 INFO:teuthology.orchestra.run.smithi119.stdout:/usr/bin/ceph: stderr
2024-03-28T00:15:24.632+0000 7f7fe5000700 1 -- 172.21.15.119:0/1476862864 wait complete.
2024-03-28T00:15:32.239 INFO:teuthology.orchestra.run.smithi119.stdout:/usr/bin/ceph: stderr
2024-03-28T00:15:24.633+0000 7f7fe5000700 1 Processor -- start
2024-03-28T00:15:32.239 INFO:teuthology.orchestra.run.smithi119.stdout:/usr/bin/ceph: stderr
2024-03-28T00:15:24.633+0000 7f7fe5000700 1 -- start start
2024-03-28T00:15:32.239 INFO:teuthology.orchestra.run.smithi119.stdout:/usr/bin/ceph: stderr
2024-03-28T00:15:24.633+0000 7f7fe5000700 1 --2- >> [v2:172.21.15.119:3300/0,v1:172.21.15.119:6789/0] conn(0x7f7fe0107900 0x7f7fe019b8d0 unknown :-1 s=NONE pgs=0 cs=0 l=1 rev1=0 crypto rx=0 tx=0 comp rx=0 tx=0).connect
2024-03-28T00:15:32.239 INFO:teuthology.orchestra.run.smithi119.stdout:/usr/bin/ceph: stderr
2024-03-28T00:15:24.633+0000 7f7fe5000700 1 -- --> [v2:172.21.15.119:3300/0,v1:172.21.15.119:6789/0] -- mon_getmap magic: 0 v1 -- 0x7f7fe010beb0 con 0x7f7fe0107900
2024-03-28T00:15:32.239 INFO:teuthology.orchestra.run.smithi119.stdout:/usr/bin/ceph: stderr
2024-03-28T00:15:24.634+0000 7f7fdf400700 1 --2- >> [v2:172.21.15.119:3300/0,v1:172.21.15.119:6789/0] conn(0x7f7fe0107900 0x7f7fe019b8d0 unknown :-1 s=BANNER_CONNECTING pgs=0 cs=0 l=1 rev1=0 crypto rx=0 tx=0 comp rx=0 tx=0)._handle_peer_banner_payload supported=3 required=0
2024-03-28T00:15:32.241 INFO:teuthology.orchestra.run.smithi119.stdout:/usr/bin/ceph: stderr
2024-03-28T00:15:24.634+0000 7f7fdf400700 1 --2- >> [v2:172.21.15.119:3300/0,v1:172.21.15.119:6789/0] conn(0x7f7fe0107900 0x7f7fe019b8d0 unknown :-1 s=HELLO_CONNECTING pgs=0 cs=0 l=1 rev1=1 crypto rx=0 tx=0 comp rx=0 tx=0).handle_hello peer v2:172.21.15.119:3300/0 says I am v2:172.21.15.119:56888/0 (socket says 172.21.15.119:56888)
2024-03-28T00:15:32.241 INFO:teuthology.orchestra.run.smithi119.stdout:/usr/bin/ceph: stderr
2024-03-28T00:15:24.634+0000 7f7fdf400700 1 -- 172.21.15.119:0/1918348786 learned_addr learned my addr 172.21.15.119:0/1918348786 (peer_addr_for_me v2:172.21.15.119:0/0)
2024-03-28T00:15:32.241 INFO:teuthology.orchestra.run.smithi119.stdout:/usr/bin/ceph: stderr
2024-03-28T00:15:24.634+0000 7f7fdf400700 1 -- 172.21.15.119:0/1918348786 --> [v2:172.21.15.119:3300/0,v1:172.21.15.119:6789/0] -- mon_subscribe({config=0+,monmap=0+}) v3 -- 0x7f7fe019be10 con 0x7f7fe0107900
2024-03-28T00:15:32.241 INFO:teuthology.orchestra.run.smithi119.stdout:/usr/bin/ceph: stderr
2024-03-28T00:15:24.634+0000 7f7fdf400700 1 --2- 172.21.15.119:0/1918348786 >> [v2:172.21.15.119:3300/0,v1:172.21.15.119:6789/0] conn(0x7f7fe0107900 0x7f7fe019b8d0 secure :-1 s=READY pgs=29 cs=0 l=1 rev1=1 crypto rx=0x7f7fd0011670 tx=0x7f7fd0011b60 comp rx=0 tx=0).ready entity=mon.0 client_cookie=0 server_cookie=0 in_seq=0 out_seq=0
2024-03-28T00:15:32.241 INFO:teuthology.orchestra.run.smithi119.stdout:/usr/bin/ceph: stderr
2024-03-28T00:15:24.635+0000 7f7fd7e00700 1 -- 172.21.15.119:0/1918348786 <== mon.0 v2:172.21.15.119:3300/0 1 ==== mon_map magic: 0 v1 ==== 205+0+0 (secure 0 0 0) 0x7f7fd00039c0 con 0x7f7fe0107900
2024-03-28T00:15:32.241 INFO:teuthology.orchestra.run.smithi119.stdout:/usr/bin/ceph: stderr
2024-03-28T00:15:24.635+0000 7f7fd7e00700 1 -- 172.21.15.119:0/1918348786 <== mon.0 v2:172.21.15.119:3300/0 2 ==== config(27 keys) v1 ==== 1109+0+0 (secure 0 0 0) 0x7f7fd0011e50 con 0x7f7fe0107900
2024-03-28T00:15:32.241 INFO:teuthology.orchestra.run.smithi119.stdout:/usr/bin/ceph: stderr
2024-03-28T00:15:24.635+0000 7f7fe5000700 1 -- 172.21.15.119:0/1918348786 --> [v2:172.21.15.119:3300/0,v1:172.21.15.119:6789/0] -- mon_subscribe({mgrmap=0+}) v3 -- 0x7f7fe019c0a0 con 0x7f7fe0107900
2024-03-28T00:15:32.242 INFO:teuthology.orchestra.run.smithi119.stdout:/usr/bin/ceph: stderr
2024-03-28T00:15:24.635+0000 7f7fd7e00700 1 -- 172.21.15.119:0/1918348786 <== mon.0 v2:172.21.15.119:3300/0 3 ==== mon_map magic: 0 v1 ==== 205+0+0 (secure 0 0 0) 0x7f7fd001a5c0 con 0x7f7fe0107900
2024-03-28T00:15:32.242 INFO:teuthology.orchestra.run.smithi119.stdout:/usr/bin/ceph: stderr
2024-03-28T00:15:24.635+0000 7f7fe5000700 1 -- 172.21.15.119:0/1918348786 --> [v2:172.21.15.119:3300/0,v1:172.21.15.119:6789/0] -- mon_subscribe({osdmap=0}) v3 -- 0x7f7fe019ed90 con 0x7f7fe0107900
2024-03-28T00:15:32.242 INFO:teuthology.orchestra.run.smithi119.stdout:/usr/bin/ceph: stderr
2024-03-28T00:15:24.636+0000 7f7fd7e00700 1 -- 172.21.15.119:0/1918348786 <== mon.0 v2:172.21.15.119:3300/0 4 ==== mgrmap(e 5) v1 ==== 46106+0+0 (secure 0 0 0) 0x7f7fd0024430 con 0x7f7fe0107900
2024-03-28T00:15:32.242 INFO:teuthology.orchestra.run.smithi119.stdout:/usr/bin/ceph: stderr
2024-03-28T00:15:24.637+0000 7f7fd7e00700 1 --2- 172.21.15.119:0/1918348786 >> [v2:172.21.15.119:6800/2056426384,v1:172.21.15.119:6801/2056426384] conn(0x7f7fc4038ed0 0x7f7fc403b390 unknown :-1 s=NONE pgs=0 cs=0 l=1 rev1=0 crypto rx=0 tx=0 comp rx=0 tx=0).connect
2024-03-28T00:15:32.242 INFO:teuthology.orchestra.run.smithi119.stdout:/usr/bin/ceph: stderr
2024-03-28T00:15:24.637+0000 7f7fd7e00700 1 -- 172.21.15.119:0/1918348786 --> [v2:172.21.15.119:6800/2056426384,v1:172.21.15.119:6801/2056426384] -- command(tid 0: {"prefix": "get_command_descriptions"}) v1 -- 0x7f7fc403baa0 con 0x7f7fc4038ed0
2024-03-28T00:15:32.242 INFO:teuthology.orchestra.run.smithi119.stdout:/usr/bin/ceph: stderr
2024-03-28T00:15:24.637+0000 7f7fd7e00700 1 -- 172.21.15.119:0/1918348786 <== mon.0 v2:172.21.15.119:3300/0 5 ==== osd_map(1..1 src has 1..1) v4 ==== 725+0+0 (secure 0 0 0) 0x7f7fd004d2f0 con 0x7f7fe0107900
2024-03-28T00:15:32.242 INFO:teuthology.orchestra.run.smithi119.stdout:/usr/bin/ceph: stderr
2024-03-28T00:15:24.637+0000 7f7fdea00700 1 -- 172.21.15.119:0/1918348786 >> [v2:172.21.15.119:6800/2056426384,v1:172.21.15.119:6801/2056426384] conn(0x7f7fc4038ed0 msgr2=0x7f7fc403b390 unknown :-1 s=STATE_CONNECTING_RE l=1).process reconnect failed to v2:172.21.15.119:6800/2056426384
2024-03-28T00:15:32.242 INFO:teuthology.orchestra.run.smithi119.stdout:/usr/bin/ceph: stderr
2024-03-28T00:15:24.637+0000 7f7fdea00700 1 --2- 172.21.15.119:0/1918348786 >> [v2:172.21.15.119:6800/2056426384,v1:172.21.15.119:6801/2056426384] conn(0x7f7fc4038ed0 0x7f7fc403b390 unknown :-1 s=START_CONNECT pgs=0 cs=0 l=1 rev1=0 crypto rx=0 tx=0 comp rx=0 tx=0)._fault waiting 0.200000
2024-03-28T00:15:32.242 INFO:teuthology.orchestra.run.smithi119.stdout:/usr/bin/ceph: stderr
2024-03-28T00:15:24.838+0000 7f7fdea00700 1 -- 172.21.15.119:0/1918348786 >> [v2:172.21.15.119:6800/2056426384,v1:172.21.15.119:6801/2056426384] conn(0x7f7fc4038ed0 msgr2=0x7f7fc403b390 unknown :-1 s=STATE_CONNECTING_RE l=1).process reconnect failed to v2:172.21.15.119:6800/2056426384
2024-03-28T00:15:32.242 INFO:teuthology.orchestra.run.smithi119.stdout:/usr/bin/ceph: stderr
2024-03-28T00:15:24.838+0000 7f7fdea00700 1 --2- 172.21.15.119:0/1918348786 >> [v2:172.21.15.119:6800/2056426384,v1:172.21.15.119:6801/2056426384] conn(0x7f7fc4038ed0 0x7f7fc403b390 unknown :-1 s=START_CONNECT pgs=0 cs=0 l=1 rev1=0 crypto rx=0 tx=0 comp rx=0 tx=0)._fault waiting 0.400000
2024-03-28T00:15:32.242 INFO:teuthology.orchestra.run.smithi119.stdout:/usr/bin/ceph: stderr
2024-03-28T00:15:25.239+0000 7f7fdea00700 1 -- 172.21.15.119:0/1918348786 >> [v2:172.21.15.119:6800/2056426384,v1:172.21.15.119:6801/2056426384] conn(0x7f7fc4038ed0 msgr2=0x7f7fc403b390 unknown :-1 s=STATE_CONNECTING_RE l=1).process reconnect failed to v2:172.21.15.119:6800/2056426384
2024-03-28T00:15:32.242 INFO:teuthology.orchestra.run.smithi119.stdout:/usr/bin/ceph: stderr
2024-03-28T00:15:25.239+0000 7f7fdea00700 1 --2- 172.21.15.119:0/1918348786 >> [v2:172.21.15.119:6800/2056426384,v1:172.21.15.119:6801/2056426384] conn(0x7f7fc4038ed0 0x7f7fc403b390 unknown :-1 s=START_CONNECT pgs=0 cs=0 l=1 rev1=0 crypto rx=0 tx=0 comp rx=0 tx=0)._fault waiting 0.800000
2024-03-28T00:15:32.242 INFO:teuthology.orchestra.run.smithi119.stdout:/usr/bin/ceph: stderr
2024-03-28T00:15:26.040+0000 7f7fdea00700 1 -- 172.21.15.119:0/1918348786 >> [v2:172.21.15.119:6800/2056426384,v1:172.21.15.119:6801/2056426384] conn(0x7f7fc4038ed0 msgr2=0x7f7fc403b390 unknown :-1 s=STATE_CONNECTING_RE l=1).process reconnect failed to v2:172.21.15.119:6800/2056426384
2024-03-28T00:15:32.242 INFO:teuthology.orchestra.run.smithi119.stdout:/usr/bin/ceph: stderr
2024-03-28T00:15:26.040+0000 7f7fdea00700 1 --2- 172.21.15.119:0/1918348786 >> [v2:172.21.15.119:6800/2056426384,v1:172.21.15.119:6801/2056426384] conn(0x7f7fc4038ed0 0x7f7fc403b390 unknown :-1 s=START_CONNECT pgs=0 cs=0 l=1 rev1=0 crypto rx=0 tx=0 comp rx=0 tx=0)._fault waiting 1.600000
2024-03-28T00:15:32.243 INFO:teuthology.orchestra.run.smithi119.stdout:/usr/bin/ceph: stderr
2024-03-28T00:15:27.642+0000 7f7fdea00700 1 -- 172.21.15.119:0/1918348786 >> [v2:172.21.15.119:6800/2056426384,v1:172.21.15.119:6801/2056426384] conn(0x7f7fc4038ed0 msgr2=0x7f7fc403b390 unknown :-1 s=STATE_CONNECTING_RE l=1).process reconnect failed to v2:172.21.15.119:6800/2056426384
2024-03-28T00:15:32.243 INFO:teuthology.orchestra.run.smithi119.stdout:/usr/bin/ceph: stderr
