2024-03-28T00:47:38.254+0000 7fcc7259c700 1 -- 172.21.15.169:0/3705914191 learned_addr learned my addr 172.21.15.169:0/3705914191 (peer_addr_for_me v2:172.21.15.169:0/0)
2024-03-28T00:47:39.343 INFO:teuthology.orchestra.run.smithi169.stdout:/usr/bin/ceph: stderr
2024-03-28T00:47:38.254+0000 7fcc7259c700 1 -- 172.21.15.169:0/3705914191 --> [v2:172.21.15.169:3300/0,v1:172.21.15.169:6789/0] -- mon_subscribe({config=0+,monmap=0+}) v3 -- 0x7fcc74107c40 con 0x7fcc74106a40
2024-03-28T00:47:39.343 INFO:teuthology.orchestra.run.smithi169.stdout:/usr/bin/ceph: stderr
2024-03-28T00:47:38.254+0000 7fcc7259c700 1 --2- 172.21.15.169:0/3705914191 >> [v2:172.21.15.169:3300/0,v1:172.21.15.169:6789/0] conn(0x7fcc74106a40 0x7fcc74106e60 secure :-1 s=READY pgs=70 cs=0 l=1 rev1=1 crypto rx=0x7fcc640098a0 tx=0x7fcc64009bb0 comp rx=0 tx=0).ready entity=mon.0 client_cookie=ef4e925fe1a1375b server_cookie=0 in_seq=0 out_seq=0
2024-03-28T00:47:39.343 INFO:teuthology.orchestra.run.smithi169.stdout:/usr/bin/ceph: stderr
2024-03-28T00:47:38.254+0000 7fcc7159a700 1 -- 172.21.15.169:0/3705914191 <== mon.0 v2:172.21.15.169:3300/0 1 ==== mon_map magic: 0 v1 ==== 205+0+0 (secure 0 0 0) 0x7fcc64004160 con 0x7fcc74106a40
2024-03-28T00:47:39.343 INFO:teuthology.orchestra.run.smithi169.stdout:/usr/bin/ceph: stderr
2024-03-28T00:47:38.254+0000 7fcc7159a700 1 -- 172.21.15.169:0/3705914191 <== mon.0 v2:172.21.15.169:3300/0 2 ==== config(27 keys) v1 ==== 1140+0+0 (secure 0 0 0) 0x7fcc64004300 con 0x7fcc74106a40
2024-03-28T00:47:39.343 INFO:teuthology.orchestra.run.smithi169.stdout:/usr/bin/ceph: stderr
2024-03-28T00:47:38.254+0000 7fcc7159a700 1 -- 172.21.15.169:0/3705914191 <== mon.0 v2:172.21.15.169:3300/0 3 ==== mon_map magic: 0 v1 ==== 205+0+0 (secure 0 0 0) 0x7fcc64011b20 con 0x7fcc74106a40
2024-03-28T00:47:39.343 INFO:teuthology.orchestra.run.smithi169.stdout:/usr/bin/ceph: stderr
2024-03-28T00:47:38.255+0000 7fcc78d91700 1 -- 172.21.15.169:0/3705914191 >> [v2:172.21.15.169:3300/0,v1:172.21.15.169:6789/0] conn(0x7fcc74106a40 msgr2=0x7fcc74106e60 secure :-1 s=STATE_CONNECTION_ESTABLISHED l=1).mark_down
2024-03-28T00:47:39.343 INFO:teuthology.orchestra.run.smithi169.stdout:/usr/bin/ceph: stderr
2024-03-28T00:47:38.255+0000 7fcc78d91700 1 --2- 172.21.15.169:0/3705914191 >> [v2:172.21.15.169:3300/0,v1:172.21.15.169:6789/0] conn(0x7fcc74106a40 0x7fcc74106e60 secure :-1 s=READY pgs=70 cs=0 l=1 rev1=1 crypto rx=0x7fcc640098a0 tx=0x7fcc64009bb0 comp rx=0 tx=0).stop
2024-03-28T00:47:39.343 INFO:teuthology.orchestra.run.smithi169.stdout:/usr/bin/ceph: stderr
2024-03-28T00:47:38.255+0000 7fcc78d91700 1 -- 172.21.15.169:0/3705914191 shutdown_connections
2024-03-28T00:47:39.343 INFO:teuthology.orchestra.run.smithi169.stdout:/usr/bin/ceph: stderr
2024-03-28T00:47:38.255+0000 7fcc78d91700 1 --2- 172.21.15.169:0/3705914191 >> [v2:172.21.15.169:3300/0,v1:172.21.15.169:6789/0] conn(0x7fcc74106a40 0x7fcc74106e60 unknown :-1 s=CLOSED pgs=70 cs=0 l=1 rev1=1 crypto rx=0 tx=0 comp rx=0 tx=0).stop
2024-03-28T00:47:39.343 INFO:teuthology.orchestra.run.smithi169.stdout:/usr/bin/ceph: stderr
2024-03-28T00:47:38.255+0000 7fcc78d91700 1 -- 172.21.15.169:0/3705914191 >> 172.21.15.169:0/3705914191 conn(0x7fcc74102000 msgr2=0x7fcc74104420 unknown :-1 s=STATE_NONE l=0).mark_down
2024-03-28T00:47:39.343 INFO:teuthology.orchestra.run.smithi169.stdout:/usr/bin/ceph: stderr
2024-03-28T00:47:38.255+0000 7fcc78d91700 1 -- 172.21.15.169:0/3705914191 shutdown_connections
2024-03-28T00:47:39.343 INFO:teuthology.orchestra.run.smithi169.stdout:/usr/bin/ceph: stderr
2024-03-28T00:47:38.255+0000 7fcc78d91700 1 -- 172.21.15.169:0/3705914191 wait complete.
2024-03-28T00:47:39.344 INFO:teuthology.orchestra.run.smithi169.stdout:/usr/bin/ceph: stderr
2024-03-28T00:47:38.256+0000 7fcc78d91700 1 Processor -- start
2024-03-28T00:47:39.344 INFO:teuthology.orchestra.run.smithi169.stdout:/usr/bin/ceph: stderr
2024-03-28T00:47:38.256+0000 7fcc78d91700 1 -- start start
2024-03-28T00:47:39.344 INFO:teuthology.orchestra.run.smithi169.stdout:/usr/bin/ceph: stderr
2024-03-28T00:47:38.256+0000 7fcc78d91700 1 --2- >> [v2:172.21.15.169:3300/0,v1:172.21.15.169:6789/0] conn(0x7fcc74106a40 0x7fcc7407ba70 unknown :-1 s=NONE pgs=0 cs=0 l=1 rev1=0 crypto rx=0 tx=0 comp rx=0 tx=0).connect
2024-03-28T00:47:39.344 INFO:teuthology.orchestra.run.smithi169.stdout:/usr/bin/ceph: stderr
2024-03-28T00:47:38.256+0000 7fcc78d91700 1 -- --> [v2:172.21.15.169:3300/0,v1:172.21.15.169:6789/0] -- mon_getmap magic: 0 v1 -- 0x7fcc7410aff0 con 0x7fcc74106a40
2024-03-28T00:47:39.344 INFO:teuthology.orchestra.run.smithi169.stdout:/usr/bin/ceph: stderr
2024-03-28T00:47:38.256+0000 7fcc7259c700 1 --2- >> [v2:172.21.15.169:3300/0,v1:172.21.15.169:6789/0] conn(0x7fcc74106a40 0x7fcc7407ba70 unknown :-1 s=BANNER_CONNECTING pgs=0 cs=0 l=1 rev1=0 crypto rx=0 tx=0 comp rx=0 tx=0)._handle_peer_banner_payload supported=3 required=0
2024-03-28T00:47:39.344 INFO:teuthology.orchestra.run.smithi169.stdout:/usr/bin/ceph: stderr
2024-03-28T00:47:38.256+0000 7fcc7259c700 1 --2- >> [v2:172.21.15.169:3300/0,v1:172.21.15.169:6789/0] conn(0x7fcc74106a40 0x7fcc7407ba70 unknown :-1 s=HELLO_CONNECTING pgs=0 cs=0 l=1 rev1=1 crypto rx=0 tx=0 comp rx=0 tx=0).handle_hello peer v2:172.21.15.169:3300/0 says I am v2:172.21.15.169:40084/0 (socket says 172.21.15.169:40084)
2024-03-28T00:47:39.344 INFO:teuthology.orchestra.run.smithi169.stdout:/usr/bin/ceph: stderr
2024-03-28T00:47:38.256+0000 7fcc7259c700 1 -- 172.21.15.169:0/2637143758 learned_addr learned my addr 172.21.15.169:0/2637143758 (peer_addr_for_me v2:172.21.15.169:0/0)
2024-03-28T00:47:39.344 INFO:teuthology.orchestra.run.smithi169.stdout:/usr/bin/ceph: stderr
2024-03-28T00:47:38.257+0000 7fcc7259c700 1 -- 172.21.15.169:0/2637143758 --> [v2:172.21.15.169:3300/0,v1:172.21.15.169:6789/0] -- mon_subscribe({config=0+,monmap=0+}) v3 -- 0x7fcc7419e880 con 0x7fcc74106a40
2024-03-28T00:47:39.344 INFO:teuthology.orchestra.run.smithi169.stdout:/usr/bin/ceph: stderr
2024-03-28T00:47:38.257+0000 7fcc7259c700 1 --2- 172.21.15.169:0/2637143758 >> [v2:172.21.15.169:3300/0,v1:172.21.15.169:6789/0] conn(0x7fcc74106a40 0x7fcc7407ba70 secure :-1 s=READY pgs=71 cs=0 l=1 rev1=1 crypto rx=0x7fcc64000c00 tx=0x7fcc64011c10 comp rx=0 tx=0).ready entity=mon.0 client_cookie=0 server_cookie=0 in_seq=0 out_seq=0
2024-03-28T00:47:39.344 INFO:teuthology.orchestra.run.smithi169.stdout:/usr/bin/ceph: stderr
2024-03-28T00:47:38.257+0000 7fcc637fe700 1 -- 172.21.15.169:0/2637143758 <== mon.0 v2:172.21.15.169:3300/0 1 ==== mon_map magic: 0 v1 ==== 205+0+0 (secure 0 0 0) 0x7fcc64003b60 con 0x7fcc74106a40
2024-03-28T00:47:39.344 INFO:teuthology.orchestra.run.smithi169.stdout:/usr/bin/ceph: stderr
2024-03-28T00:47:38.257+0000 7fcc637fe700 1 -- 172.21.15.169:0/2637143758 <== mon.0 v2:172.21.15.169:3300/0 2 ==== config(27 keys) v1 ==== 1140+0+0 (secure 0 0 0) 0x7fcc6401a910 con 0x7fcc74106a40
2024-03-28T00:47:39.344 INFO:teuthology.orchestra.run.smithi169.stdout:/usr/bin/ceph: stderr
2024-03-28T00:47:38.257+0000 7fcc637fe700 1 -- 172.21.15.169:0/2637143758 <== mon.0 v2:172.21.15.169:3300/0 3 ==== mon_map magic: 0 v1 ==== 205+0+0 (secure 0 0 0) 0x7fcc64024930 con 0x7fcc74106a40
2024-03-28T00:47:39.344 INFO:teuthology.orchestra.run.smithi169.stdout:/usr/bin/ceph: stderr
2024-03-28T00:47:38.257+0000 7fcc78d91700 1 -- 172.21.15.169:0/2637143758 --> [v2:172.21.15.169:3300/0,v1:172.21.15.169:6789/0] -- mon_subscribe({mgrmap=0+}) v3 -- 0x7fcc7419ea50 con 0x7fcc74106a40
2024-03-28T00:47:39.344 INFO:teuthology.orchestra.run.smithi169.stdout:/usr/bin/ceph: stderr
2024-03-28T00:47:38.257+0000 7fcc78d91700 1 -- 172.21.15.169:0/2637143758 --> [v2:172.21.15.169:3300/0,v1:172.21.15.169:6789/0] -- mon_subscribe({osdmap=0}) v3 -- 0x7fcc7419edf0 con 0x7fcc74106a40
2024-03-28T00:47:39.345 INFO:teuthology.orchestra.run.smithi169.stdout:/usr/bin/ceph: stderr
2024-03-28T00:47:38.258+0000 7fcc637fe700 1 -- 172.21.15.169:0/2637143758 <== mon.0 v2:172.21.15.169:3300/0 4 ==== mgrmap(e 11) v1 ==== 46013+0+0 (secure 0 0 0) 0x7fcc64022020 con 0x7fcc74106a40
2024-03-28T00:47:39.345 INFO:teuthology.orchestra.run.smithi169.stdout:/usr/bin/ceph: stderr
2024-03-28T00:47:38.258+0000 7fcc637fe700 1 --2- 172.21.15.169:0/2637143758 >> [v2:172.21.15.169:6800/1069722251,v1:172.21.15.169:6801/1069722251] conn(0x7fcc5c038e50 0x7fcc5c03b310 unknown :-1 s=NONE pgs=0 cs=0 l=1 rev1=0 crypto rx=0 tx=0 comp rx=0 tx=0).connect
2024-03-28T00:47:39.345 INFO:teuthology.orchestra.run.smithi169.stdout:/usr/bin/ceph: stderr
2024-03-28T00:47:38.258+0000 7fcc637fe700 1 -- 172.21.15.169:0/2637143758 <== mon.0 v2:172.21.15.169:3300/0 5 ==== osd_map(3..3 src has 1..3) v4 ==== 1155+0+0 (secure 0 0 0) 0x7fcc6404cff0 con 0x7fcc74106a40
2024-03-28T00:47:39.345 INFO:teuthology.orchestra.run.smithi169.stdout:/usr/bin/ceph: stderr
2024-03-28T00:47:38.258+0000 7fcc71d9b700 1 --2- 172.21.15.169:0/2637143758 >> [v2:172.21.15.169:6800/1069722251,v1:172.21.15.169:6801/1069722251] conn(0x7fcc5c038e50 0x7fcc5c03b310 unknown :-1 s=BANNER_CONNECTING pgs=0 cs=0 l=1 rev1=0 crypto rx=0 tx=0 comp rx=0 tx=0)._handle_peer_banner_payload supported=3 required=0
2024-03-28T00:47:39.345 INFO:teuthology.orchestra.run.smithi169.stdout:/usr/bin/ceph: stderr
2024-03-28T00:47:38.258+0000 7fcc78d91700 1 -- 172.21.15.169:0/2637143758 --> [v2:172.21.15.169:3300/0,v1:172.21.15.169:6789/0] -- mon_command({"prefix": "get_command_descriptions"} v 0) v1 -- 0x7fcc740637c0 con 0x7fcc74106a40
2024-03-28T00:47:39.345 INFO:teuthology.orchestra.run.smithi169.stdout:/usr/bin/ceph: stderr
2024-03-28T00:47:38.259+0000 7fcc71d9b700 1 --2- 172.21.15.169:0/2637143758 >> [v2:172.21.15.169:6800/1069722251,v1:172.21.15.169:6801/1069722251] conn(0x7fcc5c038e50 0x7fcc5c03b310 secure :-1 s=READY pgs=7 cs=0 l=1 rev1=1 crypto rx=0x7fcc68006fd0 tx=0x7fcc68006e40 comp rx=0 tx=0).ready entity=mgr.14152 client_cookie=0 server_cookie=0 in_seq=0 out_seq=0
2024-03-28T00:47:39.345 INFO:teuthology.orchestra.run.smithi169.stdout:/usr/bin/ceph: stderr
2024-03-28T00:47:38.264+0000 7fcc637fe700 1 -- 172.21.15.169:0/2637143758 <== mon.0 v2:172.21.15.169:3300/0 6 ==== mon_command_ack([{"prefix": "get_command_descriptions"}]=0 v0) v1 ==== 72+0+186149 (secure 0 0 0) 0x7fcc640172b0 con 0x7fcc74106a40
2024-03-28T00:47:39.345 INFO:teuthology.orchestra.run.smithi169.stdout:/usr/bin/ceph: stderr
2024-03-28T00:47:38.368+0000 7fcc637fe700 1 -- 172.21.15.169:0/2637143758 <== mon.0 v2:172.21.15.169:3300/0 7 ==== mgrmap(e 12) v1 ==== 46119+0+0 (secure 0 0 0) 0x7fcc6402dc90 con 0x7fcc74106a40
2024-03-28T00:47:39.345 INFO:teuthology.orchestra.run.smithi169.stdout:/usr/bin/ceph: stderr
2024-03-28T00:47:38.474+0000 7fcc78d91700 1 -- 172.21.15.169:0/2637143758 --> [v2:172.21.15.169:6800/1069722251,v1:172.21.15.169:6801/1069722251] -- mgr_command(tid 0: {"prefix": "dashboard create-self-signed-cert", "target": ["mon-mgr", ""]}) v1 -- 0x7fcc741032c0 con 0x7fcc5c038e50
2024-03-28T00:47:39.345 INFO:teuthology.orchestra.run.smithi169.stdout:/usr/bin/ceph: stderr
2024-03-28T00:47:38.636+0000 7fcc637fe700 1 -- 172.21.15.169:0/2637143758 <== mgr.14152 v2:172.21.15.169:6800/1069722251 1 ==== mgr_command_reply(tid 0: 0 ) v1 ==== 8+0+32 (secure 0 0 0) 0x7fcc741032c0 con 0x7fcc5c038e50
2024-03-28T00:47:39.345 INFO:teuthology.orchestra.run.smithi169.stdout:/usr/bin/ceph: stderr
2024-03-28T00:47:38.638+0000 7fcc78d91700 1 -- 172.21.15.169:0/2637143758 >> [v2:172.21.15.169:6800/1069722251,v1:172.21.15.169:6801/1069722251] conn(0x7fcc5c038e50 msgr2=0x7fcc5c03b310 secure :-1 s=STATE_CONNECTION_ESTABLISHED l=1).mark_down
2024-03-28T00:47:39.345 INFO:teuthology.orchestra.run.smithi169.stdout:/usr/bin/ceph: stderr
2024-03-28T00:47:38.638+0000 7fcc78d91700 1 --2- 172.21.15.169:0/2637143758 >> [v2:172.21.15.169:6800/1069722251,v1:172.21.15.169:6801/1069722251] conn(0x7fcc5c038e50 0x7fcc5c03b310 secure :-1 s=READY pgs=7 cs=0 l=1 rev1=1 crypto rx=0x7fcc68006fd0 tx=0x7fcc68006e40 comp rx=0 tx=0).stop
2024-03-28T00:47:39.345 INFO:teuthology.orchestra.run.smithi169.stdout:/usr/bin/ceph: stderr
2024-03-28T00:47:38.638+0000 7fcc78d91700 1 -- 172.21.15.169:0/2637143758 >> [v2:172.21.15.169:3300/0,v1:172.21.15.169:6789/0] conn(0x7fcc74106a40 msgr2=0x7fcc7407ba70 secure :-1 s=STATE_CONNECTION_ESTABLISHED l=1).mark_down
2024-03-28T00:47:39.346 INFO:teuthology.orchestra.run.smithi169.stdout:/usr/bin/ceph: stderr
2024-03-28T00:47:38.638+0000 7fcc78d91700 1 --2- 172.21.15.169:0/2637143758 >> [v2:172.21.15.169:3300/0,v1:172.21.15.169:6789/0] conn(0x7fcc74106a40 0x7fcc7407ba70 secure :-1 s=READY pgs=71 cs=0 l=1 rev1=1 crypto rx=0x7fcc64000c00 tx=0x7fcc64011c10 comp rx=0 tx=0).stop
2024-03-28T00:47:39.346 INFO:teuthology.orchestra.run.smithi169.stdout:/usr/bin/ceph: stderr
2024-03-28T00:47:38.638+0000 7fcc78d91700 1 -- 172.21.15.169:0/2637143758 shutdown_connections
2024-03-28T00:47:39.346 INFO:teuthology.orchestra.run.smithi169.stdout:/usr/bin/ceph: stderr
2024-03-28T00:47:38.638+0000 7fcc78d91700 1 --2- 172.21.15.169:0/2637143758 >> [v2:172.21.15.169:6800/1069722251,v1:172.21.15.169:6801/1069722251] conn(0x7fcc5c038e50 0x7fcc5c03b310 unknown :-1 s=CLOSED pgs=7 cs=0 l=1 rev1=1 crypto rx=0 tx=0 comp rx=0 tx=0).stop
2024-03-28T00:47:39.346 INFO:teuthology.orchestra.run.smithi169.stdout:/usr/bin/ceph: stderr
2024-03-28T00:47:38.638+0000 7fcc78d91700 1 --2- 172.21.15.169:0/2637143758 >> [v2:172.21.15.169:3300/0,v1:172.21.15.169:6789/0] conn(0x7fcc74106a40 0x7fcc7407ba70 unknown :-1 s=CLOSED pgs=71 cs=0 l=1 rev1=1 crypto rx=0 tx=0 comp rx=0 tx=0).stop
2024-03-28T00:47:39.346 INFO:teuthology.orchestra.run.smithi169.stdout:/usr/bin/ceph: stderr
2024-03-28T00:47:38.638+0000 7fcc78d91700 1 -- 172.21.15.169:0/2637143758 >> 172.21.15.169:0/2637143758 conn(0x7fcc74102000 msgr2=0x7fcc74102bb0 unknown :-1 s=STATE_NONE l=0).mark_down
2024-03-28T00:47:39.346 INFO:teuthology.orchestra.run.smithi169.stdout:/usr/bin/ceph: stderr
2024-03-28T00:47:38.638+0000 7fcc78d91700 1 -- 172.21.15.169:0/2637143758 shutdown_connections
2024-03-28T00:47:39.346 INFO:teuthology.orchestra.run.smithi169.stdout:/usr/bin/ceph: stderr
2024-03-28T00:47:38.638+0000 7fcc78d91700 1 -- 172.21.15.169:0/2637143758 wait complete.
2024-03-28T00:47:39.346 INFO:teuthology.orchestra.run.smithi169.stdout:Creating initial admin user...
2024-03-28T00:47:39.645 INFO:journalctl@ceph.mon.a.smithi169.stdout:Mar 28 00:47:39 smithi169 ceph-mon[32274]: mgrmap e12: x(active, since 2s)
2024-03-28T00:47:39.645 INFO:journalctl@ceph.mon.a.smithi169.stdout:Mar 28 00:47:39 smithi169 ceph-mon[32274]: from='client.14164 -' entity='client.admin' cmd=[{"prefix": "dashboard create-self-signed-cert", "target": ["mon-mgr", ""]}]: dispatch
2024-03-28T00:47:39.645 INFO:journalctl@ceph.mon.a.smithi169.stdout:Mar 28 00:47:39 smithi169 ceph-mon[32274]: from='mgr.14152 172.21.15.169:0/2479329701' entity='mgr.x'
2024-03-28T00:47:39.645 INFO:journalctl@ceph.mon.a.smithi169.stdout:Mar 28 00:47:39 smithi169 ceph-mon[32274]: from='mgr.14152 172.21.15.169:0/2479329701' entity='mgr.x'
2024-03-28T00:47:39.646 INFO:journalctl@ceph.mon.a.smithi169.stdout:Mar 28 00:47:39 smithi169 ceph-mon[32274]: from='mgr.14152 172.21.15.169:0/2479329701' entity='mgr.x'
2024-03-28T00:47:40.552 INFO:journalctl@ceph.mon.a.smithi169.stdout:Mar 28 00:47:40 smithi169 ceph-mon[32274]: from='client.14166 -' entity='client.admin' cmd=[{"prefix": "dashboard ac-user-create", "username": "admin", "rolename": "administrator", "force_password": true, "pwd_update_required": true, "target": ["mon-mgr", ""]}]: dispatch
2024-03-28T00:47:40.552 INFO:journalctl@ceph.mon.a.smithi169.stdout:Mar 28 00:47:40 smithi169 ceph-mon[32274]: from='mgr.14152 172.21.15.169:0/2479329701' entity='mgr.x'
2024-03-28T00:47:40.777 INFO:teuthology.orchestra.run.smithi169.stdout:/usr/bin/ceph: stdout {"username": "admin", "password": "$2b$12$VzrMOAZESQkmJLiy2RO5gurnKfPdrlgbjB0QPeqJfJN9OwIo5ER7u", "roles": ["administrator"], "name": null, "email": null, "lastUpdate": 1711586860, "enabled": true, "pwdExpirationDate": null, "pwdUpdateRequired": true}
2024-03-28T00:47:40.777 INFO:teuthology.orchestra.run.smithi169.stdout:/usr/bin/ceph: stderr
2024-03-28T00:47:39.744+0000 7f58d9cb4700 1 Processor -- start
2024-03-28T00:47:40.777 INFO:teuthology.orchestra.run.smithi169.stdout:/usr/bin/ceph: stderr
2024-03-28T00:47:39.744+0000 7f58d9cb4700 1 -- start start
2024-03-28T00:47:40.777 INFO:teuthology.orchestra.run.smithi169.stdout:/usr/bin/ceph: stderr
2024-03-28T00:47:39.745+0000 7f58d9cb4700 1 --2- >> [v2:172.21.15.169:3300/0,v1:172.21.15.169:6789/0] conn(0x7f58d4107fe0 0x7f58d4108400 unknown :-1 s=NONE pgs=0 cs=0 l=0 rev1=0 crypto rx=0 tx=0 comp rx=0 tx=0).connect
2024-03-28T00:47:40.777 INFO:teuthology.orchestra.run.smithi169.stdout:/usr/bin/ceph: stderr
2024-03-28T00:47:39.745+0000 7f58d9cb4700 1 -- --> [v2:172.21.15.169:3300/0,v1:172.21.15.169:6789/0] -- mon_getmap magic: 0 v1 -- 0x7f58d41089d0 con 0x7f58d4107fe0
2024-03-28T00:47:40.777 INFO:teuthology.orchestra.run.smithi169.stdout:/usr/bin/ceph: stderr
2024-03-28T00:47:39.745+0000 7f58d37fe700 1 --2- >> [v2:172.21.15.169:3300/0,v1:172.21.15.169:6789/0] conn(0x7f58d4107fe0 0x7f58d4108400 unknown :-1 s=BANNER_CONNECTING pgs=0 cs=0 l=0 rev1=0 crypto rx=0 tx=0 comp rx=0 tx=0)._handle_peer_banner_payload supported=3 required=0
2024-03-28T00:47:40.777 INFO:teuthology.orchestra.run.smithi169.stdout:/usr/bin/ceph: stderr
2024-03-28T00:47:39.745+0000 7f58d37fe700 1 --2- >> [v2:172.21.15.169:3300/0,v1:172.21.15.169:6789/0] conn(0x7f58d4107fe0 0x7f58d4108400 unknown :-1 s=HELLO_CONNECTING pgs=0 cs=0 l=0 rev1=1 crypto rx=0 tx=0 comp rx=0 tx=0).handle_hello peer v2:172.21.15.169:3300/0 says I am v2:172.21.15.169:40092/0 (socket says 172.21.15.169:40092)
2024-03-28T00:47:40.777 INFO:teuthology.orchestra.run.smithi169.stdout:/usr/bin/ceph: stderr
2024-03-28T00:47:39.745+0000 7f58d37fe700 1 -- 172.21.15.169:0/940600925 learned_addr learned my addr 172.21.15.169:0/940600925 (peer_addr_for_me v2:172.21.15.169:0/0)
2024-03-28T00:47:40.777 INFO:teuthology.orchestra.run.smithi169.stdout:/usr/bin/ceph: stderr
2024-03-28T00:47:39.745+0000 7f58d37fe700 1 -- 172.21.15.169:0/940600925 --> [v2:172.21.15.169:3300/0,v1:172.21.15.169:6789/0] -- mon_subscribe({config=0+,monmap=0+}) v3 -- 0x7f58d4106c90 con 0x7f58d4107fe0
2024-03-28T00:47:40.777 INFO:teuthology.orchestra.run.smithi169.stdout:/usr/bin/ceph: stderr
2024-03-28T00:47:39.745+0000 7f58d37fe700 1 --2- 172.21.15.169:0/940600925 >> [v2:172.21.15.169:3300/0,v1:172.21.15.169:6789/0] conn(0x7f58d4107fe0 0x7f58d4108400 secure :-1 s=READY pgs=72 cs=0 l=1 rev1=1 crypto rx=0x7f58c4009e80 tx=0x7f58c400b330 comp rx=0 tx=0).ready entity=mon.0 client_cookie=951758150ad4998b server_cookie=0 in_seq=0 out_seq=0
2024-03-28T00:47:40.777 INFO:teuthology.orchestra.run.smithi169.stdout:/usr/bin/ceph: stderr
2024-03-28T00:47:39.745+0000 7f58d27fc700 1 -- 172.21.15.169:0/940600925 <== mon.0 v2:172.21.15.169:3300/0 1 ==== mon_map magic: 0 v1 ==== 205+0+0 (secure 0 0 0) 0x7f58c4017070 con 0x7f58d4107fe0
2024-03-28T00:47:40.777 INFO:teuthology.orchestra.run.smithi169.stdout:/usr/bin/ceph: stderr
2024-03-28T00:47:39.745+0000 7f58d27fc700 1 -- 172.21.15.169:0/940600925 <== mon.0 v2:172.21.15.169:3300/0 2 ==== config(27 keys) v1 ==== 1140+0+0 (secure 0 0 0) 0x7f58c400b8c0 con 0x7f58d4107fe0
2024-03-28T00:47:40.778 INFO:teuthology.orchestra.run.smithi169.stdout:/usr/bin/ceph: stderr
2024-03-28T00:47:39.745+0000 7f58d27fc700 1 -- 172.21.15.169:0/940600925 <== mon.0 v2:172.21.15.169:3300/0 3 ==== mon_map magic: 0 v1 ==== 205+0+0 (secure 0 0 0) 0x7f58c40045c0 con 0x7f58d4107fe0
2024-03-28T00:47:40.778 INFO:teuthology.orchestra.run.smithi169.stdout:/usr/bin/ceph: stderr
2024-03-28T00:47:39.746+0000 7f58d9cb4700 1 -- 172.21.15.169:0/940600925 >> [v2:172.21.15.169:3300/0,v1:172.21.15.169:6789/0] conn(0x7f58d4107fe0 msgr2=0x7f58d4108400 secure :-1 s=STATE_CONNECTION_ESTABLISHED l=1).mark_down
2024-03-28T00:47:40.778 INFO:teuthology.orchestra.run.smithi169.stdout:/usr/bin/ceph: stderr
2024-03-28T00:47:39.746+0000 7f58d9cb4700 1 --2- 172.21.15.169:0/940600925 >> [v2:172.21.15.169:3300/0,v1:172.21.15.169:6789/0] conn(0x7f58d4107fe0 0x7f58d4108400 secure :-1 s=READY pgs=72 cs=0 l=1 rev1=1 crypto rx=0x7f58c4009e80 tx=0x7f58c400b330 comp rx=0 tx=0).stop
2024-03-28T00:47:40.778 INFO:teuthology.orchestra.run.smithi169.stdout:/usr/bin/ceph: stderr
2024-03-28T00:47:39.746+0000 7f58d9cb4700 1 -- 172.21.15.169:0/940600925 shutdown_connections
2024-03-28T00:47:40.778 INFO:teuthology.orchestra.run.smithi169.stdout:/usr/bin/ceph: stderr
2024-03-28T00:47:39.746+0000 7f58d9cb4700 1 --2- 172.21.15.169:0/940600925 >> [v2:172.21.15.169:3300/0,v1:172.21.15.169:6789/0] conn(0x7f58d4107fe0 0x7f58d4108400 unknown :-1 s=CLOSED pgs=72 cs=0 l=1 rev1=1 crypto rx=0 tx=0 comp rx=0 tx=0).stop
2024-03-28T00:47:40.778 INFO:teuthology.orchestra.run.smithi169.stdout:/usr/bin/ceph: stderr
2024-03-28T00:47:39.746+0000 7f58d9cb4700 1 -- 172.21.15.169:0/940600925 >> 172.21.15.169:0/940600925 conn(0x7f58d4101780 msgr2=0x7f58d4103ba0 unknown :-1 s=STATE_NONE l=0).mark_down
2024-03-28T00:47:40.778 INFO:teuthology.orchestra.run.smithi169.stdout:/usr/bin/ceph: stderr
2024-03-28T00:47:39.746+0000 7f58d9cb4700 1 -- 172.21.15.169:0/940600925 shutdown_connections
2024-03-28T00:47:40.778 INFO:teuthology.orchestra.run.smithi169.stdout:/usr/bin/ceph: stderr
2024-03-28T00:47:39.746+0000 7f58d9cb4700 1 -- 172.21.15.169:0/940600925 wait complete.
2024-03-28T00:47:40.778 INFO:teuthology.orchestra.run.smithi169.stdout:/usr/bin/ceph: stderr
2024-03-28T00:47:39.747+0000 7f58d9cb4700 1 Processor -- start
2024-03-28T00:47:40.778 INFO:teuthology.orchestra.run.smithi169.stdout:/usr/bin/ceph: stderr
2024-03-28T00:47:39.747+0000 7f58d9cb4700 1 -- start start
2024-03-28T00:47:40.778 INFO:teuthology.orchestra.run.smithi169.stdout:/usr/bin/ceph: stderr
2024-03-28T00:47:39.747+0000 7f58d9cb4700 1 --2- >> [v2:172.21.15.169:3300/0,v1:172.21.15.169:6789/0] conn(0x7f58d4107fe0 0x7f58d4106620 unknown :-1 s=NONE pgs=0 cs=0 l=1 rev1=0 crypto rx=0 tx=0 comp rx=0 tx=0).connect
2024-03-28T00:47:40.778 INFO:teuthology.orchestra.run.smithi169.stdout:/usr/bin/ceph: stderr
2024-03-28T00:47:39.747+0000 7f58d9cb4700 1 -- --> [v2:172.21.15.169:3300/0,v1:172.21.15.169:6789/0] -- mon_getmap magic: 0 v1 -- 0x7f58d410b050 con 0x7f58d4107fe0
2024-03-28T00:47:40.778 INFO:teuthology.orchestra.run.smithi169.stdout:/usr/bin/ceph: stderr
2024-03-28T00:47:39.747+0000 7f58d37fe700 1 --2- >> [v2:172.21.15.169:3300/0,v1:172.21.15.169:6789/0] conn(0x7f58d4107fe0 0x7f58d4106620 unknown :-1 s=BANNER_CONNECTING pgs=0 cs=0 l=1 rev1=0 crypto rx=0 tx=0 comp rx=0 tx=0)._handle_peer_banner_payload supported=3 required=0
2024-03-28T00:47:40.779 INFO:teuthology.orchestra.run.smithi169.stdout:/usr/bin/ceph: stderr
2024-03-28T00:47:39.747+0000 7f58d37fe700 1 --2- >> [v2:172.21.15.169:3300/0,v1:172.21.15.169:6789/0] conn(0x7f58d4107fe0 0x7f58d4106620 unknown :-1 s=HELLO_CONNECTING pgs=0 cs=0 l=1 rev1=1 crypto rx=0 tx=0 comp rx=0 tx=0).handle_hello peer v2:172.21.15.169:3300/0 says I am v2:172.21.15.169:40108/0 (socket says 172.21.15.169:40108)
2024-03-28T00:47:40.779 INFO:teuthology.orchestra.run.smithi169.stdout:/usr/bin/ceph: stderr
2024-03-28T00:47:39.747+0000 7f58d37fe700 1 -- 172.21.15.169:0/3082751577 learned_addr learned my addr 172.21.15.169:0/3082751577 (peer_addr_for_me v2:172.21.15.169:0/0)
2024-03-28T00:47:40.779 INFO:teuthology.orchestra.run.smithi169.stdout:/usr/bin/ceph: stderr
2024-03-28T00:47:39.747+0000 7f58d37fe700 1 -- 172.21.15.169:0/3082751577 --> [v2:172.21.15.169:3300/0,v1:172.21.15.169:6789/0] -- mon_subscribe({config=0+,monmap=0+}) v3 -- 0x7f58d419e820 con 0x7f58d4107fe0
2024-03-28T00:47:40.779 INFO:teuthology.orchestra.run.smithi169.stdout:/usr/bin/ceph: stderr
2024-03-28T00:47:39.747+0000 7f58d37fe700 1 --2- 172.21.15.169:0/3082751577 >> [v2:172.21.15.169:3300/0,v1:172.21.15.169:6789/0] conn(0x7f58d4107fe0 0x7f58d4106620 secure :-1 s=READY pgs=73 cs=0 l=1 rev1=1 crypto rx=0x7f58c4003fa0 tx=0x7f58c4004080 comp rx=0 tx=0).ready entity=mon.0 client_cookie=0 server_cookie=0 in_seq=0 out_seq=0
2024-03-28T00:47:40.779 INFO:teuthology.orchestra.run.smithi169.stdout:/usr/bin/ceph: stderr
2024-03-28T00:47:39.748+0000 7f58d0ff9700 1 -- 172.21.15.169:0/3082751577 <== mon.0 v2:172.21.15.169:3300/0 1 ==== mon_map magic: 0 v1 ==== 205+0+0 (secure 0 0 0) 0x7f58c4020020 con 0x7f58d4107fe0
2024-03-28T00:47:40.779 INFO:teuthology.orchestra.run.smithi169.stdout:/usr/bin/ceph: stderr
2024-03-28T00:47:39.748+0000 7f58d0ff9700 1 -- 172.21.15.169:0/3082751577 <== mon.0 v2:172.21.15.169:3300/0 2 ==== config(27 keys) v1 ==== 1140+0+0 (secure 0 0 0) 0x7f58c400bba0 con 0x7f58d4107fe0
2024-03-28T00:47:40.779 INFO:teuthology.orchestra.run.smithi169.stdout:/usr/bin/ceph: stderr
2024-03-28T00:47:39.748+0000 7f58d9cb4700 1 -- 172.21.15.169:0/3082751577 --> [v2:172.21.15.169:3300/0,v1:172.21.15.169:6789/0] -- mon_subscribe({mgrmap=0+}) v3 -- 0x7f58d419e9f0 con 0x7f58d4107fe0
2024-03-28T00:47:40.779 INFO:teuthology.orchestra.run.smithi169.stdout:/usr/bin/ceph: stderr
2024-03-28T00:47:39.748+0000 7f58d0ff9700 1 -- 172.21.15.169:0/3082751577 <== mon.0 v2:172.21.15.169:3300/0 3 ==== mon_map magic: 0 v1 ==== 205+0+0 (secure 0 0 0) 0x7f58c4017040 con 0x7f58d4107fe0
2024-03-28T00:47:40.779 INFO:teuthology.orchestra.run.smithi169.stdout:/usr/bin/ceph: stderr
2024-03-28T00:47:39.748+0000 7f58d9cb4700 1 -- 172.21.15.169:0/3082751577 --> [v2:172.21.15.169:3300/0,v1:172.21.15.169:6789/0] -- mon_subscribe({osdmap=0}) v3 -- 0x7f58d419ee10 con 0x7f58d4107fe0
2024-03-28T00:47:40.779 INFO:teuthology.orchestra.run.smithi169.stdout:/usr/bin/ceph: stderr
2024-03-28T00:47:39.748+0000 7f58d0ff9700 1 -- 172.21.15.169:0/3082751577 <== mon.0 v2:172.21.15.169:3300/0 4 ==== mgrmap(e 12) v1 ==== 46119+0+0 (secure 0 0 0) 0x7f58c4023020 con 0x7f58d4107fe0
2024-03-28T00:47:40.779 INFO:teuthology.orchestra.run.smithi169.stdout:/usr/bin/ceph: stderr
2024-03-28T00:47:39.749+0000 7f58d0ff9700 1 --2- 172.21.15.169:0/3082751577 >> [v2:172.21.15.169:6800/1069722251,v1:172.21.15.169:6801/1069722251] conn(0x7f58c0038f80 0x7f58c003b440 unknown :-1 s=NONE pgs=0 cs=0 l=1 rev1=0 crypto rx=0 tx=0 comp rx=0 tx=0).connect
2024-03-28T00:47:40.779 INFO:teuthology.orchestra.run.smithi169.stdout:/usr/bin/ceph: stderr
2024-03-28T00:47:39.749+0000 7f58d0ff9700 1 -- 172.21.15.169:0/3082751577 <== mon.0 v2:172.21.15.169:3300/0 5 ==== osd_map(3..3 src has 1..3) v4 ==== 1155+0+0 (secure 0 0 0) 0x7f58c400f050 con 0x7f58d4107fe0
2024-03-28T00:47:40.779 INFO:teuthology.orchestra.run.smithi169.stdout:/usr/bin/ceph: stderr
2024-03-28T00:47:39.749+0000 7f58d2ffd700 1 --2- 172.21.15.169:0/3082751577 >> [v2:172.21.15.169:6800/1069722251,v1:172.21.15.169:6801/1069722251] conn(0x7f58c0038f80 0x7f58c003b440 unknown :-1 s=BANNER_CONNECTING pgs=0 cs=0 l=1 rev1=0 crypto rx=0 tx=0 comp rx=0 tx=0)._handle_peer_banner_payload supported=3 required=0
2024-03-28T00:47:40.780 INFO:teuthology.orchestra.run.smithi169.stdout:/usr/bin/ceph: stderr
2024-03-28T00:47:39.749+0000 7f58d9cb4700 1 -- 172.21.15.169:0/3082751577 --> [v2:172.21.15.169:3300/0,v1:172.21.15.169:6789/0] -- mon_command({"prefix": "get_command_descriptions"} v 0) v1 -- 0x7f58d40637c0 con 0x7f58d4107fe0
2024-03-28T00:47:40.780 INFO:teuthology.orchestra.run.smithi169.stdout:/usr/bin/ceph: stderr
2024-03-28T00:47:39.749+0000 7f58d2ffd700 1 --2- 172.21.15.169:0/3082751577 >> [v2:172.21.15.169:6800/1069722251,v1:172.21.15.169:6801/1069722251] conn(0x7f58c0038f80 0x7f58c003b440 secure :-1 s=READY pgs=8 cs=0 l=1 rev1=1 crypto rx=0x7f58bc006fd0 tx=0x7f58bc006e40 comp rx=0 tx=0).ready entity=mgr.14152 client_cookie=0 server_cookie=0 in_seq=0 out_seq=0
2024-03-28T00:47:40.780 INFO:teuthology.orchestra.run.smithi169.stdout:/usr/bin/ceph: stderr
2024-03-28T00:47:39.754+0000 7f58d0ff9700 1 -- 172.21.15.169:0/3082751577 <== mon.0 v2:172.21.15.169:3300/0 6 ==== mon_command_ack([{"prefix": "get_command_descriptions"}]=0 v0) v1 ==== 72+0+186149 (secure 0 0 0) 0x7f58c402a020 con 0x7f58d4107fe0
2024-03-28T00:47:40.780 INFO:teuthology.orchestra.run.smithi169.stdout:/usr/bin/ceph: stderr
2024-03-28T00:47:39.977+0000 7f58d9cb4700 1 -- 172.21.15.169:0/3082751577 --> [v2:172.21.15.169:6800/1069722251,v1:172.21.15.169:6801/1069722251] -- mgr_command(tid 0: {"prefix": "dashboard ac-user-create", "username": "admin", "rolename": "administrator", "force_password": true, "pwd_update_required": true, "target": ["mon-mgr", ""]}) v1 -- 0x7f58d41029e0 con 0x7f58c0038f80
2024-03-28T00:47:40.780 INFO:teuthology.orchestra.run.smithi169.stdout:/usr/bin/ceph: stderr
2024-03-28T00:47:40.201+0000 7f58d0ff9700 1 -- 172.21.15.169:0/3082751577 <== mgr.14152 v2:172.21.15.169:6800/1069722251 1 ==== mgr_command_reply(tid 0: 0 ) v1 ==== 8+0+252 (secure 0 0 0) 0x7f58d41029e0 con 0x7f58c0038f80
2024-03-28T00:47:40.780 INFO:teuthology.orchestra.run.smithi169.stdout:/usr/bin/ceph: stderr
2024-03-28T00:47:40.203+0000 7f58d9cb4700 1 -- 172.21.15.169:0/3082751577 >> [v2:172.21.15.169:6800/1069722251,v1:172.21.15.169:6801/1069722251] conn(0x7f58c0038f80 msgr2=0x7f58c003b440 secure :-1 s=STATE_CONNECTION_ESTABLISHED l=1).mark_down
2024-03-28T00:47:40.780 INFO:teuthology.orchestra.run.smithi169.stdout:/usr/bin/ceph: stderr
2024-03-28T00:47:40.203+0000 7f58d9cb4700 1 --2- 172.21.15.169:0/3082751577 >> [v2:172.21.15.169:6800/1069722251,v1:172.21.15.169:6801/1069722251] conn(0x7f58c0038f80 0x7f58c003b440 secure :-1 s=READY pgs=8 cs=0 l=1 rev1=1 crypto rx=0x7f58bc006fd0 tx=0x7f58bc006e40 comp rx=0 tx=0).stop
2024-03-28T00:47:40.780 INFO:teuthology.orchestra.run.smithi169.stdout:/usr/bin/ceph: stderr
2024-03-28T00:47:40.203+0000 7f58d9cb4700 1 -- 172.21.15.169:0/3082751577 >> [v2:172.21.15.169:3300/0,v1:172.21.15.169:6789/0] conn(0x7f58d4107fe0 msgr2=0x7f58d4106620 secure :-1 s=STATE_CONNECTION_ESTABLISHED l=1).mark_down
2024-03-28T00:47:40.780 INFO:teuthology.orchestra.run.smithi169.stdout:/usr/bin/ceph: stderr
2024-03-28T00:47:40.203+0000 7f58d9cb4700 1 --2- 172.21.15.169:0/3082751577 >> [v2:172.21.15.169:3300/0,v1:172.21.15.169:6789/0] conn(0x7f58d4107fe0 0x7f58d4106620 secure :-1 s=READY pgs=73 cs=0 l=1 rev1=1 crypto rx=0x7f58c4003fa0 tx=0x7f58c4004080 comp rx=0 tx=0).stop
2024-03-28T00:47:40.780 INFO:teuthology.orchestra.run.smithi169.stdout:/usr/bin/ceph: stderr
2024-03-28T00:47:40.203+0000 7f58d9cb4700 1 -- 172.21.15.169:0/3082751577 shutdown_connections
2024-03-28T00:47:40.780 INFO:teuthology.orchestra.run.smithi169.stdout:/usr/bin/ceph: stderr
2024-03-28T00:47:40.203+0000 7f58d9cb4700 1 --2- 172.21.15.169:0/3082751577 >> [v2:172.21.15.169:6800/1069722251,v1:172.21.15.169:6801/1069722251] conn(0x7f58c0038f80 0x7f58c003b440 unknown :-1 s=CLOSED pgs=8 cs=0 l=1 rev1=1 crypto rx=0 tx=0 comp rx=0 tx=0).stop
2024-03-28T00:47:40.780 INFO:teuthology.orchestra.run.smithi169.stdout:/usr/bin/ceph: stderr
2024-03-28T00:47:40.203+0000 7f58d9cb4700 1 --2- 172.21.15.169:0/3082751577 >> [v2:172.21.15.169:3300/0,v1:172.21.15.169:6789/0] conn(0x7f58d4107fe0 0x7f58d4106620 unknown :-1 s=CLOSED pgs=73 cs=0 l=1 rev1=1 crypto rx=0 tx=0 comp rx=0 tx=0).stop
2024-03-28T00:47:40.780 INFO:teuthology.orchestra.run.smithi169.stdout:/usr/bin/ceph: stderr
2024-03-28T00:47:40.203+0000 7f58d9cb4700 1 -- 172.21.15.169:0/3082751577 >> 172.21.15.169:0/3082751577 conn(0x7f58d4101780 msgr2=0x7f58d41022d0 unknown :-1 s=STATE_NONE l=0).mark_down
2024-03-28T00:47:40.780 INFO:teuthology.orchestra.run.smithi169.stdout:/usr/bin/ceph: stderr
2024-03-28T00:47:40.204+0000 7f58d9cb4700 1 -- 172.21.15.169:0/3082751577 shutdown_connections
2024-03-28T00:47:40.780 INFO:teuthology.orchestra.run.smithi169.stdout:/usr/bin/ceph: stderr
2024-03-28T00:47:40.204+0000 7f58d9cb4700 1 -- 172.21.15.169:0/3082751577 wait complete.
2024-03-28T00:47:40.781 INFO:teuthology.orchestra.run.smithi169.stdout:Fetching dashboard port number...
2024-03-28T00:47:42.016 INFO:journalctl@ceph.mon.a.smithi169.stdout:Mar 28 00:47:41 smithi169 ceph-mon[32274]: from='client.? 172.21.15.169:0/2646505564' entity='client.admin' cmd=[{"prefix": "config get", "who": "mgr", "key": "mgr/dashboard/ssl_server_port"}]: dispatch
2024-03-28T00:47:42.221 INFO:teuthology.orchestra.run.smithi169.stdout:/usr/bin/ceph: stdout 8443
2024-03-28T00:47:42.221 INFO:teuthology.orchestra.run.smithi169.stdout:/usr/bin/ceph: stderr
2024-03-28T00:47:41.489+0000 7f01aca73700 1 Processor -- start
2024-03-28T00:47:42.222 INFO:teuthology.orchestra.run.smithi169.stdout:/usr/bin/ceph: stderr
2024-03-28T00:47:41.489+0000 7f01aca73700 1 -- start start
2024-03-28T00:47:42.222 INFO:teuthology.orchestra.run.smithi169.stdout:/usr/bin/ceph: stderr
2024-03-28T00:47:41.489+0000 7f01aca73700 1 --2- >> [v2:172.21.15.169:3300/0,v1:172.21.15.169:6789/0] conn(0x7f01a8108600 0x7f01a810a9f0 unknown :-1 s=NONE pgs=0 cs=0 l=0 rev1=0 crypto rx=0 tx=0 comp rx=0 tx=0).connect
2024-03-28T00:47:42.222 INFO:teuthology.orchestra.run.smithi169.stdout:/usr/bin/ceph: stderr
2024-03-28T00:47:41.489+0000 7f01aca73700 1 -- --> [v2:172.21.15.169:3300/0,v1:172.21.15.169:6789/0] -- mon_getmap magic: 0 v1 -- 0x7f01a807be90 con 0x7f01a8108600
2024-03-28T00:47:42.222 INFO:teuthology.orchestra.run.smithi169.stdout:/usr/bin/ceph: stderr
2024-03-28T00:47:41.489+0000 7f01a659c700 1 --2- >> [v2:172.21.15.169:3300/0,v1:172.21.15.169:6789/0] conn(0x7f01a8108600 0x7f01a810a9f0 unknown :-1 s=BANNER_CONNECTING pgs=0 cs=0 l=0 rev1=0 crypto rx=0 tx=0 comp rx=0 tx=0)._handle_peer_banner_payload supported=3 required=0
2024-03-28T00:47:42.222 INFO:teuthology.orchestra.run.smithi169.stdout:/usr/bin/ceph: stderr
2024-03-28T00:47:41.489+0000 7f01a659c700 1 --2- >> [v2:172.21.15.169:3300/0,v1:172.21.15.169:6789/0] conn(0x7f01a8108600 0x7f01a810a9f0 unknown :-1 s=HELLO_CONNECTING pgs=0 cs=0 l=0 rev1=1 crypto rx=0 tx=0 comp rx=0 tx=0).handle_hello peer v2:172.21.15.169:3300/0 says I am v2:172.21.15.169:40112/0 (socket says 172.21.15.169:40112)
2024-03-28T00:47:42.222 INFO:teuthology.orchestra.run.smithi169.stdout:/usr/bin/ceph: stderr
2024-03-28T00:47:41.489+0000 7f01a659c700 1 -- 172.21.15.169:0/3849675017 learned_addr learned my addr 172.21.15.169:0/3849675017 (peer_addr_for_me v2:172.21.15.169:0/0)
2024-03-28T00:47:42.222 INFO:teuthology.orchestra.run.smithi169.stdout:/usr/bin/ceph: stderr
2024-03-28T00:47:41.489+0000 7f01a659c700 1 -- 172.21.15.169:0/3849675017 --> [v2:172.21.15.169:3300/0,v1:172.21.15.169:6789/0] -- mon_subscribe({config=0+,monmap=0+}) v3 -- 0x7f01a810af30 con 0x7f01a8108600
2024-03-28T00:47:42.222 INFO:teuthology.orchestra.run.smithi169.stdout:/usr/bin/ceph: stderr
2024-03-28T00:47:41.490+0000 7f01a659c700 1 --2- 172.21.15.169:0/3849675017 >> [v2:172.21.15.169:3300/0,v1:172.21.15.169:6789/0] conn(0x7f01a8108600 0x7f01a810a9f0 secure :-1 s=READY pgs=74 cs=0 l=1 rev1=1 crypto rx=0x7f019c0098a0 tx=0x7f019c009bb0 comp rx=0 tx=0).ready entity=mon.0 client_cookie=a5ef87060957d122 server_cookie=0 in_seq=0 out_seq=0
2024-03-28T00:47:42.222 INFO:teuthology.orchestra.run.smithi169.stdout:/usr/bin/ceph: stderr
2024-03-28T00:47:41.490+0000 7f01a559a700 1 -- 172.21.15.169:0/3849675017 <== mon.0 v2:172.21.15.169:3300/0 1 ==== mon_map magic: 0 v1 ==== 205+0+0 (secure 0 0 0) 0x7f019c004160 con 0x7f01a8108600
2024-03-28T00:47:42.222 INFO:teuthology.orchestra.run.smithi169.stdout:/usr/bin/ceph: stderr
2024-03-28T00:47:41.490+0000 7f01a559a700 1 -- 172.21.15.169:0/3849675017 <== mon.0 v2:172.21.15.169:3300/0 2 ==== config(27 keys) v1 ==== 1140+0+0 (secure 0 0 0) 0x7f019c004300 con 0x7f01a8108600
2024-03-28T00:47:42.222 INFO:teuthology.orchestra.run.smithi169.stdout:/usr/bin/ceph: stderr
2024-03-28T00:47:41.490+0000 7f01a559a700 1 -- 172.21.15.169:0/3849675017 <== mon.0 v2:172.21.15.169:3300/0 3 ==== mon_map magic: 0 v1 ==== 205+0+0 (secure 0 0 0) 0x7f019c011b20 con 0x7f01a8108600
2024-03-28T00:47:42.222 INFO:teuthology.orchestra.run.smithi169.stdout:/usr/bin/ceph: stderr
2024-03-28T00:47:41.490+0000 7f01aca73700 1 -- 172.21.15.169:0/3849675017 >> [v2:172.21.15.169:3300/0,v1:172.21.15.169:6789/0] conn(0x7f01a8108600 msgr2=0x7f01a810a9f0 secure :-1 s=STATE_CONNECTION_ESTABLISHED l=1).mark_down
2024-03-28T00:47:42.223 INFO:teuthology.orchestra.run.smithi169.stdout:/usr/bin/ceph: stderr
2024-03-28T00:47:41.490+0000 7f01aca73700 1 --2- 172.21.15.169:0/3849675017 >> [v2:172.21.15.169:3300/0,v1:172.21.15.169:6789/0] conn(0x7f01a8108600 0x7f01a810a9f0 secure :-1 s=READY pgs=74 cs=0 l=1 rev1=1 crypto rx=0x7f019c0098a0 tx=0x7f019c009bb0 comp rx=0 tx=0).stop
2024-03-28T00:47:42.223 INFO:teuthology.orchestra.run.smithi169.stdout:/usr/bin/ceph: stderr
2024-03-28T00:47:41.490+0000 7f01aca73700 1 -- 172.21.15.169:0/3849675017 shutdown_connections
2024-03-28T00:47:42.223 INFO:teuthology.orchestra.run.smithi169.stdout:/usr/bin/ceph: stderr
2024-03-28T00:47:41.490+0000 7f01aca73700 1 --2- 172.21.15.169:0/3849675017 >> [v2:172.21.15.169:3300/0,v1:172.21.15.169:6789/0] conn(0x7f01a8108600 0x7f01a810a9f0 unknown :-1 s=CLOSED pgs=74 cs=0 l=1 rev1=1 crypto rx=0 tx=0 comp rx=0 tx=0).stop
2024-03-28T00:47:42.223 INFO:teuthology.orchestra.run.smithi169.stdout:/usr/bin/ceph: stderr
2024-03-28T00:47:41.490+0000 7f01aca73700 1 -- 172.21.15.169:0/3849675017 >> 172.21.15.169:0/3849675017 conn(0x7f01a8102030 msgr2=0x7f01a8104450 unknown :-1 s=STATE_NONE l=0).mark_down
2024-03-28T00:47:42.223 INFO:teuthology.orchestra.run.smithi169.stdout:/usr/bin/ceph: stderr
2024-03-28T00:47:41.490+0000 7f01aca73700 1 -- 172.21.15.169:0/3849675017 shutdown_connections
2024-03-28T00:47:42.223 INFO:teuthology.orchestra.run.smithi169.stdout:/usr/bin/ceph: stderr
2024-03-28T00:47:41.491+0000 7f01aca73700 1 -- 172.21.15.169:0/3849675017 wait complete.
2024-03-28T00:47:42.223 INFO:teuthology.orchestra.run.smithi169.stdout:/usr/bin/ceph: stderr
2024-03-28T00:47:41.491+0000 7f01aca73700 1 Processor -- start
2024-03-28T00:47:42.223 INFO:teuthology.orchestra.run.smithi169.stdout:/usr/bin/ceph: stderr
2024-03-28T00:47:41.491+0000 7f01aca73700 1 -- start start
2024-03-28T00:47:42.223 INFO:teuthology.orchestra.run.smithi169.stdout:/usr/bin/ceph: stderr
2024-03-28T00:47:41.491+0000 7f01aca73700 1 --2- >> [v2:172.21.15.169:3300/0,v1:172.21.15.169:6789/0] conn(0x7f01a8108600 0x7f01a819bac0 unknown :-1 s=NONE pgs=0 cs=0 l=1 rev1=0 crypto rx=0 tx=0 comp rx=0 tx=0).connect
2024-03-28T00:47:42.223 INFO:teuthology.orchestra.run.smithi169.stdout:/usr/bin/ceph: stderr
2024-03-28T00:47:41.491+0000 7f01aca73700 1 -- --> [v2:172.21.15.169:3300/0,v1:172.21.15.169:6789/0] -- mon_getmap magic: 0 v1 -- 0x7f01a810bf90 con 0x7f01a8108600
2024-03-28T00:47:42.223 INFO:teuthology.orchestra.run.smithi169.stdout:/usr/bin/ceph: stderr
2024-03-28T00:47:41.491+0000 7f01a659c700 1 --2- >> [v2:172.21.15.169:3300/0,v1:172.21.15.169:6789/0] conn(0x7f01a8108600 0x7f01a819bac0 unknown :-1 s=BANNER_CONNECTING pgs=0 cs=0 l=1 rev1=0 crypto rx=0 tx=0 comp rx=0 tx=0)._handle_peer_banner_payload supported=3 required=0
2024-03-28T00:47:42.223 INFO:teuthology.orchestra.run.smithi169.stdout:/usr/bin/ceph: stderr
2024-03-28T00:47:41.491+0000 7f01a659c700 1 --2- >> [v2:172.21.15.169:3300/0,v1:172.21.15.169:6789/0] conn(0x7f01a8108600 0x7f01a819bac0 unknown :-1 s=HELLO_CONNECTING pgs=0 cs=0 l=1 rev1=1 crypto rx=0 tx=0 comp rx=0 tx=0).handle_hello peer v2:172.21.15.169:3300/0 says I am v2:172.21.15.169:40122/0 (socket says 172.21.15.169:40122)
2024-03-28T00:47:42.223 INFO:teuthology.orchestra.run.smithi169.stdout:/usr/bin/ceph: stderr
2024-03-28T00:47:41.492+0000 7f01a659c700 1 -- 172.21.15.169:0/2646505564 learned_addr learned my addr 172.21.15.169:0/2646505564 (peer_addr_for_me v2:172.21.15.169:0/0)
2024-03-28T00:47:42.223 INFO:teuthology.orchestra.run.smithi169.stdout:/usr/bin/ceph: stderr
2024-03-28T00:47:41.492+0000 7f01a659c700 1 -- 172.21.15.169:0/2646505564 --> [v2:172.21.15.169:3300/0,v1:172.21.15.169:6789/0] -- mon_subscribe({config=0+,monmap=0+}) v3 -- 0x7f01a819c000 con 0x7f01a8108600
2024-03-28T00:47:42.224 INFO:teuthology.orchestra.run.smithi169.stdout:/usr/bin/ceph: stderr
2024-03-28T00:47:41.492+0000 7f01a659c700 1 --2- 172.21.15.169:0/2646505564 >> [v2:172.21.15.169:3300/0,v1:172.21.15.169:6789/0] conn(0x7f01a8108600 0x7f01a819bac0 secure :-1 s=READY pgs=75 cs=0 l=1 rev1=1 crypto rx=0x7f019c0116a0 tx=0x7f019c011ba0 comp rx=0 tx=0).ready entity=mon.0 client_cookie=0 server_cookie=0 in_seq=0 out_seq=0
2024-03-28T00:47:42.224 INFO:teuthology.orchestra.run.smithi169.stdout:/usr/bin/ceph: stderr
2024-03-28T00:47:41.492+0000 7f01977fe700 1 -- 172.21.15.169:0/2646505564 <== mon.0 v2:172.21.15.169:3300/0 1 ==== mon_map magic: 0 v1 ==== 205+0+0 (secure 0 0 0) 0x7f019c003a40 con 0x7f01a8108600
2024-03-28T00:47:42.224 INFO:teuthology.orchestra.run.smithi169.stdout:/usr/bin/ceph: stderr
2024-03-28T00:47:41.492+0000 7f01aca73700 1 -- 172.21.15.169:0/2646505564 --> [v2:172.21.15.169:3300/0,v1:172.21.15.169:6789/0] -- mon_subscribe({mgrmap=0+}) v3 -- 0x7f01a819c290 con 0x7f01a8108600
2024-03-28T00:47:42.224 INFO:teuthology.orchestra.run.smithi169.stdout:/usr/bin/ceph: stderr
2024-03-28T00:47:41.492+0000 7f01977fe700 1 -- 172.21.15.169:0/2646505564 <== mon.0 v2:172.21.15.169:3300/0 2 ==== config(27 keys) v1 ==== 1140+0+0 (secure 0 0 0) 0x7f019c003be0 con 0x7f01a8108600
2024-03-28T00:47:42.224 INFO:teuthology.orchestra.run.smithi169.stdout:/usr/bin/ceph: stderr
2024-03-28T00:47:41.492+0000 7f01977fe700 1 -- 172.21.15.169:0/2646505564 <== mon.0 v2:172.21.15.169:3300/0 3 ==== mon_map magic: 0 v1 ==== 205+0+0 (secure 0 0 0) 0x7f019c01a750 con 0x7f01a8108600
2024-03-28T00:47:42.224 INFO:teuthology.orchestra.run.smithi169.stdout:/usr/bin/ceph: stderr
2024-03-28T00:47:41.492+0000 7f01aca73700 1 -- 172.21.15.169:0/2646505564 --> [v2:172.21.15.169:3300/0,v1:172.21.15.169:6789/0] -- mon_subscribe({osdmap=0}) v3 -- 0x7f01a819c6f0 con 0x7f01a8108600
2024-03-28T00:47:42.224 INFO:teuthology.orchestra.run.smithi169.stdout:/usr/bin/ceph: stderr
2024-03-28T00:47:41.493+0000 7f01977fe700 1 -- 172.21.15.169:0/2646505564 <== mon.0 v2:172.21.15.169:3300/0 4 ==== mgrmap(e 12) v1 ==== 46119+0+0 (secure 0 0 0) 0x7f019c01aa50 con 0x7f01a8108600
2024-03-28T00:47:42.224 INFO:teuthology.orchestra.run.smithi169.stdout:/usr/bin/ceph: stderr
2024-03-28T00:47:41.493+0000 7f01977fe700 1 --2- 172.21.15.169:0/2646505564 >> [v2:172.21.15.169:6800/1069722251,v1:172.21.15.169:6801/1069722251] conn(0x7f0190038f20 0x7f019003b3e0 unknown :-1 s=NONE pgs=0 cs=0 l=1 rev1=0 crypto rx=0 tx=0 comp rx=0 tx=0).connect
2024-03-28T00:47:42.224 INFO:teuthology.orchestra.run.smithi169.stdout:/usr/bin/ceph: stderr
2024-03-28T00:47:41.493+0000 7f01977fe700 1 -- 172.21.15.169:0/2646505564 <== mon.0 v2:172.21.15.169:3300/0 5 ==== osd_map(3..3 src has 1..3) v4 ==== 1155+0+0 (secure 0 0 0) 0x7f019c024aa0 con 0x7f01a8108600
2024-03-28T00:47:42.224 INFO:teuthology.orchestra.run.smithi169.stdout:/usr/bin/ceph: stderr
2024-03-28T00:47:41.493+0000 7f01a5d9b700 1 --2- 172.21.15.169:0/2646505564 >> [v2:172.21.15.169:6800/1069722251,v1:172.21.15.169:6801/1069722251] conn(0x7f0190038f20 0x7f019003b3e0 unknown :-1 s=BANNER_CONNECTING pgs=0 cs=0 l=1 rev1=0 crypto rx=0 tx=0 comp rx=0 tx=0)._handle_peer_banner_payload supported=3 required=0
2024-03-28T00:47:42.224 INFO:teuthology.orchestra.run.smithi169.stdout:/usr/bin/ceph: stderr
2024-03-28T00:47:41.493+0000 7f01aca73700 1 -- 172.21.15.169:0/2646505564 --> [v2:172.21.15.169:3300/0,v1:172.21.15.169:6789/0] -- mon_command({"prefix": "get_command_descriptions"} v 0) v1 -- 0x7f01a80637c0 con 0x7f01a8108600
2024-03-28T00:47:42.224 INFO:teuthology.orchestra.run.smithi169.stdout:/usr/bin/ceph: stderr
2024-03-28T00:47:41.494+0000 7f01a5d9b700 1 --2- 172.21.15.169:0/2646505564 >> [v2:172.21.15.169:6800/1069722251,v1:172.21.15.169:6801/1069722251] conn(0x7f0190038f20 0x7f019003b3e0 secure :-1 s=READY pgs=9 cs=0 l=1 rev1=1 crypto rx=0x7f0198006fd0 tx=0x7f0198006e40 comp rx=0 tx=0).ready entity=mgr.14152 client_cookie=0 server_cookie=0 in_seq=0 out_seq=0
2024-03-28T00:47:42.225 INFO:teuthology.orchestra.run.smithi169.stdout:/usr/bin/ceph: stderr
2024-03-28T00:47:41.498+0000 7f01977fe700 1 -- 172.21.15.169:0/2646505564 <== mon.0 v2:172.21.15.169:3300/0 6 ==== mon_command_ack([{"prefix": "get_command_descriptions"}]=0 v0) v1 ==== 72+0+186149 (secure 0 0 0) 0x7f019c011e20 con 0x7f01a8108600
2024-03-28T00:47:42.225 INFO:teuthology.orchestra.run.smithi169.stdout:/usr/bin/ceph: stderr
2024-03-28T00:47:41.692+0000 7f01aca73700 1 -- 172.21.15.169:0/2646505564 --> [v2:172.21.15.169:3300/0,v1:172.21.15.169:6789/0] -- mon_command({"prefix": "config get", "who": "mgr", "key": "mgr/dashboard/ssl_server_port"} v 0) v1 -- 0x7f01a819f0a0 con 0x7f01a8108600
2024-03-28T00:47:42.225 INFO:teuthology.orchestra.run.smithi169.stdout:/usr/bin/ceph: stderr
2024-03-28T00:47:41.692+0000 7f01977fe700 1 -- 172.21.15.169:0/2646505564 <== mon.0 v2:172.21.15.169:3300/0 7 ==== mon_command_ack([{"prefix": "config get", "who": "mgr", "key": "mgr/dashboard/ssl_server_port"}]=0 v8) v1 ==== 112+0+5 (secure 0 0 0) 0x7f019c00ba30 con 0x7f01a8108600
2024-03-28T00:47:42.225 INFO:teuthology.orchestra.run.smithi169.stdout:/usr/bin/ceph: stderr
2024-03-28T00:47:41.695+0000 7f01aca73700 1 -- 172.21.15.169:0/2646505564 >> [v2:172.21.15.169:6800/1069722251,v1:172.21.15.169:6801/1069722251] conn(0x7f0190038f20 msgr2=0x7f019003b3e0 secure :-1 s=STATE_CONNECTION_ESTABLISHED l=1).mark_down
2024-03-28T00:47:42.225 INFO:teuthology.orchestra.run.smithi169.stdout:/usr/bin/ceph: stderr
2024-03-28T00:47:41.695+0000 7f01aca73700 1 --2- 172.21.15.169:0/2646505564 >> [v2:172.21.15.169:6800/1069722251,v1:172.21.15.169:6801/1069722251] conn(0x7f0190038f20 0x7f019003b3e0 secure :-1 s=READY pgs=9 cs=0 l=1 rev1=1 crypto rx=0x7f0198006fd0 tx=0x7f0198006e40 comp rx=0 tx=0).stop
2024-03-28T00:47:42.225 INFO:teuthology.orchestra.run.smithi169.stdout:/usr/bin/ceph: stderr
2024-03-28T00:47:41.695+0000 7f01aca73700 1 -- 172.21.15.169:0/2646505564 >> [v2:172.21.15.169:3300/0,v1:172.21.15.169:6789/0] conn(0x7f01a8108600 msgr2=0x7f01a819bac0 secure :-1 s=STATE_CONNECTION_ESTABLISHED l=1).mark_down
2024-03-28T00:47:42.225 INFO:teuthology.orchestra.run.smithi169.stdout:/usr/bin/ceph: stderr
2024-03-28T00:47:41.695+0000 7f01aca73700 1 --2- 172.21.15.169:0/2646505564 >> [v2:172.21.15.169:3300/0,v1:172.21.15.169:6789/0] conn(0x7f01a8108600 0x7f01a819bac0 secure :-1 s=READY pgs=75 cs=0 l=1 rev1=1 crypto rx=0x7f019c0116a0 tx=0x7f019c011ba0 comp rx=0 tx=0).stop
2024-03-28T00:47:42.225 INFO:teuthology.orchestra.run.smithi169.stdout:/usr/bin/ceph: stderr
2024-03-28T00:47:41.695+0000 7f01aca73700 1 -- 172.21.15.169:0/2646505564 shutdown_connections
2024-03-28T00:47:42.225 INFO:teuthology.orchestra.run.smithi169.stdout:/usr/bin/ceph: stderr
2024-03-28T00:47:41.695+0000 7f01aca73700 1 --2- 172.21.15.169:0/2646505564 >> [v2:172.21.15.169:6800/1069722251,v1:172.21.15.169:6801/1069722251] conn(0x7f0190038f20 0x7f019003b3e0 unknown :-1 s=CLOSED pgs=9 cs=0 l=1 rev1=1 crypto rx=0 tx=0 comp rx=0 tx=0).stop
2024-03-28T00:47:42.225 INFO:teuthology.orchestra.run.smithi169.stdout:/usr/bin/ceph: stderr
2024-03-28T00:47:41.695+0000 7f01aca73700 1 --2- 172.21.15.169:0/2646505564 >> [v2:172.21.15.169:3300/0,v1:172.21.15.169:6789/0] conn(0x7f01a8108600 0x7f01a819bac0 unknown :-1 s=CLOSED pgs=75 cs=0 l=1 rev1=1 crypto rx=0 tx=0 comp rx=0 tx=0).stop
2024-03-28T00:47:42.225 INFO:teuthology.orchestra.run.smithi169.stdout:/usr/bin/ceph: stderr
2024-03-28T00:47:41.695+0000 7f01aca73700 1 -- 172.21.15.169:0/2646505564 >> 172.21.15.169:0/2646505564 conn(0x7f01a8102030 msgr2=0x7f01a8102af0 unknown :-1 s=STATE_NONE l=0).mark_down
2024-03-28T00:47:42.225 INFO:teuthology.orchestra.run.smithi169.stdout:/usr/bin/ceph: stderr
2024-03-28T00:47:41.695+0000 7f01aca73700 1 -- 172.21.15.169:0/2646505564 shutdown_connections
2024-03-28T00:47:42.225 INFO:teuthology.orchestra.run.smithi169.stdout:/usr/bin/ceph: stderr
2024-03-28T00:47:41.695+0000 7f01aca73700 1 -- 172.21.15.169:0/2646505564 wait complete.
2024-03-28T00:47:42.227 INFO:teuthology.orchestra.run.smithi169.stdout:Non-zero exit code 1 from systemctl is-enabled firewalld.service
2024-03-28T00:47:42.227 INFO:teuthology.orchestra.run.smithi169.stdout:systemctl: stdout disabled
2024-03-28T00:47:42.234 INFO:teuthology.orchestra.run.smithi169.stdout:Non-zero exit code 3 from systemctl is-active firewalld.service
2024-03-28T00:47:42.234 INFO:teuthology.orchestra.run.smithi169.stdout:systemctl: stdout inactive
2024-03-28T00:47:42.234 INFO:teuthology.orchestra.run.smithi169.stdout:firewalld.service is not enabled
2024-03-28T00:47:42.234 INFO:teuthology.orchestra.run.smithi169.stdout:Not possible to open ports <[8443]>. firewalld.service is not available
2024-03-28T00:47:42.236 INFO:teuthology.orchestra.run.smithi169.stdout:Ceph Dashboard is now available at:
2024-03-28T00:47:42.236 INFO:teuthology.orchestra.run.smithi169.stdout:
2024-03-28T00:47:42.236 INFO:teuthology.orchestra.run.smithi169.stdout: URL: https://smithi169.front.sepia.ceph.com:8443/
2024-03-28T00:47:42.236 INFO:teuthology.orchestra.run.smithi169.stdout: User: admin
2024-03-28T00:47:42.236 INFO:teuthology.orchestra.run.smithi169.stdout: Password: pto2de5kco
2024-03-28T00:47:42.236 INFO:teuthology.orchestra.run.smithi169.stdout:
2024-03-28T00:47:42.237 INFO:teuthology.orchestra.run.smithi169.stdout:Saving cluster configuration to /var/lib/ceph/833368da-ec9c-11ee-95d0-87774f69a715/config directory
2024-03-28T00:47:42.237 INFO:teuthology.orchestra.run.smithi169.stdout:Enabling autotune for osd_memory_target
2024-03-28T00:47:43.413 INFO:teuthology.orchestra.run.smithi169.stdout:/usr/bin/ceph: stderr
2024-03-28T00:47:42.620+0000 7f6b3afee700 1 Processor -- start
2024-03-28T00:47:43.414 INFO:teuthology.orchestra.run.smithi169.stdout:/usr/bin/ceph: stderr
2024-03-28T00:47:42.620+0000 7f6b3afee700 1 -- start start
2024-03-28T00:47:43.414 INFO:teuthology.orchestra.run.smithi169.stdout:/usr/bin/ceph: stderr
2024-03-28T00:47:42.621+0000 7f6b3afee700 1 --2- >> [v2:172.21.15.169:3300/0,v1:172.21.15.169:6789/0] conn(0x7f6b34108010 0x7f6b34108430 unknown :-1 s=NONE pgs=0 cs=0 l=0 rev1=0 crypto rx=0 tx=0 comp rx=0 tx=0).connect
