2024-03-28T00:47:02.003 INFO:teuthology.orchestra.run.smithi169.stdout:/usr/bin/ceph: stderr
2024-03-28T00:47:01.276+0000 7f94e7a56700 1 -- 172.21.15.169:0/974086004 >> [v2:172.21.15.169:3300/0,v1:172.21.15.169:6789/0] conn(0x7f94e0105e30 msgr2=0x7f94e0106250 secure :-1 s=STATE_CONNECTION_ESTABLISHED l=1).mark_down
2024-03-28T00:47:02.003 INFO:teuthology.orchestra.run.smithi169.stdout:/usr/bin/ceph: stderr
2024-03-28T00:47:01.276+0000 7f94e7a56700 1 --2- 172.21.15.169:0/974086004 >> [v2:172.21.15.169:3300/0,v1:172.21.15.169:6789/0] conn(0x7f94e0105e30 0x7f94e0106250 secure :-1 s=READY pgs=20 cs=0 l=1 rev1=1 crypto rx=0x7f94d00098a0 tx=0x7f94d0009bb0 comp rx=0 tx=0).stop
2024-03-28T00:47:02.003 INFO:teuthology.orchestra.run.smithi169.stdout:/usr/bin/ceph: stderr
2024-03-28T00:47:01.276+0000 7f94e7a56700 1 -- 172.21.15.169:0/974086004 shutdown_connections
2024-03-28T00:47:02.003 INFO:teuthology.orchestra.run.smithi169.stdout:/usr/bin/ceph: stderr
2024-03-28T00:47:01.276+0000 7f94e7a56700 1 --2- 172.21.15.169:0/974086004 >> [v2:172.21.15.169:3300/0,v1:172.21.15.169:6789/0] conn(0x7f94e0105e30 0x7f94e0106250 unknown :-1 s=CLOSED pgs=20 cs=0 l=1 rev1=1 crypto rx=0 tx=0 comp rx=0 tx=0).stop
2024-03-28T00:47:02.003 INFO:teuthology.orchestra.run.smithi169.stdout:/usr/bin/ceph: stderr
2024-03-28T00:47:01.276+0000 7f94e7a56700 1 -- 172.21.15.169:0/974086004 >> 172.21.15.169:0/974086004 conn(0x7f94e01017a0 msgr2=0x7f94e0103bc0 unknown :-1 s=STATE_NONE l=0).mark_down
2024-03-28T00:47:02.003 INFO:teuthology.orchestra.run.smithi169.stdout:/usr/bin/ceph: stderr
2024-03-28T00:47:01.276+0000 7f94e7a56700 1 -- 172.21.15.169:0/974086004 shutdown_connections
2024-03-28T00:47:02.003 INFO:teuthology.orchestra.run.smithi169.stdout:/usr/bin/ceph: stderr
2024-03-28T00:47:01.276+0000 7f94e7a56700 1 -- 172.21.15.169:0/974086004 wait complete.
2024-03-28T00:47:02.003 INFO:teuthology.orchestra.run.smithi169.stdout:/usr/bin/ceph: stderr
2024-03-28T00:47:01.277+0000 7f94e7a56700 1 Processor -- start
2024-03-28T00:47:02.003 INFO:teuthology.orchestra.run.smithi169.stdout:/usr/bin/ceph: stderr
2024-03-28T00:47:01.277+0000 7f94e7a56700 1 -- start start
2024-03-28T00:47:02.004 INFO:teuthology.orchestra.run.smithi169.stdout:/usr/bin/ceph: stderr
2024-03-28T00:47:01.277+0000 7f94e7a56700 1 --2- >> [v2:172.21.15.169:3300/0,v1:172.21.15.169:6789/0] conn(0x7f94e0105e30 0x7f94e019bb70 unknown :-1 s=NONE pgs=0 cs=0 l=1 rev1=0 crypto rx=0 tx=0 comp rx=0 tx=0).connect
2024-03-28T00:47:02.004 INFO:teuthology.orchestra.run.smithi169.stdout:/usr/bin/ceph: stderr
2024-03-28T00:47:01.277+0000 7f94e7a56700 1 -- --> [v2:172.21.15.169:3300/0,v1:172.21.15.169:6789/0] -- mon_getmap magic: 0 v1 -- 0x7f94e010c170 con 0x7f94e0105e30
2024-03-28T00:47:02.004 INFO:teuthology.orchestra.run.smithi169.stdout:/usr/bin/ceph: stderr
2024-03-28T00:47:01.277+0000 7f94e57f2700 1 --2- >> [v2:172.21.15.169:3300/0,v1:172.21.15.169:6789/0] conn(0x7f94e0105e30 0x7f94e019bb70 unknown :-1 s=BANNER_CONNECTING pgs=0 cs=0 l=1 rev1=0 crypto rx=0 tx=0 comp rx=0 tx=0)._handle_peer_banner_payload supported=3 required=0
2024-03-28T00:47:02.004 INFO:teuthology.orchestra.run.smithi169.stdout:/usr/bin/ceph: stderr
2024-03-28T00:47:01.277+0000 7f94e57f2700 1 --2- >> [v2:172.21.15.169:3300/0,v1:172.21.15.169:6789/0] conn(0x7f94e0105e30 0x7f94e019bb70 unknown :-1 s=HELLO_CONNECTING pgs=0 cs=0 l=1 rev1=1 crypto rx=0 tx=0 comp rx=0 tx=0).handle_hello peer v2:172.21.15.169:3300/0 says I am v2:172.21.15.169:53824/0 (socket says 172.21.15.169:53824)
2024-03-28T00:47:02.004 INFO:teuthology.orchestra.run.smithi169.stdout:/usr/bin/ceph: stderr
2024-03-28T00:47:01.277+0000 7f94e57f2700 1 -- 172.21.15.169:0/2483212215 learned_addr learned my addr 172.21.15.169:0/2483212215 (peer_addr_for_me v2:172.21.15.169:0/0)
2024-03-28T00:47:02.004 INFO:teuthology.orchestra.run.smithi169.stdout:/usr/bin/ceph: stderr
2024-03-28T00:47:01.277+0000 7f94e57f2700 1 -- 172.21.15.169:0/2483212215 --> [v2:172.21.15.169:3300/0,v1:172.21.15.169:6789/0] -- mon_subscribe({config=0+,monmap=0+}) v3 -- 0x7f94e019c0b0 con 0x7f94e0105e30
2024-03-28T00:47:02.004 INFO:teuthology.orchestra.run.smithi169.stdout:/usr/bin/ceph: stderr
2024-03-28T00:47:01.278+0000 7f94e57f2700 1 --2- 172.21.15.169:0/2483212215 >> [v2:172.21.15.169:3300/0,v1:172.21.15.169:6789/0] conn(0x7f94e0105e30 0x7f94e019bb70 secure :-1 s=READY pgs=21 cs=0 l=1 rev1=1 crypto rx=0x7f94d0009fb0 tx=0x7f94d0011bf0 comp rx=0 tx=0).ready entity=mon.0 client_cookie=0 server_cookie=0 in_seq=0 out_seq=0
2024-03-28T00:47:02.004 INFO:teuthology.orchestra.run.smithi169.stdout:/usr/bin/ceph: stderr
2024-03-28T00:47:01.278+0000 7f94d67fc700 1 -- 172.21.15.169:0/2483212215 <== mon.0 v2:172.21.15.169:3300/0 1 ==== mon_map magic: 0 v1 ==== 205+0+0 (secure 0 0 0) 0x7f94d00038b0 con 0x7f94e0105e30
2024-03-28T00:47:02.004 INFO:teuthology.orchestra.run.smithi169.stdout:/usr/bin/ceph: stderr
2024-03-28T00:47:01.278+0000 7f94d67fc700 1 -- 172.21.15.169:0/2483212215 <== mon.0 v2:172.21.15.169:3300/0 2 ==== config(27 keys) v1 ==== 1109+0+0 (secure 0 0 0) 0x7f94d0011e50 con 0x7f94e0105e30
2024-03-28T00:47:02.004 INFO:teuthology.orchestra.run.smithi169.stdout:/usr/bin/ceph: stderr
2024-03-28T00:47:01.278+0000 7f94e7a56700 1 -- 172.21.15.169:0/2483212215 --> [v2:172.21.15.169:3300/0,v1:172.21.15.169:6789/0] -- mon_subscribe({mgrmap=0+}) v3 -- 0x7f94e019c340 con 0x7f94e0105e30
2024-03-28T00:47:02.004 INFO:teuthology.orchestra.run.smithi169.stdout:/usr/bin/ceph: stderr
2024-03-28T00:47:01.278+0000 7f94d67fc700 1 -- 172.21.15.169:0/2483212215 <== mon.0 v2:172.21.15.169:3300/0 3 ==== mon_map magic: 0 v1 ==== 205+0+0 (secure 0 0 0) 0x7f94d0019550 con 0x7f94e0105e30
2024-03-28T00:47:02.004 INFO:teuthology.orchestra.run.smithi169.stdout:/usr/bin/ceph: stderr
2024-03-28T00:47:01.278+0000 7f94e7a56700 1 -- 172.21.15.169:0/2483212215 --> [v2:172.21.15.169:3300/0,v1:172.21.15.169:6789/0] -- mon_subscribe({osdmap=0}) v3 -- 0x7f94e019f030 con 0x7f94e0105e30
2024-03-28T00:47:02.004 INFO:teuthology.orchestra.run.smithi169.stdout:/usr/bin/ceph: stderr
2024-03-28T00:47:01.279+0000 7f94d67fc700 1 -- 172.21.15.169:0/2483212215 <== mon.0 v2:172.21.15.169:3300/0 4 ==== mgrmap(e 4) v1 ==== 46095+0+0 (secure 0 0 0) 0x7f94d0019800 con 0x7f94e0105e30
2024-03-28T00:47:02.004 INFO:teuthology.orchestra.run.smithi169.stdout:/usr/bin/ceph: stderr
2024-03-28T00:47:01.279+0000 7f94e7a56700 1 -- 172.21.15.169:0/2483212215 --> [v2:172.21.15.169:3300/0,v1:172.21.15.169:6789/0] -- mon_command({"prefix": "get_command_descriptions"} v 0) v1 -- 0x7f94e00637c0 con 0x7f94e0105e30
2024-03-28T00:47:02.005 INFO:teuthology.orchestra.run.smithi169.stdout:/usr/bin/ceph: stderr
2024-03-28T00:47:01.279+0000 7f94d67fc700 1 --2- 172.21.15.169:0/2483212215 >> [v2:172.21.15.169:6800/311965133,v1:172.21.15.169:6801/311965133] conn(0x7f94cc038ed0 0x7f94cc03b390 unknown :-1 s=NONE pgs=0 cs=0 l=1 rev1=0 crypto rx=0 tx=0 comp rx=0 tx=0).connect
2024-03-28T00:47:02.005 INFO:teuthology.orchestra.run.smithi169.stdout:/usr/bin/ceph: stderr
2024-03-28T00:47:01.279+0000 7f94d67fc700 1 -- 172.21.15.169:0/2483212215 <== mon.0 v2:172.21.15.169:3300/0 5 ==== osd_map(1..1 src has 1..1) v4 ==== 725+0+0 (secure 0 0 0) 0x7f94d004d0c0 con 0x7f94e0105e30
2024-03-28T00:47:02.005 INFO:teuthology.orchestra.run.smithi169.stdout:/usr/bin/ceph: stderr
2024-03-28T00:47:01.279+0000 7f94e4ff1700 1 --2- 172.21.15.169:0/2483212215 >> [v2:172.21.15.169:6800/311965133,v1:172.21.15.169:6801/311965133] conn(0x7f94cc038ed0 0x7f94cc03b390 unknown :-1 s=BANNER_CONNECTING pgs=0 cs=0 l=1 rev1=0 crypto rx=0 tx=0 comp rx=0 tx=0)._handle_peer_banner_payload supported=3 required=0
2024-03-28T00:47:02.005 INFO:teuthology.orchestra.run.smithi169.stdout:/usr/bin/ceph: stderr
2024-03-28T00:47:01.280+0000 7f94e4ff1700 1 --2- 172.21.15.169:0/2483212215 >> [v2:172.21.15.169:6800/311965133,v1:172.21.15.169:6801/311965133] conn(0x7f94cc038ed0 0x7f94cc03b390 secure :-1 s=READY pgs=7 cs=0 l=1 rev1=1 crypto rx=0x7f94dc006fd0 tx=0x7f94dc006e40 comp rx=0 tx=0).ready entity=mgr.14100 client_cookie=0 server_cookie=0 in_seq=0 out_seq=0
2024-03-28T00:47:02.005 INFO:teuthology.orchestra.run.smithi169.stdout:/usr/bin/ceph: stderr
2024-03-28T00:47:01.284+0000 7f94d67fc700 1 -- 172.21.15.169:0/2483212215 <== mon.0 v2:172.21.15.169:3300/0 6 ==== mon_command_ack([{"prefix": "get_command_descriptions"}]=0 v0) v1 ==== 72+0+186149 (secure 0 0 0) 0x7f94d000bc40 con 0x7f94e0105e30
2024-03-28T00:47:02.005 INFO:teuthology.orchestra.run.smithi169.stdout:/usr/bin/ceph: stderr
2024-03-28T00:47:01.478+0000 7f94e7a56700 1 -- 172.21.15.169:0/2483212215 --> [v2:172.21.15.169:3300/0,v1:172.21.15.169:6789/0] -- mon_command({"prefix": "config assimilate-conf"} v 0) v1 -- 0x7f94e019f200 con 0x7f94e0105e30
2024-03-28T00:47:02.005 INFO:teuthology.orchestra.run.smithi169.stdout:/usr/bin/ceph: stderr
2024-03-28T00:47:01.479+0000 7f94d67fc700 1 -- 172.21.15.169:0/2483212215 <== mon.0 v2:172.21.15.169:3300/0 7 ==== mon_command_ack([{"prefix": "config assimilate-conf"}]=0 v3) v1 ==== 70+0+373 (secure 0 0 0) 0x7f94e019f200 con 0x7f94e0105e30
2024-03-28T00:47:02.005 INFO:teuthology.orchestra.run.smithi169.stdout:/usr/bin/ceph: stderr
2024-03-28T00:47:01.481+0000 7f94e7a56700 1 -- 172.21.15.169:0/2483212215 >> [v2:172.21.15.169:6800/311965133,v1:172.21.15.169:6801/311965133] conn(0x7f94cc038ed0 msgr2=0x7f94cc03b390 secure :-1 s=STATE_CONNECTION_ESTABLISHED l=1).mark_down
2024-03-28T00:47:02.005 INFO:teuthology.orchestra.run.smithi169.stdout:/usr/bin/ceph: stderr
2024-03-28T00:47:01.481+0000 7f94e7a56700 1 --2- 172.21.15.169:0/2483212215 >> [v2:172.21.15.169:6800/311965133,v1:172.21.15.169:6801/311965133] conn(0x7f94cc038ed0 0x7f94cc03b390 secure :-1 s=READY pgs=7 cs=0 l=1 rev1=1 crypto rx=0x7f94dc006fd0 tx=0x7f94dc006e40 comp rx=0 tx=0).stop
2024-03-28T00:47:02.005 INFO:teuthology.orchestra.run.smithi169.stdout:/usr/bin/ceph: stderr
2024-03-28T00:47:01.481+0000 7f94e7a56700 1 -- 172.21.15.169:0/2483212215 >> [v2:172.21.15.169:3300/0,v1:172.21.15.169:6789/0] conn(0x7f94e0105e30 msgr2=0x7f94e019bb70 secure :-1 s=STATE_CONNECTION_ESTABLISHED l=1).mark_down
2024-03-28T00:47:02.005 INFO:teuthology.orchestra.run.smithi169.stdout:/usr/bin/ceph: stderr
2024-03-28T00:47:01.481+0000 7f94e7a56700 1 --2- 172.21.15.169:0/2483212215 >> [v2:172.21.15.169:3300/0,v1:172.21.15.169:6789/0] conn(0x7f94e0105e30 0x7f94e019bb70 secure :-1 s=READY pgs=21 cs=0 l=1 rev1=1 crypto rx=0x7f94d0009fb0 tx=0x7f94d0011bf0 comp rx=0 tx=0).stop
2024-03-28T00:47:02.005 INFO:teuthology.orchestra.run.smithi169.stdout:/usr/bin/ceph: stderr
2024-03-28T00:47:01.482+0000 7f94e7a56700 1 -- 172.21.15.169:0/2483212215 shutdown_connections
2024-03-28T00:47:02.005 INFO:teuthology.orchestra.run.smithi169.stdout:/usr/bin/ceph: stderr
2024-03-28T00:47:01.482+0000 7f94e7a56700 1 --2- 172.21.15.169:0/2483212215 >> [v2:172.21.15.169:6800/311965133,v1:172.21.15.169:6801/311965133] conn(0x7f94cc038ed0 0x7f94cc03b390 unknown :-1 s=CLOSED pgs=7 cs=0 l=1 rev1=1 crypto rx=0 tx=0 comp rx=0 tx=0).stop
2024-03-28T00:47:02.006 INFO:teuthology.orchestra.run.smithi169.stdout:/usr/bin/ceph: stderr
2024-03-28T00:47:01.482+0000 7f94e7a56700 1 --2- 172.21.15.169:0/2483212215 >> [v2:172.21.15.169:3300/0,v1:172.21.15.169:6789/0] conn(0x7f94e0105e30 0x7f94e019bb70 unknown :-1 s=CLOSED pgs=21 cs=0 l=1 rev1=1 crypto rx=0 tx=0 comp rx=0 tx=0).stop
2024-03-28T00:47:02.006 INFO:teuthology.orchestra.run.smithi169.stdout:/usr/bin/ceph: stderr
2024-03-28T00:47:01.482+0000 7f94e7a56700 1 -- 172.21.15.169:0/2483212215 >> 172.21.15.169:0/2483212215 conn(0x7f94e01017a0 msgr2=0x7f94e0102300 unknown :-1 s=STATE_NONE l=0).mark_down
2024-03-28T00:47:02.006 INFO:teuthology.orchestra.run.smithi169.stdout:/usr/bin/ceph: stderr
2024-03-28T00:47:01.482+0000 7f94e7a56700 1 -- 172.21.15.169:0/2483212215 shutdown_connections
2024-03-28T00:47:02.006 INFO:teuthology.orchestra.run.smithi169.stdout:/usr/bin/ceph: stderr
2024-03-28T00:47:01.482+0000 7f94e7a56700 1 -- 172.21.15.169:0/2483212215 wait complete.
2024-03-28T00:47:02.006 INFO:teuthology.orchestra.run.smithi169.stdout:Enabling cephadm module...
2024-03-28T00:47:02.552 INFO:journalctl@ceph.mon.a.smithi169.stdout:Mar 28 00:47:02 smithi169 ceph-mon[32274]: from='client.? 172.21.15.169:0/2483212215' entity='client.admin' cmd=[{"prefix": "config assimilate-conf"}]: dispatch
2024-03-28T00:47:03.539 INFO:journalctl@ceph.mon.a.smithi169.stdout:Mar 28 00:47:03 smithi169 ceph-mon[32274]: from='client.? 172.21.15.169:0/2744836259' entity='client.admin' cmd=[{"prefix": "mgr module enable", "module": "cephadm"}]: dispatch
2024-03-28T00:47:03.539 INFO:journalctl@ceph.mgr.x.smithi169.stdout:Mar 28 00:47:03 smithi169 ceph-833368da-ec9c-11ee-95d0-87774f69a715-mgr-x[32507]: ignoring --setuser ceph since I am not root
2024-03-28T00:47:03.539 INFO:journalctl@ceph.mgr.x.smithi169.stdout:Mar 28 00:47:03 smithi169 ceph-833368da-ec9c-11ee-95d0-87774f69a715-mgr-x[32507]: ignoring --setgroup ceph since I am not root
2024-03-28T00:47:03.773 INFO:teuthology.orchestra.run.smithi169.stdout:/usr/bin/ceph: stderr
2024-03-28T00:47:02.375+0000 7f96650b1700 1 Processor -- start
2024-03-28T00:47:03.773 INFO:teuthology.orchestra.run.smithi169.stdout:/usr/bin/ceph: stderr
2024-03-28T00:47:02.375+0000 7f96650b1700 1 -- start start
2024-03-28T00:47:03.773 INFO:teuthology.orchestra.run.smithi169.stdout:/usr/bin/ceph: stderr
2024-03-28T00:47:02.375+0000 7f96650b1700 1 --2- >> [v2:172.21.15.169:3300/0,v1:172.21.15.169:6789/0] conn(0x7f9660108020 0x7f9660108440 unknown :-1 s=NONE pgs=0 cs=0 l=0 rev1=0 crypto rx=0 tx=0 comp rx=0 tx=0).connect
2024-03-28T00:47:03.773 INFO:teuthology.orchestra.run.smithi169.stdout:/usr/bin/ceph: stderr
2024-03-28T00:47:02.375+0000 7f96650b1700 1 -- --> [v2:172.21.15.169:3300/0,v1:172.21.15.169:6789/0] -- mon_getmap magic: 0 v1 -- 0x7f9660108a10 con 0x7f9660108020
2024-03-28T00:47:03.773 INFO:teuthology.orchestra.run.smithi169.stdout:/usr/bin/ceph: stderr
2024-03-28T00:47:02.375+0000 7f965ed9d700 1 --2- >> [v2:172.21.15.169:3300/0,v1:172.21.15.169:6789/0] conn(0x7f9660108020 0x7f9660108440 unknown :-1 s=BANNER_CONNECTING pgs=0 cs=0 l=0 rev1=0 crypto rx=0 tx=0 comp rx=0 tx=0)._handle_peer_banner_payload supported=3 required=0
2024-03-28T00:47:03.773 INFO:teuthology.orchestra.run.smithi169.stdout:/usr/bin/ceph: stderr
2024-03-28T00:47:02.375+0000 7f965ed9d700 1 --2- >> [v2:172.21.15.169:3300/0,v1:172.21.15.169:6789/0] conn(0x7f9660108020 0x7f9660108440 unknown :-1 s=HELLO_CONNECTING pgs=0 cs=0 l=0 rev1=1 crypto rx=0 tx=0 comp rx=0 tx=0).handle_hello peer v2:172.21.15.169:3300/0 says I am v2:172.21.15.169:53832/0 (socket says 172.21.15.169:53832)
2024-03-28T00:47:03.773 INFO:teuthology.orchestra.run.smithi169.stdout:/usr/bin/ceph: stderr
2024-03-28T00:47:02.375+0000 7f965ed9d700 1 -- 172.21.15.169:0/2188206060 learned_addr learned my addr 172.21.15.169:0/2188206060 (peer_addr_for_me v2:172.21.15.169:0/0)
2024-03-28T00:47:03.773 INFO:teuthology.orchestra.run.smithi169.stdout:/usr/bin/ceph: stderr
2024-03-28T00:47:02.375+0000 7f965ed9d700 1 -- 172.21.15.169:0/2188206060 --> [v2:172.21.15.169:3300/0,v1:172.21.15.169:6789/0] -- mon_subscribe({config=0+,monmap=0+}) v3 -- 0x7f9660106c80 con 0x7f9660108020
2024-03-28T00:47:03.773 INFO:teuthology.orchestra.run.smithi169.stdout:/usr/bin/ceph: stderr
2024-03-28T00:47:02.375+0000 7f965ed9d700 1 --2- 172.21.15.169:0/2188206060 >> [v2:172.21.15.169:3300/0,v1:172.21.15.169:6789/0] conn(0x7f9660108020 0x7f9660108440 secure :-1 s=READY pgs=22 cs=0 l=1 rev1=1 crypto rx=0x7f9658009e80 tx=0x7f965800b330 comp rx=0 tx=0).ready entity=mon.0 client_cookie=340ed300a242f857 server_cookie=0 in_seq=0 out_seq=0
2024-03-28T00:47:03.773 INFO:teuthology.orchestra.run.smithi169.stdout:/usr/bin/ceph: stderr
2024-03-28T00:47:02.375+0000 7f965dd9b700 1 -- 172.21.15.169:0/2188206060 <== mon.0 v2:172.21.15.169:3300/0 1 ==== mon_map magic: 0 v1 ==== 205+0+0 (secure 0 0 0) 0x7f9658017070 con 0x7f9660108020
2024-03-28T00:47:03.773 INFO:teuthology.orchestra.run.smithi169.stdout:/usr/bin/ceph: stderr
2024-03-28T00:47:02.376+0000 7f965dd9b700 1 -- 172.21.15.169:0/2188206060 <== mon.0 v2:172.21.15.169:3300/0 2 ==== config(27 keys) v1 ==== 1109+0+0 (secure 0 0 0) 0x7f965800b8c0 con 0x7f9660108020
2024-03-28T00:47:03.774 INFO:teuthology.orchestra.run.smithi169.stdout:/usr/bin/ceph: stderr
2024-03-28T00:47:02.376+0000 7f965dd9b700 1 -- 172.21.15.169:0/2188206060 <== mon.0 v2:172.21.15.169:3300/0 3 ==== mon_map magic: 0 v1 ==== 205+0+0 (secure 0 0 0) 0x7f96580045c0 con 0x7f9660108020
2024-03-28T00:47:03.774 INFO:teuthology.orchestra.run.smithi169.stdout:/usr/bin/ceph: stderr
2024-03-28T00:47:02.376+0000 7f96650b1700 1 -- 172.21.15.169:0/2188206060 >> [v2:172.21.15.169:3300/0,v1:172.21.15.169:6789/0] conn(0x7f9660108020 msgr2=0x7f9660108440 secure :-1 s=STATE_CONNECTION_ESTABLISHED l=1).mark_down
2024-03-28T00:47:03.774 INFO:teuthology.orchestra.run.smithi169.stdout:/usr/bin/ceph: stderr
2024-03-28T00:47:02.376+0000 7f96650b1700 1 --2- 172.21.15.169:0/2188206060 >> [v2:172.21.15.169:3300/0,v1:172.21.15.169:6789/0] conn(0x7f9660108020 0x7f9660108440 secure :-1 s=READY pgs=22 cs=0 l=1 rev1=1 crypto rx=0x7f9658009e80 tx=0x7f965800b330 comp rx=0 tx=0).stop
2024-03-28T00:47:03.774 INFO:teuthology.orchestra.run.smithi169.stdout:/usr/bin/ceph: stderr
2024-03-28T00:47:02.376+0000 7f96650b1700 1 -- 172.21.15.169:0/2188206060 shutdown_connections
2024-03-28T00:47:03.774 INFO:teuthology.orchestra.run.smithi169.stdout:/usr/bin/ceph: stderr
2024-03-28T00:47:02.376+0000 7f96650b1700 1 --2- 172.21.15.169:0/2188206060 >> [v2:172.21.15.169:3300/0,v1:172.21.15.169:6789/0] conn(0x7f9660108020 0x7f9660108440 unknown :-1 s=CLOSED pgs=22 cs=0 l=1 rev1=1 crypto rx=0 tx=0 comp rx=0 tx=0).stop
2024-03-28T00:47:03.774 INFO:teuthology.orchestra.run.smithi169.stdout:/usr/bin/ceph: stderr
2024-03-28T00:47:02.376+0000 7f96650b1700 1 -- 172.21.15.169:0/2188206060 >> 172.21.15.169:0/2188206060 conn(0x7f96601017d0 msgr2=0x7f9660103bf0 unknown :-1 s=STATE_NONE l=0).mark_down
2024-03-28T00:47:03.774 INFO:teuthology.orchestra.run.smithi169.stdout:/usr/bin/ceph: stderr
2024-03-28T00:47:02.376+0000 7f96650b1700 1 -- 172.21.15.169:0/2188206060 shutdown_connections
2024-03-28T00:47:03.774 INFO:teuthology.orchestra.run.smithi169.stdout:/usr/bin/ceph: stderr
2024-03-28T00:47:02.376+0000 7f96650b1700 1 -- 172.21.15.169:0/2188206060 wait complete.
2024-03-28T00:47:03.774 INFO:teuthology.orchestra.run.smithi169.stdout:/usr/bin/ceph: stderr
2024-03-28T00:47:02.377+0000 7f96650b1700 1 Processor -- start
2024-03-28T00:47:03.774 INFO:teuthology.orchestra.run.smithi169.stdout:/usr/bin/ceph: stderr
2024-03-28T00:47:02.377+0000 7f96650b1700 1 -- start start
2024-03-28T00:47:03.774 INFO:teuthology.orchestra.run.smithi169.stdout:/usr/bin/ceph: stderr
2024-03-28T00:47:02.377+0000 7f96650b1700 1 --2- >> [v2:172.21.15.169:3300/0,v1:172.21.15.169:6789/0] conn(0x7f9660108020 0x7f96601065f0 unknown :-1 s=NONE pgs=0 cs=0 l=1 rev1=0 crypto rx=0 tx=0 comp rx=0 tx=0).connect
2024-03-28T00:47:03.774 INFO:teuthology.orchestra.run.smithi169.stdout:/usr/bin/ceph: stderr
2024-03-28T00:47:02.377+0000 7f96650b1700 1 -- --> [v2:172.21.15.169:3300/0,v1:172.21.15.169:6789/0] -- mon_getmap magic: 0 v1 -- 0x7f966010b040 con 0x7f9660108020
2024-03-28T00:47:03.774 INFO:teuthology.orchestra.run.smithi169.stdout:/usr/bin/ceph: stderr
2024-03-28T00:47:02.377+0000 7f965ed9d700 1 --2- >> [v2:172.21.15.169:3300/0,v1:172.21.15.169:6789/0] conn(0x7f9660108020 0x7f96601065f0 unknown :-1 s=BANNER_CONNECTING pgs=0 cs=0 l=1 rev1=0 crypto rx=0 tx=0 comp rx=0 tx=0)._handle_peer_banner_payload supported=3 required=0
2024-03-28T00:47:03.774 INFO:teuthology.orchestra.run.smithi169.stdout:/usr/bin/ceph: stderr
2024-03-28T00:47:02.377+0000 7f965ed9d700 1 --2- >> [v2:172.21.15.169:3300/0,v1:172.21.15.169:6789/0] conn(0x7f9660108020 0x7f96601065f0 unknown :-1 s=HELLO_CONNECTING pgs=0 cs=0 l=1 rev1=1 crypto rx=0 tx=0 comp rx=0 tx=0).handle_hello peer v2:172.21.15.169:3300/0 says I am v2:172.21.15.169:53846/0 (socket says 172.21.15.169:53846)
2024-03-28T00:47:03.774 INFO:teuthology.orchestra.run.smithi169.stdout:/usr/bin/ceph: stderr
2024-03-28T00:47:02.377+0000 7f965ed9d700 1 -- 172.21.15.169:0/2744836259 learned_addr learned my addr 172.21.15.169:0/2744836259 (peer_addr_for_me v2:172.21.15.169:0/0)
2024-03-28T00:47:03.775 INFO:teuthology.orchestra.run.smithi169.stdout:/usr/bin/ceph: stderr
2024-03-28T00:47:02.378+0000 7f965ed9d700 1 -- 172.21.15.169:0/2744836259 --> [v2:172.21.15.169:3300/0,v1:172.21.15.169:6789/0] -- mon_subscribe({config=0+,monmap=0+}) v3 -- 0x7f966019e8a0 con 0x7f9660108020
2024-03-28T00:47:03.775 INFO:teuthology.orchestra.run.smithi169.stdout:/usr/bin/ceph: stderr
2024-03-28T00:47:02.378+0000 7f965ed9d700 1 --2- 172.21.15.169:0/2744836259 >> [v2:172.21.15.169:3300/0,v1:172.21.15.169:6789/0] conn(0x7f9660108020 0x7f96601065f0 secure :-1 s=READY pgs=23 cs=0 l=1 rev1=1 crypto rx=0x7f9658009e50 tx=0x7f965800bd30 comp rx=0 tx=0).ready entity=mon.0 client_cookie=0 server_cookie=0 in_seq=0 out_seq=0
2024-03-28T00:47:03.775 INFO:teuthology.orchestra.run.smithi169.stdout:/usr/bin/ceph: stderr
2024-03-28T00:47:02.378+0000 7f9657fff700 1 -- 172.21.15.169:0/2744836259 <== mon.0 v2:172.21.15.169:3300/0 1 ==== mon_map magic: 0 v1 ==== 205+0+0 (secure 0 0 0) 0x7f9658020020 con 0x7f9660108020
2024-03-28T00:47:03.775 INFO:teuthology.orchestra.run.smithi169.stdout:/usr/bin/ceph: stderr
2024-03-28T00:47:02.378+0000 7f9657fff700 1 -- 172.21.15.169:0/2744836259 <== mon.0 v2:172.21.15.169:3300/0 2 ==== config(27 keys) v1 ==== 1109+0+0 (secure 0 0 0) 0x7f9658003b50 con 0x7f9660108020
2024-03-28T00:47:03.775 INFO:teuthology.orchestra.run.smithi169.stdout:/usr/bin/ceph: stderr
2024-03-28T00:47:02.378+0000 7f96650b1700 1 -- 172.21.15.169:0/2744836259 --> [v2:172.21.15.169:3300/0,v1:172.21.15.169:6789/0] -- mon_subscribe({mgrmap=0+}) v3 -- 0x7f966019ea70 con 0x7f9660108020
2024-03-28T00:47:03.775 INFO:teuthology.orchestra.run.smithi169.stdout:/usr/bin/ceph: stderr
2024-03-28T00:47:02.378+0000 7f9657fff700 1 -- 172.21.15.169:0/2744836259 <== mon.0 v2:172.21.15.169:3300/0 3 ==== mon_map magic: 0 v1 ==== 205+0+0 (secure 0 0 0) 0x7f9658017040 con 0x7f9660108020
2024-03-28T00:47:03.775 INFO:teuthology.orchestra.run.smithi169.stdout:/usr/bin/ceph: stderr
2024-03-28T00:47:02.378+0000 7f96650b1700 1 -- 172.21.15.169:0/2744836259 --> [v2:172.21.15.169:3300/0,v1:172.21.15.169:6789/0] -- mon_subscribe({osdmap=0}) v3 -- 0x7f966019ee90 con 0x7f9660108020
2024-03-28T00:47:03.775 INFO:teuthology.orchestra.run.smithi169.stdout:/usr/bin/ceph: stderr
2024-03-28T00:47:02.379+0000 7f9657fff700 1 -- 172.21.15.169:0/2744836259 <== mon.0 v2:172.21.15.169:3300/0 4 ==== mgrmap(e 4) v1 ==== 46095+0+0 (secure 0 0 0) 0x7f9658023020 con 0x7f9660108020
2024-03-28T00:47:03.775 INFO:teuthology.orchestra.run.smithi169.stdout:/usr/bin/ceph: stderr
2024-03-28T00:47:02.379+0000 7f9657fff700 1 --2- 172.21.15.169:0/2744836259 >> [v2:172.21.15.169:6800/311965133,v1:172.21.15.169:6801/311965133] conn(0x7f964c038e80 0x7f964c03b340 unknown :-1 s=NONE pgs=0 cs=0 l=1 rev1=0 crypto rx=0 tx=0 comp rx=0 tx=0).connect
2024-03-28T00:47:03.775 INFO:teuthology.orchestra.run.smithi169.stdout:/usr/bin/ceph: stderr
2024-03-28T00:47:02.379+0000 7f9657fff700 1 -- 172.21.15.169:0/2744836259 <== mon.0 v2:172.21.15.169:3300/0 5 ==== osd_map(1..1 src has 1..1) v4 ==== 725+0+0 (secure 0 0 0) 0x7f965800f050 con 0x7f9660108020
2024-03-28T00:47:03.775 INFO:teuthology.orchestra.run.smithi169.stdout:/usr/bin/ceph: stderr
2024-03-28T00:47:02.379+0000 7f965e59c700 1 --2- 172.21.15.169:0/2744836259 >> [v2:172.21.15.169:6800/311965133,v1:172.21.15.169:6801/311965133] conn(0x7f964c038e80 0x7f964c03b340 unknown :-1 s=BANNER_CONNECTING pgs=0 cs=0 l=1 rev1=0 crypto rx=0 tx=0 comp rx=0 tx=0)._handle_peer_banner_payload supported=3 required=0
2024-03-28T00:47:03.775 INFO:teuthology.orchestra.run.smithi169.stdout:/usr/bin/ceph: stderr
2024-03-28T00:47:02.379+0000 7f96650b1700 1 -- 172.21.15.169:0/2744836259 --> [v2:172.21.15.169:3300/0,v1:172.21.15.169:6789/0] -- mon_command({"prefix": "get_command_descriptions"} v 0) v1 -- 0x7f96600637c0 con 0x7f9660108020
2024-03-28T00:47:03.775 INFO:teuthology.orchestra.run.smithi169.stdout:/usr/bin/ceph: stderr
2024-03-28T00:47:02.379+0000 7f965e59c700 1 --2- 172.21.15.169:0/2744836259 >> [v2:172.21.15.169:6800/311965133,v1:172.21.15.169:6801/311965133] conn(0x7f964c038e80 0x7f964c03b340 secure :-1 s=READY pgs=8 cs=0 l=1 rev1=1 crypto rx=0x7f9648006fd0 tx=0x7f9648006e40 comp rx=0 tx=0).ready entity=mgr.14100 client_cookie=0 server_cookie=0 in_seq=0 out_seq=0
2024-03-28T00:47:03.776 INFO:teuthology.orchestra.run.smithi169.stdout:/usr/bin/ceph: stderr
2024-03-28T00:47:02.384+0000 7f9657fff700 1 -- 172.21.15.169:0/2744836259 <== mon.0 v2:172.21.15.169:3300/0 6 ==== mon_command_ack([{"prefix": "get_command_descriptions"}]=0 v0) v1 ==== 72+0+186149 (secure 0 0 0) 0x7f965802a020 con 0x7f9660108020
2024-03-28T00:47:03.776 INFO:teuthology.orchestra.run.smithi169.stdout:/usr/bin/ceph: stderr
2024-03-28T00:47:02.634+0000 7f96650b1700 1 -- 172.21.15.169:0/2744836259 --> [v2:172.21.15.169:3300/0,v1:172.21.15.169:6789/0] -- mon_command({"prefix": "mgr module enable", "module": "cephadm"} v 0) v1 -- 0x7f966019f530 con 0x7f9660108020
2024-03-28T00:47:03.776 INFO:teuthology.orchestra.run.smithi169.stdout:/usr/bin/ceph: stderr
2024-03-28T00:47:03.239+0000 7f9657fff700 1 -- 172.21.15.169:0/2744836259 <== mon.0 v2:172.21.15.169:3300/0 7 ==== mon_command_ack([{"prefix": "mgr module enable", "module": "cephadm"}]=0 v5) v1 ==== 86+0+0 (secure 0 0 0) 0x7f965804dc70 con 0x7f9660108020
2024-03-28T00:47:03.776 INFO:teuthology.orchestra.run.smithi169.stdout:/usr/bin/ceph: stderr
2024-03-28T00:47:03.241+0000 7f9657fff700 1 -- 172.21.15.169:0/2744836259 <== mon.0 v2:172.21.15.169:3300/0 8 ==== mgrmap(e 5) v1 ==== 46106+0+0 (secure 0 0 0) 0x7f965801bcb0 con 0x7f9660108020
2024-03-28T00:47:03.776 INFO:teuthology.orchestra.run.smithi169.stdout:/usr/bin/ceph: stderr
2024-03-28T00:47:03.243+0000 7f96650b1700 1 -- 172.21.15.169:0/2744836259 >> [v2:172.21.15.169:6800/311965133,v1:172.21.15.169:6801/311965133] conn(0x7f964c038e80 msgr2=0x7f964c03b340 secure :-1 s=STATE_CONNECTION_ESTABLISHED l=1).mark_down
2024-03-28T00:47:03.776 INFO:teuthology.orchestra.run.smithi169.stdout:/usr/bin/ceph: stderr
2024-03-28T00:47:03.243+0000 7f96650b1700 1 --2- 172.21.15.169:0/2744836259 >> [v2:172.21.15.169:6800/311965133,v1:172.21.15.169:6801/311965133] conn(0x7f964c038e80 0x7f964c03b340 secure :-1 s=READY pgs=8 cs=0 l=1 rev1=1 crypto rx=0x7f9648006fd0 tx=0x7f9648006e40 comp rx=0 tx=0).stop
2024-03-28T00:47:03.776 INFO:teuthology.orchestra.run.smithi169.stdout:/usr/bin/ceph: stderr
2024-03-28T00:47:03.243+0000 7f96650b1700 1 -- 172.21.15.169:0/2744836259 >> [v2:172.21.15.169:3300/0,v1:172.21.15.169:6789/0] conn(0x7f9660108020 msgr2=0x7f96601065f0 secure :-1 s=STATE_CONNECTION_ESTABLISHED l=1).mark_down
2024-03-28T00:47:03.776 INFO:teuthology.orchestra.run.smithi169.stdout:/usr/bin/ceph: stderr
2024-03-28T00:47:03.243+0000 7f96650b1700 1 --2- 172.21.15.169:0/2744836259 >> [v2:172.21.15.169:3300/0,v1:172.21.15.169:6789/0] conn(0x7f9660108020 0x7f96601065f0 secure :-1 s=READY pgs=23 cs=0 l=1 rev1=1 crypto rx=0x7f9658009e50 tx=0x7f965800bd30 comp rx=0 tx=0).stop
2024-03-28T00:47:03.776 INFO:teuthology.orchestra.run.smithi169.stdout:/usr/bin/ceph: stderr
2024-03-28T00:47:03.243+0000 7f96650b1700 1 -- 172.21.15.169:0/2744836259 shutdown_connections
2024-03-28T00:47:03.776 INFO:teuthology.orchestra.run.smithi169.stdout:/usr/bin/ceph: stderr
2024-03-28T00:47:03.243+0000 7f96650b1700 1 --2- 172.21.15.169:0/2744836259 >> [v2:172.21.15.169:6800/311965133,v1:172.21.15.169:6801/311965133] conn(0x7f964c038e80 0x7f964c03b340 unknown :-1 s=CLOSED pgs=8 cs=0 l=1 rev1=1 crypto rx=0 tx=0 comp rx=0 tx=0).stop
2024-03-28T00:47:03.776 INFO:teuthology.orchestra.run.smithi169.stdout:/usr/bin/ceph: stderr
2024-03-28T00:47:03.243+0000 7f96650b1700 1 --2- 172.21.15.169:0/2744836259 >> [v2:172.21.15.169:3300/0,v1:172.21.15.169:6789/0] conn(0x7f9660108020 0x7f96601065f0 unknown :-1 s=CLOSED pgs=23 cs=0 l=1 rev1=1 crypto rx=0 tx=0 comp rx=0 tx=0).stop
2024-03-28T00:47:03.776 INFO:teuthology.orchestra.run.smithi169.stdout:/usr/bin/ceph: stderr
2024-03-28T00:47:03.243+0000 7f96650b1700 1 -- 172.21.15.169:0/2744836259 >> 172.21.15.169:0/2744836259 conn(0x7f96601017d0 msgr2=0x7f9660102330 unknown :-1 s=STATE_NONE l=0).mark_down
2024-03-28T00:47:03.776 INFO:teuthology.orchestra.run.smithi169.stdout:/usr/bin/ceph: stderr
2024-03-28T00:47:03.243+0000 7f96650b1700 1 -- 172.21.15.169:0/2744836259 shutdown_connections
2024-03-28T00:47:03.776 INFO:teuthology.orchestra.run.smithi169.stdout:/usr/bin/ceph: stderr
2024-03-28T00:47:03.244+0000 7f96650b1700 1 -- 172.21.15.169:0/2744836259 wait complete.
2024-03-28T00:47:04.092 INFO:journalctl@ceph.mgr.x.smithi169.stdout:Mar 28 00:47:03 smithi169 ceph-833368da-ec9c-11ee-95d0-87774f69a715-mgr-x[32507]:
2024-03-28T00:47:03.804+0000 7f2c92c09200 -1 mgr[py] Module osd_perf_query has missing NOTIFY_TYPES member
2024-03-28T00:47:04.093 INFO:journalctl@ceph.mgr.x.smithi169.stdout:Mar 28 00:47:03 smithi169 ceph-833368da-ec9c-11ee-95d0-87774f69a715-mgr-x[32507]:
2024-03-28T00:47:03.899+0000 7f2c92c09200 -1 mgr[py] Module snap_schedule has missing NOTIFY_TYPES member
2024-03-28T00:47:04.397 INFO:journalctl@ceph.mon.a.smithi169.stdout:Mar 28 00:47:04 smithi169 ceph-mon[32274]: from='client.? 172.21.15.169:0/2744836259' entity='client.admin' cmd='[{"prefix": "mgr module enable", "module": "cephadm"}]': finished
2024-03-28T00:47:04.397 INFO:journalctl@ceph.mon.a.smithi169.stdout:Mar 28 00:47:04 smithi169 ceph-mon[32274]: mgrmap e5: x(active, since 6s)
2024-03-28T00:47:04.655 INFO:journalctl@ceph.mgr.x.smithi169.stdout:Mar 28 00:47:04 smithi169 ceph-833368da-ec9c-11ee-95d0-87774f69a715-mgr-x[32507]:
2024-03-28T00:47:04.558+0000 7f2c92c09200 -1 mgr[py] Module zabbix has missing NOTIFY_TYPES member
2024-03-28T00:47:04.655 INFO:journalctl@ceph.mgr.x.smithi169.stdout:Mar 28 00:47:04 smithi169 ceph-833368da-ec9c-11ee-95d0-87774f69a715-mgr-x[32507]:
2024-03-28T00:47:04.651+0000 7f2c92c09200 -1 mgr[py] Module balancer has missing NOTIFY_TYPES member
2024-03-28T00:47:04.921 INFO:journalctl@ceph.mgr.x.smithi169.stdout:Mar 28 00:47:04 smithi169 ceph-833368da-ec9c-11ee-95d0-87774f69a715-mgr-x[32507]:
2024-03-28T00:47:04.793+0000 7f2c92c09200 -1 mgr[py] Module influx has missing NOTIFY_TYPES member
2024-03-28T00:47:04.921 INFO:journalctl@ceph.mgr.x.smithi169.stdout:Mar 28 00:47:04 smithi169 ceph-833368da-ec9c-11ee-95d0-87774f69a715-mgr-x[32507]:
2024-03-28T00:47:04.890+0000 7f2c92c09200 -1 mgr[py] Module alerts has missing NOTIFY_TYPES member
2024-03-28T00:47:05.165 INFO:teuthology.orchestra.run.smithi169.stdout:/usr/bin/ceph: stdout {
2024-03-28T00:47:05.165 INFO:teuthology.orchestra.run.smithi169.stdout:/usr/bin/ceph: stdout "epoch": 5,
2024-03-28T00:47:05.165 INFO:teuthology.orchestra.run.smithi169.stdout:/usr/bin/ceph: stdout "available": true,
2024-03-28T00:47:05.165 INFO:teuthology.orchestra.run.smithi169.stdout:/usr/bin/ceph: stdout "active_name": "x",
2024-03-28T00:47:05.165 INFO:teuthology.orchestra.run.smithi169.stdout:/usr/bin/ceph: stdout "num_standby": 0
2024-03-28T00:47:05.165 INFO:teuthology.orchestra.run.smithi169.stdout:/usr/bin/ceph: stdout }
2024-03-28T00:47:05.165 INFO:teuthology.orchestra.run.smithi169.stdout:/usr/bin/ceph: stderr
2024-03-28T00:47:04.188+0000 7ff2eab98700 1 Processor -- start
2024-03-28T00:47:05.165 INFO:teuthology.orchestra.run.smithi169.stdout:/usr/bin/ceph: stderr
2024-03-28T00:47:04.188+0000 7ff2eab98700 1 -- start start
2024-03-28T00:47:05.165 INFO:teuthology.orchestra.run.smithi169.stdout:/usr/bin/ceph: stderr
2024-03-28T00:47:04.188+0000 7ff2eab98700 1 --2- >> [v2:172.21.15.169:3300/0,v1:172.21.15.169:6789/0] conn(0x7ff2e4107b50 0x7ff2e4107f70 unknown :-1 s=NONE pgs=0 cs=0 l=0 rev1=0 crypto rx=0 tx=0 comp rx=0 tx=0).connect
2024-03-28T00:47:05.166 INFO:teuthology.orchestra.run.smithi169.stdout:/usr/bin/ceph: stderr
2024-03-28T00:47:04.188+0000 7ff2eab98700 1 -- --> [v2:172.21.15.169:3300/0,v1:172.21.15.169:6789/0] -- mon_getmap magic: 0 v1 -- 0x7ff2e4108540 con 0x7ff2e4107b50
2024-03-28T00:47:05.166 INFO:teuthology.orchestra.run.smithi169.stdout:/usr/bin/ceph: stderr
2024-03-28T00:47:04.188+0000 7ff2e8934700 1 --2- >> [v2:172.21.15.169:3300/0,v1:172.21.15.169:6789/0] conn(0x7ff2e4107b50 0x7ff2e4107f70 unknown :-1 s=BANNER_CONNECTING pgs=0 cs=0 l=0 rev1=0 crypto rx=0 tx=0 comp rx=0 tx=0)._handle_peer_banner_payload supported=3 required=0
2024-03-28T00:47:05.166 INFO:teuthology.orchestra.run.smithi169.stdout:/usr/bin/ceph: stderr
2024-03-28T00:47:04.188+0000 7ff2e8934700 1 --2- >> [v2:172.21.15.169:3300/0,v1:172.21.15.169:6789/0] conn(0x7ff2e4107b50 0x7ff2e4107f70 unknown :-1 s=HELLO_CONNECTING pgs=0 cs=0 l=0 rev1=1 crypto rx=0 tx=0 comp rx=0 tx=0).handle_hello peer v2:172.21.15.169:3300/0 says I am v2:172.21.15.169:53870/0 (socket says 172.21.15.169:53870)
2024-03-28T00:47:05.166 INFO:teuthology.orchestra.run.smithi169.stdout:/usr/bin/ceph: stderr
2024-03-28T00:47:04.188+0000 7ff2e8934700 1 -- 172.21.15.169:0/874993339 learned_addr learned my addr 172.21.15.169:0/874993339 (peer_addr_for_me v2:172.21.15.169:0/0)
2024-03-28T00:47:05.166 INFO:teuthology.orchestra.run.smithi169.stdout:/usr/bin/ceph: stderr
2024-03-28T00:47:04.188+0000 7ff2e8934700 1 -- 172.21.15.169:0/874993339 --> [v2:172.21.15.169:3300/0,v1:172.21.15.169:6789/0] -- mon_subscribe({config=0+,monmap=0+}) v3 -- 0x7ff2e4108d50 con 0x7ff2e4107b50
2024-03-28T00:47:05.166 INFO:teuthology.orchestra.run.smithi169.stdout:/usr/bin/ceph: stderr
2024-03-28T00:47:04.189+0000 7ff2e8934700 1 --2- 172.21.15.169:0/874993339 >> [v2:172.21.15.169:3300/0,v1:172.21.15.169:6789/0] conn(0x7ff2e4107b50 0x7ff2e4107f70 secure :-1 s=READY pgs=26 cs=0 l=1 rev1=1 crypto rx=0x7ff2d80098a0 tx=0x7ff2d8009bb0 comp rx=0 tx=0).ready entity=mon.0 client_cookie=111b646df64fa4ff server_cookie=0 in_seq=0 out_seq=0
2024-03-28T00:47:05.166 INFO:teuthology.orchestra.run.smithi169.stdout:/usr/bin/ceph: stderr
2024-03-28T00:47:04.189+0000 7ff2e37fe700 1 -- 172.21.15.169:0/874993339 <== mon.0 v2:172.21.15.169:3300/0 1 ==== mon_map magic: 0 v1 ==== 205+0+0 (secure 0 0 0) 0x7ff2d8004160 con 0x7ff2e4107b50
2024-03-28T00:47:05.166 INFO:teuthology.orchestra.run.smithi169.stdout:/usr/bin/ceph: stderr
2024-03-28T00:47:04.189+0000 7ff2e37fe700 1 -- 172.21.15.169:0/874993339 <== mon.0 v2:172.21.15.169:3300/0 2 ==== config(27 keys) v1 ==== 1109+0+0 (secure 0 0 0) 0x7ff2d8004300 con 0x7ff2e4107b50
2024-03-28T00:47:05.166 INFO:teuthology.orchestra.run.smithi169.stdout:/usr/bin/ceph: stderr
2024-03-28T00:47:04.189+0000 7ff2e37fe700 1 -- 172.21.15.169:0/874993339 <== mon.0 v2:172.21.15.169:3300/0 3 ==== mon_map magic: 0 v1 ==== 205+0+0 (secure 0 0 0) 0x7ff2d8011b50 con 0x7ff2e4107b50
2024-03-28T00:47:05.166 INFO:teuthology.orchestra.run.smithi169.stdout:/usr/bin/ceph: stderr
2024-03-28T00:47:04.189+0000 7ff2eab98700 1 -- 172.21.15.169:0/874993339 >> [v2:172.21.15.169:3300/0,v1:172.21.15.169:6789/0] conn(0x7ff2e4107b50 msgr2=0x7ff2e4107f70 secure :-1 s=STATE_CONNECTION_ESTABLISHED l=1).mark_down
2024-03-28T00:47:05.166 INFO:teuthology.orchestra.run.smithi169.stdout:/usr/bin/ceph: stderr
2024-03-28T00:47:04.189+0000 7ff2eab98700 1 --2- 172.21.15.169:0/874993339 >> [v2:172.21.15.169:3300/0,v1:172.21.15.169:6789/0] conn(0x7ff2e4107b50 0x7ff2e4107f70 secure :-1 s=READY pgs=26 cs=0 l=1 rev1=1 crypto rx=0x7ff2d80098a0 tx=0x7ff2d8009bb0 comp rx=0 tx=0).stop
2024-03-28T00:47:05.166 INFO:teuthology.orchestra.run.smithi169.stdout:/usr/bin/ceph: stderr
2024-03-28T00:47:04.189+0000 7ff2eab98700 1 -- 172.21.15.169:0/874993339 shutdown_connections
2024-03-28T00:47:05.167 INFO:teuthology.orchestra.run.smithi169.stdout:/usr/bin/ceph: stderr
2024-03-28T00:47:04.189+0000 7ff2eab98700 1 --2- 172.21.15.169:0/874993339 >> [v2:172.21.15.169:3300/0,v1:172.21.15.169:6789/0] conn(0x7ff2e4107b50 0x7ff2e4107f70 unknown :-1 s=CLOSED pgs=26 cs=0 l=1 rev1=1 crypto rx=0 tx=0 comp rx=0 tx=0).stop
2024-03-28T00:47:05.167 INFO:teuthology.orchestra.run.smithi169.stdout:/usr/bin/ceph: stderr
2024-03-28T00:47:04.189+0000 7ff2eab98700 1 -- 172.21.15.169:0/874993339 >> 172.21.15.169:0/874993339 conn(0x7ff2e4103150 msgr2=0x7ff2e4105570 unknown :-1 s=STATE_NONE l=0).mark_down
2024-03-28T00:47:05.167 INFO:teuthology.orchestra.run.smithi169.stdout:/usr/bin/ceph: stderr
2024-03-28T00:47:04.189+0000 7ff2eab98700 1 -- 172.21.15.169:0/874993339 shutdown_connections
2024-03-28T00:47:05.167 INFO:teuthology.orchestra.run.smithi169.stdout:/usr/bin/ceph: stderr
2024-03-28T00:47:04.189+0000 7ff2eab98700 1 -- 172.21.15.169:0/874993339 wait complete.
2024-03-28T00:47:05.167 INFO:teuthology.orchestra.run.smithi169.stdout:/usr/bin/ceph: stderr
2024-03-28T00:47:04.190+0000 7ff2eab98700 1 Processor -- start
2024-03-28T00:47:05.167 INFO:teuthology.orchestra.run.smithi169.stdout:/usr/bin/ceph: stderr
2024-03-28T00:47:04.190+0000 7ff2eab98700 1 -- start start
2024-03-28T00:47:05.167 INFO:teuthology.orchestra.run.smithi169.stdout:/usr/bin/ceph: stderr
2024-03-28T00:47:04.190+0000 7ff2eab98700 1 --2- >> [v2:172.21.15.169:3300/0,v1:172.21.15.169:6789/0] conn(0x7ff2e4107b50 0x7ff2e419bb70 unknown :-1 s=NONE pgs=0 cs=0 l=1 rev1=0 crypto rx=0 tx=0 comp rx=0 tx=0).connect
2024-03-28T00:47:05.167 INFO:teuthology.orchestra.run.smithi169.stdout:/usr/bin/ceph: stderr
2024-03-28T00:47:04.190+0000 7ff2eab98700 1 -- --> [v2:172.21.15.169:3300/0,v1:172.21.15.169:6789/0] -- mon_getmap magic: 0 v1 -- 0x7ff2e410c100 con 0x7ff2e4107b50
2024-03-28T00:47:05.167 INFO:teuthology.orchestra.run.smithi169.stdout:/usr/bin/ceph: stderr
2024-03-28T00:47:04.190+0000 7ff2e8934700 1 --2- >> [v2:172.21.15.169:3300/0,v1:172.21.15.169:6789/0] conn(0x7ff2e4107b50 0x7ff2e419bb70 unknown :-1 s=BANNER_CONNECTING pgs=0 cs=0 l=1 rev1=0 crypto rx=0 tx=0 comp rx=0 tx=0)._handle_peer_banner_payload supported=3 required=0
2024-03-28T00:47:05.167 INFO:teuthology.orchestra.run.smithi169.stdout:/usr/bin/ceph: stderr
2024-03-28T00:47:04.190+0000 7ff2e8934700 1 --2- >> [v2:172.21.15.169:3300/0,v1:172.21.15.169:6789/0] conn(0x7ff2e4107b50 0x7ff2e419bb70 unknown :-1 s=HELLO_CONNECTING pgs=0 cs=0 l=1 rev1=1 crypto rx=0 tx=0 comp rx=0 tx=0).handle_hello peer v2:172.21.15.169:3300/0 says I am v2:172.21.15.169:53872/0 (socket says 172.21.15.169:53872)
2024-03-28T00:47:05.167 INFO:teuthology.orchestra.run.smithi169.stdout:/usr/bin/ceph: stderr
2024-03-28T00:47:04.190+0000 7ff2e8934700 1 -- 172.21.15.169:0/1104533184 learned_addr learned my addr 172.21.15.169:0/1104533184 (peer_addr_for_me v2:172.21.15.169:0/0)
2024-03-28T00:47:05.167 INFO:teuthology.orchestra.run.smithi169.stdout:/usr/bin/ceph: stderr
2024-03-28T00:47:04.191+0000 7ff2e8934700 1 -- 172.21.15.169:0/1104533184 --> [v2:172.21.15.169:3300/0,v1:172.21.15.169:6789/0] -- mon_subscribe({config=0+,monmap=0+}) v3 -- 0x7ff2e419c0b0 con 0x7ff2e4107b50
2024-03-28T00:47:05.168 INFO:teuthology.orchestra.run.smithi169.stdout:/usr/bin/ceph: stderr
2024-03-28T00:47:04.191+0000 7ff2e8934700 1 --2- 172.21.15.169:0/1104533184 >> [v2:172.21.15.169:3300/0,v1:172.21.15.169:6789/0] conn(0x7ff2e4107b50 0x7ff2e419bb70 secure :-1 s=READY pgs=27 cs=0 l=1 rev1=1 crypto rx=0x7ff2d8009fb0 tx=0x7ff2d8011bf0 comp rx=0 tx=0).ready entity=mon.0 client_cookie=0 server_cookie=0 in_seq=0 out_seq=0
2024-03-28T00:47:05.168 INFO:teuthology.orchestra.run.smithi169.stdout:/usr/bin/ceph: stderr
2024-03-28T00:47:04.191+0000 7ff2e1ffb700 1 -- 172.21.15.169:0/1104533184 <== mon.0 v2:172.21.15.169:3300/0 1 ==== mon_map magic: 0 v1 ==== 205+0+0 (secure 0 0 0) 0x7ff2d80038b0 con 0x7ff2e4107b50
2024-03-28T00:47:05.168 INFO:teuthology.orchestra.run.smithi169.stdout:/usr/bin/ceph: stderr
2024-03-28T00:47:04.191+0000 7ff2e1ffb700 1 -- 172.21.15.169:0/1104533184 <== mon.0 v2:172.21.15.169:3300/0 2 ==== config(27 keys) v1 ==== 1109+0+0 (secure 0 0 0) 0x7ff2d8011e50 con 0x7ff2e4107b50
2024-03-28T00:47:05.168 INFO:teuthology.orchestra.run.smithi169.stdout:/usr/bin/ceph: stderr
2024-03-28T00:47:04.191+0000 7ff2eab98700 1 -- 172.21.15.169:0/1104533184 --> [v2:172.21.15.169:3300/0,v1:172.21.15.169:6789/0] -- mon_subscribe({mgrmap=0+}) v3 -- 0x7ff2e419c340 con 0x7ff2e4107b50
2024-03-28T00:47:05.168 INFO:teuthology.orchestra.run.smithi169.stdout:/usr/bin/ceph: stderr
2024-03-28T00:47:04.191+0000 7ff2e1ffb700 1 -- 172.21.15.169:0/1104533184 <== mon.0 v2:172.21.15.169:3300/0 3 ==== mon_map magic: 0 v1 ==== 205+0+0 (secure 0 0 0) 0x7ff2d8019550 con 0x7ff2e4107b50
2024-03-28T00:47:05.168 INFO:teuthology.orchestra.run.smithi169.stdout:/usr/bin/ceph: stderr
2024-03-28T00:47:04.191+0000 7ff2eab98700 1 -- 172.21.15.169:0/1104533184 --> [v2:172.21.15.169:3300/0,v1:172.21.15.169:6789/0] -- mon_subscribe({osdmap=0}) v3 -- 0x7ff2e419f030 con 0x7ff2e4107b50
2024-03-28T00:47:05.168 INFO:teuthology.orchestra.run.smithi169.stdout:/usr/bin/ceph: stderr
2024-03-28T00:47:04.192+0000 7ff2e1ffb700 1 -- 172.21.15.169:0/1104533184 <== mon.0 v2:172.21.15.169:3300/0 4 ==== mgrmap(e 5) v1 ==== 46106+0+0 (secure 0 0 0) 0x7ff2d8019850 con 0x7ff2e4107b50
2024-03-28T00:47:05.168 INFO:teuthology.orchestra.run.smithi169.stdout:/usr/bin/ceph: stderr
2024-03-28T00:47:04.192+0000 7ff2eab98700 1 -- 172.21.15.169:0/1104533184 --> [v2:172.21.15.169:3300/0,v1:172.21.15.169:6789/0] -- mon_command({"prefix": "get_command_descriptions"} v 0) v1 -- 0x7ff2e40637c0 con 0x7ff2e4107b50
2024-03-28T00:47:05.168 INFO:teuthology.orchestra.run.smithi169.stdout:/usr/bin/ceph: stderr
2024-03-28T00:47:04.192+0000 7ff2e1ffb700 1 --2- 172.21.15.169:0/1104533184 >> [v2:172.21.15.169:6800/311965133,v1:172.21.15.169:6801/311965133] conn(0x7ff2d4038ed0 0x7ff2d403b390 unknown :-1 s=NONE pgs=0 cs=0 l=1 rev1=0 crypto rx=0 tx=0 comp rx=0 tx=0).connect
2024-03-28T00:47:05.168 INFO:teuthology.orchestra.run.smithi169.stdout:/usr/bin/ceph: stderr
2024-03-28T00:47:04.192+0000 7ff2e1ffb700 1 -- 172.21.15.169:0/1104533184 <== mon.0 v2:172.21.15.169:3300/0 5 ==== osd_map(1..1 src has 1..1) v4 ==== 725+0+0 (secure 0 0 0) 0x7ff2d804d000 con 0x7ff2e4107b50
2024-03-28T00:47:05.168 INFO:teuthology.orchestra.run.smithi169.stdout:/usr/bin/ceph: stderr
2024-03-28T00:47:04.192+0000 7ff2e3fff700 1 -- 172.21.15.169:0/1104533184 >> [v2:172.21.15.169:6800/311965133,v1:172.21.15.169:6801/311965133] conn(0x7ff2d4038ed0 msgr2=0x7ff2d403b390 unknown :-1 s=STATE_CONNECTING_RE l=1).process reconnect failed to v2:172.21.15.169:6800/311965133
2024-03-28T00:47:05.168 INFO:teuthology.orchestra.run.smithi169.stdout:/usr/bin/ceph: stderr
2024-03-28T00:47:04.192+0000 7ff2e3fff700 1 --2- 172.21.15.169:0/1104533184 >> [v2:172.21.15.169:6800/311965133,v1:172.21.15.169:6801/311965133] conn(0x7ff2d4038ed0 0x7ff2d403b390 unknown :-1 s=START_CONNECT pgs=0 cs=0 l=1 rev1=0 crypto rx=0 tx=0 comp rx=0 tx=0)._fault waiting 0.200000
2024-03-28T00:47:05.168 INFO:teuthology.orchestra.run.smithi169.stdout:/usr/bin/ceph: stderr
2024-03-28T00:47:04.197+0000 7ff2e1ffb700 1 -- 172.21.15.169:0/1104533184 <== mon.0 v2:172.21.15.169:3300/0 6 ==== mon_command_ack([{"prefix": "get_command_descriptions"}]=0 v0) v1 ==== 72+0+186149 (secure 0 0 0) 0x7ff2d8023c90 con 0x7ff2e4107b50
2024-03-28T00:47:05.169 INFO:teuthology.orchestra.run.smithi169.stdout:/usr/bin/ceph: stderr
2024-03-28T00:47:04.393+0000 7ff2e3fff700 1 -- 172.21.15.169:0/1104533184 >> [v2:172.21.15.169:6800/311965133,v1:172.21.15.169:6801/311965133] conn(0x7ff2d4038ed0 msgr2=0x7ff2d403b390 unknown :-1 s=STATE_CONNECTING_RE l=1).process reconnect failed to v2:172.21.15.169:6800/311965133
2024-03-28T00:47:05.169 INFO:teuthology.orchestra.run.smithi169.stdout:/usr/bin/ceph: stderr
2024-03-28T00:47:04.393+0000 7ff2e3fff700 1 --2- 172.21.15.169:0/1104533184 >> [v2:172.21.15.169:6800/311965133,v1:172.21.15.169:6801/311965133] conn(0x7ff2d4038ed0 0x7ff2d403b390 unknown :-1 s=START_CONNECT pgs=0 cs=0 l=1 rev1=0 crypto rx=0 tx=0 comp rx=0 tx=0)._fault waiting 0.400000
2024-03-28T00:47:05.169 INFO:teuthology.orchestra.run.smithi169.stdout:/usr/bin/ceph: stderr
2024-03-28T00:47:04.451+0000 7ff2eab98700 1 -- 172.21.15.169:0/1104533184 --> [v2:172.21.15.169:3300/0,v1:172.21.15.169:6789/0] -- mon_command({"prefix": "mgr stat"} v 0) v1 -- 0x7ff2e419f200 con 0x7ff2e4107b50
2024-03-28T00:47:05.169 INFO:teuthology.orchestra.run.smithi169.stdout:/usr/bin/ceph: stderr
2024-03-28T00:47:04.451+0000 7ff2e1ffb700 1 -- 172.21.15.169:0/1104533184 <== mon.0 v2:172.21.15.169:3300/0 7 ==== mon_command_ack([{"prefix": "mgr stat"}]=0 v5) v1 ==== 56+0+88 (secure 0 0 0) 0x7ff2e419f200 con 0x7ff2e4107b50
2024-03-28T00:47:05.169 INFO:teuthology.orchestra.run.smithi169.stdout:/usr/bin/ceph: stderr
2024-03-28T00:47:04.453+0000 7ff2eab98700 1 -- 172.21.15.169:0/1104533184 >> [v2:172.21.15.169:6800/311965133,v1:172.21.15.169:6801/311965133] conn(0x7ff2d4038ed0 msgr2=0x7ff2d403b390 unknown :-1 s=STATE_CONNECTING l=1).mark_down
2024-03-28T00:47:05.169 INFO:teuthology.orchestra.run.smithi169.stdout:/usr/bin/ceph: stderr
2024-03-28T00:47:04.453+0000 7ff2eab98700 1 --2- 172.21.15.169:0/1104533184 >> [v2:172.21.15.169:6800/311965133,v1:172.21.15.169:6801/311965133] conn(0x7ff2d4038ed0 0x7ff2d403b390 unknown :-1 s=START_CONNECT pgs=0 cs=0 l=1 rev1=0 crypto rx=0 tx=0 comp rx=0 tx=0).stop
2024-03-28T00:47:05.169 INFO:teuthology.orchestra.run.smithi169.stdout:/usr/bin/ceph: stderr
2024-03-28T00:47:04.453+0000 7ff2eab98700 1 -- 172.21.15.169:0/1104533184 >> [v2:172.21.15.169:3300/0,v1:172.21.15.169:6789/0] conn(0x7ff2e4107b50 msgr2=0x7ff2e419bb70 secure :-1 s=STATE_CONNECTION_ESTABLISHED l=1).mark_down
2024-03-28T00:47:05.169 INFO:teuthology.orchestra.run.smithi169.stdout:/usr/bin/ceph: stderr
2024-03-28T00:47:04.453+0000 7ff2eab98700 1 --2- 172.21.15.169:0/1104533184 >> [v2:172.21.15.169:3300/0,v1:172.21.15.169:6789/0] conn(0x7ff2e4107b50 0x7ff2e419bb70 secure :-1 s=READY pgs=27 cs=0 l=1 rev1=1 crypto rx=0x7ff2d8009fb0 tx=0x7ff2d8011bf0 comp rx=0 tx=0).stop
2024-03-28T00:47:05.169 INFO:teuthology.orchestra.run.smithi169.stdout:/usr/bin/ceph: stderr
2024-03-28T00:47:04.453+0000 7ff2eab98700 1 -- 172.21.15.169:0/1104533184 shutdown_connections
2024-03-28T00:47:05.169 INFO:teuthology.orchestra.run.smithi169.stdout:/usr/bin/ceph: stderr
2024-03-28T00:47:04.453+0000 7ff2eab98700 1 --2- 172.21.15.169:0/1104533184 >> [v2:172.21.15.169:6800/311965133,v1:172.21.15.169:6801/311965133] conn(0x7ff2d4038ed0 0x7ff2d403b390 unknown :-1 s=CLOSED pgs=0 cs=0 l=1 rev1=0 crypto rx=0 tx=0 comp rx=0 tx=0).stop
2024-03-28T00:47:05.169 INFO:teuthology.orchestra.run.smithi169.stdout:/usr/bin/ceph: stderr
2024-03-28T00:47:04.453+0000 7ff2eab98700 1 --2- 172.21.15.169:0/1104533184 >> [v2:172.21.15.169:3300/0,v1:172.21.15.169:6789/0] conn(0x7ff2e4107b50 0x7ff2e419bb70 unknown :-1 s=CLOSED pgs=27 cs=0 l=1 rev1=1 crypto rx=0 tx=0 comp rx=0 tx=0).stop
2024-03-28T00:47:05.169 INFO:teuthology.orchestra.run.smithi169.stdout:/usr/bin/ceph: stderr
2024-03-28T00:47:04.453+0000 7ff2eab98700 1 -- 172.21.15.169:0/1104533184 >> 172.21.15.169:0/1104533184 conn(0x7ff2e4103150 msgr2=0x7ff2e4103ce0 unknown :-1 s=STATE_NONE l=0).mark_down
2024-03-28T00:47:05.169 INFO:teuthology.orchestra.run.smithi169.stdout:/usr/bin/ceph: stderr
2024-03-28T00:47:04.454+0000 7ff2eab98700 1 -- 172.21.15.169:0/1104533184 shutdown_connections
2024-03-28T00:47:05.169 INFO:teuthology.orchestra.run.smithi169.stdout:/usr/bin/ceph: stderr
2024-03-28T00:47:04.454+0000 7ff2eab98700 1 -- 172.21.15.169:0/1104533184 wait complete.
2024-03-28T00:47:05.170 INFO:teuthology.orchestra.run.smithi169.stdout:Waiting for the mgr to restart...
2024-03-28T00:47:05.170 INFO:teuthology.orchestra.run.smithi169.stdout:Waiting for mgr epoch 5...
2024-03-28T00:47:05.244 INFO:journalctl@ceph.mgr.x.smithi169.stdout:Mar 28 00:47:04 smithi169 ceph-833368da-ec9c-11ee-95d0-87774f69a715-mgr-x[32507]:
2024-03-28T00:47:04.974+0000 7f2c92c09200 -1 mgr[py] Module iostat has missing NOTIFY_TYPES member
2024-03-28T00:47:05.550 INFO:journalctl@ceph.mon.a.smithi169.stdout:Mar 28 00:47:05 smithi169 ceph-mon[32274]: from='client.? 172.21.15.169:0/1104533184' entity='client.admin' cmd=[{"prefix": "mgr stat"}]: dispatch
2024-03-28T00:47:05.550 INFO:journalctl@ceph.mgr.x.smithi169.stdout:Mar 28 00:47:05 smithi169 ceph-833368da-ec9c-11ee-95d0-87774f69a715-mgr-x[32507]:
2024-03-28T00:47:05.247+0000 7f2c92c09200 -1 mgr[py] Module rgw has missing NOTIFY_TYPES member
2024-03-28T00:47:05.550 INFO:journalctl@ceph.mgr.x.smithi169.stdout:Mar 28 00:47:05 smithi169 ceph-833368da-ec9c-11ee-95d0-87774f69a715-mgr-x[32507]:
2024-03-28T00:47:05.361+0000 7f2c92c09200 -1 mgr[py] Module rbd_support has missing NOTIFY_TYPES member
2024-03-28T00:47:05.550 INFO:journalctl@ceph.mgr.x.smithi169.stdout:Mar 28 00:47:05 smithi169 ceph-833368da-ec9c-11ee-95d0-87774f69a715-mgr-x[32507]:
2024-03-28T00:47:05.448+0000 7f2c92c09200 -1 mgr[py] Module progress has missing NOTIFY_TYPES member
2024-03-28T00:47:05.802 INFO:journalctl@ceph.mgr.x.smithi169.stdout:Mar 28 00:47:05 smithi169 ceph-833368da-ec9c-11ee-95d0-87774f69a715-mgr-x[32507]:
2024-03-28T00:47:05.547+0000 7f2c92c09200 -1 mgr[py] Module pg_autoscaler has missing NOTIFY_TYPES member
2024-03-28T00:47:05.802 INFO:journalctl@ceph.mgr.x.smithi169.stdout:Mar 28 00:47:05 smithi169 ceph-833368da-ec9c-11ee-95d0-87774f69a715-mgr-x[32507]:
2024-03-28T00:47:05.724+0000 7f2c92c09200 -1 mgr[py] Module devicehealth has missing NOTIFY_TYPES member
2024-03-28T00:47:06.983 INFO:journalctl@ceph.mgr.x.smithi169.stdout:Mar 28 00:47:06 smithi169 ceph-833368da-ec9c-11ee-95d0-87774f69a715-mgr-x[32507]:
2024-03-28T00:47:06.680+0000 7f2c92c09200 -1 mgr[py] Module rook has missing NOTIFY_TYPES member
2024-03-28T00:47:06.983 INFO:journalctl@ceph.mgr.x.smithi169.stdout:Mar 28 00:47:06 smithi169 ceph-833368da-ec9c-11ee-95d0-87774f69a715-mgr-x[32507]:
2024-03-28T00:47:06.811+0000 7f2c92c09200 -1 mgr[py] Module diskprediction_local has missing NOTIFY_TYPES member
