2024-03-28T00:47:07.248 INFO:journalctl@ceph.mgr.x.smithi169.stdout:Mar 28 00:47:07 smithi169 ceph-833368da-ec9c-11ee-95d0-87774f69a715-mgr-x[32507]:
2024-03-28T00:47:07.154+0000 7f2c92c09200 -1 mgr[py] Module selftest has missing NOTIFY_TYPES member
2024-03-28T00:47:07.248 INFO:journalctl@ceph.mgr.x.smithi169.stdout:Mar 28 00:47:07 smithi169 ceph-833368da-ec9c-11ee-95d0-87774f69a715-mgr-x[32507]:
2024-03-28T00:47:07.244+0000 7f2c92c09200 -1 mgr[py] Module telegraf has missing NOTIFY_TYPES member
2024-03-28T00:47:07.552 INFO:journalctl@ceph.mgr.x.smithi169.stdout:Mar 28 00:47:07 smithi169 ceph-833368da-ec9c-11ee-95d0-87774f69a715-mgr-x[32507]:
2024-03-28T00:47:07.442+0000 7f2c92c09200 -1 mgr[py] Module test_orchestrator has missing NOTIFY_TYPES member
2024-03-28T00:47:07.920 INFO:journalctl@ceph.mgr.x.smithi169.stdout:Mar 28 00:47:07 smithi169 ceph-833368da-ec9c-11ee-95d0-87774f69a715-mgr-x[32507]:
2024-03-28T00:47:07.628+0000 7f2c92c09200 -1 mgr[py] Module crash has missing NOTIFY_TYPES member
2024-03-28T00:47:08.180 INFO:journalctl@ceph.mgr.x.smithi169.stdout:Mar 28 00:47:07 smithi169 ceph-833368da-ec9c-11ee-95d0-87774f69a715-mgr-x[32507]:
2024-03-28T00:47:07.915+0000 7f2c92c09200 -1 mgr[py] Module orchestrator has missing NOTIFY_TYPES member
2024-03-28T00:47:08.180 INFO:journalctl@ceph.mgr.x.smithi169.stdout:Mar 28 00:47:08 smithi169 ceph-833368da-ec9c-11ee-95d0-87774f69a715-mgr-x[32507]:
2024-03-28T00:47:08.175+0000 7f2c92c09200 -1 mgr[py] Module osd_support has missing NOTIFY_TYPES member
2024-03-28T00:47:08.552 INFO:journalctl@ceph.mgr.x.smithi169.stdout:Mar 28 00:47:08 smithi169 ceph-833368da-ec9c-11ee-95d0-87774f69a715-mgr-x[32507]:
2024-03-28T00:47:08.413+0000 7f2c92c09200 -1 mgr[py] Module volumes has missing NOTIFY_TYPES member
2024-03-28T00:47:09.552 INFO:journalctl@ceph.mgr.x.smithi169.stdout:Mar 28 00:47:09 smithi169 ceph-833368da-ec9c-11ee-95d0-87774f69a715-mgr-x[32507]:
2024-03-28T00:47:09.211+0000 7f2c92c09200 -1 mgr[py] Module telemetry has missing NOTIFY_TYPES member
2024-03-28T00:47:10.133 INFO:journalctl@ceph.mgr.x.smithi169.stdout:Mar 28 00:47:09 smithi169 ceph-833368da-ec9c-11ee-95d0-87774f69a715-mgr-x[32507]:
2024-03-28T00:47:09.812+0000 7f2c92c09200 -1 mgr[py] Module prometheus has missing NOTIFY_TYPES member
2024-03-28T00:47:10.133 INFO:journalctl@ceph.mgr.x.smithi169.stdout:Mar 28 00:47:09 smithi169 ceph-833368da-ec9c-11ee-95d0-87774f69a715-mgr-x[32507]:
2024-03-28T00:47:09.910+0000 7f2c92c09200 -1 mgr[py] Module status has missing NOTIFY_TYPES member
2024-03-28T00:47:10.133 INFO:journalctl@ceph.mgr.x.smithi169.stdout:Mar 28 00:47:10 smithi169 ceph-833368da-ec9c-11ee-95d0-87774f69a715-mgr-x[32507]:
2024-03-28T00:47:10.127+0000 7f2c92c09200 -1 mgr[py] Module nfs has missing NOTIFY_TYPES member
2024-03-28T00:47:10.552 INFO:journalctl@ceph.mon.a.smithi169.stdout:Mar 28 00:47:10 smithi169 ceph-mon[32274]: Active manager daemon x restarted
2024-03-28T00:47:10.552 INFO:journalctl@ceph.mon.a.smithi169.stdout:Mar 28 00:47:10 smithi169 ceph-mon[32274]: Activating manager daemon x
2024-03-28T00:47:10.552 INFO:journalctl@ceph.mon.a.smithi169.stdout:Mar 28 00:47:10 smithi169 ceph-mon[32274]: osdmap e2: 0 total, 0 up, 0 in
2024-03-28T00:47:10.552 INFO:journalctl@ceph.mon.a.smithi169.stdout:Mar 28 00:47:10 smithi169 ceph-mon[32274]: mgrmap e6: x(active, starting, since 0.00324081s)
2024-03-28T00:47:10.552 INFO:journalctl@ceph.mon.a.smithi169.stdout:Mar 28 00:47:10 smithi169 ceph-mon[32274]: from='mgr.14120 172.21.15.169:0/2805663798' entity='mgr.x' cmd=[{"prefix": "mon metadata", "id": "a"}]: dispatch
2024-03-28T00:47:10.552 INFO:journalctl@ceph.mon.a.smithi169.stdout:Mar 28 00:47:10 smithi169 ceph-mon[32274]: from='mgr.14120 172.21.15.169:0/2805663798' entity='mgr.x' cmd=[{"prefix": "mgr metadata", "who": "x", "id": "x"}]: dispatch
2024-03-28T00:47:10.553 INFO:journalctl@ceph.mon.a.smithi169.stdout:Mar 28 00:47:10 smithi169 ceph-mon[32274]: from='mgr.14120 172.21.15.169:0/2805663798' entity='mgr.x' cmd=[{"prefix": "mds metadata"}]: dispatch
2024-03-28T00:47:10.553 INFO:journalctl@ceph.mon.a.smithi169.stdout:Mar 28 00:47:10 smithi169 ceph-mon[32274]: from='mgr.14120 172.21.15.169:0/2805663798' entity='mgr.x' cmd=[{"prefix": "osd metadata"}]: dispatch
2024-03-28T00:47:10.553 INFO:journalctl@ceph.mon.a.smithi169.stdout:Mar 28 00:47:10 smithi169 ceph-mon[32274]: from='mgr.14120 172.21.15.169:0/2805663798' entity='mgr.x' cmd=[{"prefix": "mon metadata"}]: dispatch
2024-03-28T00:47:10.553 INFO:journalctl@ceph.mon.a.smithi169.stdout:Mar 28 00:47:10 smithi169 ceph-mon[32274]: Manager daemon x is now available
2024-03-28T00:47:10.553 INFO:journalctl@ceph.mon.a.smithi169.stdout:Mar 28 00:47:10 smithi169 ceph-mon[32274]: from='mgr.14120 172.21.15.169:0/2805663798' entity='mgr.x'
2024-03-28T00:47:10.553 INFO:journalctl@ceph.mon.a.smithi169.stdout:Mar 28 00:47:10 smithi169 ceph-mon[32274]: from='mgr.14120 172.21.15.169:0/2805663798' entity='mgr.x'
2024-03-28T00:47:10.553 INFO:journalctl@ceph.mon.a.smithi169.stdout:Mar 28 00:47:10 smithi169 ceph-mon[32274]: from='mgr.14120 172.21.15.169:0/2805663798' entity='mgr.x' cmd=[{"prefix": "config dump", "format": "json"}]: dispatch
2024-03-28T00:47:10.553 INFO:journalctl@ceph.mon.a.smithi169.stdout:Mar 28 00:47:10 smithi169 ceph-mon[32274]: from='mgr.14120 172.21.15.169:0/2805663798' entity='mgr.x' cmd=[{"prefix": "config dump", "format": "json"}]: dispatch
2024-03-28T00:47:11.461 INFO:journalctl@ceph.mon.a.smithi169.stdout:Mar 28 00:47:11 smithi169 ceph-mon[32274]: Found migration_current of "None". Setting to last migration.
2024-03-28T00:47:11.461 INFO:journalctl@ceph.mon.a.smithi169.stdout:Mar 28 00:47:11 smithi169 ceph-mon[32274]: from='mgr.14120 172.21.15.169:0/2805663798' entity='mgr.x' cmd=[{"prefix": "config dump", "format": "json"}]: dispatch
2024-03-28T00:47:11.461 INFO:journalctl@ceph.mon.a.smithi169.stdout:Mar 28 00:47:11 smithi169 ceph-mon[32274]: from='mgr.14120 172.21.15.169:0/2805663798' entity='mgr.x' cmd=[{"prefix":"config rm","who":"mgr","name":"mgr/rbd_support/x/mirror_snapshot_schedule"}]: dispatch
2024-03-28T00:47:11.461 INFO:journalctl@ceph.mon.a.smithi169.stdout:Mar 28 00:47:11 smithi169 ceph-mon[32274]: from='mgr.14120 172.21.15.169:0/2805663798' entity='mgr.x' cmd=[{"prefix":"config rm","who":"mgr","name":"mgr/rbd_support/x/trash_purge_schedule"}]: dispatch
2024-03-28T00:47:11.461 INFO:journalctl@ceph.mon.a.smithi169.stdout:Mar 28 00:47:11 smithi169 ceph-mon[32274]: mgrmap e7: x(active, since 1.00559s)
2024-03-28T00:47:11.747 INFO:teuthology.orchestra.run.smithi169.stdout:/usr/bin/ceph: stdout {
2024-03-28T00:47:11.747 INFO:teuthology.orchestra.run.smithi169.stdout:/usr/bin/ceph: stdout "mgrmap_epoch": 7,
2024-03-28T00:47:11.747 INFO:teuthology.orchestra.run.smithi169.stdout:/usr/bin/ceph: stdout "initialized": true
2024-03-28T00:47:11.747 INFO:teuthology.orchestra.run.smithi169.stdout:/usr/bin/ceph: stdout }
2024-03-28T00:47:11.747 INFO:teuthology.orchestra.run.smithi169.stdout:/usr/bin/ceph: stderr
2024-03-28T00:47:05.571+0000 7fb25b662700 1 Processor -- start
2024-03-28T00:47:11.747 INFO:teuthology.orchestra.run.smithi169.stdout:/usr/bin/ceph: stderr
2024-03-28T00:47:05.571+0000 7fb25b662700 1 -- start start
2024-03-28T00:47:11.747 INFO:teuthology.orchestra.run.smithi169.stdout:/usr/bin/ceph: stderr
2024-03-28T00:47:05.572+0000 7fb25b662700 1 --2- >> [v2:172.21.15.169:3300/0,v1:172.21.15.169:6789/0] conn(0x7fb2541085b0 0x7fb25410a9a0 unknown :-1 s=NONE pgs=0 cs=0 l=0 rev1=0 crypto rx=0 tx=0 comp rx=0 tx=0).connect
2024-03-28T00:47:11.747 INFO:teuthology.orchestra.run.smithi169.stdout:/usr/bin/ceph: stderr
2024-03-28T00:47:05.572+0000 7fb25b662700 1 -- --> [v2:172.21.15.169:3300/0,v1:172.21.15.169:6789/0] -- mon_getmap magic: 0 v1 -- 0x7fb25407be90 con 0x7fb2541085b0
2024-03-28T00:47:11.748 INFO:teuthology.orchestra.run.smithi169.stdout:/usr/bin/ceph: stderr
2024-03-28T00:47:05.572+0000 7fb2593fe700 1 --2- >> [v2:172.21.15.169:3300/0,v1:172.21.15.169:6789/0] conn(0x7fb2541085b0 0x7fb25410a9a0 unknown :-1 s=BANNER_CONNECTING pgs=0 cs=0 l=0 rev1=0 crypto rx=0 tx=0 comp rx=0 tx=0)._handle_peer_banner_payload supported=3 required=0
2024-03-28T00:47:11.748 INFO:teuthology.orchestra.run.smithi169.stdout:/usr/bin/ceph: stderr
2024-03-28T00:47:05.572+0000 7fb2593fe700 1 --2- >> [v2:172.21.15.169:3300/0,v1:172.21.15.169:6789/0] conn(0x7fb2541085b0 0x7fb25410a9a0 unknown :-1 s=HELLO_CONNECTING pgs=0 cs=0 l=0 rev1=1 crypto rx=0 tx=0 comp rx=0 tx=0).handle_hello peer v2:172.21.15.169:3300/0 says I am v2:172.21.15.169:53880/0 (socket says 172.21.15.169:53880)
2024-03-28T00:47:11.748 INFO:teuthology.orchestra.run.smithi169.stdout:/usr/bin/ceph: stderr
2024-03-28T00:47:05.572+0000 7fb2593fe700 1 -- 172.21.15.169:0/273861642 learned_addr learned my addr 172.21.15.169:0/273861642 (peer_addr_for_me v2:172.21.15.169:0/0)
2024-03-28T00:47:11.748 INFO:teuthology.orchestra.run.smithi169.stdout:/usr/bin/ceph: stderr
2024-03-28T00:47:05.572+0000 7fb2593fe700 1 -- 172.21.15.169:0/273861642 --> [v2:172.21.15.169:3300/0,v1:172.21.15.169:6789/0] -- mon_subscribe({config=0+,monmap=0+}) v3 -- 0x7fb25410aee0 con 0x7fb2541085b0
2024-03-28T00:47:11.748 INFO:teuthology.orchestra.run.smithi169.stdout:/usr/bin/ceph: stderr
2024-03-28T00:47:05.572+0000 7fb2593fe700 1 --2- 172.21.15.169:0/273861642 >> [v2:172.21.15.169:3300/0,v1:172.21.15.169:6789/0] conn(0x7fb2541085b0 0x7fb25410a9a0 secure :-1 s=READY pgs=28 cs=0 l=1 rev1=1 crypto rx=0x7fb2440098a0 tx=0x7fb244009bb0 comp rx=0 tx=0).ready entity=mon.0 client_cookie=9ff5d4e60903edc1 server_cookie=0 in_seq=0 out_seq=0
2024-03-28T00:47:11.748 INFO:teuthology.orchestra.run.smithi169.stdout:/usr/bin/ceph: stderr
2024-03-28T00:47:05.572+0000 7fb24bfff700 1 -- 172.21.15.169:0/273861642 <== mon.0 v2:172.21.15.169:3300/0 1 ==== mon_map magic: 0 v1 ==== 205+0+0 (secure 0 0 0) 0x7fb244004160 con 0x7fb2541085b0
2024-03-28T00:47:11.748 INFO:teuthology.orchestra.run.smithi169.stdout:/usr/bin/ceph: stderr
2024-03-28T00:47:05.572+0000 7fb24bfff700 1 -- 172.21.15.169:0/273861642 <== mon.0 v2:172.21.15.169:3300/0 2 ==== config(27 keys) v1 ==== 1109+0+0 (secure 0 0 0) 0x7fb244004300 con 0x7fb2541085b0
2024-03-28T00:47:11.748 INFO:teuthology.orchestra.run.smithi169.stdout:/usr/bin/ceph: stderr
2024-03-28T00:47:05.572+0000 7fb24bfff700 1 -- 172.21.15.169:0/273861642 <== mon.0 v2:172.21.15.169:3300/0 3 ==== mon_map magic: 0 v1 ==== 205+0+0 (secure 0 0 0) 0x7fb244011b50 con 0x7fb2541085b0
2024-03-28T00:47:11.748 INFO:teuthology.orchestra.run.smithi169.stdout:/usr/bin/ceph: stderr
2024-03-28T00:47:05.573+0000 7fb25b662700 1 -- 172.21.15.169:0/273861642 >> [v2:172.21.15.169:3300/0,v1:172.21.15.169:6789/0] conn(0x7fb2541085b0 msgr2=0x7fb25410a9a0 secure :-1 s=STATE_CONNECTION_ESTABLISHED l=1).mark_down
2024-03-28T00:47:11.748 INFO:teuthology.orchestra.run.smithi169.stdout:/usr/bin/ceph: stderr
2024-03-28T00:47:05.573+0000 7fb25b662700 1 --2- 172.21.15.169:0/273861642 >> [v2:172.21.15.169:3300/0,v1:172.21.15.169:6789/0] conn(0x7fb2541085b0 0x7fb25410a9a0 secure :-1 s=READY pgs=28 cs=0 l=1 rev1=1 crypto rx=0x7fb2440098a0 tx=0x7fb244009bb0 comp rx=0 tx=0).stop
2024-03-28T00:47:11.748 INFO:teuthology.orchestra.run.smithi169.stdout:/usr/bin/ceph: stderr
2024-03-28T00:47:05.573+0000 7fb25b662700 1 -- 172.21.15.169:0/273861642 shutdown_connections
2024-03-28T00:47:11.748 INFO:teuthology.orchestra.run.smithi169.stdout:/usr/bin/ceph: stderr
2024-03-28T00:47:05.573+0000 7fb25b662700 1 --2- 172.21.15.169:0/273861642 >> [v2:172.21.15.169:3300/0,v1:172.21.15.169:6789/0] conn(0x7fb2541085b0 0x7fb25410a9a0 unknown :-1 s=CLOSED pgs=28 cs=0 l=1 rev1=1 crypto rx=0 tx=0 comp rx=0 tx=0).stop
2024-03-28T00:47:11.748 INFO:teuthology.orchestra.run.smithi169.stdout:/usr/bin/ceph: stderr
2024-03-28T00:47:05.573+0000 7fb25b662700 1 -- 172.21.15.169:0/273861642 >> 172.21.15.169:0/273861642 conn(0x7fb254101f80 msgr2=0x7fb2541043e0 unknown :-1 s=STATE_NONE l=0).mark_down
2024-03-28T00:47:11.748 INFO:teuthology.orchestra.run.smithi169.stdout:/usr/bin/ceph: stderr
2024-03-28T00:47:05.573+0000 7fb25b662700 1 -- 172.21.15.169:0/273861642 shutdown_connections
2024-03-28T00:47:11.749 INFO:teuthology.orchestra.run.smithi169.stdout:/usr/bin/ceph: stderr
2024-03-28T00:47:05.573+0000 7fb25b662700 1 -- 172.21.15.169:0/273861642 wait complete.
2024-03-28T00:47:11.749 INFO:teuthology.orchestra.run.smithi169.stdout:/usr/bin/ceph: stderr
2024-03-28T00:47:05.574+0000 7fb25b662700 1 Processor -- start
2024-03-28T00:47:11.749 INFO:teuthology.orchestra.run.smithi169.stdout:/usr/bin/ceph: stderr
2024-03-28T00:47:05.574+0000 7fb25b662700 1 -- start start
2024-03-28T00:47:11.749 INFO:teuthology.orchestra.run.smithi169.stdout:/usr/bin/ceph: stderr
2024-03-28T00:47:05.574+0000 7fb25b662700 1 --2- >> [v2:172.21.15.169:3300/0,v1:172.21.15.169:6789/0] conn(0x7fb2541085b0 0x7fb25419bab0 unknown :-1 s=NONE pgs=0 cs=0 l=1 rev1=0 crypto rx=0 tx=0 comp rx=0 tx=0).connect
2024-03-28T00:47:11.749 INFO:teuthology.orchestra.run.smithi169.stdout:/usr/bin/ceph: stderr
2024-03-28T00:47:05.574+0000 7fb25b662700 1 -- --> [v2:172.21.15.169:3300/0,v1:172.21.15.169:6789/0] -- mon_getmap magic: 0 v1 -- 0x7fb25410bf00 con 0x7fb2541085b0
2024-03-28T00:47:11.749 INFO:teuthology.orchestra.run.smithi169.stdout:/usr/bin/ceph: stderr
2024-03-28T00:47:05.574+0000 7fb2593fe700 1 --2- >> [v2:172.21.15.169:3300/0,v1:172.21.15.169:6789/0] conn(0x7fb2541085b0 0x7fb25419bab0 unknown :-1 s=BANNER_CONNECTING pgs=0 cs=0 l=1 rev1=0 crypto rx=0 tx=0 comp rx=0 tx=0)._handle_peer_banner_payload supported=3 required=0
2024-03-28T00:47:11.749 INFO:teuthology.orchestra.run.smithi169.stdout:/usr/bin/ceph: stderr
2024-03-28T00:47:05.574+0000 7fb2593fe700 1 --2- >> [v2:172.21.15.169:3300/0,v1:172.21.15.169:6789/0] conn(0x7fb2541085b0 0x7fb25419bab0 unknown :-1 s=HELLO_CONNECTING pgs=0 cs=0 l=1 rev1=1 crypto rx=0 tx=0 comp rx=0 tx=0).handle_hello peer v2:172.21.15.169:3300/0 says I am v2:172.21.15.169:53888/0 (socket says 172.21.15.169:53888)
2024-03-28T00:47:11.749 INFO:teuthology.orchestra.run.smithi169.stdout:/usr/bin/ceph: stderr
2024-03-28T00:47:05.574+0000 7fb2593fe700 1 -- 172.21.15.169:0/1040811296 learned_addr learned my addr 172.21.15.169:0/1040811296 (peer_addr_for_me v2:172.21.15.169:0/0)
2024-03-28T00:47:11.749 INFO:teuthology.orchestra.run.smithi169.stdout:/usr/bin/ceph: stderr
2024-03-28T00:47:05.575+0000 7fb2593fe700 1 -- 172.21.15.169:0/1040811296 --> [v2:172.21.15.169:3300/0,v1:172.21.15.169:6789/0] -- mon_subscribe({config=0+,monmap=0+}) v3 -- 0x7fb25419bff0 con 0x7fb2541085b0
2024-03-28T00:47:11.749 INFO:teuthology.orchestra.run.smithi169.stdout:/usr/bin/ceph: stderr
2024-03-28T00:47:05.575+0000 7fb2593fe700 1 --2- 172.21.15.169:0/1040811296 >> [v2:172.21.15.169:3300/0,v1:172.21.15.169:6789/0] conn(0x7fb2541085b0 0x7fb25419bab0 secure :-1 s=READY pgs=29 cs=0 l=1 rev1=1 crypto rx=0x7fb244011670 tx=0x7fb244011b60 comp rx=0 tx=0).ready entity=mon.0 client_cookie=0 server_cookie=0 in_seq=0 out_seq=0
2024-03-28T00:47:11.749 INFO:teuthology.orchestra.run.smithi169.stdout:/usr/bin/ceph: stderr
2024-03-28T00:47:05.575+0000 7fb24a7fc700 1 -- 172.21.15.169:0/1040811296 <== mon.0 v2:172.21.15.169:3300/0 1 ==== mon_map magic: 0 v1 ==== 205+0+0 (secure 0 0 0) 0x7fb2440039c0 con 0x7fb2541085b0
2024-03-28T00:47:11.749 INFO:teuthology.orchestra.run.smithi169.stdout:/usr/bin/ceph: stderr
2024-03-28T00:47:05.575+0000 7fb25b662700 1 -- 172.21.15.169:0/1040811296 --> [v2:172.21.15.169:3300/0,v1:172.21.15.169:6789/0] -- mon_subscribe({mgrmap=0+}) v3 -- 0x7fb25419c280 con 0x7fb2541085b0
2024-03-28T00:47:11.749 INFO:teuthology.orchestra.run.smithi169.stdout:/usr/bin/ceph: stderr
2024-03-28T00:47:05.575+0000 7fb24a7fc700 1 -- 172.21.15.169:0/1040811296 <== mon.0 v2:172.21.15.169:3300/0 2 ==== config(27 keys) v1 ==== 1109+0+0 (secure 0 0 0) 0x7fb244011e50 con 0x7fb2541085b0
2024-03-28T00:47:11.749 INFO:teuthology.orchestra.run.smithi169.stdout:/usr/bin/ceph: stderr
2024-03-28T00:47:05.575+0000 7fb24a7fc700 1 -- 172.21.15.169:0/1040811296 <== mon.0 v2:172.21.15.169:3300/0 3 ==== mon_map magic: 0 v1 ==== 205+0+0 (secure 0 0 0) 0x7fb24401a5c0 con 0x7fb2541085b0
2024-03-28T00:47:11.749 INFO:teuthology.orchestra.run.smithi169.stdout:/usr/bin/ceph: stderr
2024-03-28T00:47:05.575+0000 7fb25b662700 1 -- 172.21.15.169:0/1040811296 --> [v2:172.21.15.169:3300/0,v1:172.21.15.169:6789/0] -- mon_subscribe({osdmap=0}) v3 -- 0x7fb25419ef70 con 0x7fb2541085b0
2024-03-28T00:47:11.750 INFO:teuthology.orchestra.run.smithi169.stdout:/usr/bin/ceph: stderr
2024-03-28T00:47:05.576+0000 7fb24a7fc700 1 -- 172.21.15.169:0/1040811296 <== mon.0 v2:172.21.15.169:3300/0 4 ==== mgrmap(e 5) v1 ==== 46106+0+0 (secure 0 0 0) 0x7fb24401a8c0 con 0x7fb2541085b0
2024-03-28T00:47:11.750 INFO:teuthology.orchestra.run.smithi169.stdout:/usr/bin/ceph: stderr
2024-03-28T00:47:05.576+0000 7fb24a7fc700 1 --2- 172.21.15.169:0/1040811296 >> [v2:172.21.15.169:6800/311965133,v1:172.21.15.169:6801/311965133] conn(0x7fb240038ed0 0x7fb24003b390 unknown :-1 s=NONE pgs=0 cs=0 l=1 rev1=0 crypto rx=0 tx=0 comp rx=0 tx=0).connect
2024-03-28T00:47:11.750 INFO:teuthology.orchestra.run.smithi169.stdout:/usr/bin/ceph: stderr
2024-03-28T00:47:05.576+0000 7fb24a7fc700 1 -- 172.21.15.169:0/1040811296 --> [v2:172.21.15.169:6800/311965133,v1:172.21.15.169:6801/311965133] -- command(tid 0: {"prefix": "get_command_descriptions"}) v1 -- 0x7fb24003baa0 con 0x7fb240038ed0
2024-03-28T00:47:11.750 INFO:teuthology.orchestra.run.smithi169.stdout:/usr/bin/ceph: stderr
2024-03-28T00:47:05.576+0000 7fb24a7fc700 1 -- 172.21.15.169:0/1040811296 <== mon.0 v2:172.21.15.169:3300/0 5 ==== osd_map(1..1 src has 1..1) v4 ==== 725+0+0 (secure 0 0 0) 0x7fb24404d1e0 con 0x7fb2541085b0
2024-03-28T00:47:11.750 INFO:teuthology.orchestra.run.smithi169.stdout:/usr/bin/ceph: stderr
2024-03-28T00:47:05.576+0000 7fb258bfd700 1 -- 172.21.15.169:0/1040811296 >> [v2:172.21.15.169:6800/311965133,v1:172.21.15.169:6801/311965133] conn(0x7fb240038ed0 msgr2=0x7fb24003b390 unknown :-1 s=STATE_CONNECTING_RE l=1).process reconnect failed to v2:172.21.15.169:6800/311965133
2024-03-28T00:47:11.750 INFO:teuthology.orchestra.run.smithi169.stdout:/usr/bin/ceph: stderr
2024-03-28T00:47:05.576+0000 7fb258bfd700 1 --2- 172.21.15.169:0/1040811296 >> [v2:172.21.15.169:6800/311965133,v1:172.21.15.169:6801/311965133] conn(0x7fb240038ed0 0x7fb24003b390 unknown :-1 s=START_CONNECT pgs=0 cs=0 l=1 rev1=0 crypto rx=0 tx=0 comp rx=0 tx=0)._fault waiting 0.200000
2024-03-28T00:47:11.750 INFO:teuthology.orchestra.run.smithi169.stdout:/usr/bin/ceph: stderr
2024-03-28T00:47:05.777+0000 7fb258bfd700 1 -- 172.21.15.169:0/1040811296 >> [v2:172.21.15.169:6800/311965133,v1:172.21.15.169:6801/311965133] conn(0x7fb240038ed0 msgr2=0x7fb24003b390 unknown :-1 s=STATE_CONNECTING_RE l=1).process reconnect failed to v2:172.21.15.169:6800/311965133
2024-03-28T00:47:11.750 INFO:teuthology.orchestra.run.smithi169.stdout:/usr/bin/ceph: stderr
2024-03-28T00:47:05.777+0000 7fb258bfd700 1 --2- 172.21.15.169:0/1040811296 >> [v2:172.21.15.169:6800/311965133,v1:172.21.15.169:6801/311965133] conn(0x7fb240038ed0 0x7fb24003b390 unknown :-1 s=START_CONNECT pgs=0 cs=0 l=1 rev1=0 crypto rx=0 tx=0 comp rx=0 tx=0)._fault waiting 0.400000
2024-03-28T00:47:11.750 INFO:teuthology.orchestra.run.smithi169.stdout:/usr/bin/ceph: stderr
2024-03-28T00:47:06.178+0000 7fb258bfd700 1 -- 172.21.15.169:0/1040811296 >> [v2:172.21.15.169:6800/311965133,v1:172.21.15.169:6801/311965133] conn(0x7fb240038ed0 msgr2=0x7fb24003b390 unknown :-1 s=STATE_CONNECTING_RE l=1).process reconnect failed to v2:172.21.15.169:6800/311965133
2024-03-28T00:47:11.750 INFO:teuthology.orchestra.run.smithi169.stdout:/usr/bin/ceph: stderr
2024-03-28T00:47:06.178+0000 7fb258bfd700 1 --2- 172.21.15.169:0/1040811296 >> [v2:172.21.15.169:6800/311965133,v1:172.21.15.169:6801/311965133] conn(0x7fb240038ed0 0x7fb24003b390 unknown :-1 s=START_CONNECT pgs=0 cs=0 l=1 rev1=0 crypto rx=0 tx=0 comp rx=0 tx=0)._fault waiting 0.800000
2024-03-28T00:47:11.750 INFO:teuthology.orchestra.run.smithi169.stdout:/usr/bin/ceph: stderr
2024-03-28T00:47:06.979+0000 7fb258bfd700 1 -- 172.21.15.169:0/1040811296 >> [v2:172.21.15.169:6800/311965133,v1:172.21.15.169:6801/311965133] conn(0x7fb240038ed0 msgr2=0x7fb24003b390 unknown :-1 s=STATE_CONNECTING_RE l=1).process reconnect failed to v2:172.21.15.169:6800/311965133
2024-03-28T00:47:11.750 INFO:teuthology.orchestra.run.smithi169.stdout:/usr/bin/ceph: stderr
2024-03-28T00:47:06.979+0000 7fb258bfd700 1 --2- 172.21.15.169:0/1040811296 >> [v2:172.21.15.169:6800/311965133,v1:172.21.15.169:6801/311965133] conn(0x7fb240038ed0 0x7fb24003b390 unknown :-1 s=START_CONNECT pgs=0 cs=0 l=1 rev1=0 crypto rx=0 tx=0 comp rx=0 tx=0)._fault waiting 1.600000
2024-03-28T00:47:11.750 INFO:teuthology.orchestra.run.smithi169.stdout:/usr/bin/ceph: stderr
2024-03-28T00:47:08.579+0000 7fb258bfd700 1 -- 172.21.15.169:0/1040811296 >> [v2:172.21.15.169:6800/311965133,v1:172.21.15.169:6801/311965133] conn(0x7fb240038ed0 msgr2=0x7fb24003b390 unknown :-1 s=STATE_CONNECTING_RE l=1).process reconnect failed to v2:172.21.15.169:6800/311965133
2024-03-28T00:47:11.751 INFO:teuthology.orchestra.run.smithi169.stdout:/usr/bin/ceph: stderr
2024-03-28T00:47:08.579+0000 7fb258bfd700 1 --2- 172.21.15.169:0/1040811296 >> [v2:172.21.15.169:6800/311965133,v1:172.21.15.169:6801/311965133] conn(0x7fb240038ed0 0x7fb24003b390 unknown :-1 s=START_CONNECT pgs=0 cs=0 l=1 rev1=0 crypto rx=0 tx=0 comp rx=0 tx=0)._fault waiting 3.200000
2024-03-28T00:47:11.751 INFO:teuthology.orchestra.run.smithi169.stdout:/usr/bin/ceph: stderr
2024-03-28T00:47:10.143+0000 7fb24a7fc700 1 -- 172.21.15.169:0/1040811296 <== mon.0 v2:172.21.15.169:3300/0 6 ==== mgrmap(e 6) v1 ==== 45873+0+0 (secure 0 0 0) 0x7fb24401ac00 con 0x7fb2541085b0
2024-03-28T00:47:11.751 INFO:teuthology.orchestra.run.smithi169.stdout:/usr/bin/ceph: stderr
2024-03-28T00:47:10.143+0000 7fb24a7fc700 1 -- 172.21.15.169:0/1040811296 >> [v2:172.21.15.169:6800/311965133,v1:172.21.15.169:6801/311965133] conn(0x7fb240038ed0 msgr2=0x7fb24003b390 unknown :-1 s=STATE_CONNECTING l=1).mark_down
2024-03-28T00:47:11.751 INFO:teuthology.orchestra.run.smithi169.stdout:/usr/bin/ceph: stderr
2024-03-28T00:47:10.143+0000 7fb24a7fc700 1 --2- 172.21.15.169:0/1040811296 >> [v2:172.21.15.169:6800/311965133,v1:172.21.15.169:6801/311965133] conn(0x7fb240038ed0 0x7fb24003b390 unknown :-1 s=START_CONNECT pgs=0 cs=0 l=1 rev1=0 crypto rx=0 tx=0 comp rx=0 tx=0).stop
2024-03-28T00:47:11.751 INFO:teuthology.orchestra.run.smithi169.stdout:/usr/bin/ceph: stderr
2024-03-28T00:47:11.145+0000 7fb24a7fc700 1 -- 172.21.15.169:0/1040811296 <== mon.0 v2:172.21.15.169:3300/0 7 ==== mgrmap(e 7) v1 ==== 46000+0+0 (secure 0 0 0) 0x7fb24404efd0 con 0x7fb2541085b0
2024-03-28T00:47:11.751 INFO:teuthology.orchestra.run.smithi169.stdout:/usr/bin/ceph: stderr
2024-03-28T00:47:11.145+0000 7fb24a7fc700 1 --2- 172.21.15.169:0/1040811296 >> [v2:172.21.15.169:6800/3995234407,v1:172.21.15.169:6801/3995234407] conn(0x7fb24003c7c0 0x7fb24003ebb0 unknown :-1 s=NONE pgs=0 cs=0 l=1 rev1=0 crypto rx=0 tx=0 comp rx=0 tx=0).connect
2024-03-28T00:47:11.751 INFO:teuthology.orchestra.run.smithi169.stdout:/usr/bin/ceph: stderr
2024-03-28T00:47:11.145+0000 7fb24a7fc700 1 -- 172.21.15.169:0/1040811296 --> [v2:172.21.15.169:6800/3995234407,v1:172.21.15.169:6801/3995234407] -- command(tid 0: {"prefix": "get_command_descriptions"}) v1 -- 0x7fb24401fec0 con 0x7fb24003c7c0
2024-03-28T00:47:11.751 INFO:teuthology.orchestra.run.smithi169.stdout:/usr/bin/ceph: stderr
2024-03-28T00:47:11.146+0000 7fb258bfd700 1 --2- 172.21.15.169:0/1040811296 >> [v2:172.21.15.169:6800/3995234407,v1:172.21.15.169:6801/3995234407] conn(0x7fb24003c7c0 0x7fb24003ebb0 unknown :-1 s=BANNER_CONNECTING pgs=0 cs=0 l=1 rev1=0 crypto rx=0 tx=0 comp rx=0 tx=0)._handle_peer_banner_payload supported=3 required=0
2024-03-28T00:47:11.751 INFO:teuthology.orchestra.run.smithi169.stdout:/usr/bin/ceph: stderr
2024-03-28T00:47:11.147+0000 7fb258bfd700 1 --2- 172.21.15.169:0/1040811296 >> [v2:172.21.15.169:6800/3995234407,v1:172.21.15.169:6801/3995234407] conn(0x7fb24003c7c0 0x7fb24003ebb0 secure :-1 s=READY pgs=2 cs=0 l=1 rev1=1 crypto rx=0x7fb250003a10 tx=0x7fb250009290 comp rx=0 tx=0).ready entity=mgr.14120 client_cookie=0 server_cookie=0 in_seq=0 out_seq=0
2024-03-28T00:47:11.751 INFO:teuthology.orchestra.run.smithi169.stdout:/usr/bin/ceph: stderr
2024-03-28T00:47:11.147+0000 7fb24a7fc700 1 -- 172.21.15.169:0/1040811296 <== mgr.14120 v2:172.21.15.169:6800/3995234407 1 ==== command_reply(tid 0: 0 ) v1 ==== 8+0+7774 (secure 0 0 0) 0x7fb24401fec0 con 0x7fb24003c7c0
2024-03-28T00:47:11.751 INFO:teuthology.orchestra.run.smithi169.stdout:/usr/bin/ceph: stderr
2024-03-28T00:47:11.154+0000 7fb25b662700 1 -- 172.21.15.169:0/1040811296 --> [v2:172.21.15.169:6800/3995234407,v1:172.21.15.169:6801/3995234407] -- command(tid 1: {"prefix": "mgr_status"}) v1 -- 0x7fb2540637c0 con 0x7fb24003c7c0
2024-03-28T00:47:11.751 INFO:teuthology.orchestra.run.smithi169.stdout:/usr/bin/ceph: stderr
2024-03-28T00:47:11.154+0000 7fb24a7fc700 1 -- 172.21.15.169:0/1040811296 <== mgr.14120 v2:172.21.15.169:6800/3995234407 2 ==== command_reply(tid 1: 0 ) v1 ==== 8+0+51 (secure 0 0 0) 0x7fb2540637c0 con 0x7fb24003c7c0
2024-03-28T00:47:11.751 INFO:teuthology.orchestra.run.smithi169.stdout:/usr/bin/ceph: stderr
2024-03-28T00:47:11.154+0000 7fb25b662700 1 -- 172.21.15.169:0/1040811296 >> [v2:172.21.15.169:6800/3995234407,v1:172.21.15.169:6801/3995234407] conn(0x7fb24003c7c0 msgr2=0x7fb24003ebb0 secure :-1 s=STATE_CONNECTION_ESTABLISHED l=1).mark_down
2024-03-28T00:47:11.751 INFO:teuthology.orchestra.run.smithi169.stdout:/usr/bin/ceph: stderr
2024-03-28T00:47:11.154+0000 7fb25b662700 1 --2- 172.21.15.169:0/1040811296 >> [v2:172.21.15.169:6800/3995234407,v1:172.21.15.169:6801/3995234407] conn(0x7fb24003c7c0 0x7fb24003ebb0 secure :-1 s=READY pgs=2 cs=0 l=1 rev1=1 crypto rx=0x7fb250003a10 tx=0x7fb250009290 comp rx=0 tx=0).stop
2024-03-28T00:47:11.752 INFO:teuthology.orchestra.run.smithi169.stdout:/usr/bin/ceph: stderr
2024-03-28T00:47:11.154+0000 7fb25b662700 1 -- 172.21.15.169:0/1040811296 >> [v2:172.21.15.169:3300/0,v1:172.21.15.169:6789/0] conn(0x7fb2541085b0 msgr2=0x7fb25419bab0 secure :-1 s=STATE_CONNECTION_ESTABLISHED l=1).mark_down
2024-03-28T00:47:11.752 INFO:teuthology.orchestra.run.smithi169.stdout:/usr/bin/ceph: stderr
2024-03-28T00:47:11.154+0000 7fb25b662700 1 --2- 172.21.15.169:0/1040811296 >> [v2:172.21.15.169:3300/0,v1:172.21.15.169:6789/0] conn(0x7fb2541085b0 0x7fb25419bab0 secure :-1 s=READY pgs=29 cs=0 l=1 rev1=1 crypto rx=0x7fb244011670 tx=0x7fb244011b60 comp rx=0 tx=0).stop
2024-03-28T00:47:11.752 INFO:teuthology.orchestra.run.smithi169.stdout:/usr/bin/ceph: stderr
2024-03-28T00:47:11.154+0000 7fb25b662700 1 -- 172.21.15.169:0/1040811296 shutdown_connections
2024-03-28T00:47:11.752 INFO:teuthology.orchestra.run.smithi169.stdout:/usr/bin/ceph: stderr
2024-03-28T00:47:11.154+0000 7fb25b662700 1 --2- 172.21.15.169:0/1040811296 >> [v2:172.21.15.169:6800/3995234407,v1:172.21.15.169:6801/3995234407] conn(0x7fb24003c7c0 0x7fb24003ebb0 unknown :-1 s=CLOSED pgs=2 cs=0 l=1 rev1=1 crypto rx=0 tx=0 comp rx=0 tx=0).stop
2024-03-28T00:47:11.752 INFO:teuthology.orchestra.run.smithi169.stdout:/usr/bin/ceph: stderr
2024-03-28T00:47:11.154+0000 7fb25b662700 1 --2- 172.21.15.169:0/1040811296 >> [v2:172.21.15.169:3300/0,v1:172.21.15.169:6789/0] conn(0x7fb2541085b0 0x7fb25419bab0 unknown :-1 s=CLOSED pgs=29 cs=0 l=1 rev1=1 crypto rx=0 tx=0 comp rx=0 tx=0).stop
2024-03-28T00:47:11.752 INFO:teuthology.orchestra.run.smithi169.stdout:/usr/bin/ceph: stderr
2024-03-28T00:47:11.154+0000 7fb25b662700 1 --2- 172.21.15.169:0/1040811296 >> [v2:172.21.15.169:6800/311965133,v1:172.21.15.169:6801/311965133] conn(0x7fb240038ed0 0x7fb24003b390 unknown :-1 s=CLOSED pgs=0 cs=0 l=1 rev1=0 crypto rx=0 tx=0 comp rx=0 tx=0).stop
2024-03-28T00:47:11.752 INFO:teuthology.orchestra.run.smithi169.stdout:/usr/bin/ceph: stderr
2024-03-28T00:47:11.154+0000 7fb25b662700 1 -- 172.21.15.169:0/1040811296 >> 172.21.15.169:0/1040811296 conn(0x7fb254101f80 msgr2=0x7fb254102a90 unknown :-1 s=STATE_NONE l=0).mark_down
2024-03-28T00:47:11.752 INFO:teuthology.orchestra.run.smithi169.stdout:/usr/bin/ceph: stderr
2024-03-28T00:47:11.154+0000 7fb25b662700 1 -- 172.21.15.169:0/1040811296 shutdown_connections
2024-03-28T00:47:11.752 INFO:teuthology.orchestra.run.smithi169.stdout:/usr/bin/ceph: stderr
2024-03-28T00:47:11.154+0000 7fb25b662700 1 -- 172.21.15.169:0/1040811296 wait complete.
2024-03-28T00:47:11.752 INFO:teuthology.orchestra.run.smithi169.stdout:mgr epoch 5 is available
2024-03-28T00:47:11.752 INFO:teuthology.orchestra.run.smithi169.stdout:Setting orchestrator backend to cephadm...
2024-03-28T00:47:12.552 INFO:journalctl@ceph.mon.a.smithi169.stdout:Mar 28 00:47:12 smithi169 ceph-mon[32274]: from='client.14124 -' entity='client.admin' cmd=[{"prefix": "get_command_descriptions"}]: dispatch
2024-03-28T00:47:12.552 INFO:journalctl@ceph.mon.a.smithi169.stdout:Mar 28 00:47:12 smithi169 ceph-mon[32274]: from='client.14124 -' entity='client.admin' cmd=[{"prefix": "mgr_status"}]: dispatch
2024-03-28T00:47:12.552 INFO:journalctl@ceph.mon.a.smithi169.stdout:Mar 28 00:47:12 smithi169 ceph-mon[32274]: from='mgr.14120 172.21.15.169:0/2805663798' entity='mgr.x'
2024-03-28T00:47:12.552 INFO:journalctl@ceph.mon.a.smithi169.stdout:Mar 28 00:47:12 smithi169 ceph-mon[32274]: from='mgr.14120 172.21.15.169:0/2805663798' entity='mgr.x'
2024-03-28T00:47:12.552 INFO:journalctl@ceph.mon.a.smithi169.stdout:Mar 28 00:47:12 smithi169 ceph-mon[32274]: from='mgr.14120 172.21.15.169:0/2805663798' entity='mgr.x' cmd=[{"prefix": "config dump", "format": "json"}]: dispatch
2024-03-28T00:47:12.920 INFO:teuthology.orchestra.run.smithi169.stdout:/usr/bin/ceph: stderr
2024-03-28T00:47:12.119+0000 7f19413fd700 1 Processor -- start
2024-03-28T00:47:12.920 INFO:teuthology.orchestra.run.smithi169.stdout:/usr/bin/ceph: stderr
2024-03-28T00:47:12.119+0000 7f19413fd700 1 -- start start
2024-03-28T00:47:12.920 INFO:teuthology.orchestra.run.smithi169.stdout:/usr/bin/ceph: stderr
2024-03-28T00:47:12.119+0000 7f19413fd700 1 --2- >> [v2:172.21.15.169:3300/0,v1:172.21.15.169:6789/0] conn(0x7f193c106a40 0x7f193c106e60 unknown :-1 s=NONE pgs=0 cs=0 l=0 rev1=0 crypto rx=0 tx=0 comp rx=0 tx=0).connect
2024-03-28T00:47:12.920 INFO:teuthology.orchestra.run.smithi169.stdout:/usr/bin/ceph: stderr
2024-03-28T00:47:12.119+0000 7f19413fd700 1 -- --> [v2:172.21.15.169:3300/0,v1:172.21.15.169:6789/0] -- mon_getmap magic: 0 v1 -- 0x7f193c107430 con 0x7f193c106a40
2024-03-28T00:47:12.920 INFO:teuthology.orchestra.run.smithi169.stdout:/usr/bin/ceph: stderr
2024-03-28T00:47:12.120+0000 7f193affd700 1 --2- >> [v2:172.21.15.169:3300/0,v1:172.21.15.169:6789/0] conn(0x7f193c106a40 0x7f193c106e60 unknown :-1 s=BANNER_CONNECTING pgs=0 cs=0 l=0 rev1=0 crypto rx=0 tx=0 comp rx=0 tx=0)._handle_peer_banner_payload supported=3 required=0
2024-03-28T00:47:12.920 INFO:teuthology.orchestra.run.smithi169.stdout:/usr/bin/ceph: stderr
2024-03-28T00:47:12.120+0000 7f193affd700 1 --2- >> [v2:172.21.15.169:3300/0,v1:172.21.15.169:6789/0] conn(0x7f193c106a40 0x7f193c106e60 unknown :-1 s=HELLO_CONNECTING pgs=0 cs=0 l=0 rev1=1 crypto rx=0 tx=0 comp rx=0 tx=0).handle_hello peer v2:172.21.15.169:3300/0 says I am v2:172.21.15.169:52418/0 (socket says 172.21.15.169:52418)
2024-03-28T00:47:12.920 INFO:teuthology.orchestra.run.smithi169.stdout:/usr/bin/ceph: stderr
2024-03-28T00:47:12.120+0000 7f193affd700 1 -- 172.21.15.169:0/3522276380 learned_addr learned my addr 172.21.15.169:0/3522276380 (peer_addr_for_me v2:172.21.15.169:0/0)
2024-03-28T00:47:12.920 INFO:teuthology.orchestra.run.smithi169.stdout:/usr/bin/ceph: stderr
2024-03-28T00:47:12.120+0000 7f193affd700 1 -- 172.21.15.169:0/3522276380 --> [v2:172.21.15.169:3300/0,v1:172.21.15.169:6789/0] -- mon_subscribe({config=0+,monmap=0+}) v3 -- 0x7f193c107c40 con 0x7f193c106a40
2024-03-28T00:47:12.920 INFO:teuthology.orchestra.run.smithi169.stdout:/usr/bin/ceph: stderr
2024-03-28T00:47:12.120+0000 7f193affd700 1 --2- 172.21.15.169:0/3522276380 >> [v2:172.21.15.169:3300/0,v1:172.21.15.169:6789/0] conn(0x7f193c106a40 0x7f193c106e60 secure :-1 s=READY pgs=37 cs=0 l=1 rev1=1 crypto rx=0x7f19340098a0 tx=0x7f1934009bb0 comp rx=0 tx=0).ready entity=mon.0 client_cookie=17cbe09e34e06361 server_cookie=0 in_seq=0 out_seq=0
2024-03-28T00:47:12.921 INFO:teuthology.orchestra.run.smithi169.stdout:/usr/bin/ceph: stderr
2024-03-28T00:47:12.120+0000 7f1939ffb700 1 -- 172.21.15.169:0/3522276380 <== mon.0 v2:172.21.15.169:3300/0 1 ==== mon_map magic: 0 v1 ==== 205+0+0 (secure 0 0 0) 0x7f1934004160 con 0x7f193c106a40
2024-03-28T00:47:12.921 INFO:teuthology.orchestra.run.smithi169.stdout:/usr/bin/ceph: stderr
2024-03-28T00:47:12.120+0000 7f1939ffb700 1 -- 172.21.15.169:0/3522276380 <== mon.0 v2:172.21.15.169:3300/0 2 ==== config(27 keys) v1 ==== 1109+0+0 (secure 0 0 0) 0x7f1934004300 con 0x7f193c106a40
2024-03-28T00:47:12.921 INFO:teuthology.orchestra.run.smithi169.stdout:/usr/bin/ceph: stderr
2024-03-28T00:47:12.120+0000 7f1939ffb700 1 -- 172.21.15.169:0/3522276380 <== mon.0 v2:172.21.15.169:3300/0 3 ==== mon_map magic: 0 v1 ==== 205+0+0 (secure 0 0 0) 0x7f1934011b50 con 0x7f193c106a40
2024-03-28T00:47:12.921 INFO:teuthology.orchestra.run.smithi169.stdout:/usr/bin/ceph: stderr
2024-03-28T00:47:12.121+0000 7f19413fd700 1 -- 172.21.15.169:0/3522276380 >> [v2:172.21.15.169:3300/0,v1:172.21.15.169:6789/0] conn(0x7f193c106a40 msgr2=0x7f193c106e60 secure :-1 s=STATE_CONNECTION_ESTABLISHED l=1).mark_down
2024-03-28T00:47:12.921 INFO:teuthology.orchestra.run.smithi169.stdout:/usr/bin/ceph: stderr
2024-03-28T00:47:12.121+0000 7f19413fd700 1 --2- 172.21.15.169:0/3522276380 >> [v2:172.21.15.169:3300/0,v1:172.21.15.169:6789/0] conn(0x7f193c106a40 0x7f193c106e60 secure :-1 s=READY pgs=37 cs=0 l=1 rev1=1 crypto rx=0x7f19340098a0 tx=0x7f1934009bb0 comp rx=0 tx=0).stop
2024-03-28T00:47:12.921 INFO:teuthology.orchestra.run.smithi169.stdout:/usr/bin/ceph: stderr
2024-03-28T00:47:12.121+0000 7f19413fd700 1 -- 172.21.15.169:0/3522276380 shutdown_connections
2024-03-28T00:47:12.921 INFO:teuthology.orchestra.run.smithi169.stdout:/usr/bin/ceph: stderr
2024-03-28T00:47:12.121+0000 7f19413fd700 1 --2- 172.21.15.169:0/3522276380 >> [v2:172.21.15.169:3300/0,v1:172.21.15.169:6789/0] conn(0x7f193c106a40 0x7f193c106e60 unknown :-1 s=CLOSED pgs=37 cs=0 l=1 rev1=1 crypto rx=0 tx=0 comp rx=0 tx=0).stop
2024-03-28T00:47:12.921 INFO:teuthology.orchestra.run.smithi169.stdout:/usr/bin/ceph: stderr
2024-03-28T00:47:12.121+0000 7f19413fd700 1 -- 172.21.15.169:0/3522276380 >> 172.21.15.169:0/3522276380 conn(0x7f193c102000 msgr2=0x7f193c104420 unknown :-1 s=STATE_NONE l=0).mark_down
2024-03-28T00:47:12.921 INFO:teuthology.orchestra.run.smithi169.stdout:/usr/bin/ceph: stderr
2024-03-28T00:47:12.121+0000 7f19413fd700 1 -- 172.21.15.169:0/3522276380 shutdown_connections
2024-03-28T00:47:12.921 INFO:teuthology.orchestra.run.smithi169.stdout:/usr/bin/ceph: stderr
2024-03-28T00:47:12.121+0000 7f19413fd700 1 -- 172.21.15.169:0/3522276380 wait complete.
2024-03-28T00:47:12.921 INFO:teuthology.orchestra.run.smithi169.stdout:/usr/bin/ceph: stderr
2024-03-28T00:47:12.121+0000 7f19413fd700 1 Processor -- start
2024-03-28T00:47:12.921 INFO:teuthology.orchestra.run.smithi169.stdout:/usr/bin/ceph: stderr
2024-03-28T00:47:12.122+0000 7f19413fd700 1 -- start start
2024-03-28T00:47:12.921 INFO:teuthology.orchestra.run.smithi169.stdout:/usr/bin/ceph: stderr
2024-03-28T00:47:12.122+0000 7f19413fd700 1 --2- >> [v2:172.21.15.169:3300/0,v1:172.21.15.169:6789/0] conn(0x7f193c106a40 0x7f193c07ba70 unknown :-1 s=NONE pgs=0 cs=0 l=1 rev1=0 crypto rx=0 tx=0 comp rx=0 tx=0).connect
2024-03-28T00:47:12.921 INFO:teuthology.orchestra.run.smithi169.stdout:/usr/bin/ceph: stderr
2024-03-28T00:47:12.122+0000 7f19413fd700 1 -- --> [v2:172.21.15.169:3300/0,v1:172.21.15.169:6789/0] -- mon_getmap magic: 0 v1 -- 0x7f193c10aff0 con 0x7f193c106a40
2024-03-28T00:47:12.921 INFO:teuthology.orchestra.run.smithi169.stdout:/usr/bin/ceph: stderr
2024-03-28T00:47:12.122+0000 7f193affd700 1 --2- >> [v2:172.21.15.169:3300/0,v1:172.21.15.169:6789/0] conn(0x7f193c106a40 0x7f193c07ba70 unknown :-1 s=BANNER_CONNECTING pgs=0 cs=0 l=1 rev1=0 crypto rx=0 tx=0 comp rx=0 tx=0)._handle_peer_banner_payload supported=3 required=0
2024-03-28T00:47:12.922 INFO:teuthology.orchestra.run.smithi169.stdout:/usr/bin/ceph: stderr
2024-03-28T00:47:12.122+0000 7f193affd700 1 --2- >> [v2:172.21.15.169:3300/0,v1:172.21.15.169:6789/0] conn(0x7f193c106a40 0x7f193c07ba70 unknown :-1 s=HELLO_CONNECTING pgs=0 cs=0 l=1 rev1=1 crypto rx=0 tx=0 comp rx=0 tx=0).handle_hello peer v2:172.21.15.169:3300/0 says I am v2:172.21.15.169:52424/0 (socket says 172.21.15.169:52424)
2024-03-28T00:47:12.922 INFO:teuthology.orchestra.run.smithi169.stdout:/usr/bin/ceph: stderr
2024-03-28T00:47:12.122+0000 7f193affd700 1 -- 172.21.15.169:0/3657249103 learned_addr learned my addr 172.21.15.169:0/3657249103 (peer_addr_for_me v2:172.21.15.169:0/0)
2024-03-28T00:47:12.922 INFO:teuthology.orchestra.run.smithi169.stdout:/usr/bin/ceph: stderr
2024-03-28T00:47:12.122+0000 7f193affd700 1 -- 172.21.15.169:0/3657249103 --> [v2:172.21.15.169:3300/0,v1:172.21.15.169:6789/0] -- mon_subscribe({config=0+,monmap=0+}) v3 -- 0x7f193c19e8d0 con 0x7f193c106a40
2024-03-28T00:47:12.922 INFO:teuthology.orchestra.run.smithi169.stdout:/usr/bin/ceph: stderr
2024-03-28T00:47:12.122+0000 7f193affd700 1 --2- 172.21.15.169:0/3657249103 >> [v2:172.21.15.169:3300/0,v1:172.21.15.169:6789/0] conn(0x7f193c106a40 0x7f193c07ba70 secure :-1 s=READY pgs=38 cs=0 l=1 rev1=1 crypto rx=0x7f1934011850 tx=0x7f1934011c10 comp rx=0 tx=0).ready entity=mon.0 client_cookie=0 server_cookie=0 in_seq=0 out_seq=0
2024-03-28T00:47:12.922 INFO:teuthology.orchestra.run.smithi169.stdout:/usr/bin/ceph: stderr
2024-03-28T00:47:12.122+0000 7f1923fff700 1 -- 172.21.15.169:0/3657249103 <== mon.0 v2:172.21.15.169:3300/0 1 ==== mon_map magic: 0 v1 ==== 205+0+0 (secure 0 0 0) 0x7f1934003af0 con 0x7f193c106a40
2024-03-28T00:47:12.922 INFO:teuthology.orchestra.run.smithi169.stdout:/usr/bin/ceph: stderr
2024-03-28T00:47:12.122+0000 7f1923fff700 1 -- 172.21.15.169:0/3657249103 <== mon.0 v2:172.21.15.169:3300/0 2 ==== config(27 keys) v1 ==== 1109+0+0 (secure 0 0 0) 0x7f1934020070 con 0x7f193c106a40
2024-03-28T00:47:12.922 INFO:teuthology.orchestra.run.smithi169.stdout:/usr/bin/ceph: stderr
2024-03-28T00:47:12.122+0000 7f19413fd700 1 -- 172.21.15.169:0/3657249103 --> [v2:172.21.15.169:3300/0,v1:172.21.15.169:6789/0] -- mon_subscribe({mgrmap=0+}) v3 -- 0x7f193c19eaa0 con 0x7f193c106a40
2024-03-28T00:47:12.922 INFO:teuthology.orchestra.run.smithi169.stdout:/usr/bin/ceph: stderr
2024-03-28T00:47:12.122+0000 7f1923fff700 1 -- 172.21.15.169:0/3657249103 <== mon.0 v2:172.21.15.169:3300/0 3 ==== mon_map magic: 0 v1 ==== 205+0+0 (secure 0 0 0) 0x7f19340195a0 con 0x7f193c106a40
2024-03-28T00:47:12.922 INFO:teuthology.orchestra.run.smithi169.stdout:/usr/bin/ceph: stderr
2024-03-28T00:47:12.122+0000 7f19413fd700 1 -- 172.21.15.169:0/3657249103 --> [v2:172.21.15.169:3300/0,v1:172.21.15.169:6789/0] -- mon_subscribe({osdmap=0}) v3 -- 0x7f193c19ee40 con 0x7f193c106a40
2024-03-28T00:47:12.922 INFO:teuthology.orchestra.run.smithi169.stdout:/usr/bin/ceph: stderr
2024-03-28T00:47:12.123+0000 7f1923fff700 1 -- 172.21.15.169:0/3657249103 <== mon.0 v2:172.21.15.169:3300/0 4 ==== mgrmap(e 7) v1 ==== 46000+0+0 (secure 0 0 0) 0x7f19340198a0 con 0x7f193c106a40
2024-03-28T00:47:12.922 INFO:teuthology.orchestra.run.smithi169.stdout:/usr/bin/ceph: stderr
2024-03-28T00:47:12.123+0000 7f1923fff700 1 --2- 172.21.15.169:0/3657249103 >> [v2:172.21.15.169:6800/3995234407,v1:172.21.15.169:6801/3995234407] conn(0x7f1924038e00 0x7f192403b2c0 unknown :-1 s=NONE pgs=0 cs=0 l=1 rev1=0 crypto rx=0 tx=0 comp rx=0 tx=0).connect
2024-03-28T00:47:12.922 INFO:teuthology.orchestra.run.smithi169.stdout:/usr/bin/ceph: stderr
2024-03-28T00:47:12.123+0000 7f1923fff700 1 -- 172.21.15.169:0/3657249103 <== mon.0 v2:172.21.15.169:3300/0 5 ==== osd_map(2..2 src has 1..2) v4 ==== 940+0+0 (secure 0 0 0) 0x7f1934011e00 con 0x7f193c106a40
2024-03-28T00:47:12.922 INFO:teuthology.orchestra.run.smithi169.stdout:/usr/bin/ceph: stderr
2024-03-28T00:47:12.123+0000 7f193a7fc700 1 --2- 172.21.15.169:0/3657249103 >> [v2:172.21.15.169:6800/3995234407,v1:172.21.15.169:6801/3995234407] conn(0x7f1924038e00 0x7f192403b2c0 unknown :-1 s=BANNER_CONNECTING pgs=0 cs=0 l=1 rev1=0 crypto rx=0 tx=0 comp rx=0 tx=0)._handle_peer_banner_payload supported=3 required=0
2024-03-28T00:47:12.922 INFO:teuthology.orchestra.run.smithi169.stdout:/usr/bin/ceph: stderr
2024-03-28T00:47:12.124+0000 7f19413fd700 1 -- 172.21.15.169:0/3657249103 --> [v2:172.21.15.169:3300/0,v1:172.21.15.169:6789/0] -- mon_command({"prefix": "get_command_descriptions"} v 0) v1 -- 0x7f193c0637c0 con 0x7f193c106a40
2024-03-28T00:47:12.923 INFO:teuthology.orchestra.run.smithi169.stdout:/usr/bin/ceph: stderr
2024-03-28T00:47:12.124+0000 7f193a7fc700 1 --2- 172.21.15.169:0/3657249103 >> [v2:172.21.15.169:6800/3995234407,v1:172.21.15.169:6801/3995234407] conn(0x7f1924038e00 0x7f192403b2c0 secure :-1 s=READY pgs=7 cs=0 l=1 rev1=1 crypto rx=0x7f193000ad30 tx=0x7f19300093f0 comp rx=0 tx=0).ready entity=mgr.14120 client_cookie=0 server_cookie=0 in_seq=0 out_seq=0
2024-03-28T00:47:12.923 INFO:teuthology.orchestra.run.smithi169.stdout:/usr/bin/ceph: stderr
2024-03-28T00:47:12.129+0000 7f1923fff700 1 -- 172.21.15.169:0/3657249103 <== mon.0 v2:172.21.15.169:3300/0 6 ==== mon_command_ack([{"prefix": "get_command_descriptions"}]=0 v0) v1 ==== 72+0+186149 (secure 0 0 0) 0x7f1934003c90 con 0x7f193c106a40
2024-03-28T00:47:12.923 INFO:teuthology.orchestra.run.smithi169.stdout:/usr/bin/ceph: stderr
2024-03-28T00:47:12.289+0000 7f1923fff700 1 -- 172.21.15.169:0/3657249103 <== mon.0 v2:172.21.15.169:3300/0 7 ==== mgrmap(e 8) v1 ==== 46106+0+0 (secure 0 0 0) 0x7f1934019be0 con 0x7f193c106a40
2024-03-28T00:47:12.923 INFO:teuthology.orchestra.run.smithi169.stdout:/usr/bin/ceph: stderr
2024-03-28T00:47:12.341+0000 7f19413fd700 1 -- 172.21.15.169:0/3657249103 --> [v2:172.21.15.169:6800/3995234407,v1:172.21.15.169:6801/3995234407] -- mgr_command(tid 0: {"prefix": "orch set backend", "module_name": "cephadm", "target": ["mon-mgr", ""]}) v1 -- 0x7f193c103310 con 0x7f1924038e00
2024-03-28T00:47:12.923 INFO:teuthology.orchestra.run.smithi169.stdout:/usr/bin/ceph: stderr
2024-03-28T00:47:12.349+0000 7f1923fff700 1 -- 172.21.15.169:0/3657249103 <== mgr.14120 v2:172.21.15.169:6800/3995234407 1 ==== mgr_command_reply(tid 0: 0 ) v1 ==== 8+0+0 (secure 0 0 0) 0x7f193c103310 con 0x7f1924038e00
2024-03-28T00:47:12.923 INFO:teuthology.orchestra.run.smithi169.stdout:/usr/bin/ceph: stderr
2024-03-28T00:47:12.351+0000 7f19413fd700 1 -- 172.21.15.169:0/3657249103 >> [v2:172.21.15.169:6800/3995234407,v1:172.21.15.169:6801/3995234407] conn(0x7f1924038e00 msgr2=0x7f192403b2c0 secure :-1 s=STATE_CONNECTION_ESTABLISHED l=1).mark_down
2024-03-28T00:47:12.923 INFO:teuthology.orchestra.run.smithi169.stdout:/usr/bin/ceph: stderr
2024-03-28T00:47:12.351+0000 7f19413fd700 1 --2- 172.21.15.169:0/3657249103 >> [v2:172.21.15.169:6800/3995234407,v1:172.21.15.169:6801/3995234407] conn(0x7f1924038e00 0x7f192403b2c0 secure :-1 s=READY pgs=7 cs=0 l=1 rev1=1 crypto rx=0x7f193000ad30 tx=0x7f19300093f0 comp rx=0 tx=0).stop
2024-03-28T00:47:12.923 INFO:teuthology.orchestra.run.smithi169.stdout:/usr/bin/ceph: stderr
2024-03-28T00:47:12.351+0000 7f19413fd700 1 -- 172.21.15.169:0/3657249103 >> [v2:172.21.15.169:3300/0,v1:172.21.15.169:6789/0] conn(0x7f193c106a40 msgr2=0x7f193c07ba70 secure :-1 s=STATE_CONNECTION_ESTABLISHED l=1).mark_down
2024-03-28T00:47:12.923 INFO:teuthology.orchestra.run.smithi169.stdout:/usr/bin/ceph: stderr
2024-03-28T00:47:12.351+0000 7f19413fd700 1 --2- 172.21.15.169:0/3657249103 >> [v2:172.21.15.169:3300/0,v1:172.21.15.169:6789/0] conn(0x7f193c106a40 0x7f193c07ba70 secure :-1 s=READY pgs=38 cs=0 l=1 rev1=1 crypto rx=0x7f1934011850 tx=0x7f1934011c10 comp rx=0 tx=0).stop
2024-03-28T00:47:12.923 INFO:teuthology.orchestra.run.smithi169.stdout:/usr/bin/ceph: stderr
2024-03-28T00:47:12.351+0000 7f19413fd700 1 -- 172.21.15.169:0/3657249103 shutdown_connections
2024-03-28T00:47:12.923 INFO:teuthology.orchestra.run.smithi169.stdout:/usr/bin/ceph: stderr
2024-03-28T00:47:12.351+0000 7f19413fd700 1 --2- 172.21.15.169:0/3657249103 >> [v2:172.21.15.169:6800/3995234407,v1:172.21.15.169:6801/3995234407] conn(0x7f1924038e00 0x7f192403b2c0 unknown :-1 s=CLOSED pgs=7 cs=0 l=1 rev1=1 crypto rx=0 tx=0 comp rx=0 tx=0).stop
2024-03-28T00:47:12.923 INFO:teuthology.orchestra.run.smithi169.stdout:/usr/bin/ceph: stderr
2024-03-28T00:47:12.351+0000 7f19413fd700 1 --2- 172.21.15.169:0/3657249103 >> [v2:172.21.15.169:3300/0,v1:172.21.15.169:6789/0] conn(0x7f193c106a40 0x7f193c07ba70 unknown :-1 s=CLOSED pgs=38 cs=0 l=1 rev1=1 crypto rx=0 tx=0 comp rx=0 tx=0).stop
2024-03-28T00:47:12.923 INFO:teuthology.orchestra.run.smithi169.stdout:/usr/bin/ceph: stderr
2024-03-28T00:47:12.351+0000 7f19413fd700 1 -- 172.21.15.169:0/3657249103 >> 172.21.15.169:0/3657249103 conn(0x7f193c102000 msgr2=0x7f193c102c00 unknown :-1 s=STATE_NONE l=0).mark_down
2024-03-28T00:47:12.923 INFO:teuthology.orchestra.run.smithi169.stdout:/usr/bin/ceph: stderr
2024-03-28T00:47:12.352+0000 7f19413fd700 1 -- 172.21.15.169:0/3657249103 shutdown_connections
2024-03-28T00:47:12.923 INFO:teuthology.orchestra.run.smithi169.stdout:/usr/bin/ceph: stderr
2024-03-28T00:47:12.352+0000 7f19413fd700 1 -- 172.21.15.169:0/3657249103 wait complete.
2024-03-28T00:47:13.523 INFO:journalctl@ceph.mon.a.smithi169.stdout:Mar 28 00:47:13 smithi169 ceph-mon[32274]: [28/Mar/2024:00:47:11] ENGINE Bus STARTING
2024-03-28T00:47:13.523 INFO:journalctl@ceph.mon.a.smithi169.stdout:Mar 28 00:47:13 smithi169 ceph-mon[32274]: [28/Mar/2024:00:47:11] ENGINE Serving on https://172.21.15.169:7150
2024-03-28T00:47:13.523 INFO:journalctl@ceph.mon.a.smithi169.stdout:Mar 28 00:47:13 smithi169 ceph-mon[32274]: [28/Mar/2024:00:47:11] ENGINE Serving on http://172.21.15.169:8765
2024-03-28T00:47:13.523 INFO:journalctl@ceph.mon.a.smithi169.stdout:Mar 28 00:47:13 smithi169 ceph-mon[32274]: [28/Mar/2024:00:47:11] ENGINE Bus STARTED
2024-03-28T00:47:13.523 INFO:journalctl@ceph.mon.a.smithi169.stdout:Mar 28 00:47:13 smithi169 ceph-mon[32274]: mgrmap e8: x(active, since 2s)
2024-03-28T00:47:13.523 INFO:journalctl@ceph.mon.a.smithi169.stdout:Mar 28 00:47:13 smithi169 ceph-mon[32274]: from='mgr.14120 172.21.15.169:0/2805663798' entity='mgr.x'
2024-03-28T00:47:13.523 INFO:journalctl@ceph.mon.a.smithi169.stdout:Mar 28 00:47:13 smithi169 ceph-mon[32274]: from='mgr.14120 172.21.15.169:0/2805663798' entity='mgr.x' cmd=[{"prefix": "config dump", "format": "json"}]: dispatch
2024-03-28T00:47:14.067 INFO:teuthology.orchestra.run.smithi169.stdout:/usr/bin/ceph: stdout value unchanged
2024-03-28T00:47:14.067 INFO:teuthology.orchestra.run.smithi169.stdout:/usr/bin/ceph: stderr
2024-03-28T00:47:13.313+0000 7f91ed4f7700 1 Processor -- start
2024-03-28T00:47:14.067 INFO:teuthology.orchestra.run.smithi169.stdout:/usr/bin/ceph: stderr
2024-03-28T00:47:13.313+0000 7f91ed4f7700 1 -- start start
2024-03-28T00:47:14.067 INFO:teuthology.orchestra.run.smithi169.stdout:/usr/bin/ceph: stderr
2024-03-28T00:47:13.313+0000 7f91ed4f7700 1 --2- >> [v2:172.21.15.169:3300/0,v1:172.21.15.169:6789/0] conn(0x7f91e8108600 0x7f91e810a9f0 unknown :-1 s=NONE pgs=0 cs=0 l=0 rev1=0 crypto rx=0 tx=0 comp rx=0 tx=0).connect
2024-03-28T00:47:14.067 INFO:teuthology.orchestra.run.smithi169.stdout:/usr/bin/ceph: stderr
2024-03-28T00:47:13.314+0000 7f91ed4f7700 1 -- --> [v2:172.21.15.169:3300/0,v1:172.21.15.169:6789/0] -- mon_getmap magic: 0 v1 -- 0x7f91e8075860 con 0x7f91e8108600
2024-03-28T00:47:14.067 INFO:teuthology.orchestra.run.smithi169.stdout:/usr/bin/ceph: stderr
2024-03-28T00:47:13.314+0000 7f91e6ffd700 1 --2- >> [v2:172.21.15.169:3300/0,v1:172.21.15.169:6789/0] conn(0x7f91e8108600 0x7f91e810a9f0 unknown :-1 s=BANNER_CONNECTING pgs=0 cs=0 l=0 rev1=0 crypto rx=0 tx=0 comp rx=0 tx=0)._handle_peer_banner_payload supported=3 required=0
2024-03-28T00:47:14.068 INFO:teuthology.orchestra.run.smithi169.stdout:/usr/bin/ceph: stderr
2024-03-28T00:47:13.314+0000 7f91e6ffd700 1 --2- >> [v2:172.21.15.169:3300/0,v1:172.21.15.169:6789/0] conn(0x7f91e8108600 0x7f91e810a9f0 unknown :-1 s=HELLO_CONNECTING pgs=0 cs=0 l=0 rev1=1 crypto rx=0 tx=0 comp rx=0 tx=0).handle_hello peer v2:172.21.15.169:3300/0 says I am v2:172.21.15.169:52440/0 (socket says 172.21.15.169:52440)
2024-03-28T00:47:14.068 INFO:teuthology.orchestra.run.smithi169.stdout:/usr/bin/ceph: stderr
2024-03-28T00:47:13.314+0000 7f91e6ffd700 1 -- 172.21.15.169:0/1354694988 learned_addr learned my addr 172.21.15.169:0/1354694988 (peer_addr_for_me v2:172.21.15.169:0/0)
2024-03-28T00:47:14.068 INFO:teuthology.orchestra.run.smithi169.stdout:/usr/bin/ceph: stderr
2024-03-28T00:47:13.314+0000 7f91e6ffd700 1 -- 172.21.15.169:0/1354694988 --> [v2:172.21.15.169:3300/0,v1:172.21.15.169:6789/0] -- mon_subscribe({config=0+,monmap=0+}) v3 -- 0x7f91e810af30 con 0x7f91e8108600
2024-03-28T00:47:14.068 INFO:teuthology.orchestra.run.smithi169.stdout:/usr/bin/ceph: stderr
2024-03-28T00:47:13.314+0000 7f91e6ffd700 1 --2- 172.21.15.169:0/1354694988 >> [v2:172.21.15.169:3300/0,v1:172.21.15.169:6789/0] conn(0x7f91e8108600 0x7f91e810a9f0 secure :-1 s=READY pgs=39 cs=0 l=1 rev1=1 crypto rx=0x7f91e0009e80 tx=0x7f91e000b330 comp rx=0 tx=0).ready entity=mon.0 client_cookie=424acb326f9a9d0c server_cookie=0 in_seq=0 out_seq=0
2024-03-28T00:47:14.068 INFO:teuthology.orchestra.run.smithi169.stdout:/usr/bin/ceph: stderr
2024-03-28T00:47:13.314+0000 7f91e5ffb700 1 -- 172.21.15.169:0/1354694988 <== mon.0 v2:172.21.15.169:3300/0 1 ==== mon_map magic: 0 v1 ==== 205+0+0 (secure 0 0 0) 0x7f91e0017070 con 0x7f91e8108600
2024-03-28T00:47:14.068 INFO:teuthology.orchestra.run.smithi169.stdout:/usr/bin/ceph: stderr
