2024-03-28T00:47:26.539 INFO:teuthology.orchestra.run.smithi169.stdout:/usr/bin/ceph: stderr
2024-03-28T00:47:25.804+0000 7fa8fe59c700 1 --2- >> [v2:172.21.15.169:3300/0,v1:172.21.15.169:6789/0] conn(0x7fa9001085b0 0x7fa90010a9a0 unknown :-1 s=BANNER_CONNECTING pgs=0 cs=0 l=0 rev1=0 crypto rx=0 tx=0 comp rx=0 tx=0)._handle_peer_banner_payload supported=3 required=0
2024-03-28T00:47:26.539 INFO:teuthology.orchestra.run.smithi169.stdout:/usr/bin/ceph: stderr
2024-03-28T00:47:25.804+0000 7fa8fe59c700 1 --2- >> [v2:172.21.15.169:3300/0,v1:172.21.15.169:6789/0] conn(0x7fa9001085b0 0x7fa90010a9a0 unknown :-1 s=HELLO_CONNECTING pgs=0 cs=0 l=0 rev1=1 crypto rx=0 tx=0 comp rx=0 tx=0).handle_hello peer v2:172.21.15.169:3300/0 says I am v2:172.21.15.169:38014/0 (socket says 172.21.15.169:38014)
2024-03-28T00:47:26.539 INFO:teuthology.orchestra.run.smithi169.stdout:/usr/bin/ceph: stderr
2024-03-28T00:47:25.804+0000 7fa8fe59c700 1 -- 172.21.15.169:0/2000394717 learned_addr learned my addr 172.21.15.169:0/2000394717 (peer_addr_for_me v2:172.21.15.169:0/0)
2024-03-28T00:47:26.539 INFO:teuthology.orchestra.run.smithi169.stdout:/usr/bin/ceph: stderr
2024-03-28T00:47:25.805+0000 7fa8fe59c700 1 -- 172.21.15.169:0/2000394717 --> [v2:172.21.15.169:3300/0,v1:172.21.15.169:6789/0] -- mon_subscribe({config=0+,monmap=0+}) v3 -- 0x7fa90010aee0 con 0x7fa9001085b0
2024-03-28T00:47:26.539 INFO:teuthology.orchestra.run.smithi169.stdout:/usr/bin/ceph: stderr
2024-03-28T00:47:25.805+0000 7fa8fe59c700 1 --2- 172.21.15.169:0/2000394717 >> [v2:172.21.15.169:3300/0,v1:172.21.15.169:6789/0] conn(0x7fa9001085b0 0x7fa90010a9a0 secure :-1 s=READY pgs=51 cs=0 l=1 rev1=1 crypto rx=0x7fa8f00098a0 tx=0x7fa8f0009bb0 comp rx=0 tx=0).ready entity=mon.0 client_cookie=315ee296d3617a97 server_cookie=0 in_seq=0 out_seq=0
2024-03-28T00:47:26.539 INFO:teuthology.orchestra.run.smithi169.stdout:/usr/bin/ceph: stderr
2024-03-28T00:47:25.805+0000 7fa8fd59a700 1 -- 172.21.15.169:0/2000394717 <== mon.0 v2:172.21.15.169:3300/0 1 ==== mon_map magic: 0 v1 ==== 205+0+0 (secure 0 0 0) 0x7fa8f0004160 con 0x7fa9001085b0
2024-03-28T00:47:26.539 INFO:teuthology.orchestra.run.smithi169.stdout:/usr/bin/ceph: stderr
2024-03-28T00:47:25.805+0000 7fa8fd59a700 1 -- 172.21.15.169:0/2000394717 <== mon.0 v2:172.21.15.169:3300/0 2 ==== config(27 keys) v1 ==== 1140+0+0 (secure 0 0 0) 0x7fa8f0004300 con 0x7fa9001085b0
2024-03-28T00:47:26.539 INFO:teuthology.orchestra.run.smithi169.stdout:/usr/bin/ceph: stderr
2024-03-28T00:47:25.805+0000 7fa8fd59a700 1 -- 172.21.15.169:0/2000394717 <== mon.0 v2:172.21.15.169:3300/0 3 ==== mon_map magic: 0 v1 ==== 205+0+0 (secure 0 0 0) 0x7fa8f0011b20 con 0x7fa9001085b0
2024-03-28T00:47:26.539 INFO:teuthology.orchestra.run.smithi169.stdout:/usr/bin/ceph: stderr
2024-03-28T00:47:25.806+0000 7fa904e60700 1 -- 172.21.15.169:0/2000394717 >> [v2:172.21.15.169:3300/0,v1:172.21.15.169:6789/0] conn(0x7fa9001085b0 msgr2=0x7fa90010a9a0 secure :-1 s=STATE_CONNECTION_ESTABLISHED l=1).mark_down
2024-03-28T00:47:26.539 INFO:teuthology.orchestra.run.smithi169.stdout:/usr/bin/ceph: stderr
2024-03-28T00:47:25.806+0000 7fa904e60700 1 --2- 172.21.15.169:0/2000394717 >> [v2:172.21.15.169:3300/0,v1:172.21.15.169:6789/0] conn(0x7fa9001085b0 0x7fa90010a9a0 secure :-1 s=READY pgs=51 cs=0 l=1 rev1=1 crypto rx=0x7fa8f00098a0 tx=0x7fa8f0009bb0 comp rx=0 tx=0).stop
2024-03-28T00:47:26.539 INFO:teuthology.orchestra.run.smithi169.stdout:/usr/bin/ceph: stderr
2024-03-28T00:47:25.806+0000 7fa904e60700 1 -- 172.21.15.169:0/2000394717 shutdown_connections
2024-03-28T00:47:26.540 INFO:teuthology.orchestra.run.smithi169.stdout:/usr/bin/ceph: stderr
2024-03-28T00:47:25.806+0000 7fa904e60700 1 --2- 172.21.15.169:0/2000394717 >> [v2:172.21.15.169:3300/0,v1:172.21.15.169:6789/0] conn(0x7fa9001085b0 0x7fa90010a9a0 unknown :-1 s=CLOSED pgs=51 cs=0 l=1 rev1=1 crypto rx=0 tx=0 comp rx=0 tx=0).stop
2024-03-28T00:47:26.540 INFO:teuthology.orchestra.run.smithi169.stdout:/usr/bin/ceph: stderr
2024-03-28T00:47:25.806+0000 7fa904e60700 1 -- 172.21.15.169:0/2000394717 >> 172.21.15.169:0/2000394717 conn(0x7fa900101f80 msgr2=0x7fa9001043c0 unknown :-1 s=STATE_NONE l=0).mark_down
2024-03-28T00:47:26.540 INFO:teuthology.orchestra.run.smithi169.stdout:/usr/bin/ceph: stderr
2024-03-28T00:47:25.806+0000 7fa904e60700 1 -- 172.21.15.169:0/2000394717 shutdown_connections
2024-03-28T00:47:26.540 INFO:teuthology.orchestra.run.smithi169.stdout:/usr/bin/ceph: stderr
2024-03-28T00:47:25.806+0000 7fa904e60700 1 -- 172.21.15.169:0/2000394717 wait complete.
2024-03-28T00:47:26.540 INFO:teuthology.orchestra.run.smithi169.stdout:/usr/bin/ceph: stderr
2024-03-28T00:47:25.807+0000 7fa904e60700 1 Processor -- start
2024-03-28T00:47:26.540 INFO:teuthology.orchestra.run.smithi169.stdout:/usr/bin/ceph: stderr
2024-03-28T00:47:25.807+0000 7fa904e60700 1 -- start start
2024-03-28T00:47:26.540 INFO:teuthology.orchestra.run.smithi169.stdout:/usr/bin/ceph: stderr
2024-03-28T00:47:25.807+0000 7fa904e60700 1 --2- >> [v2:172.21.15.169:3300/0,v1:172.21.15.169:6789/0] conn(0x7fa9001085b0 0x7fa90019b9f0 unknown :-1 s=NONE pgs=0 cs=0 l=1 rev1=0 crypto rx=0 tx=0 comp rx=0 tx=0).connect
2024-03-28T00:47:26.540 INFO:teuthology.orchestra.run.smithi169.stdout:/usr/bin/ceph: stderr
2024-03-28T00:47:25.807+0000 7fa904e60700 1 -- --> [v2:172.21.15.169:3300/0,v1:172.21.15.169:6789/0] -- mon_getmap magic: 0 v1 -- 0x7fa90010bef0 con 0x7fa9001085b0
2024-03-28T00:47:26.540 INFO:teuthology.orchestra.run.smithi169.stdout:/usr/bin/ceph: stderr
2024-03-28T00:47:25.807+0000 7fa8fe59c700 1 --2- >> [v2:172.21.15.169:3300/0,v1:172.21.15.169:6789/0] conn(0x7fa9001085b0 0x7fa90019b9f0 unknown :-1 s=BANNER_CONNECTING pgs=0 cs=0 l=1 rev1=0 crypto rx=0 tx=0 comp rx=0 tx=0)._handle_peer_banner_payload supported=3 required=0
2024-03-28T00:47:26.540 INFO:teuthology.orchestra.run.smithi169.stdout:/usr/bin/ceph: stderr
2024-03-28T00:47:25.807+0000 7fa8fe59c700 1 --2- >> [v2:172.21.15.169:3300/0,v1:172.21.15.169:6789/0] conn(0x7fa9001085b0 0x7fa90019b9f0 unknown :-1 s=HELLO_CONNECTING pgs=0 cs=0 l=1 rev1=1 crypto rx=0 tx=0 comp rx=0 tx=0).handle_hello peer v2:172.21.15.169:3300/0 says I am v2:172.21.15.169:38024/0 (socket says 172.21.15.169:38024)
2024-03-28T00:47:26.540 INFO:teuthology.orchestra.run.smithi169.stdout:/usr/bin/ceph: stderr
2024-03-28T00:47:25.807+0000 7fa8fe59c700 1 -- 172.21.15.169:0/310991438 learned_addr learned my addr 172.21.15.169:0/310991438 (peer_addr_for_me v2:172.21.15.169:0/0)
2024-03-28T00:47:26.540 INFO:teuthology.orchestra.run.smithi169.stdout:/usr/bin/ceph: stderr
2024-03-28T00:47:25.807+0000 7fa8fe59c700 1 -- 172.21.15.169:0/310991438 --> [v2:172.21.15.169:3300/0,v1:172.21.15.169:6789/0] -- mon_subscribe({config=0+,monmap=0+}) v3 -- 0x7fa90019bf30 con 0x7fa9001085b0
2024-03-28T00:47:26.540 INFO:teuthology.orchestra.run.smithi169.stdout:/usr/bin/ceph: stderr
2024-03-28T00:47:25.807+0000 7fa8fe59c700 1 --2- 172.21.15.169:0/310991438 >> [v2:172.21.15.169:3300/0,v1:172.21.15.169:6789/0] conn(0x7fa9001085b0 0x7fa90019b9f0 secure :-1 s=READY pgs=52 cs=0 l=1 rev1=1 crypto rx=0x7fa8f00117e0 tx=0x7fa8f0011c10 comp rx=0 tx=0).ready entity=mon.0 client_cookie=0 server_cookie=0 in_seq=0 out_seq=0
2024-03-28T00:47:26.540 INFO:teuthology.orchestra.run.smithi169.stdout:/usr/bin/ceph: stderr
2024-03-28T00:47:25.807+0000 7fa8ef7fe700 1 -- 172.21.15.169:0/310991438 <== mon.0 v2:172.21.15.169:3300/0 1 ==== mon_map magic: 0 v1 ==== 205+0+0 (secure 0 0 0) 0x7fa8f0003bf0 con 0x7fa9001085b0
2024-03-28T00:47:26.540 INFO:teuthology.orchestra.run.smithi169.stdout:/usr/bin/ceph: stderr
2024-03-28T00:47:25.808+0000 7fa8ef7fe700 1 -- 172.21.15.169:0/310991438 <== mon.0 v2:172.21.15.169:3300/0 2 ==== config(27 keys) v1 ==== 1140+0+0 (secure 0 0 0) 0x7fa8f001a910 con 0x7fa9001085b0
2024-03-28T00:47:26.541 INFO:teuthology.orchestra.run.smithi169.stdout:/usr/bin/ceph: stderr
2024-03-28T00:47:25.808+0000 7fa904e60700 1 -- 172.21.15.169:0/310991438 --> [v2:172.21.15.169:3300/0,v1:172.21.15.169:6789/0] -- mon_subscribe({mgrmap=0+}) v3 -- 0x7fa90019c1c0 con 0x7fa9001085b0
2024-03-28T00:47:26.541 INFO:teuthology.orchestra.run.smithi169.stdout:/usr/bin/ceph: stderr
2024-03-28T00:47:25.808+0000 7fa8ef7fe700 1 -- 172.21.15.169:0/310991438 <== mon.0 v2:172.21.15.169:3300/0 3 ==== mon_map magic: 0 v1 ==== 205+0+0 (secure 0 0 0) 0x7fa8f0024970 con 0x7fa9001085b0
2024-03-28T00:47:26.541 INFO:teuthology.orchestra.run.smithi169.stdout:/usr/bin/ceph: stderr
2024-03-28T00:47:25.808+0000 7fa904e60700 1 -- 172.21.15.169:0/310991438 --> [v2:172.21.15.169:3300/0,v1:172.21.15.169:6789/0] -- mon_subscribe({osdmap=0}) v3 -- 0x7fa90019c620 con 0x7fa9001085b0
2024-03-28T00:47:26.541 INFO:teuthology.orchestra.run.smithi169.stdout:/usr/bin/ceph: stderr
2024-03-28T00:47:25.808+0000 7fa8ef7fe700 1 -- 172.21.15.169:0/310991438 <== mon.0 v2:172.21.15.169:3300/0 4 ==== mgrmap(e 8) v1 ==== 46106+0+0 (secure 0 0 0) 0x7fa8f0022020 con 0x7fa9001085b0
2024-03-28T00:47:26.541 INFO:teuthology.orchestra.run.smithi169.stdout:/usr/bin/ceph: stderr
2024-03-28T00:47:25.809+0000 7fa8ef7fe700 1 --2- 172.21.15.169:0/310991438 >> [v2:172.21.15.169:6800/3995234407,v1:172.21.15.169:6801/3995234407] conn(0x7fa8e8038ed0 0x7fa8e803b390 unknown :-1 s=NONE pgs=0 cs=0 l=1 rev1=0 crypto rx=0 tx=0 comp rx=0 tx=0).connect
2024-03-28T00:47:26.541 INFO:teuthology.orchestra.run.smithi169.stdout:/usr/bin/ceph: stderr
2024-03-28T00:47:25.809+0000 7fa904e60700 1 -- 172.21.15.169:0/310991438 --> [v2:172.21.15.169:3300/0,v1:172.21.15.169:6789/0] -- mon_command({"prefix": "get_command_descriptions"} v 0) v1 -- 0x7fa9000637c0 con 0x7fa9001085b0
2024-03-28T00:47:26.541 INFO:teuthology.orchestra.run.smithi169.stdout:/usr/bin/ceph: stderr
2024-03-28T00:47:25.809+0000 7fa8ef7fe700 1 -- 172.21.15.169:0/310991438 <== mon.0 v2:172.21.15.169:3300/0 5 ==== osd_map(2..2 src has 1..2) v4 ==== 940+0+0 (secure 0 0 0) 0x7fa8f004e1c0 con 0x7fa9001085b0
2024-03-28T00:47:26.541 INFO:teuthology.orchestra.run.smithi169.stdout:/usr/bin/ceph: stderr
2024-03-28T00:47:25.809+0000 7fa8fdd9b700 1 --2- 172.21.15.169:0/310991438 >> [v2:172.21.15.169:6800/3995234407,v1:172.21.15.169:6801/3995234407] conn(0x7fa8e8038ed0 0x7fa8e803b390 unknown :-1 s=BANNER_CONNECTING pgs=0 cs=0 l=1 rev1=0 crypto rx=0 tx=0 comp rx=0 tx=0)._handle_peer_banner_payload supported=3 required=0
2024-03-28T00:47:26.541 INFO:teuthology.orchestra.run.smithi169.stdout:/usr/bin/ceph: stderr
2024-03-28T00:47:25.809+0000 7fa8fdd9b700 1 --2- 172.21.15.169:0/310991438 >> [v2:172.21.15.169:6800/3995234407,v1:172.21.15.169:6801/3995234407] conn(0x7fa8e8038ed0 0x7fa8e803b390 secure :-1 s=READY pgs=14 cs=0 l=1 rev1=1 crypto rx=0x7fa8f4006fd0 tx=0x7fa8f4006e40 comp rx=0 tx=0).ready entity=mgr.14120 client_cookie=0 server_cookie=0 in_seq=0 out_seq=0
2024-03-28T00:47:26.541 INFO:teuthology.orchestra.run.smithi169.stdout:/usr/bin/ceph: stderr
2024-03-28T00:47:25.814+0000 7fa8ef7fe700 1 -- 172.21.15.169:0/310991438 <== mon.0 v2:172.21.15.169:3300/0 6 ==== mon_command_ack([{"prefix": "get_command_descriptions"}]=0 v0) v1 ==== 72+0+186149 (secure 0 0 0) 0x7fa8f0011e20 con 0x7fa9001085b0
2024-03-28T00:47:26.541 INFO:teuthology.orchestra.run.smithi169.stdout:/usr/bin/ceph: stderr
2024-03-28T00:47:26.019+0000 7fa904e60700 1 -- 172.21.15.169:0/310991438 --> [v2:172.21.15.169:3300/0,v1:172.21.15.169:6789/0] -- mon_command([{prefix=config set, name=mgr/cephadm/container_init}] v 0) v1 -- 0x7fa90019ef70 con 0x7fa9001085b0
2024-03-28T00:47:26.541 INFO:teuthology.orchestra.run.smithi169.stdout:/usr/bin/ceph: stderr
2024-03-28T00:47:26.024+0000 7fa8ef7fe700 1 -- 172.21.15.169:0/310991438 <== mon.0 v2:172.21.15.169:3300/0 7 ==== mon_command_ack([{prefix=config set, name=mgr/cephadm/container_init}]=0 v7)=0 v7) v1 ==== 142+0+0 (secure 0 0 0) 0x7fa8f0019c70 con 0x7fa9001085b0
2024-03-28T00:47:26.541 INFO:teuthology.orchestra.run.smithi169.stdout:/usr/bin/ceph: stderr
2024-03-28T00:47:26.026+0000 7fa904e60700 1 -- 172.21.15.169:0/310991438 >> [v2:172.21.15.169:6800/3995234407,v1:172.21.15.169:6801/3995234407] conn(0x7fa8e8038ed0 msgr2=0x7fa8e803b390 secure :-1 s=STATE_CONNECTION_ESTABLISHED l=1).mark_down
2024-03-28T00:47:26.541 INFO:teuthology.orchestra.run.smithi169.stdout:/usr/bin/ceph: stderr
2024-03-28T00:47:26.026+0000 7fa904e60700 1 --2- 172.21.15.169:0/310991438 >> [v2:172.21.15.169:6800/3995234407,v1:172.21.15.169:6801/3995234407] conn(0x7fa8e8038ed0 0x7fa8e803b390 secure :-1 s=READY pgs=14 cs=0 l=1 rev1=1 crypto rx=0x7fa8f4006fd0 tx=0x7fa8f4006e40 comp rx=0 tx=0).stop
2024-03-28T00:47:26.542 INFO:teuthology.orchestra.run.smithi169.stdout:/usr/bin/ceph: stderr
2024-03-28T00:47:26.026+0000 7fa904e60700 1 -- 172.21.15.169:0/310991438 >> [v2:172.21.15.169:3300/0,v1:172.21.15.169:6789/0] conn(0x7fa9001085b0 msgr2=0x7fa90019b9f0 secure :-1 s=STATE_CONNECTION_ESTABLISHED l=1).mark_down
2024-03-28T00:47:26.542 INFO:teuthology.orchestra.run.smithi169.stdout:/usr/bin/ceph: stderr
2024-03-28T00:47:26.026+0000 7fa904e60700 1 --2- 172.21.15.169:0/310991438 >> [v2:172.21.15.169:3300/0,v1:172.21.15.169:6789/0] conn(0x7fa9001085b0 0x7fa90019b9f0 secure :-1 s=READY pgs=52 cs=0 l=1 rev1=1 crypto rx=0x7fa8f00117e0 tx=0x7fa8f0011c10 comp rx=0 tx=0).stop
2024-03-28T00:47:26.542 INFO:teuthology.orchestra.run.smithi169.stdout:/usr/bin/ceph: stderr
2024-03-28T00:47:26.027+0000 7fa904e60700 1 -- 172.21.15.169:0/310991438 shutdown_connections
2024-03-28T00:47:26.542 INFO:teuthology.orchestra.run.smithi169.stdout:/usr/bin/ceph: stderr
2024-03-28T00:47:26.027+0000 7fa904e60700 1 --2- 172.21.15.169:0/310991438 >> [v2:172.21.15.169:6800/3995234407,v1:172.21.15.169:6801/3995234407] conn(0x7fa8e8038ed0 0x7fa8e803b390 unknown :-1 s=CLOSED pgs=14 cs=0 l=1 rev1=1 crypto rx=0 tx=0 comp rx=0 tx=0).stop
2024-03-28T00:47:26.542 INFO:teuthology.orchestra.run.smithi169.stdout:/usr/bin/ceph: stderr
2024-03-28T00:47:26.027+0000 7fa904e60700 1 --2- 172.21.15.169:0/310991438 >> [v2:172.21.15.169:3300/0,v1:172.21.15.169:6789/0] conn(0x7fa9001085b0 0x7fa90019b9f0 unknown :-1 s=CLOSED pgs=52 cs=0 l=1 rev1=1 crypto rx=0 tx=0 comp rx=0 tx=0).stop
2024-03-28T00:47:26.542 INFO:teuthology.orchestra.run.smithi169.stdout:/usr/bin/ceph: stderr
2024-03-28T00:47:26.027+0000 7fa904e60700 1 -- 172.21.15.169:0/310991438 >> 172.21.15.169:0/310991438 conn(0x7fa900101f80 msgr2=0x7fa9001029f0 unknown :-1 s=STATE_NONE l=0).mark_down
2024-03-28T00:47:26.542 INFO:teuthology.orchestra.run.smithi169.stdout:/usr/bin/ceph: stderr
2024-03-28T00:47:26.027+0000 7fa904e60700 1 -- 172.21.15.169:0/310991438 shutdown_connections
2024-03-28T00:47:26.542 INFO:teuthology.orchestra.run.smithi169.stdout:/usr/bin/ceph: stderr
2024-03-28T00:47:26.027+0000 7fa904e60700 1 -- 172.21.15.169:0/310991438 wait complete.
2024-03-28T00:47:26.875 INFO:journalctl@ceph.mon.a.smithi169.stdout:Mar 28 00:47:26 smithi169 ceph-mon[32274]: from='mgr.14120 172.21.15.169:0/2805663798' entity='mgr.x'
2024-03-28T00:47:26.875 INFO:journalctl@ceph.mon.a.smithi169.stdout:Mar 28 00:47:26 smithi169 ceph-mon[32274]: from='client.? 172.21.15.169:0/310991438' entity='client.admin'
2024-03-28T00:47:27.830 INFO:teuthology.orchestra.run.smithi169.stdout:/usr/bin/ceph: stderr
2024-03-28T00:47:26.890+0000 7f62c4963700 1 Processor -- start
2024-03-28T00:47:27.830 INFO:teuthology.orchestra.run.smithi169.stdout:/usr/bin/ceph: stderr
2024-03-28T00:47:26.890+0000 7f62c4963700 1 -- start start
2024-03-28T00:47:27.831 INFO:teuthology.orchestra.run.smithi169.stdout:/usr/bin/ceph: stderr
2024-03-28T00:47:26.891+0000 7f62c4963700 1 --2- >> [v2:172.21.15.169:3300/0,v1:172.21.15.169:6789/0] conn(0x7f62c01063d0 0x7f62c01067f0 unknown :-1 s=NONE pgs=0 cs=0 l=0 rev1=0 crypto rx=0 tx=0 comp rx=0 tx=0).connect
2024-03-28T00:47:27.831 INFO:teuthology.orchestra.run.smithi169.stdout:/usr/bin/ceph: stderr
2024-03-28T00:47:26.891+0000 7f62c4963700 1 -- --> [v2:172.21.15.169:3300/0,v1:172.21.15.169:6789/0] -- mon_getmap magic: 0 v1 -- 0x7f62c0075880 con 0x7f62c01063d0
2024-03-28T00:47:27.831 INFO:teuthology.orchestra.run.smithi169.stdout:/usr/bin/ceph: stderr
2024-03-28T00:47:26.891+0000 7f62be59c700 1 --2- >> [v2:172.21.15.169:3300/0,v1:172.21.15.169:6789/0] conn(0x7f62c01063d0 0x7f62c01067f0 unknown :-1 s=BANNER_CONNECTING pgs=0 cs=0 l=0 rev1=0 crypto rx=0 tx=0 comp rx=0 tx=0)._handle_peer_banner_payload supported=3 required=0
2024-03-28T00:47:27.831 INFO:teuthology.orchestra.run.smithi169.stdout:/usr/bin/ceph: stderr
2024-03-28T00:47:26.891+0000 7f62be59c700 1 --2- >> [v2:172.21.15.169:3300/0,v1:172.21.15.169:6789/0] conn(0x7f62c01063d0 0x7f62c01067f0 unknown :-1 s=HELLO_CONNECTING pgs=0 cs=0 l=0 rev1=1 crypto rx=0 tx=0 comp rx=0 tx=0).handle_hello peer v2:172.21.15.169:3300/0 says I am v2:172.21.15.169:36302/0 (socket says 172.21.15.169:36302)
2024-03-28T00:47:27.831 INFO:teuthology.orchestra.run.smithi169.stdout:/usr/bin/ceph: stderr
2024-03-28T00:47:26.891+0000 7f62be59c700 1 -- 172.21.15.169:0/4064663619 learned_addr learned my addr 172.21.15.169:0/4064663619 (peer_addr_for_me v2:172.21.15.169:0/0)
2024-03-28T00:47:27.831 INFO:teuthology.orchestra.run.smithi169.stdout:/usr/bin/ceph: stderr
2024-03-28T00:47:26.891+0000 7f62be59c700 1 -- 172.21.15.169:0/4064663619 --> [v2:172.21.15.169:3300/0,v1:172.21.15.169:6789/0] -- mon_subscribe({config=0+,monmap=0+}) v3 -- 0x7f62c0106d30 con 0x7f62c01063d0
2024-03-28T00:47:27.831 INFO:teuthology.orchestra.run.smithi169.stdout:/usr/bin/ceph: stderr
2024-03-28T00:47:26.891+0000 7f62be59c700 1 --2- 172.21.15.169:0/4064663619 >> [v2:172.21.15.169:3300/0,v1:172.21.15.169:6789/0] conn(0x7f62c01063d0 0x7f62c01067f0 secure :-1 s=READY pgs=53 cs=0 l=1 rev1=1 crypto rx=0x7f62b00098a0 tx=0x7f62b0009bb0 comp rx=0 tx=0).ready entity=mon.0 client_cookie=63b20574ea41dfae server_cookie=0 in_seq=0 out_seq=0
2024-03-28T00:47:27.831 INFO:teuthology.orchestra.run.smithi169.stdout:/usr/bin/ceph: stderr
2024-03-28T00:47:26.891+0000 7f62bd59a700 1 -- 172.21.15.169:0/4064663619 <== mon.0 v2:172.21.15.169:3300/0 1 ==== mon_map magic: 0 v1 ==== 205+0+0 (secure 0 0 0) 0x7f62b0004160 con 0x7f62c01063d0
2024-03-28T00:47:27.831 INFO:teuthology.orchestra.run.smithi169.stdout:/usr/bin/ceph: stderr
2024-03-28T00:47:26.891+0000 7f62bd59a700 1 -- 172.21.15.169:0/4064663619 <== mon.0 v2:172.21.15.169:3300/0 2 ==== config(27 keys) v1 ==== 1140+0+0 (secure 0 0 0) 0x7f62b0004300 con 0x7f62c01063d0
2024-03-28T00:47:27.831 INFO:teuthology.orchestra.run.smithi169.stdout:/usr/bin/ceph: stderr
2024-03-28T00:47:26.891+0000 7f62bd59a700 1 -- 172.21.15.169:0/4064663619 <== mon.0 v2:172.21.15.169:3300/0 3 ==== mon_map magic: 0 v1 ==== 205+0+0 (secure 0 0 0) 0x7f62b0011b20 con 0x7f62c01063d0
2024-03-28T00:47:27.831 INFO:teuthology.orchestra.run.smithi169.stdout:/usr/bin/ceph: stderr
2024-03-28T00:47:26.892+0000 7f62c4963700 1 -- 172.21.15.169:0/4064663619 >> [v2:172.21.15.169:3300/0,v1:172.21.15.169:6789/0] conn(0x7f62c01063d0 msgr2=0x7f62c01067f0 secure :-1 s=STATE_CONNECTION_ESTABLISHED l=1).mark_down
2024-03-28T00:47:27.831 INFO:teuthology.orchestra.run.smithi169.stdout:/usr/bin/ceph: stderr
2024-03-28T00:47:26.892+0000 7f62c4963700 1 --2- 172.21.15.169:0/4064663619 >> [v2:172.21.15.169:3300/0,v1:172.21.15.169:6789/0] conn(0x7f62c01063d0 0x7f62c01067f0 secure :-1 s=READY pgs=53 cs=0 l=1 rev1=1 crypto rx=0x7f62b00098a0 tx=0x7f62b0009bb0 comp rx=0 tx=0).stop
2024-03-28T00:47:27.831 INFO:teuthology.orchestra.run.smithi169.stdout:/usr/bin/ceph: stderr
2024-03-28T00:47:26.892+0000 7f62c4963700 1 -- 172.21.15.169:0/4064663619 shutdown_connections
2024-03-28T00:47:27.831 INFO:teuthology.orchestra.run.smithi169.stdout:/usr/bin/ceph: stderr
2024-03-28T00:47:26.892+0000 7f62c4963700 1 --2- 172.21.15.169:0/4064663619 >> [v2:172.21.15.169:3300/0,v1:172.21.15.169:6789/0] conn(0x7f62c01063d0 0x7f62c01067f0 unknown :-1 s=CLOSED pgs=53 cs=0 l=1 rev1=1 crypto rx=0 tx=0 comp rx=0 tx=0).stop
2024-03-28T00:47:27.832 INFO:teuthology.orchestra.run.smithi169.stdout:/usr/bin/ceph: stderr
2024-03-28T00:47:26.892+0000 7f62c4963700 1 -- 172.21.15.169:0/4064663619 >> 172.21.15.169:0/4064663619 conn(0x7f62c0101fb0 msgr2=0x7f62c01043d0 unknown :-1 s=STATE_NONE l=0).mark_down
2024-03-28T00:47:27.832 INFO:teuthology.orchestra.run.smithi169.stdout:/usr/bin/ceph: stderr
2024-03-28T00:47:26.892+0000 7f62c4963700 1 -- 172.21.15.169:0/4064663619 shutdown_connections
2024-03-28T00:47:27.832 INFO:teuthology.orchestra.run.smithi169.stdout:/usr/bin/ceph: stderr
2024-03-28T00:47:26.892+0000 7f62c4963700 1 -- 172.21.15.169:0/4064663619 wait complete.
2024-03-28T00:47:27.832 INFO:teuthology.orchestra.run.smithi169.stdout:/usr/bin/ceph: stderr
2024-03-28T00:47:26.893+0000 7f62c4963700 1 Processor -- start
2024-03-28T00:47:27.832 INFO:teuthology.orchestra.run.smithi169.stdout:/usr/bin/ceph: stderr
2024-03-28T00:47:26.893+0000 7f62c4963700 1 -- start start
2024-03-28T00:47:27.832 INFO:teuthology.orchestra.run.smithi169.stdout:/usr/bin/ceph: stderr
2024-03-28T00:47:26.893+0000 7f62c4963700 1 --2- >> [v2:172.21.15.169:3300/0,v1:172.21.15.169:6789/0] conn(0x7f62c01063d0 0x7f62c019dc70 unknown :-1 s=NONE pgs=0 cs=0 l=1 rev1=0 crypto rx=0 tx=0 comp rx=0 tx=0).connect
2024-03-28T00:47:27.832 INFO:teuthology.orchestra.run.smithi169.stdout:/usr/bin/ceph: stderr
2024-03-28T00:47:26.893+0000 7f62c4963700 1 -- --> [v2:172.21.15.169:3300/0,v1:172.21.15.169:6789/0] -- mon_getmap magic: 0 v1 -- 0x7f62c0107e00 con 0x7f62c01063d0
2024-03-28T00:47:27.832 INFO:teuthology.orchestra.run.smithi169.stdout:/usr/bin/ceph: stderr
2024-03-28T00:47:26.893+0000 7f62be59c700 1 --2- >> [v2:172.21.15.169:3300/0,v1:172.21.15.169:6789/0] conn(0x7f62c01063d0 0x7f62c019dc70 unknown :-1 s=BANNER_CONNECTING pgs=0 cs=0 l=1 rev1=0 crypto rx=0 tx=0 comp rx=0 tx=0)._handle_peer_banner_payload supported=3 required=0
2024-03-28T00:47:27.832 INFO:teuthology.orchestra.run.smithi169.stdout:/usr/bin/ceph: stderr
2024-03-28T00:47:26.893+0000 7f62be59c700 1 --2- >> [v2:172.21.15.169:3300/0,v1:172.21.15.169:6789/0] conn(0x7f62c01063d0 0x7f62c019dc70 unknown :-1 s=HELLO_CONNECTING pgs=0 cs=0 l=1 rev1=1 crypto rx=0 tx=0 comp rx=0 tx=0).handle_hello peer v2:172.21.15.169:3300/0 says I am v2:172.21.15.169:36318/0 (socket says 172.21.15.169:36318)
2024-03-28T00:47:27.832 INFO:teuthology.orchestra.run.smithi169.stdout:/usr/bin/ceph: stderr
2024-03-28T00:47:26.893+0000 7f62be59c700 1 -- 172.21.15.169:0/2442260660 learned_addr learned my addr 172.21.15.169:0/2442260660 (peer_addr_for_me v2:172.21.15.169:0/0)
2024-03-28T00:47:27.832 INFO:teuthology.orchestra.run.smithi169.stdout:/usr/bin/ceph: stderr
2024-03-28T00:47:26.893+0000 7f62be59c700 1 -- 172.21.15.169:0/2442260660 --> [v2:172.21.15.169:3300/0,v1:172.21.15.169:6789/0] -- mon_subscribe({config=0+,monmap=0+}) v3 -- 0x7f62c019e1b0 con 0x7f62c01063d0
2024-03-28T00:47:27.832 INFO:teuthology.orchestra.run.smithi169.stdout:/usr/bin/ceph: stderr
2024-03-28T00:47:26.893+0000 7f62be59c700 1 --2- 172.21.15.169:0/2442260660 >> [v2:172.21.15.169:3300/0,v1:172.21.15.169:6789/0] conn(0x7f62c01063d0 0x7f62c019dc70 secure :-1 s=READY pgs=54 cs=0 l=1 rev1=1 crypto rx=0x7f62b0011b60 tx=0x7f62b0011c40 comp rx=0 tx=0).ready entity=mon.0 client_cookie=0 server_cookie=0 in_seq=0 out_seq=0
2024-03-28T00:47:27.832 INFO:teuthology.orchestra.run.smithi169.stdout:/usr/bin/ceph: stderr
2024-03-28T00:47:26.894+0000 7f62af7fe700 1 -- 172.21.15.169:0/2442260660 <== mon.0 v2:172.21.15.169:3300/0 1 ==== mon_map magic: 0 v1 ==== 205+0+0 (secure 0 0 0) 0x7f62b0003b60 con 0x7f62c01063d0
2024-03-28T00:47:27.833 INFO:teuthology.orchestra.run.smithi169.stdout:/usr/bin/ceph: stderr
2024-03-28T00:47:26.894+0000 7f62af7fe700 1 -- 172.21.15.169:0/2442260660 <== mon.0 v2:172.21.15.169:3300/0 2 ==== config(27 keys) v1 ==== 1140+0+0 (secure 0 0 0) 0x7f62b001a910 con 0x7f62c01063d0
2024-03-28T00:47:27.833 INFO:teuthology.orchestra.run.smithi169.stdout:/usr/bin/ceph: stderr
2024-03-28T00:47:26.894+0000 7f62c4963700 1 -- 172.21.15.169:0/2442260660 --> [v2:172.21.15.169:3300/0,v1:172.21.15.169:6789/0] -- mon_subscribe({mgrmap=0+}) v3 -- 0x7f62c019e440 con 0x7f62c01063d0
2024-03-28T00:47:27.833 INFO:teuthology.orchestra.run.smithi169.stdout:/usr/bin/ceph: stderr
2024-03-28T00:47:26.894+0000 7f62af7fe700 1 -- 172.21.15.169:0/2442260660 <== mon.0 v2:172.21.15.169:3300/0 3 ==== mon_map magic: 0 v1 ==== 205+0+0 (secure 0 0 0) 0x7f62b0024930 con 0x7f62c01063d0
2024-03-28T00:47:27.833 INFO:teuthology.orchestra.run.smithi169.stdout:/usr/bin/ceph: stderr
2024-03-28T00:47:26.894+0000 7f62c4963700 1 -- 172.21.15.169:0/2442260660 --> [v2:172.21.15.169:3300/0,v1:172.21.15.169:6789/0] -- mon_subscribe({osdmap=0}) v3 -- 0x7f62c019e8a0 con 0x7f62c01063d0
2024-03-28T00:47:27.833 INFO:teuthology.orchestra.run.smithi169.stdout:/usr/bin/ceph: stderr
2024-03-28T00:47:26.894+0000 7f62af7fe700 1 -- 172.21.15.169:0/2442260660 <== mon.0 v2:172.21.15.169:3300/0 4 ==== mgrmap(e 8) v1 ==== 46106+0+0 (secure 0 0 0) 0x7f62b0022020 con 0x7f62c01063d0
2024-03-28T00:47:27.833 INFO:teuthology.orchestra.run.smithi169.stdout:/usr/bin/ceph: stderr
2024-03-28T00:47:26.895+0000 7f62c4963700 1 -- 172.21.15.169:0/2442260660 --> [v2:172.21.15.169:3300/0,v1:172.21.15.169:6789/0] -- mon_command({"prefix": "get_command_descriptions"} v 0) v1 -- 0x7f62c00637c0 con 0x7f62c01063d0
2024-03-28T00:47:27.833 INFO:teuthology.orchestra.run.smithi169.stdout:/usr/bin/ceph: stderr
2024-03-28T00:47:26.895+0000 7f62af7fe700 1 --2- 172.21.15.169:0/2442260660 >> [v2:172.21.15.169:6800/3995234407,v1:172.21.15.169:6801/3995234407] conn(0x7f62a8038f70 0x7f62a803b430 unknown :-1 s=NONE pgs=0 cs=0 l=1 rev1=0 crypto rx=0 tx=0 comp rx=0 tx=0).connect
2024-03-28T00:47:27.833 INFO:teuthology.orchestra.run.smithi169.stdout:/usr/bin/ceph: stderr
2024-03-28T00:47:26.895+0000 7f62af7fe700 1 -- 172.21.15.169:0/2442260660 <== mon.0 v2:172.21.15.169:3300/0 5 ==== osd_map(2..2 src has 1..2) v4 ==== 940+0+0 (secure 0 0 0) 0x7f62b004d050 con 0x7f62c01063d0
2024-03-28T00:47:27.833 INFO:teuthology.orchestra.run.smithi169.stdout:/usr/bin/ceph: stderr
2024-03-28T00:47:26.895+0000 7f62bdd9b700 1 --2- 172.21.15.169:0/2442260660 >> [v2:172.21.15.169:6800/3995234407,v1:172.21.15.169:6801/3995234407] conn(0x7f62a8038f70 0x7f62a803b430 unknown :-1 s=BANNER_CONNECTING pgs=0 cs=0 l=1 rev1=0 crypto rx=0 tx=0 comp rx=0 tx=0)._handle_peer_banner_payload supported=3 required=0
2024-03-28T00:47:27.833 INFO:teuthology.orchestra.run.smithi169.stdout:/usr/bin/ceph: stderr
2024-03-28T00:47:26.895+0000 7f62bdd9b700 1 --2- 172.21.15.169:0/2442260660 >> [v2:172.21.15.169:6800/3995234407,v1:172.21.15.169:6801/3995234407] conn(0x7f62a8038f70 0x7f62a803b430 secure :-1 s=READY pgs=15 cs=0 l=1 rev1=1 crypto rx=0x7f62b4006fd0 tx=0x7f62b4006e40 comp rx=0 tx=0).ready entity=mgr.14120 client_cookie=0 server_cookie=0 in_seq=0 out_seq=0
2024-03-28T00:47:27.833 INFO:teuthology.orchestra.run.smithi169.stdout:/usr/bin/ceph: stderr
2024-03-28T00:47:26.900+0000 7f62af7fe700 1 -- 172.21.15.169:0/2442260660 <== mon.0 v2:172.21.15.169:3300/0 6 ==== mon_command_ack([{"prefix": "get_command_descriptions"}]=0 v0) v1 ==== 72+0+186149 (secure 0 0 0) 0x7f62b001abe0 con 0x7f62c01063d0
2024-03-28T00:47:27.833 INFO:teuthology.orchestra.run.smithi169.stdout:/usr/bin/ceph: stderr
2024-03-28T00:47:27.123+0000 7f62c4963700 1 -- 172.21.15.169:0/2442260660 --> [v2:172.21.15.169:3300/0,v1:172.21.15.169:6789/0] -- mon_command([{prefix=config set, name=mgr/dashboard/ssl_server_port}] v 0) v1 -- 0x7f62c0062da0 con 0x7f62c01063d0
2024-03-28T00:47:27.833 INFO:teuthology.orchestra.run.smithi169.stdout:/usr/bin/ceph: stderr
2024-03-28T00:47:27.126+0000 7f62af7fe700 1 -- 172.21.15.169:0/2442260660 <== mon.0 v2:172.21.15.169:3300/0 7 ==== mon_command_ack([{prefix=config set, name=mgr/dashboard/ssl_server_port}]=0 v8)=0 v8) v1 ==== 130+0+0 (secure 0 0 0) 0x7f62b002d7d0 con 0x7f62c01063d0
2024-03-28T00:47:27.833 INFO:teuthology.orchestra.run.smithi169.stdout:/usr/bin/ceph: stderr
2024-03-28T00:47:27.128+0000 7f62c4963700 1 -- 172.21.15.169:0/2442260660 >> [v2:172.21.15.169:6800/3995234407,v1:172.21.15.169:6801/3995234407] conn(0x7f62a8038f70 msgr2=0x7f62a803b430 secure :-1 s=STATE_CONNECTION_ESTABLISHED l=1).mark_down
2024-03-28T00:47:27.834 INFO:teuthology.orchestra.run.smithi169.stdout:/usr/bin/ceph: stderr
2024-03-28T00:47:27.128+0000 7f62c4963700 1 --2- 172.21.15.169:0/2442260660 >> [v2:172.21.15.169:6800/3995234407,v1:172.21.15.169:6801/3995234407] conn(0x7f62a8038f70 0x7f62a803b430 secure :-1 s=READY pgs=15 cs=0 l=1 rev1=1 crypto rx=0x7f62b4006fd0 tx=0x7f62b4006e40 comp rx=0 tx=0).stop
2024-03-28T00:47:27.834 INFO:teuthology.orchestra.run.smithi169.stdout:/usr/bin/ceph: stderr
2024-03-28T00:47:27.128+0000 7f62c4963700 1 -- 172.21.15.169:0/2442260660 >> [v2:172.21.15.169:3300/0,v1:172.21.15.169:6789/0] conn(0x7f62c01063d0 msgr2=0x7f62c019dc70 secure :-1 s=STATE_CONNECTION_ESTABLISHED l=1).mark_down
2024-03-28T00:47:27.834 INFO:teuthology.orchestra.run.smithi169.stdout:/usr/bin/ceph: stderr
2024-03-28T00:47:27.128+0000 7f62c4963700 1 --2- 172.21.15.169:0/2442260660 >> [v2:172.21.15.169:3300/0,v1:172.21.15.169:6789/0] conn(0x7f62c01063d0 0x7f62c019dc70 secure :-1 s=READY pgs=54 cs=0 l=1 rev1=1 crypto rx=0x7f62b0011b60 tx=0x7f62b0011c40 comp rx=0 tx=0).stop
2024-03-28T00:47:27.834 INFO:teuthology.orchestra.run.smithi169.stdout:/usr/bin/ceph: stderr
2024-03-28T00:47:27.128+0000 7f62c4963700 1 -- 172.21.15.169:0/2442260660 shutdown_connections
2024-03-28T00:47:27.834 INFO:teuthology.orchestra.run.smithi169.stdout:/usr/bin/ceph: stderr
2024-03-28T00:47:27.128+0000 7f62c4963700 1 --2- 172.21.15.169:0/2442260660 >> [v2:172.21.15.169:6800/3995234407,v1:172.21.15.169:6801/3995234407] conn(0x7f62a8038f70 0x7f62a803b430 unknown :-1 s=CLOSED pgs=15 cs=0 l=1 rev1=1 crypto rx=0 tx=0 comp rx=0 tx=0).stop
2024-03-28T00:47:27.834 INFO:teuthology.orchestra.run.smithi169.stdout:/usr/bin/ceph: stderr
2024-03-28T00:47:27.128+0000 7f62c4963700 1 --2- 172.21.15.169:0/2442260660 >> [v2:172.21.15.169:3300/0,v1:172.21.15.169:6789/0] conn(0x7f62c01063d0 0x7f62c019dc70 unknown :-1 s=CLOSED pgs=54 cs=0 l=1 rev1=1 crypto rx=0 tx=0 comp rx=0 tx=0).stop
2024-03-28T00:47:27.834 INFO:teuthology.orchestra.run.smithi169.stdout:/usr/bin/ceph: stderr
2024-03-28T00:47:27.128+0000 7f62c4963700 1 -- 172.21.15.169:0/2442260660 >> 172.21.15.169:0/2442260660 conn(0x7f62c0101fb0 msgr2=0x7f62c01948e0 unknown :-1 s=STATE_NONE l=0).mark_down
2024-03-28T00:47:27.834 INFO:teuthology.orchestra.run.smithi169.stdout:/usr/bin/ceph: stderr
2024-03-28T00:47:27.129+0000 7f62c4963700 1 -- 172.21.15.169:0/2442260660 shutdown_connections
2024-03-28T00:47:27.834 INFO:teuthology.orchestra.run.smithi169.stdout:/usr/bin/ceph: stderr
2024-03-28T00:47:27.129+0000 7f62c4963700 1 -- 172.21.15.169:0/2442260660 wait complete.
2024-03-28T00:47:27.834 INFO:teuthology.orchestra.run.smithi169.stdout:Enabling the dashboard module...
2024-03-28T00:47:28.200 INFO:journalctl@ceph.mon.a.smithi169.stdout:Mar 28 00:47:28 smithi169 ceph-mon[32274]: from='client.? 172.21.15.169:0/2442260660' entity='client.admin'
2024-03-28T00:47:29.449 INFO:journalctl@ceph.mon.a.smithi169.stdout:Mar 28 00:47:29 smithi169 ceph-mon[32274]: from='client.? 172.21.15.169:0/2102858704' entity='client.admin' cmd=[{"prefix": "mgr module enable", "module": "dashboard"}]: dispatch
2024-03-28T00:47:29.449 INFO:journalctl@ceph.mon.a.smithi169.stdout:Mar 28 00:47:29 smithi169 ceph-mon[32274]: from='mgr.14120 172.21.15.169:0/2805663798' entity='mgr.x'
2024-03-28T00:47:29.449 INFO:journalctl@ceph.mgr.x.smithi169.stdout:Mar 28 00:47:29 smithi169 ceph-833368da-ec9c-11ee-95d0-87774f69a715-mgr-x[32507]: ignoring --setuser ceph since I am not root
2024-03-28T00:47:29.449 INFO:journalctl@ceph.mgr.x.smithi169.stdout:Mar 28 00:47:29 smithi169 ceph-833368da-ec9c-11ee-95d0-87774f69a715-mgr-x[32507]: ignoring --setgroup ceph since I am not root
2024-03-28T00:47:29.741 INFO:teuthology.orchestra.run.smithi169.stdout:/usr/bin/ceph: stderr
2024-03-28T00:47:28.214+0000 7f800a1c6700 1 Processor -- start
2024-03-28T00:47:29.741 INFO:teuthology.orchestra.run.smithi169.stdout:/usr/bin/ceph: stderr
2024-03-28T00:47:28.214+0000 7f800a1c6700 1 -- start start
2024-03-28T00:47:29.741 INFO:teuthology.orchestra.run.smithi169.stdout:/usr/bin/ceph: stderr
2024-03-28T00:47:28.214+0000 7f800a1c6700 1 --2- >> [v2:172.21.15.169:3300/0,v1:172.21.15.169:6789/0] conn(0x7f8004108620 0x7f800410aa10 unknown :-1 s=NONE pgs=0 cs=0 l=0 rev1=0 crypto rx=0 tx=0 comp rx=0 tx=0).connect
2024-03-28T00:47:29.741 INFO:teuthology.orchestra.run.smithi169.stdout:/usr/bin/ceph: stderr
2024-03-28T00:47:28.214+0000 7f800a1c6700 1 -- --> [v2:172.21.15.169:3300/0,v1:172.21.15.169:6789/0] -- mon_getmap magic: 0 v1 -- 0x7f800407be70 con 0x7f8004108620
2024-03-28T00:47:29.742 INFO:teuthology.orchestra.run.smithi169.stdout:/usr/bin/ceph: stderr
2024-03-28T00:47:28.214+0000 7f80037fe700 1 --2- >> [v2:172.21.15.169:3300/0,v1:172.21.15.169:6789/0] conn(0x7f8004108620 0x7f800410aa10 unknown :-1 s=BANNER_CONNECTING pgs=0 cs=0 l=0 rev1=0 crypto rx=0 tx=0 comp rx=0 tx=0)._handle_peer_banner_payload supported=3 required=0
2024-03-28T00:47:29.742 INFO:teuthology.orchestra.run.smithi169.stdout:/usr/bin/ceph: stderr
2024-03-28T00:47:28.214+0000 7f80037fe700 1 --2- >> [v2:172.21.15.169:3300/0,v1:172.21.15.169:6789/0] conn(0x7f8004108620 0x7f800410aa10 unknown :-1 s=HELLO_CONNECTING pgs=0 cs=0 l=0 rev1=1 crypto rx=0 tx=0 comp rx=0 tx=0).handle_hello peer v2:172.21.15.169:3300/0 says I am v2:172.21.15.169:36330/0 (socket says 172.21.15.169:36330)
2024-03-28T00:47:29.742 INFO:teuthology.orchestra.run.smithi169.stdout:/usr/bin/ceph: stderr
2024-03-28T00:47:28.214+0000 7f80037fe700 1 -- 172.21.15.169:0/3169925862 learned_addr learned my addr 172.21.15.169:0/3169925862 (peer_addr_for_me v2:172.21.15.169:0/0)
2024-03-28T00:47:29.742 INFO:teuthology.orchestra.run.smithi169.stdout:/usr/bin/ceph: stderr
2024-03-28T00:47:28.215+0000 7f80037fe700 1 -- 172.21.15.169:0/3169925862 --> [v2:172.21.15.169:3300/0,v1:172.21.15.169:6789/0] -- mon_subscribe({config=0+,monmap=0+}) v3 -- 0x7f800410af50 con 0x7f8004108620
2024-03-28T00:47:29.742 INFO:teuthology.orchestra.run.smithi169.stdout:/usr/bin/ceph: stderr
2024-03-28T00:47:28.215+0000 7f80037fe700 1 --2- 172.21.15.169:0/3169925862 >> [v2:172.21.15.169:3300/0,v1:172.21.15.169:6789/0] conn(0x7f8004108620 0x7f800410aa10 secure :-1 s=READY pgs=55 cs=0 l=1 rev1=1 crypto rx=0x7f7ff40098a0 tx=0x7f7ff4009bb0 comp rx=0 tx=0).ready entity=mon.0 client_cookie=535077c4c28dca01 server_cookie=0 in_seq=0 out_seq=0
2024-03-28T00:47:29.742 INFO:teuthology.orchestra.run.smithi169.stdout:/usr/bin/ceph: stderr
2024-03-28T00:47:28.215+0000 7f80027fc700 1 -- 172.21.15.169:0/3169925862 <== mon.0 v2:172.21.15.169:3300/0 1 ==== mon_map magic: 0 v1 ==== 205+0+0 (secure 0 0 0) 0x7f7ff4004160 con 0x7f8004108620
2024-03-28T00:47:29.742 INFO:teuthology.orchestra.run.smithi169.stdout:/usr/bin/ceph: stderr
2024-03-28T00:47:28.215+0000 7f80027fc700 1 -- 172.21.15.169:0/3169925862 <== mon.0 v2:172.21.15.169:3300/0 2 ==== config(27 keys) v1 ==== 1140+0+0 (secure 0 0 0) 0x7f7ff4004300 con 0x7f8004108620
2024-03-28T00:47:29.742 INFO:teuthology.orchestra.run.smithi169.stdout:/usr/bin/ceph: stderr
2024-03-28T00:47:28.215+0000 7f80027fc700 1 -- 172.21.15.169:0/3169925862 <== mon.0 v2:172.21.15.169:3300/0 3 ==== mon_map magic: 0 v1 ==== 205+0+0 (secure 0 0 0) 0x7f7ff4011b20 con 0x7f8004108620
2024-03-28T00:47:29.742 INFO:teuthology.orchestra.run.smithi169.stdout:/usr/bin/ceph: stderr
2024-03-28T00:47:28.215+0000 7f800a1c6700 1 -- 172.21.15.169:0/3169925862 >> [v2:172.21.15.169:3300/0,v1:172.21.15.169:6789/0] conn(0x7f8004108620 msgr2=0x7f800410aa10 secure :-1 s=STATE_CONNECTION_ESTABLISHED l=1).mark_down
2024-03-28T00:47:29.742 INFO:teuthology.orchestra.run.smithi169.stdout:/usr/bin/ceph: stderr
2024-03-28T00:47:28.215+0000 7f800a1c6700 1 --2- 172.21.15.169:0/3169925862 >> [v2:172.21.15.169:3300/0,v1:172.21.15.169:6789/0] conn(0x7f8004108620 0x7f800410aa10 secure :-1 s=READY pgs=55 cs=0 l=1 rev1=1 crypto rx=0x7f7ff40098a0 tx=0x7f7ff4009bb0 comp rx=0 tx=0).stop
2024-03-28T00:47:29.742 INFO:teuthology.orchestra.run.smithi169.stdout:/usr/bin/ceph: stderr
2024-03-28T00:47:28.216+0000 7f800a1c6700 1 -- 172.21.15.169:0/3169925862 shutdown_connections
2024-03-28T00:47:29.742 INFO:teuthology.orchestra.run.smithi169.stdout:/usr/bin/ceph: stderr
2024-03-28T00:47:28.216+0000 7f800a1c6700 1 --2- 172.21.15.169:0/3169925862 >> [v2:172.21.15.169:3300/0,v1:172.21.15.169:6789/0] conn(0x7f8004108620 0x7f800410aa10 unknown :-1 s=CLOSED pgs=55 cs=0 l=1 rev1=1 crypto rx=0 tx=0 comp rx=0 tx=0).stop
2024-03-28T00:47:29.742 INFO:teuthology.orchestra.run.smithi169.stdout:/usr/bin/ceph: stderr
2024-03-28T00:47:28.216+0000 7f800a1c6700 1 -- 172.21.15.169:0/3169925862 >> 172.21.15.169:0/3169925862 conn(0x7f8004102030 msgr2=0x7f8004104450 unknown :-1 s=STATE_NONE l=0).mark_down
2024-03-28T00:47:29.743 INFO:teuthology.orchestra.run.smithi169.stdout:/usr/bin/ceph: stderr
2024-03-28T00:47:28.216+0000 7f800a1c6700 1 -- 172.21.15.169:0/3169925862 shutdown_connections
2024-03-28T00:47:29.743 INFO:teuthology.orchestra.run.smithi169.stdout:/usr/bin/ceph: stderr
2024-03-28T00:47:28.216+0000 7f800a1c6700 1 -- 172.21.15.169:0/3169925862 wait complete.
2024-03-28T00:47:29.743 INFO:teuthology.orchestra.run.smithi169.stdout:/usr/bin/ceph: stderr
2024-03-28T00:47:28.216+0000 7f800a1c6700 1 Processor -- start
2024-03-28T00:47:29.743 INFO:teuthology.orchestra.run.smithi169.stdout:/usr/bin/ceph: stderr
2024-03-28T00:47:28.216+0000 7f800a1c6700 1 -- start start
2024-03-28T00:47:29.743 INFO:teuthology.orchestra.run.smithi169.stdout:/usr/bin/ceph: stderr
2024-03-28T00:47:28.216+0000 7f800a1c6700 1 --2- >> [v2:172.21.15.169:3300/0,v1:172.21.15.169:6789/0] conn(0x7f8004108620 0x7f8004107ea0 unknown :-1 s=NONE pgs=0 cs=0 l=1 rev1=0 crypto rx=0 tx=0 comp rx=0 tx=0).connect
2024-03-28T00:47:29.743 INFO:teuthology.orchestra.run.smithi169.stdout:/usr/bin/ceph: stderr
2024-03-28T00:47:28.216+0000 7f800a1c6700 1 -- --> [v2:172.21.15.169:3300/0,v1:172.21.15.169:6789/0] -- mon_getmap magic: 0 v1 -- 0x7f800410bf60 con 0x7f8004108620
2024-03-28T00:47:29.743 INFO:teuthology.orchestra.run.smithi169.stdout:/usr/bin/ceph: stderr
2024-03-28T00:47:28.217+0000 7f80037fe700 1 --2- >> [v2:172.21.15.169:3300/0,v1:172.21.15.169:6789/0] conn(0x7f8004108620 0x7f8004107ea0 unknown :-1 s=BANNER_CONNECTING pgs=0 cs=0 l=1 rev1=0 crypto rx=0 tx=0 comp rx=0 tx=0)._handle_peer_banner_payload supported=3 required=0
2024-03-28T00:47:29.743 INFO:teuthology.orchestra.run.smithi169.stdout:/usr/bin/ceph: stderr
2024-03-28T00:47:28.217+0000 7f80037fe700 1 --2- >> [v2:172.21.15.169:3300/0,v1:172.21.15.169:6789/0] conn(0x7f8004108620 0x7f8004107ea0 unknown :-1 s=HELLO_CONNECTING pgs=0 cs=0 l=1 rev1=1 crypto rx=0 tx=0 comp rx=0 tx=0).handle_hello peer v2:172.21.15.169:3300/0 says I am v2:172.21.15.169:36336/0 (socket says 172.21.15.169:36336)
2024-03-28T00:47:29.743 INFO:teuthology.orchestra.run.smithi169.stdout:/usr/bin/ceph: stderr
2024-03-28T00:47:28.217+0000 7f80037fe700 1 -- 172.21.15.169:0/2102858704 learned_addr learned my addr 172.21.15.169:0/2102858704 (peer_addr_for_me v2:172.21.15.169:0/0)
2024-03-28T00:47:29.743 INFO:teuthology.orchestra.run.smithi169.stdout:/usr/bin/ceph: stderr
2024-03-28T00:47:28.217+0000 7f80037fe700 1 -- 172.21.15.169:0/2102858704 --> [v2:172.21.15.169:3300/0,v1:172.21.15.169:6789/0] -- mon_subscribe({config=0+,monmap=0+}) v3 -- 0x7f80041083e0 con 0x7f8004108620
2024-03-28T00:47:29.743 INFO:teuthology.orchestra.run.smithi169.stdout:/usr/bin/ceph: stderr
2024-03-28T00:47:28.217+0000 7f80037fe700 1 --2- 172.21.15.169:0/2102858704 >> [v2:172.21.15.169:3300/0,v1:172.21.15.169:6789/0] conn(0x7f8004108620 0x7f8004107ea0 secure :-1 s=READY pgs=56 cs=0 l=1 rev1=1 crypto rx=0x7f7ff40116a0 tx=0x7f7ff4011ba0 comp rx=0 tx=0).ready entity=mon.0 client_cookie=0 server_cookie=0 in_seq=0 out_seq=0
2024-03-28T00:47:29.743 INFO:teuthology.orchestra.run.smithi169.stdout:/usr/bin/ceph: stderr
2024-03-28T00:47:28.217+0000 7f8000ff9700 1 -- 172.21.15.169:0/2102858704 <== mon.0 v2:172.21.15.169:3300/0 1 ==== mon_map magic: 0 v1 ==== 205+0+0 (secure 0 0 0) 0x7f7ff4003a40 con 0x7f8004108620
2024-03-28T00:47:29.743 INFO:teuthology.orchestra.run.smithi169.stdout:/usr/bin/ceph: stderr
2024-03-28T00:47:28.217+0000 7f8000ff9700 1 -- 172.21.15.169:0/2102858704 <== mon.0 v2:172.21.15.169:3300/0 2 ==== config(27 keys) v1 ==== 1140+0+0 (secure 0 0 0) 0x7f7ff4003be0 con 0x7f8004108620
2024-03-28T00:47:29.744 INFO:teuthology.orchestra.run.smithi169.stdout:/usr/bin/ceph: stderr
2024-03-28T00:47:28.217+0000 7f800a1c6700 1 -- 172.21.15.169:0/2102858704 --> [v2:172.21.15.169:3300/0,v1:172.21.15.169:6789/0] -- mon_subscribe({mgrmap=0+}) v3 -- 0x7f80041065d0 con 0x7f8004108620
2024-03-28T00:47:29.744 INFO:teuthology.orchestra.run.smithi169.stdout:/usr/bin/ceph: stderr
2024-03-28T00:47:28.217+0000 7f8000ff9700 1 -- 172.21.15.169:0/2102858704 <== mon.0 v2:172.21.15.169:3300/0 3 ==== mon_map magic: 0 v1 ==== 205+0+0 (secure 0 0 0) 0x7f7ff401a750 con 0x7f8004108620
2024-03-28T00:47:29.744 INFO:teuthology.orchestra.run.smithi169.stdout:/usr/bin/ceph: stderr
2024-03-28T00:47:28.217+0000 7f800a1c6700 1 -- 172.21.15.169:0/2102858704 --> [v2:172.21.15.169:3300/0,v1:172.21.15.169:6789/0] -- mon_subscribe({osdmap=0}) v3 -- 0x7f8004106a90 con 0x7f8004108620
2024-03-28T00:47:29.744 INFO:teuthology.orchestra.run.smithi169.stdout:/usr/bin/ceph: stderr
2024-03-28T00:47:28.218+0000 7f8000ff9700 1 -- 172.21.15.169:0/2102858704 <== mon.0 v2:172.21.15.169:3300/0 4 ==== mgrmap(e 8) v1 ==== 46106+0+0 (secure 0 0 0) 0x7f7ff401aa80 con 0x7f8004108620
2024-03-28T00:47:29.744 INFO:teuthology.orchestra.run.smithi169.stdout:/usr/bin/ceph: stderr
2024-03-28T00:47:28.218+0000 7f800a1c6700 1 -- 172.21.15.169:0/2102858704 --> [v2:172.21.15.169:3300/0,v1:172.21.15.169:6789/0] -- mon_command({"prefix": "get_command_descriptions"} v 0) v1 -- 0x7f80040637c0 con 0x7f8004108620
2024-03-28T00:47:29.744 INFO:teuthology.orchestra.run.smithi169.stdout:/usr/bin/ceph: stderr
2024-03-28T00:47:28.218+0000 7f8000ff9700 1 --2- 172.21.15.169:0/2102858704 >> [v2:172.21.15.169:6800/3995234407,v1:172.21.15.169:6801/3995234407] conn(0x7f7fec038f20 0x7f7fec03b3e0 unknown :-1 s=NONE pgs=0 cs=0 l=1 rev1=0 crypto rx=0 tx=0 comp rx=0 tx=0).connect
2024-03-28T00:47:29.744 INFO:teuthology.orchestra.run.smithi169.stdout:/usr/bin/ceph: stderr
2024-03-28T00:47:28.218+0000 7f8000ff9700 1 -- 172.21.15.169:0/2102858704 <== mon.0 v2:172.21.15.169:3300/0 5 ==== osd_map(2..2 src has 1..2) v4 ==== 940+0+0 (secure 0 0 0) 0x7f7ff404d5e0 con 0x7f8004108620
2024-03-28T00:47:29.744 INFO:teuthology.orchestra.run.smithi169.stdout:/usr/bin/ceph: stderr
2024-03-28T00:47:28.218+0000 7f8002ffd700 1 --2- 172.21.15.169:0/2102858704 >> [v2:172.21.15.169:6800/3995234407,v1:172.21.15.169:6801/3995234407] conn(0x7f7fec038f20 0x7f7fec03b3e0 unknown :-1 s=BANNER_CONNECTING pgs=0 cs=0 l=1 rev1=0 crypto rx=0 tx=0 comp rx=0 tx=0)._handle_peer_banner_payload supported=3 required=0
2024-03-28T00:47:29.744 INFO:teuthology.orchestra.run.smithi169.stdout:/usr/bin/ceph: stderr
2024-03-28T00:47:28.219+0000 7f8002ffd700 1 --2- 172.21.15.169:0/2102858704 >> [v2:172.21.15.169:6800/3995234407,v1:172.21.15.169:6801/3995234407] conn(0x7f7fec038f20 0x7f7fec03b3e0 secure :-1 s=READY pgs=16 cs=0 l=1 rev1=1 crypto rx=0x7f7ff8006fd0 tx=0x7f7ff8006e40 comp rx=0 tx=0).ready entity=mgr.14120 client_cookie=0 server_cookie=0 in_seq=0 out_seq=0
2024-03-28T00:47:29.744 INFO:teuthology.orchestra.run.smithi169.stdout:/usr/bin/ceph: stderr
2024-03-28T00:47:28.223+0000 7f8000ff9700 1 -- 172.21.15.169:0/2102858704 <== mon.0 v2:172.21.15.169:3300/0 6 ==== mon_command_ack([{"prefix": "get_command_descriptions"}]=0 v0) v1 ==== 72+0+186149 (secure 0 0 0) 0x7f7ff4011e20 con 0x7f8004108620
2024-03-28T00:47:29.744 INFO:teuthology.orchestra.run.smithi169.stdout:/usr/bin/ceph: stderr
2024-03-28T00:47:28.479+0000 7f800a1c6700 1 -- 172.21.15.169:0/2102858704 --> [v2:172.21.15.169:3300/0,v1:172.21.15.169:6789/0] -- mon_command({"prefix": "mgr module enable", "module": "dashboard"} v 0) v1 -- 0x7f8004106d10 con 0x7f8004108620
2024-03-28T00:47:29.744 INFO:teuthology.orchestra.run.smithi169.stdout:/usr/bin/ceph: stderr
2024-03-28T00:47:29.129+0000 7f8000ff9700 1 -- 172.21.15.169:0/2102858704 <== mon.0 v2:172.21.15.169:3300/0 7 ==== mon_command_ack([{"prefix": "mgr module enable", "module": "dashboard"}]=0 v9) v1 ==== 88+0+0 (secure 0 0 0) 0x7f7ff401ae20 con 0x7f8004108620
2024-03-28T00:47:29.744 INFO:teuthology.orchestra.run.smithi169.stdout:/usr/bin/ceph: stderr
2024-03-28T00:47:29.131+0000 7f8000ff9700 1 -- 172.21.15.169:0/2102858704 <== mon.0 v2:172.21.15.169:3300/0 8 ==== mgrmap(e 9) v1 ==== 46119+0+0 (secure 0 0 0) 0x7f7ff402d910 con 0x7f8004108620
2024-03-28T00:47:29.744 INFO:teuthology.orchestra.run.smithi169.stdout:/usr/bin/ceph: stderr
2024-03-28T00:47:29.133+0000 7f800a1c6700 1 -- 172.21.15.169:0/2102858704 >> [v2:172.21.15.169:6800/3995234407,v1:172.21.15.169:6801/3995234407] conn(0x7f7fec038f20 msgr2=0x7f7fec03b3e0 secure :-1 s=STATE_CONNECTION_ESTABLISHED l=1).mark_down
2024-03-28T00:47:29.745 INFO:teuthology.orchestra.run.smithi169.stdout:/usr/bin/ceph: stderr
2024-03-28T00:47:29.133+0000 7f800a1c6700 1 --2- 172.21.15.169:0/2102858704 >> [v2:172.21.15.169:6800/3995234407,v1:172.21.15.169:6801/3995234407] conn(0x7f7fec038f20 0x7f7fec03b3e0 secure :-1 s=READY pgs=16 cs=0 l=1 rev1=1 crypto rx=0x7f7ff8006fd0 tx=0x7f7ff8006e40 comp rx=0 tx=0).stop
2024-03-28T00:47:29.745 INFO:teuthology.orchestra.run.smithi169.stdout:/usr/bin/ceph: stderr
2024-03-28T00:47:29.133+0000 7f800a1c6700 1 -- 172.21.15.169:0/2102858704 >> [v2:172.21.15.169:3300/0,v1:172.21.15.169:6789/0] conn(0x7f8004108620 msgr2=0x7f8004107ea0 secure :-1 s=STATE_CONNECTION_ESTABLISHED l=1).mark_down
2024-03-28T00:47:29.745 INFO:teuthology.orchestra.run.smithi169.stdout:/usr/bin/ceph: stderr
2024-03-28T00:47:29.133+0000 7f800a1c6700 1 --2- 172.21.15.169:0/2102858704 >> [v2:172.21.15.169:3300/0,v1:172.21.15.169:6789/0] conn(0x7f8004108620 0x7f8004107ea0 secure :-1 s=READY pgs=56 cs=0 l=1 rev1=1 crypto rx=0x7f7ff40116a0 tx=0x7f7ff4011ba0 comp rx=0 tx=0).stop
2024-03-28T00:47:29.745 INFO:teuthology.orchestra.run.smithi169.stdout:/usr/bin/ceph: stderr
2024-03-28T00:47:29.133+0000 7f800a1c6700 1 -- 172.21.15.169:0/2102858704 shutdown_connections
2024-03-28T00:47:29.745 INFO:teuthology.orchestra.run.smithi169.stdout:/usr/bin/ceph: stderr
2024-03-28T00:47:29.133+0000 7f800a1c6700 1 --2- 172.21.15.169:0/2102858704 >> [v2:172.21.15.169:6800/3995234407,v1:172.21.15.169:6801/3995234407] conn(0x7f7fec038f20 0x7f7fec03b3e0 unknown :-1 s=CLOSED pgs=16 cs=0 l=1 rev1=1 crypto rx=0 tx=0 comp rx=0 tx=0).stop
2024-03-28T00:47:29.745 INFO:teuthology.orchestra.run.smithi169.stdout:/usr/bin/ceph: stderr
2024-03-28T00:47:29.133+0000 7f800a1c6700 1 --2- 172.21.15.169:0/2102858704 >> [v2:172.21.15.169:3300/0,v1:172.21.15.169:6789/0] conn(0x7f8004108620 0x7f8004107ea0 unknown :-1 s=CLOSED pgs=56 cs=0 l=1 rev1=1 crypto rx=0 tx=0 comp rx=0 tx=0).stop
2024-03-28T00:47:29.745 INFO:teuthology.orchestra.run.smithi169.stdout:/usr/bin/ceph: stderr
2024-03-28T00:47:29.133+0000 7f800a1c6700 1 -- 172.21.15.169:0/2102858704 >> 172.21.15.169:0/2102858704 conn(0x7f8004102030 msgr2=0x7f8004102b00 unknown :-1 s=STATE_NONE l=0).mark_down
2024-03-28T00:47:29.745 INFO:teuthology.orchestra.run.smithi169.stdout:/usr/bin/ceph: stderr
2024-03-28T00:47:29.133+0000 7f800a1c6700 1 -- 172.21.15.169:0/2102858704 shutdown_connections
2024-03-28T00:47:29.745 INFO:teuthology.orchestra.run.smithi169.stdout:/usr/bin/ceph: stderr
2024-03-28T00:47:29.133+0000 7f800a1c6700 1 -- 172.21.15.169:0/2102858704 wait complete.
2024-03-28T00:47:29.960 INFO:journalctl@ceph.mgr.x.smithi169.stdout:Mar 28 00:47:29 smithi169 ceph-833368da-ec9c-11ee-95d0-87774f69a715-mgr-x[32507]:
2024-03-28T00:47:29.705+0000 7f52d4686200 -1 mgr[py] Module osd_perf_query has missing NOTIFY_TYPES member
2024-03-28T00:47:29.960 INFO:journalctl@ceph.mgr.x.smithi169.stdout:Mar 28 00:47:29 smithi169 ceph-833368da-ec9c-11ee-95d0-87774f69a715-mgr-x[32507]:
2024-03-28T00:47:29.804+0000 7f52d4686200 -1 mgr[py] Module snap_schedule has missing NOTIFY_TYPES member
2024-03-28T00:47:30.302 INFO:journalctl@ceph.mon.a.smithi169.stdout:Mar 28 00:47:30 smithi169 ceph-mon[32274]: from='client.? 172.21.15.169:0/2102858704' entity='client.admin' cmd='[{"prefix": "mgr module enable", "module": "dashboard"}]': finished
2024-03-28T00:47:30.302 INFO:journalctl@ceph.mon.a.smithi169.stdout:Mar 28 00:47:30 smithi169 ceph-mon[32274]: mgrmap e9: x(active, since 18s)
2024-03-28T00:47:30.706 INFO:journalctl@ceph.mgr.x.smithi169.stdout:Mar 28 00:47:30 smithi169 ceph-833368da-ec9c-11ee-95d0-87774f69a715-mgr-x[32507]:
2024-03-28T00:47:30.465+0000 7f52d4686200 -1 mgr[py] Module zabbix has missing NOTIFY_TYPES member
2024-03-28T00:47:30.706 INFO:journalctl@ceph.mgr.x.smithi169.stdout:Mar 28 00:47:30 smithi169 ceph-833368da-ec9c-11ee-95d0-87774f69a715-mgr-x[32507]:
2024-03-28T00:47:30.558+0000 7f52d4686200 -1 mgr[py] Module balancer has missing NOTIFY_TYPES member
2024-03-28T00:47:30.998 INFO:journalctl@ceph.mgr.x.smithi169.stdout:Mar 28 00:47:30 smithi169 ceph-833368da-ec9c-11ee-95d0-87774f69a715-mgr-x[32507]:
2024-03-28T00:47:30.703+0000 7f52d4686200 -1 mgr[py] Module influx has missing NOTIFY_TYPES member
2024-03-28T00:47:30.998 INFO:journalctl@ceph.mgr.x.smithi169.stdout:Mar 28 00:47:30 smithi169 ceph-833368da-ec9c-11ee-95d0-87774f69a715-mgr-x[32507]:
2024-03-28T00:47:30.798+0000 7f52d4686200 -1 mgr[py] Module alerts has missing NOTIFY_TYPES member
2024-03-28T00:47:30.998 INFO:journalctl@ceph.mgr.x.smithi169.stdout:Mar 28 00:47:30 smithi169 ceph-833368da-ec9c-11ee-95d0-87774f69a715-mgr-x[32507]:
2024-03-28T00:47:30.881+0000 7f52d4686200 -1 mgr[py] Module iostat has missing NOTIFY_TYPES member
2024-03-28T00:47:31.001 INFO:teuthology.orchestra.run.smithi169.stdout:/usr/bin/ceph: stdout {
2024-03-28T00:47:31.011 INFO:teuthology.orchestra.run.smithi169.stdout:/usr/bin/ceph: stdout "epoch": 9,
