2024-03-28T02:01:22.282 INFO:teuthology.orchestra.run.smithi106.stdout:/usr/bin/ceph: stderr
2024-03-28T02:01:21.714+0000 7f6ed5874700 1 --2- 172.21.15.106:0/2750007164 >> [v2:172.21.15.106:6800/305853075,v1:172.21.15.106:6801/305853075] conn(0x7f6eb8038f20 0x7f6eb803b3e0 secure :-1 s=READY pgs=10 cs=0 l=1 rev1=1 crypto rx=0x7f6ec4006fd0 tx=0x7f6ec4006e40 comp rx=0 tx=0).stop
2024-03-28T02:01:22.282 INFO:teuthology.orchestra.run.smithi106.stdout:/usr/bin/ceph: stderr
2024-03-28T02:01:21.714+0000 7f6ed5874700 1 -- 172.21.15.106:0/2750007164 >> [v2:172.21.15.106:3300/0,v1:172.21.15.106:6789/0] conn(0x7f6ed0106a10 msgr2=0x7f6ed019bb40 secure :-1 s=STATE_CONNECTION_ESTABLISHED l=1).mark_down
2024-03-28T02:01:22.283 INFO:teuthology.orchestra.run.smithi106.stdout:/usr/bin/ceph: stderr
2024-03-28T02:01:21.714+0000 7f6ed5874700 1 --2- 172.21.15.106:0/2750007164 >> [v2:172.21.15.106:3300/0,v1:172.21.15.106:6789/0] conn(0x7f6ed0106a10 0x7f6ed019bb40 secure :-1 s=READY pgs=44 cs=0 l=1 rev1=1 crypto rx=0x7f6ec0009fb0 tx=0x7f6ec0011bf0 comp rx=0 tx=0).stop
2024-03-28T02:01:22.283 INFO:teuthology.orchestra.run.smithi106.stdout:/usr/bin/ceph: stderr
2024-03-28T02:01:21.714+0000 7f6ed5874700 1 -- 172.21.15.106:0/2750007164 shutdown_connections
2024-03-28T02:01:22.283 INFO:teuthology.orchestra.run.smithi106.stdout:/usr/bin/ceph: stderr
2024-03-28T02:01:21.714+0000 7f6ed5874700 1 --2- 172.21.15.106:0/2750007164 >> [v2:172.21.15.106:6800/305853075,v1:172.21.15.106:6801/305853075] conn(0x7f6eb8038f20 0x7f6eb803b3e0 unknown :-1 s=CLOSED pgs=10 cs=0 l=1 rev1=1 crypto rx=0 tx=0 comp rx=0 tx=0).stop
2024-03-28T02:01:22.283 INFO:teuthology.orchestra.run.smithi106.stdout:/usr/bin/ceph: stderr
2024-03-28T02:01:21.714+0000 7f6ed5874700 1 --2- 172.21.15.106:0/2750007164 >> [v2:172.21.15.106:3300/0,v1:172.21.15.106:6789/0] conn(0x7f6ed0106a10 0x7f6ed019bb40 unknown :-1 s=CLOSED pgs=44 cs=0 l=1 rev1=1 crypto rx=0 tx=0 comp rx=0 tx=0).stop
2024-03-28T02:01:22.283 INFO:teuthology.orchestra.run.smithi106.stdout:/usr/bin/ceph: stderr
2024-03-28T02:01:21.714+0000 7f6ed5874700 1 -- 172.21.15.106:0/2750007164 >> 172.21.15.106:0/2750007164 conn(0x7f6ed0101ff0 msgr2=0x7f6ed0102ba0 unknown :-1 s=STATE_NONE l=0).mark_down
2024-03-28T02:01:22.283 INFO:teuthology.orchestra.run.smithi106.stdout:/usr/bin/ceph: stderr
2024-03-28T02:01:21.714+0000 7f6ed5874700 1 -- 172.21.15.106:0/2750007164 shutdown_connections
2024-03-28T02:01:22.283 INFO:teuthology.orchestra.run.smithi106.stdout:/usr/bin/ceph: stderr
2024-03-28T02:01:21.714+0000 7f6ed5874700 1 -- 172.21.15.106:0/2750007164 wait complete.
2024-03-28T02:01:22.283 INFO:teuthology.orchestra.run.smithi106.stdout:Wrote public SSH key to /home/ubuntu/cephtest/ceph.pub
2024-03-28T02:01:22.283 INFO:teuthology.orchestra.run.smithi106.stdout:Adding key to root@localhost authorized_keys...
2024-03-28T02:01:22.283 INFO:teuthology.orchestra.run.smithi106.stdout:Adding host smithi106...
2024-03-28T02:01:22.834 INFO:journalctl@ceph.mon.a.smithi106.stdout:Mar 28 02:01:22 smithi106 ceph-mon[31965]: from='client.14138 -' entity='client.admin' cmd=[{"prefix": "cephadm get-pub-key", "target": ["mon-mgr", ""]}]: dispatch
2024-03-28T02:01:23.768 INFO:journalctl@ceph.mon.a.smithi106.stdout:Mar 28 02:01:23 smithi106 ceph-mon[31965]: from='client.14140 -' entity='client.admin' cmd=[{"prefix": "orch host add", "hostname": "smithi106", "addr": "172.21.15.106", "target": ["mon-mgr", ""]}]: dispatch
2024-03-28T02:01:24.834 INFO:journalctl@ceph.mon.a.smithi106.stdout:Mar 28 02:01:24 smithi106 ceph-mon[31965]: Deploying cephadm binary to smithi106
2024-03-28T02:01:27.790 INFO:teuthology.orchestra.run.smithi106.stdout:/usr/bin/ceph: stdout Added host 'smithi106' with addr '172.21.15.106'
2024-03-28T02:01:27.791 INFO:teuthology.orchestra.run.smithi106.stdout:/usr/bin/ceph: stderr
2024-03-28T02:01:22.706+0000 7fa7388f8700 1 Processor -- start
2024-03-28T02:01:27.791 INFO:teuthology.orchestra.run.smithi106.stdout:/usr/bin/ceph: stderr
2024-03-28T02:01:22.706+0000 7fa7388f8700 1 -- start start
2024-03-28T02:01:27.791 INFO:teuthology.orchestra.run.smithi106.stdout:/usr/bin/ceph: stderr
2024-03-28T02:01:22.706+0000 7fa7388f8700 1 --2- >> [v2:172.21.15.106:3300/0,v1:172.21.15.106:6789/0] conn(0x7fa734106a30 0x7fa734106e50 unknown :-1 s=NONE pgs=0 cs=0 l=0 rev1=0 crypto rx=0 tx=0 comp rx=0 tx=0).connect
2024-03-28T02:01:27.791 INFO:teuthology.orchestra.run.smithi106.stdout:/usr/bin/ceph: stderr
2024-03-28T02:01:22.706+0000 7fa7388f8700 1 -- --> [v2:172.21.15.106:3300/0,v1:172.21.15.106:6789/0] -- mon_getmap magic: 0 v1 -- 0x7fa734107420 con 0x7fa734106a30
2024-03-28T02:01:27.791 INFO:teuthology.orchestra.run.smithi106.stdout:/usr/bin/ceph: stderr
2024-03-28T02:01:22.707+0000 7fa73259c700 1 --2- >> [v2:172.21.15.106:3300/0,v1:172.21.15.106:6789/0] conn(0x7fa734106a30 0x7fa734106e50 unknown :-1 s=BANNER_CONNECTING pgs=0 cs=0 l=0 rev1=0 crypto rx=0 tx=0 comp rx=0 tx=0)._handle_peer_banner_payload supported=3 required=0
2024-03-28T02:01:27.791 INFO:teuthology.orchestra.run.smithi106.stdout:/usr/bin/ceph: stderr
2024-03-28T02:01:22.707+0000 7fa73259c700 1 --2- >> [v2:172.21.15.106:3300/0,v1:172.21.15.106:6789/0] conn(0x7fa734106a30 0x7fa734106e50 unknown :-1 s=HELLO_CONNECTING pgs=0 cs=0 l=0 rev1=1 crypto rx=0 tx=0 comp rx=0 tx=0).handle_hello peer v2:172.21.15.106:3300/0 says I am v2:172.21.15.106:40566/0 (socket says 172.21.15.106:40566)
2024-03-28T02:01:27.791 INFO:teuthology.orchestra.run.smithi106.stdout:/usr/bin/ceph: stderr
2024-03-28T02:01:22.707+0000 7fa73259c700 1 -- 172.21.15.106:0/3996515324 learned_addr learned my addr 172.21.15.106:0/3996515324 (peer_addr_for_me v2:172.21.15.106:0/0)
2024-03-28T02:01:27.791 INFO:teuthology.orchestra.run.smithi106.stdout:/usr/bin/ceph: stderr
2024-03-28T02:01:22.707+0000 7fa73259c700 1 -- 172.21.15.106:0/3996515324 --> [v2:172.21.15.106:3300/0,v1:172.21.15.106:6789/0] -- mon_subscribe({config=0+,monmap=0+}) v3 -- 0x7fa734107c30 con 0x7fa734106a30
2024-03-28T02:01:27.791 INFO:teuthology.orchestra.run.smithi106.stdout:/usr/bin/ceph: stderr
2024-03-28T02:01:22.707+0000 7fa73259c700 1 --2- 172.21.15.106:0/3996515324 >> [v2:172.21.15.106:3300/0,v1:172.21.15.106:6789/0] conn(0x7fa734106a30 0x7fa734106e50 secure :-1 s=READY pgs=45 cs=0 l=1 rev1=1 crypto rx=0x7fa72c009e80 tx=0x7fa72c00b330 comp rx=0 tx=0).ready entity=mon.0 client_cookie=4b5e51e70d2e35ae server_cookie=0 in_seq=0 out_seq=0
2024-03-28T02:01:27.791 INFO:teuthology.orchestra.run.smithi106.stdout:/usr/bin/ceph: stderr
2024-03-28T02:01:22.707+0000 7fa73159a700 1 -- 172.21.15.106:0/3996515324 <== mon.0 v2:172.21.15.106:3300/0 1 ==== mon_map magic: 0 v1 ==== 205+0+0 (secure 0 0 0) 0x7fa72c017070 con 0x7fa734106a30
2024-03-28T02:01:27.791 INFO:teuthology.orchestra.run.smithi106.stdout:/usr/bin/ceph: stderr
2024-03-28T02:01:22.707+0000 7fa73159a700 1 -- 172.21.15.106:0/3996515324 <== mon.0 v2:172.21.15.106:3300/0 2 ==== config(27 keys) v1 ==== 1109+0+0 (secure 0 0 0) 0x7fa72c00b8c0 con 0x7fa734106a30
2024-03-28T02:01:27.791 INFO:teuthology.orchestra.run.smithi106.stdout:/usr/bin/ceph: stderr
2024-03-28T02:01:22.707+0000 7fa73159a700 1 -- 172.21.15.106:0/3996515324 <== mon.0 v2:172.21.15.106:3300/0 3 ==== mon_map magic: 0 v1 ==== 205+0+0 (secure 0 0 0) 0x7fa72c0045c0 con 0x7fa734106a30
2024-03-28T02:01:27.792 INFO:teuthology.orchestra.run.smithi106.stdout:/usr/bin/ceph: stderr
2024-03-28T02:01:22.708+0000 7fa7388f8700 1 -- 172.21.15.106:0/3996515324 >> [v2:172.21.15.106:3300/0,v1:172.21.15.106:6789/0] conn(0x7fa734106a30 msgr2=0x7fa734106e50 secure :-1 s=STATE_CONNECTION_ESTABLISHED l=1).mark_down
2024-03-28T02:01:27.792 INFO:teuthology.orchestra.run.smithi106.stdout:/usr/bin/ceph: stderr
2024-03-28T02:01:22.708+0000 7fa7388f8700 1 --2- 172.21.15.106:0/3996515324 >> [v2:172.21.15.106:3300/0,v1:172.21.15.106:6789/0] conn(0x7fa734106a30 0x7fa734106e50 secure :-1 s=READY pgs=45 cs=0 l=1 rev1=1 crypto rx=0x7fa72c009e80 tx=0x7fa72c00b330 comp rx=0 tx=0).stop
2024-03-28T02:01:27.792 INFO:teuthology.orchestra.run.smithi106.stdout:/usr/bin/ceph: stderr
2024-03-28T02:01:22.708+0000 7fa7388f8700 1 -- 172.21.15.106:0/3996515324 shutdown_connections
2024-03-28T02:01:27.792 INFO:teuthology.orchestra.run.smithi106.stdout:/usr/bin/ceph: stderr
2024-03-28T02:01:22.708+0000 7fa7388f8700 1 --2- 172.21.15.106:0/3996515324 >> [v2:172.21.15.106:3300/0,v1:172.21.15.106:6789/0] conn(0x7fa734106a30 0x7fa734106e50 unknown :-1 s=CLOSED pgs=45 cs=0 l=1 rev1=1 crypto rx=0 tx=0 comp rx=0 tx=0).stop
2024-03-28T02:01:27.792 INFO:teuthology.orchestra.run.smithi106.stdout:/usr/bin/ceph: stderr
2024-03-28T02:01:22.708+0000 7fa7388f8700 1 -- 172.21.15.106:0/3996515324 >> 172.21.15.106:0/3996515324 conn(0x7fa734101ff0 msgr2=0x7fa734104410 unknown :-1 s=STATE_NONE l=0).mark_down
2024-03-28T02:01:27.792 INFO:teuthology.orchestra.run.smithi106.stdout:/usr/bin/ceph: stderr
2024-03-28T02:01:22.708+0000 7fa7388f8700 1 -- 172.21.15.106:0/3996515324 shutdown_connections
2024-03-28T02:01:27.792 INFO:teuthology.orchestra.run.smithi106.stdout:/usr/bin/ceph: stderr
2024-03-28T02:01:22.708+0000 7fa7388f8700 1 -- 172.21.15.106:0/3996515324 wait complete.
2024-03-28T02:01:27.792 INFO:teuthology.orchestra.run.smithi106.stdout:/usr/bin/ceph: stderr
2024-03-28T02:01:22.709+0000 7fa7388f8700 1 Processor -- start
2024-03-28T02:01:27.792 INFO:teuthology.orchestra.run.smithi106.stdout:/usr/bin/ceph: stderr
2024-03-28T02:01:22.709+0000 7fa7388f8700 1 -- start start
2024-03-28T02:01:27.792 INFO:teuthology.orchestra.run.smithi106.stdout:/usr/bin/ceph: stderr
2024-03-28T02:01:22.709+0000 7fa7388f8700 1 --2- >> [v2:172.21.15.106:3300/0,v1:172.21.15.106:6789/0] conn(0x7fa734106a30 0x7fa734191dc0 unknown :-1 s=NONE pgs=0 cs=0 l=1 rev1=0 crypto rx=0 tx=0 comp rx=0 tx=0).connect
2024-03-28T02:01:27.792 INFO:teuthology.orchestra.run.smithi106.stdout:/usr/bin/ceph: stderr
2024-03-28T02:01:22.709+0000 7fa7388f8700 1 -- --> [v2:172.21.15.106:3300/0,v1:172.21.15.106:6789/0] -- mon_getmap magic: 0 v1 -- 0x7fa73410afe0 con 0x7fa734106a30
2024-03-28T02:01:27.792 INFO:teuthology.orchestra.run.smithi106.stdout:/usr/bin/ceph: stderr
2024-03-28T02:01:22.709+0000 7fa73259c700 1 --2- >> [v2:172.21.15.106:3300/0,v1:172.21.15.106:6789/0] conn(0x7fa734106a30 0x7fa734191dc0 unknown :-1 s=BANNER_CONNECTING pgs=0 cs=0 l=1 rev1=0 crypto rx=0 tx=0 comp rx=0 tx=0)._handle_peer_banner_payload supported=3 required=0
2024-03-28T02:01:27.792 INFO:teuthology.orchestra.run.smithi106.stdout:/usr/bin/ceph: stderr
2024-03-28T02:01:22.709+0000 7fa73259c700 1 --2- >> [v2:172.21.15.106:3300/0,v1:172.21.15.106:6789/0] conn(0x7fa734106a30 0x7fa734191dc0 unknown :-1 s=HELLO_CONNECTING pgs=0 cs=0 l=1 rev1=1 crypto rx=0 tx=0 comp rx=0 tx=0).handle_hello peer v2:172.21.15.106:3300/0 says I am v2:172.21.15.106:40580/0 (socket says 172.21.15.106:40580)
2024-03-28T02:01:27.792 INFO:teuthology.orchestra.run.smithi106.stdout:/usr/bin/ceph: stderr
2024-03-28T02:01:22.709+0000 7fa73259c700 1 -- 172.21.15.106:0/1582156572 learned_addr learned my addr 172.21.15.106:0/1582156572 (peer_addr_for_me v2:172.21.15.106:0/0)
2024-03-28T02:01:27.793 INFO:teuthology.orchestra.run.smithi106.stdout:/usr/bin/ceph: stderr
2024-03-28T02:01:22.709+0000 7fa73259c700 1 -- 172.21.15.106:0/1582156572 --> [v2:172.21.15.106:3300/0,v1:172.21.15.106:6789/0] -- mon_subscribe({config=0+,monmap=0+}) v3 -- 0x7fa734190310 con 0x7fa734106a30
2024-03-28T02:01:27.793 INFO:teuthology.orchestra.run.smithi106.stdout:/usr/bin/ceph: stderr
2024-03-28T02:01:22.709+0000 7fa73259c700 1 --2- 172.21.15.106:0/1582156572 >> [v2:172.21.15.106:3300/0,v1:172.21.15.106:6789/0] conn(0x7fa734106a30 0x7fa734191dc0 secure :-1 s=READY pgs=46 cs=0 l=1 rev1=1 crypto rx=0x7fa72c009530 tx=0x7fa72c00bd50 comp rx=0 tx=0).ready entity=mon.0 client_cookie=0 server_cookie=0 in_seq=0 out_seq=0
2024-03-28T02:01:27.793 INFO:teuthology.orchestra.run.smithi106.stdout:/usr/bin/ceph: stderr
2024-03-28T02:01:22.709+0000 7fa72b7fe700 1 -- 172.21.15.106:0/1582156572 <== mon.0 v2:172.21.15.106:3300/0 1 ==== mon_map magic: 0 v1 ==== 205+0+0 (secure 0 0 0) 0x7fa72c020020 con 0x7fa734106a30
2024-03-28T02:01:27.793 INFO:teuthology.orchestra.run.smithi106.stdout:/usr/bin/ceph: stderr
2024-03-28T02:01:22.710+0000 7fa72b7fe700 1 -- 172.21.15.106:0/1582156572 <== mon.0 v2:172.21.15.106:3300/0 2 ==== config(27 keys) v1 ==== 1109+0+0 (secure 0 0 0) 0x7fa72c003b50 con 0x7fa734106a30
2024-03-28T02:01:27.793 INFO:teuthology.orchestra.run.smithi106.stdout:/usr/bin/ceph: stderr
2024-03-28T02:01:22.710+0000 7fa7388f8700 1 -- 172.21.15.106:0/1582156572 --> [v2:172.21.15.106:3300/0,v1:172.21.15.106:6789/0] -- mon_subscribe({mgrmap=0+}) v3 -- 0x7fa7341905a0 con 0x7fa734106a30
2024-03-28T02:01:27.793 INFO:teuthology.orchestra.run.smithi106.stdout:/usr/bin/ceph: stderr
2024-03-28T02:01:22.710+0000 7fa72b7fe700 1 -- 172.21.15.106:0/1582156572 <== mon.0 v2:172.21.15.106:3300/0 3 ==== mon_map magic: 0 v1 ==== 205+0+0 (secure 0 0 0) 0x7fa72c017040 con 0x7fa734106a30
2024-03-28T02:01:27.793 INFO:teuthology.orchestra.run.smithi106.stdout:/usr/bin/ceph: stderr
2024-03-28T02:01:22.710+0000 7fa7388f8700 1 -- 172.21.15.106:0/1582156572 --> [v2:172.21.15.106:3300/0,v1:172.21.15.106:6789/0] -- mon_subscribe({osdmap=0}) v3 -- 0x7fa734190ae0 con 0x7fa734106a30
2024-03-28T02:01:27.793 INFO:teuthology.orchestra.run.smithi106.stdout:/usr/bin/ceph: stderr
2024-03-28T02:01:22.710+0000 7fa72b7fe700 1 -- 172.21.15.106:0/1582156572 <== mon.0 v2:172.21.15.106:3300/0 4 ==== mgrmap(e 8) v1 ==== 46106+0+0 (secure 0 0 0) 0x7fa72c023020 con 0x7fa734106a30
2024-03-28T02:01:27.793 INFO:teuthology.orchestra.run.smithi106.stdout:/usr/bin/ceph: stderr
2024-03-28T02:01:22.710+0000 7fa7388f8700 1 -- 172.21.15.106:0/1582156572 --> [v2:172.21.15.106:3300/0,v1:172.21.15.106:6789/0] -- mon_command({"prefix": "get_command_descriptions"} v 0) v1 -- 0x7fa7340637c0 con 0x7fa734106a30
2024-03-28T02:01:27.793 INFO:teuthology.orchestra.run.smithi106.stdout:/usr/bin/ceph: stderr
2024-03-28T02:01:22.711+0000 7fa72b7fe700 1 --2- 172.21.15.106:0/1582156572 >> [v2:172.21.15.106:6800/305853075,v1:172.21.15.106:6801/305853075] conn(0x7fa720038f20 0x7fa72003b3e0 unknown :-1 s=NONE pgs=0 cs=0 l=1 rev1=0 crypto rx=0 tx=0 comp rx=0 tx=0).connect
2024-03-28T02:01:27.793 INFO:teuthology.orchestra.run.smithi106.stdout:/usr/bin/ceph: stderr
2024-03-28T02:01:22.711+0000 7fa72b7fe700 1 -- 172.21.15.106:0/1582156572 <== mon.0 v2:172.21.15.106:3300/0 5 ==== osd_map(2..2 src has 1..2) v4 ==== 940+0+0 (secure 0 0 0) 0x7fa72c00f050 con 0x7fa734106a30
2024-03-28T02:01:27.793 INFO:teuthology.orchestra.run.smithi106.stdout:/usr/bin/ceph: stderr
2024-03-28T02:01:22.711+0000 7fa731d9b700 1 --2- 172.21.15.106:0/1582156572 >> [v2:172.21.15.106:6800/305853075,v1:172.21.15.106:6801/305853075] conn(0x7fa720038f20 0x7fa72003b3e0 unknown :-1 s=BANNER_CONNECTING pgs=0 cs=0 l=1 rev1=0 crypto rx=0 tx=0 comp rx=0 tx=0)._handle_peer_banner_payload supported=3 required=0
2024-03-28T02:01:27.793 INFO:teuthology.orchestra.run.smithi106.stdout:/usr/bin/ceph: stderr
2024-03-28T02:01:22.711+0000 7fa731d9b700 1 --2- 172.21.15.106:0/1582156572 >> [v2:172.21.15.106:6800/305853075,v1:172.21.15.106:6801/305853075] conn(0x7fa720038f20 0x7fa72003b3e0 secure :-1 s=READY pgs=11 cs=0 l=1 rev1=1 crypto rx=0x7fa71c006fd0 tx=0x7fa71c006e40 comp rx=0 tx=0).ready entity=mgr.14120 client_cookie=0 server_cookie=0 in_seq=0 out_seq=0
2024-03-28T02:01:27.793 INFO:teuthology.orchestra.run.smithi106.stdout:/usr/bin/ceph: stderr
2024-03-28T02:01:22.715+0000 7fa72b7fe700 1 -- 172.21.15.106:0/1582156572 <== mon.0 v2:172.21.15.106:3300/0 6 ==== mon_command_ack([{"prefix": "get_command_descriptions"}]=0 v0) v1 ==== 72+0+186149 (secure 0 0 0) 0x7fa72c02a020 con 0x7fa734106a30
2024-03-28T02:01:27.793 INFO:teuthology.orchestra.run.smithi106.stdout:/usr/bin/ceph: stderr
2024-03-28T02:01:22.916+0000 7fa7388f8700 1 -- 172.21.15.106:0/1582156572 --> [v2:172.21.15.106:6800/305853075,v1:172.21.15.106:6801/305853075] -- mgr_command(tid 0: {"prefix": "orch host add", "hostname": "smithi106", "addr": "172.21.15.106", "target": ["mon-mgr", ""]}) v1 -- 0x7fa734191100 con 0x7fa720038f20
2024-03-28T02:01:27.793 INFO:teuthology.orchestra.run.smithi106.stdout:/usr/bin/ceph: stderr
2024-03-28T02:01:27.188+0000 7fa72b7fe700 1 -- 172.21.15.106:0/1582156572 <== mgr.14120 v2:172.21.15.106:6800/305853075 1 ==== mgr_command_reply(tid 0: 0 ) v1 ==== 8+0+49 (secure 0 0 0) 0x7fa734191100 con 0x7fa720038f20
2024-03-28T02:01:27.794 INFO:teuthology.orchestra.run.smithi106.stdout:/usr/bin/ceph: stderr
2024-03-28T02:01:27.191+0000 7fa7388f8700 1 -- 172.21.15.106:0/1582156572 >> [v2:172.21.15.106:6800/305853075,v1:172.21.15.106:6801/305853075] conn(0x7fa720038f20 msgr2=0x7fa72003b3e0 secure :-1 s=STATE_CONNECTION_ESTABLISHED l=1).mark_down
2024-03-28T02:01:27.794 INFO:teuthology.orchestra.run.smithi106.stdout:/usr/bin/ceph: stderr
2024-03-28T02:01:27.191+0000 7fa7388f8700 1 --2- 172.21.15.106:0/1582156572 >> [v2:172.21.15.106:6800/305853075,v1:172.21.15.106:6801/305853075] conn(0x7fa720038f20 0x7fa72003b3e0 secure :-1 s=READY pgs=11 cs=0 l=1 rev1=1 crypto rx=0x7fa71c006fd0 tx=0x7fa71c006e40 comp rx=0 tx=0).stop
2024-03-28T02:01:27.794 INFO:teuthology.orchestra.run.smithi106.stdout:/usr/bin/ceph: stderr
2024-03-28T02:01:27.191+0000 7fa7388f8700 1 -- 172.21.15.106:0/1582156572 >> [v2:172.21.15.106:3300/0,v1:172.21.15.106:6789/0] conn(0x7fa734106a30 msgr2=0x7fa734191dc0 secure :-1 s=STATE_CONNECTION_ESTABLISHED l=1).mark_down
2024-03-28T02:01:27.794 INFO:teuthology.orchestra.run.smithi106.stdout:/usr/bin/ceph: stderr
2024-03-28T02:01:27.191+0000 7fa7388f8700 1 --2- 172.21.15.106:0/1582156572 >> [v2:172.21.15.106:3300/0,v1:172.21.15.106:6789/0] conn(0x7fa734106a30 0x7fa734191dc0 secure :-1 s=READY pgs=46 cs=0 l=1 rev1=1 crypto rx=0x7fa72c009530 tx=0x7fa72c00bd50 comp rx=0 tx=0).stop
2024-03-28T02:01:27.794 INFO:teuthology.orchestra.run.smithi106.stdout:/usr/bin/ceph: stderr
2024-03-28T02:01:27.191+0000 7fa7388f8700 1 -- 172.21.15.106:0/1582156572 shutdown_connections
2024-03-28T02:01:27.794 INFO:teuthology.orchestra.run.smithi106.stdout:/usr/bin/ceph: stderr
2024-03-28T02:01:27.191+0000 7fa7388f8700 1 --2- 172.21.15.106:0/1582156572 >> [v2:172.21.15.106:6800/305853075,v1:172.21.15.106:6801/305853075] conn(0x7fa720038f20 0x7fa72003b3e0 unknown :-1 s=CLOSED pgs=11 cs=0 l=1 rev1=1 crypto rx=0 tx=0 comp rx=0 tx=0).stop
2024-03-28T02:01:27.794 INFO:teuthology.orchestra.run.smithi106.stdout:/usr/bin/ceph: stderr
2024-03-28T02:01:27.191+0000 7fa7388f8700 1 --2- 172.21.15.106:0/1582156572 >> [v2:172.21.15.106:3300/0,v1:172.21.15.106:6789/0] conn(0x7fa734106a30 0x7fa734191dc0 unknown :-1 s=CLOSED pgs=46 cs=0 l=1 rev1=1 crypto rx=0 tx=0 comp rx=0 tx=0).stop
2024-03-28T02:01:27.794 INFO:teuthology.orchestra.run.smithi106.stdout:/usr/bin/ceph: stderr
2024-03-28T02:01:27.191+0000 7fa7388f8700 1 -- 172.21.15.106:0/1582156572 >> 172.21.15.106:0/1582156572 conn(0x7fa734101ff0 msgr2=0x7fa734102ae0 unknown :-1 s=STATE_NONE l=0).mark_down
2024-03-28T02:01:27.794 INFO:teuthology.orchestra.run.smithi106.stdout:/usr/bin/ceph: stderr
2024-03-28T02:01:27.191+0000 7fa7388f8700 1 -- 172.21.15.106:0/1582156572 shutdown_connections
2024-03-28T02:01:27.794 INFO:teuthology.orchestra.run.smithi106.stdout:/usr/bin/ceph: stderr
2024-03-28T02:01:27.191+0000 7fa7388f8700 1 -- 172.21.15.106:0/1582156572 wait complete.
2024-03-28T02:01:27.794 INFO:teuthology.orchestra.run.smithi106.stdout:Deploying unmanaged mon service...
2024-03-28T02:01:28.545 INFO:journalctl@ceph.mon.a.smithi106.stdout:Mar 28 02:01:28 smithi106 ceph-mon[31965]: from='mgr.14120 172.21.15.106:0/3220231394' entity='mgr.x'
2024-03-28T02:01:28.545 INFO:journalctl@ceph.mon.a.smithi106.stdout:Mar 28 02:01:28 smithi106 ceph-mon[31965]: Added host smithi106
2024-03-28T02:01:28.545 INFO:journalctl@ceph.mon.a.smithi106.stdout:Mar 28 02:01:28 smithi106 ceph-mon[31965]: from='mgr.14120 172.21.15.106:0/3220231394' entity='mgr.x' cmd=[{"prefix": "config dump", "format": "json"}]: dispatch
2024-03-28T02:01:29.374 INFO:teuthology.orchestra.run.smithi106.stdout:/usr/bin/ceph: stdout Scheduled mon update...
2024-03-28T02:01:29.374 INFO:teuthology.orchestra.run.smithi106.stdout:/usr/bin/ceph: stderr
2024-03-28T02:01:28.323+0000 7facaee97700 1 Processor -- start
2024-03-28T02:01:29.374 INFO:teuthology.orchestra.run.smithi106.stdout:/usr/bin/ceph: stderr
2024-03-28T02:01:28.323+0000 7facaee97700 1 -- start start
2024-03-28T02:01:29.375 INFO:teuthology.orchestra.run.smithi106.stdout:/usr/bin/ceph: stderr
2024-03-28T02:01:28.323+0000 7facaee97700 1 --2- >> [v2:172.21.15.106:3300/0,v1:172.21.15.106:6789/0] conn(0x7faca8107ff0 0x7faca8108410 unknown :-1 s=NONE pgs=0 cs=0 l=0 rev1=0 crypto rx=0 tx=0 comp rx=0 tx=0).connect
2024-03-28T02:01:29.375 INFO:teuthology.orchestra.run.smithi106.stdout:/usr/bin/ceph: stderr
2024-03-28T02:01:28.323+0000 7facaee97700 1 -- --> [v2:172.21.15.106:3300/0,v1:172.21.15.106:6789/0] -- mon_getmap magic: 0 v1 -- 0x7faca81089e0 con 0x7faca8107ff0
2024-03-28T02:01:29.375 INFO:teuthology.orchestra.run.smithi106.stdout:/usr/bin/ceph: stderr
2024-03-28T02:01:28.323+0000 7facacc33700 1 --2- >> [v2:172.21.15.106:3300/0,v1:172.21.15.106:6789/0] conn(0x7faca8107ff0 0x7faca8108410 unknown :-1 s=BANNER_CONNECTING pgs=0 cs=0 l=0 rev1=0 crypto rx=0 tx=0 comp rx=0 tx=0)._handle_peer_banner_payload supported=3 required=0
2024-03-28T02:01:29.375 INFO:teuthology.orchestra.run.smithi106.stdout:/usr/bin/ceph: stderr
2024-03-28T02:01:28.323+0000 7facacc33700 1 --2- >> [v2:172.21.15.106:3300/0,v1:172.21.15.106:6789/0] conn(0x7faca8107ff0 0x7faca8108410 unknown :-1 s=HELLO_CONNECTING pgs=0 cs=0 l=0 rev1=1 crypto rx=0 tx=0 comp rx=0 tx=0).handle_hello peer v2:172.21.15.106:3300/0 says I am v2:172.21.15.106:54164/0 (socket says 172.21.15.106:54164)
2024-03-28T02:01:29.375 INFO:teuthology.orchestra.run.smithi106.stdout:/usr/bin/ceph: stderr
2024-03-28T02:01:28.323+0000 7facacc33700 1 -- 172.21.15.106:0/3574030679 learned_addr learned my addr 172.21.15.106:0/3574030679 (peer_addr_for_me v2:172.21.15.106:0/0)
2024-03-28T02:01:29.375 INFO:teuthology.orchestra.run.smithi106.stdout:/usr/bin/ceph: stderr
2024-03-28T02:01:28.323+0000 7facacc33700 1 -- 172.21.15.106:0/3574030679 --> [v2:172.21.15.106:3300/0,v1:172.21.15.106:6789/0] -- mon_subscribe({config=0+,monmap=0+}) v3 -- 0x7faca8106ca0 con 0x7faca8107ff0
2024-03-28T02:01:29.375 INFO:teuthology.orchestra.run.smithi106.stdout:/usr/bin/ceph: stderr
2024-03-28T02:01:28.323+0000 7facacc33700 1 --2- 172.21.15.106:0/3574030679 >> [v2:172.21.15.106:3300/0,v1:172.21.15.106:6789/0] conn(0x7faca8107ff0 0x7faca8108410 secure :-1 s=READY pgs=47 cs=0 l=1 rev1=1 crypto rx=0x7fac9c0098a0 tx=0x7fac9c009bb0 comp rx=0 tx=0).ready entity=mon.0 client_cookie=f05f97a6663fd254 server_cookie=0 in_seq=0 out_seq=0
2024-03-28T02:01:29.375 INFO:teuthology.orchestra.run.smithi106.stdout:/usr/bin/ceph: stderr
2024-03-28T02:01:28.324+0000 7faca77fe700 1 -- 172.21.15.106:0/3574030679 <== mon.0 v2:172.21.15.106:3300/0 1 ==== mon_map magic: 0 v1 ==== 205+0+0 (secure 0 0 0) 0x7fac9c004160 con 0x7faca8107ff0
2024-03-28T02:01:29.375 INFO:teuthology.orchestra.run.smithi106.stdout:/usr/bin/ceph: stderr
2024-03-28T02:01:28.324+0000 7faca77fe700 1 -- 172.21.15.106:0/3574030679 <== mon.0 v2:172.21.15.106:3300/0 2 ==== config(27 keys) v1 ==== 1109+0+0 (secure 0 0 0) 0x7fac9c004300 con 0x7faca8107ff0
2024-03-28T02:01:29.375 INFO:teuthology.orchestra.run.smithi106.stdout:/usr/bin/ceph: stderr
2024-03-28T02:01:28.324+0000 7faca77fe700 1 -- 172.21.15.106:0/3574030679 <== mon.0 v2:172.21.15.106:3300/0 3 ==== mon_map magic: 0 v1 ==== 205+0+0 (secure 0 0 0) 0x7fac9c011b50 con 0x7faca8107ff0
2024-03-28T02:01:29.375 INFO:teuthology.orchestra.run.smithi106.stdout:/usr/bin/ceph: stderr
2024-03-28T02:01:28.324+0000 7facaee97700 1 -- 172.21.15.106:0/3574030679 >> [v2:172.21.15.106:3300/0,v1:172.21.15.106:6789/0] conn(0x7faca8107ff0 msgr2=0x7faca8108410 secure :-1 s=STATE_CONNECTION_ESTABLISHED l=1).mark_down
2024-03-28T02:01:29.375 INFO:teuthology.orchestra.run.smithi106.stdout:/usr/bin/ceph: stderr
2024-03-28T02:01:28.324+0000 7facaee97700 1 --2- 172.21.15.106:0/3574030679 >> [v2:172.21.15.106:3300/0,v1:172.21.15.106:6789/0] conn(0x7faca8107ff0 0x7faca8108410 secure :-1 s=READY pgs=47 cs=0 l=1 rev1=1 crypto rx=0x7fac9c0098a0 tx=0x7fac9c009bb0 comp rx=0 tx=0).stop
2024-03-28T02:01:29.375 INFO:teuthology.orchestra.run.smithi106.stdout:/usr/bin/ceph: stderr
2024-03-28T02:01:28.324+0000 7facaee97700 1 -- 172.21.15.106:0/3574030679 shutdown_connections
2024-03-28T02:01:29.376 INFO:teuthology.orchestra.run.smithi106.stdout:/usr/bin/ceph: stderr
2024-03-28T02:01:28.324+0000 7facaee97700 1 --2- 172.21.15.106:0/3574030679 >> [v2:172.21.15.106:3300/0,v1:172.21.15.106:6789/0] conn(0x7faca8107ff0 0x7faca8108410 unknown :-1 s=CLOSED pgs=47 cs=0 l=1 rev1=1 crypto rx=0 tx=0 comp rx=0 tx=0).stop
2024-03-28T02:01:29.376 INFO:teuthology.orchestra.run.smithi106.stdout:/usr/bin/ceph: stderr
2024-03-28T02:01:28.324+0000 7facaee97700 1 -- 172.21.15.106:0/3574030679 >> 172.21.15.106:0/3574030679 conn(0x7faca8101750 msgr2=0x7faca8103b70 unknown :-1 s=STATE_NONE l=0).mark_down
2024-03-28T02:01:29.376 INFO:teuthology.orchestra.run.smithi106.stdout:/usr/bin/ceph: stderr
2024-03-28T02:01:28.324+0000 7facaee97700 1 -- 172.21.15.106:0/3574030679 shutdown_connections
2024-03-28T02:01:29.376 INFO:teuthology.orchestra.run.smithi106.stdout:/usr/bin/ceph: stderr
2024-03-28T02:01:28.324+0000 7facaee97700 1 -- 172.21.15.106:0/3574030679 wait complete.
2024-03-28T02:01:29.376 INFO:teuthology.orchestra.run.smithi106.stdout:/usr/bin/ceph: stderr
2024-03-28T02:01:28.325+0000 7facaee97700 1 Processor -- start
2024-03-28T02:01:29.376 INFO:teuthology.orchestra.run.smithi106.stdout:/usr/bin/ceph: stderr
2024-03-28T02:01:28.325+0000 7facaee97700 1 -- start start
2024-03-28T02:01:29.376 INFO:teuthology.orchestra.run.smithi106.stdout:/usr/bin/ceph: stderr
2024-03-28T02:01:28.325+0000 7facaee97700 1 --2- >> [v2:172.21.15.106:3300/0,v1:172.21.15.106:6789/0] conn(0x7faca8107ff0 0x7faca819e8a0 unknown :-1 s=NONE pgs=0 cs=0 l=1 rev1=0 crypto rx=0 tx=0 comp rx=0 tx=0).connect
2024-03-28T02:01:29.376 INFO:teuthology.orchestra.run.smithi106.stdout:/usr/bin/ceph: stderr
2024-03-28T02:01:28.325+0000 7facaee97700 1 -- --> [v2:172.21.15.106:3300/0,v1:172.21.15.106:6789/0] -- mon_getmap magic: 0 v1 -- 0x7faca810b060 con 0x7faca8107ff0
2024-03-28T02:01:29.376 INFO:teuthology.orchestra.run.smithi106.stdout:/usr/bin/ceph: stderr
2024-03-28T02:01:28.325+0000 7facacc33700 1 --2- >> [v2:172.21.15.106:3300/0,v1:172.21.15.106:6789/0] conn(0x7faca8107ff0 0x7faca819e8a0 unknown :-1 s=BANNER_CONNECTING pgs=0 cs=0 l=1 rev1=0 crypto rx=0 tx=0 comp rx=0 tx=0)._handle_peer_banner_payload supported=3 required=0
2024-03-28T02:01:29.376 INFO:teuthology.orchestra.run.smithi106.stdout:/usr/bin/ceph: stderr
2024-03-28T02:01:28.325+0000 7facacc33700 1 --2- >> [v2:172.21.15.106:3300/0,v1:172.21.15.106:6789/0] conn(0x7faca8107ff0 0x7faca819e8a0 unknown :-1 s=HELLO_CONNECTING pgs=0 cs=0 l=1 rev1=1 crypto rx=0 tx=0 comp rx=0 tx=0).handle_hello peer v2:172.21.15.106:3300/0 says I am v2:172.21.15.106:54178/0 (socket says 172.21.15.106:54178)
2024-03-28T02:01:29.376 INFO:teuthology.orchestra.run.smithi106.stdout:/usr/bin/ceph: stderr
2024-03-28T02:01:28.325+0000 7facacc33700 1 -- 172.21.15.106:0/1446254026 learned_addr learned my addr 172.21.15.106:0/1446254026 (peer_addr_for_me v2:172.21.15.106:0/0)
2024-03-28T02:01:29.376 INFO:teuthology.orchestra.run.smithi106.stdout:/usr/bin/ceph: stderr
2024-03-28T02:01:28.325+0000 7facacc33700 1 -- 172.21.15.106:0/1446254026 --> [v2:172.21.15.106:3300/0,v1:172.21.15.106:6789/0] -- mon_subscribe({config=0+,monmap=0+}) v3 -- 0x7faca81067f0 con 0x7faca8107ff0
2024-03-28T02:01:29.376 INFO:teuthology.orchestra.run.smithi106.stdout:/usr/bin/ceph: stderr
2024-03-28T02:01:28.325+0000 7facacc33700 1 --2- 172.21.15.106:0/1446254026 >> [v2:172.21.15.106:3300/0,v1:172.21.15.106:6789/0] conn(0x7faca8107ff0 0x7faca819e8a0 secure :-1 s=READY pgs=48 cs=0 l=1 rev1=1 crypto rx=0x7fac9c009fb0 tx=0x7fac9c011bf0 comp rx=0 tx=0).ready entity=mon.0 client_cookie=0 server_cookie=0 in_seq=0 out_seq=0
2024-03-28T02:01:29.376 INFO:teuthology.orchestra.run.smithi106.stdout:/usr/bin/ceph: stderr
2024-03-28T02:01:28.326+0000 7faca5ffb700 1 -- 172.21.15.106:0/1446254026 <== mon.0 v2:172.21.15.106:3300/0 1 ==== mon_map magic: 0 v1 ==== 205+0+0 (secure 0 0 0) 0x7fac9c0038b0 con 0x7faca8107ff0
2024-03-28T02:01:29.376 INFO:teuthology.orchestra.run.smithi106.stdout:/usr/bin/ceph: stderr
2024-03-28T02:01:28.326+0000 7faca5ffb700 1 -- 172.21.15.106:0/1446254026 <== mon.0 v2:172.21.15.106:3300/0 2 ==== config(27 keys) v1 ==== 1109+0+0 (secure 0 0 0) 0x7fac9c011e50 con 0x7faca8107ff0
2024-03-28T02:01:29.377 INFO:teuthology.orchestra.run.smithi106.stdout:/usr/bin/ceph: stderr
2024-03-28T02:01:28.326+0000 7facaee97700 1 -- 172.21.15.106:0/1446254026 --> [v2:172.21.15.106:3300/0,v1:172.21.15.106:6789/0] -- mon_subscribe({mgrmap=0+}) v3 -- 0x7faca8106a80 con 0x7faca8107ff0
2024-03-28T02:01:29.377 INFO:teuthology.orchestra.run.smithi106.stdout:/usr/bin/ceph: stderr
2024-03-28T02:01:28.326+0000 7faca5ffb700 1 -- 172.21.15.106:0/1446254026 <== mon.0 v2:172.21.15.106:3300/0 3 ==== mon_map magic: 0 v1 ==== 205+0+0 (secure 0 0 0) 0x7fac9c019550 con 0x7faca8107ff0
2024-03-28T02:01:29.377 INFO:teuthology.orchestra.run.smithi106.stdout:/usr/bin/ceph: stderr
2024-03-28T02:01:28.326+0000 7facaee97700 1 -- 172.21.15.106:0/1446254026 --> [v2:172.21.15.106:3300/0,v1:172.21.15.106:6789/0] -- mon_subscribe({osdmap=0}) v3 -- 0x7faca819f030 con 0x7faca8107ff0
2024-03-28T02:01:29.377 INFO:teuthology.orchestra.run.smithi106.stdout:/usr/bin/ceph: stderr
2024-03-28T02:01:28.327+0000 7faca5ffb700 1 -- 172.21.15.106:0/1446254026 <== mon.0 v2:172.21.15.106:3300/0 4 ==== mgrmap(e 8) v1 ==== 46106+0+0 (secure 0 0 0) 0x7fac9c003a50 con 0x7faca8107ff0
2024-03-28T02:01:29.377 INFO:teuthology.orchestra.run.smithi106.stdout:/usr/bin/ceph: stderr
2024-03-28T02:01:28.327+0000 7faca5ffb700 1 --2- 172.21.15.106:0/1446254026 >> [v2:172.21.15.106:6800/305853075,v1:172.21.15.106:6801/305853075] conn(0x7fac98038ed0 0x7fac9803b390 unknown :-1 s=NONE pgs=0 cs=0 l=1 rev1=0 crypto rx=0 tx=0 comp rx=0 tx=0).connect
2024-03-28T02:01:29.377 INFO:teuthology.orchestra.run.smithi106.stdout:/usr/bin/ceph: stderr
2024-03-28T02:01:28.327+0000 7facaee97700 1 -- 172.21.15.106:0/1446254026 --> [v2:172.21.15.106:3300/0,v1:172.21.15.106:6789/0] -- mon_command({"prefix": "get_command_descriptions"} v 0) v1 -- 0x7faca80637c0 con 0x7faca8107ff0
2024-03-28T02:01:29.377 INFO:teuthology.orchestra.run.smithi106.stdout:/usr/bin/ceph: stderr
2024-03-28T02:01:28.327+0000 7faca5ffb700 1 -- 172.21.15.106:0/1446254026 <== mon.0 v2:172.21.15.106:3300/0 5 ==== osd_map(2..2 src has 1..2) v4 ==== 940+0+0 (secure 0 0 0) 0x7fac9c04d170 con 0x7faca8107ff0
2024-03-28T02:01:29.377 INFO:teuthology.orchestra.run.smithi106.stdout:/usr/bin/ceph: stderr
2024-03-28T02:01:28.327+0000 7faca7fff700 1 --2- 172.21.15.106:0/1446254026 >> [v2:172.21.15.106:6800/305853075,v1:172.21.15.106:6801/305853075] conn(0x7fac98038ed0 0x7fac9803b390 unknown :-1 s=BANNER_CONNECTING pgs=0 cs=0 l=1 rev1=0 crypto rx=0 tx=0 comp rx=0 tx=0)._handle_peer_banner_payload supported=3 required=0
2024-03-28T02:01:29.377 INFO:teuthology.orchestra.run.smithi106.stdout:/usr/bin/ceph: stderr
2024-03-28T02:01:28.327+0000 7faca7fff700 1 --2- 172.21.15.106:0/1446254026 >> [v2:172.21.15.106:6800/305853075,v1:172.21.15.106:6801/305853075] conn(0x7fac98038ed0 0x7fac9803b390 secure :-1 s=READY pgs=12 cs=0 l=1 rev1=1 crypto rx=0x7fac94006fd0 tx=0x7fac94006e40 comp rx=0 tx=0).ready entity=mgr.14120 client_cookie=0 server_cookie=0 in_seq=0 out_seq=0
2024-03-28T02:01:29.377 INFO:teuthology.orchestra.run.smithi106.stdout:/usr/bin/ceph: stderr
2024-03-28T02:01:28.332+0000 7faca5ffb700 1 -- 172.21.15.106:0/1446254026 <== mon.0 v2:172.21.15.106:3300/0 6 ==== mon_command_ack([{"prefix": "get_command_descriptions"}]=0 v0) v1 ==== 72+0+186149 (secure 0 0 0) 0x7fac9c04cb00 con 0x7faca8107ff0
2024-03-28T02:01:29.377 INFO:teuthology.orchestra.run.smithi106.stdout:/usr/bin/ceph: stderr
2024-03-28T02:01:28.550+0000 7facaee97700 1 -- 172.21.15.106:0/1446254026 --> [v2:172.21.15.106:6800/305853075,v1:172.21.15.106:6801/305853075] -- mgr_command(tid 0: {"prefix": "orch apply", "service_type": "mon", "unmanaged": true, "target": ["mon-mgr", ""]}) v1 -- 0x7faca8102a60 con 0x7fac98038ed0
2024-03-28T02:01:29.377 INFO:teuthology.orchestra.run.smithi106.stdout:/usr/bin/ceph: stderr
2024-03-28T02:01:28.557+0000 7faca5ffb700 1 -- 172.21.15.106:0/1446254026 <== mgr.14120 v2:172.21.15.106:6800/305853075 1 ==== mgr_command_reply(tid 0: 0 ) v1 ==== 8+0+24 (secure 0 0 0) 0x7faca8102a60 con 0x7fac98038ed0
2024-03-28T02:01:29.377 INFO:teuthology.orchestra.run.smithi106.stdout:/usr/bin/ceph: stderr
2024-03-28T02:01:28.560+0000 7facaee97700 1 -- 172.21.15.106:0/1446254026 >> [v2:172.21.15.106:6800/305853075,v1:172.21.15.106:6801/305853075] conn(0x7fac98038ed0 msgr2=0x7fac9803b390 secure :-1 s=STATE_CONNECTION_ESTABLISHED l=1).mark_down
2024-03-28T02:01:29.377 INFO:teuthology.orchestra.run.smithi106.stdout:/usr/bin/ceph: stderr
2024-03-28T02:01:28.560+0000 7facaee97700 1 --2- 172.21.15.106:0/1446254026 >> [v2:172.21.15.106:6800/305853075,v1:172.21.15.106:6801/305853075] conn(0x7fac98038ed0 0x7fac9803b390 secure :-1 s=READY pgs=12 cs=0 l=1 rev1=1 crypto rx=0x7fac94006fd0 tx=0x7fac94006e40 comp rx=0 tx=0).stop
2024-03-28T02:01:29.378 INFO:teuthology.orchestra.run.smithi106.stdout:/usr/bin/ceph: stderr
2024-03-28T02:01:28.560+0000 7facaee97700 1 -- 172.21.15.106:0/1446254026 >> [v2:172.21.15.106:3300/0,v1:172.21.15.106:6789/0] conn(0x7faca8107ff0 msgr2=0x7faca819e8a0 secure :-1 s=STATE_CONNECTION_ESTABLISHED l=1).mark_down
2024-03-28T02:01:29.378 INFO:teuthology.orchestra.run.smithi106.stdout:/usr/bin/ceph: stderr
2024-03-28T02:01:28.560+0000 7facaee97700 1 --2- 172.21.15.106:0/1446254026 >> [v2:172.21.15.106:3300/0,v1:172.21.15.106:6789/0] conn(0x7faca8107ff0 0x7faca819e8a0 secure :-1 s=READY pgs=48 cs=0 l=1 rev1=1 crypto rx=0x7fac9c009fb0 tx=0x7fac9c011bf0 comp rx=0 tx=0).stop
2024-03-28T02:01:29.378 INFO:teuthology.orchestra.run.smithi106.stdout:/usr/bin/ceph: stderr
2024-03-28T02:01:28.560+0000 7facaee97700 1 -- 172.21.15.106:0/1446254026 shutdown_connections
2024-03-28T02:01:29.378 INFO:teuthology.orchestra.run.smithi106.stdout:/usr/bin/ceph: stderr
2024-03-28T02:01:28.560+0000 7facaee97700 1 --2- 172.21.15.106:0/1446254026 >> [v2:172.21.15.106:6800/305853075,v1:172.21.15.106:6801/305853075] conn(0x7fac98038ed0 0x7fac9803b390 unknown :-1 s=CLOSED pgs=12 cs=0 l=1 rev1=1 crypto rx=0 tx=0 comp rx=0 tx=0).stop
2024-03-28T02:01:29.378 INFO:teuthology.orchestra.run.smithi106.stdout:/usr/bin/ceph: stderr
2024-03-28T02:01:28.560+0000 7facaee97700 1 --2- 172.21.15.106:0/1446254026 >> [v2:172.21.15.106:3300/0,v1:172.21.15.106:6789/0] conn(0x7faca8107ff0 0x7faca819e8a0 unknown :-1 s=CLOSED pgs=48 cs=0 l=1 rev1=1 crypto rx=0 tx=0 comp rx=0 tx=0).stop
2024-03-28T02:01:29.378 INFO:teuthology.orchestra.run.smithi106.stdout:/usr/bin/ceph: stderr
2024-03-28T02:01:28.560+0000 7facaee97700 1 -- 172.21.15.106:0/1446254026 >> 172.21.15.106:0/1446254026 conn(0x7faca8101750 msgr2=0x7faca8102350 unknown :-1 s=STATE_NONE l=0).mark_down
2024-03-28T02:01:29.378 INFO:teuthology.orchestra.run.smithi106.stdout:/usr/bin/ceph: stderr
2024-03-28T02:01:28.560+0000 7facaee97700 1 -- 172.21.15.106:0/1446254026 shutdown_connections
2024-03-28T02:01:29.378 INFO:teuthology.orchestra.run.smithi106.stdout:/usr/bin/ceph: stderr
2024-03-28T02:01:28.560+0000 7facaee97700 1 -- 172.21.15.106:0/1446254026 wait complete.
2024-03-28T02:01:29.378 INFO:teuthology.orchestra.run.smithi106.stdout:Deploying unmanaged mgr service...
2024-03-28T02:01:29.624 INFO:journalctl@ceph.mon.a.smithi106.stdout:Mar 28 02:01:29 smithi106 ceph-mon[31965]: from='client.14142 -' entity='client.admin' cmd=[{"prefix": "orch apply", "service_type": "mon", "unmanaged": true, "target": ["mon-mgr", ""]}]: dispatch
2024-03-28T02:01:29.624 INFO:journalctl@ceph.mon.a.smithi106.stdout:Mar 28 02:01:29 smithi106 ceph-mon[31965]: Saving service mon spec with placement count:5
2024-03-28T02:01:29.624 INFO:journalctl@ceph.mon.a.smithi106.stdout:Mar 28 02:01:29 smithi106 ceph-mon[31965]: from='mgr.14120 172.21.15.106:0/3220231394' entity='mgr.x'
2024-03-28T02:01:30.702 INFO:teuthology.orchestra.run.smithi106.stdout:/usr/bin/ceph: stdout Scheduled mgr update...
2024-03-28T02:01:30.702 INFO:teuthology.orchestra.run.smithi106.stdout:/usr/bin/ceph: stderr
2024-03-28T02:01:29.931+0000 7fb24b59e700 1 Processor -- start
2024-03-28T02:01:30.702 INFO:teuthology.orchestra.run.smithi106.stdout:/usr/bin/ceph: stderr
2024-03-28T02:01:29.931+0000 7fb24b59e700 1 -- start start
2024-03-28T02:01:30.702 INFO:teuthology.orchestra.run.smithi106.stdout:/usr/bin/ceph: stderr
2024-03-28T02:01:29.931+0000 7fb24b59e700 1 --2- >> [v2:172.21.15.106:3300/0,v1:172.21.15.106:6789/0] conn(0x7fb24c107e20 0x7fb24c108240 unknown :-1 s=NONE pgs=0 cs=0 l=0 rev1=0 crypto rx=0 tx=0 comp rx=0 tx=0).connect
2024-03-28T02:01:30.702 INFO:teuthology.orchestra.run.smithi106.stdout:/usr/bin/ceph: stderr
2024-03-28T02:01:29.931+0000 7fb24b59e700 1 -- --> [v2:172.21.15.106:3300/0,v1:172.21.15.106:6789/0] -- mon_getmap magic: 0 v1 -- 0x7fb24c108810 con 0x7fb24c107e20
2024-03-28T02:01:30.702 INFO:teuthology.orchestra.run.smithi106.stdout:/usr/bin/ceph: stderr
2024-03-28T02:01:29.931+0000 7fb24a59c700 1 --2- >> [v2:172.21.15.106:3300/0,v1:172.21.15.106:6789/0] conn(0x7fb24c107e20 0x7fb24c108240 unknown :-1 s=BANNER_CONNECTING pgs=0 cs=0 l=0 rev1=0 crypto rx=0 tx=0 comp rx=0 tx=0)._handle_peer_banner_payload supported=3 required=0
2024-03-28T02:01:30.703 INFO:teuthology.orchestra.run.smithi106.stdout:/usr/bin/ceph: stderr
2024-03-28T02:01:29.931+0000 7fb24a59c700 1 --2- >> [v2:172.21.15.106:3300/0,v1:172.21.15.106:6789/0] conn(0x7fb24c107e20 0x7fb24c108240 unknown :-1 s=HELLO_CONNECTING pgs=0 cs=0 l=0 rev1=1 crypto rx=0 tx=0 comp rx=0 tx=0).handle_hello peer v2:172.21.15.106:3300/0 says I am v2:172.21.15.106:54186/0 (socket says 172.21.15.106:54186)
2024-03-28T02:01:30.703 INFO:teuthology.orchestra.run.smithi106.stdout:/usr/bin/ceph: stderr
2024-03-28T02:01:29.931+0000 7fb24a59c700 1 -- 172.21.15.106:0/3096939721 learned_addr learned my addr 172.21.15.106:0/3096939721 (peer_addr_for_me v2:172.21.15.106:0/0)
2024-03-28T02:01:30.703 INFO:teuthology.orchestra.run.smithi106.stdout:/usr/bin/ceph: stderr
2024-03-28T02:01:29.932+0000 7fb24a59c700 1 -- 172.21.15.106:0/3096939721 --> [v2:172.21.15.106:3300/0,v1:172.21.15.106:6789/0] -- mon_subscribe({config=0+,monmap=0+}) v3 -- 0x7fb24c106a30 con 0x7fb24c107e20
2024-03-28T02:01:30.703 INFO:teuthology.orchestra.run.smithi106.stdout:/usr/bin/ceph: stderr
2024-03-28T02:01:29.932+0000 7fb24a59c700 1 --2- 172.21.15.106:0/3096939721 >> [v2:172.21.15.106:3300/0,v1:172.21.15.106:6789/0] conn(0x7fb24c107e20 0x7fb24c108240 secure :-1 s=READY pgs=49 cs=0 l=1 rev1=1 crypto rx=0x7fb23c00bb40 tx=0x7fb23c00be50 comp rx=0 tx=0).ready entity=mon.0 client_cookie=2d914a99852ccee9 server_cookie=0 in_seq=0 out_seq=0
2024-03-28T02:01:30.703 INFO:teuthology.orchestra.run.smithi106.stdout:/usr/bin/ceph: stderr
2024-03-28T02:01:29.932+0000 7fb249d9b700 1 -- 172.21.15.106:0/3096939721 <== mon.0 v2:172.21.15.106:3300/0 1 ==== mon_map magic: 0 v1 ==== 205+0+0 (secure 0 0 0) 0x7fb23c00dbe0 con 0x7fb24c107e20
2024-03-28T02:01:30.703 INFO:teuthology.orchestra.run.smithi106.stdout:/usr/bin/ceph: stderr
2024-03-28T02:01:29.932+0000 7fb249d9b700 1 -- 172.21.15.106:0/3096939721 <== mon.0 v2:172.21.15.106:3300/0 2 ==== config(27 keys) v1 ==== 1109+0+0 (secure 0 0 0) 0x7fb23c0044f0 con 0x7fb24c107e20
2024-03-28T02:01:30.703 INFO:teuthology.orchestra.run.smithi106.stdout:/usr/bin/ceph: stderr
2024-03-28T02:01:29.932+0000 7fb249d9b700 1 -- 172.21.15.106:0/3096939721 <== mon.0 v2:172.21.15.106:3300/0 3 ==== mon_map magic: 0 v1 ==== 205+0+0 (secure 0 0 0) 0x7fb23c010470 con 0x7fb24c107e20
2024-03-28T02:01:30.703 INFO:teuthology.orchestra.run.smithi106.stdout:/usr/bin/ceph: stderr
2024-03-28T02:01:29.933+0000 7fb24b59e700 1 -- 172.21.15.106:0/3096939721 >> [v2:172.21.15.106:3300/0,v1:172.21.15.106:6789/0] conn(0x7fb24c107e20 msgr2=0x7fb24c108240 secure :-1 s=STATE_CONNECTION_ESTABLISHED l=1).mark_down
2024-03-28T02:01:30.703 INFO:teuthology.orchestra.run.smithi106.stdout:/usr/bin/ceph: stderr
2024-03-28T02:01:29.933+0000 7fb24b59e700 1 --2- 172.21.15.106:0/3096939721 >> [v2:172.21.15.106:3300/0,v1:172.21.15.106:6789/0] conn(0x7fb24c107e20 0x7fb24c108240 secure :-1 s=READY pgs=49 cs=0 l=1 rev1=1 crypto rx=0x7fb23c00bb40 tx=0x7fb23c00be50 comp rx=0 tx=0).stop
2024-03-28T02:01:30.703 INFO:teuthology.orchestra.run.smithi106.stdout:/usr/bin/ceph: stderr
2024-03-28T02:01:29.933+0000 7fb24b59e700 1 -- 172.21.15.106:0/3096939721 shutdown_connections
2024-03-28T02:01:30.703 INFO:teuthology.orchestra.run.smithi106.stdout:/usr/bin/ceph: stderr
2024-03-28T02:01:29.933+0000 7fb24b59e700 1 --2- 172.21.15.106:0/3096939721 >> [v2:172.21.15.106:3300/0,v1:172.21.15.106:6789/0] conn(0x7fb24c107e20 0x7fb24c108240 unknown :-1 s=CLOSED pgs=49 cs=0 l=1 rev1=1 crypto rx=0 tx=0 comp rx=0 tx=0).stop
2024-03-28T02:01:30.703 INFO:teuthology.orchestra.run.smithi106.stdout:/usr/bin/ceph: stderr
2024-03-28T02:01:29.933+0000 7fb24b59e700 1 -- 172.21.15.106:0/3096939721 >> 172.21.15.106:0/3096939721 conn(0x7fb24c101580 msgr2=0x7fb24c1039a0 unknown :-1 s=STATE_NONE l=0).mark_down
2024-03-28T02:01:30.704 INFO:teuthology.orchestra.run.smithi106.stdout:/usr/bin/ceph: stderr
2024-03-28T02:01:29.933+0000 7fb24b59e700 1 -- 172.21.15.106:0/3096939721 shutdown_connections
2024-03-28T02:01:30.704 INFO:teuthology.orchestra.run.smithi106.stdout:/usr/bin/ceph: stderr
2024-03-28T02:01:29.933+0000 7fb24b59e700 1 -- 172.21.15.106:0/3096939721 wait complete.
2024-03-28T02:01:30.704 INFO:teuthology.orchestra.run.smithi106.stdout:/usr/bin/ceph: stderr
2024-03-28T02:01:29.933+0000 7fb24b59e700 1 Processor -- start
2024-03-28T02:01:30.704 INFO:teuthology.orchestra.run.smithi106.stdout:/usr/bin/ceph: stderr
2024-03-28T02:01:29.934+0000 7fb24b59e700 1 -- start start
2024-03-28T02:01:30.704 INFO:teuthology.orchestra.run.smithi106.stdout:/usr/bin/ceph: stderr
2024-03-28T02:01:29.934+0000 7fb24b59e700 1 --2- >> [v2:172.21.15.106:3300/0,v1:172.21.15.106:6789/0] conn(0x7fb24c107e20 0x7fb24c199730 unknown :-1 s=NONE pgs=0 cs=0 l=1 rev1=0 crypto rx=0 tx=0 comp rx=0 tx=0).connect
2024-03-28T02:01:30.704 INFO:teuthology.orchestra.run.smithi106.stdout:/usr/bin/ceph: stderr
2024-03-28T02:01:29.934+0000 7fb24b59e700 1 -- --> [v2:172.21.15.106:3300/0,v1:172.21.15.106:6789/0] -- mon_getmap magic: 0 v1 -- 0x7fb24c105920 con 0x7fb24c107e20
2024-03-28T02:01:30.704 INFO:teuthology.orchestra.run.smithi106.stdout:/usr/bin/ceph: stderr
2024-03-28T02:01:29.934+0000 7fb24a59c700 1 --2- >> [v2:172.21.15.106:3300/0,v1:172.21.15.106:6789/0] conn(0x7fb24c107e20 0x7fb24c199730 unknown :-1 s=BANNER_CONNECTING pgs=0 cs=0 l=1 rev1=0 crypto rx=0 tx=0 comp rx=0 tx=0)._handle_peer_banner_payload supported=3 required=0
2024-03-28T02:01:30.704 INFO:teuthology.orchestra.run.smithi106.stdout:/usr/bin/ceph: stderr
2024-03-28T02:01:29.934+0000 7fb24a59c700 1 --2- >> [v2:172.21.15.106:3300/0,v1:172.21.15.106:6789/0] conn(0x7fb24c107e20 0x7fb24c199730 unknown :-1 s=HELLO_CONNECTING pgs=0 cs=0 l=1 rev1=1 crypto rx=0 tx=0 comp rx=0 tx=0).handle_hello peer v2:172.21.15.106:3300/0 says I am v2:172.21.15.106:54194/0 (socket says 172.21.15.106:54194)
2024-03-28T02:01:30.704 INFO:teuthology.orchestra.run.smithi106.stdout:/usr/bin/ceph: stderr
2024-03-28T02:01:29.934+0000 7fb24a59c700 1 -- 172.21.15.106:0/1320951897 learned_addr learned my addr 172.21.15.106:0/1320951897 (peer_addr_for_me v2:172.21.15.106:0/0)
2024-03-28T02:01:30.704 INFO:teuthology.orchestra.run.smithi106.stdout:/usr/bin/ceph: stderr
2024-03-28T02:01:29.934+0000 7fb24a59c700 1 -- 172.21.15.106:0/1320951897 --> [v2:172.21.15.106:3300/0,v1:172.21.15.106:6789/0] -- mon_subscribe({config=0+,monmap=0+}) v3 -- 0x7fb24c199c70 con 0x7fb24c107e20
2024-03-28T02:01:30.704 INFO:teuthology.orchestra.run.smithi106.stdout:/usr/bin/ceph: stderr
2024-03-28T02:01:29.934+0000 7fb24a59c700 1 --2- 172.21.15.106:0/1320951897 >> [v2:172.21.15.106:3300/0,v1:172.21.15.106:6789/0] conn(0x7fb24c107e20 0x7fb24c199730 secure :-1 s=READY pgs=50 cs=0 l=1 rev1=1 crypto rx=0x7fb23c00b340 tx=0x7fb23c00dd90 comp rx=0 tx=0).ready entity=mon.0 client_cookie=0 server_cookie=0 in_seq=0 out_seq=0
2024-03-28T02:01:30.704 INFO:teuthology.orchestra.run.smithi106.stdout:/usr/bin/ceph: stderr
2024-03-28T02:01:29.935+0000 7fb243fff700 1 -- 172.21.15.106:0/1320951897 <== mon.0 v2:172.21.15.106:3300/0 1 ==== mon_map magic: 0 v1 ==== 205+0+0 (secure 0 0 0) 0x7fb23c027070 con 0x7fb24c107e20
2024-03-28T02:01:30.704 INFO:teuthology.orchestra.run.smithi106.stdout:/usr/bin/ceph: stderr
2024-03-28T02:01:29.935+0000 7fb24b59e700 1 -- 172.21.15.106:0/1320951897 --> [v2:172.21.15.106:3300/0,v1:172.21.15.106:6789/0] -- mon_subscribe({mgrmap=0+}) v3 -- 0x7fb24c199f00 con 0x7fb24c107e20
2024-03-28T02:01:30.705 INFO:teuthology.orchestra.run.smithi106.stdout:/usr/bin/ceph: stderr
2024-03-28T02:01:29.935+0000 7fb243fff700 1 -- 172.21.15.106:0/1320951897 <== mon.0 v2:172.21.15.106:3300/0 2 ==== config(27 keys) v1 ==== 1109+0+0 (secure 0 0 0) 0x7fb23c010b40 con 0x7fb24c107e20
2024-03-28T02:01:30.705 INFO:teuthology.orchestra.run.smithi106.stdout:/usr/bin/ceph: stderr
2024-03-28T02:01:29.935+0000 7fb243fff700 1 -- 172.21.15.106:0/1320951897 <== mon.0 v2:172.21.15.106:3300/0 3 ==== mon_map magic: 0 v1 ==== 205+0+0 (secure 0 0 0) 0x7fb23c022b00 con 0x7fb24c107e20
2024-03-28T02:01:30.705 INFO:teuthology.orchestra.run.smithi106.stdout:/usr/bin/ceph: stderr
2024-03-28T02:01:29.935+0000 7fb24b59e700 1 -- 172.21.15.106:0/1320951897 --> [v2:172.21.15.106:3300/0,v1:172.21.15.106:6789/0] -- mon_subscribe({osdmap=0}) v3 -- 0x7fb24c19cbf0 con 0x7fb24c107e20
2024-03-28T02:01:30.705 INFO:teuthology.orchestra.run.smithi106.stdout:/usr/bin/ceph: stderr
2024-03-28T02:01:29.935+0000 7fb243fff700 1 -- 172.21.15.106:0/1320951897 <== mon.0 v2:172.21.15.106:3300/0 4 ==== mgrmap(e 8) v1 ==== 46106+0+0 (secure 0 0 0) 0x7fb23c02a070 con 0x7fb24c107e20
2024-03-28T02:01:30.705 INFO:teuthology.orchestra.run.smithi106.stdout:/usr/bin/ceph: stderr
2024-03-28T02:01:29.936+0000 7fb24b59e700 1 -- 172.21.15.106:0/1320951897 --> [v2:172.21.15.106:3300/0,v1:172.21.15.106:6789/0] -- mon_command({"prefix": "get_command_descriptions"} v 0) v1 -- 0x7fb24c069260 con 0x7fb24c107e20
2024-03-28T02:01:30.705 INFO:teuthology.orchestra.run.smithi106.stdout:/usr/bin/ceph: stderr
2024-03-28T02:01:29.936+0000 7fb243fff700 1 --2- 172.21.15.106:0/1320951897 >> [v2:172.21.15.106:6800/305853075,v1:172.21.15.106:6801/305853075] conn(0x7fb238038f20 0x7fb23803b3e0 unknown :-1 s=NONE pgs=0 cs=0 l=1 rev1=0 crypto rx=0 tx=0 comp rx=0 tx=0).connect
2024-03-28T02:01:30.705 INFO:teuthology.orchestra.run.smithi106.stdout:/usr/bin/ceph: stderr
2024-03-28T02:01:29.936+0000 7fb243fff700 1 -- 172.21.15.106:0/1320951897 <== mon.0 v2:172.21.15.106:3300/0 5 ==== osd_map(2..2 src has 1..2) v4 ==== 940+0+0 (secure 0 0 0) 0x7fb23c01f070 con 0x7fb24c107e20
2024-03-28T02:01:30.705 INFO:teuthology.orchestra.run.smithi106.stdout:/usr/bin/ceph: stderr
2024-03-28T02:01:29.936+0000 7fb241d9b700 1 --2- 172.21.15.106:0/1320951897 >> [v2:172.21.15.106:6800/305853075,v1:172.21.15.106:6801/305853075] conn(0x7fb238038f20 0x7fb23803b3e0 unknown :-1 s=BANNER_CONNECTING pgs=0 cs=0 l=1 rev1=0 crypto rx=0 tx=0 comp rx=0 tx=0)._handle_peer_banner_payload supported=3 required=0
2024-03-28T02:01:30.705 INFO:teuthology.orchestra.run.smithi106.stdout:/usr/bin/ceph: stderr
2024-03-28T02:01:29.937+0000 7fb241d9b700 1 --2- 172.21.15.106:0/1320951897 >> [v2:172.21.15.106:6800/305853075,v1:172.21.15.106:6801/305853075] conn(0x7fb238038f20 0x7fb23803b3e0 secure :-1 s=READY pgs=13 cs=0 l=1 rev1=1 crypto rx=0x7fb234006fd0 tx=0x7fb234006e40 comp rx=0 tx=0).ready entity=mgr.14120 client_cookie=0 server_cookie=0 in_seq=0 out_seq=0
2024-03-28T02:01:30.705 INFO:teuthology.orchestra.run.smithi106.stdout:/usr/bin/ceph: stderr
2024-03-28T02:01:29.941+0000 7fb243fff700 1 -- 172.21.15.106:0/1320951897 <== mon.0 v2:172.21.15.106:3300/0 6 ==== mon_command_ack([{"prefix": "get_command_descriptions"}]=0 v0) v1 ==== 72+0+186149 (secure 0 0 0) 0x7fb23c015070 con 0x7fb24c107e20
2024-03-28T02:01:30.705 INFO:teuthology.orchestra.run.smithi106.stdout:/usr/bin/ceph: stderr
2024-03-28T02:01:30.152+0000 7fb24b59e700 1 -- 172.21.15.106:0/1320951897 --> [v2:172.21.15.106:6800/305853075,v1:172.21.15.106:6801/305853075] -- mgr_command(tid 0: {"prefix": "orch apply", "service_type": "mgr", "unmanaged": true, "target": ["mon-mgr", ""]}) v1 -- 0x7fb24c0008d0 con 0x7fb238038f20
2024-03-28T02:01:30.705 INFO:teuthology.orchestra.run.smithi106.stdout:/usr/bin/ceph: stderr
2024-03-28T02:01:30.156+0000 7fb243fff700 1 -- 172.21.15.106:0/1320951897 <== mgr.14120 v2:172.21.15.106:6800/305853075 1 ==== mgr_command_reply(tid 0: 0 ) v1 ==== 8+0+24 (secure 0 0 0) 0x7fb24c0008d0 con 0x7fb238038f20
2024-03-28T02:01:30.705 INFO:teuthology.orchestra.run.smithi106.stdout:/usr/bin/ceph: stderr
2024-03-28T02:01:30.158+0000 7fb24b59e700 1 -- 172.21.15.106:0/1320951897 >> [v2:172.21.15.106:6800/305853075,v1:172.21.15.106:6801/305853075] conn(0x7fb238038f20 msgr2=0x7fb23803b3e0 secure :-1 s=STATE_CONNECTION_ESTABLISHED l=1).mark_down
2024-03-28T02:01:30.705 INFO:teuthology.orchestra.run.smithi106.stdout:/usr/bin/ceph: stderr
2024-03-28T02:01:30.158+0000 7fb24b59e700 1 --2- 172.21.15.106:0/1320951897 >> [v2:172.21.15.106:6800/305853075,v1:172.21.15.106:6801/305853075] conn(0x7fb238038f20 0x7fb23803b3e0 secure :-1 s=READY pgs=13 cs=0 l=1 rev1=1 crypto rx=0x7fb234006fd0 tx=0x7fb234006e40 comp rx=0 tx=0).stop
