2024-03-28T02:01:47.882+0000 7f18223b7700 1 --2- 172.21.15.106:0/3580412204 >> [v2:172.21.15.106:3300/0,v1:172.21.15.106:6789/0] conn(0x7f181c106a30 0x7f181c19aaa0 secure :-1 s=READY pgs=75 cs=0 l=1 rev1=1 crypto rx=0x7f180c0116a0 tx=0x7f180c011ba0 comp rx=0 tx=0).stop
2024-03-28T02:01:48.723 INFO:teuthology.orchestra.run.smithi106.stdout:/usr/bin/ceph: stderr
2024-03-28T02:01:47.882+0000 7f18223b7700 1 -- 172.21.15.106:0/3580412204 shutdown_connections
2024-03-28T02:01:48.723 INFO:teuthology.orchestra.run.smithi106.stdout:/usr/bin/ceph: stderr
2024-03-28T02:01:47.882+0000 7f18223b7700 1 --2- 172.21.15.106:0/3580412204 >> [v2:172.21.15.106:6800/3501119323,v1:172.21.15.106:6801/3501119323] conn(0x7f1808038f20 0x7f180803b3e0 unknown :-1 s=CLOSED pgs=9 cs=0 l=1 rev1=1 crypto rx=0 tx=0 comp rx=0 tx=0).stop
2024-03-28T02:01:48.723 INFO:teuthology.orchestra.run.smithi106.stdout:/usr/bin/ceph: stderr
2024-03-28T02:01:47.882+0000 7f18223b7700 1 --2- 172.21.15.106:0/3580412204 >> [v2:172.21.15.106:3300/0,v1:172.21.15.106:6789/0] conn(0x7f181c106a30 0x7f181c19aaa0 unknown :-1 s=CLOSED pgs=75 cs=0 l=1 rev1=1 crypto rx=0 tx=0 comp rx=0 tx=0).stop
2024-03-28T02:01:48.723 INFO:teuthology.orchestra.run.smithi106.stdout:/usr/bin/ceph: stderr
2024-03-28T02:01:47.882+0000 7f18223b7700 1 -- 172.21.15.106:0/3580412204 >> 172.21.15.106:0/3580412204 conn(0x7f181c101ff0 msgr2=0x7f181c102a90 unknown :-1 s=STATE_NONE l=0).mark_down
2024-03-28T02:01:48.724 INFO:teuthology.orchestra.run.smithi106.stdout:/usr/bin/ceph: stderr
2024-03-28T02:01:47.882+0000 7f18223b7700 1 -- 172.21.15.106:0/3580412204 shutdown_connections
2024-03-28T02:01:48.724 INFO:teuthology.orchestra.run.smithi106.stdout:/usr/bin/ceph: stderr
2024-03-28T02:01:47.882+0000 7f18223b7700 1 -- 172.21.15.106:0/3580412204 wait complete.
2024-03-28T02:01:48.728 INFO:teuthology.orchestra.run.smithi106.stdout:Non-zero exit code 1 from systemctl is-enabled firewalld.service
2024-03-28T02:01:48.728 INFO:teuthology.orchestra.run.smithi106.stdout:systemctl: stdout disabled
2024-03-28T02:01:48.736 INFO:teuthology.orchestra.run.smithi106.stdout:Non-zero exit code 3 from systemctl is-active firewalld.service
2024-03-28T02:01:48.736 INFO:teuthology.orchestra.run.smithi106.stdout:systemctl: stdout inactive
2024-03-28T02:01:48.736 INFO:teuthology.orchestra.run.smithi106.stdout:firewalld.service is not enabled
2024-03-28T02:01:48.736 INFO:teuthology.orchestra.run.smithi106.stdout:Not possible to open ports <[8443]>. firewalld.service is not available
2024-03-28T02:01:48.738 INFO:teuthology.orchestra.run.smithi106.stdout:Ceph Dashboard is now available at:
2024-03-28T02:01:48.738 INFO:teuthology.orchestra.run.smithi106.stdout:
2024-03-28T02:01:48.738 INFO:teuthology.orchestra.run.smithi106.stdout: URL: https://smithi106.front.sepia.ceph.com:8443/
2024-03-28T02:01:48.738 INFO:teuthology.orchestra.run.smithi106.stdout: User: admin
2024-03-28T02:01:48.738 INFO:teuthology.orchestra.run.smithi106.stdout: Password: heup2we9id
2024-03-28T02:01:48.738 INFO:teuthology.orchestra.run.smithi106.stdout:
2024-03-28T02:01:48.738 INFO:teuthology.orchestra.run.smithi106.stdout:Saving cluster configuration to /var/lib/ceph/d222a03c-eca6-11ee-95d0-87774f69a715/config directory
2024-03-28T02:01:48.739 INFO:teuthology.orchestra.run.smithi106.stdout:Enabling autotune for osd_memory_target
2024-03-28T02:01:49.927 INFO:teuthology.orchestra.run.smithi106.stdout:/usr/bin/ceph: stderr
2024-03-28T02:01:49.171+0000 7f0768389700 1 Processor -- start
2024-03-28T02:01:49.927 INFO:teuthology.orchestra.run.smithi106.stdout:/usr/bin/ceph: stderr
2024-03-28T02:01:49.171+0000 7f0768389700 1 -- start start
2024-03-28T02:01:49.928 INFO:teuthology.orchestra.run.smithi106.stdout:/usr/bin/ceph: stderr
2024-03-28T02:01:49.171+0000 7f0768389700 1 --2- >> [v2:172.21.15.106:3300/0,v1:172.21.15.106:6789/0] conn(0x7f076007de70 0x7f076007c2d0 unknown :-1 s=NONE pgs=0 cs=0 l=0 rev1=0 crypto rx=0 tx=0 comp rx=0 tx=0).connect
2024-03-28T02:01:49.928 INFO:teuthology.orchestra.run.smithi106.stdout:/usr/bin/ceph: stderr
2024-03-28T02:01:49.171+0000 7f0768389700 1 -- --> [v2:172.21.15.106:3300/0,v1:172.21.15.106:6789/0] -- mon_getmap magic: 0 v1 -- 0x7f076007c8a0 con 0x7f076007de70
2024-03-28T02:01:49.928 INFO:teuthology.orchestra.run.smithi106.stdout:/usr/bin/ceph: stderr
2024-03-28T02:01:49.171+0000 7f0766125700 1 --2- >> [v2:172.21.15.106:3300/0,v1:172.21.15.106:6789/0] conn(0x7f076007de70 0x7f076007c2d0 unknown :-1 s=BANNER_CONNECTING pgs=0 cs=0 l=0 rev1=0 crypto rx=0 tx=0 comp rx=0 tx=0)._handle_peer_banner_payload supported=3 required=0
2024-03-28T02:01:49.928 INFO:teuthology.orchestra.run.smithi106.stdout:/usr/bin/ceph: stderr
2024-03-28T02:01:49.171+0000 7f0766125700 1 --2- >> [v2:172.21.15.106:3300/0,v1:172.21.15.106:6789/0] conn(0x7f076007de70 0x7f076007c2d0 unknown :-1 s=HELLO_CONNECTING pgs=0 cs=0 l=0 rev1=1 crypto rx=0 tx=0 comp rx=0 tx=0).handle_hello peer v2:172.21.15.106:3300/0 says I am v2:172.21.15.106:37448/0 (socket says 172.21.15.106:37448)
2024-03-28T02:01:49.928 INFO:teuthology.orchestra.run.smithi106.stdout:/usr/bin/ceph: stderr
2024-03-28T02:01:49.171+0000 7f0766125700 1 -- 172.21.15.106:0/3084207562 learned_addr learned my addr 172.21.15.106:0/3084207562 (peer_addr_for_me v2:172.21.15.106:0/0)
2024-03-28T02:01:49.928 INFO:teuthology.orchestra.run.smithi106.stdout:/usr/bin/ceph: stderr
2024-03-28T02:01:49.172+0000 7f0766125700 1 -- 172.21.15.106:0/3084207562 --> [v2:172.21.15.106:3300/0,v1:172.21.15.106:6789/0] -- mon_subscribe({config=0+,monmap=0+}) v3 -- 0x7f076007ca20 con 0x7f076007de70
2024-03-28T02:01:49.928 INFO:teuthology.orchestra.run.smithi106.stdout:/usr/bin/ceph: stderr
2024-03-28T02:01:49.172+0000 7f0766125700 1 --2- 172.21.15.106:0/3084207562 >> [v2:172.21.15.106:3300/0,v1:172.21.15.106:6789/0] conn(0x7f076007de70 0x7f076007c2d0 secure :-1 s=READY pgs=76 cs=0 l=1 rev1=1 crypto rx=0x7f075c0098a0 tx=0x7f075c009bb0 comp rx=0 tx=0).ready entity=mon.0 client_cookie=d5f60d8f4213c5f1 server_cookie=0 in_seq=0 out_seq=0
2024-03-28T02:01:49.928 INFO:teuthology.orchestra.run.smithi106.stdout:/usr/bin/ceph: stderr
2024-03-28T02:01:49.172+0000 7f0765123700 1 -- 172.21.15.106:0/3084207562 <== mon.0 v2:172.21.15.106:3300/0 1 ==== mon_map magic: 0 v1 ==== 205+0+0 (secure 0 0 0) 0x7f075c004160 con 0x7f076007de70
2024-03-28T02:01:49.928 INFO:teuthology.orchestra.run.smithi106.stdout:/usr/bin/ceph: stderr
2024-03-28T02:01:49.172+0000 7f0765123700 1 -- 172.21.15.106:0/3084207562 <== mon.0 v2:172.21.15.106:3300/0 2 ==== config(27 keys) v1 ==== 1140+0+0 (secure 0 0 0) 0x7f075c004300 con 0x7f076007de70
2024-03-28T02:01:49.928 INFO:teuthology.orchestra.run.smithi106.stdout:/usr/bin/ceph: stderr
2024-03-28T02:01:49.172+0000 7f0765123700 1 -- 172.21.15.106:0/3084207562 <== mon.0 v2:172.21.15.106:3300/0 3 ==== mon_map magic: 0 v1 ==== 205+0+0 (secure 0 0 0) 0x7f075c011b20 con 0x7f076007de70
2024-03-28T02:01:49.928 INFO:teuthology.orchestra.run.smithi106.stdout:/usr/bin/ceph: stderr
2024-03-28T02:01:49.172+0000 7f0768389700 1 -- 172.21.15.106:0/3084207562 >> [v2:172.21.15.106:3300/0,v1:172.21.15.106:6789/0] conn(0x7f076007de70 msgr2=0x7f076007c2d0 secure :-1 s=STATE_CONNECTION_ESTABLISHED l=1).mark_down
2024-03-28T02:01:49.928 INFO:teuthology.orchestra.run.smithi106.stdout:/usr/bin/ceph: stderr
2024-03-28T02:01:49.172+0000 7f0768389700 1 --2- 172.21.15.106:0/3084207562 >> [v2:172.21.15.106:3300/0,v1:172.21.15.106:6789/0] conn(0x7f076007de70 0x7f076007c2d0 secure :-1 s=READY pgs=76 cs=0 l=1 rev1=1 crypto rx=0x7f075c0098a0 tx=0x7f075c009bb0 comp rx=0 tx=0).stop
2024-03-28T02:01:49.928 INFO:teuthology.orchestra.run.smithi106.stdout:/usr/bin/ceph: stderr
2024-03-28T02:01:49.173+0000 7f0768389700 1 -- 172.21.15.106:0/3084207562 shutdown_connections
2024-03-28T02:01:49.928 INFO:teuthology.orchestra.run.smithi106.stdout:/usr/bin/ceph: stderr
2024-03-28T02:01:49.173+0000 7f0768389700 1 --2- 172.21.15.106:0/3084207562 >> [v2:172.21.15.106:3300/0,v1:172.21.15.106:6789/0] conn(0x7f076007de70 0x7f076007c2d0 unknown :-1 s=CLOSED pgs=76 cs=0 l=1 rev1=1 crypto rx=0 tx=0 comp rx=0 tx=0).stop
2024-03-28T02:01:49.929 INFO:teuthology.orchestra.run.smithi106.stdout:/usr/bin/ceph: stderr
2024-03-28T02:01:49.173+0000 7f0768389700 1 -- 172.21.15.106:0/3084207562 >> 172.21.15.106:0/3084207562 conn(0x7f0760103190 msgr2=0x7f07601055b0 unknown :-1 s=STATE_NONE l=0).mark_down
2024-03-28T02:01:49.929 INFO:teuthology.orchestra.run.smithi106.stdout:/usr/bin/ceph: stderr
2024-03-28T02:01:49.173+0000 7f0768389700 1 -- 172.21.15.106:0/3084207562 shutdown_connections
2024-03-28T02:01:49.929 INFO:teuthology.orchestra.run.smithi106.stdout:/usr/bin/ceph: stderr
2024-03-28T02:01:49.173+0000 7f0768389700 1 -- 172.21.15.106:0/3084207562 wait complete.
2024-03-28T02:01:49.929 INFO:teuthology.orchestra.run.smithi106.stdout:/usr/bin/ceph: stderr
2024-03-28T02:01:49.173+0000 7f0768389700 1 Processor -- start
2024-03-28T02:01:49.929 INFO:teuthology.orchestra.run.smithi106.stdout:/usr/bin/ceph: stderr
2024-03-28T02:01:49.173+0000 7f0768389700 1 -- start start
2024-03-28T02:01:49.929 INFO:teuthology.orchestra.run.smithi106.stdout:/usr/bin/ceph: stderr
2024-03-28T02:01:49.173+0000 7f0768389700 1 --2- >> [v2:172.21.15.106:3300/0,v1:172.21.15.106:6789/0] conn(0x7f076007de70 0x7f076019de40 unknown :-1 s=NONE pgs=0 cs=0 l=1 rev1=0 crypto rx=0 tx=0 comp rx=0 tx=0).connect
2024-03-28T02:01:49.929 INFO:teuthology.orchestra.run.smithi106.stdout:/usr/bin/ceph: stderr
2024-03-28T02:01:49.173+0000 7f0768389700 1 -- --> [v2:172.21.15.106:3300/0,v1:172.21.15.106:6789/0] -- mon_getmap magic: 0 v1 -- 0x7f076010e150 con 0x7f076007de70
2024-03-28T02:01:49.929 INFO:teuthology.orchestra.run.smithi106.stdout:/usr/bin/ceph: stderr
2024-03-28T02:01:49.173+0000 7f0766125700 1 --2- >> [v2:172.21.15.106:3300/0,v1:172.21.15.106:6789/0] conn(0x7f076007de70 0x7f076019de40 unknown :-1 s=BANNER_CONNECTING pgs=0 cs=0 l=1 rev1=0 crypto rx=0 tx=0 comp rx=0 tx=0)._handle_peer_banner_payload supported=3 required=0
2024-03-28T02:01:49.929 INFO:teuthology.orchestra.run.smithi106.stdout:/usr/bin/ceph: stderr
2024-03-28T02:01:49.174+0000 7f0766125700 1 --2- >> [v2:172.21.15.106:3300/0,v1:172.21.15.106:6789/0] conn(0x7f076007de70 0x7f076019de40 unknown :-1 s=HELLO_CONNECTING pgs=0 cs=0 l=1 rev1=1 crypto rx=0 tx=0 comp rx=0 tx=0).handle_hello peer v2:172.21.15.106:3300/0 says I am v2:172.21.15.106:37452/0 (socket says 172.21.15.106:37452)
2024-03-28T02:01:49.929 INFO:teuthology.orchestra.run.smithi106.stdout:/usr/bin/ceph: stderr
2024-03-28T02:01:49.174+0000 7f0766125700 1 -- 172.21.15.106:0/3895878752 learned_addr learned my addr 172.21.15.106:0/3895878752 (peer_addr_for_me v2:172.21.15.106:0/0)
2024-03-28T02:01:49.929 INFO:teuthology.orchestra.run.smithi106.stdout:/usr/bin/ceph: stderr
2024-03-28T02:01:49.174+0000 7f0766125700 1 -- 172.21.15.106:0/3895878752 --> [v2:172.21.15.106:3300/0,v1:172.21.15.106:6789/0] -- mon_subscribe({config=0+,monmap=0+}) v3 -- 0x7f076019e380 con 0x7f076007de70
2024-03-28T02:01:49.929 INFO:teuthology.orchestra.run.smithi106.stdout:/usr/bin/ceph: stderr
2024-03-28T02:01:49.174+0000 7f0766125700 1 --2- 172.21.15.106:0/3895878752 >> [v2:172.21.15.106:3300/0,v1:172.21.15.106:6789/0] conn(0x7f076007de70 0x7f076019de40 secure :-1 s=READY pgs=77 cs=0 l=1 rev1=1 crypto rx=0x7f075c0116a0 tx=0x7f075c011ba0 comp rx=0 tx=0).ready entity=mon.0 client_cookie=0 server_cookie=0 in_seq=0 out_seq=0
2024-03-28T02:01:49.929 INFO:teuthology.orchestra.run.smithi106.stdout:/usr/bin/ceph: stderr
2024-03-28T02:01:49.174+0000 7f07577fe700 1 -- 172.21.15.106:0/3895878752 <== mon.0 v2:172.21.15.106:3300/0 1 ==== mon_map magic: 0 v1 ==== 205+0+0 (secure 0 0 0) 0x7f075c003a40 con 0x7f076007de70
2024-03-28T02:01:49.929 INFO:teuthology.orchestra.run.smithi106.stdout:/usr/bin/ceph: stderr
2024-03-28T02:01:49.174+0000 7f0768389700 1 -- 172.21.15.106:0/3895878752 --> [v2:172.21.15.106:3300/0,v1:172.21.15.106:6789/0] -- mon_subscribe({mgrmap=0+}) v3 -- 0x7f076019e610 con 0x7f076007de70
2024-03-28T02:01:49.929 INFO:teuthology.orchestra.run.smithi106.stdout:/usr/bin/ceph: stderr
2024-03-28T02:01:49.174+0000 7f07577fe700 1 -- 172.21.15.106:0/3895878752 <== mon.0 v2:172.21.15.106:3300/0 2 ==== config(27 keys) v1 ==== 1140+0+0 (secure 0 0 0) 0x7f075c003be0 con 0x7f076007de70
2024-03-28T02:01:49.929 INFO:teuthology.orchestra.run.smithi106.stdout:/usr/bin/ceph: stderr
2024-03-28T02:01:49.174+0000 7f07577fe700 1 -- 172.21.15.106:0/3895878752 <== mon.0 v2:172.21.15.106:3300/0 3 ==== mon_map magic: 0 v1 ==== 205+0+0 (secure 0 0 0) 0x7f075c01a720 con 0x7f076007de70
2024-03-28T02:01:49.930 INFO:teuthology.orchestra.run.smithi106.stdout:/usr/bin/ceph: stderr
2024-03-28T02:01:49.174+0000 7f0768389700 1 -- 172.21.15.106:0/3895878752 --> [v2:172.21.15.106:3300/0,v1:172.21.15.106:6789/0] -- mon_subscribe({osdmap=0}) v3 -- 0x7f076019eff0 con 0x7f076007de70
2024-03-28T02:01:49.930 INFO:teuthology.orchestra.run.smithi106.stdout:/usr/bin/ceph: stderr
2024-03-28T02:01:49.175+0000 7f07577fe700 1 -- 172.21.15.106:0/3895878752 <== mon.0 v2:172.21.15.106:3300/0 4 ==== mgrmap(e 13) v1 ==== 46163+0+0 (secure 0 0 0) 0x7f075c01aa20 con 0x7f076007de70
2024-03-28T02:01:49.930 INFO:teuthology.orchestra.run.smithi106.stdout:/usr/bin/ceph: stderr
2024-03-28T02:01:49.175+0000 7f0768389700 1 -- 172.21.15.106:0/3895878752 --> [v2:172.21.15.106:3300/0,v1:172.21.15.106:6789/0] -- mon_command({"prefix": "get_command_descriptions"} v 0) v1 -- 0x7f07600637c0 con 0x7f076007de70
2024-03-28T02:01:49.930 INFO:teuthology.orchestra.run.smithi106.stdout:/usr/bin/ceph: stderr
2024-03-28T02:01:49.175+0000 7f07577fe700 1 --2- 172.21.15.106:0/3895878752 >> [v2:172.21.15.106:6800/3501119323,v1:172.21.15.106:6801/3501119323] conn(0x7f074c038fc0 0x7f074c03b480 unknown :-1 s=NONE pgs=0 cs=0 l=1 rev1=0 crypto rx=0 tx=0 comp rx=0 tx=0).connect
2024-03-28T02:01:49.930 INFO:teuthology.orchestra.run.smithi106.stdout:/usr/bin/ceph: stderr
2024-03-28T02:01:49.175+0000 7f07577fe700 1 -- 172.21.15.106:0/3895878752 <== mon.0 v2:172.21.15.106:3300/0 5 ==== osd_map(3..3 src has 1..3) v4 ==== 1155+0+0 (secure 0 0 0) 0x7f075c04d790 con 0x7f076007de70
2024-03-28T02:01:49.930 INFO:teuthology.orchestra.run.smithi106.stdout:/usr/bin/ceph: stderr
2024-03-28T02:01:49.175+0000 7f0765924700 1 --2- 172.21.15.106:0/3895878752 >> [v2:172.21.15.106:6800/3501119323,v1:172.21.15.106:6801/3501119323] conn(0x7f074c038fc0 0x7f074c03b480 unknown :-1 s=BANNER_CONNECTING pgs=0 cs=0 l=1 rev1=0 crypto rx=0 tx=0 comp rx=0 tx=0)._handle_peer_banner_payload supported=3 required=0
2024-03-28T02:01:49.930 INFO:teuthology.orchestra.run.smithi106.stdout:/usr/bin/ceph: stderr
2024-03-28T02:01:49.175+0000 7f0765924700 1 --2- 172.21.15.106:0/3895878752 >> [v2:172.21.15.106:6800/3501119323,v1:172.21.15.106:6801/3501119323] conn(0x7f074c038fc0 0x7f074c03b480 secure :-1 s=READY pgs=10 cs=0 l=1 rev1=1 crypto rx=0x7f0750006fd0 tx=0x7f0750006e40 comp rx=0 tx=0).ready entity=mgr.14152 client_cookie=0 server_cookie=0 in_seq=0 out_seq=0
2024-03-28T02:01:49.930 INFO:teuthology.orchestra.run.smithi106.stdout:/usr/bin/ceph: stderr
2024-03-28T02:01:49.180+0000 7f07577fe700 1 -- 172.21.15.106:0/3895878752 <== mon.0 v2:172.21.15.106:3300/0 6 ==== mon_command_ack([{"prefix": "get_command_descriptions"}]=0 v0) v1 ==== 72+0+186149 (secure 0 0 0) 0x7f075c011e20 con 0x7f076007de70
2024-03-28T02:01:49.930 INFO:teuthology.orchestra.run.smithi106.stdout:/usr/bin/ceph: stderr
2024-03-28T02:01:49.375+0000 7f0768389700 1 -- 172.21.15.106:0/3895878752 --> [v2:172.21.15.106:3300/0,v1:172.21.15.106:6789/0] -- mon_command([{prefix=config set, name=osd_memory_target_autotune}] v 0) v1 -- 0x7f076019f550 con 0x7f076007de70
2024-03-28T02:01:49.930 INFO:teuthology.orchestra.run.smithi106.stdout:/usr/bin/ceph: stderr
2024-03-28T02:01:49.375+0000 7f07577fe700 1 -- 172.21.15.106:0/3895878752 <== mon.0 v2:172.21.15.106:3300/0 7 ==== mon_command_ack([{prefix=config set, name=osd_memory_target_autotune}]=0 v8)=0 v8) v1 ==== 127+0+0 (secure 0 0 0) 0x7f075c00bc40 con 0x7f076007de70
2024-03-28T02:01:49.930 INFO:teuthology.orchestra.run.smithi106.stdout:/usr/bin/ceph: stderr
2024-03-28T02:01:49.377+0000 7f0768389700 1 -- 172.21.15.106:0/3895878752 >> [v2:172.21.15.106:6800/3501119323,v1:172.21.15.106:6801/3501119323] conn(0x7f074c038fc0 msgr2=0x7f074c03b480 secure :-1 s=STATE_CONNECTION_ESTABLISHED l=1).mark_down
2024-03-28T02:01:49.930 INFO:teuthology.orchestra.run.smithi106.stdout:/usr/bin/ceph: stderr
2024-03-28T02:01:49.377+0000 7f0768389700 1 --2- 172.21.15.106:0/3895878752 >> [v2:172.21.15.106:6800/3501119323,v1:172.21.15.106:6801/3501119323] conn(0x7f074c038fc0 0x7f074c03b480 secure :-1 s=READY pgs=10 cs=0 l=1 rev1=1 crypto rx=0x7f0750006fd0 tx=0x7f0750006e40 comp rx=0 tx=0).stop
2024-03-28T02:01:49.930 INFO:teuthology.orchestra.run.smithi106.stdout:/usr/bin/ceph: stderr
2024-03-28T02:01:49.377+0000 7f0768389700 1 -- 172.21.15.106:0/3895878752 >> [v2:172.21.15.106:3300/0,v1:172.21.15.106:6789/0] conn(0x7f076007de70 msgr2=0x7f076019de40 secure :-1 s=STATE_CONNECTION_ESTABLISHED l=1).mark_down
2024-03-28T02:01:49.930 INFO:teuthology.orchestra.run.smithi106.stdout:/usr/bin/ceph: stderr
2024-03-28T02:01:49.377+0000 7f0768389700 1 --2- 172.21.15.106:0/3895878752 >> [v2:172.21.15.106:3300/0,v1:172.21.15.106:6789/0] conn(0x7f076007de70 0x7f076019de40 secure :-1 s=READY pgs=77 cs=0 l=1 rev1=1 crypto rx=0x7f075c0116a0 tx=0x7f075c011ba0 comp rx=0 tx=0).stop
2024-03-28T02:01:49.931 INFO:teuthology.orchestra.run.smithi106.stdout:/usr/bin/ceph: stderr
2024-03-28T02:01:49.377+0000 7f0768389700 1 -- 172.21.15.106:0/3895878752 shutdown_connections
2024-03-28T02:01:49.931 INFO:teuthology.orchestra.run.smithi106.stdout:/usr/bin/ceph: stderr
2024-03-28T02:01:49.377+0000 7f0768389700 1 --2- 172.21.15.106:0/3895878752 >> [v2:172.21.15.106:6800/3501119323,v1:172.21.15.106:6801/3501119323] conn(0x7f074c038fc0 0x7f074c03b480 unknown :-1 s=CLOSED pgs=10 cs=0 l=1 rev1=1 crypto rx=0 tx=0 comp rx=0 tx=0).stop
2024-03-28T02:01:49.931 INFO:teuthology.orchestra.run.smithi106.stdout:/usr/bin/ceph: stderr
2024-03-28T02:01:49.377+0000 7f0768389700 1 --2- 172.21.15.106:0/3895878752 >> [v2:172.21.15.106:3300/0,v1:172.21.15.106:6789/0] conn(0x7f076007de70 0x7f076019de40 unknown :-1 s=CLOSED pgs=77 cs=0 l=1 rev1=1 crypto rx=0 tx=0 comp rx=0 tx=0).stop
2024-03-28T02:01:49.931 INFO:teuthology.orchestra.run.smithi106.stdout:/usr/bin/ceph: stderr
2024-03-28T02:01:49.377+0000 7f0768389700 1 -- 172.21.15.106:0/3895878752 >> 172.21.15.106:0/3895878752 conn(0x7f0760103190 msgr2=0x7f0760103c40 unknown :-1 s=STATE_NONE l=0).mark_down
2024-03-28T02:01:49.931 INFO:teuthology.orchestra.run.smithi106.stdout:/usr/bin/ceph: stderr
2024-03-28T02:01:49.378+0000 7f0768389700 1 -- 172.21.15.106:0/3895878752 shutdown_connections
2024-03-28T02:01:49.931 INFO:teuthology.orchestra.run.smithi106.stdout:/usr/bin/ceph: stderr
2024-03-28T02:01:49.378+0000 7f0768389700 1 -- 172.21.15.106:0/3895878752 wait complete.
2024-03-28T02:01:50.222 INFO:journalctl@ceph.mon.a.smithi106.stdout:Mar 28 02:01:49 smithi106 ceph-mon[31965]: mgrmap e13: x(active, since 6s)
2024-03-28T02:01:51.200 INFO:teuthology.orchestra.run.smithi106.stdout:/usr/bin/ceph: stderr
2024-03-28T02:01:50.330+0000 7fab737a2700 1 Processor -- start
2024-03-28T02:01:51.200 INFO:teuthology.orchestra.run.smithi106.stdout:/usr/bin/ceph: stderr
2024-03-28T02:01:50.330+0000 7fab737a2700 1 -- start start
2024-03-28T02:01:51.201 INFO:teuthology.orchestra.run.smithi106.stdout:/usr/bin/ceph: stderr
2024-03-28T02:01:50.330+0000 7fab737a2700 1 --2- >> [v2:172.21.15.106:3300/0,v1:172.21.15.106:6789/0] conn(0x7fab6c106410 0x7fab6c106830 unknown :-1 s=NONE pgs=0 cs=0 l=0 rev1=0 crypto rx=0 tx=0 comp rx=0 tx=0).connect
2024-03-28T02:01:51.201 INFO:teuthology.orchestra.run.smithi106.stdout:/usr/bin/ceph: stderr
2024-03-28T02:01:50.331+0000 7fab737a2700 1 -- --> [v2:172.21.15.106:3300/0,v1:172.21.15.106:6789/0] -- mon_getmap magic: 0 v1 -- 0x7fab6c07bde0 con 0x7fab6c106410
2024-03-28T02:01:51.201 INFO:teuthology.orchestra.run.smithi106.stdout:/usr/bin/ceph: stderr
2024-03-28T02:01:50.331+0000 7fab7153e700 1 --2- >> [v2:172.21.15.106:3300/0,v1:172.21.15.106:6789/0] conn(0x7fab6c106410 0x7fab6c106830 unknown :-1 s=BANNER_CONNECTING pgs=0 cs=0 l=0 rev1=0 crypto rx=0 tx=0 comp rx=0 tx=0)._handle_peer_banner_payload supported=3 required=0
2024-03-28T02:01:51.201 INFO:teuthology.orchestra.run.smithi106.stdout:/usr/bin/ceph: stderr
2024-03-28T02:01:50.331+0000 7fab7153e700 1 --2- >> [v2:172.21.15.106:3300/0,v1:172.21.15.106:6789/0] conn(0x7fab6c106410 0x7fab6c106830 unknown :-1 s=HELLO_CONNECTING pgs=0 cs=0 l=0 rev1=1 crypto rx=0 tx=0 comp rx=0 tx=0).handle_hello peer v2:172.21.15.106:3300/0 says I am v2:172.21.15.106:37456/0 (socket says 172.21.15.106:37456)
2024-03-28T02:01:51.201 INFO:teuthology.orchestra.run.smithi106.stdout:/usr/bin/ceph: stderr
2024-03-28T02:01:50.331+0000 7fab7153e700 1 -- 172.21.15.106:0/3318942194 learned_addr learned my addr 172.21.15.106:0/3318942194 (peer_addr_for_me v2:172.21.15.106:0/0)
2024-03-28T02:01:51.201 INFO:teuthology.orchestra.run.smithi106.stdout:/usr/bin/ceph: stderr
2024-03-28T02:01:50.331+0000 7fab7153e700 1 -- 172.21.15.106:0/3318942194 --> [v2:172.21.15.106:3300/0,v1:172.21.15.106:6789/0] -- mon_subscribe({config=0+,monmap=0+}) v3 -- 0x7fab6c106d70 con 0x7fab6c106410
2024-03-28T02:01:51.201 INFO:teuthology.orchestra.run.smithi106.stdout:/usr/bin/ceph: stderr
2024-03-28T02:01:50.331+0000 7fab7153e700 1 --2- 172.21.15.106:0/3318942194 >> [v2:172.21.15.106:3300/0,v1:172.21.15.106:6789/0] conn(0x7fab6c106410 0x7fab6c106830 secure :-1 s=READY pgs=78 cs=0 l=1 rev1=1 crypto rx=0x7fab680098a0 tx=0x7fab68009bb0 comp rx=0 tx=0).ready entity=mon.0 client_cookie=665ac6cc09f98c34 server_cookie=0 in_seq=0 out_seq=0
2024-03-28T02:01:51.201 INFO:teuthology.orchestra.run.smithi106.stdout:/usr/bin/ceph: stderr
2024-03-28T02:01:50.331+0000 7fab63fff700 1 -- 172.21.15.106:0/3318942194 <== mon.0 v2:172.21.15.106:3300/0 1 ==== mon_map magic: 0 v1 ==== 205+0+0 (secure 0 0 0) 0x7fab68004160 con 0x7fab6c106410
2024-03-28T02:01:51.201 INFO:teuthology.orchestra.run.smithi106.stdout:/usr/bin/ceph: stderr
2024-03-28T02:01:50.331+0000 7fab63fff700 1 -- 172.21.15.106:0/3318942194 <== mon.0 v2:172.21.15.106:3300/0 2 ==== config(27 keys) v1 ==== 1140+0+0 (secure 0 0 0) 0x7fab68004300 con 0x7fab6c106410
2024-03-28T02:01:51.201 INFO:teuthology.orchestra.run.smithi106.stdout:/usr/bin/ceph: stderr
2024-03-28T02:01:50.331+0000 7fab63fff700 1 -- 172.21.15.106:0/3318942194 <== mon.0 v2:172.21.15.106:3300/0 3 ==== mon_map magic: 0 v1 ==== 205+0+0 (secure 0 0 0) 0x7fab68011b20 con 0x7fab6c106410
2024-03-28T02:01:51.201 INFO:teuthology.orchestra.run.smithi106.stdout:/usr/bin/ceph: stderr
2024-03-28T02:01:50.332+0000 7fab737a2700 1 -- 172.21.15.106:0/3318942194 >> [v2:172.21.15.106:3300/0,v1:172.21.15.106:6789/0] conn(0x7fab6c106410 msgr2=0x7fab6c106830 secure :-1 s=STATE_CONNECTION_ESTABLISHED l=1).mark_down
2024-03-28T02:01:51.201 INFO:teuthology.orchestra.run.smithi106.stdout:/usr/bin/ceph: stderr
2024-03-28T02:01:50.332+0000 7fab737a2700 1 --2- 172.21.15.106:0/3318942194 >> [v2:172.21.15.106:3300/0,v1:172.21.15.106:6789/0] conn(0x7fab6c106410 0x7fab6c106830 secure :-1 s=READY pgs=78 cs=0 l=1 rev1=1 crypto rx=0x7fab680098a0 tx=0x7fab68009bb0 comp rx=0 tx=0).stop
2024-03-28T02:01:51.201 INFO:teuthology.orchestra.run.smithi106.stdout:/usr/bin/ceph: stderr
2024-03-28T02:01:50.332+0000 7fab737a2700 1 -- 172.21.15.106:0/3318942194 shutdown_connections
2024-03-28T02:01:51.202 INFO:teuthology.orchestra.run.smithi106.stdout:/usr/bin/ceph: stderr
2024-03-28T02:01:50.332+0000 7fab737a2700 1 --2- 172.21.15.106:0/3318942194 >> [v2:172.21.15.106:3300/0,v1:172.21.15.106:6789/0] conn(0x7fab6c106410 0x7fab6c106830 unknown :-1 s=CLOSED pgs=78 cs=0 l=1 rev1=1 crypto rx=0 tx=0 comp rx=0 tx=0).stop
2024-03-28T02:01:51.202 INFO:teuthology.orchestra.run.smithi106.stdout:/usr/bin/ceph: stderr
2024-03-28T02:01:50.332+0000 7fab737a2700 1 -- 172.21.15.106:0/3318942194 >> 172.21.15.106:0/3318942194 conn(0x7fab6c101ff0 msgr2=0x7fab6c104410 unknown :-1 s=STATE_NONE l=0).mark_down
2024-03-28T02:01:51.202 INFO:teuthology.orchestra.run.smithi106.stdout:/usr/bin/ceph: stderr
2024-03-28T02:01:50.332+0000 7fab737a2700 1 -- 172.21.15.106:0/3318942194 shutdown_connections
2024-03-28T02:01:51.202 INFO:teuthology.orchestra.run.smithi106.stdout:/usr/bin/ceph: stderr
2024-03-28T02:01:50.332+0000 7fab737a2700 1 -- 172.21.15.106:0/3318942194 wait complete.
2024-03-28T02:01:51.202 INFO:teuthology.orchestra.run.smithi106.stdout:/usr/bin/ceph: stderr
2024-03-28T02:01:50.332+0000 7fab737a2700 1 Processor -- start
2024-03-28T02:01:51.202 INFO:teuthology.orchestra.run.smithi106.stdout:/usr/bin/ceph: stderr
2024-03-28T02:01:50.333+0000 7fab737a2700 1 -- start start
2024-03-28T02:01:51.202 INFO:teuthology.orchestra.run.smithi106.stdout:/usr/bin/ceph: stderr
2024-03-28T02:01:50.333+0000 7fab737a2700 1 --2- >> [v2:172.21.15.106:3300/0,v1:172.21.15.106:6789/0] conn(0x7fab6c106410 0x7fab6c19dde0 unknown :-1 s=NONE pgs=0 cs=0 l=1 rev1=0 crypto rx=0 tx=0 comp rx=0 tx=0).connect
2024-03-28T02:01:51.202 INFO:teuthology.orchestra.run.smithi106.stdout:/usr/bin/ceph: stderr
2024-03-28T02:01:50.333+0000 7fab737a2700 1 -- --> [v2:172.21.15.106:3300/0,v1:172.21.15.106:6789/0] -- mon_getmap magic: 0 v1 -- 0x7fab6c107e40 con 0x7fab6c106410
2024-03-28T02:01:51.202 INFO:teuthology.orchestra.run.smithi106.stdout:/usr/bin/ceph: stderr
2024-03-28T02:01:50.333+0000 7fab7153e700 1 --2- >> [v2:172.21.15.106:3300/0,v1:172.21.15.106:6789/0] conn(0x7fab6c106410 0x7fab6c19dde0 unknown :-1 s=BANNER_CONNECTING pgs=0 cs=0 l=1 rev1=0 crypto rx=0 tx=0 comp rx=0 tx=0)._handle_peer_banner_payload supported=3 required=0
2024-03-28T02:01:51.202 INFO:teuthology.orchestra.run.smithi106.stdout:/usr/bin/ceph: stderr
2024-03-28T02:01:50.333+0000 7fab7153e700 1 --2- >> [v2:172.21.15.106:3300/0,v1:172.21.15.106:6789/0] conn(0x7fab6c106410 0x7fab6c19dde0 unknown :-1 s=HELLO_CONNECTING pgs=0 cs=0 l=1 rev1=1 crypto rx=0 tx=0 comp rx=0 tx=0).handle_hello peer v2:172.21.15.106:3300/0 says I am v2:172.21.15.106:37460/0 (socket says 172.21.15.106:37460)
2024-03-28T02:01:51.202 INFO:teuthology.orchestra.run.smithi106.stdout:/usr/bin/ceph: stderr
2024-03-28T02:01:50.333+0000 7fab7153e700 1 -- 172.21.15.106:0/3387106801 learned_addr learned my addr 172.21.15.106:0/3387106801 (peer_addr_for_me v2:172.21.15.106:0/0)
2024-03-28T02:01:51.202 INFO:teuthology.orchestra.run.smithi106.stdout:/usr/bin/ceph: stderr
2024-03-28T02:01:50.333+0000 7fab7153e700 1 -- 172.21.15.106:0/3387106801 --> [v2:172.21.15.106:3300/0,v1:172.21.15.106:6789/0] -- mon_subscribe({config=0+,monmap=0+}) v3 -- 0x7fab6c19e320 con 0x7fab6c106410
2024-03-28T02:01:51.202 INFO:teuthology.orchestra.run.smithi106.stdout:/usr/bin/ceph: stderr
2024-03-28T02:01:50.333+0000 7fab7153e700 1 --2- 172.21.15.106:0/3387106801 >> [v2:172.21.15.106:3300/0,v1:172.21.15.106:6789/0] conn(0x7fab6c106410 0x7fab6c19dde0 secure :-1 s=READY pgs=79 cs=0 l=1 rev1=1 crypto rx=0x7fab680117e0 tx=0x7fab68011c10 comp rx=0 tx=0).ready entity=mon.0 client_cookie=0 server_cookie=0 in_seq=0 out_seq=0
2024-03-28T02:01:51.202 INFO:teuthology.orchestra.run.smithi106.stdout:/usr/bin/ceph: stderr
2024-03-28T02:01:50.333+0000 7fab627fc700 1 -- 172.21.15.106:0/3387106801 <== mon.0 v2:172.21.15.106:3300/0 1 ==== mon_map magic: 0 v1 ==== 205+0+0 (secure 0 0 0) 0x7fab68003bf0 con 0x7fab6c106410
2024-03-28T02:01:51.203 INFO:teuthology.orchestra.run.smithi106.stdout:/usr/bin/ceph: stderr
2024-03-28T02:01:50.333+0000 7fab627fc700 1 -- 172.21.15.106:0/3387106801 <== mon.0 v2:172.21.15.106:3300/0 2 ==== config(27 keys) v1 ==== 1140+0+0 (secure 0 0 0) 0x7fab6801a910 con 0x7fab6c106410
2024-03-28T02:01:51.203 INFO:teuthology.orchestra.run.smithi106.stdout:/usr/bin/ceph: stderr
2024-03-28T02:01:50.333+0000 7fab627fc700 1 -- 172.21.15.106:0/3387106801 <== mon.0 v2:172.21.15.106:3300/0 3 ==== mon_map magic: 0 v1 ==== 205+0+0 (secure 0 0 0) 0x7fab68024970 con 0x7fab6c106410
2024-03-28T02:01:51.203 INFO:teuthology.orchestra.run.smithi106.stdout:/usr/bin/ceph: stderr
2024-03-28T02:01:50.333+0000 7fab737a2700 1 -- 172.21.15.106:0/3387106801 --> [v2:172.21.15.106:3300/0,v1:172.21.15.106:6789/0] -- mon_subscribe({mgrmap=0+}) v3 -- 0x7fab6c19e5b0 con 0x7fab6c106410
2024-03-28T02:01:51.203 INFO:teuthology.orchestra.run.smithi106.stdout:/usr/bin/ceph: stderr
2024-03-28T02:01:50.333+0000 7fab737a2700 1 -- 172.21.15.106:0/3387106801 --> [v2:172.21.15.106:3300/0,v1:172.21.15.106:6789/0] -- mon_subscribe({osdmap=0}) v3 -- 0x7fab6c19ef90 con 0x7fab6c106410
2024-03-28T02:01:51.203 INFO:teuthology.orchestra.run.smithi106.stdout:/usr/bin/ceph: stderr
2024-03-28T02:01:50.334+0000 7fab627fc700 1 -- 172.21.15.106:0/3387106801 <== mon.0 v2:172.21.15.106:3300/0 4 ==== mgrmap(e 13) v1 ==== 46163+0+0 (secure 0 0 0) 0x7fab68022020 con 0x7fab6c106410
2024-03-28T02:01:51.203 INFO:teuthology.orchestra.run.smithi106.stdout:/usr/bin/ceph: stderr
2024-03-28T02:01:50.334+0000 7fab737a2700 1 -- 172.21.15.106:0/3387106801 --> [v2:172.21.15.106:3300/0,v1:172.21.15.106:6789/0] -- mon_command({"prefix": "get_command_descriptions"} v 0) v1 -- 0x7fab6c0637c0 con 0x7fab6c106410
2024-03-28T02:01:51.203 INFO:teuthology.orchestra.run.smithi106.stdout:/usr/bin/ceph: stderr
2024-03-28T02:01:50.334+0000 7fab627fc700 1 --2- 172.21.15.106:0/3387106801 >> [v2:172.21.15.106:6800/3501119323,v1:172.21.15.106:6801/3501119323] conn(0x7fab58038fc0 0x7fab5803b480 unknown :-1 s=NONE pgs=0 cs=0 l=1 rev1=0 crypto rx=0 tx=0 comp rx=0 tx=0).connect
2024-03-28T02:01:51.203 INFO:teuthology.orchestra.run.smithi106.stdout:/usr/bin/ceph: stderr
2024-03-28T02:01:50.335+0000 7fab627fc700 1 -- 172.21.15.106:0/3387106801 <== mon.0 v2:172.21.15.106:3300/0 5 ==== osd_map(3..3 src has 1..3) v4 ==== 1155+0+0 (secure 0 0 0) 0x7fab6804d460 con 0x7fab6c106410
2024-03-28T02:01:51.203 INFO:teuthology.orchestra.run.smithi106.stdout:/usr/bin/ceph: stderr
2024-03-28T02:01:50.335+0000 7fab70d3d700 1 --2- 172.21.15.106:0/3387106801 >> [v2:172.21.15.106:6800/3501119323,v1:172.21.15.106:6801/3501119323] conn(0x7fab58038fc0 0x7fab5803b480 unknown :-1 s=BANNER_CONNECTING pgs=0 cs=0 l=1 rev1=0 crypto rx=0 tx=0 comp rx=0 tx=0)._handle_peer_banner_payload supported=3 required=0
2024-03-28T02:01:51.203 INFO:teuthology.orchestra.run.smithi106.stdout:/usr/bin/ceph: stderr
2024-03-28T02:01:50.335+0000 7fab70d3d700 1 --2- 172.21.15.106:0/3387106801 >> [v2:172.21.15.106:6800/3501119323,v1:172.21.15.106:6801/3501119323] conn(0x7fab58038fc0 0x7fab5803b480 secure :-1 s=READY pgs=11 cs=0 l=1 rev1=1 crypto rx=0x7fab5c006fd0 tx=0x7fab5c006e40 comp rx=0 tx=0).ready entity=mgr.14152 client_cookie=0 server_cookie=0 in_seq=0 out_seq=0
2024-03-28T02:01:51.203 INFO:teuthology.orchestra.run.smithi106.stdout:/usr/bin/ceph: stderr
2024-03-28T02:01:50.339+0000 7fab627fc700 1 -- 172.21.15.106:0/3387106801 <== mon.0 v2:172.21.15.106:3300/0 6 ==== mon_command_ack([{"prefix": "get_command_descriptions"}]=0 v0) v1 ==== 72+0+186149 (secure 0 0 0) 0x7fab68011e20 con 0x7fab6c106410
2024-03-28T02:01:51.203 INFO:teuthology.orchestra.run.smithi106.stdout:/usr/bin/ceph: stderr
2024-03-28T02:01:50.646+0000 7fab737a2700 1 -- 172.21.15.106:0/3387106801 --> [v2:172.21.15.106:3300/0,v1:172.21.15.106:6789/0] -- mon_command([{prefix=config-key set, key=mgr/dashboard/cluster/status}] v 0) v1 -- 0x7fab6c19fc50 con 0x7fab6c106410
2024-03-28T02:01:51.203 INFO:teuthology.orchestra.run.smithi106.stdout:/usr/bin/ceph: stderr
2024-03-28T02:01:50.648+0000 7fab627fc700 1 -- 172.21.15.106:0/3387106801 <== mon.0 v2:172.21.15.106:3300/0 7 ==== mon_command_ack([{prefix=config-key set, key=mgr/dashboard/cluster/status}]=0 set mgr/dashboard/cluster/status v28)=0 set mgr/dashboard/cluster/status v28) v1 ==== 153+0+0 (secure 0 0 0) 0x7fab6800b3e0 con 0x7fab6c106410
2024-03-28T02:01:51.203 INFO:teuthology.orchestra.run.smithi106.stdout:/usr/bin/ceph: stderr
2024-03-28T02:01:50.651+0000 7fab737a2700 1 -- 172.21.15.106:0/3387106801 >> [v2:172.21.15.106:6800/3501119323,v1:172.21.15.106:6801/3501119323] conn(0x7fab58038fc0 msgr2=0x7fab5803b480 secure :-1 s=STATE_CONNECTION_ESTABLISHED l=1).mark_down
2024-03-28T02:01:51.204 INFO:teuthology.orchestra.run.smithi106.stdout:/usr/bin/ceph: stderr
2024-03-28T02:01:50.651+0000 7fab737a2700 1 --2- 172.21.15.106:0/3387106801 >> [v2:172.21.15.106:6800/3501119323,v1:172.21.15.106:6801/3501119323] conn(0x7fab58038fc0 0x7fab5803b480 secure :-1 s=READY pgs=11 cs=0 l=1 rev1=1 crypto rx=0x7fab5c006fd0 tx=0x7fab5c006e40 comp rx=0 tx=0).stop
2024-03-28T02:01:51.204 INFO:teuthology.orchestra.run.smithi106.stdout:/usr/bin/ceph: stderr
2024-03-28T02:01:50.651+0000 7fab737a2700 1 -- 172.21.15.106:0/3387106801 >> [v2:172.21.15.106:3300/0,v1:172.21.15.106:6789/0] conn(0x7fab6c106410 msgr2=0x7fab6c19dde0 secure :-1 s=STATE_CONNECTION_ESTABLISHED l=1).mark_down
2024-03-28T02:01:51.204 INFO:teuthology.orchestra.run.smithi106.stdout:/usr/bin/ceph: stderr
2024-03-28T02:01:50.651+0000 7fab737a2700 1 --2- 172.21.15.106:0/3387106801 >> [v2:172.21.15.106:3300/0,v1:172.21.15.106:6789/0] conn(0x7fab6c106410 0x7fab6c19dde0 secure :-1 s=READY pgs=79 cs=0 l=1 rev1=1 crypto rx=0x7fab680117e0 tx=0x7fab68011c10 comp rx=0 tx=0).stop
2024-03-28T02:01:51.204 INFO:teuthology.orchestra.run.smithi106.stdout:/usr/bin/ceph: stderr
2024-03-28T02:01:50.651+0000 7fab737a2700 1 -- 172.21.15.106:0/3387106801 shutdown_connections
2024-03-28T02:01:51.204 INFO:teuthology.orchestra.run.smithi106.stdout:/usr/bin/ceph: stderr
2024-03-28T02:01:50.651+0000 7fab737a2700 1 --2- 172.21.15.106:0/3387106801 >> [v2:172.21.15.106:6800/3501119323,v1:172.21.15.106:6801/3501119323] conn(0x7fab58038fc0 0x7fab5803b480 unknown :-1 s=CLOSED pgs=11 cs=0 l=1 rev1=1 crypto rx=0 tx=0 comp rx=0 tx=0).stop
2024-03-28T02:01:51.204 INFO:teuthology.orchestra.run.smithi106.stdout:/usr/bin/ceph: stderr
2024-03-28T02:01:50.651+0000 7fab737a2700 1 --2- 172.21.15.106:0/3387106801 >> [v2:172.21.15.106:3300/0,v1:172.21.15.106:6789/0] conn(0x7fab6c106410 0x7fab6c19dde0 unknown :-1 s=CLOSED pgs=79 cs=0 l=1 rev1=1 crypto rx=0 tx=0 comp rx=0 tx=0).stop
2024-03-28T02:01:51.204 INFO:teuthology.orchestra.run.smithi106.stdout:/usr/bin/ceph: stderr
2024-03-28T02:01:50.651+0000 7fab737a2700 1 -- 172.21.15.106:0/3387106801 >> 172.21.15.106:0/3387106801 conn(0x7fab6c101ff0 msgr2=0x7fab6c1948d0 unknown :-1 s=STATE_NONE l=0).mark_down
2024-03-28T02:01:51.204 INFO:teuthology.orchestra.run.smithi106.stdout:/usr/bin/ceph: stderr
2024-03-28T02:01:50.651+0000 7fab737a2700 1 -- 172.21.15.106:0/3387106801 shutdown_connections
2024-03-28T02:01:51.204 INFO:teuthology.orchestra.run.smithi106.stdout:/usr/bin/ceph: stderr
2024-03-28T02:01:50.651+0000 7fab737a2700 1 -- 172.21.15.106:0/3387106801 wait complete.
2024-03-28T02:01:51.204 INFO:teuthology.orchestra.run.smithi106.stdout:/usr/bin/ceph: stderr set mgr/dashboard/cluster/status
2024-03-28T02:01:51.204 INFO:teuthology.orchestra.run.smithi106.stdout:You can access the Ceph CLI as following in case of multi-cluster or non-default config:
2024-03-28T02:01:51.204 INFO:teuthology.orchestra.run.smithi106.stdout:
2024-03-28T02:01:51.205 INFO:teuthology.orchestra.run.smithi106.stdout: sudo /home/ubuntu/cephtest/cephadm shell --fsid d222a03c-eca6-11ee-95d0-87774f69a715 -c /etc/ceph/ceph.conf -k /etc/ceph/ceph.client.admin.keyring
2024-03-28T02:01:51.205 INFO:teuthology.orchestra.run.smithi106.stdout:
2024-03-28T02:01:51.205 INFO:teuthology.orchestra.run.smithi106.stdout:Or, if you are only running a single cluster on this host:
2024-03-28T02:01:51.205 INFO:teuthology.orchestra.run.smithi106.stdout:
2024-03-28T02:01:51.205 INFO:teuthology.orchestra.run.smithi106.stdout: sudo /home/ubuntu/cephtest/cephadm shell
2024-03-28T02:01:51.205 INFO:teuthology.orchestra.run.smithi106.stdout:
2024-03-28T02:01:51.205 INFO:teuthology.orchestra.run.smithi106.stdout:Please consider enabling telemetry to help improve Ceph:
2024-03-28T02:01:51.205 INFO:teuthology.orchestra.run.smithi106.stdout:
2024-03-28T02:01:51.205 INFO:teuthology.orchestra.run.smithi106.stdout: ceph telemetry on
2024-03-28T02:01:51.205 INFO:teuthology.orchestra.run.smithi106.stdout:
2024-03-28T02:01:51.205 INFO:teuthology.orchestra.run.smithi106.stdout:For more information see:
2024-03-28T02:01:51.205 INFO:teuthology.orchestra.run.smithi106.stdout:
2024-03-28T02:01:51.206 INFO:teuthology.orchestra.run.smithi106.stdout: https://docs.ceph.com/en/latest/mgr/telemetry/
2024-03-28T02:01:51.206 INFO:teuthology.orchestra.run.smithi106.stdout:
2024-03-28T02:01:51.206 INFO:teuthology.orchestra.run.smithi106.stdout:Bootstrap complete.
2024-03-28T02:01:51.241 INFO:tasks.cephadm:Fetching config...
2024-03-28T02:01:51.241 DEBUG:teuthology.orchestra.run.smithi106:> set -ex
2024-03-28T02:01:51.242 DEBUG:teuthology.orchestra.run.smithi106:> dd if=/etc/ceph/ceph.conf of=/dev/stdout
2024-03-28T02:01:51.257 INFO:tasks.cephadm:Fetching client.admin keyring...
2024-03-28T02:01:51.257 DEBUG:teuthology.orchestra.run.smithi106:> set -ex
2024-03-28T02:01:51.257 DEBUG:teuthology.orchestra.run.smithi106:> dd if=/etc/ceph/ceph.client.admin.keyring of=/dev/stdout
2024-03-28T02:01:51.312 INFO:tasks.cephadm:Fetching mon keyring...
2024-03-28T02:01:51.312 DEBUG:teuthology.orchestra.run.smithi106:> set -ex
2024-03-28T02:01:51.312 DEBUG:teuthology.orchestra.run.smithi106:> sudo dd if=/var/lib/ceph/d222a03c-eca6-11ee-95d0-87774f69a715/mon.a/keyring of=/dev/stdout
2024-03-28T02:01:51.380 INFO:tasks.cephadm:Fetching pub ssh key...
2024-03-28T02:01:51.380 DEBUG:teuthology.orchestra.run.smithi106:> set -ex
2024-03-28T02:01:51.380 DEBUG:teuthology.orchestra.run.smithi106:> dd if=/home/ubuntu/cephtest/ceph.pub of=/dev/stdout
2024-03-28T02:01:51.435 INFO:tasks.cephadm:Installing pub ssh key for root users...
2024-03-28T02:01:51.435 DEBUG:teuthology.orchestra.run.smithi106:> sudo install -d -m 0700 /root/.ssh && echo 'ssh-rsa AAAAB3NzaC1yc2EAAAADAQABAAABgQDdANol1AwH56UNCZECPEU81h8ybII4H7kKAwqzKyX8QkOXMukb0F2sh7judVQh5hOLMRyf3MY3pNIyf9EvzjWlEBFP3pKLasdbkbpWP13fcpDVfpsXrF+qBm4BbCn33fYbyulLKnfUFswrKNZxknY8HgTIcK5ZLl6FzZZzaG6iXLQy7GXZkBNI0wqYE/NvEdF84LE57RrycKjByzvUlh+E36BX8ag4h90/4Fsu9eLme6ZSmVYIS7zHdXxd5uBtBU+H39UPnqhAnuTAHmbhGGcDPR+Zr+p8rzDx52wzI0vxh/goT7Uv1vbDu2I6LmpyuM13V2z6KYjU0wId9BsIUEOKVDGt7AzFHM4CMmXIEyI3cFeTWuTM9IAii5Lb0gobPClR/HW64N1psp6xfwTu7zA7YAu6Jovjv4tMoE9Mnv3CkvwbMU70iyT3VpnekLlAjuwZNw4E21G4ic4P5LhhYwnZ/PIbTAL72VxckjlESPm0LPr0D9wctaDh+B0nXat2YOM= ceph-d222a03c-eca6-11ee-95d0-87774f69a715' | sudo tee -a /root/.ssh/authorized_keys && sudo chmod 0600 /root/.ssh/authorized_keys
2024-03-28T02:01:51.515 INFO:teuthology.orchestra.run.smithi106.stdout:ssh-rsa AAAAB3NzaC1yc2EAAAADAQABAAABgQDdANol1AwH56UNCZECPEU81h8ybII4H7kKAwqzKyX8QkOXMukb0F2sh7judVQh5hOLMRyf3MY3pNIyf9EvzjWlEBFP3pKLasdbkbpWP13fcpDVfpsXrF+qBm4BbCn33fYbyulLKnfUFswrKNZxknY8HgTIcK5ZLl6FzZZzaG6iXLQy7GXZkBNI0wqYE/NvEdF84LE57RrycKjByzvUlh+E36BX8ag4h90/4Fsu9eLme6ZSmVYIS7zHdXxd5uBtBU+H39UPnqhAnuTAHmbhGGcDPR+Zr+p8rzDx52wzI0vxh/goT7Uv1vbDu2I6LmpyuM13V2z6KYjU0wId9BsIUEOKVDGt7AzFHM4CMmXIEyI3cFeTWuTM9IAii5Lb0gobPClR/HW64N1psp6xfwTu7zA7YAu6Jovjv4tMoE9Mnv3CkvwbMU70iyT3VpnekLlAjuwZNw4E21G4ic4P5LhhYwnZ/PIbTAL72VxckjlESPm0LPr0D9wctaDh+B0nXat2YOM= ceph-d222a03c-eca6-11ee-95d0-87774f69a715
2024-03-28T02:01:51.529 DEBUG:teuthology.orchestra.run.smithi153:> sudo install -d -m 0700 /root/.ssh && echo 'ssh-rsa AAAAB3NzaC1yc2EAAAADAQABAAABgQDdANol1AwH56UNCZECPEU81h8ybII4H7kKAwqzKyX8QkOXMukb0F2sh7judVQh5hOLMRyf3MY3pNIyf9EvzjWlEBFP3pKLasdbkbpWP13fcpDVfpsXrF+qBm4BbCn33fYbyulLKnfUFswrKNZxknY8HgTIcK5ZLl6FzZZzaG6iXLQy7GXZkBNI0wqYE/NvEdF84LE57RrycKjByzvUlh+E36BX8ag4h90/4Fsu9eLme6ZSmVYIS7zHdXxd5uBtBU+H39UPnqhAnuTAHmbhGGcDPR+Zr+p8rzDx52wzI0vxh/goT7Uv1vbDu2I6LmpyuM13V2z6KYjU0wId9BsIUEOKVDGt7AzFHM4CMmXIEyI3cFeTWuTM9IAii5Lb0gobPClR/HW64N1psp6xfwTu7zA7YAu6Jovjv4tMoE9Mnv3CkvwbMU70iyT3VpnekLlAjuwZNw4E21G4ic4P5LhhYwnZ/PIbTAL72VxckjlESPm0LPr0D9wctaDh+B0nXat2YOM= ceph-d222a03c-eca6-11ee-95d0-87774f69a715' | sudo tee -a /root/.ssh/authorized_keys && sudo chmod 0600 /root/.ssh/authorized_keys
2024-03-28T02:01:51.578 INFO:teuthology.orchestra.run.smithi153.stdout:ssh-rsa AAAAB3NzaC1yc2EAAAADAQABAAABgQDdANol1AwH56UNCZECPEU81h8ybII4H7kKAwqzKyX8QkOXMukb0F2sh7judVQh5hOLMRyf3MY3pNIyf9EvzjWlEBFP3pKLasdbkbpWP13fcpDVfpsXrF+qBm4BbCn33fYbyulLKnfUFswrKNZxknY8HgTIcK5ZLl6FzZZzaG6iXLQy7GXZkBNI0wqYE/NvEdF84LE57RrycKjByzvUlh+E36BX8ag4h90/4Fsu9eLme6ZSmVYIS7zHdXxd5uBtBU+H39UPnqhAnuTAHmbhGGcDPR+Zr+p8rzDx52wzI0vxh/goT7Uv1vbDu2I6LmpyuM13V2z6KYjU0wId9BsIUEOKVDGt7AzFHM4CMmXIEyI3cFeTWuTM9IAii5Lb0gobPClR/HW64N1psp6xfwTu7zA7YAu6Jovjv4tMoE9Mnv3CkvwbMU70iyT3VpnekLlAjuwZNw4E21G4ic4P5LhhYwnZ/PIbTAL72VxckjlESPm0LPr0D9wctaDh+B0nXat2YOM= ceph-d222a03c-eca6-11ee-95d0-87774f69a715
2024-03-28T02:01:51.593 DEBUG:teuthology.orchestra.run.smithi178:> sudo install -d -m 0700 /root/.ssh && echo 'ssh-rsa AAAAB3NzaC1yc2EAAAADAQABAAABgQDdANol1AwH56UNCZECPEU81h8ybII4H7kKAwqzKyX8QkOXMukb0F2sh7judVQh5hOLMRyf3MY3pNIyf9EvzjWlEBFP3pKLasdbkbpWP13fcpDVfpsXrF+qBm4BbCn33fYbyulLKnfUFswrKNZxknY8HgTIcK5ZLl6FzZZzaG6iXLQy7GXZkBNI0wqYE/NvEdF84LE57RrycKjByzvUlh+E36BX8ag4h90/4Fsu9eLme6ZSmVYIS7zHdXxd5uBtBU+H39UPnqhAnuTAHmbhGGcDPR+Zr+p8rzDx52wzI0vxh/goT7Uv1vbDu2I6LmpyuM13V2z6KYjU0wId9BsIUEOKVDGt7AzFHM4CMmXIEyI3cFeTWuTM9IAii5Lb0gobPClR/HW64N1psp6xfwTu7zA7YAu6Jovjv4tMoE9Mnv3CkvwbMU70iyT3VpnekLlAjuwZNw4E21G4ic4P5LhhYwnZ/PIbTAL72VxckjlESPm0LPr0D9wctaDh+B0nXat2YOM= ceph-d222a03c-eca6-11ee-95d0-87774f69a715' | sudo tee -a /root/.ssh/authorized_keys && sudo chmod 0600 /root/.ssh/authorized_keys
2024-03-28T02:01:51.642 INFO:teuthology.orchestra.run.smithi178.stdout:ssh-rsa AAAAB3NzaC1yc2EAAAADAQABAAABgQDdANol1AwH56UNCZECPEU81h8ybII4H7kKAwqzKyX8QkOXMukb0F2sh7judVQh5hOLMRyf3MY3pNIyf9EvzjWlEBFP3pKLasdbkbpWP13fcpDVfpsXrF+qBm4BbCn33fYbyulLKnfUFswrKNZxknY8HgTIcK5ZLl6FzZZzaG6iXLQy7GXZkBNI0wqYE/NvEdF84LE57RrycKjByzvUlh+E36BX8ag4h90/4Fsu9eLme6ZSmVYIS7zHdXxd5uBtBU+H39UPnqhAnuTAHmbhGGcDPR+Zr+p8rzDx52wzI0vxh/goT7Uv1vbDu2I6LmpyuM13V2z6KYjU0wId9BsIUEOKVDGt7AzFHM4CMmXIEyI3cFeTWuTM9IAii5Lb0gobPClR/HW64N1psp6xfwTu7zA7YAu6Jovjv4tMoE9Mnv3CkvwbMU70iyT3VpnekLlAjuwZNw4E21G4ic4P5LhhYwnZ/PIbTAL72VxckjlESPm0LPr0D9wctaDh+B0nXat2YOM= ceph-d222a03c-eca6-11ee-95d0-87774f69a715
2024-03-28T02:01:51.657 DEBUG:teuthology.orchestra.run.smithi106:> sudo /home/ubuntu/cephtest/cephadm --image quay-quay-quay.apps.os.sepia.ceph.com/ceph-ci/ceph:3be9a5c9bc793e11e2800a8c0c696e8b46742033 shell -c /etc/ceph/ceph.conf -k /etc/ceph/ceph.client.admin.keyring --fsid d222a03c-eca6-11ee-95d0-87774f69a715 -- ceph config set mgr mgr/cephadm/allow_ptrace true
2024-03-28T02:01:51.834 INFO:journalctl@ceph.mon.a.smithi106.stdout:Mar 28 02:01:51 smithi106 ceph-mon[31965]: from='client.? 172.21.15.106:0/3387106801' entity='client.admin'
2024-03-28T02:01:51.892 INFO:teuthology.orchestra.run.smithi106.stderr:Inferring config /var/lib/ceph/d222a03c-eca6-11ee-95d0-87774f69a715/mon.a/config
2024-03-28T02:01:54.513 INFO:teuthology.orchestra.run.smithi106.stderr:2024-03-28T02:01:54.518+0000 7f7eff865700 1 -- 172.21.15.106:0/3714183783 >> [v2:172.21.15.106:3300/0,v1:172.21.15.106:6789/0] conn(0x7f7ef8101bd0 msgr2=0x7f7ef8101ff0 secure :-1 s=STATE_CONNECTION_ESTABLISHED l=1).mark_down
2024-03-28T02:01:54.513 INFO:teuthology.orchestra.run.smithi106.stderr:2024-03-28T02:01:54.518+0000 7f7eff865700 1 --2- 172.21.15.106:0/3714183783 >> [v2:172.21.15.106:3300/0,v1:172.21.15.106:6789/0] conn(0x7f7ef8101bd0 0x7f7ef8101ff0 secure :-1 s=READY pgs=80 cs=0 l=1 rev1=1 crypto rx=0x7f7ef4009910 tx=0x7f7ef4009c20 comp rx=0 tx=0).stop
2024-03-28T02:01:54.513 INFO:teuthology.orchestra.run.smithi106.stderr:2024-03-28T02:01:54.518+0000 7f7eff865700 1 -- 172.21.15.106:0/3714183783 shutdown_connections
2024-03-28T02:01:54.513 INFO:teuthology.orchestra.run.smithi106.stderr:2024-03-28T02:01:54.518+0000 7f7eff865700 1 --2- 172.21.15.106:0/3714183783 >> [v2:172.21.15.106:3300/0,v1:172.21.15.106:6789/0] conn(0x7f7ef8101bd0 0x7f7ef8101ff0 unknown :-1 s=CLOSED pgs=80 cs=0 l=1 rev1=1 crypto rx=0 tx=0 comp rx=0 tx=0).stop
2024-03-28T02:01:54.513 INFO:teuthology.orchestra.run.smithi106.stderr:2024-03-28T02:01:54.518+0000 7f7eff865700 1 -- 172.21.15.106:0/3714183783 >> 172.21.15.106:0/3714183783 conn(0x7f7ef80fd170 msgr2=0x7f7ef80ff5b0 unknown :-1 s=STATE_NONE l=0).mark_down
2024-03-28T02:01:54.513 INFO:teuthology.orchestra.run.smithi106.stderr:2024-03-28T02:01:54.518+0000 7f7eff865700 1 -- 172.21.15.106:0/3714183783 shutdown_connections
2024-03-28T02:01:54.513 INFO:teuthology.orchestra.run.smithi106.stderr:2024-03-28T02:01:54.518+0000 7f7eff865700 1 -- 172.21.15.106:0/3714183783 wait complete.
2024-03-28T02:01:54.513 INFO:teuthology.orchestra.run.smithi106.stderr:2024-03-28T02:01:54.519+0000 7f7eff865700 1 Processor -- start
2024-03-28T02:01:54.513 INFO:teuthology.orchestra.run.smithi106.stderr:2024-03-28T02:01:54.519+0000 7f7eff865700 1 -- start start
2024-03-28T02:01:54.513 INFO:teuthology.orchestra.run.smithi106.stderr:2024-03-28T02:01:54.519+0000 7f7eff865700 1 --2- >> [v2:172.21.15.106:3300/0,v1:172.21.15.106:6789/0] conn(0x7f7ef8101bd0 0x7f7ef8199550 unknown :-1 s=NONE pgs=0 cs=0 l=1 rev1=0 crypto rx=0 tx=0 comp rx=0 tx=0).connect
2024-03-28T02:01:54.513 INFO:teuthology.orchestra.run.smithi106.stderr:2024-03-28T02:01:54.519+0000 7f7eff865700 1 -- --> [v2:172.21.15.106:3300/0,v1:172.21.15.106:6789/0] -- mon_getmap magic: 0 v1 -- 0x7f7ef8107c60 con 0x7f7ef8101bd0
2024-03-28T02:01:54.514 INFO:teuthology.orchestra.run.smithi106.stderr:2024-03-28T02:01:54.519+0000 7f7efd601700 1 --2- >> [v2:172.21.15.106:3300/0,v1:172.21.15.106:6789/0] conn(0x7f7ef8101bd0 0x7f7ef8199550 unknown :-1 s=BANNER_CONNECTING pgs=0 cs=0 l=1 rev1=0 crypto rx=0 tx=0 comp rx=0 tx=0)._handle_peer_banner_payload supported=3 required=0
2024-03-28T02:01:54.514 INFO:teuthology.orchestra.run.smithi106.stderr:2024-03-28T02:01:54.519+0000 7f7efd601700 1 --2- >> [v2:172.21.15.106:3300/0,v1:172.21.15.106:6789/0] conn(0x7f7ef8101bd0 0x7f7ef8199550 unknown :-1 s=HELLO_CONNECTING pgs=0 cs=0 l=1 rev1=1 crypto rx=0 tx=0 comp rx=0 tx=0).handle_hello peer v2:172.21.15.106:3300/0 says I am v2:172.21.15.106:37468/0 (socket says 172.21.15.106:37468)
2024-03-28T02:01:54.514 INFO:teuthology.orchestra.run.smithi106.stderr:2024-03-28T02:01:54.519+0000 7f7efd601700 1 -- 172.21.15.106:0/1623594537 learned_addr learned my addr 172.21.15.106:0/1623594537 (peer_addr_for_me v2:172.21.15.106:0/0)
2024-03-28T02:01:54.514 INFO:teuthology.orchestra.run.smithi106.stderr:2024-03-28T02:01:54.519+0000 7f7efd601700 1 -- 172.21.15.106:0/1623594537 --> [v2:172.21.15.106:3300/0,v1:172.21.15.106:6789/0] -- mon_subscribe({config=0+,monmap=0+}) v3 -- 0x7f7ef8199a90 con 0x7f7ef8101bd0
2024-03-28T02:01:54.514 INFO:teuthology.orchestra.run.smithi106.stderr:2024-03-28T02:01:54.519+0000 7f7efd601700 1 --2- 172.21.15.106:0/1623594537 >> [v2:172.21.15.106:3300/0,v1:172.21.15.106:6789/0] conn(0x7f7ef8101bd0 0x7f7ef8199550 secure :-1 s=READY pgs=81 cs=0 l=1 rev1=1 crypto rx=0x7f7ef4009fd0 tx=0x7f7ef4005050 comp rx=0 tx=0).ready entity=mon.0 client_cookie=0 server_cookie=0 in_seq=0 out_seq=0
2024-03-28T02:01:54.514 INFO:teuthology.orchestra.run.smithi106.stderr:2024-03-28T02:01:54.520+0000 7f7eee7fc700 1 -- 172.21.15.106:0/1623594537 <== mon.0 v2:172.21.15.106:3300/0 1 ==== mon_map magic: 0 v1 ==== 205+0+0 (secure 0 0 0) 0x7f7ef4027070 con 0x7f7ef8101bd0
2024-03-28T02:01:54.514 INFO:teuthology.orchestra.run.smithi106.stderr:2024-03-28T02:01:54.520+0000 7f7eee7fc700 1 -- 172.21.15.106:0/1623594537 <== mon.0 v2:172.21.15.106:3300/0 2 ==== config(27 keys) v1 ==== 1140+0+0 (secure 0 0 0) 0x7f7ef400be40 con 0x7f7ef8101bd0
2024-03-28T02:01:54.514 INFO:teuthology.orchestra.run.smithi106.stderr:2024-03-28T02:01:54.520+0000 7f7eff865700 1 -- 172.21.15.106:0/1623594537 --> [v2:172.21.15.106:3300/0,v1:172.21.15.106:6789/0] -- mon_subscribe({mgrmap=0+}) v3 -- 0x7f7ef8199d20 con 0x7f7ef8101bd0
2024-03-28T02:01:54.515 INFO:teuthology.orchestra.run.smithi106.stderr:2024-03-28T02:01:54.520+0000 7f7eee7fc700 1 -- 172.21.15.106:0/1623594537 <== mon.0 v2:172.21.15.106:3300/0 3 ==== mon_map magic: 0 v1 ==== 205+0+0 (secure 0 0 0) 0x7f7ef400f460 con 0x7f7ef8101bd0
2024-03-28T02:01:54.515 INFO:teuthology.orchestra.run.smithi106.stderr:2024-03-28T02:01:54.520+0000 7f7eff865700 1 -- 172.21.15.106:0/1623594537 --> [v2:172.21.15.106:3300/0,v1:172.21.15.106:6789/0] -- mon_subscribe({osdmap=0}) v3 -- 0x7f7ef819ca10 con 0x7f7ef8101bd0
2024-03-28T02:01:54.515 INFO:teuthology.orchestra.run.smithi106.stderr:2024-03-28T02:01:54.520+0000 7f7eee7fc700 1 -- 172.21.15.106:0/1623594537 <== mon.0 v2:172.21.15.106:3300/0 4 ==== mgrmap(e 13) v1 ==== 46163+0+0 (secure 0 0 0) 0x7f7ef402a070 con 0x7f7ef8101bd0
2024-03-28T02:01:54.515 INFO:teuthology.orchestra.run.smithi106.stderr:2024-03-28T02:01:54.521+0000 7f7eff865700 1 -- 172.21.15.106:0/1623594537 --> [v2:172.21.15.106:3300/0,v1:172.21.15.106:6789/0] -- mon_command({"prefix": "get_command_descriptions"} v 0) v1 -- 0x7f7ef81083e0 con 0x7f7ef8101bd0
2024-03-28T02:01:54.515 INFO:teuthology.orchestra.run.smithi106.stderr:2024-03-28T02:01:54.521+0000 7f7eee7fc700 1 --2- 172.21.15.106:0/1623594537 >> [v2:172.21.15.106:6800/3501119323,v1:172.21.15.106:6801/3501119323] conn(0x7f7ee4039020 0x7f7ee403b4e0 unknown :-1 s=NONE pgs=0 cs=0 l=1 rev1=0 crypto rx=0 tx=0 comp rx=0 tx=0).connect
2024-03-28T02:01:54.515 INFO:teuthology.orchestra.run.smithi106.stderr:2024-03-28T02:01:54.521+0000 7f7eee7fc700 1 -- 172.21.15.106:0/1623594537 <== mon.0 v2:172.21.15.106:3300/0 5 ==== osd_map(3..3 src has 1..3) v4 ==== 1155+0+0 (secure 0 0 0) 0x7f7ef401e030 con 0x7f7ef8101bd0
2024-03-28T02:01:54.516 INFO:teuthology.orchestra.run.smithi106.stderr:2024-03-28T02:01:54.521+0000 7f7efce00700 1 --2- 172.21.15.106:0/1623594537 >> [v2:172.21.15.106:6800/3501119323,v1:172.21.15.106:6801/3501119323] conn(0x7f7ee4039020 0x7f7ee403b4e0 unknown :-1 s=BANNER_CONNECTING pgs=0 cs=0 l=1 rev1=0 crypto rx=0 tx=0 comp rx=0 tx=0)._handle_peer_banner_payload supported=3 required=0
