2024-03-28T02:01:44.274 INFO:teuthology.orchestra.run.smithi106.stdout:/usr/bin/ceph: stderr
2024-03-28T02:01:43.285+0000 7fafe58b6700 1 -- 172.21.15.106:0/1394042001 >> 172.21.15.106:0/1394042001 conn(0x7fafe0101ff0 msgr2=0x7fafe0102a90 unknown :-1 s=STATE_NONE l=0).mark_down
2024-03-28T02:01:44.274 INFO:teuthology.orchestra.run.smithi106.stdout:/usr/bin/ceph: stderr
2024-03-28T02:01:43.285+0000 7fafe58b6700 1 -- 172.21.15.106:0/1394042001 shutdown_connections
2024-03-28T02:01:44.274 INFO:teuthology.orchestra.run.smithi106.stdout:/usr/bin/ceph: stderr
2024-03-28T02:01:43.285+0000 7fafe58b6700 1 -- 172.21.15.106:0/1394042001 wait complete.
2024-03-28T02:01:44.274 INFO:teuthology.orchestra.run.smithi106.stdout:mgr epoch 9 is available
2024-03-28T02:01:44.274 INFO:teuthology.orchestra.run.smithi106.stdout:Generating a dashboard self-signed certificate...
2024-03-28T02:01:44.528 INFO:journalctl@ceph.mon.a.smithi106.stdout:Mar 28 02:01:44 smithi106 ceph-mon[31965]: [28/Mar/2024:02:01:43] ENGINE Bus STARTING
2024-03-28T02:01:44.529 INFO:journalctl@ceph.mon.a.smithi106.stdout:Mar 28 02:01:44 smithi106 ceph-mon[31965]: from='client.14156 -' entity='client.admin' cmd=[{"prefix": "get_command_descriptions"}]: dispatch
2024-03-28T02:01:44.529 INFO:journalctl@ceph.mon.a.smithi106.stdout:Mar 28 02:01:44 smithi106 ceph-mon[31965]: from='client.14156 -' entity='client.admin' cmd=[{"prefix": "mgr_status"}]: dispatch
2024-03-28T02:01:44.529 INFO:journalctl@ceph.mon.a.smithi106.stdout:Mar 28 02:01:44 smithi106 ceph-mon[31965]: [28/Mar/2024:02:01:43] ENGINE Serving on https://172.21.15.106:7150
2024-03-28T02:01:44.529 INFO:journalctl@ceph.mon.a.smithi106.stdout:Mar 28 02:01:44 smithi106 ceph-mon[31965]: [28/Mar/2024:02:01:43] ENGINE Serving on http://172.21.15.106:8765
2024-03-28T02:01:44.529 INFO:journalctl@ceph.mon.a.smithi106.stdout:Mar 28 02:01:44 smithi106 ceph-mon[31965]: [28/Mar/2024:02:01:43] ENGINE Bus STARTED
2024-03-28T02:01:44.529 INFO:journalctl@ceph.mon.a.smithi106.stdout:Mar 28 02:01:44 smithi106 ceph-mon[31965]: from='mgr.14152 172.21.15.106:0/2834216226' entity='mgr.x'
2024-03-28T02:01:45.666 INFO:teuthology.orchestra.run.smithi106.stdout:/usr/bin/ceph: stdout Self-signed certificate created
2024-03-28T02:01:45.667 INFO:teuthology.orchestra.run.smithi106.stdout:/usr/bin/ceph: stderr
2024-03-28T02:01:44.750+0000 7fdbf6fa9700 1 Processor -- start
2024-03-28T02:01:45.667 INFO:teuthology.orchestra.run.smithi106.stdout:/usr/bin/ceph: stderr
2024-03-28T02:01:44.750+0000 7fdbf6fa9700 1 -- start start
2024-03-28T02:01:45.667 INFO:teuthology.orchestra.run.smithi106.stdout:/usr/bin/ceph: stderr
2024-03-28T02:01:44.750+0000 7fdbf6fa9700 1 --2- >> [v2:172.21.15.106:3300/0,v1:172.21.15.106:6789/0] conn(0x7fdbf0105de0 0x7fdbf0106200 unknown :-1 s=NONE pgs=0 cs=0 l=0 rev1=0 crypto rx=0 tx=0 comp rx=0 tx=0).connect
2024-03-28T02:01:45.667 INFO:teuthology.orchestra.run.smithi106.stdout:/usr/bin/ceph: stderr
2024-03-28T02:01:44.751+0000 7fdbf6fa9700 1 -- --> [v2:172.21.15.106:3300/0,v1:172.21.15.106:6789/0] -- mon_getmap magic: 0 v1 -- 0x7fdbf01067d0 con 0x7fdbf0105de0
2024-03-28T02:01:45.667 INFO:teuthology.orchestra.run.smithi106.stdout:/usr/bin/ceph: stderr
2024-03-28T02:01:44.751+0000 7fdbf4d45700 1 --2- >> [v2:172.21.15.106:3300/0,v1:172.21.15.106:6789/0] conn(0x7fdbf0105de0 0x7fdbf0106200 unknown :-1 s=BANNER_CONNECTING pgs=0 cs=0 l=0 rev1=0 crypto rx=0 tx=0 comp rx=0 tx=0)._handle_peer_banner_payload supported=3 required=0
2024-03-28T02:01:45.667 INFO:teuthology.orchestra.run.smithi106.stdout:/usr/bin/ceph: stderr
2024-03-28T02:01:44.751+0000 7fdbf4d45700 1 --2- >> [v2:172.21.15.106:3300/0,v1:172.21.15.106:6789/0] conn(0x7fdbf0105de0 0x7fdbf0106200 unknown :-1 s=HELLO_CONNECTING pgs=0 cs=0 l=0 rev1=1 crypto rx=0 tx=0 comp rx=0 tx=0).handle_hello peer v2:172.21.15.106:3300/0 says I am v2:172.21.15.106:43318/0 (socket says 172.21.15.106:43318)
2024-03-28T02:01:45.667 INFO:teuthology.orchestra.run.smithi106.stdout:/usr/bin/ceph: stderr
2024-03-28T02:01:44.751+0000 7fdbf4d45700 1 -- 172.21.15.106:0/2486467818 learned_addr learned my addr 172.21.15.106:0/2486467818 (peer_addr_for_me v2:172.21.15.106:0/0)
2024-03-28T02:01:45.667 INFO:teuthology.orchestra.run.smithi106.stdout:/usr/bin/ceph: stderr
2024-03-28T02:01:44.751+0000 7fdbf4d45700 1 -- 172.21.15.106:0/2486467818 --> [v2:172.21.15.106:3300/0,v1:172.21.15.106:6789/0] -- mon_subscribe({config=0+,monmap=0+}) v3 -- 0x7fdbf0108d70 con 0x7fdbf0105de0
2024-03-28T02:01:45.667 INFO:teuthology.orchestra.run.smithi106.stdout:/usr/bin/ceph: stderr
2024-03-28T02:01:44.751+0000 7fdbf4d45700 1 --2- 172.21.15.106:0/2486467818 >> [v2:172.21.15.106:3300/0,v1:172.21.15.106:6789/0] conn(0x7fdbf0105de0 0x7fdbf0106200 secure :-1 s=READY pgs=70 cs=0 l=1 rev1=1 crypto rx=0x7fdbe40098a0 tx=0x7fdbe4009bb0 comp rx=0 tx=0).ready entity=mon.0 client_cookie=fc3d9decf1a3c261 server_cookie=0 in_seq=0 out_seq=0
2024-03-28T02:01:45.667 INFO:teuthology.orchestra.run.smithi106.stdout:/usr/bin/ceph: stderr
2024-03-28T02:01:44.751+0000 7fdbef7fe700 1 -- 172.21.15.106:0/2486467818 <== mon.0 v2:172.21.15.106:3300/0 1 ==== mon_map magic: 0 v1 ==== 205+0+0 (secure 0 0 0) 0x7fdbe4004160 con 0x7fdbf0105de0
2024-03-28T02:01:45.667 INFO:teuthology.orchestra.run.smithi106.stdout:/usr/bin/ceph: stderr
2024-03-28T02:01:44.752+0000 7fdbef7fe700 1 -- 172.21.15.106:0/2486467818 <== mon.0 v2:172.21.15.106:3300/0 2 ==== config(27 keys) v1 ==== 1140+0+0 (secure 0 0 0) 0x7fdbe4004300 con 0x7fdbf0105de0
2024-03-28T02:01:45.668 INFO:teuthology.orchestra.run.smithi106.stdout:/usr/bin/ceph: stderr
2024-03-28T02:01:44.752+0000 7fdbef7fe700 1 -- 172.21.15.106:0/2486467818 <== mon.0 v2:172.21.15.106:3300/0 3 ==== mon_map magic: 0 v1 ==== 205+0+0 (secure 0 0 0) 0x7fdbe4011b20 con 0x7fdbf0105de0
2024-03-28T02:01:45.668 INFO:teuthology.orchestra.run.smithi106.stdout:/usr/bin/ceph: stderr
2024-03-28T02:01:44.752+0000 7fdbf6fa9700 1 -- 172.21.15.106:0/2486467818 >> [v2:172.21.15.106:3300/0,v1:172.21.15.106:6789/0] conn(0x7fdbf0105de0 msgr2=0x7fdbf0106200 secure :-1 s=STATE_CONNECTION_ESTABLISHED l=1).mark_down
2024-03-28T02:01:45.668 INFO:teuthology.orchestra.run.smithi106.stdout:/usr/bin/ceph: stderr
2024-03-28T02:01:44.752+0000 7fdbf6fa9700 1 --2- 172.21.15.106:0/2486467818 >> [v2:172.21.15.106:3300/0,v1:172.21.15.106:6789/0] conn(0x7fdbf0105de0 0x7fdbf0106200 secure :-1 s=READY pgs=70 cs=0 l=1 rev1=1 crypto rx=0x7fdbe40098a0 tx=0x7fdbe4009bb0 comp rx=0 tx=0).stop
2024-03-28T02:01:45.668 INFO:teuthology.orchestra.run.smithi106.stdout:/usr/bin/ceph: stderr
2024-03-28T02:01:44.752+0000 7fdbf6fa9700 1 -- 172.21.15.106:0/2486467818 shutdown_connections
2024-03-28T02:01:45.668 INFO:teuthology.orchestra.run.smithi106.stdout:/usr/bin/ceph: stderr
2024-03-28T02:01:44.752+0000 7fdbf6fa9700 1 --2- 172.21.15.106:0/2486467818 >> [v2:172.21.15.106:3300/0,v1:172.21.15.106:6789/0] conn(0x7fdbf0105de0 0x7fdbf0106200 unknown :-1 s=CLOSED pgs=70 cs=0 l=1 rev1=1 crypto rx=0 tx=0 comp rx=0 tx=0).stop
2024-03-28T02:01:45.668 INFO:teuthology.orchestra.run.smithi106.stdout:/usr/bin/ceph: stderr
2024-03-28T02:01:44.752+0000 7fdbf6fa9700 1 -- 172.21.15.106:0/2486467818 >> 172.21.15.106:0/2486467818 conn(0x7fdbf0101710 msgr2=0x7fdbf0103b50 unknown :-1 s=STATE_NONE l=0).mark_down
2024-03-28T02:01:45.668 INFO:teuthology.orchestra.run.smithi106.stdout:/usr/bin/ceph: stderr
2024-03-28T02:01:44.752+0000 7fdbf6fa9700 1 -- 172.21.15.106:0/2486467818 shutdown_connections
2024-03-28T02:01:45.668 INFO:teuthology.orchestra.run.smithi106.stdout:/usr/bin/ceph: stderr
2024-03-28T02:01:44.752+0000 7fdbf6fa9700 1 -- 172.21.15.106:0/2486467818 wait complete.
2024-03-28T02:01:45.668 INFO:teuthology.orchestra.run.smithi106.stdout:/usr/bin/ceph: stderr
2024-03-28T02:01:44.753+0000 7fdbf6fa9700 1 Processor -- start
2024-03-28T02:01:45.668 INFO:teuthology.orchestra.run.smithi106.stdout:/usr/bin/ceph: stderr
2024-03-28T02:01:44.753+0000 7fdbf6fa9700 1 -- start start
2024-03-28T02:01:45.668 INFO:teuthology.orchestra.run.smithi106.stdout:/usr/bin/ceph: stderr
2024-03-28T02:01:44.753+0000 7fdbf6fa9700 1 --2- >> [v2:172.21.15.106:3300/0,v1:172.21.15.106:6789/0] conn(0x7fdbf0105de0 0x7fdbf019baa0 unknown :-1 s=NONE pgs=0 cs=0 l=1 rev1=0 crypto rx=0 tx=0 comp rx=0 tx=0).connect
2024-03-28T02:01:45.668 INFO:teuthology.orchestra.run.smithi106.stdout:/usr/bin/ceph: stderr
2024-03-28T02:01:44.753+0000 7fdbf6fa9700 1 -- --> [v2:172.21.15.106:3300/0,v1:172.21.15.106:6789/0] -- mon_getmap magic: 0 v1 -- 0x7fdbf010c120 con 0x7fdbf0105de0
2024-03-28T02:01:45.668 INFO:teuthology.orchestra.run.smithi106.stdout:/usr/bin/ceph: stderr
2024-03-28T02:01:44.754+0000 7fdbf4d45700 1 --2- >> [v2:172.21.15.106:3300/0,v1:172.21.15.106:6789/0] conn(0x7fdbf0105de0 0x7fdbf019baa0 unknown :-1 s=BANNER_CONNECTING pgs=0 cs=0 l=1 rev1=0 crypto rx=0 tx=0 comp rx=0 tx=0)._handle_peer_banner_payload supported=3 required=0
2024-03-28T02:01:45.668 INFO:teuthology.orchestra.run.smithi106.stdout:/usr/bin/ceph: stderr
2024-03-28T02:01:44.754+0000 7fdbf4d45700 1 --2- >> [v2:172.21.15.106:3300/0,v1:172.21.15.106:6789/0] conn(0x7fdbf0105de0 0x7fdbf019baa0 unknown :-1 s=HELLO_CONNECTING pgs=0 cs=0 l=1 rev1=1 crypto rx=0 tx=0 comp rx=0 tx=0).handle_hello peer v2:172.21.15.106:3300/0 says I am v2:172.21.15.106:43330/0 (socket says 172.21.15.106:43330)
2024-03-28T02:01:45.668 INFO:teuthology.orchestra.run.smithi106.stdout:/usr/bin/ceph: stderr
2024-03-28T02:01:44.754+0000 7fdbf4d45700 1 -- 172.21.15.106:0/2510401364 learned_addr learned my addr 172.21.15.106:0/2510401364 (peer_addr_for_me v2:172.21.15.106:0/0)
2024-03-28T02:01:45.669 INFO:teuthology.orchestra.run.smithi106.stdout:/usr/bin/ceph: stderr
2024-03-28T02:01:44.754+0000 7fdbf4d45700 1 -- 172.21.15.106:0/2510401364 --> [v2:172.21.15.106:3300/0,v1:172.21.15.106:6789/0] -- mon_subscribe({config=0+,monmap=0+}) v3 -- 0x7fdbf019bfe0 con 0x7fdbf0105de0
2024-03-28T02:01:45.669 INFO:teuthology.orchestra.run.smithi106.stdout:/usr/bin/ceph: stderr
2024-03-28T02:01:44.754+0000 7fdbf4d45700 1 --2- 172.21.15.106:0/2510401364 >> [v2:172.21.15.106:3300/0,v1:172.21.15.106:6789/0] conn(0x7fdbf0105de0 0x7fdbf019baa0 secure :-1 s=READY pgs=71 cs=0 l=1 rev1=1 crypto rx=0x7fdbe4000c00 tx=0x7fdbe4011c10 comp rx=0 tx=0).ready entity=mon.0 client_cookie=0 server_cookie=0 in_seq=0 out_seq=0
2024-03-28T02:01:45.669 INFO:teuthology.orchestra.run.smithi106.stdout:/usr/bin/ceph: stderr
2024-03-28T02:01:44.754+0000 7fdbedffb700 1 -- 172.21.15.106:0/2510401364 <== mon.0 v2:172.21.15.106:3300/0 1 ==== mon_map magic: 0 v1 ==== 205+0+0 (secure 0 0 0) 0x7fdbe4003b60 con 0x7fdbf0105de0
2024-03-28T02:01:45.669 INFO:teuthology.orchestra.run.smithi106.stdout:/usr/bin/ceph: stderr
2024-03-28T02:01:44.754+0000 7fdbf6fa9700 1 -- 172.21.15.106:0/2510401364 --> [v2:172.21.15.106:3300/0,v1:172.21.15.106:6789/0] -- mon_subscribe({mgrmap=0+}) v3 -- 0x7fdbf019c270 con 0x7fdbf0105de0
2024-03-28T02:01:45.669 INFO:teuthology.orchestra.run.smithi106.stdout:/usr/bin/ceph: stderr
2024-03-28T02:01:44.754+0000 7fdbedffb700 1 -- 172.21.15.106:0/2510401364 <== mon.0 v2:172.21.15.106:3300/0 2 ==== config(27 keys) v1 ==== 1140+0+0 (secure 0 0 0) 0x7fdbe401a910 con 0x7fdbf0105de0
2024-03-28T02:01:45.669 INFO:teuthology.orchestra.run.smithi106.stdout:/usr/bin/ceph: stderr
2024-03-28T02:01:44.754+0000 7fdbedffb700 1 -- 172.21.15.106:0/2510401364 <== mon.0 v2:172.21.15.106:3300/0 3 ==== mon_map magic: 0 v1 ==== 205+0+0 (secure 0 0 0) 0x7fdbe4024930 con 0x7fdbf0105de0
2024-03-28T02:01:45.669 INFO:teuthology.orchestra.run.smithi106.stdout:/usr/bin/ceph: stderr
2024-03-28T02:01:44.754+0000 7fdbf6fa9700 1 -- 172.21.15.106:0/2510401364 --> [v2:172.21.15.106:3300/0,v1:172.21.15.106:6789/0] -- mon_subscribe({osdmap=0}) v3 -- 0x7fdbf019c6d0 con 0x7fdbf0105de0
2024-03-28T02:01:45.669 INFO:teuthology.orchestra.run.smithi106.stdout:/usr/bin/ceph: stderr
2024-03-28T02:01:44.755+0000 7fdbf6fa9700 1 -- 172.21.15.106:0/2510401364 --> [v2:172.21.15.106:3300/0,v1:172.21.15.106:6789/0] -- mon_command({"prefix": "get_command_descriptions"} v 0) v1 -- 0x7fdbf0069260 con 0x7fdbf0105de0
2024-03-28T02:01:45.669 INFO:teuthology.orchestra.run.smithi106.stdout:/usr/bin/ceph: stderr
2024-03-28T02:01:44.755+0000 7fdbedffb700 1 -- 172.21.15.106:0/2510401364 <== mon.0 v2:172.21.15.106:3300/0 4 ==== mgrmap(e 11) v1 ==== 46013+0+0 (secure 0 0 0) 0x7fdbe4022020 con 0x7fdbf0105de0
2024-03-28T02:01:45.669 INFO:teuthology.orchestra.run.smithi106.stdout:/usr/bin/ceph: stderr
2024-03-28T02:01:44.756+0000 7fdbedffb700 1 --2- 172.21.15.106:0/2510401364 >> [v2:172.21.15.106:6800/3501119323,v1:172.21.15.106:6801/3501119323] conn(0x7fdbe0038ec0 0x7fdbe003b380 unknown :-1 s=NONE pgs=0 cs=0 l=1 rev1=0 crypto rx=0 tx=0 comp rx=0 tx=0).connect
2024-03-28T02:01:45.669 INFO:teuthology.orchestra.run.smithi106.stdout:/usr/bin/ceph: stderr
2024-03-28T02:01:44.756+0000 7fdbedffb700 1 -- 172.21.15.106:0/2510401364 <== mon.0 v2:172.21.15.106:3300/0 5 ==== osd_map(3..3 src has 1..3) v4 ==== 1155+0+0 (secure 0 0 0) 0x7fdbe404cf50 con 0x7fdbf0105de0
2024-03-28T02:01:45.669 INFO:teuthology.orchestra.run.smithi106.stdout:/usr/bin/ceph: stderr
2024-03-28T02:01:44.756+0000 7fdbeffff700 1 --2- 172.21.15.106:0/2510401364 >> [v2:172.21.15.106:6800/3501119323,v1:172.21.15.106:6801/3501119323] conn(0x7fdbe0038ec0 0x7fdbe003b380 unknown :-1 s=BANNER_CONNECTING pgs=0 cs=0 l=1 rev1=0 crypto rx=0 tx=0 comp rx=0 tx=0)._handle_peer_banner_payload supported=3 required=0
2024-03-28T02:01:45.669 INFO:teuthology.orchestra.run.smithi106.stdout:/usr/bin/ceph: stderr
2024-03-28T02:01:44.756+0000 7fdbeffff700 1 --2- 172.21.15.106:0/2510401364 >> [v2:172.21.15.106:6800/3501119323,v1:172.21.15.106:6801/3501119323] conn(0x7fdbe0038ec0 0x7fdbe003b380 secure :-1 s=READY pgs=7 cs=0 l=1 rev1=1 crypto rx=0x7fdbdc006fd0 tx=0x7fdbdc006e40 comp rx=0 tx=0).ready entity=mgr.14152 client_cookie=0 server_cookie=0 in_seq=0 out_seq=0
2024-03-28T02:01:45.669 INFO:teuthology.orchestra.run.smithi106.stdout:/usr/bin/ceph: stderr
2024-03-28T02:01:44.761+0000 7fdbedffb700 1 -- 172.21.15.106:0/2510401364 <== mon.0 v2:172.21.15.106:3300/0 6 ==== mon_command_ack([{"prefix": "get_command_descriptions"}]=0 v0) v1 ==== 72+0+186149 (secure 0 0 0) 0x7fdbe402d770 con 0x7fdbf0105de0
2024-03-28T02:01:45.670 INFO:teuthology.orchestra.run.smithi106.stdout:/usr/bin/ceph: stderr
2024-03-28T02:01:44.938+0000 7fdbedffb700 1 -- 172.21.15.106:0/2510401364 <== mon.0 v2:172.21.15.106:3300/0 7 ==== mgrmap(e 12) v1 ==== 46119+0+0 (secure 0 0 0) 0x7fdbe401aac0 con 0x7fdbf0105de0
2024-03-28T02:01:45.670 INFO:teuthology.orchestra.run.smithi106.stdout:/usr/bin/ceph: stderr
2024-03-28T02:01:44.971+0000 7fdbf6fa9700 1 -- 172.21.15.106:0/2510401364 --> [v2:172.21.15.106:6800/3501119323,v1:172.21.15.106:6801/3501119323] -- mgr_command(tid 0: {"prefix": "dashboard create-self-signed-cert", "target": ["mon-mgr", ""]}) v1 -- 0x7fdbf01028e0 con 0x7fdbe0038ec0
2024-03-28T02:01:45.670 INFO:teuthology.orchestra.run.smithi106.stdout:/usr/bin/ceph: stderr
2024-03-28T02:01:45.113+0000 7fdbedffb700 1 -- 172.21.15.106:0/2510401364 <== mgr.14152 v2:172.21.15.106:6800/3501119323 1 ==== mgr_command_reply(tid 0: 0 ) v1 ==== 8+0+32 (secure 0 0 0) 0x7fdbf01028e0 con 0x7fdbe0038ec0
2024-03-28T02:01:45.670 INFO:teuthology.orchestra.run.smithi106.stdout:/usr/bin/ceph: stderr
2024-03-28T02:01:45.115+0000 7fdbf6fa9700 1 -- 172.21.15.106:0/2510401364 >> [v2:172.21.15.106:6800/3501119323,v1:172.21.15.106:6801/3501119323] conn(0x7fdbe0038ec0 msgr2=0x7fdbe003b380 secure :-1 s=STATE_CONNECTION_ESTABLISHED l=1).mark_down
2024-03-28T02:01:45.670 INFO:teuthology.orchestra.run.smithi106.stdout:/usr/bin/ceph: stderr
2024-03-28T02:01:45.115+0000 7fdbf6fa9700 1 --2- 172.21.15.106:0/2510401364 >> [v2:172.21.15.106:6800/3501119323,v1:172.21.15.106:6801/3501119323] conn(0x7fdbe0038ec0 0x7fdbe003b380 secure :-1 s=READY pgs=7 cs=0 l=1 rev1=1 crypto rx=0x7fdbdc006fd0 tx=0x7fdbdc006e40 comp rx=0 tx=0).stop
2024-03-28T02:01:45.670 INFO:teuthology.orchestra.run.smithi106.stdout:/usr/bin/ceph: stderr
2024-03-28T02:01:45.115+0000 7fdbf6fa9700 1 -- 172.21.15.106:0/2510401364 >> [v2:172.21.15.106:3300/0,v1:172.21.15.106:6789/0] conn(0x7fdbf0105de0 msgr2=0x7fdbf019baa0 secure :-1 s=STATE_CONNECTION_ESTABLISHED l=1).mark_down
2024-03-28T02:01:45.670 INFO:teuthology.orchestra.run.smithi106.stdout:/usr/bin/ceph: stderr
2024-03-28T02:01:45.115+0000 7fdbf6fa9700 1 --2- 172.21.15.106:0/2510401364 >> [v2:172.21.15.106:3300/0,v1:172.21.15.106:6789/0] conn(0x7fdbf0105de0 0x7fdbf019baa0 secure :-1 s=READY pgs=71 cs=0 l=1 rev1=1 crypto rx=0x7fdbe4000c00 tx=0x7fdbe4011c10 comp rx=0 tx=0).stop
2024-03-28T02:01:45.670 INFO:teuthology.orchestra.run.smithi106.stdout:/usr/bin/ceph: stderr
2024-03-28T02:01:45.115+0000 7fdbf6fa9700 1 -- 172.21.15.106:0/2510401364 shutdown_connections
2024-03-28T02:01:45.670 INFO:teuthology.orchestra.run.smithi106.stdout:/usr/bin/ceph: stderr
2024-03-28T02:01:45.115+0000 7fdbf6fa9700 1 --2- 172.21.15.106:0/2510401364 >> [v2:172.21.15.106:6800/3501119323,v1:172.21.15.106:6801/3501119323] conn(0x7fdbe0038ec0 0x7fdbe003b380 unknown :-1 s=CLOSED pgs=7 cs=0 l=1 rev1=1 crypto rx=0 tx=0 comp rx=0 tx=0).stop
2024-03-28T02:01:45.670 INFO:teuthology.orchestra.run.smithi106.stdout:/usr/bin/ceph: stderr
2024-03-28T02:01:45.115+0000 7fdbf6fa9700 1 --2- 172.21.15.106:0/2510401364 >> [v2:172.21.15.106:3300/0,v1:172.21.15.106:6789/0] conn(0x7fdbf0105de0 0x7fdbf019baa0 unknown :-1 s=CLOSED pgs=71 cs=0 l=1 rev1=1 crypto rx=0 tx=0 comp rx=0 tx=0).stop
2024-03-28T02:01:45.670 INFO:teuthology.orchestra.run.smithi106.stdout:/usr/bin/ceph: stderr
2024-03-28T02:01:45.115+0000 7fdbf6fa9700 1 -- 172.21.15.106:0/2510401364 >> 172.21.15.106:0/2510401364 conn(0x7fdbf0101710 msgr2=0x7fdbf01021d0 unknown :-1 s=STATE_NONE l=0).mark_down
2024-03-28T02:01:45.670 INFO:teuthology.orchestra.run.smithi106.stdout:/usr/bin/ceph: stderr
2024-03-28T02:01:45.115+0000 7fdbf6fa9700 1 -- 172.21.15.106:0/2510401364 shutdown_connections
2024-03-28T02:01:45.670 INFO:teuthology.orchestra.run.smithi106.stdout:/usr/bin/ceph: stderr
2024-03-28T02:01:45.115+0000 7fdbf6fa9700 1 -- 172.21.15.106:0/2510401364 wait complete.
2024-03-28T02:01:45.671 INFO:teuthology.orchestra.run.smithi106.stdout:Creating initial admin user...
2024-03-28T02:01:46.079 INFO:journalctl@ceph.mon.a.smithi106.stdout:Mar 28 02:01:45 smithi106 ceph-mon[31965]: mgrmap e12: x(active, since 2s)
2024-03-28T02:01:46.079 INFO:journalctl@ceph.mon.a.smithi106.stdout:Mar 28 02:01:45 smithi106 ceph-mon[31965]: from='client.14164 -' entity='client.admin' cmd=[{"prefix": "dashboard create-self-signed-cert", "target": ["mon-mgr", ""]}]: dispatch
2024-03-28T02:01:46.079 INFO:journalctl@ceph.mon.a.smithi106.stdout:Mar 28 02:01:45 smithi106 ceph-mon[31965]: from='mgr.14152 172.21.15.106:0/2834216226' entity='mgr.x'
2024-03-28T02:01:46.079 INFO:journalctl@ceph.mon.a.smithi106.stdout:Mar 28 02:01:45 smithi106 ceph-mon[31965]: from='mgr.14152 172.21.15.106:0/2834216226' entity='mgr.x'
2024-03-28T02:01:46.079 INFO:journalctl@ceph.mon.a.smithi106.stdout:Mar 28 02:01:45 smithi106 ceph-mon[31965]: from='mgr.14152 172.21.15.106:0/2834216226' entity='mgr.x'
2024-03-28T02:01:47.084 INFO:journalctl@ceph.mon.a.smithi106.stdout:Mar 28 02:01:46 smithi106 ceph-mon[31965]: from='client.14166 -' entity='client.admin' cmd=[{"prefix": "dashboard ac-user-create", "username": "admin", "rolename": "administrator", "force_password": true, "pwd_update_required": true, "target": ["mon-mgr", ""]}]: dispatch
2024-03-28T02:01:47.084 INFO:journalctl@ceph.mon.a.smithi106.stdout:Mar 28 02:01:46 smithi106 ceph-mon[31965]: from='mgr.14152 172.21.15.106:0/2834216226' entity='mgr.x'
2024-03-28T02:01:47.202 INFO:teuthology.orchestra.run.smithi106.stdout:/usr/bin/ceph: stdout {"username": "admin", "password": "$2b$12$0qewY.QXOfMP1Ic1Mbqd9Og1UJwnGfgr6HnMru8oiLnl1Y2xy172.", "roles": ["administrator"], "name": null, "email": null, "lastUpdate": 1711591306, "enabled": true, "pwdExpirationDate": null, "pwdUpdateRequired": true}
2024-03-28T02:01:47.203 INFO:teuthology.orchestra.run.smithi106.stdout:/usr/bin/ceph: stderr
2024-03-28T02:01:46.105+0000 7f157c455700 1 Processor -- start
2024-03-28T02:01:47.203 INFO:teuthology.orchestra.run.smithi106.stdout:/usr/bin/ceph: stderr
2024-03-28T02:01:46.105+0000 7f157c455700 1 -- start start
2024-03-28T02:01:47.203 INFO:teuthology.orchestra.run.smithi106.stdout:/usr/bin/ceph: stderr
2024-03-28T02:01:46.105+0000 7f157c455700 1 --2- >> [v2:172.21.15.106:3300/0,v1:172.21.15.106:6789/0] conn(0x7f1574108600 0x7f157410a9f0 unknown :-1 s=NONE pgs=0 cs=0 l=0 rev1=0 crypto rx=0 tx=0 comp rx=0 tx=0).connect
2024-03-28T02:01:47.203 INFO:teuthology.orchestra.run.smithi106.stdout:/usr/bin/ceph: stderr
2024-03-28T02:01:46.105+0000 7f157c455700 1 -- --> [v2:172.21.15.106:3300/0,v1:172.21.15.106:6789/0] -- mon_getmap magic: 0 v1 -- 0x7f157407be00 con 0x7f1574108600
2024-03-28T02:01:47.203 INFO:teuthology.orchestra.run.smithi106.stdout:/usr/bin/ceph: stderr
2024-03-28T02:01:46.106+0000 7f157a1f1700 1 --2- >> [v2:172.21.15.106:3300/0,v1:172.21.15.106:6789/0] conn(0x7f1574108600 0x7f157410a9f0 unknown :-1 s=BANNER_CONNECTING pgs=0 cs=0 l=0 rev1=0 crypto rx=0 tx=0 comp rx=0 tx=0)._handle_peer_banner_payload supported=3 required=0
2024-03-28T02:01:47.203 INFO:teuthology.orchestra.run.smithi106.stdout:/usr/bin/ceph: stderr
2024-03-28T02:01:46.106+0000 7f157a1f1700 1 --2- >> [v2:172.21.15.106:3300/0,v1:172.21.15.106:6789/0] conn(0x7f1574108600 0x7f157410a9f0 unknown :-1 s=HELLO_CONNECTING pgs=0 cs=0 l=0 rev1=1 crypto rx=0 tx=0 comp rx=0 tx=0).handle_hello peer v2:172.21.15.106:3300/0 says I am v2:172.21.15.106:43334/0 (socket says 172.21.15.106:43334)
2024-03-28T02:01:47.203 INFO:teuthology.orchestra.run.smithi106.stdout:/usr/bin/ceph: stderr
2024-03-28T02:01:46.106+0000 7f157a1f1700 1 -- 172.21.15.106:0/981577971 learned_addr learned my addr 172.21.15.106:0/981577971 (peer_addr_for_me v2:172.21.15.106:0/0)
2024-03-28T02:01:47.203 INFO:teuthology.orchestra.run.smithi106.stdout:/usr/bin/ceph: stderr
2024-03-28T02:01:46.106+0000 7f157a1f1700 1 -- 172.21.15.106:0/981577971 --> [v2:172.21.15.106:3300/0,v1:172.21.15.106:6789/0] -- mon_subscribe({config=0+,monmap=0+}) v3 -- 0x7f157410af30 con 0x7f1574108600
2024-03-28T02:01:47.203 INFO:teuthology.orchestra.run.smithi106.stdout:/usr/bin/ceph: stderr
2024-03-28T02:01:46.106+0000 7f157a1f1700 1 --2- 172.21.15.106:0/981577971 >> [v2:172.21.15.106:3300/0,v1:172.21.15.106:6789/0] conn(0x7f1574108600 0x7f157410a9f0 secure :-1 s=READY pgs=72 cs=0 l=1 rev1=1 crypto rx=0x7f15640098a0 tx=0x7f1564009bb0 comp rx=0 tx=0).ready entity=mon.0 client_cookie=b3ffaad6dc562cf9 server_cookie=0 in_seq=0 out_seq=0
2024-03-28T02:01:47.203 INFO:teuthology.orchestra.run.smithi106.stdout:/usr/bin/ceph: stderr
2024-03-28T02:01:46.107+0000 7f15791ef700 1 -- 172.21.15.106:0/981577971 <== mon.0 v2:172.21.15.106:3300/0 1 ==== mon_map magic: 0 v1 ==== 205+0+0 (secure 0 0 0) 0x7f1564004160 con 0x7f1574108600
2024-03-28T02:01:47.203 INFO:teuthology.orchestra.run.smithi106.stdout:/usr/bin/ceph: stderr
2024-03-28T02:01:46.107+0000 7f15791ef700 1 -- 172.21.15.106:0/981577971 <== mon.0 v2:172.21.15.106:3300/0 2 ==== config(27 keys) v1 ==== 1140+0+0 (secure 0 0 0) 0x7f1564004300 con 0x7f1574108600
2024-03-28T02:01:47.203 INFO:teuthology.orchestra.run.smithi106.stdout:/usr/bin/ceph: stderr
2024-03-28T02:01:46.107+0000 7f15791ef700 1 -- 172.21.15.106:0/981577971 <== mon.0 v2:172.21.15.106:3300/0 3 ==== mon_map magic: 0 v1 ==== 205+0+0 (secure 0 0 0) 0x7f1564011b20 con 0x7f1574108600
2024-03-28T02:01:47.204 INFO:teuthology.orchestra.run.smithi106.stdout:/usr/bin/ceph: stderr
2024-03-28T02:01:46.107+0000 7f157c455700 1 -- 172.21.15.106:0/981577971 >> [v2:172.21.15.106:3300/0,v1:172.21.15.106:6789/0] conn(0x7f1574108600 msgr2=0x7f157410a9f0 secure :-1 s=STATE_CONNECTION_ESTABLISHED l=1).mark_down
2024-03-28T02:01:47.204 INFO:teuthology.orchestra.run.smithi106.stdout:/usr/bin/ceph: stderr
2024-03-28T02:01:46.107+0000 7f157c455700 1 --2- 172.21.15.106:0/981577971 >> [v2:172.21.15.106:3300/0,v1:172.21.15.106:6789/0] conn(0x7f1574108600 0x7f157410a9f0 secure :-1 s=READY pgs=72 cs=0 l=1 rev1=1 crypto rx=0x7f15640098a0 tx=0x7f1564009bb0 comp rx=0 tx=0).stop
2024-03-28T02:01:47.204 INFO:teuthology.orchestra.run.smithi106.stdout:/usr/bin/ceph: stderr
2024-03-28T02:01:46.108+0000 7f157c455700 1 -- 172.21.15.106:0/981577971 shutdown_connections
2024-03-28T02:01:47.204 INFO:teuthology.orchestra.run.smithi106.stdout:/usr/bin/ceph: stderr
2024-03-28T02:01:46.108+0000 7f157c455700 1 --2- 172.21.15.106:0/981577971 >> [v2:172.21.15.106:3300/0,v1:172.21.15.106:6789/0] conn(0x7f1574108600 0x7f157410a9f0 unknown :-1 s=CLOSED pgs=72 cs=0 l=1 rev1=1 crypto rx=0 tx=0 comp rx=0 tx=0).stop
2024-03-28T02:01:47.204 INFO:teuthology.orchestra.run.smithi106.stdout:/usr/bin/ceph: stderr
2024-03-28T02:01:46.108+0000 7f157c455700 1 -- 172.21.15.106:0/981577971 >> 172.21.15.106:0/981577971 conn(0x7f1574101ff0 msgr2=0x7f1574104410 unknown :-1 s=STATE_NONE l=0).mark_down
2024-03-28T02:01:47.204 INFO:teuthology.orchestra.run.smithi106.stdout:/usr/bin/ceph: stderr
2024-03-28T02:01:46.108+0000 7f157c455700 1 -- 172.21.15.106:0/981577971 shutdown_connections
2024-03-28T02:01:47.204 INFO:teuthology.orchestra.run.smithi106.stdout:/usr/bin/ceph: stderr
2024-03-28T02:01:46.108+0000 7f157c455700 1 -- 172.21.15.106:0/981577971 wait complete.
2024-03-28T02:01:47.204 INFO:teuthology.orchestra.run.smithi106.stdout:/usr/bin/ceph: stderr
2024-03-28T02:01:46.108+0000 7f157c455700 1 Processor -- start
2024-03-28T02:01:47.204 INFO:teuthology.orchestra.run.smithi106.stdout:/usr/bin/ceph: stderr
2024-03-28T02:01:46.108+0000 7f157c455700 1 -- start start
2024-03-28T02:01:47.204 INFO:teuthology.orchestra.run.smithi106.stdout:/usr/bin/ceph: stderr
2024-03-28T02:01:46.108+0000 7f157c455700 1 --2- >> [v2:172.21.15.106:3300/0,v1:172.21.15.106:6789/0] conn(0x7f1574108600 0x7f157419ba40 unknown :-1 s=NONE pgs=0 cs=0 l=1 rev1=0 crypto rx=0 tx=0 comp rx=0 tx=0).connect
2024-03-28T02:01:47.204 INFO:teuthology.orchestra.run.smithi106.stdout:/usr/bin/ceph: stderr
2024-03-28T02:01:46.108+0000 7f157c455700 1 -- --> [v2:172.21.15.106:3300/0,v1:172.21.15.106:6789/0] -- mon_getmap magic: 0 v1 -- 0x7f157410bf40 con 0x7f1574108600
2024-03-28T02:01:47.204 INFO:teuthology.orchestra.run.smithi106.stdout:/usr/bin/ceph: stderr
2024-03-28T02:01:46.108+0000 7f157a1f1700 1 --2- >> [v2:172.21.15.106:3300/0,v1:172.21.15.106:6789/0] conn(0x7f1574108600 0x7f157419ba40 unknown :-1 s=BANNER_CONNECTING pgs=0 cs=0 l=1 rev1=0 crypto rx=0 tx=0 comp rx=0 tx=0)._handle_peer_banner_payload supported=3 required=0
2024-03-28T02:01:47.204 INFO:teuthology.orchestra.run.smithi106.stdout:/usr/bin/ceph: stderr
2024-03-28T02:01:46.109+0000 7f157a1f1700 1 --2- >> [v2:172.21.15.106:3300/0,v1:172.21.15.106:6789/0] conn(0x7f1574108600 0x7f157419ba40 unknown :-1 s=HELLO_CONNECTING pgs=0 cs=0 l=1 rev1=1 crypto rx=0 tx=0 comp rx=0 tx=0).handle_hello peer v2:172.21.15.106:3300/0 says I am v2:172.21.15.106:43340/0 (socket says 172.21.15.106:43340)
2024-03-28T02:01:47.204 INFO:teuthology.orchestra.run.smithi106.stdout:/usr/bin/ceph: stderr
2024-03-28T02:01:46.109+0000 7f157a1f1700 1 -- 172.21.15.106:0/1605812530 learned_addr learned my addr 172.21.15.106:0/1605812530 (peer_addr_for_me v2:172.21.15.106:0/0)
2024-03-28T02:01:47.204 INFO:teuthology.orchestra.run.smithi106.stdout:/usr/bin/ceph: stderr
2024-03-28T02:01:46.109+0000 7f157a1f1700 1 -- 172.21.15.106:0/1605812530 --> [v2:172.21.15.106:3300/0,v1:172.21.15.106:6789/0] -- mon_subscribe({config=0+,monmap=0+}) v3 -- 0x7f157419bf80 con 0x7f1574108600
2024-03-28T02:01:47.205 INFO:teuthology.orchestra.run.smithi106.stdout:/usr/bin/ceph: stderr
2024-03-28T02:01:46.109+0000 7f157a1f1700 1 --2- 172.21.15.106:0/1605812530 >> [v2:172.21.15.106:3300/0,v1:172.21.15.106:6789/0] conn(0x7f1574108600 0x7f157419ba40 secure :-1 s=READY pgs=73 cs=0 l=1 rev1=1 crypto rx=0x7f15640117e0 tx=0x7f1564011ba0 comp rx=0 tx=0).ready entity=mon.0 client_cookie=0 server_cookie=0 in_seq=0 out_seq=0
2024-03-28T02:01:47.205 INFO:teuthology.orchestra.run.smithi106.stdout:/usr/bin/ceph: stderr
2024-03-28T02:01:46.109+0000 7f156b7fe700 1 -- 172.21.15.106:0/1605812530 <== mon.0 v2:172.21.15.106:3300/0 1 ==== mon_map magic: 0 v1 ==== 205+0+0 (secure 0 0 0) 0x7f1564003ba0 con 0x7f1574108600
2024-03-28T02:01:47.205 INFO:teuthology.orchestra.run.smithi106.stdout:/usr/bin/ceph: stderr
2024-03-28T02:01:46.109+0000 7f156b7fe700 1 -- 172.21.15.106:0/1605812530 <== mon.0 v2:172.21.15.106:3300/0 2 ==== config(27 keys) v1 ==== 1140+0+0 (secure 0 0 0) 0x7f156401a910 con 0x7f1574108600
2024-03-28T02:01:47.205 INFO:teuthology.orchestra.run.smithi106.stdout:/usr/bin/ceph: stderr
2024-03-28T02:01:46.109+0000 7f157c455700 1 -- 172.21.15.106:0/1605812530 --> [v2:172.21.15.106:3300/0,v1:172.21.15.106:6789/0] -- mon_subscribe({mgrmap=0+}) v3 -- 0x7f157419c210 con 0x7f1574108600
2024-03-28T02:01:47.205 INFO:teuthology.orchestra.run.smithi106.stdout:/usr/bin/ceph: stderr
2024-03-28T02:01:46.109+0000 7f156b7fe700 1 -- 172.21.15.106:0/1605812530 <== mon.0 v2:172.21.15.106:3300/0 3 ==== mon_map magic: 0 v1 ==== 205+0+0 (secure 0 0 0) 0x7f15640248f0 con 0x7f1574108600
2024-03-28T02:01:47.205 INFO:teuthology.orchestra.run.smithi106.stdout:/usr/bin/ceph: stderr
2024-03-28T02:01:46.109+0000 7f157c455700 1 -- 172.21.15.106:0/1605812530 --> [v2:172.21.15.106:3300/0,v1:172.21.15.106:6789/0] -- mon_subscribe({osdmap=0}) v3 -- 0x7f157419c5b0 con 0x7f1574108600
2024-03-28T02:01:47.205 INFO:teuthology.orchestra.run.smithi106.stdout:/usr/bin/ceph: stderr
2024-03-28T02:01:46.110+0000 7f157c455700 1 -- 172.21.15.106:0/1605812530 --> [v2:172.21.15.106:3300/0,v1:172.21.15.106:6789/0] -- mon_command({"prefix": "get_command_descriptions"} v 0) v1 -- 0x7f1574069260 con 0x7f1574108600
2024-03-28T02:01:47.205 INFO:teuthology.orchestra.run.smithi106.stdout:/usr/bin/ceph: stderr
2024-03-28T02:01:46.111+0000 7f156b7fe700 1 -- 172.21.15.106:0/1605812530 <== mon.0 v2:172.21.15.106:3300/0 4 ==== mgrmap(e 12) v1 ==== 46119+0+0 (secure 0 0 0) 0x7f1564022020 con 0x7f1574108600
2024-03-28T02:01:47.205 INFO:teuthology.orchestra.run.smithi106.stdout:/usr/bin/ceph: stderr
2024-03-28T02:01:46.111+0000 7f156b7fe700 1 --2- 172.21.15.106:0/1605812530 >> [v2:172.21.15.106:6800/3501119323,v1:172.21.15.106:6801/3501119323] conn(0x7f1560039150 0x7f156003b610 unknown :-1 s=NONE pgs=0 cs=0 l=1 rev1=0 crypto rx=0 tx=0 comp rx=0 tx=0).connect
2024-03-28T02:01:47.205 INFO:teuthology.orchestra.run.smithi106.stdout:/usr/bin/ceph: stderr
2024-03-28T02:01:46.111+0000 7f156b7fe700 1 -- 172.21.15.106:0/1605812530 <== mon.0 v2:172.21.15.106:3300/0 5 ==== osd_map(3..3 src has 1..3) v4 ==== 1155+0+0 (secure 0 0 0) 0x7f15640248f0 con 0x7f1574108600
2024-03-28T02:01:47.205 INFO:teuthology.orchestra.run.smithi106.stdout:/usr/bin/ceph: stderr
2024-03-28T02:01:46.112+0000 7f15799f0700 1 --2- 172.21.15.106:0/1605812530 >> [v2:172.21.15.106:6800/3501119323,v1:172.21.15.106:6801/3501119323] conn(0x7f1560039150 0x7f156003b610 unknown :-1 s=BANNER_CONNECTING pgs=0 cs=0 l=1 rev1=0 crypto rx=0 tx=0 comp rx=0 tx=0)._handle_peer_banner_payload supported=3 required=0
2024-03-28T02:01:47.205 INFO:teuthology.orchestra.run.smithi106.stdout:/usr/bin/ceph: stderr
2024-03-28T02:01:46.112+0000 7f15799f0700 1 --2- 172.21.15.106:0/1605812530 >> [v2:172.21.15.106:6800/3501119323,v1:172.21.15.106:6801/3501119323] conn(0x7f1560039150 0x7f156003b610 secure :-1 s=READY pgs=8 cs=0 l=1 rev1=1 crypto rx=0x7f1570006fd0 tx=0x7f1570006e40 comp rx=0 tx=0).ready entity=mgr.14152 client_cookie=0 server_cookie=0 in_seq=0 out_seq=0
2024-03-28T02:01:47.205 INFO:teuthology.orchestra.run.smithi106.stdout:/usr/bin/ceph: stderr
2024-03-28T02:01:46.120+0000 7f156b7fe700 1 -- 172.21.15.106:0/1605812530 <== mon.0 v2:172.21.15.106:3300/0 6 ==== mon_command_ack([{"prefix": "get_command_descriptions"}]=0 v0) v1 ==== 72+0+186149 (secure 0 0 0) 0x7f156401ab30 con 0x7f1574108600
2024-03-28T02:01:47.205 INFO:teuthology.orchestra.run.smithi106.stdout:/usr/bin/ceph: stderr
2024-03-28T02:01:46.346+0000 7f157c455700 1 -- 172.21.15.106:0/1605812530 --> [v2:172.21.15.106:6800/3501119323,v1:172.21.15.106:6801/3501119323] -- mgr_command(tid 0: {"prefix": "dashboard ac-user-create", "username": "admin", "rolename": "administrator", "force_password": true, "pwd_update_required": true, "target": ["mon-mgr", ""]}) v1 -- 0x7f1574103150 con 0x7f1560039150
2024-03-28T02:01:47.206 INFO:teuthology.orchestra.run.smithi106.stdout:/usr/bin/ceph: stderr
2024-03-28T02:01:46.570+0000 7f156b7fe700 1 -- 172.21.15.106:0/1605812530 <== mgr.14152 v2:172.21.15.106:6800/3501119323 1 ==== mgr_command_reply(tid 0: 0 ) v1 ==== 8+0+252 (secure 0 0 0) 0x7f1574103150 con 0x7f1560039150
2024-03-28T02:01:47.206 INFO:teuthology.orchestra.run.smithi106.stdout:/usr/bin/ceph: stderr
2024-03-28T02:01:46.572+0000 7f157c455700 1 -- 172.21.15.106:0/1605812530 >> [v2:172.21.15.106:6800/3501119323,v1:172.21.15.106:6801/3501119323] conn(0x7f1560039150 msgr2=0x7f156003b610 secure :-1 s=STATE_CONNECTION_ESTABLISHED l=1).mark_down
2024-03-28T02:01:47.206 INFO:teuthology.orchestra.run.smithi106.stdout:/usr/bin/ceph: stderr
2024-03-28T02:01:46.572+0000 7f157c455700 1 --2- 172.21.15.106:0/1605812530 >> [v2:172.21.15.106:6800/3501119323,v1:172.21.15.106:6801/3501119323] conn(0x7f1560039150 0x7f156003b610 secure :-1 s=READY pgs=8 cs=0 l=1 rev1=1 crypto rx=0x7f1570006fd0 tx=0x7f1570006e40 comp rx=0 tx=0).stop
2024-03-28T02:01:47.206 INFO:teuthology.orchestra.run.smithi106.stdout:/usr/bin/ceph: stderr
2024-03-28T02:01:46.572+0000 7f157c455700 1 -- 172.21.15.106:0/1605812530 >> [v2:172.21.15.106:3300/0,v1:172.21.15.106:6789/0] conn(0x7f1574108600 msgr2=0x7f157419ba40 secure :-1 s=STATE_CONNECTION_ESTABLISHED l=1).mark_down
2024-03-28T02:01:47.206 INFO:teuthology.orchestra.run.smithi106.stdout:/usr/bin/ceph: stderr
2024-03-28T02:01:46.572+0000 7f157c455700 1 --2- 172.21.15.106:0/1605812530 >> [v2:172.21.15.106:3300/0,v1:172.21.15.106:6789/0] conn(0x7f1574108600 0x7f157419ba40 secure :-1 s=READY pgs=73 cs=0 l=1 rev1=1 crypto rx=0x7f15640117e0 tx=0x7f1564011ba0 comp rx=0 tx=0).stop
2024-03-28T02:01:47.206 INFO:teuthology.orchestra.run.smithi106.stdout:/usr/bin/ceph: stderr
2024-03-28T02:01:46.572+0000 7f157c455700 1 -- 172.21.15.106:0/1605812530 shutdown_connections
2024-03-28T02:01:47.206 INFO:teuthology.orchestra.run.smithi106.stdout:/usr/bin/ceph: stderr
2024-03-28T02:01:46.572+0000 7f157c455700 1 --2- 172.21.15.106:0/1605812530 >> [v2:172.21.15.106:6800/3501119323,v1:172.21.15.106:6801/3501119323] conn(0x7f1560039150 0x7f156003b610 unknown :-1 s=CLOSED pgs=8 cs=0 l=1 rev1=1 crypto rx=0 tx=0 comp rx=0 tx=0).stop
2024-03-28T02:01:47.206 INFO:teuthology.orchestra.run.smithi106.stdout:/usr/bin/ceph: stderr
2024-03-28T02:01:46.572+0000 7f157c455700 1 --2- 172.21.15.106:0/1605812530 >> [v2:172.21.15.106:3300/0,v1:172.21.15.106:6789/0] conn(0x7f1574108600 0x7f157419ba40 unknown :-1 s=CLOSED pgs=73 cs=0 l=1 rev1=1 crypto rx=0 tx=0 comp rx=0 tx=0).stop
2024-03-28T02:01:47.206 INFO:teuthology.orchestra.run.smithi106.stdout:/usr/bin/ceph: stderr
2024-03-28T02:01:46.572+0000 7f157c455700 1 -- 172.21.15.106:0/1605812530 >> 172.21.15.106:0/1605812530 conn(0x7f1574101ff0 msgr2=0x7f1574102a40 unknown :-1 s=STATE_NONE l=0).mark_down
2024-03-28T02:01:47.206 INFO:teuthology.orchestra.run.smithi106.stdout:/usr/bin/ceph: stderr
2024-03-28T02:01:46.572+0000 7f157c455700 1 -- 172.21.15.106:0/1605812530 shutdown_connections
2024-03-28T02:01:47.206 INFO:teuthology.orchestra.run.smithi106.stdout:/usr/bin/ceph: stderr
2024-03-28T02:01:46.572+0000 7f157c455700 1 -- 172.21.15.106:0/1605812530 wait complete.
2024-03-28T02:01:47.206 INFO:teuthology.orchestra.run.smithi106.stdout:Fetching dashboard port number...
2024-03-28T02:01:48.334 INFO:journalctl@ceph.mon.a.smithi106.stdout:Mar 28 02:01:47 smithi106 ceph-mon[31965]: from='client.? 172.21.15.106:0/3580412204' entity='client.admin' cmd=[{"prefix": "config get", "who": "mgr", "key": "mgr/dashboard/ssl_server_port"}]: dispatch
2024-03-28T02:01:48.720 INFO:teuthology.orchestra.run.smithi106.stdout:/usr/bin/ceph: stdout 8443
2024-03-28T02:01:48.720 INFO:teuthology.orchestra.run.smithi106.stdout:/usr/bin/ceph: stderr
2024-03-28T02:01:47.670+0000 7f18223b7700 1 Processor -- start
2024-03-28T02:01:48.720 INFO:teuthology.orchestra.run.smithi106.stdout:/usr/bin/ceph: stderr
2024-03-28T02:01:47.670+0000 7f18223b7700 1 -- start start
2024-03-28T02:01:48.720 INFO:teuthology.orchestra.run.smithi106.stdout:/usr/bin/ceph: stderr
2024-03-28T02:01:47.670+0000 7f18223b7700 1 --2- >> [v2:172.21.15.106:3300/0,v1:172.21.15.106:6789/0] conn(0x7f181c106a30 0x7f181c106e50 unknown :-1 s=NONE pgs=0 cs=0 l=0 rev1=0 crypto rx=0 tx=0 comp rx=0 tx=0).connect
2024-03-28T02:01:48.720 INFO:teuthology.orchestra.run.smithi106.stdout:/usr/bin/ceph: stderr
2024-03-28T02:01:47.671+0000 7f18223b7700 1 -- --> [v2:172.21.15.106:3300/0,v1:172.21.15.106:6789/0] -- mon_getmap magic: 0 v1 -- 0x7f181c107420 con 0x7f181c106a30
2024-03-28T02:01:48.721 INFO:teuthology.orchestra.run.smithi106.stdout:/usr/bin/ceph: stderr
2024-03-28T02:01:47.671+0000 7f181bfff700 1 --2- >> [v2:172.21.15.106:3300/0,v1:172.21.15.106:6789/0] conn(0x7f181c106a30 0x7f181c106e50 unknown :-1 s=BANNER_CONNECTING pgs=0 cs=0 l=0 rev1=0 crypto rx=0 tx=0 comp rx=0 tx=0)._handle_peer_banner_payload supported=3 required=0
2024-03-28T02:01:48.721 INFO:teuthology.orchestra.run.smithi106.stdout:/usr/bin/ceph: stderr
2024-03-28T02:01:47.671+0000 7f181bfff700 1 --2- >> [v2:172.21.15.106:3300/0,v1:172.21.15.106:6789/0] conn(0x7f181c106a30 0x7f181c106e50 unknown :-1 s=HELLO_CONNECTING pgs=0 cs=0 l=0 rev1=1 crypto rx=0 tx=0 comp rx=0 tx=0).handle_hello peer v2:172.21.15.106:3300/0 says I am v2:172.21.15.106:37442/0 (socket says 172.21.15.106:37442)
2024-03-28T02:01:48.721 INFO:teuthology.orchestra.run.smithi106.stdout:/usr/bin/ceph: stderr
2024-03-28T02:01:47.671+0000 7f181bfff700 1 -- 172.21.15.106:0/934656041 learned_addr learned my addr 172.21.15.106:0/934656041 (peer_addr_for_me v2:172.21.15.106:0/0)
2024-03-28T02:01:48.721 INFO:teuthology.orchestra.run.smithi106.stdout:/usr/bin/ceph: stderr
2024-03-28T02:01:47.671+0000 7f181bfff700 1 -- 172.21.15.106:0/934656041 --> [v2:172.21.15.106:3300/0,v1:172.21.15.106:6789/0] -- mon_subscribe({config=0+,monmap=0+}) v3 -- 0x7f181c107c30 con 0x7f181c106a30
2024-03-28T02:01:48.721 INFO:teuthology.orchestra.run.smithi106.stdout:/usr/bin/ceph: stderr
2024-03-28T02:01:47.671+0000 7f181bfff700 1 --2- 172.21.15.106:0/934656041 >> [v2:172.21.15.106:3300/0,v1:172.21.15.106:6789/0] conn(0x7f181c106a30 0x7f181c106e50 secure :-1 s=READY pgs=74 cs=0 l=1 rev1=1 crypto rx=0x7f180c0098a0 tx=0x7f180c009bb0 comp rx=0 tx=0).ready entity=mon.0 client_cookie=1b5fbaaee633e151 server_cookie=0 in_seq=0 out_seq=0
2024-03-28T02:01:48.721 INFO:teuthology.orchestra.run.smithi106.stdout:/usr/bin/ceph: stderr
2024-03-28T02:01:47.671+0000 7f181b7fe700 1 -- 172.21.15.106:0/934656041 <== mon.0 v2:172.21.15.106:3300/0 1 ==== mon_map magic: 0 v1 ==== 205+0+0 (secure 0 0 0) 0x7f180c004160 con 0x7f181c106a30
2024-03-28T02:01:48.721 INFO:teuthology.orchestra.run.smithi106.stdout:/usr/bin/ceph: stderr
2024-03-28T02:01:47.671+0000 7f181b7fe700 1 -- 172.21.15.106:0/934656041 <== mon.0 v2:172.21.15.106:3300/0 2 ==== config(27 keys) v1 ==== 1140+0+0 (secure 0 0 0) 0x7f180c004300 con 0x7f181c106a30
2024-03-28T02:01:48.721 INFO:teuthology.orchestra.run.smithi106.stdout:/usr/bin/ceph: stderr
2024-03-28T02:01:47.671+0000 7f181b7fe700 1 -- 172.21.15.106:0/934656041 <== mon.0 v2:172.21.15.106:3300/0 3 ==== mon_map magic: 0 v1 ==== 205+0+0 (secure 0 0 0) 0x7f180c011b20 con 0x7f181c106a30
2024-03-28T02:01:48.721 INFO:teuthology.orchestra.run.smithi106.stdout:/usr/bin/ceph: stderr
2024-03-28T02:01:47.672+0000 7f18223b7700 1 -- 172.21.15.106:0/934656041 >> [v2:172.21.15.106:3300/0,v1:172.21.15.106:6789/0] conn(0x7f181c106a30 msgr2=0x7f181c106e50 secure :-1 s=STATE_CONNECTION_ESTABLISHED l=1).mark_down
2024-03-28T02:01:48.721 INFO:teuthology.orchestra.run.smithi106.stdout:/usr/bin/ceph: stderr
2024-03-28T02:01:47.672+0000 7f18223b7700 1 --2- 172.21.15.106:0/934656041 >> [v2:172.21.15.106:3300/0,v1:172.21.15.106:6789/0] conn(0x7f181c106a30 0x7f181c106e50 secure :-1 s=READY pgs=74 cs=0 l=1 rev1=1 crypto rx=0x7f180c0098a0 tx=0x7f180c009bb0 comp rx=0 tx=0).stop
2024-03-28T02:01:48.721 INFO:teuthology.orchestra.run.smithi106.stdout:/usr/bin/ceph: stderr
2024-03-28T02:01:47.672+0000 7f18223b7700 1 -- 172.21.15.106:0/934656041 shutdown_connections
2024-03-28T02:01:48.721 INFO:teuthology.orchestra.run.smithi106.stdout:/usr/bin/ceph: stderr
2024-03-28T02:01:47.672+0000 7f18223b7700 1 --2- 172.21.15.106:0/934656041 >> [v2:172.21.15.106:3300/0,v1:172.21.15.106:6789/0] conn(0x7f181c106a30 0x7f181c106e50 unknown :-1 s=CLOSED pgs=74 cs=0 l=1 rev1=1 crypto rx=0 tx=0 comp rx=0 tx=0).stop
2024-03-28T02:01:48.721 INFO:teuthology.orchestra.run.smithi106.stdout:/usr/bin/ceph: stderr
2024-03-28T02:01:47.672+0000 7f18223b7700 1 -- 172.21.15.106:0/934656041 >> 172.21.15.106:0/934656041 conn(0x7f181c101ff0 msgr2=0x7f181c104410 unknown :-1 s=STATE_NONE l=0).mark_down
2024-03-28T02:01:48.721 INFO:teuthology.orchestra.run.smithi106.stdout:/usr/bin/ceph: stderr
2024-03-28T02:01:47.672+0000 7f18223b7700 1 -- 172.21.15.106:0/934656041 shutdown_connections
2024-03-28T02:01:48.721 INFO:teuthology.orchestra.run.smithi106.stdout:/usr/bin/ceph: stderr
2024-03-28T02:01:47.672+0000 7f18223b7700 1 -- 172.21.15.106:0/934656041 wait complete.
2024-03-28T02:01:48.722 INFO:teuthology.orchestra.run.smithi106.stdout:/usr/bin/ceph: stderr
2024-03-28T02:01:47.673+0000 7f18223b7700 1 Processor -- start
2024-03-28T02:01:48.722 INFO:teuthology.orchestra.run.smithi106.stdout:/usr/bin/ceph: stderr
2024-03-28T02:01:47.673+0000 7f18223b7700 1 -- start start
2024-03-28T02:01:48.722 INFO:teuthology.orchestra.run.smithi106.stdout:/usr/bin/ceph: stderr
2024-03-28T02:01:47.673+0000 7f18223b7700 1 --2- >> [v2:172.21.15.106:3300/0,v1:172.21.15.106:6789/0] conn(0x7f181c106a30 0x7f181c19aaa0 unknown :-1 s=NONE pgs=0 cs=0 l=1 rev1=0 crypto rx=0 tx=0 comp rx=0 tx=0).connect
2024-03-28T02:01:48.722 INFO:teuthology.orchestra.run.smithi106.stdout:/usr/bin/ceph: stderr
2024-03-28T02:01:47.673+0000 7f18223b7700 1 -- --> [v2:172.21.15.106:3300/0,v1:172.21.15.106:6789/0] -- mon_getmap magic: 0 v1 -- 0x7f181c10afe0 con 0x7f181c106a30
2024-03-28T02:01:48.722 INFO:teuthology.orchestra.run.smithi106.stdout:/usr/bin/ceph: stderr
2024-03-28T02:01:47.673+0000 7f181bfff700 1 --2- >> [v2:172.21.15.106:3300/0,v1:172.21.15.106:6789/0] conn(0x7f181c106a30 0x7f181c19aaa0 unknown :-1 s=BANNER_CONNECTING pgs=0 cs=0 l=1 rev1=0 crypto rx=0 tx=0 comp rx=0 tx=0)._handle_peer_banner_payload supported=3 required=0
2024-03-28T02:01:48.722 INFO:teuthology.orchestra.run.smithi106.stdout:/usr/bin/ceph: stderr
2024-03-28T02:01:47.673+0000 7f181bfff700 1 --2- >> [v2:172.21.15.106:3300/0,v1:172.21.15.106:6789/0] conn(0x7f181c106a30 0x7f181c19aaa0 unknown :-1 s=HELLO_CONNECTING pgs=0 cs=0 l=1 rev1=1 crypto rx=0 tx=0 comp rx=0 tx=0).handle_hello peer v2:172.21.15.106:3300/0 says I am v2:172.21.15.106:37446/0 (socket says 172.21.15.106:37446)
2024-03-28T02:01:48.722 INFO:teuthology.orchestra.run.smithi106.stdout:/usr/bin/ceph: stderr
2024-03-28T02:01:47.673+0000 7f181bfff700 1 -- 172.21.15.106:0/3580412204 learned_addr learned my addr 172.21.15.106:0/3580412204 (peer_addr_for_me v2:172.21.15.106:0/0)
2024-03-28T02:01:48.722 INFO:teuthology.orchestra.run.smithi106.stdout:/usr/bin/ceph: stderr
2024-03-28T02:01:47.673+0000 7f181bfff700 1 -- 172.21.15.106:0/3580412204 --> [v2:172.21.15.106:3300/0,v1:172.21.15.106:6789/0] -- mon_subscribe({config=0+,monmap=0+}) v3 -- 0x7f181c19afe0 con 0x7f181c106a30
2024-03-28T02:01:48.722 INFO:teuthology.orchestra.run.smithi106.stdout:/usr/bin/ceph: stderr
2024-03-28T02:01:47.673+0000 7f181bfff700 1 --2- 172.21.15.106:0/3580412204 >> [v2:172.21.15.106:3300/0,v1:172.21.15.106:6789/0] conn(0x7f181c106a30 0x7f181c19aaa0 secure :-1 s=READY pgs=75 cs=0 l=1 rev1=1 crypto rx=0x7f180c0116a0 tx=0x7f180c011ba0 comp rx=0 tx=0).ready entity=mon.0 client_cookie=0 server_cookie=0 in_seq=0 out_seq=0
2024-03-28T02:01:48.722 INFO:teuthology.orchestra.run.smithi106.stdout:/usr/bin/ceph: stderr
2024-03-28T02:01:47.673+0000 7f1819ffb700 1 -- 172.21.15.106:0/3580412204 <== mon.0 v2:172.21.15.106:3300/0 1 ==== mon_map magic: 0 v1 ==== 205+0+0 (secure 0 0 0) 0x7f180c003a40 con 0x7f181c106a30
2024-03-28T02:01:48.722 INFO:teuthology.orchestra.run.smithi106.stdout:/usr/bin/ceph: stderr
2024-03-28T02:01:47.673+0000 7f1819ffb700 1 -- 172.21.15.106:0/3580412204 <== mon.0 v2:172.21.15.106:3300/0 2 ==== config(27 keys) v1 ==== 1140+0+0 (secure 0 0 0) 0x7f180c003be0 con 0x7f181c106a30
2024-03-28T02:01:48.722 INFO:teuthology.orchestra.run.smithi106.stdout:/usr/bin/ceph: stderr
2024-03-28T02:01:47.674+0000 7f18223b7700 1 -- 172.21.15.106:0/3580412204 --> [v2:172.21.15.106:3300/0,v1:172.21.15.106:6789/0] -- mon_subscribe({mgrmap=0+}) v3 -- 0x7f181c19b270 con 0x7f181c106a30
2024-03-28T02:01:48.722 INFO:teuthology.orchestra.run.smithi106.stdout:/usr/bin/ceph: stderr
2024-03-28T02:01:47.674+0000 7f1819ffb700 1 -- 172.21.15.106:0/3580412204 <== mon.0 v2:172.21.15.106:3300/0 3 ==== mon_map magic: 0 v1 ==== 205+0+0 (secure 0 0 0) 0x7f180c01a720 con 0x7f181c106a30
2024-03-28T02:01:48.722 INFO:teuthology.orchestra.run.smithi106.stdout:/usr/bin/ceph: stderr
2024-03-28T02:01:47.674+0000 7f18223b7700 1 -- 172.21.15.106:0/3580412204 --> [v2:172.21.15.106:3300/0,v1:172.21.15.106:6789/0] -- mon_subscribe({osdmap=0}) v3 -- 0x7f181c19bd90 con 0x7f181c106a30
2024-03-28T02:01:48.722 INFO:teuthology.orchestra.run.smithi106.stdout:/usr/bin/ceph: stderr
2024-03-28T02:01:47.674+0000 7f1819ffb700 1 -- 172.21.15.106:0/3580412204 <== mon.0 v2:172.21.15.106:3300/0 4 ==== mgrmap(e 12) v1 ==== 46119+0+0 (secure 0 0 0) 0x7f180c01aa40 con 0x7f181c106a30
2024-03-28T02:01:48.722 INFO:teuthology.orchestra.run.smithi106.stdout:/usr/bin/ceph: stderr
2024-03-28T02:01:47.674+0000 7f18223b7700 1 -- 172.21.15.106:0/3580412204 --> [v2:172.21.15.106:3300/0,v1:172.21.15.106:6789/0] -- mon_command({"prefix": "get_command_descriptions"} v 0) v1 -- 0x7f181c0637c0 con 0x7f181c106a30
2024-03-28T02:01:48.723 INFO:teuthology.orchestra.run.smithi106.stdout:/usr/bin/ceph: stderr
2024-03-28T02:01:47.675+0000 7f1819ffb700 1 --2- 172.21.15.106:0/3580412204 >> [v2:172.21.15.106:6800/3501119323,v1:172.21.15.106:6801/3501119323] conn(0x7f1808038f20 0x7f180803b3e0 unknown :-1 s=NONE pgs=0 cs=0 l=1 rev1=0 crypto rx=0 tx=0 comp rx=0 tx=0).connect
2024-03-28T02:01:48.723 INFO:teuthology.orchestra.run.smithi106.stdout:/usr/bin/ceph: stderr
2024-03-28T02:01:47.675+0000 7f1819ffb700 1 -- 172.21.15.106:0/3580412204 <== mon.0 v2:172.21.15.106:3300/0 5 ==== osd_map(3..3 src has 1..3) v4 ==== 1155+0+0 (secure 0 0 0) 0x7f180c04d5d0 con 0x7f181c106a30
2024-03-28T02:01:48.723 INFO:teuthology.orchestra.run.smithi106.stdout:/usr/bin/ceph: stderr
2024-03-28T02:01:47.675+0000 7f1813fff700 1 --2- 172.21.15.106:0/3580412204 >> [v2:172.21.15.106:6800/3501119323,v1:172.21.15.106:6801/3501119323] conn(0x7f1808038f20 0x7f180803b3e0 unknown :-1 s=BANNER_CONNECTING pgs=0 cs=0 l=1 rev1=0 crypto rx=0 tx=0 comp rx=0 tx=0)._handle_peer_banner_payload supported=3 required=0
2024-03-28T02:01:48.723 INFO:teuthology.orchestra.run.smithi106.stdout:/usr/bin/ceph: stderr
2024-03-28T02:01:47.675+0000 7f1813fff700 1 --2- 172.21.15.106:0/3580412204 >> [v2:172.21.15.106:6800/3501119323,v1:172.21.15.106:6801/3501119323] conn(0x7f1808038f20 0x7f180803b3e0 secure :-1 s=READY pgs=9 cs=0 l=1 rev1=1 crypto rx=0x7f1804006fd0 tx=0x7f1804006e40 comp rx=0 tx=0).ready entity=mgr.14152 client_cookie=0 server_cookie=0 in_seq=0 out_seq=0
2024-03-28T02:01:48.723 INFO:teuthology.orchestra.run.smithi106.stdout:/usr/bin/ceph: stderr
2024-03-28T02:01:47.680+0000 7f1819ffb700 1 -- 172.21.15.106:0/3580412204 <== mon.0 v2:172.21.15.106:3300/0 6 ==== mon_command_ack([{"prefix": "get_command_descriptions"}]=0 v0) v1 ==== 72+0+186149 (secure 0 0 0) 0x7f180c011e20 con 0x7f181c106a30
2024-03-28T02:01:48.723 INFO:teuthology.orchestra.run.smithi106.stdout:/usr/bin/ceph: stderr
2024-03-28T02:01:47.879+0000 7f18223b7700 1 -- 172.21.15.106:0/3580412204 --> [v2:172.21.15.106:3300/0,v1:172.21.15.106:6789/0] -- mon_command({"prefix": "config get", "who": "mgr", "key": "mgr/dashboard/ssl_server_port"} v 0) v1 -- 0x7f181c19c1d0 con 0x7f181c106a30
2024-03-28T02:01:48.723 INFO:teuthology.orchestra.run.smithi106.stdout:/usr/bin/ceph: stderr
2024-03-28T02:01:47.880+0000 7f1819ffb700 1 -- 172.21.15.106:0/3580412204 <== mon.0 v2:172.21.15.106:3300/0 7 ==== mon_command_ack([{"prefix": "config get", "who": "mgr", "key": "mgr/dashboard/ssl_server_port"}]=0 v8) v1 ==== 112+0+5 (secure 0 0 0) 0x7f180c00bc70 con 0x7f181c106a30
2024-03-28T02:01:48.723 INFO:teuthology.orchestra.run.smithi106.stdout:/usr/bin/ceph: stderr
2024-03-28T02:01:47.882+0000 7f18223b7700 1 -- 172.21.15.106:0/3580412204 >> [v2:172.21.15.106:6800/3501119323,v1:172.21.15.106:6801/3501119323] conn(0x7f1808038f20 msgr2=0x7f180803b3e0 secure :-1 s=STATE_CONNECTION_ESTABLISHED l=1).mark_down
2024-03-28T02:01:48.723 INFO:teuthology.orchestra.run.smithi106.stdout:/usr/bin/ceph: stderr
2024-03-28T02:01:47.882+0000 7f18223b7700 1 --2- 172.21.15.106:0/3580412204 >> [v2:172.21.15.106:6800/3501119323,v1:172.21.15.106:6801/3501119323] conn(0x7f1808038f20 0x7f180803b3e0 secure :-1 s=READY pgs=9 cs=0 l=1 rev1=1 crypto rx=0x7f1804006fd0 tx=0x7f1804006e40 comp rx=0 tx=0).stop
2024-03-28T02:01:48.723 INFO:teuthology.orchestra.run.smithi106.stdout:/usr/bin/ceph: stderr
2024-03-28T02:01:47.882+0000 7f18223b7700 1 -- 172.21.15.106:0/3580412204 >> [v2:172.21.15.106:3300/0,v1:172.21.15.106:6789/0] conn(0x7f181c106a30 msgr2=0x7f181c19aaa0 secure :-1 s=STATE_CONNECTION_ESTABLISHED l=1).mark_down
2024-03-28T02:01:48.723 INFO:teuthology.orchestra.run.smithi106.stdout:/usr/bin/ceph: stderr
