2024-03-28T02:15:26.667 INFO:teuthology.orchestra.run.smithi032.stdout:/usr/bin/ceph: stderr
2024-03-28T02:15:18.853+0000 7f9579e00700 1 --2- 172.21.15.32:0/320323584 >> [v2:172.21.15.32:3300/0,v1:172.21.15.32:6789/0] conn(0x7f957c07ddd0 0x7f957c07c2d0 secure :-1 s=READY pgs=61 cs=0 l=1 rev1=1 crypto rx=0x7f956c0098a0 tx=0x7f956c009bb0 comp rx=0 tx=0).ready entity=mon.0 client_cookie=fb42834faa6fb8fe server_cookie=0 in_seq=0 out_seq=0
2024-03-28T02:15:26.667 INFO:teuthology.orchestra.run.smithi032.stdout:/usr/bin/ceph: stderr
2024-03-28T02:15:18.854+0000 7f9578a00700 1 -- 172.21.15.32:0/320323584 <== mon.0 v2:172.21.15.32:3300/0 1 ==== mon_map magic: 0 v1 ==== 205+0+0 (secure 0 0 0) 0x7f956c004160 con 0x7f957c07ddd0
2024-03-28T02:15:26.667 INFO:teuthology.orchestra.run.smithi032.stdout:/usr/bin/ceph: stderr
2024-03-28T02:15:18.854+0000 7f9578a00700 1 -- 172.21.15.32:0/320323584 <== mon.0 v2:172.21.15.32:3300/0 2 ==== config(29 keys) v1 ==== 1209+0+0 (secure 0 0 0) 0x7f956c004300 con 0x7f957c07ddd0
2024-03-28T02:15:26.667 INFO:teuthology.orchestra.run.smithi032.stdout:/usr/bin/ceph: stderr
2024-03-28T02:15:18.854+0000 7f9578a00700 1 -- 172.21.15.32:0/320323584 <== mon.0 v2:172.21.15.32:3300/0 3 ==== mon_map magic: 0 v1 ==== 205+0+0 (secure 0 0 0) 0x7f956c011c70 con 0x7f957c07ddd0
2024-03-28T02:15:26.667 INFO:teuthology.orchestra.run.smithi032.stdout:/usr/bin/ceph: stderr
2024-03-28T02:15:18.855+0000 7f9580e00700 1 -- 172.21.15.32:0/320323584 >> [v2:172.21.15.32:3300/0,v1:172.21.15.32:6789/0] conn(0x7f957c07ddd0 msgr2=0x7f957c07c2d0 secure :-1 s=STATE_CONNECTION_ESTABLISHED l=1).mark_down
2024-03-28T02:15:26.667 INFO:teuthology.orchestra.run.smithi032.stdout:/usr/bin/ceph: stderr
2024-03-28T02:15:18.855+0000 7f9580e00700 1 --2- 172.21.15.32:0/320323584 >> [v2:172.21.15.32:3300/0,v1:172.21.15.32:6789/0] conn(0x7f957c07ddd0 0x7f957c07c2d0 secure :-1 s=READY pgs=61 cs=0 l=1 rev1=1 crypto rx=0x7f956c0098a0 tx=0x7f956c009bb0 comp rx=0 tx=0).stop
2024-03-28T02:15:26.667 INFO:teuthology.orchestra.run.smithi032.stdout:/usr/bin/ceph: stderr
2024-03-28T02:15:18.855+0000 7f9580e00700 1 -- 172.21.15.32:0/320323584 shutdown_connections
2024-03-28T02:15:26.668 INFO:teuthology.orchestra.run.smithi032.stdout:/usr/bin/ceph: stderr
2024-03-28T02:15:18.855+0000 7f9580e00700 1 --2- 172.21.15.32:0/320323584 >> [v2:172.21.15.32:3300/0,v1:172.21.15.32:6789/0] conn(0x7f957c07ddd0 0x7f957c07c2d0 unknown :-1 s=CLOSED pgs=61 cs=0 l=1 rev1=1 crypto rx=0 tx=0 comp rx=0 tx=0).stop
2024-03-28T02:15:26.668 INFO:teuthology.orchestra.run.smithi032.stdout:/usr/bin/ceph: stderr
2024-03-28T02:15:18.855+0000 7f9580e00700 1 -- 172.21.15.32:0/320323584 >> 172.21.15.32:0/320323584 conn(0x7f957c103390 msgr2=0x7f957c1057d0 unknown :-1 s=STATE_NONE l=0).mark_down
2024-03-28T02:15:26.668 INFO:teuthology.orchestra.run.smithi032.stdout:/usr/bin/ceph: stderr
2024-03-28T02:15:18.855+0000 7f9580e00700 1 -- 172.21.15.32:0/320323584 shutdown_connections
2024-03-28T02:15:26.668 INFO:teuthology.orchestra.run.smithi032.stdout:/usr/bin/ceph: stderr
2024-03-28T02:15:18.855+0000 7f9580e00700 1 -- 172.21.15.32:0/320323584 wait complete.
2024-03-28T02:15:26.668 INFO:teuthology.orchestra.run.smithi032.stdout:/usr/bin/ceph: stderr
2024-03-28T02:15:18.856+0000 7f9580e00700 1 Processor -- start
2024-03-28T02:15:26.668 INFO:teuthology.orchestra.run.smithi032.stdout:/usr/bin/ceph: stderr
2024-03-28T02:15:18.856+0000 7f9580e00700 1 -- start start
2024-03-28T02:15:26.672 INFO:teuthology.orchestra.run.smithi032.stdout:/usr/bin/ceph: stderr
2024-03-28T02:15:18.857+0000 7f9580e00700 1 --2- >> [v2:172.21.15.32:3300/0,v1:172.21.15.32:6789/0] conn(0x7f957c07ddd0 0x7f957c19dfd0 unknown :-1 s=NONE pgs=0 cs=0 l=1 rev1=0 crypto rx=0 tx=0 comp rx=0 tx=0).connect
2024-03-28T02:15:26.672 INFO:teuthology.orchestra.run.smithi032.stdout:/usr/bin/ceph: stderr
2024-03-28T02:15:18.857+0000 7f9580e00700 1 -- --> [v2:172.21.15.32:3300/0,v1:172.21.15.32:6789/0] -- mon_getmap magic: 0 v1 -- 0x7f957c10e430 con 0x7f957c07ddd0
2024-03-28T02:15:26.672 INFO:teuthology.orchestra.run.smithi032.stdout:/usr/bin/ceph: stderr
2024-03-28T02:15:18.857+0000 7f9579e00700 1 --2- >> [v2:172.21.15.32:3300/0,v1:172.21.15.32:6789/0] conn(0x7f957c07ddd0 0x7f957c19dfd0 unknown :-1 s=BANNER_CONNECTING pgs=0 cs=0 l=1 rev1=0 crypto rx=0 tx=0 comp rx=0 tx=0)._handle_peer_banner_payload supported=3 required=0
2024-03-28T02:15:26.672 INFO:teuthology.orchestra.run.smithi032.stdout:/usr/bin/ceph: stderr
2024-03-28T02:15:18.857+0000 7f9579e00700 1 --2- >> [v2:172.21.15.32:3300/0,v1:172.21.15.32:6789/0] conn(0x7f957c07ddd0 0x7f957c19dfd0 unknown :-1 s=HELLO_CONNECTING pgs=0 cs=0 l=1 rev1=1 crypto rx=0 tx=0 comp rx=0 tx=0).handle_hello peer v2:172.21.15.32:3300/0 says I am v2:172.21.15.32:43026/0 (socket says 172.21.15.32:43026)
2024-03-28T02:15:26.672 INFO:teuthology.orchestra.run.smithi032.stdout:/usr/bin/ceph: stderr
2024-03-28T02:15:18.857+0000 7f9579e00700 1 -- 172.21.15.32:0/679707098 learned_addr learned my addr 172.21.15.32:0/679707098 (peer_addr_for_me v2:172.21.15.32:0/0)
2024-03-28T02:15:26.672 INFO:teuthology.orchestra.run.smithi032.stdout:/usr/bin/ceph: stderr
2024-03-28T02:15:18.858+0000 7f9579e00700 1 -- 172.21.15.32:0/679707098 --> [v2:172.21.15.32:3300/0,v1:172.21.15.32:6789/0] -- mon_subscribe({config=0+,monmap=0+}) v3 -- 0x7f957c19e510 con 0x7f957c07ddd0
2024-03-28T02:15:26.672 INFO:teuthology.orchestra.run.smithi032.stdout:/usr/bin/ceph: stderr
2024-03-28T02:15:18.858+0000 7f9579e00700 1 --2- 172.21.15.32:0/679707098 >> [v2:172.21.15.32:3300/0,v1:172.21.15.32:6789/0] conn(0x7f957c07ddd0 0x7f957c19dfd0 secure :-1 s=READY pgs=62 cs=0 l=1 rev1=1 crypto rx=0x7f956c0117f0 tx=0x7f956c011cf0 comp rx=0 tx=0).ready entity=mon.0 client_cookie=0 server_cookie=0 in_seq=0 out_seq=0
2024-03-28T02:15:26.672 INFO:teuthology.orchestra.run.smithi032.stdout:/usr/bin/ceph: stderr
2024-03-28T02:15:18.858+0000 7f9572a00700 1 -- 172.21.15.32:0/679707098 <== mon.0 v2:172.21.15.32:3300/0 1 ==== mon_map magic: 0 v1 ==== 205+0+0 (secure 0 0 0) 0x7f956c0038b0 con 0x7f957c07ddd0
2024-03-28T02:15:26.672 INFO:teuthology.orchestra.run.smithi032.stdout:/usr/bin/ceph: stderr
2024-03-28T02:15:18.858+0000 7f9572a00700 1 -- 172.21.15.32:0/679707098 <== mon.0 v2:172.21.15.32:3300/0 2 ==== config(29 keys) v1 ==== 1209+0+0 (secure 0 0 0) 0x7f956c024430 con 0x7f957c07ddd0
2024-03-28T02:15:26.672 INFO:teuthology.orchestra.run.smithi032.stdout:/usr/bin/ceph: stderr
2024-03-28T02:15:18.858+0000 7f9580e00700 1 -- 172.21.15.32:0/679707098 --> [v2:172.21.15.32:3300/0,v1:172.21.15.32:6789/0] -- mon_subscribe({mgrmap=0+}) v3 -- 0x7f957c19e7a0 con 0x7f957c07ddd0
2024-03-28T02:15:26.672 INFO:teuthology.orchestra.run.smithi032.stdout:/usr/bin/ceph: stderr
2024-03-28T02:15:18.858+0000 7f9580e00700 1 -- 172.21.15.32:0/679707098 --> [v2:172.21.15.32:3300/0,v1:172.21.15.32:6789/0] -- mon_subscribe({osdmap=0}) v3 -- 0x7f957c1a1490 con 0x7f957c07ddd0
2024-03-28T02:15:26.673 INFO:teuthology.orchestra.run.smithi032.stdout:/usr/bin/ceph: stderr
2024-03-28T02:15:18.858+0000 7f9572a00700 1 -- 172.21.15.32:0/679707098 <== mon.0 v2:172.21.15.32:3300/0 3 ==== mon_map magic: 0 v1 ==== 205+0+0 (secure 0 0 0) 0x7f956c01a5c0 con 0x7f957c07ddd0
2024-03-28T02:15:26.673 INFO:teuthology.orchestra.run.smithi032.stdout:/usr/bin/ceph: stderr
2024-03-28T02:15:18.859+0000 7f9572a00700 1 -- 172.21.15.32:0/679707098 <== mon.0 v2:172.21.15.32:3300/0 4 ==== mgrmap(e 9) v1 ==== 46119+0+0 (secure 0 0 0) 0x7f956c003a50 con 0x7f957c07ddd0
2024-03-28T02:15:26.673 INFO:teuthology.orchestra.run.smithi032.stdout:/usr/bin/ceph: stderr
2024-03-28T02:15:18.860+0000 7f9572a00700 1 --2- 172.21.15.32:0/679707098 >> [v2:172.21.15.32:6800/381453588,v1:172.21.15.32:6801/381453588] conn(0x7f9560038f20 0x7f956003b3e0 unknown :-1 s=NONE pgs=0 cs=0 l=1 rev1=0 crypto rx=0 tx=0 comp rx=0 tx=0).connect
2024-03-28T02:15:26.673 INFO:teuthology.orchestra.run.smithi032.stdout:/usr/bin/ceph: stderr
2024-03-28T02:15:18.860+0000 7f9572a00700 1 -- 172.21.15.32:0/679707098 --> [v2:172.21.15.32:6800/381453588,v1:172.21.15.32:6801/381453588] -- command(tid 0: {"prefix": "get_command_descriptions"}) v1 -- 0x7f956003baf0 con 0x7f9560038f20
2024-03-28T02:15:26.673 INFO:teuthology.orchestra.run.smithi032.stdout:/usr/bin/ceph: stderr
2024-03-28T02:15:18.860+0000 7f9572a00700 1 -- 172.21.15.32:0/679707098 <== mon.0 v2:172.21.15.32:3300/0 5 ==== osd_map(2..2 src has 1..2) v4 ==== 940+0+0 (secure 0 0 0) 0x7f956c04d190 con 0x7f957c07ddd0
2024-03-28T02:15:26.673 INFO:teuthology.orchestra.run.smithi032.stdout:/usr/bin/ceph: stderr
2024-03-28T02:15:18.860+0000 7f9579400700 1 -- 172.21.15.32:0/679707098 >> [v2:172.21.15.32:6800/381453588,v1:172.21.15.32:6801/381453588] conn(0x7f9560038f20 msgr2=0x7f956003b3e0 unknown :-1 s=STATE_CONNECTING_RE l=1).process reconnect failed to v2:172.21.15.32:6800/381453588
2024-03-28T02:15:26.673 INFO:teuthology.orchestra.run.smithi032.stdout:/usr/bin/ceph: stderr
2024-03-28T02:15:18.860+0000 7f9579400700 1 --2- 172.21.15.32:0/679707098 >> [v2:172.21.15.32:6800/381453588,v1:172.21.15.32:6801/381453588] conn(0x7f9560038f20 0x7f956003b3e0 unknown :-1 s=START_CONNECT pgs=0 cs=0 l=1 rev1=0 crypto rx=0 tx=0 comp rx=0 tx=0)._fault waiting 0.200000
2024-03-28T02:15:26.673 INFO:teuthology.orchestra.run.smithi032.stdout:/usr/bin/ceph: stderr
2024-03-28T02:15:19.061+0000 7f9579400700 1 -- 172.21.15.32:0/679707098 >> [v2:172.21.15.32:6800/381453588,v1:172.21.15.32:6801/381453588] conn(0x7f9560038f20 msgr2=0x7f956003b3e0 unknown :-1 s=STATE_CONNECTING_RE l=1).process reconnect failed to v2:172.21.15.32:6800/381453588
2024-03-28T02:15:26.673 INFO:teuthology.orchestra.run.smithi032.stdout:/usr/bin/ceph: stderr
2024-03-28T02:15:19.061+0000 7f9579400700 1 --2- 172.21.15.32:0/679707098 >> [v2:172.21.15.32:6800/381453588,v1:172.21.15.32:6801/381453588] conn(0x7f9560038f20 0x7f956003b3e0 unknown :-1 s=START_CONNECT pgs=0 cs=0 l=1 rev1=0 crypto rx=0 tx=0 comp rx=0 tx=0)._fault waiting 0.400000
2024-03-28T02:15:26.673 INFO:teuthology.orchestra.run.smithi032.stdout:/usr/bin/ceph: stderr
2024-03-28T02:15:19.462+0000 7f9579400700 1 -- 172.21.15.32:0/679707098 >> [v2:172.21.15.32:6800/381453588,v1:172.21.15.32:6801/381453588] conn(0x7f9560038f20 msgr2=0x7f956003b3e0 unknown :-1 s=STATE_CONNECTING_RE l=1).process reconnect failed to v2:172.21.15.32:6800/381453588
2024-03-28T02:15:26.673 INFO:teuthology.orchestra.run.smithi032.stdout:/usr/bin/ceph: stderr
2024-03-28T02:15:19.462+0000 7f9579400700 1 --2- 172.21.15.32:0/679707098 >> [v2:172.21.15.32:6800/381453588,v1:172.21.15.32:6801/381453588] conn(0x7f9560038f20 0x7f956003b3e0 unknown :-1 s=START_CONNECT pgs=0 cs=0 l=1 rev1=0 crypto rx=0 tx=0 comp rx=0 tx=0)._fault waiting 0.800000
2024-03-28T02:15:26.673 INFO:teuthology.orchestra.run.smithi032.stdout:/usr/bin/ceph: stderr
2024-03-28T02:15:20.263+0000 7f9579400700 1 -- 172.21.15.32:0/679707098 >> [v2:172.21.15.32:6800/381453588,v1:172.21.15.32:6801/381453588] conn(0x7f9560038f20 msgr2=0x7f956003b3e0 unknown :-1 s=STATE_CONNECTING_RE l=1).process reconnect failed to v2:172.21.15.32:6800/381453588
2024-03-28T02:15:26.673 INFO:teuthology.orchestra.run.smithi032.stdout:/usr/bin/ceph: stderr
2024-03-28T02:15:20.263+0000 7f9579400700 1 --2- 172.21.15.32:0/679707098 >> [v2:172.21.15.32:6800/381453588,v1:172.21.15.32:6801/381453588] conn(0x7f9560038f20 0x7f956003b3e0 unknown :-1 s=START_CONNECT pgs=0 cs=0 l=1 rev1=0 crypto rx=0 tx=0 comp rx=0 tx=0)._fault waiting 1.600000
2024-03-28T02:15:26.673 INFO:teuthology.orchestra.run.smithi032.stdout:/usr/bin/ceph: stderr
2024-03-28T02:15:21.865+0000 7f9579400700 1 -- 172.21.15.32:0/679707098 >> [v2:172.21.15.32:6800/381453588,v1:172.21.15.32:6801/381453588] conn(0x7f9560038f20 msgr2=0x7f956003b3e0 unknown :-1 s=STATE_CONNECTING_RE l=1).process reconnect failed to v2:172.21.15.32:6800/381453588
2024-03-28T02:15:26.673 INFO:teuthology.orchestra.run.smithi032.stdout:/usr/bin/ceph: stderr
2024-03-28T02:15:21.865+0000 7f9579400700 1 --2- 172.21.15.32:0/679707098 >> [v2:172.21.15.32:6800/381453588,v1:172.21.15.32:6801/381453588] conn(0x7f9560038f20 0x7f956003b3e0 unknown :-1 s=START_CONNECT pgs=0 cs=0 l=1 rev1=0 crypto rx=0 tx=0 comp rx=0 tx=0)._fault waiting 3.200000
2024-03-28T02:15:26.674 INFO:teuthology.orchestra.run.smithi032.stdout:/usr/bin/ceph: stderr
2024-03-28T02:15:25.004+0000 7f9572a00700 1 -- 172.21.15.32:0/679707098 <== mon.0 v2:172.21.15.32:3300/0 6 ==== mgrmap(e 10) v1 ==== 45886+0+0 (secure 0 0 0) 0x7f956c02d3f0 con 0x7f957c07ddd0
2024-03-28T02:15:26.674 INFO:teuthology.orchestra.run.smithi032.stdout:/usr/bin/ceph: stderr
2024-03-28T02:15:25.004+0000 7f9572a00700 1 -- 172.21.15.32:0/679707098 >> [v2:172.21.15.32:6800/381453588,v1:172.21.15.32:6801/381453588] conn(0x7f9560038f20 msgr2=0x7f956003b3e0 unknown :-1 s=STATE_CONNECTING l=1).mark_down
2024-03-28T02:15:26.674 INFO:teuthology.orchestra.run.smithi032.stdout:/usr/bin/ceph: stderr
2024-03-28T02:15:25.004+0000 7f9572a00700 1 --2- 172.21.15.32:0/679707098 >> [v2:172.21.15.32:6800/381453588,v1:172.21.15.32:6801/381453588] conn(0x7f9560038f20 0x7f956003b3e0 unknown :-1 s=START_CONNECT pgs=0 cs=0 l=1 rev1=0 crypto rx=0 tx=0 comp rx=0 tx=0).stop
2024-03-28T02:15:26.674 INFO:teuthology.orchestra.run.smithi032.stdout:/usr/bin/ceph: stderr
2024-03-28T02:15:26.006+0000 7f9572a00700 1 -- 172.21.15.32:0/679707098 <== mon.0 v2:172.21.15.32:3300/0 7 ==== mgrmap(e 11) v1 ==== 46013+0+0 (secure 0 0 0) 0x7f956c04ef00 con 0x7f957c07ddd0
2024-03-28T02:15:26.674 INFO:teuthology.orchestra.run.smithi032.stdout:/usr/bin/ceph: stderr
2024-03-28T02:15:26.006+0000 7f9572a00700 1 --2- 172.21.15.32:0/679707098 >> [v2:172.21.15.32:6800/1815525614,v1:172.21.15.32:6801/1815525614] conn(0x7f956003c9a0 0x7f956003ed90 unknown :-1 s=NONE pgs=0 cs=0 l=1 rev1=0 crypto rx=0 tx=0 comp rx=0 tx=0).connect
2024-03-28T02:15:26.674 INFO:teuthology.orchestra.run.smithi032.stdout:/usr/bin/ceph: stderr
2024-03-28T02:15:26.006+0000 7f9572a00700 1 -- 172.21.15.32:0/679707098 --> [v2:172.21.15.32:6800/1815525614,v1:172.21.15.32:6801/1815525614] -- command(tid 0: {"prefix": "get_command_descriptions"}) v1 -- 0x7f956003baf0 con 0x7f956003c9a0
2024-03-28T02:15:26.674 INFO:teuthology.orchestra.run.smithi032.stdout:/usr/bin/ceph: stderr
2024-03-28T02:15:26.007+0000 7f9579400700 1 --2- 172.21.15.32:0/679707098 >> [v2:172.21.15.32:6800/1815525614,v1:172.21.15.32:6801/1815525614] conn(0x7f956003c9a0 0x7f956003ed90 unknown :-1 s=BANNER_CONNECTING pgs=0 cs=0 l=1 rev1=0 crypto rx=0 tx=0 comp rx=0 tx=0)._handle_peer_banner_payload supported=3 required=0
2024-03-28T02:15:26.674 INFO:teuthology.orchestra.run.smithi032.stdout:/usr/bin/ceph: stderr
2024-03-28T02:15:26.009+0000 7f9579400700 1 --2- 172.21.15.32:0/679707098 >> [v2:172.21.15.32:6800/1815525614,v1:172.21.15.32:6801/1815525614] conn(0x7f956003c9a0 0x7f956003ed90 secure :-1 s=READY pgs=2 cs=0 l=1 rev1=1 crypto rx=0x7f9568003a10 tx=0x7f95680092b0 comp rx=0 tx=0).ready entity=mgr.14152 client_cookie=0 server_cookie=0 in_seq=0 out_seq=0
2024-03-28T02:15:26.674 INFO:teuthology.orchestra.run.smithi032.stdout:/usr/bin/ceph: stderr
2024-03-28T02:15:26.011+0000 7f9572a00700 1 -- 172.21.15.32:0/679707098 <== mgr.14152 v2:172.21.15.32:6800/1815525614 1 ==== command_reply(tid 0: 0 ) v1 ==== 8+0+7774 (secure 0 0 0) 0x7f956003baf0 con 0x7f956003c9a0
2024-03-28T02:15:26.674 INFO:teuthology.orchestra.run.smithi032.stdout:/usr/bin/ceph: stderr
2024-03-28T02:15:26.024+0000 7f9580e00700 1 -- 172.21.15.32:0/679707098 --> [v2:172.21.15.32:6800/1815525614,v1:172.21.15.32:6801/1815525614] -- command(tid 1: {"prefix": "mgr_status"}) v1 -- 0x7f957c0637c0 con 0x7f956003c9a0
2024-03-28T02:15:26.674 INFO:teuthology.orchestra.run.smithi032.stdout:/usr/bin/ceph: stderr
2024-03-28T02:15:26.025+0000 7f9572a00700 1 -- 172.21.15.32:0/679707098 <== mgr.14152 v2:172.21.15.32:6800/1815525614 2 ==== command_reply(tid 1: 0 ) v1 ==== 8+0+52 (secure 0 0 0) 0x7f957c0637c0 con 0x7f956003c9a0
2024-03-28T02:15:26.676 INFO:teuthology.orchestra.run.smithi032.stdout:/usr/bin/ceph: stderr
2024-03-28T02:15:26.026+0000 7f9580e00700 1 -- 172.21.15.32:0/679707098 >> [v2:172.21.15.32:6800/1815525614,v1:172.21.15.32:6801/1815525614] conn(0x7f956003c9a0 msgr2=0x7f956003ed90 secure :-1 s=STATE_CONNECTION_ESTABLISHED l=1).mark_down
2024-03-28T02:15:26.676 INFO:teuthology.orchestra.run.smithi032.stdout:/usr/bin/ceph: stderr
2024-03-28T02:15:26.026+0000 7f9580e00700 1 --2- 172.21.15.32:0/679707098 >> [v2:172.21.15.32:6800/1815525614,v1:172.21.15.32:6801/1815525614] conn(0x7f956003c9a0 0x7f956003ed90 secure :-1 s=READY pgs=2 cs=0 l=1 rev1=1 crypto rx=0x7f9568003a10 tx=0x7f95680092b0 comp rx=0 tx=0).stop
2024-03-28T02:15:26.676 INFO:teuthology.orchestra.run.smithi032.stdout:/usr/bin/ceph: stderr
2024-03-28T02:15:26.026+0000 7f9580e00700 1 -- 172.21.15.32:0/679707098 >> [v2:172.21.15.32:3300/0,v1:172.21.15.32:6789/0] conn(0x7f957c07ddd0 msgr2=0x7f957c19dfd0 secure :-1 s=STATE_CONNECTION_ESTABLISHED l=1).mark_down
2024-03-28T02:15:26.676 INFO:teuthology.orchestra.run.smithi032.stdout:/usr/bin/ceph: stderr
2024-03-28T02:15:26.026+0000 7f9580e00700 1 --2- 172.21.15.32:0/679707098 >> [v2:172.21.15.32:3300/0,v1:172.21.15.32:6789/0] conn(0x7f957c07ddd0 0x7f957c19dfd0 secure :-1 s=READY pgs=62 cs=0 l=1 rev1=1 crypto rx=0x7f956c0117f0 tx=0x7f956c011cf0 comp rx=0 tx=0).stop
2024-03-28T02:15:26.676 INFO:teuthology.orchestra.run.smithi032.stdout:/usr/bin/ceph: stderr
2024-03-28T02:15:26.026+0000 7f9580e00700 1 -- 172.21.15.32:0/679707098 shutdown_connections
2024-03-28T02:15:26.676 INFO:teuthology.orchestra.run.smithi032.stdout:/usr/bin/ceph: stderr
2024-03-28T02:15:26.026+0000 7f9580e00700 1 --2- 172.21.15.32:0/679707098 >> [v2:172.21.15.32:3300/0,v1:172.21.15.32:6789/0] conn(0x7f957c07ddd0 0x7f957c19dfd0 unknown :-1 s=CLOSED pgs=62 cs=0 l=1 rev1=1 crypto rx=0 tx=0 comp rx=0 tx=0).stop
2024-03-28T02:15:26.676 INFO:teuthology.orchestra.run.smithi032.stdout:/usr/bin/ceph: stderr
2024-03-28T02:15:26.026+0000 7f9580e00700 1 --2- 172.21.15.32:0/679707098 >> [v2:172.21.15.32:6800/1815525614,v1:172.21.15.32:6801/1815525614] conn(0x7f956003c9a0 0x7f956003ed90 unknown :-1 s=CLOSED pgs=2 cs=0 l=1 rev1=1 crypto rx=0 tx=0 comp rx=0 tx=0).stop
2024-03-28T02:15:26.676 INFO:teuthology.orchestra.run.smithi032.stdout:/usr/bin/ceph: stderr
2024-03-28T02:15:26.026+0000 7f9580e00700 1 --2- 172.21.15.32:0/679707098 >> [v2:172.21.15.32:6800/381453588,v1:172.21.15.32:6801/381453588] conn(0x7f9560038f20 0x7f956003b3e0 unknown :-1 s=CLOSED pgs=0 cs=0 l=1 rev1=0 crypto rx=0 tx=0 comp rx=0 tx=0).stop
2024-03-28T02:15:26.676 INFO:teuthology.orchestra.run.smithi032.stdout:/usr/bin/ceph: stderr
2024-03-28T02:15:26.026+0000 7f9580e00700 1 -- 172.21.15.32:0/679707098 >> 172.21.15.32:0/679707098 conn(0x7f957c103390 msgr2=0x7f957c103f30 unknown :-1 s=STATE_NONE l=0).mark_down
2024-03-28T02:15:26.676 INFO:teuthology.orchestra.run.smithi032.stdout:/usr/bin/ceph: stderr
2024-03-28T02:15:26.026+0000 7f9580e00700 1 -- 172.21.15.32:0/679707098 shutdown_connections
2024-03-28T02:15:26.676 INFO:teuthology.orchestra.run.smithi032.stdout:/usr/bin/ceph: stderr
2024-03-28T02:15:26.026+0000 7f9580e00700 1 -- 172.21.15.32:0/679707098 wait complete.
2024-03-28T02:15:26.677 INFO:teuthology.orchestra.run.smithi032.stdout:mgr epoch 9 is available
2024-03-28T02:15:26.677 INFO:teuthology.orchestra.run.smithi032.stdout:Generating a dashboard self-signed certificate...
2024-03-28T02:15:27.353 INFO:journalctl@ceph.mon.a.smithi032.stdout:Mar 28 02:15:27 smithi032 ceph-mon[31529]: from='client.14156 -' entity='client.admin' cmd=[{"prefix": "get_command_descriptions"}]: dispatch
2024-03-28T02:15:27.353 INFO:journalctl@ceph.mon.a.smithi032.stdout:Mar 28 02:15:27 smithi032 ceph-mon[31529]: from='client.14156 -' entity='client.admin' cmd=[{"prefix": "mgr_status"}]: dispatch
2024-03-28T02:15:28.311 INFO:journalctl@ceph.mon.a.smithi032.stdout:Mar 28 02:15:28 smithi032 ceph-mon[31529]: mgrmap e12: x(active, since 2s)
2024-03-28T02:15:28.311 INFO:journalctl@ceph.mon.a.smithi032.stdout:Mar 28 02:15:28 smithi032 ceph-mon[31529]: from='mgr.14152 172.21.15.32:0/1051854628' entity='mgr.x'
2024-03-28T02:15:29.328 INFO:teuthology.orchestra.run.smithi032.stdout:/usr/bin/ceph: stdout Self-signed certificate created
2024-03-28T02:15:29.328 INFO:teuthology.orchestra.run.smithi032.stdout:/usr/bin/ceph: stderr
2024-03-28T02:15:28.053+0000 7f2280000700 1 Processor -- start
2024-03-28T02:15:29.328 INFO:teuthology.orchestra.run.smithi032.stdout:/usr/bin/ceph: stderr
2024-03-28T02:15:28.053+0000 7f2280000700 1 -- start start
2024-03-28T02:15:29.328 INFO:teuthology.orchestra.run.smithi032.stdout:/usr/bin/ceph: stderr
2024-03-28T02:15:28.054+0000 7f2280000700 1 --2- >> [v2:172.21.15.32:3300/0,v1:172.21.15.32:6789/0] conn(0x7f22781088b0 0x7f227810aca0 unknown :-1 s=NONE pgs=0 cs=0 l=0 rev1=0 crypto rx=0 tx=0 comp rx=0 tx=0).connect
2024-03-28T02:15:29.328 INFO:teuthology.orchestra.run.smithi032.stdout:/usr/bin/ceph: stderr
2024-03-28T02:15:28.054+0000 7f2280000700 1 -- --> [v2:172.21.15.32:3300/0,v1:172.21.15.32:6789/0] -- mon_getmap magic: 0 v1 -- 0x7f227807be00 con 0x7f22781088b0
2024-03-28T02:15:29.328 INFO:teuthology.orchestra.run.smithi032.stdout:/usr/bin/ceph: stderr
2024-03-28T02:15:28.054+0000 7f227d600700 1 --2- >> [v2:172.21.15.32:3300/0,v1:172.21.15.32:6789/0] conn(0x7f22781088b0 0x7f227810aca0 unknown :-1 s=BANNER_CONNECTING pgs=0 cs=0 l=0 rev1=0 crypto rx=0 tx=0 comp rx=0 tx=0)._handle_peer_banner_payload supported=3 required=0
2024-03-28T02:15:29.328 INFO:teuthology.orchestra.run.smithi032.stdout:/usr/bin/ceph: stderr
2024-03-28T02:15:28.054+0000 7f227d600700 1 --2- >> [v2:172.21.15.32:3300/0,v1:172.21.15.32:6789/0] conn(0x7f22781088b0 0x7f227810aca0 unknown :-1 s=HELLO_CONNECTING pgs=0 cs=0 l=0 rev1=1 crypto rx=0 tx=0 comp rx=0 tx=0).handle_hello peer v2:172.21.15.32:3300/0 says I am v2:172.21.15.32:60852/0 (socket says 172.21.15.32:60852)
2024-03-28T02:15:29.328 INFO:teuthology.orchestra.run.smithi032.stdout:/usr/bin/ceph: stderr
2024-03-28T02:15:28.054+0000 7f227d600700 1 -- 172.21.15.32:0/1367561569 learned_addr learned my addr 172.21.15.32:0/1367561569 (peer_addr_for_me v2:172.21.15.32:0/0)
2024-03-28T02:15:29.328 INFO:teuthology.orchestra.run.smithi032.stdout:/usr/bin/ceph: stderr
2024-03-28T02:15:28.055+0000 7f227d600700 1 -- 172.21.15.32:0/1367561569 --> [v2:172.21.15.32:3300/0,v1:172.21.15.32:6789/0] -- mon_subscribe({config=0+,monmap=0+}) v3 -- 0x7f227810b1e0 con 0x7f22781088b0
2024-03-28T02:15:29.329 INFO:teuthology.orchestra.run.smithi032.stdout:/usr/bin/ceph: stderr
2024-03-28T02:15:28.055+0000 7f227d600700 1 --2- 172.21.15.32:0/1367561569 >> [v2:172.21.15.32:3300/0,v1:172.21.15.32:6789/0] conn(0x7f22781088b0 0x7f227810aca0 secure :-1 s=READY pgs=70 cs=0 l=1 rev1=1 crypto rx=0x7f226c0098a0 tx=0x7f226c009bb0 comp rx=0 tx=0).ready entity=mon.0 client_cookie=8fb77d17700f8e41 server_cookie=0 in_seq=0 out_seq=0
2024-03-28T02:15:29.329 INFO:teuthology.orchestra.run.smithi032.stdout:/usr/bin/ceph: stderr
2024-03-28T02:15:28.055+0000 7f2277e00700 1 -- 172.21.15.32:0/1367561569 <== mon.0 v2:172.21.15.32:3300/0 1 ==== mon_map magic: 0 v1 ==== 205+0+0 (secure 0 0 0) 0x7f226c004160 con 0x7f22781088b0
2024-03-28T02:15:29.329 INFO:teuthology.orchestra.run.smithi032.stdout:/usr/bin/ceph: stderr
2024-03-28T02:15:28.055+0000 7f2277e00700 1 -- 172.21.15.32:0/1367561569 <== mon.0 v2:172.21.15.32:3300/0 2 ==== config(29 keys) v1 ==== 1209+0+0 (secure 0 0 0) 0x7f226c004300 con 0x7f22781088b0
2024-03-28T02:15:29.329 INFO:teuthology.orchestra.run.smithi032.stdout:/usr/bin/ceph: stderr
2024-03-28T02:15:28.055+0000 7f2277e00700 1 -- 172.21.15.32:0/1367561569 <== mon.0 v2:172.21.15.32:3300/0 3 ==== mon_map magic: 0 v1 ==== 205+0+0 (secure 0 0 0) 0x7f226c011c70 con 0x7f22781088b0
2024-03-28T02:15:29.329 INFO:teuthology.orchestra.run.smithi032.stdout:/usr/bin/ceph: stderr
2024-03-28T02:15:28.056+0000 7f2280000700 1 -- 172.21.15.32:0/1367561569 >> [v2:172.21.15.32:3300/0,v1:172.21.15.32:6789/0] conn(0x7f22781088b0 msgr2=0x7f227810aca0 secure :-1 s=STATE_CONNECTION_ESTABLISHED l=1).mark_down
2024-03-28T02:15:29.329 INFO:teuthology.orchestra.run.smithi032.stdout:/usr/bin/ceph: stderr
2024-03-28T02:15:28.056+0000 7f2280000700 1 --2- 172.21.15.32:0/1367561569 >> [v2:172.21.15.32:3300/0,v1:172.21.15.32:6789/0] conn(0x7f22781088b0 0x7f227810aca0 secure :-1 s=READY pgs=70 cs=0 l=1 rev1=1 crypto rx=0x7f226c0098a0 tx=0x7f226c009bb0 comp rx=0 tx=0).stop
2024-03-28T02:15:29.329 INFO:teuthology.orchestra.run.smithi032.stdout:/usr/bin/ceph: stderr
2024-03-28T02:15:28.056+0000 7f2280000700 1 -- 172.21.15.32:0/1367561569 shutdown_connections
2024-03-28T02:15:29.329 INFO:teuthology.orchestra.run.smithi032.stdout:/usr/bin/ceph: stderr
2024-03-28T02:15:28.056+0000 7f2280000700 1 --2- 172.21.15.32:0/1367561569 >> [v2:172.21.15.32:3300/0,v1:172.21.15.32:6789/0] conn(0x7f22781088b0 0x7f227810aca0 unknown :-1 s=CLOSED pgs=70 cs=0 l=1 rev1=1 crypto rx=0 tx=0 comp rx=0 tx=0).stop
2024-03-28T02:15:29.329 INFO:teuthology.orchestra.run.smithi032.stdout:/usr/bin/ceph: stderr
2024-03-28T02:15:28.056+0000 7f2280000700 1 -- 172.21.15.32:0/1367561569 >> 172.21.15.32:0/1367561569 conn(0x7f2278102200 msgr2=0x7f2278104660 unknown :-1 s=STATE_NONE l=0).mark_down
2024-03-28T02:15:29.329 INFO:teuthology.orchestra.run.smithi032.stdout:/usr/bin/ceph: stderr
2024-03-28T02:15:28.056+0000 7f2280000700 1 -- 172.21.15.32:0/1367561569 shutdown_connections
2024-03-28T02:15:29.329 INFO:teuthology.orchestra.run.smithi032.stdout:/usr/bin/ceph: stderr
2024-03-28T02:15:28.057+0000 7f2280000700 1 -- 172.21.15.32:0/1367561569 wait complete.
2024-03-28T02:15:29.329 INFO:teuthology.orchestra.run.smithi032.stdout:/usr/bin/ceph: stderr
2024-03-28T02:15:28.058+0000 7f2280000700 1 Processor -- start
2024-03-28T02:15:29.329 INFO:teuthology.orchestra.run.smithi032.stdout:/usr/bin/ceph: stderr
2024-03-28T02:15:28.058+0000 7f2280000700 1 -- start start
2024-03-28T02:15:29.329 INFO:teuthology.orchestra.run.smithi032.stdout:/usr/bin/ceph: stderr
2024-03-28T02:15:28.058+0000 7f2280000700 1 --2- >> [v2:172.21.15.32:3300/0,v1:172.21.15.32:6789/0] conn(0x7f22781088b0 0x7f227819e040 unknown :-1 s=NONE pgs=0 cs=0 l=1 rev1=0 crypto rx=0 tx=0 comp rx=0 tx=0).connect
2024-03-28T02:15:29.329 INFO:teuthology.orchestra.run.smithi032.stdout:/usr/bin/ceph: stderr
2024-03-28T02:15:28.058+0000 7f2280000700 1 -- --> [v2:172.21.15.32:3300/0,v1:172.21.15.32:6789/0] -- mon_getmap magic: 0 v1 -- 0x7f227810c250 con 0x7f22781088b0
2024-03-28T02:15:29.330 INFO:teuthology.orchestra.run.smithi032.stdout:/usr/bin/ceph: stderr
2024-03-28T02:15:28.058+0000 7f227d600700 1 --2- >> [v2:172.21.15.32:3300/0,v1:172.21.15.32:6789/0] conn(0x7f22781088b0 0x7f227819e040 unknown :-1 s=BANNER_CONNECTING pgs=0 cs=0 l=1 rev1=0 crypto rx=0 tx=0 comp rx=0 tx=0)._handle_peer_banner_payload supported=3 required=0
2024-03-28T02:15:29.330 INFO:teuthology.orchestra.run.smithi032.stdout:/usr/bin/ceph: stderr
2024-03-28T02:15:28.058+0000 7f227d600700 1 --2- >> [v2:172.21.15.32:3300/0,v1:172.21.15.32:6789/0] conn(0x7f22781088b0 0x7f227819e040 unknown :-1 s=HELLO_CONNECTING pgs=0 cs=0 l=1 rev1=1 crypto rx=0 tx=0 comp rx=0 tx=0).handle_hello peer v2:172.21.15.32:3300/0 says I am v2:172.21.15.32:60868/0 (socket says 172.21.15.32:60868)
2024-03-28T02:15:29.330 INFO:teuthology.orchestra.run.smithi032.stdout:/usr/bin/ceph: stderr
2024-03-28T02:15:28.058+0000 7f227d600700 1 -- 172.21.15.32:0/2454404120 learned_addr learned my addr 172.21.15.32:0/2454404120 (peer_addr_for_me v2:172.21.15.32:0/0)
2024-03-28T02:15:29.330 INFO:teuthology.orchestra.run.smithi032.stdout:/usr/bin/ceph: stderr
2024-03-28T02:15:28.059+0000 7f227d600700 1 -- 172.21.15.32:0/2454404120 --> [v2:172.21.15.32:3300/0,v1:172.21.15.32:6789/0] -- mon_subscribe({config=0+,monmap=0+}) v3 -- 0x7f227819e580 con 0x7f22781088b0
2024-03-28T02:15:29.330 INFO:teuthology.orchestra.run.smithi032.stdout:/usr/bin/ceph: stderr
2024-03-28T02:15:28.059+0000 7f227d600700 1 --2- 172.21.15.32:0/2454404120 >> [v2:172.21.15.32:3300/0,v1:172.21.15.32:6789/0] conn(0x7f22781088b0 0x7f227819e040 secure :-1 s=READY pgs=71 cs=0 l=1 rev1=1 crypto rx=0x7f226c0046e0 tx=0x7f226c011700 comp rx=0 tx=0).ready entity=mon.0 client_cookie=0 server_cookie=0 in_seq=0 out_seq=0
2024-03-28T02:15:29.330 INFO:teuthology.orchestra.run.smithi032.stdout:/usr/bin/ceph: stderr
2024-03-28T02:15:28.059+0000 7f2276000700 1 -- 172.21.15.32:0/2454404120 <== mon.0 v2:172.21.15.32:3300/0 1 ==== mon_map magic: 0 v1 ==== 205+0+0 (secure 0 0 0) 0x7f226c0036a0 con 0x7f22781088b0
2024-03-28T02:15:29.330 INFO:teuthology.orchestra.run.smithi032.stdout:/usr/bin/ceph: stderr
2024-03-28T02:15:28.060+0000 7f2276000700 1 -- 172.21.15.32:0/2454404120 <== mon.0 v2:172.21.15.32:3300/0 2 ==== config(29 keys) v1 ==== 1209+0+0 (secure 0 0 0) 0x7f226c003d60 con 0x7f22781088b0
2024-03-28T02:15:29.330 INFO:teuthology.orchestra.run.smithi032.stdout:/usr/bin/ceph: stderr
2024-03-28T02:15:28.060+0000 7f2280000700 1 -- 172.21.15.32:0/2454404120 --> [v2:172.21.15.32:3300/0,v1:172.21.15.32:6789/0] -- mon_subscribe({mgrmap=0+}) v3 -- 0x7f227819e810 con 0x7f22781088b0
2024-03-28T02:15:29.330 INFO:teuthology.orchestra.run.smithi032.stdout:/usr/bin/ceph: stderr
2024-03-28T02:15:28.060+0000 7f2276000700 1 -- 172.21.15.32:0/2454404120 <== mon.0 v2:172.21.15.32:3300/0 3 ==== mon_map magic: 0 v1 ==== 205+0+0 (secure 0 0 0) 0x7f226c0193c0 con 0x7f22781088b0
2024-03-28T02:15:29.330 INFO:teuthology.orchestra.run.smithi032.stdout:/usr/bin/ceph: stderr
2024-03-28T02:15:28.060+0000 7f2280000700 1 -- 172.21.15.32:0/2454404120 --> [v2:172.21.15.32:3300/0,v1:172.21.15.32:6789/0] -- mon_subscribe({osdmap=0}) v3 -- 0x7f22781a1500 con 0x7f22781088b0
2024-03-28T02:15:29.330 INFO:teuthology.orchestra.run.smithi032.stdout:/usr/bin/ceph: stderr
2024-03-28T02:15:28.061+0000 7f2276000700 1 -- 172.21.15.32:0/2454404120 <== mon.0 v2:172.21.15.32:3300/0 4 ==== mgrmap(e 12) v1 ==== 46119+0+0 (secure 0 0 0) 0x7f226c01a430 con 0x7f22781088b0
2024-03-28T02:15:29.330 INFO:teuthology.orchestra.run.smithi032.stdout:/usr/bin/ceph: stderr
2024-03-28T02:15:28.061+0000 7f2276000700 1 --2- 172.21.15.32:0/2454404120 >> [v2:172.21.15.32:6800/1815525614,v1:172.21.15.32:6801/1815525614] conn(0x7f2260038fd0 0x7f226003b490 unknown :-1 s=NONE pgs=0 cs=0 l=1 rev1=0 crypto rx=0 tx=0 comp rx=0 tx=0).connect
2024-03-28T02:15:29.330 INFO:teuthology.orchestra.run.smithi032.stdout:/usr/bin/ceph: stderr
2024-03-28T02:15:28.061+0000 7f2276000700 1 -- 172.21.15.32:0/2454404120 <== mon.0 v2:172.21.15.32:3300/0 5 ==== osd_map(3..3 src has 1..3) v4 ==== 1155+0+0 (secure 0 0 0) 0x7f226c04d0c0 con 0x7f22781088b0
2024-03-28T02:15:29.331 INFO:teuthology.orchestra.run.smithi032.stdout:/usr/bin/ceph: stderr
2024-03-28T02:15:28.062+0000 7f227cc00700 1 --2- 172.21.15.32:0/2454404120 >> [v2:172.21.15.32:6800/1815525614,v1:172.21.15.32:6801/1815525614] conn(0x7f2260038fd0 0x7f226003b490 unknown :-1 s=BANNER_CONNECTING pgs=0 cs=0 l=1 rev1=0 crypto rx=0 tx=0 comp rx=0 tx=0)._handle_peer_banner_payload supported=3 required=0
2024-03-28T02:15:29.331 INFO:teuthology.orchestra.run.smithi032.stdout:/usr/bin/ceph: stderr
2024-03-28T02:15:28.062+0000 7f2280000700 1 -- 172.21.15.32:0/2454404120 --> [v2:172.21.15.32:3300/0,v1:172.21.15.32:6789/0] -- mon_command({"prefix": "get_command_descriptions"} v 0) v1 -- 0x7f22780637c0 con 0x7f22781088b0
2024-03-28T02:15:29.331 INFO:teuthology.orchestra.run.smithi032.stdout:/usr/bin/ceph: stderr
2024-03-28T02:15:28.063+0000 7f227cc00700 1 --2- 172.21.15.32:0/2454404120 >> [v2:172.21.15.32:6800/1815525614,v1:172.21.15.32:6801/1815525614] conn(0x7f2260038fd0 0x7f226003b490 secure :-1 s=READY pgs=7 cs=0 l=1 rev1=1 crypto rx=0x7f2264006fd0 tx=0x7f2264006e40 comp rx=0 tx=0).ready entity=mgr.14152 client_cookie=0 server_cookie=0 in_seq=0 out_seq=0
2024-03-28T02:15:29.331 INFO:teuthology.orchestra.run.smithi032.stdout:/usr/bin/ceph: stderr
2024-03-28T02:15:28.071+0000 7f2276000700 1 -- 172.21.15.32:0/2454404120 <== mon.0 v2:172.21.15.32:3300/0 6 ==== mon_command_ack([{"prefix": "get_command_descriptions"}]=0 v0) v1 ==== 72+0+186149 (secure 0 0 0) 0x7f226c02c960 con 0x7f22781088b0
2024-03-28T02:15:29.331 INFO:teuthology.orchestra.run.smithi032.stdout:/usr/bin/ceph: stderr
2024-03-28T02:15:28.318+0000 7f2280000700 1 -- 172.21.15.32:0/2454404120 --> [v2:172.21.15.32:6800/1815525614,v1:172.21.15.32:6801/1815525614] -- mgr_command(tid 0: {"prefix": "dashboard create-self-signed-cert", "target": ["mon-mgr", ""]}) v1 -- 0x7f2278103410 con 0x7f2260038fd0
2024-03-28T02:15:29.331 INFO:teuthology.orchestra.run.smithi032.stdout:/usr/bin/ceph: stderr
2024-03-28T02:15:28.527+0000 7f2276000700 1 -- 172.21.15.32:0/2454404120 <== mgr.14152 v2:172.21.15.32:6800/1815525614 1 ==== mgr_command_reply(tid 0: 0 ) v1 ==== 8+0+32 (secure 0 0 0) 0x7f2278103410 con 0x7f2260038fd0
2024-03-28T02:15:29.331 INFO:teuthology.orchestra.run.smithi032.stdout:/usr/bin/ceph: stderr
2024-03-28T02:15:28.530+0000 7f2280000700 1 -- 172.21.15.32:0/2454404120 >> [v2:172.21.15.32:6800/1815525614,v1:172.21.15.32:6801/1815525614] conn(0x7f2260038fd0 msgr2=0x7f226003b490 secure :-1 s=STATE_CONNECTION_ESTABLISHED l=1).mark_down
2024-03-28T02:15:29.331 INFO:teuthology.orchestra.run.smithi032.stdout:/usr/bin/ceph: stderr
2024-03-28T02:15:28.530+0000 7f2280000700 1 --2- 172.21.15.32:0/2454404120 >> [v2:172.21.15.32:6800/1815525614,v1:172.21.15.32:6801/1815525614] conn(0x7f2260038fd0 0x7f226003b490 secure :-1 s=READY pgs=7 cs=0 l=1 rev1=1 crypto rx=0x7f2264006fd0 tx=0x7f2264006e40 comp rx=0 tx=0).stop
2024-03-28T02:15:29.331 INFO:teuthology.orchestra.run.smithi032.stdout:/usr/bin/ceph: stderr
2024-03-28T02:15:28.530+0000 7f2280000700 1 -- 172.21.15.32:0/2454404120 >> [v2:172.21.15.32:3300/0,v1:172.21.15.32:6789/0] conn(0x7f22781088b0 msgr2=0x7f227819e040 secure :-1 s=STATE_CONNECTION_ESTABLISHED l=1).mark_down
2024-03-28T02:15:29.331 INFO:teuthology.orchestra.run.smithi032.stdout:/usr/bin/ceph: stderr
2024-03-28T02:15:28.530+0000 7f2280000700 1 --2- 172.21.15.32:0/2454404120 >> [v2:172.21.15.32:3300/0,v1:172.21.15.32:6789/0] conn(0x7f22781088b0 0x7f227819e040 secure :-1 s=READY pgs=71 cs=0 l=1 rev1=1 crypto rx=0x7f226c0046e0 tx=0x7f226c011700 comp rx=0 tx=0).stop
2024-03-28T02:15:29.331 INFO:teuthology.orchestra.run.smithi032.stdout:/usr/bin/ceph: stderr
2024-03-28T02:15:28.530+0000 7f2280000700 1 -- 172.21.15.32:0/2454404120 shutdown_connections
2024-03-28T02:15:29.331 INFO:teuthology.orchestra.run.smithi032.stdout:/usr/bin/ceph: stderr
2024-03-28T02:15:28.530+0000 7f2280000700 1 --2- 172.21.15.32:0/2454404120 >> [v2:172.21.15.32:6800/1815525614,v1:172.21.15.32:6801/1815525614] conn(0x7f2260038fd0 0x7f226003b490 unknown :-1 s=CLOSED pgs=7 cs=0 l=1 rev1=1 crypto rx=0 tx=0 comp rx=0 tx=0).stop
2024-03-28T02:15:29.331 INFO:teuthology.orchestra.run.smithi032.stdout:/usr/bin/ceph: stderr
2024-03-28T02:15:28.530+0000 7f2280000700 1 --2- 172.21.15.32:0/2454404120 >> [v2:172.21.15.32:3300/0,v1:172.21.15.32:6789/0] conn(0x7f22781088b0 0x7f227819e040 unknown :-1 s=CLOSED pgs=71 cs=0 l=1 rev1=1 crypto rx=0 tx=0 comp rx=0 tx=0).stop
2024-03-28T02:15:29.331 INFO:teuthology.orchestra.run.smithi032.stdout:/usr/bin/ceph: stderr
2024-03-28T02:15:28.530+0000 7f2280000700 1 -- 172.21.15.32:0/2454404120 >> 172.21.15.32:0/2454404120 conn(0x7f2278102200 msgr2=0x7f2278102d00 unknown :-1 s=STATE_NONE l=0).mark_down
2024-03-28T02:15:29.331 INFO:teuthology.orchestra.run.smithi032.stdout:/usr/bin/ceph: stderr
2024-03-28T02:15:28.530+0000 7f2280000700 1 -- 172.21.15.32:0/2454404120 shutdown_connections
2024-03-28T02:15:29.332 INFO:teuthology.orchestra.run.smithi032.stdout:/usr/bin/ceph: stderr
2024-03-28T02:15:28.531+0000 7f2280000700 1 -- 172.21.15.32:0/2454404120 wait complete.
2024-03-28T02:15:29.332 INFO:teuthology.orchestra.run.smithi032.stdout:Creating initial admin user...
2024-03-28T02:15:29.788 INFO:journalctl@ceph.mon.a.smithi032.stdout:Mar 28 02:15:29 smithi032 ceph-mon[31529]: from='client.14164 -' entity='client.admin' cmd=[{"prefix": "dashboard create-self-signed-cert", "target": ["mon-mgr", ""]}]: dispatch
2024-03-28T02:15:29.788 INFO:journalctl@ceph.mon.a.smithi032.stdout:Mar 28 02:15:29 smithi032 ceph-mon[31529]: from='mgr.14152 172.21.15.32:0/1051854628' entity='mgr.x'
2024-03-28T02:15:29.788 INFO:journalctl@ceph.mon.a.smithi032.stdout:Mar 28 02:15:29 smithi032 ceph-mon[31529]: from='mgr.14152 172.21.15.32:0/1051854628' entity='mgr.x'
2024-03-28T02:15:30.942 INFO:journalctl@ceph.mon.a.smithi032.stdout:Mar 28 02:15:30 smithi032 ceph-mon[31529]: from='mgr.14152 172.21.15.32:0/1051854628' entity='mgr.x'
2024-03-28T02:15:30.942 INFO:journalctl@ceph.mon.a.smithi032.stdout:Mar 28 02:15:30 smithi032 ceph-mon[31529]: from='mgr.14152 172.21.15.32:0/1051854628' entity='mgr.x'
2024-03-28T02:15:31.423 INFO:teuthology.orchestra.run.smithi032.stdout:/usr/bin/ceph: stdout {"username": "admin", "password": "$2b$12$oH672LZXR9vSMxvSYV57je/WB1cLKJ.VKArL2rE42w1LTLeXi.bkm", "roles": ["administrator"], "name": null, "email": null, "lastUpdate": 1711592130, "enabled": true, "pwdExpirationDate": null, "pwdUpdateRequired": true}
2024-03-28T02:15:31.423 INFO:teuthology.orchestra.run.smithi032.stdout:/usr/bin/ceph: stderr
2024-03-28T02:15:30.119+0000 7f73ec200700 1 Processor -- start
2024-03-28T02:15:31.424 INFO:teuthology.orchestra.run.smithi032.stdout:/usr/bin/ceph: stderr
2024-03-28T02:15:30.119+0000 7f73ec200700 1 -- start start
2024-03-28T02:15:31.424 INFO:teuthology.orchestra.run.smithi032.stdout:/usr/bin/ceph: stderr
2024-03-28T02:15:30.120+0000 7f73ec200700 1 --2- >> [v2:172.21.15.32:3300/0,v1:172.21.15.32:6789/0] conn(0x7f73e4107d90 0x7f73e41081b0 unknown :-1 s=NONE pgs=0 cs=0 l=0 rev1=0 crypto rx=0 tx=0 comp rx=0 tx=0).connect
2024-03-28T02:15:31.424 INFO:teuthology.orchestra.run.smithi032.stdout:/usr/bin/ceph: stderr
2024-03-28T02:15:30.120+0000 7f73ec200700 1 -- --> [v2:172.21.15.32:3300/0,v1:172.21.15.32:6789/0] -- mon_getmap magic: 0 v1 -- 0x7f73e4108780 con 0x7f73e4107d90
2024-03-28T02:15:31.424 INFO:teuthology.orchestra.run.smithi032.stdout:/usr/bin/ceph: stderr
2024-03-28T02:15:30.120+0000 7f73e9800700 1 --2- >> [v2:172.21.15.32:3300/0,v1:172.21.15.32:6789/0] conn(0x7f73e4107d90 0x7f73e41081b0 unknown :-1 s=BANNER_CONNECTING pgs=0 cs=0 l=0 rev1=0 crypto rx=0 tx=0 comp rx=0 tx=0)._handle_peer_banner_payload supported=3 required=0
2024-03-28T02:15:31.424 INFO:teuthology.orchestra.run.smithi032.stdout:/usr/bin/ceph: stderr
2024-03-28T02:15:30.120+0000 7f73e9800700 1 --2- >> [v2:172.21.15.32:3300/0,v1:172.21.15.32:6789/0] conn(0x7f73e4107d90 0x7f73e41081b0 unknown :-1 s=HELLO_CONNECTING pgs=0 cs=0 l=0 rev1=1 crypto rx=0 tx=0 comp rx=0 tx=0).handle_hello peer v2:172.21.15.32:3300/0 says I am v2:172.21.15.32:60880/0 (socket says 172.21.15.32:60880)
2024-03-28T02:15:31.424 INFO:teuthology.orchestra.run.smithi032.stdout:/usr/bin/ceph: stderr
2024-03-28T02:15:30.121+0000 7f73e9800700 1 -- 172.21.15.32:0/2290070644 learned_addr learned my addr 172.21.15.32:0/2290070644 (peer_addr_for_me v2:172.21.15.32:0/0)
2024-03-28T02:15:31.424 INFO:teuthology.orchestra.run.smithi032.stdout:/usr/bin/ceph: stderr
2024-03-28T02:15:30.121+0000 7f73e9800700 1 -- 172.21.15.32:0/2290070644 --> [v2:172.21.15.32:3300/0,v1:172.21.15.32:6789/0] -- mon_subscribe({config=0+,monmap=0+}) v3 -- 0x7f73e4108f40 con 0x7f73e4107d90
2024-03-28T02:15:31.424 INFO:teuthology.orchestra.run.smithi032.stdout:/usr/bin/ceph: stderr
2024-03-28T02:15:30.121+0000 7f73e9800700 1 --2- 172.21.15.32:0/2290070644 >> [v2:172.21.15.32:3300/0,v1:172.21.15.32:6789/0] conn(0x7f73e4107d90 0x7f73e41081b0 secure :-1 s=READY pgs=72 cs=0 l=1 rev1=1 crypto rx=0x7f73d80098a0 tx=0x7f73d8009bb0 comp rx=0 tx=0).ready entity=mon.0 client_cookie=ab0a20021f510336 server_cookie=0 in_seq=0 out_seq=0
2024-03-28T02:15:31.424 INFO:teuthology.orchestra.run.smithi032.stdout:/usr/bin/ceph: stderr
2024-03-28T02:15:30.122+0000 7f73e3e00700 1 -- 172.21.15.32:0/2290070644 <== mon.0 v2:172.21.15.32:3300/0 1 ==== mon_map magic: 0 v1 ==== 205+0+0 (secure 0 0 0) 0x7f73d8004160 con 0x7f73e4107d90
2024-03-28T02:15:31.424 INFO:teuthology.orchestra.run.smithi032.stdout:/usr/bin/ceph: stderr
2024-03-28T02:15:30.122+0000 7f73e3e00700 1 -- 172.21.15.32:0/2290070644 <== mon.0 v2:172.21.15.32:3300/0 2 ==== config(29 keys) v1 ==== 1209+0+0 (secure 0 0 0) 0x7f73d8004300 con 0x7f73e4107d90
2024-03-28T02:15:31.424 INFO:teuthology.orchestra.run.smithi032.stdout:/usr/bin/ceph: stderr
2024-03-28T02:15:30.122+0000 7f73e3e00700 1 -- 172.21.15.32:0/2290070644 <== mon.0 v2:172.21.15.32:3300/0 3 ==== mon_map magic: 0 v1 ==== 205+0+0 (secure 0 0 0) 0x7f73d8011c70 con 0x7f73e4107d90
2024-03-28T02:15:31.424 INFO:teuthology.orchestra.run.smithi032.stdout:/usr/bin/ceph: stderr
2024-03-28T02:15:30.123+0000 7f73ec200700 1 -- 172.21.15.32:0/2290070644 >> [v2:172.21.15.32:3300/0,v1:172.21.15.32:6789/0] conn(0x7f73e4107d90 msgr2=0x7f73e41081b0 secure :-1 s=STATE_CONNECTION_ESTABLISHED l=1).mark_down
2024-03-28T02:15:31.424 INFO:teuthology.orchestra.run.smithi032.stdout:/usr/bin/ceph: stderr
2024-03-28T02:15:30.123+0000 7f73ec200700 1 --2- 172.21.15.32:0/2290070644 >> [v2:172.21.15.32:3300/0,v1:172.21.15.32:6789/0] conn(0x7f73e4107d90 0x7f73e41081b0 secure :-1 s=READY pgs=72 cs=0 l=1 rev1=1 crypto rx=0x7f73d80098a0 tx=0x7f73d8009bb0 comp rx=0 tx=0).stop
2024-03-28T02:15:31.425 INFO:teuthology.orchestra.run.smithi032.stdout:/usr/bin/ceph: stderr
2024-03-28T02:15:30.123+0000 7f73ec200700 1 -- 172.21.15.32:0/2290070644 shutdown_connections
2024-03-28T02:15:31.425 INFO:teuthology.orchestra.run.smithi032.stdout:/usr/bin/ceph: stderr
2024-03-28T02:15:30.123+0000 7f73ec200700 1 --2- 172.21.15.32:0/2290070644 >> [v2:172.21.15.32:3300/0,v1:172.21.15.32:6789/0] conn(0x7f73e4107d90 0x7f73e41081b0 unknown :-1 s=CLOSED pgs=72 cs=0 l=1 rev1=1 crypto rx=0 tx=0 comp rx=0 tx=0).stop
2024-03-28T02:15:31.425 INFO:teuthology.orchestra.run.smithi032.stdout:/usr/bin/ceph: stderr
2024-03-28T02:15:30.123+0000 7f73ec200700 1 -- 172.21.15.32:0/2290070644 >> 172.21.15.32:0/2290070644 conn(0x7f73e4103330 msgr2=0x7f73e4105770 unknown :-1 s=STATE_NONE l=0).mark_down
2024-03-28T02:15:31.425 INFO:teuthology.orchestra.run.smithi032.stdout:/usr/bin/ceph: stderr
2024-03-28T02:15:30.123+0000 7f73ec200700 1 -- 172.21.15.32:0/2290070644 shutdown_connections
2024-03-28T02:15:31.425 INFO:teuthology.orchestra.run.smithi032.stdout:/usr/bin/ceph: stderr
2024-03-28T02:15:30.124+0000 7f73ec200700 1 -- 172.21.15.32:0/2290070644 wait complete.
2024-03-28T02:15:31.425 INFO:teuthology.orchestra.run.smithi032.stdout:/usr/bin/ceph: stderr
2024-03-28T02:15:30.125+0000 7f73ec200700 1 Processor -- start
2024-03-28T02:15:31.425 INFO:teuthology.orchestra.run.smithi032.stdout:/usr/bin/ceph: stderr
2024-03-28T02:15:30.125+0000 7f73ec200700 1 -- start start
2024-03-28T02:15:31.425 INFO:teuthology.orchestra.run.smithi032.stdout:/usr/bin/ceph: stderr
2024-03-28T02:15:30.125+0000 7f73ec200700 1 --2- >> [v2:172.21.15.32:3300/0,v1:172.21.15.32:6789/0] conn(0x7f73e4107d90 0x7f73e419e050 unknown :-1 s=NONE pgs=0 cs=0 l=1 rev1=0 crypto rx=0 tx=0 comp rx=0 tx=0).connect
2024-03-28T02:15:31.425 INFO:teuthology.orchestra.run.smithi032.stdout:/usr/bin/ceph: stderr
2024-03-28T02:15:30.125+0000 7f73ec200700 1 -- --> [v2:172.21.15.32:3300/0,v1:172.21.15.32:6789/0] -- mon_getmap magic: 0 v1 -- 0x7f73e410c2f0 con 0x7f73e4107d90
2024-03-28T02:15:31.425 INFO:teuthology.orchestra.run.smithi032.stdout:/usr/bin/ceph: stderr
2024-03-28T02:15:30.125+0000 7f73e9800700 1 --2- >> [v2:172.21.15.32:3300/0,v1:172.21.15.32:6789/0] conn(0x7f73e4107d90 0x7f73e419e050 unknown :-1 s=BANNER_CONNECTING pgs=0 cs=0 l=1 rev1=0 crypto rx=0 tx=0 comp rx=0 tx=0)._handle_peer_banner_payload supported=3 required=0
2024-03-28T02:15:31.425 INFO:teuthology.orchestra.run.smithi032.stdout:/usr/bin/ceph: stderr
2024-03-28T02:15:30.125+0000 7f73e9800700 1 --2- >> [v2:172.21.15.32:3300/0,v1:172.21.15.32:6789/0] conn(0x7f73e4107d90 0x7f73e419e050 unknown :-1 s=HELLO_CONNECTING pgs=0 cs=0 l=1 rev1=1 crypto rx=0 tx=0 comp rx=0 tx=0).handle_hello peer v2:172.21.15.32:3300/0 says I am v2:172.21.15.32:60894/0 (socket says 172.21.15.32:60894)
2024-03-28T02:15:31.425 INFO:teuthology.orchestra.run.smithi032.stdout:/usr/bin/ceph: stderr
2024-03-28T02:15:30.126+0000 7f73e9800700 1 -- 172.21.15.32:0/3215531841 learned_addr learned my addr 172.21.15.32:0/3215531841 (peer_addr_for_me v2:172.21.15.32:0/0)
2024-03-28T02:15:31.425 INFO:teuthology.orchestra.run.smithi032.stdout:/usr/bin/ceph: stderr
2024-03-28T02:15:30.126+0000 7f73e9800700 1 -- 172.21.15.32:0/3215531841 --> [v2:172.21.15.32:3300/0,v1:172.21.15.32:6789/0] -- mon_subscribe({config=0+,monmap=0+}) v3 -- 0x7f73e419e590 con 0x7f73e4107d90
2024-03-28T02:15:31.425 INFO:teuthology.orchestra.run.smithi032.stdout:/usr/bin/ceph: stderr
2024-03-28T02:15:30.127+0000 7f73e9800700 1 --2- 172.21.15.32:0/3215531841 >> [v2:172.21.15.32:3300/0,v1:172.21.15.32:6789/0] conn(0x7f73e4107d90 0x7f73e419e050 secure :-1 s=READY pgs=73 cs=0 l=1 rev1=1 crypto rx=0x7f73d8000c00 tx=0x7f73d8011700 comp rx=0 tx=0).ready entity=mon.0 client_cookie=0 server_cookie=0 in_seq=0 out_seq=0
2024-03-28T02:15:31.426 INFO:teuthology.orchestra.run.smithi032.stdout:/usr/bin/ceph: stderr
2024-03-28T02:15:30.127+0000 7f73e2000700 1 -- 172.21.15.32:0/3215531841 <== mon.0 v2:172.21.15.32:3300/0 1 ==== mon_map magic: 0 v1 ==== 205+0+0 (secure 0 0 0) 0x7f73d80036a0 con 0x7f73e4107d90
2024-03-28T02:15:31.426 INFO:teuthology.orchestra.run.smithi032.stdout:/usr/bin/ceph: stderr
2024-03-28T02:15:30.127+0000 7f73e2000700 1 -- 172.21.15.32:0/3215531841 <== mon.0 v2:172.21.15.32:3300/0 2 ==== config(29 keys) v1 ==== 1209+0+0 (secure 0 0 0) 0x7f73d8003d60 con 0x7f73e4107d90
2024-03-28T02:15:31.426 INFO:teuthology.orchestra.run.smithi032.stdout:/usr/bin/ceph: stderr
2024-03-28T02:15:30.127+0000 7f73e2000700 1 -- 172.21.15.32:0/3215531841 <== mon.0 v2:172.21.15.32:3300/0 3 ==== mon_map magic: 0 v1 ==== 205+0+0 (secure 0 0 0) 0x7f73d80193c0 con 0x7f73e4107d90
2024-03-28T02:15:31.426 INFO:teuthology.orchestra.run.smithi032.stdout:/usr/bin/ceph: stderr
2024-03-28T02:15:30.127+0000 7f73ec200700 1 -- 172.21.15.32:0/3215531841 --> [v2:172.21.15.32:3300/0,v1:172.21.15.32:6789/0] -- mon_subscribe({mgrmap=0+}) v3 -- 0x7f73e419e820 con 0x7f73e4107d90
2024-03-28T02:15:31.426 INFO:teuthology.orchestra.run.smithi032.stdout:/usr/bin/ceph: stderr
2024-03-28T02:15:30.127+0000 7f73ec200700 1 -- 172.21.15.32:0/3215531841 --> [v2:172.21.15.32:3300/0,v1:172.21.15.32:6789/0] -- mon_subscribe({osdmap=0}) v3 -- 0x7f73e41a1510 con 0x7f73e4107d90
2024-03-28T02:15:31.426 INFO:teuthology.orchestra.run.smithi032.stdout:/usr/bin/ceph: stderr
2024-03-28T02:15:30.129+0000 7f73e2000700 1 -- 172.21.15.32:0/3215531841 <== mon.0 v2:172.21.15.32:3300/0 4 ==== mgrmap(e 12) v1 ==== 46119+0+0 (secure 0 0 0) 0x7f73d801a730 con 0x7f73e4107d90
2024-03-28T02:15:31.426 INFO:teuthology.orchestra.run.smithi032.stdout:/usr/bin/ceph: stderr
2024-03-28T02:15:30.130+0000 7f73e2000700 1 --2- 172.21.15.32:0/3215531841 >> [v2:172.21.15.32:6800/1815525614,v1:172.21.15.32:6801/1815525614] conn(0x7f73cc039010 0x7f73cc03b4d0 unknown :-1 s=NONE pgs=0 cs=0 l=1 rev1=0 crypto rx=0 tx=0 comp rx=0 tx=0).connect
2024-03-28T02:15:31.426 INFO:teuthology.orchestra.run.smithi032.stdout:/usr/bin/ceph: stderr
2024-03-28T02:15:30.130+0000 7f73e2000700 1 -- 172.21.15.32:0/3215531841 <== mon.0 v2:172.21.15.32:3300/0 5 ==== osd_map(3..3 src has 1..3) v4 ==== 1155+0+0 (secure 0 0 0) 0x7f73d804d040 con 0x7f73e4107d90
2024-03-28T02:15:31.426 INFO:teuthology.orchestra.run.smithi032.stdout:/usr/bin/ceph: stderr
2024-03-28T02:15:30.130+0000 7f73ec200700 1 -- 172.21.15.32:0/3215531841 --> [v2:172.21.15.32:3300/0,v1:172.21.15.32:6789/0] -- mon_command({"prefix": "get_command_descriptions"} v 0) v1 -- 0x7f73e410c470 con 0x7f73e4107d90
2024-03-28T02:15:31.426 INFO:teuthology.orchestra.run.smithi032.stdout:/usr/bin/ceph: stderr
2024-03-28T02:15:30.130+0000 7f73e8e00700 1 --2- 172.21.15.32:0/3215531841 >> [v2:172.21.15.32:6800/1815525614,v1:172.21.15.32:6801/1815525614] conn(0x7f73cc039010 0x7f73cc03b4d0 unknown :-1 s=BANNER_CONNECTING pgs=0 cs=0 l=1 rev1=0 crypto rx=0 tx=0 comp rx=0 tx=0)._handle_peer_banner_payload supported=3 required=0
2024-03-28T02:15:31.426 INFO:teuthology.orchestra.run.smithi032.stdout:/usr/bin/ceph: stderr
2024-03-28T02:15:30.131+0000 7f73e8e00700 1 --2- 172.21.15.32:0/3215531841 >> [v2:172.21.15.32:6800/1815525614,v1:172.21.15.32:6801/1815525614] conn(0x7f73cc039010 0x7f73cc03b4d0 secure :-1 s=READY pgs=8 cs=0 l=1 rev1=1 crypto rx=0x7f73d0006fd0 tx=0x7f73d0006e40 comp rx=0 tx=0).ready entity=mgr.14152 client_cookie=0 server_cookie=0 in_seq=0 out_seq=0
2024-03-28T02:15:31.426 INFO:teuthology.orchestra.run.smithi032.stdout:/usr/bin/ceph: stderr
2024-03-28T02:15:30.136+0000 7f73e2000700 1 -- 172.21.15.32:0/3215531841 <== mon.0 v2:172.21.15.32:3300/0 6 ==== mon_command_ack([{"prefix": "get_command_descriptions"}]=0 v0) v1 ==== 72+0+186149 (secure 0 0 0) 0x7f73d80195e0 con 0x7f73e4107d90
2024-03-28T02:15:31.426 INFO:teuthology.orchestra.run.smithi032.stdout:/usr/bin/ceph: stderr
2024-03-28T02:15:30.391+0000 7f73ec200700 1 -- 172.21.15.32:0/3215531841 --> [v2:172.21.15.32:6800/1815525614,v1:172.21.15.32:6801/1815525614] -- mgr_command(tid 0: {"prefix": "dashboard ac-user-create", "username": "admin", "rolename": "administrator", "force_password": true, "pwd_update_required": true, "target": ["mon-mgr", ""]}) v1 -- 0x7f73e41a17a0 con 0x7f73cc039010
2024-03-28T02:15:31.426 INFO:teuthology.orchestra.run.smithi032.stdout:/usr/bin/ceph: stderr
2024-03-28T02:15:30.649+0000 7f73e2000700 1 -- 172.21.15.32:0/3215531841 <== mgr.14152 v2:172.21.15.32:6800/1815525614 1 ==== mgr_command_reply(tid 0: 0 ) v1 ==== 8+0+252 (secure 0 0 0) 0x7f73e41a17a0 con 0x7f73cc039010
2024-03-28T02:15:31.427 INFO:teuthology.orchestra.run.smithi032.stdout:/usr/bin/ceph: stderr
