2024-03-28T02:14:37.107 INFO:teuthology.orchestra.run.smithi032.stdout:/usr/bin/ceph: stdout "by_rank": [],
2024-03-28T02:14:37.107 INFO:teuthology.orchestra.run.smithi032.stdout:/usr/bin/ceph: stdout "up:standby": 0
2024-03-28T02:14:37.107 INFO:teuthology.orchestra.run.smithi032.stdout:/usr/bin/ceph: stdout },
2024-03-28T02:14:37.107 INFO:teuthology.orchestra.run.smithi032.stdout:/usr/bin/ceph: stdout "mgrmap": {
2024-03-28T02:14:37.108 INFO:teuthology.orchestra.run.smithi032.stdout:/usr/bin/ceph: stdout "available": true,
2024-03-28T02:14:37.108 INFO:teuthology.orchestra.run.smithi032.stdout:/usr/bin/ceph: stdout "num_standbys": 0,
2024-03-28T02:14:37.108 INFO:teuthology.orchestra.run.smithi032.stdout:/usr/bin/ceph: stdout "modules": [
2024-03-28T02:14:37.108 INFO:teuthology.orchestra.run.smithi032.stdout:/usr/bin/ceph: stdout "iostat",
2024-03-28T02:14:37.108 INFO:teuthology.orchestra.run.smithi032.stdout:/usr/bin/ceph: stdout "nfs",
2024-03-28T02:14:37.108 INFO:teuthology.orchestra.run.smithi032.stdout:/usr/bin/ceph: stdout "restful"
2024-03-28T02:14:37.108 INFO:teuthology.orchestra.run.smithi032.stdout:/usr/bin/ceph: stdout ],
2024-03-28T02:14:37.108 INFO:teuthology.orchestra.run.smithi032.stdout:/usr/bin/ceph: stdout "services": {}
2024-03-28T02:14:37.108 INFO:teuthology.orchestra.run.smithi032.stdout:/usr/bin/ceph: stdout },
2024-03-28T02:14:37.108 INFO:teuthology.orchestra.run.smithi032.stdout:/usr/bin/ceph: stdout "servicemap": {
2024-03-28T02:14:37.108 INFO:teuthology.orchestra.run.smithi032.stdout:/usr/bin/ceph: stdout "epoch": 1,
2024-03-28T02:14:37.108 INFO:teuthology.orchestra.run.smithi032.stdout:/usr/bin/ceph: stdout "modified": "2024-03-28T02:14:14.500469+0000",
2024-03-28T02:14:37.108 INFO:teuthology.orchestra.run.smithi032.stdout:/usr/bin/ceph: stdout "services": {}
2024-03-28T02:14:37.108 INFO:teuthology.orchestra.run.smithi032.stdout:/usr/bin/ceph: stdout },
2024-03-28T02:14:37.108 INFO:teuthology.orchestra.run.smithi032.stdout:/usr/bin/ceph: stdout "progress_events": {}
2024-03-28T02:14:37.108 INFO:teuthology.orchestra.run.smithi032.stdout:/usr/bin/ceph: stdout }
2024-03-28T02:14:37.109 INFO:teuthology.orchestra.run.smithi032.stdout:/usr/bin/ceph: stderr
2024-03-28T02:14:35.939+0000 7f2e07000700 1 Processor -- start
2024-03-28T02:14:37.109 INFO:teuthology.orchestra.run.smithi032.stdout:/usr/bin/ceph: stderr
2024-03-28T02:14:35.939+0000 7f2e07000700 1 -- start start
2024-03-28T02:14:37.109 INFO:teuthology.orchestra.run.smithi032.stdout:/usr/bin/ceph: stderr
2024-03-28T02:14:35.939+0000 7f2e07000700 1 --2- >> [v2:172.21.15.32:3300/0,v1:172.21.15.32:6789/0] conn(0x7f2e00107d90 0x7f2e001081b0 unknown :-1 s=NONE pgs=0 cs=0 l=0 rev1=0 crypto rx=0 tx=0 comp rx=0 tx=0).connect
2024-03-28T02:14:37.109 INFO:teuthology.orchestra.run.smithi032.stdout:/usr/bin/ceph: stderr
2024-03-28T02:14:35.939+0000 7f2e07000700 1 -- --> [v2:172.21.15.32:3300/0,v1:172.21.15.32:6789/0] -- mon_getmap magic: 0 v1 -- 0x7f2e00108780 con 0x7f2e00107d90
2024-03-28T02:14:37.109 INFO:teuthology.orchestra.run.smithi032.stdout:/usr/bin/ceph: stderr
2024-03-28T02:14:35.940+0000 7f2dffe00700 1 --2- >> [v2:172.21.15.32:3300/0,v1:172.21.15.32:6789/0] conn(0x7f2e00107d90 0x7f2e001081b0 unknown :-1 s=BANNER_CONNECTING pgs=0 cs=0 l=0 rev1=0 crypto rx=0 tx=0 comp rx=0 tx=0)._handle_peer_banner_payload supported=3 required=0
2024-03-28T02:14:37.109 INFO:teuthology.orchestra.run.smithi032.stdout:/usr/bin/ceph: stderr
2024-03-28T02:14:35.940+0000 7f2dffe00700 1 --2- >> [v2:172.21.15.32:3300/0,v1:172.21.15.32:6789/0] conn(0x7f2e00107d90 0x7f2e001081b0 unknown :-1 s=HELLO_CONNECTING pgs=0 cs=0 l=0 rev1=1 crypto rx=0 tx=0 comp rx=0 tx=0).handle_hello peer v2:172.21.15.32:3300/0 says I am v2:172.21.15.32:60746/0 (socket says 172.21.15.32:60746)
2024-03-28T02:14:37.109 INFO:teuthology.orchestra.run.smithi032.stdout:/usr/bin/ceph: stderr
2024-03-28T02:14:35.940+0000 7f2dffe00700 1 -- 172.21.15.32:0/193074188 learned_addr learned my addr 172.21.15.32:0/193074188 (peer_addr_for_me v2:172.21.15.32:0/0)
2024-03-28T02:14:37.109 INFO:teuthology.orchestra.run.smithi032.stdout:/usr/bin/ceph: stderr
2024-03-28T02:14:35.940+0000 7f2dffe00700 1 -- 172.21.15.32:0/193074188 --> [v2:172.21.15.32:3300/0,v1:172.21.15.32:6789/0] -- mon_subscribe({config=0+,monmap=0+}) v3 -- 0x7f2e00108f40 con 0x7f2e00107d90
2024-03-28T02:14:37.109 INFO:teuthology.orchestra.run.smithi032.stdout:/usr/bin/ceph: stderr
2024-03-28T02:14:35.941+0000 7f2dffe00700 1 --2- 172.21.15.32:0/193074188 >> [v2:172.21.15.32:3300/0,v1:172.21.15.32:6789/0] conn(0x7f2e00107d90 0x7f2e001081b0 secure :-1 s=READY pgs=18 cs=0 l=1 rev1=1 crypto rx=0x7f2df00098a0 tx=0x7f2df0009bb0 comp rx=0 tx=0).ready entity=mon.0 client_cookie=e5058d490aeaef28 server_cookie=0 in_seq=0 out_seq=0
2024-03-28T02:14:37.109 INFO:teuthology.orchestra.run.smithi032.stdout:/usr/bin/ceph: stderr
2024-03-28T02:14:35.941+0000 7f2dfea00700 1 -- 172.21.15.32:0/193074188 <== mon.0 v2:172.21.15.32:3300/0 1 ==== mon_map magic: 0 v1 ==== 205+0+0 (secure 0 0 0) 0x7f2df0004160 con 0x7f2e00107d90
2024-03-28T02:14:37.109 INFO:teuthology.orchestra.run.smithi032.stdout:/usr/bin/ceph: stderr
2024-03-28T02:14:35.942+0000 7f2dfea00700 1 -- 172.21.15.32:0/193074188 <== mon.0 v2:172.21.15.32:3300/0 2 ==== config(29 keys) v1 ==== 1178+0+0 (secure 0 0 0) 0x7f2df0004300 con 0x7f2e00107d90
2024-03-28T02:14:37.109 INFO:teuthology.orchestra.run.smithi032.stdout:/usr/bin/ceph: stderr
2024-03-28T02:14:35.942+0000 7f2dfea00700 1 -- 172.21.15.32:0/193074188 <== mon.0 v2:172.21.15.32:3300/0 3 ==== mon_map magic: 0 v1 ==== 205+0+0 (secure 0 0 0) 0x7f2df0011cc0 con 0x7f2e00107d90
2024-03-28T02:14:37.109 INFO:teuthology.orchestra.run.smithi032.stdout:/usr/bin/ceph: stderr
2024-03-28T02:14:35.943+0000 7f2e07000700 1 -- 172.21.15.32:0/193074188 >> [v2:172.21.15.32:3300/0,v1:172.21.15.32:6789/0] conn(0x7f2e00107d90 msgr2=0x7f2e001081b0 secure :-1 s=STATE_CONNECTION_ESTABLISHED l=1).mark_down
2024-03-28T02:14:37.109 INFO:teuthology.orchestra.run.smithi032.stdout:/usr/bin/ceph: stderr
2024-03-28T02:14:35.943+0000 7f2e07000700 1 --2- 172.21.15.32:0/193074188 >> [v2:172.21.15.32:3300/0,v1:172.21.15.32:6789/0] conn(0x7f2e00107d90 0x7f2e001081b0 secure :-1 s=READY pgs=18 cs=0 l=1 rev1=1 crypto rx=0x7f2df00098a0 tx=0x7f2df0009bb0 comp rx=0 tx=0).stop
2024-03-28T02:14:37.109 INFO:teuthology.orchestra.run.smithi032.stdout:/usr/bin/ceph: stderr
2024-03-28T02:14:35.943+0000 7f2e07000700 1 -- 172.21.15.32:0/193074188 shutdown_connections
2024-03-28T02:14:37.110 INFO:teuthology.orchestra.run.smithi032.stdout:/usr/bin/ceph: stderr
2024-03-28T02:14:35.943+0000 7f2e07000700 1 --2- 172.21.15.32:0/193074188 >> [v2:172.21.15.32:3300/0,v1:172.21.15.32:6789/0] conn(0x7f2e00107d90 0x7f2e001081b0 unknown :-1 s=CLOSED pgs=18 cs=0 l=1 rev1=1 crypto rx=0 tx=0 comp rx=0 tx=0).stop
2024-03-28T02:14:37.110 INFO:teuthology.orchestra.run.smithi032.stdout:/usr/bin/ceph: stderr
2024-03-28T02:14:35.943+0000 7f2e07000700 1 -- 172.21.15.32:0/193074188 >> 172.21.15.32:0/193074188 conn(0x7f2e00103350 msgr2=0x7f2e00105770 unknown :-1 s=STATE_NONE l=0).mark_down
2024-03-28T02:14:37.110 INFO:teuthology.orchestra.run.smithi032.stdout:/usr/bin/ceph: stderr
2024-03-28T02:14:35.943+0000 7f2e07000700 1 -- 172.21.15.32:0/193074188 shutdown_connections
2024-03-28T02:14:37.110 INFO:teuthology.orchestra.run.smithi032.stdout:/usr/bin/ceph: stderr
2024-03-28T02:14:35.943+0000 7f2e07000700 1 -- 172.21.15.32:0/193074188 wait complete.
2024-03-28T02:14:37.110 INFO:teuthology.orchestra.run.smithi032.stdout:/usr/bin/ceph: stderr
2024-03-28T02:14:35.944+0000 7f2e07000700 1 Processor -- start
2024-03-28T02:14:37.110 INFO:teuthology.orchestra.run.smithi032.stdout:/usr/bin/ceph: stderr
2024-03-28T02:14:35.945+0000 7f2e07000700 1 -- start start
2024-03-28T02:14:37.110 INFO:teuthology.orchestra.run.smithi032.stdout:/usr/bin/ceph: stderr
2024-03-28T02:14:35.945+0000 7f2e07000700 1 --2- >> [v2:172.21.15.32:3300/0,v1:172.21.15.32:6789/0] conn(0x7f2e00107d90 0x7f2e001a23b0 unknown :-1 s=NONE pgs=0 cs=0 l=1 rev1=0 crypto rx=0 tx=0 comp rx=0 tx=0).connect
2024-03-28T02:14:37.110 INFO:teuthology.orchestra.run.smithi032.stdout:/usr/bin/ceph: stderr
2024-03-28T02:14:35.945+0000 7f2e07000700 1 -- --> [v2:172.21.15.32:3300/0,v1:172.21.15.32:6789/0] -- mon_getmap magic: 0 v1 -- 0x7f2e0010c2f0 con 0x7f2e00107d90
2024-03-28T02:14:37.110 INFO:teuthology.orchestra.run.smithi032.stdout:/usr/bin/ceph: stderr
2024-03-28T02:14:35.945+0000 7f2dffe00700 1 --2- >> [v2:172.21.15.32:3300/0,v1:172.21.15.32:6789/0] conn(0x7f2e00107d90 0x7f2e001a23b0 unknown :-1 s=BANNER_CONNECTING pgs=0 cs=0 l=1 rev1=0 crypto rx=0 tx=0 comp rx=0 tx=0)._handle_peer_banner_payload supported=3 required=0
2024-03-28T02:14:37.110 INFO:teuthology.orchestra.run.smithi032.stdout:/usr/bin/ceph: stderr
2024-03-28T02:14:35.945+0000 7f2dffe00700 1 --2- >> [v2:172.21.15.32:3300/0,v1:172.21.15.32:6789/0] conn(0x7f2e00107d90 0x7f2e001a23b0 unknown :-1 s=HELLO_CONNECTING pgs=0 cs=0 l=1 rev1=1 crypto rx=0 tx=0 comp rx=0 tx=0).handle_hello peer v2:172.21.15.32:3300/0 says I am v2:172.21.15.32:60756/0 (socket says 172.21.15.32:60756)
2024-03-28T02:14:37.110 INFO:teuthology.orchestra.run.smithi032.stdout:/usr/bin/ceph: stderr
2024-03-28T02:14:35.945+0000 7f2dffe00700 1 -- 172.21.15.32:0/3119885520 learned_addr learned my addr 172.21.15.32:0/3119885520 (peer_addr_for_me v2:172.21.15.32:0/0)
2024-03-28T02:14:37.110 INFO:teuthology.orchestra.run.smithi032.stdout:/usr/bin/ceph: stderr
2024-03-28T02:14:35.946+0000 7f2dffe00700 1 -- 172.21.15.32:0/3119885520 --> [v2:172.21.15.32:3300/0,v1:172.21.15.32:6789/0] -- mon_subscribe({config=0+,monmap=0+}) v3 -- 0x7f2e001a28f0 con 0x7f2e00107d90
2024-03-28T02:14:37.110 INFO:teuthology.orchestra.run.smithi032.stdout:/usr/bin/ceph: stderr
2024-03-28T02:14:35.946+0000 7f2dffe00700 1 --2- 172.21.15.32:0/3119885520 >> [v2:172.21.15.32:3300/0,v1:172.21.15.32:6789/0] conn(0x7f2e00107d90 0x7f2e001a23b0 secure :-1 s=READY pgs=19 cs=0 l=1 rev1=1 crypto rx=0x7f2df00117a0 tx=0x7f2df0003980 comp rx=0 tx=0).ready entity=mon.0 client_cookie=0 server_cookie=0 in_seq=0 out_seq=0
2024-03-28T02:14:37.110 INFO:teuthology.orchestra.run.smithi032.stdout:/usr/bin/ceph: stderr
2024-03-28T02:14:35.946+0000 7f2dfcc00700 1 -- 172.21.15.32:0/3119885520 <== mon.0 v2:172.21.15.32:3300/0 1 ==== mon_map magic: 0 v1 ==== 205+0+0 (secure 0 0 0) 0x7f2df0011dd0 con 0x7f2e00107d90
2024-03-28T02:14:37.110 INFO:teuthology.orchestra.run.smithi032.stdout:/usr/bin/ceph: stderr
2024-03-28T02:14:35.946+0000 7f2dfcc00700 1 -- 172.21.15.32:0/3119885520 <== mon.0 v2:172.21.15.32:3300/0 2 ==== config(29 keys) v1 ==== 1178+0+0 (secure 0 0 0) 0x7f2df0024430 con 0x7f2e00107d90
2024-03-28T02:14:37.111 INFO:teuthology.orchestra.run.smithi032.stdout:/usr/bin/ceph: stderr
2024-03-28T02:14:35.946+0000 7f2e07000700 1 -- 172.21.15.32:0/3119885520 --> [v2:172.21.15.32:3300/0,v1:172.21.15.32:6789/0] -- mon_subscribe({mgrmap=0+}) v3 -- 0x7f2e001a2b80 con 0x7f2e00107d90
2024-03-28T02:14:37.111 INFO:teuthology.orchestra.run.smithi032.stdout:/usr/bin/ceph: stderr
2024-03-28T02:14:35.946+0000 7f2dfcc00700 1 -- 172.21.15.32:0/3119885520 <== mon.0 v2:172.21.15.32:3300/0 3 ==== mon_map magic: 0 v1 ==== 205+0+0 (secure 0 0 0) 0x7f2df001a660 con 0x7f2e00107d90
2024-03-28T02:14:37.111 INFO:teuthology.orchestra.run.smithi032.stdout:/usr/bin/ceph: stderr
2024-03-28T02:14:35.947+0000 7f2e07000700 1 -- 172.21.15.32:0/3119885520 --> [v2:172.21.15.32:3300/0,v1:172.21.15.32:6789/0] -- mon_subscribe({osdmap=0}) v3 -- 0x7f2e001a5870 con 0x7f2e00107d90
2024-03-28T02:14:37.111 INFO:teuthology.orchestra.run.smithi032.stdout:/usr/bin/ceph: stderr
2024-03-28T02:14:35.948+0000 7f2dfcc00700 1 -- 172.21.15.32:0/3119885520 <== mon.0 v2:172.21.15.32:3300/0 4 ==== mgrmap(e 4) v1 ==== 46095+0+0 (secure 0 0 0) 0x7f2df001a960 con 0x7f2e00107d90
2024-03-28T02:14:37.111 INFO:teuthology.orchestra.run.smithi032.stdout:/usr/bin/ceph: stderr
2024-03-28T02:14:35.948+0000 7f2e07000700 1 -- 172.21.15.32:0/3119885520 --> [v2:172.21.15.32:3300/0,v1:172.21.15.32:6789/0] -- mon_command({"prefix": "get_command_descriptions"} v 0) v1 -- 0x7f2e000637c0 con 0x7f2e00107d90
2024-03-28T02:14:37.111 INFO:teuthology.orchestra.run.smithi032.stdout:/usr/bin/ceph: stderr
2024-03-28T02:14:35.948+0000 7f2dfcc00700 1 --2- 172.21.15.32:0/3119885520 >> [v2:172.21.15.32:6800/885957629,v1:172.21.15.32:6801/885957629] conn(0x7f2de4038e80 0x7f2de403b340 unknown :-1 s=NONE pgs=0 cs=0 l=1 rev1=0 crypto rx=0 tx=0 comp rx=0 tx=0).connect
2024-03-28T02:14:37.111 INFO:teuthology.orchestra.run.smithi032.stdout:/usr/bin/ceph: stderr
2024-03-28T02:14:35.948+0000 7f2dfcc00700 1 -- 172.21.15.32:0/3119885520 <== mon.0 v2:172.21.15.32:3300/0 5 ==== osd_map(1..1 src has 1..1) v4 ==== 725+0+0 (secure 0 0 0) 0x7f2df004d160 con 0x7f2e00107d90
2024-03-28T02:14:37.111 INFO:teuthology.orchestra.run.smithi032.stdout:/usr/bin/ceph: stderr
2024-03-28T02:14:35.949+0000 7f2dff400700 1 --2- 172.21.15.32:0/3119885520 >> [v2:172.21.15.32:6800/885957629,v1:172.21.15.32:6801/885957629] conn(0x7f2de4038e80 0x7f2de403b340 unknown :-1 s=BANNER_CONNECTING pgs=0 cs=0 l=1 rev1=0 crypto rx=0 tx=0 comp rx=0 tx=0)._handle_peer_banner_payload supported=3 required=0
2024-03-28T02:14:37.111 INFO:teuthology.orchestra.run.smithi032.stdout:/usr/bin/ceph: stderr
2024-03-28T02:14:35.949+0000 7f2dff400700 1 --2- 172.21.15.32:0/3119885520 >> [v2:172.21.15.32:6800/885957629,v1:172.21.15.32:6801/885957629] conn(0x7f2de4038e80 0x7f2de403b340 secure :-1 s=READY pgs=6 cs=0 l=1 rev1=1 crypto rx=0x7f2dec006fd0 tx=0x7f2dec006e40 comp rx=0 tx=0).ready entity=mgr.14100 client_cookie=0 server_cookie=0 in_seq=0 out_seq=0
2024-03-28T02:14:37.111 INFO:teuthology.orchestra.run.smithi032.stdout:/usr/bin/ceph: stderr
2024-03-28T02:14:35.957+0000 7f2dfcc00700 1 -- 172.21.15.32:0/3119885520 <== mon.0 v2:172.21.15.32:3300/0 6 ==== mon_command_ack([{"prefix": "get_command_descriptions"}]=0 v0) v1 ==== 72+0+186149 (secure 0 0 0) 0x7f2df0019c70 con 0x7f2e00107d90
2024-03-28T02:14:37.111 INFO:teuthology.orchestra.run.smithi032.stdout:/usr/bin/ceph: stderr
2024-03-28T02:14:36.288+0000 7f2e07000700 1 -- 172.21.15.32:0/3119885520 --> [v2:172.21.15.32:3300/0,v1:172.21.15.32:6789/0] -- mon_command({"prefix": "status", "format": "json-pretty"} v 0) v1 -- 0x7f2e001a5a40 con 0x7f2e00107d90
2024-03-28T02:14:37.111 INFO:teuthology.orchestra.run.smithi032.stdout:/usr/bin/ceph: stderr
2024-03-28T02:14:36.289+0000 7f2dfcc00700 1 -- 172.21.15.32:0/3119885520 <== mon.0 v2:172.21.15.32:3300/0 7 ==== mon_command_ack([{"prefix": "status", "format": "json-pretty"}]=0 v0) v1 ==== 79+0+1239 (secure 0 0 0) 0x7f2e001a5a40 con 0x7f2e00107d90
2024-03-28T02:14:37.111 INFO:teuthology.orchestra.run.smithi032.stdout:/usr/bin/ceph: stderr
2024-03-28T02:14:36.291+0000 7f2e07000700 1 -- 172.21.15.32:0/3119885520 >> [v2:172.21.15.32:6800/885957629,v1:172.21.15.32:6801/885957629] conn(0x7f2de4038e80 msgr2=0x7f2de403b340 secure :-1 s=STATE_CONNECTION_ESTABLISHED l=1).mark_down
2024-03-28T02:14:37.111 INFO:teuthology.orchestra.run.smithi032.stdout:/usr/bin/ceph: stderr
2024-03-28T02:14:36.292+0000 7f2e07000700 1 --2- 172.21.15.32:0/3119885520 >> [v2:172.21.15.32:6800/885957629,v1:172.21.15.32:6801/885957629] conn(0x7f2de4038e80 0x7f2de403b340 secure :-1 s=READY pgs=6 cs=0 l=1 rev1=1 crypto rx=0x7f2dec006fd0 tx=0x7f2dec006e40 comp rx=0 tx=0).stop
2024-03-28T02:14:37.111 INFO:teuthology.orchestra.run.smithi032.stdout:/usr/bin/ceph: stderr
2024-03-28T02:14:36.292+0000 7f2e07000700 1 -- 172.21.15.32:0/3119885520 >> [v2:172.21.15.32:3300/0,v1:172.21.15.32:6789/0] conn(0x7f2e00107d90 msgr2=0x7f2e001a23b0 secure :-1 s=STATE_CONNECTION_ESTABLISHED l=1).mark_down
2024-03-28T02:14:37.111 INFO:teuthology.orchestra.run.smithi032.stdout:/usr/bin/ceph: stderr
2024-03-28T02:14:36.292+0000 7f2e07000700 1 --2- 172.21.15.32:0/3119885520 >> [v2:172.21.15.32:3300/0,v1:172.21.15.32:6789/0] conn(0x7f2e00107d90 0x7f2e001a23b0 secure :-1 s=READY pgs=19 cs=0 l=1 rev1=1 crypto rx=0x7f2df00117a0 tx=0x7f2df0003980 comp rx=0 tx=0).stop
2024-03-28T02:14:37.112 INFO:teuthology.orchestra.run.smithi032.stdout:/usr/bin/ceph: stderr
2024-03-28T02:14:36.292+0000 7f2e07000700 1 -- 172.21.15.32:0/3119885520 shutdown_connections
2024-03-28T02:14:37.112 INFO:teuthology.orchestra.run.smithi032.stdout:/usr/bin/ceph: stderr
2024-03-28T02:14:36.292+0000 7f2e07000700 1 --2- 172.21.15.32:0/3119885520 >> [v2:172.21.15.32:6800/885957629,v1:172.21.15.32:6801/885957629] conn(0x7f2de4038e80 0x7f2de403b340 unknown :-1 s=CLOSED pgs=6 cs=0 l=1 rev1=1 crypto rx=0 tx=0 comp rx=0 tx=0).stop
2024-03-28T02:14:37.112 INFO:teuthology.orchestra.run.smithi032.stdout:/usr/bin/ceph: stderr
2024-03-28T02:14:36.292+0000 7f2e07000700 1 --2- 172.21.15.32:0/3119885520 >> [v2:172.21.15.32:3300/0,v1:172.21.15.32:6789/0] conn(0x7f2e00107d90 0x7f2e001a23b0 unknown :-1 s=CLOSED pgs=19 cs=0 l=1 rev1=1 crypto rx=0 tx=0 comp rx=0 tx=0).stop
2024-03-28T02:14:37.112 INFO:teuthology.orchestra.run.smithi032.stdout:/usr/bin/ceph: stderr
2024-03-28T02:14:36.292+0000 7f2e07000700 1 -- 172.21.15.32:0/3119885520 >> 172.21.15.32:0/3119885520 conn(0x7f2e00103350 msgr2=0x7f2e00103eb0 unknown :-1 s=STATE_NONE l=0).mark_down
2024-03-28T02:14:37.112 INFO:teuthology.orchestra.run.smithi032.stdout:/usr/bin/ceph: stderr
2024-03-28T02:14:36.292+0000 7f2e07000700 1 -- 172.21.15.32:0/3119885520 shutdown_connections
2024-03-28T02:14:37.112 INFO:teuthology.orchestra.run.smithi032.stdout:/usr/bin/ceph: stderr
2024-03-28T02:14:36.292+0000 7f2e07000700 1 -- 172.21.15.32:0/3119885520 wait complete.
2024-03-28T02:14:37.112 INFO:teuthology.orchestra.run.smithi032.stdout:mgr is available
2024-03-28T02:14:38.352 INFO:journalctl@ceph.mon.a.smithi032.stdout:Mar 28 02:14:38 smithi032 ceph-mon[31529]: from='client.? 172.21.15.32:0/3285455280' entity='client.admin' cmd=[{"prefix": "config assimilate-conf"}]: dispatch
2024-03-28T02:14:38.707 INFO:teuthology.orchestra.run.smithi032.stdout:/usr/bin/ceph: stdout
2024-03-28T02:14:38.707 INFO:teuthology.orchestra.run.smithi032.stdout:/usr/bin/ceph: stdout [global]
2024-03-28T02:14:38.707 INFO:teuthology.orchestra.run.smithi032.stdout:/usr/bin/ceph: stdout fsid = b755dd8a-eca8-11ee-95d0-87774f69a715
2024-03-28T02:14:38.707 INFO:teuthology.orchestra.run.smithi032.stdout:/usr/bin/ceph: stdout mon_osd_allow_pg_remap = true
2024-03-28T02:14:38.707 INFO:teuthology.orchestra.run.smithi032.stdout:/usr/bin/ceph: stdout mon_osd_allow_primary_affinity = true
2024-03-28T02:14:38.707 INFO:teuthology.orchestra.run.smithi032.stdout:/usr/bin/ceph: stdout mon_warn_on_no_sortbitwise = false
2024-03-28T02:14:38.707 INFO:teuthology.orchestra.run.smithi032.stdout:/usr/bin/ceph: stdout osd_crush_chooseleaf_type = 0
2024-03-28T02:14:38.707 INFO:teuthology.orchestra.run.smithi032.stdout:/usr/bin/ceph: stdout
2024-03-28T02:14:38.708 INFO:teuthology.orchestra.run.smithi032.stdout:/usr/bin/ceph: stdout [mgr]
2024-03-28T02:14:38.708 INFO:teuthology.orchestra.run.smithi032.stdout:/usr/bin/ceph: stdout mgr/telemetry/nag = false
2024-03-28T02:14:38.708 INFO:teuthology.orchestra.run.smithi032.stdout:/usr/bin/ceph: stdout
2024-03-28T02:14:38.708 INFO:teuthology.orchestra.run.smithi032.stdout:/usr/bin/ceph: stdout [osd]
2024-03-28T02:14:38.708 INFO:teuthology.orchestra.run.smithi032.stdout:/usr/bin/ceph: stdout mon_osd_backfillfull_ratio = 0.85
2024-03-28T02:14:38.708 INFO:teuthology.orchestra.run.smithi032.stdout:/usr/bin/ceph: stdout mon_osd_full_ratio = 0.9
2024-03-28T02:14:38.708 INFO:teuthology.orchestra.run.smithi032.stdout:/usr/bin/ceph: stdout mon_osd_nearfull_ratio = 0.8
2024-03-28T02:14:38.708 INFO:teuthology.orchestra.run.smithi032.stdout:/usr/bin/ceph: stdout osd_map_max_advance = 10
2024-03-28T02:14:38.708 INFO:teuthology.orchestra.run.smithi032.stdout:/usr/bin/ceph: stdout osd_sloppy_crc = true
2024-03-28T02:14:38.708 INFO:teuthology.orchestra.run.smithi032.stdout:/usr/bin/ceph: stderr
2024-03-28T02:14:37.754+0000 7faf8a400700 1 Processor -- start
2024-03-28T02:14:38.708 INFO:teuthology.orchestra.run.smithi032.stdout:/usr/bin/ceph: stderr
2024-03-28T02:14:37.755+0000 7faf8a400700 1 -- start start
2024-03-28T02:14:38.708 INFO:teuthology.orchestra.run.smithi032.stdout:/usr/bin/ceph: stderr
2024-03-28T02:14:37.755+0000 7faf8a400700 1 --2- >> [v2:172.21.15.32:3300/0,v1:172.21.15.32:6789/0] conn(0x7faf8407de40 0x7faf8407c2f0 unknown :-1 s=NONE pgs=0 cs=0 l=0 rev1=0 crypto rx=0 tx=0 comp rx=0 tx=0).connect
2024-03-28T02:14:38.713 INFO:teuthology.orchestra.run.smithi032.stdout:/usr/bin/ceph: stderr
2024-03-28T02:14:37.755+0000 7faf8a400700 1 -- --> [v2:172.21.15.32:3300/0,v1:172.21.15.32:6789/0] -- mon_getmap magic: 0 v1 -- 0x7faf8407c830 con 0x7faf8407de40
2024-03-28T02:14:38.713 INFO:teuthology.orchestra.run.smithi032.stdout:/usr/bin/ceph: stderr
2024-03-28T02:14:37.756+0000 7faf89000700 1 --2- >> [v2:172.21.15.32:3300/0,v1:172.21.15.32:6789/0] conn(0x7faf8407de40 0x7faf8407c2f0 unknown :-1 s=BANNER_CONNECTING pgs=0 cs=0 l=0 rev1=0 crypto rx=0 tx=0 comp rx=0 tx=0)._handle_peer_banner_payload supported=3 required=0
2024-03-28T02:14:38.713 INFO:teuthology.orchestra.run.smithi032.stdout:/usr/bin/ceph: stderr
2024-03-28T02:14:37.756+0000 7faf89000700 1 --2- >> [v2:172.21.15.32:3300/0,v1:172.21.15.32:6789/0] conn(0x7faf8407de40 0x7faf8407c2f0 unknown :-1 s=HELLO_CONNECTING pgs=0 cs=0 l=0 rev1=1 crypto rx=0 tx=0 comp rx=0 tx=0).handle_hello peer v2:172.21.15.32:3300/0 says I am v2:172.21.15.32:60760/0 (socket says 172.21.15.32:60760)
2024-03-28T02:14:38.713 INFO:teuthology.orchestra.run.smithi032.stdout:/usr/bin/ceph: stderr
2024-03-28T02:14:37.756+0000 7faf89000700 1 -- 172.21.15.32:0/2839041002 learned_addr learned my addr 172.21.15.32:0/2839041002 (peer_addr_for_me v2:172.21.15.32:0/0)
2024-03-28T02:14:38.713 INFO:teuthology.orchestra.run.smithi032.stdout:/usr/bin/ceph: stderr
2024-03-28T02:14:37.757+0000 7faf89000700 1 -- 172.21.15.32:0/2839041002 --> [v2:172.21.15.32:3300/0,v1:172.21.15.32:6789/0] -- mon_subscribe({config=0+,monmap=0+}) v3 -- 0x7faf8407c9b0 con 0x7faf8407de40
2024-03-28T02:14:38.713 INFO:teuthology.orchestra.run.smithi032.stdout:/usr/bin/ceph: stderr
2024-03-28T02:14:37.758+0000 7faf89000700 1 --2- 172.21.15.32:0/2839041002 >> [v2:172.21.15.32:3300/0,v1:172.21.15.32:6789/0] conn(0x7faf8407de40 0x7faf8407c2f0 secure :-1 s=READY pgs=20 cs=0 l=1 rev1=1 crypto rx=0x7faf6c0098a0 tx=0x7faf6c009bb0 comp rx=0 tx=0).ready entity=mon.0 client_cookie=895f1100db30c5be server_cookie=0 in_seq=0 out_seq=0
2024-03-28T02:14:38.714 INFO:teuthology.orchestra.run.smithi032.stdout:/usr/bin/ceph: stderr
2024-03-28T02:14:37.758+0000 7faf83e00700 1 -- 172.21.15.32:0/2839041002 <== mon.0 v2:172.21.15.32:3300/0 1 ==== mon_map magic: 0 v1 ==== 205+0+0 (secure 0 0 0) 0x7faf6c004160 con 0x7faf8407de40
2024-03-28T02:14:38.714 INFO:teuthology.orchestra.run.smithi032.stdout:/usr/bin/ceph: stderr
2024-03-28T02:14:37.758+0000 7faf83e00700 1 -- 172.21.15.32:0/2839041002 <== mon.0 v2:172.21.15.32:3300/0 2 ==== config(29 keys) v1 ==== 1178+0+0 (secure 0 0 0) 0x7faf6c004300 con 0x7faf8407de40
2024-03-28T02:14:38.714 INFO:teuthology.orchestra.run.smithi032.stdout:/usr/bin/ceph: stderr
2024-03-28T02:14:37.758+0000 7faf83e00700 1 -- 172.21.15.32:0/2839041002 <== mon.0 v2:172.21.15.32:3300/0 3 ==== mon_map magic: 0 v1 ==== 205+0+0 (secure 0 0 0) 0x7faf6c011cc0 con 0x7faf8407de40
2024-03-28T02:14:38.714 INFO:teuthology.orchestra.run.smithi032.stdout:/usr/bin/ceph: stderr
2024-03-28T02:14:37.759+0000 7faf8a400700 1 -- 172.21.15.32:0/2839041002 >> [v2:172.21.15.32:3300/0,v1:172.21.15.32:6789/0] conn(0x7faf8407de40 msgr2=0x7faf8407c2f0 secure :-1 s=STATE_CONNECTION_ESTABLISHED l=1).mark_down
2024-03-28T02:14:38.714 INFO:teuthology.orchestra.run.smithi032.stdout:/usr/bin/ceph: stderr
2024-03-28T02:14:37.759+0000 7faf8a400700 1 --2- 172.21.15.32:0/2839041002 >> [v2:172.21.15.32:3300/0,v1:172.21.15.32:6789/0] conn(0x7faf8407de40 0x7faf8407c2f0 secure :-1 s=READY pgs=20 cs=0 l=1 rev1=1 crypto rx=0x7faf6c0098a0 tx=0x7faf6c009bb0 comp rx=0 tx=0).stop
2024-03-28T02:14:38.714 INFO:teuthology.orchestra.run.smithi032.stdout:/usr/bin/ceph: stderr
2024-03-28T02:14:37.759+0000 7faf8a400700 1 -- 172.21.15.32:0/2839041002 shutdown_connections
2024-03-28T02:14:38.714 INFO:teuthology.orchestra.run.smithi032.stdout:/usr/bin/ceph: stderr
2024-03-28T02:14:37.759+0000 7faf8a400700 1 --2- 172.21.15.32:0/2839041002 >> [v2:172.21.15.32:3300/0,v1:172.21.15.32:6789/0] conn(0x7faf8407de40 0x7faf8407c2f0 unknown :-1 s=CLOSED pgs=20 cs=0 l=1 rev1=1 crypto rx=0 tx=0 comp rx=0 tx=0).stop
2024-03-28T02:14:38.714 INFO:teuthology.orchestra.run.smithi032.stdout:/usr/bin/ceph: stderr
2024-03-28T02:14:37.759+0000 7faf8a400700 1 -- 172.21.15.32:0/2839041002 >> 172.21.15.32:0/2839041002 conn(0x7faf841030e0 msgr2=0x7faf84105560 unknown :-1 s=STATE_NONE l=0).mark_down
2024-03-28T02:14:38.714 INFO:teuthology.orchestra.run.smithi032.stdout:/usr/bin/ceph: stderr
2024-03-28T02:14:37.759+0000 7faf8a400700 1 -- 172.21.15.32:0/2839041002 shutdown_connections
2024-03-28T02:14:38.714 INFO:teuthology.orchestra.run.smithi032.stdout:/usr/bin/ceph: stderr
2024-03-28T02:14:37.759+0000 7faf8a400700 1 -- 172.21.15.32:0/2839041002 wait complete.
2024-03-28T02:14:38.714 INFO:teuthology.orchestra.run.smithi032.stdout:/usr/bin/ceph: stderr
2024-03-28T02:14:37.761+0000 7faf8a400700 1 Processor -- start
2024-03-28T02:14:38.714 INFO:teuthology.orchestra.run.smithi032.stdout:/usr/bin/ceph: stderr
2024-03-28T02:14:37.761+0000 7faf8a400700 1 -- start start
2024-03-28T02:14:38.714 INFO:teuthology.orchestra.run.smithi032.stdout:/usr/bin/ceph: stderr
2024-03-28T02:14:37.761+0000 7faf8a400700 1 --2- >> [v2:172.21.15.32:3300/0,v1:172.21.15.32:6789/0] conn(0x7faf8407de40 0x7faf8419ddc0 unknown :-1 s=NONE pgs=0 cs=0 l=1 rev1=0 crypto rx=0 tx=0 comp rx=0 tx=0).connect
2024-03-28T02:14:38.715 INFO:teuthology.orchestra.run.smithi032.stdout:/usr/bin/ceph: stderr
2024-03-28T02:14:37.761+0000 7faf8a400700 1 -- --> [v2:172.21.15.32:3300/0,v1:172.21.15.32:6789/0] -- mon_getmap magic: 0 v1 -- 0x7faf8410e210 con 0x7faf8407de40
2024-03-28T02:14:38.715 INFO:teuthology.orchestra.run.smithi032.stdout:/usr/bin/ceph: stderr
2024-03-28T02:14:37.762+0000 7faf89000700 1 --2- >> [v2:172.21.15.32:3300/0,v1:172.21.15.32:6789/0] conn(0x7faf8407de40 0x7faf8419ddc0 unknown :-1 s=BANNER_CONNECTING pgs=0 cs=0 l=1 rev1=0 crypto rx=0 tx=0 comp rx=0 tx=0)._handle_peer_banner_payload supported=3 required=0
2024-03-28T02:14:38.715 INFO:teuthology.orchestra.run.smithi032.stdout:/usr/bin/ceph: stderr
2024-03-28T02:14:37.762+0000 7faf89000700 1 --2- >> [v2:172.21.15.32:3300/0,v1:172.21.15.32:6789/0] conn(0x7faf8407de40 0x7faf8419ddc0 unknown :-1 s=HELLO_CONNECTING pgs=0 cs=0 l=1 rev1=1 crypto rx=0 tx=0 comp rx=0 tx=0).handle_hello peer v2:172.21.15.32:3300/0 says I am v2:172.21.15.32:60768/0 (socket says 172.21.15.32:60768)
2024-03-28T02:14:38.715 INFO:teuthology.orchestra.run.smithi032.stdout:/usr/bin/ceph: stderr
2024-03-28T02:14:37.762+0000 7faf89000700 1 -- 172.21.15.32:0/3285455280 learned_addr learned my addr 172.21.15.32:0/3285455280 (peer_addr_for_me v2:172.21.15.32:0/0)
2024-03-28T02:14:38.715 INFO:teuthology.orchestra.run.smithi032.stdout:/usr/bin/ceph: stderr
2024-03-28T02:14:37.762+0000 7faf89000700 1 -- 172.21.15.32:0/3285455280 --> [v2:172.21.15.32:3300/0,v1:172.21.15.32:6789/0] -- mon_subscribe({config=0+,monmap=0+}) v3 -- 0x7faf8419e300 con 0x7faf8407de40
2024-03-28T02:14:38.715 INFO:teuthology.orchestra.run.smithi032.stdout:/usr/bin/ceph: stderr
2024-03-28T02:14:37.762+0000 7faf89000700 1 --2- 172.21.15.32:0/3285455280 >> [v2:172.21.15.32:3300/0,v1:172.21.15.32:6789/0] conn(0x7faf8407de40 0x7faf8419ddc0 secure :-1 s=READY pgs=21 cs=0 l=1 rev1=1 crypto rx=0x7faf6c0117a0 tx=0x7faf6c003980 comp rx=0 tx=0).ready entity=mon.0 client_cookie=0 server_cookie=0 in_seq=0 out_seq=0
2024-03-28T02:14:38.715 INFO:teuthology.orchestra.run.smithi032.stdout:/usr/bin/ceph: stderr
2024-03-28T02:14:37.762+0000 7faf82000700 1 -- 172.21.15.32:0/3285455280 <== mon.0 v2:172.21.15.32:3300/0 1 ==== mon_map magic: 0 v1 ==== 205+0+0 (secure 0 0 0) 0x7faf6c011dd0 con 0x7faf8407de40
2024-03-28T02:14:38.715 INFO:teuthology.orchestra.run.smithi032.stdout:/usr/bin/ceph: stderr
2024-03-28T02:14:37.763+0000 7faf82000700 1 -- 172.21.15.32:0/3285455280 <== mon.0 v2:172.21.15.32:3300/0 2 ==== config(29 keys) v1 ==== 1178+0+0 (secure 0 0 0) 0x7faf6c024430 con 0x7faf8407de40
2024-03-28T02:14:38.715 INFO:teuthology.orchestra.run.smithi032.stdout:/usr/bin/ceph: stderr
2024-03-28T02:14:37.763+0000 7faf8a400700 1 -- 172.21.15.32:0/3285455280 --> [v2:172.21.15.32:3300/0,v1:172.21.15.32:6789/0] -- mon_subscribe({mgrmap=0+}) v3 -- 0x7faf8419e590 con 0x7faf8407de40
2024-03-28T02:14:38.715 INFO:teuthology.orchestra.run.smithi032.stdout:/usr/bin/ceph: stderr
2024-03-28T02:14:37.763+0000 7faf82000700 1 -- 172.21.15.32:0/3285455280 <== mon.0 v2:172.21.15.32:3300/0 3 ==== mon_map magic: 0 v1 ==== 205+0+0 (secure 0 0 0) 0x7faf6c01a6d0 con 0x7faf8407de40
2024-03-28T02:14:38.715 INFO:teuthology.orchestra.run.smithi032.stdout:/usr/bin/ceph: stderr
2024-03-28T02:14:37.763+0000 7faf8a400700 1 -- 172.21.15.32:0/3285455280 --> [v2:172.21.15.32:3300/0,v1:172.21.15.32:6789/0] -- mon_subscribe({osdmap=0}) v3 -- 0x7faf841a1280 con 0x7faf8407de40
2024-03-28T02:14:38.715 INFO:teuthology.orchestra.run.smithi032.stdout:/usr/bin/ceph: stderr
2024-03-28T02:14:37.764+0000 7faf82000700 1 -- 172.21.15.32:0/3285455280 <== mon.0 v2:172.21.15.32:3300/0 4 ==== mgrmap(e 4) v1 ==== 46095+0+0 (secure 0 0 0) 0x7faf6c024ac0 con 0x7faf8407de40
2024-03-28T02:14:38.715 INFO:teuthology.orchestra.run.smithi032.stdout:/usr/bin/ceph: stderr
2024-03-28T02:14:37.764+0000 7faf8a400700 1 -- 172.21.15.32:0/3285455280 --> [v2:172.21.15.32:3300/0,v1:172.21.15.32:6789/0] -- mon_command({"prefix": "get_command_descriptions"} v 0) v1 -- 0x7faf840637c0 con 0x7faf8407de40
2024-03-28T02:14:38.715 INFO:teuthology.orchestra.run.smithi032.stdout:/usr/bin/ceph: stderr
2024-03-28T02:14:37.765+0000 7faf82000700 1 --2- 172.21.15.32:0/3285455280 >> [v2:172.21.15.32:6800/885957629,v1:172.21.15.32:6801/885957629] conn(0x7faf64038ed0 0x7faf6403b390 unknown :-1 s=NONE pgs=0 cs=0 l=1 rev1=0 crypto rx=0 tx=0 comp rx=0 tx=0).connect
2024-03-28T02:14:38.716 INFO:teuthology.orchestra.run.smithi032.stdout:/usr/bin/ceph: stderr
2024-03-28T02:14:37.765+0000 7faf82000700 1 -- 172.21.15.32:0/3285455280 <== mon.0 v2:172.21.15.32:3300/0 5 ==== osd_map(1..1 src has 1..1) v4 ==== 725+0+0 (secure 0 0 0) 0x7faf6c04cff0 con 0x7faf8407de40
2024-03-28T02:14:38.716 INFO:teuthology.orchestra.run.smithi032.stdout:/usr/bin/ceph: stderr
2024-03-28T02:14:37.765+0000 7faf7be00700 1 --2- 172.21.15.32:0/3285455280 >> [v2:172.21.15.32:6800/885957629,v1:172.21.15.32:6801/885957629] conn(0x7faf64038ed0 0x7faf6403b390 unknown :-1 s=BANNER_CONNECTING pgs=0 cs=0 l=1 rev1=0 crypto rx=0 tx=0 comp rx=0 tx=0)._handle_peer_banner_payload supported=3 required=0
2024-03-28T02:14:38.716 INFO:teuthology.orchestra.run.smithi032.stdout:/usr/bin/ceph: stderr
2024-03-28T02:14:37.766+0000 7faf7be00700 1 --2- 172.21.15.32:0/3285455280 >> [v2:172.21.15.32:6800/885957629,v1:172.21.15.32:6801/885957629] conn(0x7faf64038ed0 0x7faf6403b390 secure :-1 s=READY pgs=7 cs=0 l=1 rev1=1 crypto rx=0x7faf74006fd0 tx=0x7faf74006e40 comp rx=0 tx=0).ready entity=mgr.14100 client_cookie=0 server_cookie=0 in_seq=0 out_seq=0
2024-03-28T02:14:38.716 INFO:teuthology.orchestra.run.smithi032.stdout:/usr/bin/ceph: stderr
2024-03-28T02:14:37.770+0000 7faf82000700 1 -- 172.21.15.32:0/3285455280 <== mon.0 v2:172.21.15.32:3300/0 6 ==== mon_command_ack([{"prefix": "get_command_descriptions"}]=0 v0) v1 ==== 72+0+186149 (secure 0 0 0) 0x7faf6c0247c0 con 0x7faf8407de40
2024-03-28T02:14:38.716 INFO:teuthology.orchestra.run.smithi032.stdout:/usr/bin/ceph: stderr
2024-03-28T02:14:38.000+0000 7faf8a400700 1 -- 172.21.15.32:0/3285455280 --> [v2:172.21.15.32:3300/0,v1:172.21.15.32:6789/0] -- mon_command({"prefix": "config assimilate-conf"} v 0) v1 -- 0x7faf841a1450 con 0x7faf8407de40
2024-03-28T02:14:38.716 INFO:teuthology.orchestra.run.smithi032.stdout:/usr/bin/ceph: stderr
2024-03-28T02:14:38.001+0000 7faf82000700 1 -- 172.21.15.32:0/3285455280 <== mon.0 v2:172.21.15.32:3300/0 7 ==== mon_command_ack([{"prefix": "config assimilate-conf"}]=0 v3) v1 ==== 70+0+373 (secure 0 0 0) 0x7faf841a1450 con 0x7faf8407de40
2024-03-28T02:14:38.716 INFO:teuthology.orchestra.run.smithi032.stdout:/usr/bin/ceph: stderr
2024-03-28T02:14:38.004+0000 7faf8a400700 1 -- 172.21.15.32:0/3285455280 >> [v2:172.21.15.32:6800/885957629,v1:172.21.15.32:6801/885957629] conn(0x7faf64038ed0 msgr2=0x7faf6403b390 secure :-1 s=STATE_CONNECTION_ESTABLISHED l=1).mark_down
2024-03-28T02:14:38.716 INFO:teuthology.orchestra.run.smithi032.stdout:/usr/bin/ceph: stderr
2024-03-28T02:14:38.004+0000 7faf8a400700 1 --2- 172.21.15.32:0/3285455280 >> [v2:172.21.15.32:6800/885957629,v1:172.21.15.32:6801/885957629] conn(0x7faf64038ed0 0x7faf6403b390 secure :-1 s=READY pgs=7 cs=0 l=1 rev1=1 crypto rx=0x7faf74006fd0 tx=0x7faf74006e40 comp rx=0 tx=0).stop
2024-03-28T02:14:38.716 INFO:teuthology.orchestra.run.smithi032.stdout:/usr/bin/ceph: stderr
2024-03-28T02:14:38.004+0000 7faf8a400700 1 -- 172.21.15.32:0/3285455280 >> [v2:172.21.15.32:3300/0,v1:172.21.15.32:6789/0] conn(0x7faf8407de40 msgr2=0x7faf8419ddc0 secure :-1 s=STATE_CONNECTION_ESTABLISHED l=1).mark_down
2024-03-28T02:14:38.716 INFO:teuthology.orchestra.run.smithi032.stdout:/usr/bin/ceph: stderr
2024-03-28T02:14:38.004+0000 7faf8a400700 1 --2- 172.21.15.32:0/3285455280 >> [v2:172.21.15.32:3300/0,v1:172.21.15.32:6789/0] conn(0x7faf8407de40 0x7faf8419ddc0 secure :-1 s=READY pgs=21 cs=0 l=1 rev1=1 crypto rx=0x7faf6c0117a0 tx=0x7faf6c003980 comp rx=0 tx=0).stop
2024-03-28T02:14:38.716 INFO:teuthology.orchestra.run.smithi032.stdout:/usr/bin/ceph: stderr
2024-03-28T02:14:38.005+0000 7faf8a400700 1 -- 172.21.15.32:0/3285455280 shutdown_connections
2024-03-28T02:14:38.716 INFO:teuthology.orchestra.run.smithi032.stdout:/usr/bin/ceph: stderr
2024-03-28T02:14:38.005+0000 7faf8a400700 1 --2- 172.21.15.32:0/3285455280 >> [v2:172.21.15.32:6800/885957629,v1:172.21.15.32:6801/885957629] conn(0x7faf64038ed0 0x7faf6403b390 unknown :-1 s=CLOSED pgs=7 cs=0 l=1 rev1=1 crypto rx=0 tx=0 comp rx=0 tx=0).stop
2024-03-28T02:14:38.716 INFO:teuthology.orchestra.run.smithi032.stdout:/usr/bin/ceph: stderr
2024-03-28T02:14:38.005+0000 7faf8a400700 1 --2- 172.21.15.32:0/3285455280 >> [v2:172.21.15.32:3300/0,v1:172.21.15.32:6789/0] conn(0x7faf8407de40 0x7faf8419ddc0 unknown :-1 s=CLOSED pgs=21 cs=0 l=1 rev1=1 crypto rx=0 tx=0 comp rx=0 tx=0).stop
2024-03-28T02:14:38.716 INFO:teuthology.orchestra.run.smithi032.stdout:/usr/bin/ceph: stderr
2024-03-28T02:14:38.005+0000 7faf8a400700 1 -- 172.21.15.32:0/3285455280 >> 172.21.15.32:0/3285455280 conn(0x7faf841030e0 msgr2=0x7faf84103d00 unknown :-1 s=STATE_NONE l=0).mark_down
2024-03-28T02:14:38.717 INFO:teuthology.orchestra.run.smithi032.stdout:/usr/bin/ceph: stderr
2024-03-28T02:14:38.005+0000 7faf8a400700 1 -- 172.21.15.32:0/3285455280 shutdown_connections
2024-03-28T02:14:38.717 INFO:teuthology.orchestra.run.smithi032.stdout:/usr/bin/ceph: stderr
2024-03-28T02:14:38.005+0000 7faf8a400700 1 -- 172.21.15.32:0/3285455280 wait complete.
2024-03-28T02:14:38.717 INFO:teuthology.orchestra.run.smithi032.stdout:Enabling cephadm module...
2024-03-28T02:14:40.034 INFO:journalctl@ceph.mon.a.smithi032.stdout:Mar 28 02:14:39 smithi032 ceph-mon[31529]: from='client.? 172.21.15.32:0/3895046969' entity='client.admin' cmd=[{"prefix": "mgr module enable", "module": "cephadm"}]: dispatch
2024-03-28T02:14:40.034 INFO:journalctl@ceph.mgr.x.smithi032.stdout:Mar 28 02:14:39 smithi032 ceph-b755dd8a-eca8-11ee-95d0-87774f69a715-mgr-x[31753]: ignoring --setuser ceph since I am not root
2024-03-28T02:14:40.034 INFO:journalctl@ceph.mgr.x.smithi032.stdout:Mar 28 02:14:39 smithi032 ceph-b755dd8a-eca8-11ee-95d0-87774f69a715-mgr-x[31753]: ignoring --setgroup ceph since I am not root
2024-03-28T02:14:40.281 INFO:teuthology.orchestra.run.smithi032.stdout:/usr/bin/ceph: stderr
2024-03-28T02:14:39.348+0000 7fb611400700 1 Processor -- start
2024-03-28T02:14:40.282 INFO:teuthology.orchestra.run.smithi032.stdout:/usr/bin/ceph: stderr
2024-03-28T02:14:39.349+0000 7fb611400700 1 -- start start
2024-03-28T02:14:40.282 INFO:teuthology.orchestra.run.smithi032.stdout:/usr/bin/ceph: stderr
2024-03-28T02:14:39.349+0000 7fb611400700 1 --2- >> [v2:172.21.15.32:3300/0,v1:172.21.15.32:6789/0] conn(0x7fb60c108830 0x7fb60c10ac20 unknown :-1 s=NONE pgs=0 cs=0 l=0 rev1=0 crypto rx=0 tx=0 comp rx=0 tx=0).connect
2024-03-28T02:14:40.282 INFO:teuthology.orchestra.run.smithi032.stdout:/usr/bin/ceph: stderr
2024-03-28T02:14:39.349+0000 7fb611400700 1 -- --> [v2:172.21.15.32:3300/0,v1:172.21.15.32:6789/0] -- mon_getmap magic: 0 v1 -- 0x7fb60c07be80 con 0x7fb60c108830
2024-03-28T02:14:40.282 INFO:teuthology.orchestra.run.smithi032.stdout:/usr/bin/ceph: stderr
2024-03-28T02:14:39.349+0000 7fb60a800700 1 --2- >> [v2:172.21.15.32:3300/0,v1:172.21.15.32:6789/0] conn(0x7fb60c108830 0x7fb60c10ac20 unknown :-1 s=BANNER_CONNECTING pgs=0 cs=0 l=0 rev1=0 crypto rx=0 tx=0 comp rx=0 tx=0)._handle_peer_banner_payload supported=3 required=0
2024-03-28T02:14:40.282 INFO:teuthology.orchestra.run.smithi032.stdout:/usr/bin/ceph: stderr
2024-03-28T02:14:39.350+0000 7fb60a800700 1 --2- >> [v2:172.21.15.32:3300/0,v1:172.21.15.32:6789/0] conn(0x7fb60c108830 0x7fb60c10ac20 unknown :-1 s=HELLO_CONNECTING pgs=0 cs=0 l=0 rev1=1 crypto rx=0 tx=0 comp rx=0 tx=0).handle_hello peer v2:172.21.15.32:3300/0 says I am v2:172.21.15.32:60784/0 (socket says 172.21.15.32:60784)
2024-03-28T02:14:40.282 INFO:teuthology.orchestra.run.smithi032.stdout:/usr/bin/ceph: stderr
2024-03-28T02:14:39.350+0000 7fb60a800700 1 -- 172.21.15.32:0/1837383735 learned_addr learned my addr 172.21.15.32:0/1837383735 (peer_addr_for_me v2:172.21.15.32:0/0)
2024-03-28T02:14:40.283 INFO:teuthology.orchestra.run.smithi032.stdout:/usr/bin/ceph: stderr
2024-03-28T02:14:39.350+0000 7fb60a800700 1 -- 172.21.15.32:0/1837383735 --> [v2:172.21.15.32:3300/0,v1:172.21.15.32:6789/0] -- mon_subscribe({config=0+,monmap=0+}) v3 -- 0x7fb60c10b160 con 0x7fb60c108830
2024-03-28T02:14:40.283 INFO:teuthology.orchestra.run.smithi032.stdout:/usr/bin/ceph: stderr
2024-03-28T02:14:39.350+0000 7fb60a800700 1 --2- 172.21.15.32:0/1837383735 >> [v2:172.21.15.32:3300/0,v1:172.21.15.32:6789/0] conn(0x7fb60c108830 0x7fb60c10ac20 secure :-1 s=READY pgs=22 cs=0 l=1 rev1=1 crypto rx=0x7fb5fc0098a0 tx=0x7fb5fc009bb0 comp rx=0 tx=0).ready entity=mon.0 client_cookie=2abe8f01de440bb9 server_cookie=0 in_seq=0 out_seq=0
2024-03-28T02:14:40.283 INFO:teuthology.orchestra.run.smithi032.stdout:/usr/bin/ceph: stderr
2024-03-28T02:14:39.351+0000 7fb609400700 1 -- 172.21.15.32:0/1837383735 <== mon.0 v2:172.21.15.32:3300/0 1 ==== mon_map magic: 0 v1 ==== 205+0+0 (secure 0 0 0) 0x7fb5fc004160 con 0x7fb60c108830
2024-03-28T02:14:40.283 INFO:teuthology.orchestra.run.smithi032.stdout:/usr/bin/ceph: stderr
2024-03-28T02:14:39.351+0000 7fb609400700 1 -- 172.21.15.32:0/1837383735 <== mon.0 v2:172.21.15.32:3300/0 2 ==== config(29 keys) v1 ==== 1178+0+0 (secure 0 0 0) 0x7fb5fc004300 con 0x7fb60c108830
2024-03-28T02:14:40.283 INFO:teuthology.orchestra.run.smithi032.stdout:/usr/bin/ceph: stderr
2024-03-28T02:14:39.351+0000 7fb609400700 1 -- 172.21.15.32:0/1837383735 <== mon.0 v2:172.21.15.32:3300/0 3 ==== mon_map magic: 0 v1 ==== 205+0+0 (secure 0 0 0) 0x7fb5fc011cc0 con 0x7fb60c108830
2024-03-28T02:14:40.284 INFO:teuthology.orchestra.run.smithi032.stdout:/usr/bin/ceph: stderr
2024-03-28T02:14:39.352+0000 7fb611400700 1 -- 172.21.15.32:0/1837383735 >> [v2:172.21.15.32:3300/0,v1:172.21.15.32:6789/0] conn(0x7fb60c108830 msgr2=0x7fb60c10ac20 secure :-1 s=STATE_CONNECTION_ESTABLISHED l=1).mark_down
2024-03-28T02:14:40.284 INFO:teuthology.orchestra.run.smithi032.stdout:/usr/bin/ceph: stderr
2024-03-28T02:14:39.352+0000 7fb611400700 1 --2- 172.21.15.32:0/1837383735 >> [v2:172.21.15.32:3300/0,v1:172.21.15.32:6789/0] conn(0x7fb60c108830 0x7fb60c10ac20 secure :-1 s=READY pgs=22 cs=0 l=1 rev1=1 crypto rx=0x7fb5fc0098a0 tx=0x7fb5fc009bb0 comp rx=0 tx=0).stop
2024-03-28T02:14:40.284 INFO:teuthology.orchestra.run.smithi032.stdout:/usr/bin/ceph: stderr
2024-03-28T02:14:39.352+0000 7fb611400700 1 -- 172.21.15.32:0/1837383735 shutdown_connections
2024-03-28T02:14:40.284 INFO:teuthology.orchestra.run.smithi032.stdout:/usr/bin/ceph: stderr
2024-03-28T02:14:39.352+0000 7fb611400700 1 --2- 172.21.15.32:0/1837383735 >> [v2:172.21.15.32:3300/0,v1:172.21.15.32:6789/0] conn(0x7fb60c108830 0x7fb60c10ac20 unknown :-1 s=CLOSED pgs=22 cs=0 l=1 rev1=1 crypto rx=0 tx=0 comp rx=0 tx=0).stop
2024-03-28T02:14:40.286 INFO:teuthology.orchestra.run.smithi032.stdout:/usr/bin/ceph: stderr
2024-03-28T02:14:39.352+0000 7fb611400700 1 -- 172.21.15.32:0/1837383735 >> 172.21.15.32:0/1837383735 conn(0x7fb60c102200 msgr2=0x7fb60c104660 unknown :-1 s=STATE_NONE l=0).mark_down
2024-03-28T02:14:40.286 INFO:teuthology.orchestra.run.smithi032.stdout:/usr/bin/ceph: stderr
2024-03-28T02:14:39.352+0000 7fb611400700 1 -- 172.21.15.32:0/1837383735 shutdown_connections
2024-03-28T02:14:40.286 INFO:teuthology.orchestra.run.smithi032.stdout:/usr/bin/ceph: stderr
2024-03-28T02:14:39.352+0000 7fb611400700 1 -- 172.21.15.32:0/1837383735 wait complete.
2024-03-28T02:14:40.286 INFO:teuthology.orchestra.run.smithi032.stdout:/usr/bin/ceph: stderr
2024-03-28T02:14:39.353+0000 7fb611400700 1 Processor -- start
2024-03-28T02:14:40.286 INFO:teuthology.orchestra.run.smithi032.stdout:/usr/bin/ceph: stderr
2024-03-28T02:14:39.354+0000 7fb611400700 1 -- start start
2024-03-28T02:14:40.286 INFO:teuthology.orchestra.run.smithi032.stdout:/usr/bin/ceph: stderr
2024-03-28T02:14:39.354+0000 7fb611400700 1 --2- >> [v2:172.21.15.32:3300/0,v1:172.21.15.32:6789/0] conn(0x7fb60c108830 0x7fb60c19e010 unknown :-1 s=NONE pgs=0 cs=0 l=1 rev1=0 crypto rx=0 tx=0 comp rx=0 tx=0).connect
2024-03-28T02:14:40.286 INFO:teuthology.orchestra.run.smithi032.stdout:/usr/bin/ceph: stderr
2024-03-28T02:14:39.354+0000 7fb611400700 1 -- --> [v2:172.21.15.32:3300/0,v1:172.21.15.32:6789/0] -- mon_getmap magic: 0 v1 -- 0x7fb60c10c240 con 0x7fb60c108830
2024-03-28T02:14:40.286 INFO:teuthology.orchestra.run.smithi032.stdout:/usr/bin/ceph: stderr
2024-03-28T02:14:39.354+0000 7fb60a800700 1 --2- >> [v2:172.21.15.32:3300/0,v1:172.21.15.32:6789/0] conn(0x7fb60c108830 0x7fb60c19e010 unknown :-1 s=BANNER_CONNECTING pgs=0 cs=0 l=1 rev1=0 crypto rx=0 tx=0 comp rx=0 tx=0)._handle_peer_banner_payload supported=3 required=0
2024-03-28T02:14:40.286 INFO:teuthology.orchestra.run.smithi032.stdout:/usr/bin/ceph: stderr
2024-03-28T02:14:39.354+0000 7fb60a800700 1 --2- >> [v2:172.21.15.32:3300/0,v1:172.21.15.32:6789/0] conn(0x7fb60c108830 0x7fb60c19e010 unknown :-1 s=HELLO_CONNECTING pgs=0 cs=0 l=1 rev1=1 crypto rx=0 tx=0 comp rx=0 tx=0).handle_hello peer v2:172.21.15.32:3300/0 says I am v2:172.21.15.32:60794/0 (socket says 172.21.15.32:60794)
2024-03-28T02:14:40.286 INFO:teuthology.orchestra.run.smithi032.stdout:/usr/bin/ceph: stderr
2024-03-28T02:14:39.354+0000 7fb60a800700 1 -- 172.21.15.32:0/3895046969 learned_addr learned my addr 172.21.15.32:0/3895046969 (peer_addr_for_me v2:172.21.15.32:0/0)
2024-03-28T02:14:40.286 INFO:teuthology.orchestra.run.smithi032.stdout:/usr/bin/ceph: stderr
2024-03-28T02:14:39.355+0000 7fb60a800700 1 -- 172.21.15.32:0/3895046969 --> [v2:172.21.15.32:3300/0,v1:172.21.15.32:6789/0] -- mon_subscribe({config=0+,monmap=0+}) v3 -- 0x7fb60c19e550 con 0x7fb60c108830
2024-03-28T02:14:40.286 INFO:teuthology.orchestra.run.smithi032.stdout:/usr/bin/ceph: stderr
2024-03-28T02:14:39.355+0000 7fb60a800700 1 --2- 172.21.15.32:0/3895046969 >> [v2:172.21.15.32:3300/0,v1:172.21.15.32:6789/0] conn(0x7fb60c108830 0x7fb60c19e010 secure :-1 s=READY pgs=23 cs=0 l=1 rev1=1 crypto rx=0x7fb5fc0038d0 tx=0x7fb5fc0039b0 comp rx=0 tx=0).ready entity=mon.0 client_cookie=0 server_cookie=0 in_seq=0 out_seq=0
2024-03-28T02:14:40.287 INFO:teuthology.orchestra.run.smithi032.stdout:/usr/bin/ceph: stderr
2024-03-28T02:14:39.355+0000 7fb603400700 1 -- 172.21.15.32:0/3895046969 <== mon.0 v2:172.21.15.32:3300/0 1 ==== mon_map magic: 0 v1 ==== 205+0+0 (secure 0 0 0) 0x7fb5fc003dd0 con 0x7fb60c108830
2024-03-28T02:14:40.287 INFO:teuthology.orchestra.run.smithi032.stdout:/usr/bin/ceph: stderr
2024-03-28T02:14:39.356+0000 7fb603400700 1 -- 172.21.15.32:0/3895046969 <== mon.0 v2:172.21.15.32:3300/0 2 ==== config(29 keys) v1 ==== 1178+0+0 (secure 0 0 0) 0x7fb5fc003f70 con 0x7fb60c108830
2024-03-28T02:14:40.287 INFO:teuthology.orchestra.run.smithi032.stdout:/usr/bin/ceph: stderr
2024-03-28T02:14:39.356+0000 7fb603400700 1 -- 172.21.15.32:0/3895046969 <== mon.0 v2:172.21.15.32:3300/0 3 ==== mon_map magic: 0 v1 ==== 205+0+0 (secure 0 0 0) 0x7fb5fc024610 con 0x7fb60c108830
2024-03-28T02:14:40.287 INFO:teuthology.orchestra.run.smithi032.stdout:/usr/bin/ceph: stderr
2024-03-28T02:14:39.356+0000 7fb611400700 1 -- 172.21.15.32:0/3895046969 --> [v2:172.21.15.32:3300/0,v1:172.21.15.32:6789/0] -- mon_subscribe({mgrmap=0+}) v3 -- 0x7fb60c19e7e0 con 0x7fb60c108830
2024-03-28T02:14:40.289 INFO:teuthology.orchestra.run.smithi032.stdout:/usr/bin/ceph: stderr
2024-03-28T02:14:39.356+0000 7fb611400700 1 -- 172.21.15.32:0/3895046969 --> [v2:172.21.15.32:3300/0,v1:172.21.15.32:6789/0] -- mon_subscribe({osdmap=0}) v3 -- 0x7fb60c1a14d0 con 0x7fb60c108830
2024-03-28T02:14:40.289 INFO:teuthology.orchestra.run.smithi032.stdout:/usr/bin/ceph: stderr
2024-03-28T02:14:39.357+0000 7fb611400700 1 -- 172.21.15.32:0/3895046969 --> [v2:172.21.15.32:3300/0,v1:172.21.15.32:6789/0] -- mon_command({"prefix": "get_command_descriptions"} v 0) v1 -- 0x7fb60c0637c0 con 0x7fb60c108830
2024-03-28T02:14:40.289 INFO:teuthology.orchestra.run.smithi032.stdout:/usr/bin/ceph: stderr
2024-03-28T02:14:39.357+0000 7fb603400700 1 -- 172.21.15.32:0/3895046969 <== mon.0 v2:172.21.15.32:3300/0 4 ==== mgrmap(e 4) v1 ==== 46095+0+0 (secure 0 0 0) 0x7fb5fc01aa50 con 0x7fb60c108830
2024-03-28T02:14:40.289 INFO:teuthology.orchestra.run.smithi032.stdout:/usr/bin/ceph: stderr
2024-03-28T02:14:39.357+0000 7fb603400700 1 --2- 172.21.15.32:0/3895046969 >> [v2:172.21.15.32:6800/885957629,v1:172.21.15.32:6801/885957629] conn(0x7fb5f0038f20 0x7fb5f003b3e0 unknown :-1 s=NONE pgs=0 cs=0 l=1 rev1=0 crypto rx=0 tx=0 comp rx=0 tx=0).connect
2024-03-28T02:14:40.289 INFO:teuthology.orchestra.run.smithi032.stdout:/usr/bin/ceph: stderr
2024-03-28T02:14:39.358+0000 7fb603400700 1 -- 172.21.15.32:0/3895046969 <== mon.0 v2:172.21.15.32:3300/0 5 ==== osd_map(1..1 src has 1..1) v4 ==== 725+0+0 (secure 0 0 0) 0x7fb5fc04cee0 con 0x7fb60c108830
2024-03-28T02:14:40.289 INFO:teuthology.orchestra.run.smithi032.stdout:/usr/bin/ceph: stderr
2024-03-28T02:14:39.358+0000 7fb609e00700 1 --2- 172.21.15.32:0/3895046969 >> [v2:172.21.15.32:6800/885957629,v1:172.21.15.32:6801/885957629] conn(0x7fb5f0038f20 0x7fb5f003b3e0 unknown :-1 s=BANNER_CONNECTING pgs=0 cs=0 l=1 rev1=0 crypto rx=0 tx=0 comp rx=0 tx=0)._handle_peer_banner_payload supported=3 required=0
2024-03-28T02:14:40.289 INFO:teuthology.orchestra.run.smithi032.stdout:/usr/bin/ceph: stderr
2024-03-28T02:14:39.358+0000 7fb609e00700 1 --2- 172.21.15.32:0/3895046969 >> [v2:172.21.15.32:6800/885957629,v1:172.21.15.32:6801/885957629] conn(0x7fb5f0038f20 0x7fb5f003b3e0 secure :-1 s=READY pgs=8 cs=0 l=1 rev1=1 crypto rx=0x7fb5f8006fd0 tx=0x7fb5f8006e40 comp rx=0 tx=0).ready entity=mgr.14100 client_cookie=0 server_cookie=0 in_seq=0 out_seq=0
2024-03-28T02:14:40.289 INFO:teuthology.orchestra.run.smithi032.stdout:/usr/bin/ceph: stderr
2024-03-28T02:14:39.363+0000 7fb603400700 1 -- 172.21.15.32:0/3895046969 <== mon.0 v2:172.21.15.32:3300/0 6 ==== mon_command_ack([{"prefix": "get_command_descriptions"}]=0 v0) v1 ==== 72+0+186149 (secure 0 0 0) 0x7fb5fc04c900 con 0x7fb60c108830
2024-03-28T02:14:40.289 INFO:teuthology.orchestra.run.smithi032.stdout:/usr/bin/ceph: stderr
2024-03-28T02:14:39.650+0000 7fb611400700 1 -- 172.21.15.32:0/3895046969 --> [v2:172.21.15.32:3300/0,v1:172.21.15.32:6789/0] -- mon_command({"prefix": "mgr module enable", "module": "cephadm"} v 0) v1 -- 0x7fb60c1a16a0 con 0x7fb60c108830
2024-03-28T02:14:40.290 INFO:teuthology.orchestra.run.smithi032.stdout:/usr/bin/ceph: stderr
2024-03-28T02:14:39.704+0000 7fb603400700 1 -- 172.21.15.32:0/3895046969 <== mon.0 v2:172.21.15.32:3300/0 7 ==== mon_command_ack([{"prefix": "mgr module enable", "module": "cephadm"}]=0 v5) v1 ==== 86+0+0 (secure 0 0 0) 0x7fb60c1a16a0 con 0x7fb60c108830
2024-03-28T02:14:40.290 INFO:teuthology.orchestra.run.smithi032.stdout:/usr/bin/ceph: stderr
2024-03-28T02:14:39.709+0000 7fb603400700 1 -- 172.21.15.32:0/3895046969 <== mon.0 v2:172.21.15.32:3300/0 8 ==== mgrmap(e 5) v1 ==== 46106+0+0 (secure 0 0 0) 0x7fb5fc02d3f0 con 0x7fb60c108830
2024-03-28T02:14:40.290 INFO:teuthology.orchestra.run.smithi032.stdout:/usr/bin/ceph: stderr
2024-03-28T02:14:39.709+0000 7fb611400700 1 -- 172.21.15.32:0/3895046969 >> [v2:172.21.15.32:6800/885957629,v1:172.21.15.32:6801/885957629] conn(0x7fb5f0038f20 msgr2=0x7fb5f003b3e0 secure :-1 s=STATE_CONNECTION_ESTABLISHED l=1).mark_down
2024-03-28T02:14:40.290 INFO:teuthology.orchestra.run.smithi032.stdout:/usr/bin/ceph: stderr
2024-03-28T02:14:39.709+0000 7fb611400700 1 --2- 172.21.15.32:0/3895046969 >> [v2:172.21.15.32:6800/885957629,v1:172.21.15.32:6801/885957629] conn(0x7fb5f0038f20 0x7fb5f003b3e0 secure :-1 s=READY pgs=8 cs=0 l=1 rev1=1 crypto rx=0x7fb5f8006fd0 tx=0x7fb5f8006e40 comp rx=0 tx=0).stop
2024-03-28T02:14:40.290 INFO:teuthology.orchestra.run.smithi032.stdout:/usr/bin/ceph: stderr
2024-03-28T02:14:39.709+0000 7fb611400700 1 -- 172.21.15.32:0/3895046969 >> [v2:172.21.15.32:3300/0,v1:172.21.15.32:6789/0] conn(0x7fb60c108830 msgr2=0x7fb60c19e010 secure :-1 s=STATE_CONNECTION_ESTABLISHED l=1).mark_down
2024-03-28T02:14:40.290 INFO:teuthology.orchestra.run.smithi032.stdout:/usr/bin/ceph: stderr
