2024-03-28T05:10:11.285 INFO:teuthology.orchestra.run.smithi049.stdout:/usr/bin/ceph: stderr
2024-03-28T05:10:10.553+0000 7faed4a00700 1 -- 172.21.15.49:0/1140951551 <== mon.0 v2:172.21.15.49:3300/0 6 ==== mon_command_ack([{"prefix": "get_command_descriptions"}]=0 v0) v1 ==== 72+0+72508 (secure 0 0 0) 0x7faec0029060 con 0x7faed0105060
2024-03-28T05:10:11.285 INFO:teuthology.orchestra.run.smithi049.stdout:/usr/bin/ceph: stderr
2024-03-28T05:10:10.631+0000 7faecfe00700 1 -- 172.21.15.49:0/1140951551 --> [v2:172.21.15.49:3300/0,v1:172.21.15.49:6789/0] -- mon_command({"prefix": "status", "format": "json-pretty"} v 0) v1 -- 0x7faed0109580 con 0x7faed0105060
2024-03-28T05:10:11.285 INFO:teuthology.orchestra.run.smithi049.stdout:/usr/bin/ceph: stderr
2024-03-28T05:10:10.632+0000 7faed4a00700 1 -- 172.21.15.49:0/1140951551 <== mon.0 v2:172.21.15.49:3300/0 7 ==== mon_command_ack([{"prefix": "status", "format": "json-pretty"}]=0 v0) v1 ==== 79+0+1247 (secure 0 0 0) 0x7faec001f070 con 0x7faed0105060
2024-03-28T05:10:11.285 INFO:teuthology.orchestra.run.smithi049.stdout:/usr/bin/ceph: stderr
2024-03-28T05:10:10.634+0000 7faecfe00700 1 -- 172.21.15.49:0/1140951551 >> [v2:172.21.15.49:3300/0,v1:172.21.15.49:6789/0] conn(0x7faed0105060 msgr2=0x7faed019c180 secure :-1 s=STATE_CONNECTION_ESTABLISHED l=1).mark_down
2024-03-28T05:10:11.285 INFO:teuthology.orchestra.run.smithi049.stdout:/usr/bin/ceph: stderr
2024-03-28T05:10:10.634+0000 7faecfe00700 1 --2- 172.21.15.49:0/1140951551 >> [v2:172.21.15.49:3300/0,v1:172.21.15.49:6789/0] conn(0x7faed0105060 0x7faed019c180 secure :-1 s=READY pgs=10 cs=0 l=1 rev1=1 crypto rx=0x7faec0011710 tx=0x7faec00047c0 comp rx=0 tx=0).stop
2024-03-28T05:10:11.285 INFO:teuthology.orchestra.run.smithi049.stdout:/usr/bin/ceph: stderr
2024-03-28T05:10:10.634+0000 7faecfe00700 1 -- 172.21.15.49:0/1140951551 shutdown_connections
2024-03-28T05:10:11.285 INFO:teuthology.orchestra.run.smithi049.stdout:/usr/bin/ceph: stderr
2024-03-28T05:10:10.634+0000 7faecfe00700 1 --2- 172.21.15.49:0/1140951551 >> [v2:172.21.15.49:3300/0,v1:172.21.15.49:6789/0] conn(0x7faed0105060 0x7faed019c180 unknown :-1 s=CLOSED pgs=10 cs=0 l=1 rev1=1 crypto rx=0 tx=0 comp rx=0 tx=0).stop
2024-03-28T05:10:11.285 INFO:teuthology.orchestra.run.smithi049.stdout:/usr/bin/ceph: stderr
2024-03-28T05:10:10.634+0000 7faecfe00700 1 -- 172.21.15.49:0/1140951551 >> 172.21.15.49:0/1140951551 conn(0x7faed0100620 msgr2=0x7faed0101560 unknown :-1 s=STATE_NONE l=0).mark_down
2024-03-28T05:10:11.285 INFO:teuthology.orchestra.run.smithi049.stdout:/usr/bin/ceph: stderr
2024-03-28T05:10:10.635+0000 7faecfe00700 1 -- 172.21.15.49:0/1140951551 shutdown_connections
2024-03-28T05:10:11.286 INFO:teuthology.orchestra.run.smithi049.stdout:/usr/bin/ceph: stderr
2024-03-28T05:10:10.635+0000 7faecfe00700 1 -- 172.21.15.49:0/1140951551 wait complete.
2024-03-28T05:10:11.286 INFO:teuthology.orchestra.run.smithi049.stdout:mgr not available, waiting (3/15)...
2024-03-28T05:10:13.042 INFO:journalctl@ceph.mon.smithi049.smithi049.stdout:Mar 28 05:10:12 smithi049 ceph-mon[29036]: Activating manager daemon smithi049.lzkuyu
2024-03-28T05:10:13.042 INFO:journalctl@ceph.mon.smithi049.smithi049.stdout:Mar 28 05:10:12 smithi049 ceph-mon[29036]: mgrmap e2: smithi049.lzkuyu(active, starting, since 0.0111195s)
2024-03-28T05:10:13.042 INFO:journalctl@ceph.mon.smithi049.smithi049.stdout:Mar 28 05:10:12 smithi049 ceph-mon[29036]: from='mgr.14100 172.21.15.49:0/1156927616' entity='mgr.smithi049.lzkuyu' cmd=[{"prefix": "mds metadata"}]: dispatch
2024-03-28T05:10:13.042 INFO:journalctl@ceph.mon.smithi049.smithi049.stdout:Mar 28 05:10:12 smithi049 ceph-mon[29036]: from='mgr.14100 172.21.15.49:0/1156927616' entity='mgr.smithi049.lzkuyu' cmd=[{"prefix": "osd metadata"}]: dispatch
2024-03-28T05:10:13.043 INFO:journalctl@ceph.mon.smithi049.smithi049.stdout:Mar 28 05:10:12 smithi049 ceph-mon[29036]: from='mgr.14100 172.21.15.49:0/1156927616' entity='mgr.smithi049.lzkuyu' cmd=[{"prefix": "mon metadata"}]: dispatch
2024-03-28T05:10:13.043 INFO:journalctl@ceph.mon.smithi049.smithi049.stdout:Mar 28 05:10:12 smithi049 ceph-mon[29036]: from='mgr.14100 172.21.15.49:0/1156927616' entity='mgr.smithi049.lzkuyu' cmd=[{"prefix": "mon metadata", "id": "smithi049"}]: dispatch
2024-03-28T05:10:13.043 INFO:journalctl@ceph.mon.smithi049.smithi049.stdout:Mar 28 05:10:12 smithi049 ceph-mon[29036]: from='mgr.14100 172.21.15.49:0/1156927616' entity='mgr.smithi049.lzkuyu' cmd=[{"prefix": "mgr metadata", "who": "smithi049.lzkuyu", "id": "smithi049.lzkuyu"}]: dispatch
2024-03-28T05:10:13.043 INFO:journalctl@ceph.mon.smithi049.smithi049.stdout:Mar 28 05:10:12 smithi049 ceph-mon[29036]: Manager daemon smithi049.lzkuyu is now available
2024-03-28T05:10:13.043 INFO:journalctl@ceph.mon.smithi049.smithi049.stdout:Mar 28 05:10:12 smithi049 ceph-mon[29036]: from='mgr.14100 172.21.15.49:0/1156927616' entity='mgr.smithi049.lzkuyu' cmd=[{"prefix":"config rm","who":"mgr","name":"mgr/rbd_support/smithi049.lzkuyu/mirror_snapshot_schedule"}]: dispatch
2024-03-28T05:10:13.043 INFO:journalctl@ceph.mon.smithi049.smithi049.stdout:Mar 28 05:10:12 smithi049 ceph-mon[29036]: from='mgr.14100 172.21.15.49:0/1156927616' entity='mgr.smithi049.lzkuyu'
2024-03-28T05:10:13.043 INFO:journalctl@ceph.mon.smithi049.smithi049.stdout:Mar 28 05:10:12 smithi049 ceph-mon[29036]: from='mgr.14100 172.21.15.49:0/1156927616' entity='mgr.smithi049.lzkuyu' cmd=[{"prefix":"config rm","who":"mgr","name":"mgr/rbd_support/smithi049.lzkuyu/trash_purge_schedule"}]: dispatch
2024-03-28T05:10:13.043 INFO:journalctl@ceph.mon.smithi049.smithi049.stdout:Mar 28 05:10:12 smithi049 ceph-mon[29036]: from='mgr.14100 172.21.15.49:0/1156927616' entity='mgr.smithi049.lzkuyu'
2024-03-28T05:10:13.043 INFO:journalctl@ceph.mon.smithi049.smithi049.stdout:Mar 28 05:10:12 smithi049 ceph-mon[29036]: from='mgr.14100 172.21.15.49:0/1156927616' entity='mgr.smithi049.lzkuyu'
2024-03-28T05:10:14.538 INFO:journalctl@ceph.mon.smithi049.smithi049.stdout:Mar 28 05:10:14 smithi049 ceph-mon[29036]: mgrmap e3: smithi049.lzkuyu(active, since 1.02235s)
2024-03-28T05:10:14.539 INFO:journalctl@ceph.mon.smithi049.smithi049.stdout:Mar 28 05:10:14 smithi049 ceph-mon[29036]: from='client.? 172.21.15.49:0/371825092' entity='client.admin' cmd=[{"prefix": "status", "format": "json-pretty"}]: dispatch
2024-03-28T05:10:14.830 INFO:teuthology.orchestra.run.smithi049.stdout:/usr/bin/ceph: stdout
2024-03-28T05:10:14.830 INFO:teuthology.orchestra.run.smithi049.stdout:/usr/bin/ceph: stdout {
2024-03-28T05:10:14.830 INFO:teuthology.orchestra.run.smithi049.stdout:/usr/bin/ceph: stdout "fsid": "3bc6be28-ecc1-11ee-95d0-87774f69a715",
2024-03-28T05:10:14.830 INFO:teuthology.orchestra.run.smithi049.stdout:/usr/bin/ceph: stdout "health": {
2024-03-28T05:10:14.831 INFO:teuthology.orchestra.run.smithi049.stdout:/usr/bin/ceph: stdout "status": "HEALTH_OK",
2024-03-28T05:10:14.831 INFO:teuthology.orchestra.run.smithi049.stdout:/usr/bin/ceph: stdout "checks": {},
2024-03-28T05:10:14.831 INFO:teuthology.orchestra.run.smithi049.stdout:/usr/bin/ceph: stdout "mutes": []
2024-03-28T05:10:14.831 INFO:teuthology.orchestra.run.smithi049.stdout:/usr/bin/ceph: stdout },
2024-03-28T05:10:14.831 INFO:teuthology.orchestra.run.smithi049.stdout:/usr/bin/ceph: stdout "election_epoch": 5,
2024-03-28T05:10:14.831 INFO:teuthology.orchestra.run.smithi049.stdout:/usr/bin/ceph: stdout "quorum": [
2024-03-28T05:10:14.831 INFO:teuthology.orchestra.run.smithi049.stdout:/usr/bin/ceph: stdout 0
2024-03-28T05:10:14.831 INFO:teuthology.orchestra.run.smithi049.stdout:/usr/bin/ceph: stdout ],
2024-03-28T05:10:14.833 INFO:teuthology.orchestra.run.smithi049.stdout:/usr/bin/ceph: stdout "quorum_names": [
2024-03-28T05:10:14.833 INFO:teuthology.orchestra.run.smithi049.stdout:/usr/bin/ceph: stdout "smithi049"
2024-03-28T05:10:14.833 INFO:teuthology.orchestra.run.smithi049.stdout:/usr/bin/ceph: stdout ],
2024-03-28T05:10:14.833 INFO:teuthology.orchestra.run.smithi049.stdout:/usr/bin/ceph: stdout "quorum_age": 17,
2024-03-28T05:10:14.833 INFO:teuthology.orchestra.run.smithi049.stdout:/usr/bin/ceph: stdout "monmap": {
2024-03-28T05:10:14.833 INFO:teuthology.orchestra.run.smithi049.stdout:/usr/bin/ceph: stdout "epoch": 1,
2024-03-28T05:10:14.833 INFO:teuthology.orchestra.run.smithi049.stdout:/usr/bin/ceph: stdout "min_mon_release_name": "reef",
2024-03-28T05:10:14.834 INFO:teuthology.orchestra.run.smithi049.stdout:/usr/bin/ceph: stdout "num_mons": 1
2024-03-28T05:10:14.834 INFO:teuthology.orchestra.run.smithi049.stdout:/usr/bin/ceph: stdout },
2024-03-28T05:10:14.834 INFO:teuthology.orchestra.run.smithi049.stdout:/usr/bin/ceph: stdout "osdmap": {
2024-03-28T05:10:14.834 INFO:teuthology.orchestra.run.smithi049.stdout:/usr/bin/ceph: stdout "epoch": 1,
2024-03-28T05:10:14.834 INFO:teuthology.orchestra.run.smithi049.stdout:/usr/bin/ceph: stdout "num_osds": 0,
2024-03-28T05:10:14.834 INFO:teuthology.orchestra.run.smithi049.stdout:/usr/bin/ceph: stdout "num_up_osds": 0,
2024-03-28T05:10:14.834 INFO:teuthology.orchestra.run.smithi049.stdout:/usr/bin/ceph: stdout "osd_up_since": 0,
2024-03-28T05:10:14.845 INFO:teuthology.orchestra.run.smithi049.stdout:/usr/bin/ceph: stdout "num_in_osds": 0,
2024-03-28T05:10:14.845 INFO:teuthology.orchestra.run.smithi049.stdout:/usr/bin/ceph: stdout "osd_in_since": 0,
2024-03-28T05:10:14.845 INFO:teuthology.orchestra.run.smithi049.stdout:/usr/bin/ceph: stdout "num_remapped_pgs": 0
2024-03-28T05:10:14.846 INFO:teuthology.orchestra.run.smithi049.stdout:/usr/bin/ceph: stdout },
2024-03-28T05:10:14.846 INFO:teuthology.orchestra.run.smithi049.stdout:/usr/bin/ceph: stdout "pgmap": {
2024-03-28T05:10:14.846 INFO:teuthology.orchestra.run.smithi049.stdout:/usr/bin/ceph: stdout "pgs_by_state": [],
2024-03-28T05:10:14.846 INFO:teuthology.orchestra.run.smithi049.stdout:/usr/bin/ceph: stdout "num_pgs": 0,
2024-03-28T05:10:14.846 INFO:teuthology.orchestra.run.smithi049.stdout:/usr/bin/ceph: stdout "num_pools": 0,
2024-03-28T05:10:14.846 INFO:teuthology.orchestra.run.smithi049.stdout:/usr/bin/ceph: stdout "num_objects": 0,
2024-03-28T05:10:14.846 INFO:teuthology.orchestra.run.smithi049.stdout:/usr/bin/ceph: stdout "data_bytes": 0,
2024-03-28T05:10:14.846 INFO:teuthology.orchestra.run.smithi049.stdout:/usr/bin/ceph: stdout "bytes_used": 0,
2024-03-28T05:10:14.846 INFO:teuthology.orchestra.run.smithi049.stdout:/usr/bin/ceph: stdout "bytes_avail": 0,
2024-03-28T05:10:14.846 INFO:teuthology.orchestra.run.smithi049.stdout:/usr/bin/ceph: stdout "bytes_total": 0
2024-03-28T05:10:14.846 INFO:teuthology.orchestra.run.smithi049.stdout:/usr/bin/ceph: stdout },
2024-03-28T05:10:14.846 INFO:teuthology.orchestra.run.smithi049.stdout:/usr/bin/ceph: stdout "fsmap": {
2024-03-28T05:10:14.846 INFO:teuthology.orchestra.run.smithi049.stdout:/usr/bin/ceph: stdout "epoch": 1,
2024-03-28T05:10:14.846 INFO:teuthology.orchestra.run.smithi049.stdout:/usr/bin/ceph: stdout "by_rank": [],
2024-03-28T05:10:14.847 INFO:teuthology.orchestra.run.smithi049.stdout:/usr/bin/ceph: stdout "up:standby": 0
2024-03-28T05:10:14.847 INFO:teuthology.orchestra.run.smithi049.stdout:/usr/bin/ceph: stdout },
2024-03-28T05:10:14.847 INFO:teuthology.orchestra.run.smithi049.stdout:/usr/bin/ceph: stdout "mgrmap": {
2024-03-28T05:10:14.847 INFO:teuthology.orchestra.run.smithi049.stdout:/usr/bin/ceph: stdout "available": true,
2024-03-28T05:10:14.847 INFO:teuthology.orchestra.run.smithi049.stdout:/usr/bin/ceph: stdout "num_standbys": 0,
2024-03-28T05:10:14.847 INFO:teuthology.orchestra.run.smithi049.stdout:/usr/bin/ceph: stdout "modules": [
2024-03-28T05:10:14.847 INFO:teuthology.orchestra.run.smithi049.stdout:/usr/bin/ceph: stdout "iostat",
2024-03-28T05:10:14.847 INFO:teuthology.orchestra.run.smithi049.stdout:/usr/bin/ceph: stdout "nfs",
2024-03-28T05:10:14.847 INFO:teuthology.orchestra.run.smithi049.stdout:/usr/bin/ceph: stdout "restful"
2024-03-28T05:10:14.847 INFO:teuthology.orchestra.run.smithi049.stdout:/usr/bin/ceph: stdout ],
2024-03-28T05:10:14.847 INFO:teuthology.orchestra.run.smithi049.stdout:/usr/bin/ceph: stdout "services": {}
2024-03-28T05:10:14.847 INFO:teuthology.orchestra.run.smithi049.stdout:/usr/bin/ceph: stdout },
2024-03-28T05:10:14.847 INFO:teuthology.orchestra.run.smithi049.stdout:/usr/bin/ceph: stdout "servicemap": {
2024-03-28T05:10:14.847 INFO:teuthology.orchestra.run.smithi049.stdout:/usr/bin/ceph: stdout "epoch": 1,
2024-03-28T05:10:14.848 INFO:teuthology.orchestra.run.smithi049.stdout:/usr/bin/ceph: stdout "modified": "2024-03-28T05:09:45.656560+0000",
2024-03-28T05:10:14.848 INFO:teuthology.orchestra.run.smithi049.stdout:/usr/bin/ceph: stdout "services": {}
2024-03-28T05:10:14.848 INFO:teuthology.orchestra.run.smithi049.stdout:/usr/bin/ceph: stdout },
2024-03-28T05:10:14.848 INFO:teuthology.orchestra.run.smithi049.stdout:/usr/bin/ceph: stdout "progress_events": {}
2024-03-28T05:10:14.848 INFO:teuthology.orchestra.run.smithi049.stdout:/usr/bin/ceph: stdout }
2024-03-28T05:10:14.848 INFO:teuthology.orchestra.run.smithi049.stdout:/usr/bin/ceph: stderr
2024-03-28T05:10:13.875+0000 7fdb4dc00700 1 Processor -- start
2024-03-28T05:10:14.848 INFO:teuthology.orchestra.run.smithi049.stdout:/usr/bin/ceph: stderr
2024-03-28T05:10:13.876+0000 7fdb4dc00700 1 -- start start
2024-03-28T05:10:14.848 INFO:teuthology.orchestra.run.smithi049.stdout:/usr/bin/ceph: stderr
2024-03-28T05:10:13.876+0000 7fdb4dc00700 1 --2- >> [v2:172.21.15.49:3300/0,v1:172.21.15.49:6789/0] conn(0x7fdb48106e10 0x7fdb48109200 unknown :-1 s=NONE pgs=0 cs=0 l=0 rev1=0 crypto rx=0 tx=0 comp rx=0 tx=0).connect
2024-03-28T05:10:14.848 INFO:teuthology.orchestra.run.smithi049.stdout:/usr/bin/ceph: stderr
2024-03-28T05:10:13.876+0000 7fdb4dc00700 1 -- --> [v2:172.21.15.49:3300/0,v1:172.21.15.49:6789/0] -- mon_getmap magic: 0 v1 -- 0x7fdb48074520 con 0x7fdb48106e10
2024-03-28T05:10:14.848 INFO:teuthology.orchestra.run.smithi049.stdout:/usr/bin/ceph: stderr
2024-03-28T05:10:13.876+0000 7fdb46a00700 1 --2- >> [v2:172.21.15.49:3300/0,v1:172.21.15.49:6789/0] conn(0x7fdb48106e10 0x7fdb48109200 unknown :-1 s=BANNER_CONNECTING pgs=0 cs=0 l=0 rev1=0 crypto rx=0 tx=0 comp rx=0 tx=0)._handle_peer_banner_payload supported=3 required=0
2024-03-28T05:10:14.848 INFO:teuthology.orchestra.run.smithi049.stdout:/usr/bin/ceph: stderr
2024-03-28T05:10:13.877+0000 7fdb46a00700 1 --2- >> [v2:172.21.15.49:3300/0,v1:172.21.15.49:6789/0] conn(0x7fdb48106e10 0x7fdb48109200 unknown :-1 s=HELLO_CONNECTING pgs=0 cs=0 l=0 rev1=1 crypto rx=0 tx=0 comp rx=0 tx=0).handle_hello peer v2:172.21.15.49:3300/0 says I am v2:172.21.15.49:50390/0 (socket says 172.21.15.49:50390)
2024-03-28T05:10:14.848 INFO:teuthology.orchestra.run.smithi049.stdout:/usr/bin/ceph: stderr
2024-03-28T05:10:13.877+0000 7fdb46a00700 1 -- 172.21.15.49:0/2167854636 learned_addr learned my addr 172.21.15.49:0/2167854636 (peer_addr_for_me v2:172.21.15.49:0/0)
2024-03-28T05:10:14.848 INFO:teuthology.orchestra.run.smithi049.stdout:/usr/bin/ceph: stderr
2024-03-28T05:10:13.877+0000 7fdb46a00700 1 -- 172.21.15.49:0/2167854636 --> [v2:172.21.15.49:3300/0,v1:172.21.15.49:6789/0] -- mon_subscribe({config=0+,monmap=0+}) v3 -- 0x7fdb48109740 con 0x7fdb48106e10
2024-03-28T05:10:14.849 INFO:teuthology.orchestra.run.smithi049.stdout:/usr/bin/ceph: stderr
2024-03-28T05:10:13.877+0000 7fdb46a00700 1 --2- 172.21.15.49:0/2167854636 >> [v2:172.21.15.49:3300/0,v1:172.21.15.49:6789/0] conn(0x7fdb48106e10 0x7fdb48109200 secure :-1 s=READY pgs=18 cs=0 l=1 rev1=1 crypto rx=0x7fdb380098a0 tx=0x7fdb38009bb0 comp rx=0 tx=0).ready entity=mon.0 client_cookie=a5d4b752494eaafe server_cookie=0 in_seq=0 out_seq=0
2024-03-28T05:10:14.849 INFO:teuthology.orchestra.run.smithi049.stdout:/usr/bin/ceph: stderr
2024-03-28T05:10:13.878+0000 7fdb45600700 1 -- 172.21.15.49:0/2167854636 <== mon.0 v2:172.21.15.49:3300/0 1 ==== mon_map magic: 0 v1 ==== 229+0+0 (secure 0 0 0) 0x7fdb38004180 con 0x7fdb48106e10
2024-03-28T05:10:14.849 INFO:teuthology.orchestra.run.smithi049.stdout:/usr/bin/ceph: stderr
2024-03-28T05:10:13.878+0000 7fdb45600700 1 -- 172.21.15.49:0/2167854636 <== mon.0 v2:172.21.15.49:3300/0 2 ==== config(27 keys) v1 ==== 1042+0+0 (secure 0 0 0) 0x7fdb380042e0 con 0x7fdb48106e10
2024-03-28T05:10:14.849 INFO:teuthology.orchestra.run.smithi049.stdout:/usr/bin/ceph: stderr
2024-03-28T05:10:13.878+0000 7fdb45600700 1 -- 172.21.15.49:0/2167854636 <== mon.0 v2:172.21.15.49:3300/0 3 ==== mon_map magic: 0 v1 ==== 229+0+0 (secure 0 0 0) 0x7fdb38011a70 con 0x7fdb48106e10
2024-03-28T05:10:14.849 INFO:teuthology.orchestra.run.smithi049.stdout:/usr/bin/ceph: stderr
2024-03-28T05:10:13.878+0000 7fdb4dc00700 1 -- 172.21.15.49:0/2167854636 >> [v2:172.21.15.49:3300/0,v1:172.21.15.49:6789/0] conn(0x7fdb48106e10 msgr2=0x7fdb48109200 secure :-1 s=STATE_CONNECTION_ESTABLISHED l=1).mark_down
2024-03-28T05:10:14.849 INFO:teuthology.orchestra.run.smithi049.stdout:/usr/bin/ceph: stderr
2024-03-28T05:10:13.878+0000 7fdb4dc00700 1 --2- 172.21.15.49:0/2167854636 >> [v2:172.21.15.49:3300/0,v1:172.21.15.49:6789/0] conn(0x7fdb48106e10 0x7fdb48109200 secure :-1 s=READY pgs=18 cs=0 l=1 rev1=1 crypto rx=0x7fdb380098a0 tx=0x7fdb38009bb0 comp rx=0 tx=0).stop
2024-03-28T05:10:14.849 INFO:teuthology.orchestra.run.smithi049.stdout:/usr/bin/ceph: stderr
2024-03-28T05:10:13.878+0000 7fdb4dc00700 1 -- 172.21.15.49:0/2167854636 shutdown_connections
2024-03-28T05:10:14.849 INFO:teuthology.orchestra.run.smithi049.stdout:/usr/bin/ceph: stderr
2024-03-28T05:10:13.878+0000 7fdb4dc00700 1 --2- 172.21.15.49:0/2167854636 >> [v2:172.21.15.49:3300/0,v1:172.21.15.49:6789/0] conn(0x7fdb48106e10 0x7fdb48109200 unknown :-1 s=CLOSED pgs=18 cs=0 l=1 rev1=1 crypto rx=0 tx=0 comp rx=0 tx=0).stop
2024-03-28T05:10:14.849 INFO:teuthology.orchestra.run.smithi049.stdout:/usr/bin/ceph: stderr
2024-03-28T05:10:13.878+0000 7fdb4dc00700 1 -- 172.21.15.49:0/2167854636 >> 172.21.15.49:0/2167854636 conn(0x7fdb48100800 msgr2=0x7fdb48102c20 unknown :-1 s=STATE_NONE l=0).mark_down
2024-03-28T05:10:14.849 INFO:teuthology.orchestra.run.smithi049.stdout:/usr/bin/ceph: stderr
2024-03-28T05:10:13.878+0000 7fdb4dc00700 1 -- 172.21.15.49:0/2167854636 shutdown_connections
2024-03-28T05:10:14.849 INFO:teuthology.orchestra.run.smithi049.stdout:/usr/bin/ceph: stderr
2024-03-28T05:10:13.879+0000 7fdb4dc00700 1 -- 172.21.15.49:0/2167854636 wait complete.
2024-03-28T05:10:14.849 INFO:teuthology.orchestra.run.smithi049.stdout:/usr/bin/ceph: stderr
2024-03-28T05:10:13.879+0000 7fdb4dc00700 1 Processor -- start
2024-03-28T05:10:14.849 INFO:teuthology.orchestra.run.smithi049.stdout:/usr/bin/ceph: stderr
2024-03-28T05:10:13.880+0000 7fdb4dc00700 1 -- start start
2024-03-28T05:10:14.849 INFO:teuthology.orchestra.run.smithi049.stdout:/usr/bin/ceph: stderr
2024-03-28T05:10:13.880+0000 7fdb4dc00700 1 --2- >> [v2:172.21.15.49:3300/0,v1:172.21.15.49:6789/0] conn(0x7fdb48106e10 0x7fdb4819c290 unknown :-1 s=NONE pgs=0 cs=0 l=1 rev1=0 crypto rx=0 tx=0 comp rx=0 tx=0).connect
2024-03-28T05:10:14.850 INFO:teuthology.orchestra.run.smithi049.stdout:/usr/bin/ceph: stderr
2024-03-28T05:10:13.880+0000 7fdb4dc00700 1 -- --> [v2:172.21.15.49:3300/0,v1:172.21.15.49:6789/0] -- mon_getmap magic: 0 v1 -- 0x7fdb4819c7d0 con 0x7fdb48106e10
2024-03-28T05:10:14.850 INFO:teuthology.orchestra.run.smithi049.stdout:/usr/bin/ceph: stderr
2024-03-28T05:10:13.880+0000 7fdb46a00700 1 --2- >> [v2:172.21.15.49:3300/0,v1:172.21.15.49:6789/0] conn(0x7fdb48106e10 0x7fdb4819c290 unknown :-1 s=BANNER_CONNECTING pgs=0 cs=0 l=1 rev1=0 crypto rx=0 tx=0 comp rx=0 tx=0)._handle_peer_banner_payload supported=3 required=0
2024-03-28T05:10:14.850 INFO:teuthology.orchestra.run.smithi049.stdout:/usr/bin/ceph: stderr
2024-03-28T05:10:13.880+0000 7fdb46a00700 1 --2- >> [v2:172.21.15.49:3300/0,v1:172.21.15.49:6789/0] conn(0x7fdb48106e10 0x7fdb4819c290 unknown :-1 s=HELLO_CONNECTING pgs=0 cs=0 l=1 rev1=1 crypto rx=0 tx=0 comp rx=0 tx=0).handle_hello peer v2:172.21.15.49:3300/0 says I am v2:172.21.15.49:50404/0 (socket says 172.21.15.49:50404)
2024-03-28T05:10:14.850 INFO:teuthology.orchestra.run.smithi049.stdout:/usr/bin/ceph: stderr
2024-03-28T05:10:13.880+0000 7fdb46a00700 1 -- 172.21.15.49:0/371825092 learned_addr learned my addr 172.21.15.49:0/371825092 (peer_addr_for_me v2:172.21.15.49:0/0)
2024-03-28T05:10:14.850 INFO:teuthology.orchestra.run.smithi049.stdout:/usr/bin/ceph: stderr
2024-03-28T05:10:13.881+0000 7fdb46a00700 1 -- 172.21.15.49:0/371825092 --> [v2:172.21.15.49:3300/0,v1:172.21.15.49:6789/0] -- mon_subscribe({config=0+,monmap=0+}) v3 -- 0x7fdb38009550 con 0x7fdb48106e10
2024-03-28T05:10:14.850 INFO:teuthology.orchestra.run.smithi049.stdout:/usr/bin/ceph: stderr
2024-03-28T05:10:13.881+0000 7fdb46a00700 1 --2- 172.21.15.49:0/371825092 >> [v2:172.21.15.49:3300/0,v1:172.21.15.49:6789/0] conn(0x7fdb48106e10 0x7fdb4819c290 secure :-1 s=READY pgs=19 cs=0 l=1 rev1=1 crypto rx=0x7fdb38011710 tx=0x7fdb380047c0 comp rx=0 tx=0).ready entity=mon.0 client_cookie=0 server_cookie=0 in_seq=0 out_seq=0
2024-03-28T05:10:14.850 INFO:teuthology.orchestra.run.smithi049.stdout:/usr/bin/ceph: stderr
2024-03-28T05:10:13.881+0000 7fdb3f400700 1 -- 172.21.15.49:0/371825092 <== mon.0 v2:172.21.15.49:3300/0 1 ==== mon_map magic: 0 v1 ==== 229+0+0 (secure 0 0 0) 0x7fdb38003b10 con 0x7fdb48106e10
2024-03-28T05:10:14.850 INFO:teuthology.orchestra.run.smithi049.stdout:/usr/bin/ceph: stderr
2024-03-28T05:10:13.881+0000 7fdb3f400700 1 -- 172.21.15.49:0/371825092 <== mon.0 v2:172.21.15.49:3300/0 2 ==== config(27 keys) v1 ==== 1042+0+0 (secure 0 0 0) 0x7fdb3801b8c0 con 0x7fdb48106e10
2024-03-28T05:10:14.850 INFO:teuthology.orchestra.run.smithi049.stdout:/usr/bin/ceph: stderr
2024-03-28T05:10:13.881+0000 7fdb4dc00700 1 -- 172.21.15.49:0/371825092 --> [v2:172.21.15.49:3300/0,v1:172.21.15.49:6789/0] -- mon_subscribe({mgrmap=0+}) v3 -- 0x7fdb4819c9d0 con 0x7fdb48106e10
2024-03-28T05:10:14.850 INFO:teuthology.orchestra.run.smithi049.stdout:/usr/bin/ceph: stderr
2024-03-28T05:10:13.881+0000 7fdb3f400700 1 -- 172.21.15.49:0/371825092 <== mon.0 v2:172.21.15.49:3300/0 3 ==== mon_map magic: 0 v1 ==== 229+0+0 (secure 0 0 0) 0x7fdb380197e0 con 0x7fdb48106e10
2024-03-28T05:10:14.850 INFO:teuthology.orchestra.run.smithi049.stdout:/usr/bin/ceph: stderr
2024-03-28T05:10:13.882+0000 7fdb4dc00700 1 -- 172.21.15.49:0/371825092 --> [v2:172.21.15.49:3300/0,v1:172.21.15.49:6789/0] -- mon_subscribe({osdmap=0}) v3 -- 0x7fdb4819ce70 con 0x7fdb48106e10
2024-03-28T05:10:14.850 INFO:teuthology.orchestra.run.smithi049.stdout:/usr/bin/ceph: stderr
2024-03-28T05:10:13.883+0000 7fdb3f400700 1 -- 172.21.15.49:0/371825092 <== mon.0 v2:172.21.15.49:3300/0 4 ==== mgrmap(e 3) v1 ==== 45431+0+0 (secure 0 0 0) 0x7fdb3801ba30 con 0x7fdb48106e10
2024-03-28T05:10:14.850 INFO:teuthology.orchestra.run.smithi049.stdout:/usr/bin/ceph: stderr
2024-03-28T05:10:13.883+0000 7fdb4dc00700 1 -- 172.21.15.49:0/371825092 --> [v2:172.21.15.49:3300/0,v1:172.21.15.49:6789/0] -- mon_command({"prefix": "get_command_descriptions"} v 0) v1 -- 0x7fdb4810a460 con 0x7fdb48106e10
2024-03-28T05:10:14.851 INFO:teuthology.orchestra.run.smithi049.stdout:/usr/bin/ceph: stderr
2024-03-28T05:10:13.883+0000 7fdb3f400700 1 --2- 172.21.15.49:0/371825092 >> [v2:172.21.15.49:6800/1765395109,v1:172.21.15.49:6801/1765395109] conn(0x7fdb2c038600 0x7fdb2c03aac0 unknown :-1 s=NONE pgs=0 cs=0 l=1 rev1=0 crypto rx=0 tx=0 comp rx=0 tx=0).connect
2024-03-28T05:10:14.851 INFO:teuthology.orchestra.run.smithi049.stdout:/usr/bin/ceph: stderr
2024-03-28T05:10:13.883+0000 7fdb3f400700 1 -- 172.21.15.49:0/371825092 <== mon.0 v2:172.21.15.49:3300/0 5 ==== osd_map(1..1 src has 1..1) v4 ==== 725+0+0 (secure 0 0 0) 0x7fdb3804c6b0 con 0x7fdb48106e10
2024-03-28T05:10:14.851 INFO:teuthology.orchestra.run.smithi049.stdout:/usr/bin/ceph: stderr
2024-03-28T05:10:13.884+0000 7fdb46000700 1 --2- 172.21.15.49:0/371825092 >> [v2:172.21.15.49:6800/1765395109,v1:172.21.15.49:6801/1765395109] conn(0x7fdb2c038600 0x7fdb2c03aac0 unknown :-1 s=BANNER_CONNECTING pgs=0 cs=0 l=1 rev1=0 crypto rx=0 tx=0 comp rx=0 tx=0)._handle_peer_banner_payload supported=3 required=0
2024-03-28T05:10:14.851 INFO:teuthology.orchestra.run.smithi049.stdout:/usr/bin/ceph: stderr
2024-03-28T05:10:13.885+0000 7fdb46000700 1 --2- 172.21.15.49:0/371825092 >> [v2:172.21.15.49:6800/1765395109,v1:172.21.15.49:6801/1765395109] conn(0x7fdb2c038600 0x7fdb2c03aac0 secure :-1 s=READY pgs=6 cs=0 l=1 rev1=1 crypto rx=0x7fdb34006fd0 tx=0x7fdb34006e40 comp rx=0 tx=0).ready entity=mgr.14100 client_cookie=0 server_cookie=0 in_seq=0 out_seq=0
2024-03-28T05:10:14.851 INFO:teuthology.orchestra.run.smithi049.stdout:/usr/bin/ceph: stderr
2024-03-28T05:10:13.890+0000 7fdb3f400700 1 -- 172.21.15.49:0/371825092 <== mon.0 v2:172.21.15.49:3300/0 6 ==== mon_command_ack([{"prefix": "get_command_descriptions"}]=0 v0) v1 ==== 72+0+182738 (secure 0 0 0) 0x7fdb3801bce0 con 0x7fdb48106e10
2024-03-28T05:10:14.851 INFO:teuthology.orchestra.run.smithi049.stdout:/usr/bin/ceph: stderr
2024-03-28T05:10:14.203+0000 7fdb4dc00700 1 -- 172.21.15.49:0/371825092 --> [v2:172.21.15.49:3300/0,v1:172.21.15.49:6789/0] -- mon_command({"prefix": "status", "format": "json-pretty"} v 0) v1 -- 0x7fdb4810a6a0 con 0x7fdb48106e10
2024-03-28T05:10:14.851 INFO:teuthology.orchestra.run.smithi049.stdout:/usr/bin/ceph: stderr
2024-03-28T05:10:14.204+0000 7fdb3f400700 1 -- 172.21.15.49:0/371825092 <== mon.0 v2:172.21.15.49:3300/0 7 ==== mon_command_ack([{"prefix": "status", "format": "json-pretty"}]=0 v0) v1 ==== 79+0+1246 (secure 0 0 0) 0x7fdb3801f070 con 0x7fdb48106e10
2024-03-28T05:10:14.851 INFO:teuthology.orchestra.run.smithi049.stdout:/usr/bin/ceph: stderr
2024-03-28T05:10:14.206+0000 7fdb4dc00700 1 -- 172.21.15.49:0/371825092 >> [v2:172.21.15.49:6800/1765395109,v1:172.21.15.49:6801/1765395109] conn(0x7fdb2c038600 msgr2=0x7fdb2c03aac0 secure :-1 s=STATE_CONNECTION_ESTABLISHED l=1).mark_down
2024-03-28T05:10:14.851 INFO:teuthology.orchestra.run.smithi049.stdout:/usr/bin/ceph: stderr
2024-03-28T05:10:14.206+0000 7fdb4dc00700 1 --2- 172.21.15.49:0/371825092 >> [v2:172.21.15.49:6800/1765395109,v1:172.21.15.49:6801/1765395109] conn(0x7fdb2c038600 0x7fdb2c03aac0 secure :-1 s=READY pgs=6 cs=0 l=1 rev1=1 crypto rx=0x7fdb34006fd0 tx=0x7fdb34006e40 comp rx=0 tx=0).stop
2024-03-28T05:10:14.851 INFO:teuthology.orchestra.run.smithi049.stdout:/usr/bin/ceph: stderr
2024-03-28T05:10:14.206+0000 7fdb4dc00700 1 -- 172.21.15.49:0/371825092 >> [v2:172.21.15.49:3300/0,v1:172.21.15.49:6789/0] conn(0x7fdb48106e10 msgr2=0x7fdb4819c290 secure :-1 s=STATE_CONNECTION_ESTABLISHED l=1).mark_down
2024-03-28T05:10:14.851 INFO:teuthology.orchestra.run.smithi049.stdout:/usr/bin/ceph: stderr
2024-03-28T05:10:14.206+0000 7fdb4dc00700 1 --2- 172.21.15.49:0/371825092 >> [v2:172.21.15.49:3300/0,v1:172.21.15.49:6789/0] conn(0x7fdb48106e10 0x7fdb4819c290 secure :-1 s=READY pgs=19 cs=0 l=1 rev1=1 crypto rx=0x7fdb38011710 tx=0x7fdb380047c0 comp rx=0 tx=0).stop
2024-03-28T05:10:14.851 INFO:teuthology.orchestra.run.smithi049.stdout:/usr/bin/ceph: stderr
2024-03-28T05:10:14.207+0000 7fdb4dc00700 1 -- 172.21.15.49:0/371825092 shutdown_connections
2024-03-28T05:10:14.851 INFO:teuthology.orchestra.run.smithi049.stdout:/usr/bin/ceph: stderr
2024-03-28T05:10:14.207+0000 7fdb4dc00700 1 --2- 172.21.15.49:0/371825092 >> [v2:172.21.15.49:6800/1765395109,v1:172.21.15.49:6801/1765395109] conn(0x7fdb2c038600 0x7fdb2c03aac0 unknown :-1 s=CLOSED pgs=6 cs=0 l=1 rev1=1 crypto rx=0 tx=0 comp rx=0 tx=0).stop
2024-03-28T05:10:14.851 INFO:teuthology.orchestra.run.smithi049.stdout:/usr/bin/ceph: stderr
2024-03-28T05:10:14.207+0000 7fdb4dc00700 1 --2- 172.21.15.49:0/371825092 >> [v2:172.21.15.49:3300/0,v1:172.21.15.49:6789/0] conn(0x7fdb48106e10 0x7fdb4819c290 unknown :-1 s=CLOSED pgs=19 cs=0 l=1 rev1=1 crypto rx=0 tx=0 comp rx=0 tx=0).stop
2024-03-28T05:10:14.851 INFO:teuthology.orchestra.run.smithi049.stdout:/usr/bin/ceph: stderr
2024-03-28T05:10:14.207+0000 7fdb4dc00700 1 -- 172.21.15.49:0/371825092 >> 172.21.15.49:0/371825092 conn(0x7fdb48100800 msgr2=0x7fdb48101350 unknown :-1 s=STATE_NONE l=0).mark_down
2024-03-28T05:10:14.852 INFO:teuthology.orchestra.run.smithi049.stdout:/usr/bin/ceph: stderr
2024-03-28T05:10:14.207+0000 7fdb4dc00700 1 -- 172.21.15.49:0/371825092 shutdown_connections
2024-03-28T05:10:14.852 INFO:teuthology.orchestra.run.smithi049.stdout:/usr/bin/ceph: stderr
2024-03-28T05:10:14.207+0000 7fdb4dc00700 1 -- 172.21.15.49:0/371825092 wait complete.
2024-03-28T05:10:14.852 INFO:teuthology.orchestra.run.smithi049.stdout:mgr is available
2024-03-28T05:10:15.460 INFO:journalctl@ceph.mon.smithi049.smithi049.stdout:Mar 28 05:10:15 smithi049 ceph-mon[29036]: mgrmap e4: smithi049.lzkuyu(active, since 2s)
2024-03-28T05:10:16.397 INFO:journalctl@ceph.mon.smithi049.smithi049.stdout:Mar 28 05:10:16 smithi049 ceph-mon[29036]: from='client.? 172.21.15.49:0/344499237' entity='client.admin' cmd=[{"prefix": "config assimilate-conf"}]: dispatch
2024-03-28T05:10:16.418 INFO:teuthology.orchestra.run.smithi049.stdout:/usr/bin/ceph: stdout
2024-03-28T05:10:16.418 INFO:teuthology.orchestra.run.smithi049.stdout:/usr/bin/ceph: stdout [global]
2024-03-28T05:10:16.418 INFO:teuthology.orchestra.run.smithi049.stdout:/usr/bin/ceph: stdout fsid = 3bc6be28-ecc1-11ee-95d0-87774f69a715
2024-03-28T05:10:16.418 INFO:teuthology.orchestra.run.smithi049.stdout:/usr/bin/ceph: stdout mon_osd_allow_pg_remap = true
2024-03-28T05:10:16.418 INFO:teuthology.orchestra.run.smithi049.stdout:/usr/bin/ceph: stdout mon_osd_allow_primary_affinity = true
2024-03-28T05:10:16.419 INFO:teuthology.orchestra.run.smithi049.stdout:/usr/bin/ceph: stdout mon_warn_on_no_sortbitwise = false
2024-03-28T05:10:16.419 INFO:teuthology.orchestra.run.smithi049.stdout:/usr/bin/ceph: stdout osd_crush_chooseleaf_type = 0
2024-03-28T05:10:16.419 INFO:teuthology.orchestra.run.smithi049.stdout:/usr/bin/ceph: stdout
2024-03-28T05:10:16.419 INFO:teuthology.orchestra.run.smithi049.stdout:/usr/bin/ceph: stdout [mgr]
2024-03-28T05:10:16.419 INFO:teuthology.orchestra.run.smithi049.stdout:/usr/bin/ceph: stdout mgr/telemetry/nag = false
2024-03-28T05:10:16.419 INFO:teuthology.orchestra.run.smithi049.stdout:/usr/bin/ceph: stdout
2024-03-28T05:10:16.419 INFO:teuthology.orchestra.run.smithi049.stdout:/usr/bin/ceph: stdout [osd]
2024-03-28T05:10:16.419 INFO:teuthology.orchestra.run.smithi049.stdout:/usr/bin/ceph: stdout mon_osd_backfillfull_ratio = 0.85
2024-03-28T05:10:16.419 INFO:teuthology.orchestra.run.smithi049.stdout:/usr/bin/ceph: stdout mon_osd_full_ratio = 0.9
2024-03-28T05:10:16.419 INFO:teuthology.orchestra.run.smithi049.stdout:/usr/bin/ceph: stdout mon_osd_nearfull_ratio = 0.8
2024-03-28T05:10:16.419 INFO:teuthology.orchestra.run.smithi049.stdout:/usr/bin/ceph: stdout osd_map_max_advance = 10
2024-03-28T05:10:16.419 INFO:teuthology.orchestra.run.smithi049.stdout:/usr/bin/ceph: stdout osd_sloppy_crc = true
2024-03-28T05:10:16.419 INFO:teuthology.orchestra.run.smithi049.stdout:/usr/bin/ceph: stderr
2024-03-28T05:10:15.463+0000 7f6c16a00700 1 Processor -- start
2024-03-28T05:10:16.419 INFO:teuthology.orchestra.run.smithi049.stdout:/usr/bin/ceph: stderr
2024-03-28T05:10:15.464+0000 7f6c16a00700 1 -- start start
2024-03-28T05:10:16.420 INFO:teuthology.orchestra.run.smithi049.stdout:/usr/bin/ceph: stderr
2024-03-28T05:10:15.464+0000 7f6c16a00700 1 --2- >> [v2:172.21.15.49:3300/0,v1:172.21.15.49:6789/0] conn(0x7f6c1010dfd0 0x7f6c1010e3f0 unknown :-1 s=NONE pgs=0 cs=0 l=0 rev1=0 crypto rx=0 tx=0 comp rx=0 tx=0).connect
2024-03-28T05:10:16.420 INFO:teuthology.orchestra.run.smithi049.stdout:/usr/bin/ceph: stderr
2024-03-28T05:10:15.464+0000 7f6c16a00700 1 -- --> [v2:172.21.15.49:3300/0,v1:172.21.15.49:6789/0] -- mon_getmap magic: 0 v1 -- 0x7f6c1010ea00 con 0x7f6c1010dfd0
2024-03-28T05:10:16.420 INFO:teuthology.orchestra.run.smithi049.stdout:/usr/bin/ceph: stderr
2024-03-28T05:10:15.464+0000 7f6c0fe00700 1 --2- >> [v2:172.21.15.49:3300/0,v1:172.21.15.49:6789/0] conn(0x7f6c1010dfd0 0x7f6c1010e3f0 unknown :-1 s=BANNER_CONNECTING pgs=0 cs=0 l=0 rev1=0 crypto rx=0 tx=0 comp rx=0 tx=0)._handle_peer_banner_payload supported=3 required=0
2024-03-28T05:10:16.420 INFO:teuthology.orchestra.run.smithi049.stdout:/usr/bin/ceph: stderr
2024-03-28T05:10:15.465+0000 7f6c0fe00700 1 --2- >> [v2:172.21.15.49:3300/0,v1:172.21.15.49:6789/0] conn(0x7f6c1010dfd0 0x7f6c1010e3f0 unknown :-1 s=HELLO_CONNECTING pgs=0 cs=0 l=0 rev1=1 crypto rx=0 tx=0 comp rx=0 tx=0).handle_hello peer v2:172.21.15.49:3300/0 says I am v2:172.21.15.49:50414/0 (socket says 172.21.15.49:50414)
2024-03-28T05:10:16.420 INFO:teuthology.orchestra.run.smithi049.stdout:/usr/bin/ceph: stderr
2024-03-28T05:10:15.465+0000 7f6c0fe00700 1 -- 172.21.15.49:0/3579498823 learned_addr learned my addr 172.21.15.49:0/3579498823 (peer_addr_for_me v2:172.21.15.49:0/0)
2024-03-28T05:10:16.420 INFO:teuthology.orchestra.run.smithi049.stdout:/usr/bin/ceph: stderr
2024-03-28T05:10:15.465+0000 7f6c0fe00700 1 -- 172.21.15.49:0/3579498823 --> [v2:172.21.15.49:3300/0,v1:172.21.15.49:6789/0] -- mon_subscribe({config=0+,monmap=0+}) v3 -- 0x7f6c1010cc40 con 0x7f6c1010dfd0
2024-03-28T05:10:16.420 INFO:teuthology.orchestra.run.smithi049.stdout:/usr/bin/ceph: stderr
2024-03-28T05:10:15.465+0000 7f6c0fe00700 1 --2- 172.21.15.49:0/3579498823 >> [v2:172.21.15.49:3300/0,v1:172.21.15.49:6789/0] conn(0x7f6c1010dfd0 0x7f6c1010e3f0 secure :-1 s=READY pgs=20 cs=0 l=1 rev1=1 crypto rx=0x7f6c000098a0 tx=0x7f6c00009bb0 comp rx=0 tx=0).ready entity=mon.0 client_cookie=c5a0d179ebb15679 server_cookie=0 in_seq=0 out_seq=0
2024-03-28T05:10:16.420 INFO:teuthology.orchestra.run.smithi049.stdout:/usr/bin/ceph: stderr
2024-03-28T05:10:15.466+0000 7f6c0f400700 1 -- 172.21.15.49:0/3579498823 <== mon.0 v2:172.21.15.49:3300/0 1 ==== mon_map magic: 0 v1 ==== 229+0+0 (secure 0 0 0) 0x7f6c00004180 con 0x7f6c1010dfd0
2024-03-28T05:10:16.420 INFO:teuthology.orchestra.run.smithi049.stdout:/usr/bin/ceph: stderr
2024-03-28T05:10:15.466+0000 7f6c0f400700 1 -- 172.21.15.49:0/3579498823 <== mon.0 v2:172.21.15.49:3300/0 2 ==== config(27 keys) v1 ==== 1042+0+0 (secure 0 0 0) 0x7f6c000042e0 con 0x7f6c1010dfd0
2024-03-28T05:10:16.420 INFO:teuthology.orchestra.run.smithi049.stdout:/usr/bin/ceph: stderr
2024-03-28T05:10:15.466+0000 7f6c0f400700 1 -- 172.21.15.49:0/3579498823 <== mon.0 v2:172.21.15.49:3300/0 3 ==== mon_map magic: 0 v1 ==== 229+0+0 (secure 0 0 0) 0x7f6c00011a70 con 0x7f6c1010dfd0
2024-03-28T05:10:16.420 INFO:teuthology.orchestra.run.smithi049.stdout:/usr/bin/ceph: stderr
2024-03-28T05:10:15.467+0000 7f6c16a00700 1 -- 172.21.15.49:0/3579498823 >> [v2:172.21.15.49:3300/0,v1:172.21.15.49:6789/0] conn(0x7f6c1010dfd0 msgr2=0x7f6c1010e3f0 secure :-1 s=STATE_CONNECTION_ESTABLISHED l=1).mark_down
2024-03-28T05:10:16.420 INFO:teuthology.orchestra.run.smithi049.stdout:/usr/bin/ceph: stderr
2024-03-28T05:10:15.467+0000 7f6c16a00700 1 --2- 172.21.15.49:0/3579498823 >> [v2:172.21.15.49:3300/0,v1:172.21.15.49:6789/0] conn(0x7f6c1010dfd0 0x7f6c1010e3f0 secure :-1 s=READY pgs=20 cs=0 l=1 rev1=1 crypto rx=0x7f6c000098a0 tx=0x7f6c00009bb0 comp rx=0 tx=0).stop
2024-03-28T05:10:16.420 INFO:teuthology.orchestra.run.smithi049.stdout:/usr/bin/ceph: stderr
2024-03-28T05:10:15.467+0000 7f6c16a00700 1 -- 172.21.15.49:0/3579498823 shutdown_connections
2024-03-28T05:10:16.420 INFO:teuthology.orchestra.run.smithi049.stdout:/usr/bin/ceph: stderr
2024-03-28T05:10:15.467+0000 7f6c16a00700 1 --2- 172.21.15.49:0/3579498823 >> [v2:172.21.15.49:3300/0,v1:172.21.15.49:6789/0] conn(0x7f6c1010dfd0 0x7f6c1010e3f0 unknown :-1 s=CLOSED pgs=20 cs=0 l=1 rev1=1 crypto rx=0 tx=0 comp rx=0 tx=0).stop
2024-03-28T05:10:16.421 INFO:teuthology.orchestra.run.smithi049.stdout:/usr/bin/ceph: stderr
2024-03-28T05:10:15.467+0000 7f6c16a00700 1 -- 172.21.15.49:0/3579498823 >> 172.21.15.49:0/3579498823 conn(0x7f6c1007b920 msgr2=0x7f6c1007dd60 unknown :-1 s=STATE_NONE l=0).mark_down
2024-03-28T05:10:16.421 INFO:teuthology.orchestra.run.smithi049.stdout:/usr/bin/ceph: stderr
2024-03-28T05:10:15.467+0000 7f6c16a00700 1 -- 172.21.15.49:0/3579498823 shutdown_connections
2024-03-28T05:10:16.421 INFO:teuthology.orchestra.run.smithi049.stdout:/usr/bin/ceph: stderr
2024-03-28T05:10:15.467+0000 7f6c16a00700 1 -- 172.21.15.49:0/3579498823 wait complete.
2024-03-28T05:10:16.421 INFO:teuthology.orchestra.run.smithi049.stdout:/usr/bin/ceph: stderr
2024-03-28T05:10:15.468+0000 7f6c16a00700 1 Processor -- start
2024-03-28T05:10:16.421 INFO:teuthology.orchestra.run.smithi049.stdout:/usr/bin/ceph: stderr
2024-03-28T05:10:15.468+0000 7f6c16a00700 1 -- start start
2024-03-28T05:10:16.421 INFO:teuthology.orchestra.run.smithi049.stdout:/usr/bin/ceph: stderr
2024-03-28T05:10:15.468+0000 7f6c16a00700 1 --2- >> [v2:172.21.15.49:3300/0,v1:172.21.15.49:6789/0] conn(0x7f6c1010dfd0 0x7f6c101a06a0 unknown :-1 s=NONE pgs=0 cs=0 l=1 rev1=0 crypto rx=0 tx=0 comp rx=0 tx=0).connect
2024-03-28T05:10:16.421 INFO:teuthology.orchestra.run.smithi049.stdout:/usr/bin/ceph: stderr
2024-03-28T05:10:15.468+0000 7f6c16a00700 1 -- --> [v2:172.21.15.49:3300/0,v1:172.21.15.49:6789/0] -- mon_getmap magic: 0 v1 -- 0x7f6c101a0be0 con 0x7f6c1010dfd0
2024-03-28T05:10:16.421 INFO:teuthology.orchestra.run.smithi049.stdout:/usr/bin/ceph: stderr
2024-03-28T05:10:15.469+0000 7f6c0fe00700 1 --2- >> [v2:172.21.15.49:3300/0,v1:172.21.15.49:6789/0] conn(0x7f6c1010dfd0 0x7f6c101a06a0 unknown :-1 s=BANNER_CONNECTING pgs=0 cs=0 l=1 rev1=0 crypto rx=0 tx=0 comp rx=0 tx=0)._handle_peer_banner_payload supported=3 required=0
2024-03-28T05:10:16.421 INFO:teuthology.orchestra.run.smithi049.stdout:/usr/bin/ceph: stderr
2024-03-28T05:10:15.469+0000 7f6c0fe00700 1 --2- >> [v2:172.21.15.49:3300/0,v1:172.21.15.49:6789/0] conn(0x7f6c1010dfd0 0x7f6c101a06a0 unknown :-1 s=HELLO_CONNECTING pgs=0 cs=0 l=1 rev1=1 crypto rx=0 tx=0 comp rx=0 tx=0).handle_hello peer v2:172.21.15.49:3300/0 says I am v2:172.21.15.49:50430/0 (socket says 172.21.15.49:50430)
2024-03-28T05:10:16.421 INFO:teuthology.orchestra.run.smithi049.stdout:/usr/bin/ceph: stderr
2024-03-28T05:10:15.469+0000 7f6c0fe00700 1 -- 172.21.15.49:0/344499237 learned_addr learned my addr 172.21.15.49:0/344499237 (peer_addr_for_me v2:172.21.15.49:0/0)
2024-03-28T05:10:16.421 INFO:teuthology.orchestra.run.smithi049.stdout:/usr/bin/ceph: stderr
2024-03-28T05:10:15.469+0000 7f6c0fe00700 1 -- 172.21.15.49:0/344499237 --> [v2:172.21.15.49:3300/0,v1:172.21.15.49:6789/0] -- mon_subscribe({config=0+,monmap=0+}) v3 -- 0x7f6c00009550 con 0x7f6c1010dfd0
2024-03-28T05:10:16.421 INFO:teuthology.orchestra.run.smithi049.stdout:/usr/bin/ceph: stderr
2024-03-28T05:10:15.469+0000 7f6c0fe00700 1 --2- 172.21.15.49:0/344499237 >> [v2:172.21.15.49:3300/0,v1:172.21.15.49:6789/0] conn(0x7f6c1010dfd0 0x7f6c101a06a0 secure :-1 s=READY pgs=21 cs=0 l=1 rev1=1 crypto rx=0x7f6c00011710 tx=0x7f6c000047c0 comp rx=0 tx=0).ready entity=mon.0 client_cookie=0 server_cookie=0 in_seq=0 out_seq=0
2024-03-28T05:10:16.421 INFO:teuthology.orchestra.run.smithi049.stdout:/usr/bin/ceph: stderr
2024-03-28T05:10:15.470+0000 7f6c0d600700 1 -- 172.21.15.49:0/344499237 <== mon.0 v2:172.21.15.49:3300/0 1 ==== mon_map magic: 0 v1 ==== 229+0+0 (secure 0 0 0) 0x7f6c00003b10 con 0x7f6c1010dfd0
2024-03-28T05:10:16.421 INFO:teuthology.orchestra.run.smithi049.stdout:/usr/bin/ceph: stderr
2024-03-28T05:10:15.470+0000 7f6c0d600700 1 -- 172.21.15.49:0/344499237 <== mon.0 v2:172.21.15.49:3300/0 2 ==== config(27 keys) v1 ==== 1042+0+0 (secure 0 0 0) 0x7f6c0001b8c0 con 0x7f6c1010dfd0
2024-03-28T05:10:16.422 INFO:teuthology.orchestra.run.smithi049.stdout:/usr/bin/ceph: stderr
2024-03-28T05:10:15.470+0000 7f6c16a00700 1 -- 172.21.15.49:0/344499237 --> [v2:172.21.15.49:3300/0,v1:172.21.15.49:6789/0] -- mon_subscribe({mgrmap=0+}) v3 -- 0x7f6c101a0de0 con 0x7f6c1010dfd0
2024-03-28T05:10:16.422 INFO:teuthology.orchestra.run.smithi049.stdout:/usr/bin/ceph: stderr
2024-03-28T05:10:15.470+0000 7f6c0d600700 1 -- 172.21.15.49:0/344499237 <== mon.0 v2:172.21.15.49:3300/0 3 ==== mon_map magic: 0 v1 ==== 229+0+0 (secure 0 0 0) 0x7f6c000197e0 con 0x7f6c1010dfd0
2024-03-28T05:10:16.422 INFO:teuthology.orchestra.run.smithi049.stdout:/usr/bin/ceph: stderr
2024-03-28T05:10:15.470+0000 7f6c16a00700 1 -- 172.21.15.49:0/344499237 --> [v2:172.21.15.49:3300/0,v1:172.21.15.49:6789/0] -- mon_subscribe({osdmap=0}) v3 -- 0x7f6c101a1280 con 0x7f6c1010dfd0
2024-03-28T05:10:16.422 INFO:teuthology.orchestra.run.smithi049.stdout:/usr/bin/ceph: stderr
2024-03-28T05:10:15.471+0000 7f6c0d600700 1 -- 172.21.15.49:0/344499237 <== mon.0 v2:172.21.15.49:3300/0 4 ==== mgrmap(e 4) v1 ==== 45537+0+0 (secure 0 0 0) 0x7f6c0001ba30 con 0x7f6c1010dfd0
2024-03-28T05:10:16.422 INFO:teuthology.orchestra.run.smithi049.stdout:/usr/bin/ceph: stderr
2024-03-28T05:10:15.471+0000 7f6c16a00700 1 -- 172.21.15.49:0/344499237 --> [v2:172.21.15.49:3300/0,v1:172.21.15.49:6789/0] -- mon_command({"prefix": "get_command_descriptions"} v 0) v1 -- 0x7f6c10110e80 con 0x7f6c1010dfd0
2024-03-28T05:10:16.422 INFO:teuthology.orchestra.run.smithi049.stdout:/usr/bin/ceph: stderr
2024-03-28T05:10:15.471+0000 7f6c0d600700 1 --2- 172.21.15.49:0/344499237 >> [v2:172.21.15.49:6800/1765395109,v1:172.21.15.49:6801/1765395109] conn(0x7f6bf4038720 0x7f6bf403abe0 unknown :-1 s=NONE pgs=0 cs=0 l=1 rev1=0 crypto rx=0 tx=0 comp rx=0 tx=0).connect
2024-03-28T05:10:16.422 INFO:teuthology.orchestra.run.smithi049.stdout:/usr/bin/ceph: stderr
2024-03-28T05:10:15.472+0000 7f6c0d600700 1 -- 172.21.15.49:0/344499237 <== mon.0 v2:172.21.15.49:3300/0 5 ==== osd_map(1..1 src has 1..1) v4 ==== 725+0+0 (secure 0 0 0) 0x7f6c0004c860 con 0x7f6c1010dfd0
2024-03-28T05:10:16.422 INFO:teuthology.orchestra.run.smithi049.stdout:/usr/bin/ceph: stderr
2024-03-28T05:10:15.472+0000 7f6c07400700 1 --2- 172.21.15.49:0/344499237 >> [v2:172.21.15.49:6800/1765395109,v1:172.21.15.49:6801/1765395109] conn(0x7f6bf4038720 0x7f6bf403abe0 unknown :-1 s=BANNER_CONNECTING pgs=0 cs=0 l=1 rev1=0 crypto rx=0 tx=0 comp rx=0 tx=0)._handle_peer_banner_payload supported=3 required=0
2024-03-28T05:10:16.422 INFO:teuthology.orchestra.run.smithi049.stdout:/usr/bin/ceph: stderr
2024-03-28T05:10:15.473+0000 7f6c07400700 1 --2- 172.21.15.49:0/344499237 >> [v2:172.21.15.49:6800/1765395109,v1:172.21.15.49:6801/1765395109] conn(0x7f6bf4038720 0x7f6bf403abe0 secure :-1 s=READY pgs=7 cs=0 l=1 rev1=1 crypto rx=0x7f6bf800ad30 tx=0x7f6bf80093f0 comp rx=0 tx=0).ready entity=mgr.14100 client_cookie=0 server_cookie=0 in_seq=0 out_seq=0
2024-03-28T05:10:16.422 INFO:teuthology.orchestra.run.smithi049.stdout:/usr/bin/ceph: stderr
2024-03-28T05:10:15.477+0000 7f6c0d600700 1 -- 172.21.15.49:0/344499237 <== mon.0 v2:172.21.15.49:3300/0 6 ==== mon_command_ack([{"prefix": "get_command_descriptions"}]=0 v0) v1 ==== 72+0+182738 (secure 0 0 0) 0x7f6c0001bce0 con 0x7f6c1010dfd0
2024-03-28T05:10:16.422 INFO:teuthology.orchestra.run.smithi049.stdout:/usr/bin/ceph: stderr
2024-03-28T05:10:15.701+0000 7f6c16a00700 1 -- 172.21.15.49:0/344499237 --> [v2:172.21.15.49:3300/0,v1:172.21.15.49:6789/0] -- mon_command({"prefix": "config assimilate-conf"} v 0) v1 -- 0x7f6c101a3b70 con 0x7f6c1010dfd0
2024-03-28T05:10:16.422 INFO:teuthology.orchestra.run.smithi049.stdout:/usr/bin/ceph: stderr
2024-03-28T05:10:15.703+0000 7f6c0d600700 1 -- 172.21.15.49:0/344499237 <== mon.0 v2:172.21.15.49:3300/0 7 ==== mon_command_ack([{"prefix": "config assimilate-conf"}]=0 v3) v1 ==== 70+0+373 (secure 0 0 0) 0x7f6c0001f030 con 0x7f6c1010dfd0
2024-03-28T05:10:16.422 INFO:teuthology.orchestra.run.smithi049.stdout:/usr/bin/ceph: stderr
2024-03-28T05:10:15.706+0000 7f6c16a00700 1 -- 172.21.15.49:0/344499237 >> [v2:172.21.15.49:6800/1765395109,v1:172.21.15.49:6801/1765395109] conn(0x7f6bf4038720 msgr2=0x7f6bf403abe0 secure :-1 s=STATE_CONNECTION_ESTABLISHED l=1).mark_down
2024-03-28T05:10:16.422 INFO:teuthology.orchestra.run.smithi049.stdout:/usr/bin/ceph: stderr
2024-03-28T05:10:15.706+0000 7f6c16a00700 1 --2- 172.21.15.49:0/344499237 >> [v2:172.21.15.49:6800/1765395109,v1:172.21.15.49:6801/1765395109] conn(0x7f6bf4038720 0x7f6bf403abe0 secure :-1 s=READY pgs=7 cs=0 l=1 rev1=1 crypto rx=0x7f6bf800ad30 tx=0x7f6bf80093f0 comp rx=0 tx=0).stop
2024-03-28T05:10:16.423 INFO:teuthology.orchestra.run.smithi049.stdout:/usr/bin/ceph: stderr
2024-03-28T05:10:15.706+0000 7f6c16a00700 1 -- 172.21.15.49:0/344499237 >> [v2:172.21.15.49:3300/0,v1:172.21.15.49:6789/0] conn(0x7f6c1010dfd0 msgr2=0x7f6c101a06a0 secure :-1 s=STATE_CONNECTION_ESTABLISHED l=1).mark_down
2024-03-28T05:10:16.423 INFO:teuthology.orchestra.run.smithi049.stdout:/usr/bin/ceph: stderr
2024-03-28T05:10:15.706+0000 7f6c16a00700 1 --2- 172.21.15.49:0/344499237 >> [v2:172.21.15.49:3300/0,v1:172.21.15.49:6789/0] conn(0x7f6c1010dfd0 0x7f6c101a06a0 secure :-1 s=READY pgs=21 cs=0 l=1 rev1=1 crypto rx=0x7f6c00011710 tx=0x7f6c000047c0 comp rx=0 tx=0).stop
2024-03-28T05:10:16.423 INFO:teuthology.orchestra.run.smithi049.stdout:/usr/bin/ceph: stderr
2024-03-28T05:10:15.706+0000 7f6c16a00700 1 -- 172.21.15.49:0/344499237 shutdown_connections
2024-03-28T05:10:16.423 INFO:teuthology.orchestra.run.smithi049.stdout:/usr/bin/ceph: stderr
2024-03-28T05:10:15.706+0000 7f6c16a00700 1 --2- 172.21.15.49:0/344499237 >> [v2:172.21.15.49:6800/1765395109,v1:172.21.15.49:6801/1765395109] conn(0x7f6bf4038720 0x7f6bf403abe0 unknown :-1 s=CLOSED pgs=7 cs=0 l=1 rev1=1 crypto rx=0 tx=0 comp rx=0 tx=0).stop
2024-03-28T05:10:16.423 INFO:teuthology.orchestra.run.smithi049.stdout:/usr/bin/ceph: stderr
2024-03-28T05:10:15.706+0000 7f6c16a00700 1 --2- 172.21.15.49:0/344499237 >> [v2:172.21.15.49:3300/0,v1:172.21.15.49:6789/0] conn(0x7f6c1010dfd0 0x7f6c101a06a0 unknown :-1 s=CLOSED pgs=21 cs=0 l=1 rev1=1 crypto rx=0 tx=0 comp rx=0 tx=0).stop
2024-03-28T05:10:16.423 INFO:teuthology.orchestra.run.smithi049.stdout:/usr/bin/ceph: stderr
2024-03-28T05:10:15.706+0000 7f6c16a00700 1 -- 172.21.15.49:0/344499237 >> 172.21.15.49:0/344499237 conn(0x7f6c1007b920 msgr2=0x7f6c1007c440 unknown :-1 s=STATE_NONE l=0).mark_down
2024-03-28T05:10:16.423 INFO:teuthology.orchestra.run.smithi049.stdout:/usr/bin/ceph: stderr
2024-03-28T05:10:15.706+0000 7f6c16a00700 1 -- 172.21.15.49:0/344499237 shutdown_connections
2024-03-28T05:10:16.423 INFO:teuthology.orchestra.run.smithi049.stdout:/usr/bin/ceph: stderr
2024-03-28T05:10:15.706+0000 7f6c16a00700 1 -- 172.21.15.49:0/344499237 wait complete.
2024-03-28T05:10:16.423 INFO:teuthology.orchestra.run.smithi049.stdout:Enabling cephadm module...
2024-03-28T05:10:17.941 INFO:journalctl@ceph.mon.smithi049.smithi049.stdout:Mar 28 05:10:17 smithi049 ceph-mon[29036]: from='client.? 172.21.15.49:0/1519206847' entity='client.admin' cmd=[{"prefix": "mgr module enable", "module": "cephadm"}]: dispatch
2024-03-28T05:10:18.258 INFO:teuthology.orchestra.run.smithi049.stdout:/usr/bin/ceph: stderr
2024-03-28T05:10:16.999+0000 7f92e2400700 1 Processor -- start
2024-03-28T05:10:18.258 INFO:teuthology.orchestra.run.smithi049.stdout:/usr/bin/ceph: stderr
2024-03-28T05:10:17.000+0000 7f92e2400700 1 -- start start
2024-03-28T05:10:18.258 INFO:teuthology.orchestra.run.smithi049.stdout:/usr/bin/ceph: stderr
2024-03-28T05:10:17.000+0000 7f92e2400700 1 --2- >> [v2:172.21.15.49:3300/0,v1:172.21.15.49:6789/0] conn(0x7f92dc104a60 0x7f92dc104e80 unknown :-1 s=NONE pgs=0 cs=0 l=0 rev1=0 crypto rx=0 tx=0 comp rx=0 tx=0).connect
2024-03-28T05:10:18.258 INFO:teuthology.orchestra.run.smithi049.stdout:/usr/bin/ceph: stderr
2024-03-28T05:10:17.000+0000 7f92e2400700 1 -- --> [v2:172.21.15.49:3300/0,v1:172.21.15.49:6789/0] -- mon_getmap magic: 0 v1 -- 0x7f92dc0744e0 con 0x7f92dc104a60
2024-03-28T05:10:18.258 INFO:teuthology.orchestra.run.smithi049.stdout:/usr/bin/ceph: stderr
2024-03-28T05:10:17.000+0000 7f92e1000700 1 --2- >> [v2:172.21.15.49:3300/0,v1:172.21.15.49:6789/0] conn(0x7f92dc104a60 0x7f92dc104e80 unknown :-1 s=BANNER_CONNECTING pgs=0 cs=0 l=0 rev1=0 crypto rx=0 tx=0 comp rx=0 tx=0)._handle_peer_banner_payload supported=3 required=0
2024-03-28T05:10:18.258 INFO:teuthology.orchestra.run.smithi049.stdout:/usr/bin/ceph: stderr
2024-03-28T05:10:17.000+0000 7f92e1000700 1 --2- >> [v2:172.21.15.49:3300/0,v1:172.21.15.49:6789/0] conn(0x7f92dc104a60 0x7f92dc104e80 unknown :-1 s=HELLO_CONNECTING pgs=0 cs=0 l=0 rev1=1 crypto rx=0 tx=0 comp rx=0 tx=0).handle_hello peer v2:172.21.15.49:3300/0 says I am v2:172.21.15.49:50444/0 (socket says 172.21.15.49:50444)
2024-03-28T05:10:18.258 INFO:teuthology.orchestra.run.smithi049.stdout:/usr/bin/ceph: stderr
2024-03-28T05:10:17.000+0000 7f92e1000700 1 -- 172.21.15.49:0/3197385467 learned_addr learned my addr 172.21.15.49:0/3197385467 (peer_addr_for_me v2:172.21.15.49:0/0)
2024-03-28T05:10:18.258 INFO:teuthology.orchestra.run.smithi049.stdout:/usr/bin/ceph: stderr
2024-03-28T05:10:17.001+0000 7f92e1000700 1 -- 172.21.15.49:0/3197385467 --> [v2:172.21.15.49:3300/0,v1:172.21.15.49:6789/0] -- mon_subscribe({config=0+,monmap=0+}) v3 -- 0x7f92dc074620 con 0x7f92dc104a60
2024-03-28T05:10:18.258 INFO:teuthology.orchestra.run.smithi049.stdout:/usr/bin/ceph: stderr
2024-03-28T05:10:17.001+0000 7f92e1000700 1 --2- 172.21.15.49:0/3197385467 >> [v2:172.21.15.49:3300/0,v1:172.21.15.49:6789/0] conn(0x7f92dc104a60 0x7f92dc104e80 secure :-1 s=READY pgs=22 cs=0 l=1 rev1=1 crypto rx=0x7f92cc0098a0 tx=0x7f92cc009bb0 comp rx=0 tx=0).ready entity=mon.0 client_cookie=af2af2b21c9dfe52 server_cookie=0 in_seq=0 out_seq=0
2024-03-28T05:10:18.259 INFO:teuthology.orchestra.run.smithi049.stdout:/usr/bin/ceph: stderr
2024-03-28T05:10:17.002+0000 7f92dbe00700 1 -- 172.21.15.49:0/3197385467 <== mon.0 v2:172.21.15.49:3300/0 1 ==== mon_map magic: 0 v1 ==== 229+0+0 (secure 0 0 0) 0x7f92cc004180 con 0x7f92dc104a60
2024-03-28T05:10:18.259 INFO:teuthology.orchestra.run.smithi049.stdout:/usr/bin/ceph: stderr
2024-03-28T05:10:17.002+0000 7f92dbe00700 1 -- 172.21.15.49:0/3197385467 <== mon.0 v2:172.21.15.49:3300/0 2 ==== config(27 keys) v1 ==== 1042+0+0 (secure 0 0 0) 0x7f92cc0042e0 con 0x7f92dc104a60
2024-03-28T05:10:18.259 INFO:teuthology.orchestra.run.smithi049.stdout:/usr/bin/ceph: stderr
