2024-03-28T05:10:47.581+0000 7f66b3600700 1 -- 172.21.15.49:0/750522063 --> [v2:172.21.15.49:3300/0,v1:172.21.15.49:6789/0] -- mon_subscribe({mgrmap=0+}) v3 -- 0x7f66ac19ca40 con 0x7f66ac106340
2024-03-28T05:10:48.519 INFO:teuthology.orchestra.run.smithi049.stdout:/usr/bin/ceph: stderr
2024-03-28T05:10:47.581+0000 7f66b3600700 1 -- 172.21.15.49:0/750522063 --> [v2:172.21.15.49:3300/0,v1:172.21.15.49:6789/0] -- mon_subscribe({osdmap=0}) v3 -- 0x7f66ac19cee0 con 0x7f66ac106340
2024-03-28T05:10:48.519 INFO:teuthology.orchestra.run.smithi049.stdout:/usr/bin/ceph: stderr
2024-03-28T05:10:47.582+0000 7f66a9600700 1 -- 172.21.15.49:0/750522063 <== mon.0 v2:172.21.15.49:3300/0 4 ==== mgrmap(e 8) v1 ==== 45548+0+0 (secure 0 0 0) 0x7f66a001ab80 con 0x7f66ac106340
2024-03-28T05:10:48.519 INFO:teuthology.orchestra.run.smithi049.stdout:/usr/bin/ceph: stderr
2024-03-28T05:10:47.583+0000 7f66b3600700 1 -- 172.21.15.49:0/750522063 --> [v2:172.21.15.49:3300/0,v1:172.21.15.49:6789/0] -- mon_command({"prefix": "get_command_descriptions"} v 0) v1 -- 0x7f66ac10a770 con 0x7f66ac106340
2024-03-28T05:10:48.520 INFO:teuthology.orchestra.run.smithi049.stdout:/usr/bin/ceph: stderr
2024-03-28T05:10:47.583+0000 7f66a9600700 1 --2- 172.21.15.49:0/750522063 >> [v2:172.21.15.49:6800/2144324004,v1:172.21.15.49:6801/2144324004] conn(0x7f6694038770 0x7f669403ac30 unknown :-1 s=NONE pgs=0 cs=0 l=1 rev1=0 crypto rx=0 tx=0 comp rx=0 tx=0).connect
2024-03-28T05:10:48.520 INFO:teuthology.orchestra.run.smithi049.stdout:/usr/bin/ceph: stderr
2024-03-28T05:10:47.583+0000 7f66a9600700 1 -- 172.21.15.49:0/750522063 <== mon.0 v2:172.21.15.49:3300/0 5 ==== osd_map(2..2 src has 1..2) v4 ==== 940+0+0 (secure 0 0 0) 0x7f66a004c870 con 0x7f66ac106340
2024-03-28T05:10:48.520 INFO:teuthology.orchestra.run.smithi049.stdout:/usr/bin/ceph: stderr
2024-03-28T05:10:47.583+0000 7f66abe00700 1 --2- 172.21.15.49:0/750522063 >> [v2:172.21.15.49:6800/2144324004,v1:172.21.15.49:6801/2144324004] conn(0x7f6694038770 0x7f669403ac30 unknown :-1 s=BANNER_CONNECTING pgs=0 cs=0 l=1 rev1=0 crypto rx=0 tx=0 comp rx=0 tx=0)._handle_peer_banner_payload supported=3 required=0
2024-03-28T05:10:48.520 INFO:teuthology.orchestra.run.smithi049.stdout:/usr/bin/ceph: stderr
2024-03-28T05:10:47.584+0000 7f66abe00700 1 --2- 172.21.15.49:0/750522063 >> [v2:172.21.15.49:6800/2144324004,v1:172.21.15.49:6801/2144324004] conn(0x7f6694038770 0x7f669403ac30 secure :-1 s=READY pgs=15 cs=0 l=1 rev1=1 crypto rx=0x7f6698006fd0 tx=0x7f6698006e40 comp rx=0 tx=0).ready entity=mgr.14120 client_cookie=0 server_cookie=0 in_seq=0 out_seq=0
2024-03-28T05:10:48.520 INFO:teuthology.orchestra.run.smithi049.stdout:/usr/bin/ceph: stderr
2024-03-28T05:10:47.589+0000 7f66a9600700 1 -- 172.21.15.49:0/750522063 <== mon.0 v2:172.21.15.49:3300/0 6 ==== mon_command_ack([{"prefix": "get_command_descriptions"}]=0 v0) v1 ==== 72+0+182738 (secure 0 0 0) 0x7f66a001a430 con 0x7f66ac106340
2024-03-28T05:10:48.521 INFO:teuthology.orchestra.run.smithi049.stdout:/usr/bin/ceph: stderr
2024-03-28T05:10:47.828+0000 7f66b3600700 1 -- 172.21.15.49:0/750522063 --> [v2:172.21.15.49:6800/2144324004,v1:172.21.15.49:6801/2144324004] -- mgr_command(tid 0: {"prefix": "orch apply", "service_type": "ceph-exporter", "target": ["mon-mgr", ""]}) v1 -- 0x7f66ac19f770 con 0x7f6694038770
2024-03-28T05:10:48.521 INFO:teuthology.orchestra.run.smithi049.stdout:/usr/bin/ceph: stderr
2024-03-28T05:10:47.836+0000 7f66a9600700 1 -- 172.21.15.49:0/750522063 <== mgr.14120 v2:172.21.15.49:6800/2144324004 1 ==== mgr_command_reply(tid 0: 0 ) v1 ==== 8+0+34 (secure 0 0 0) 0x7f66ac19f770 con 0x7f6694038770
2024-03-28T05:10:48.521 INFO:teuthology.orchestra.run.smithi049.stdout:/usr/bin/ceph: stderr
2024-03-28T05:10:47.839+0000 7f66b3600700 1 -- 172.21.15.49:0/750522063 >> [v2:172.21.15.49:6800/2144324004,v1:172.21.15.49:6801/2144324004] conn(0x7f6694038770 msgr2=0x7f669403ac30 secure :-1 s=STATE_CONNECTION_ESTABLISHED l=1).mark_down
2024-03-28T05:10:48.522 INFO:teuthology.orchestra.run.smithi049.stdout:/usr/bin/ceph: stderr
2024-03-28T05:10:47.839+0000 7f66b3600700 1 --2- 172.21.15.49:0/750522063 >> [v2:172.21.15.49:6800/2144324004,v1:172.21.15.49:6801/2144324004] conn(0x7f6694038770 0x7f669403ac30 secure :-1 s=READY pgs=15 cs=0 l=1 rev1=1 crypto rx=0x7f6698006fd0 tx=0x7f6698006e40 comp rx=0 tx=0).stop
2024-03-28T05:10:48.522 INFO:teuthology.orchestra.run.smithi049.stdout:/usr/bin/ceph: stderr
2024-03-28T05:10:47.839+0000 7f66b3600700 1 -- 172.21.15.49:0/750522063 >> [v2:172.21.15.49:3300/0,v1:172.21.15.49:6789/0] conn(0x7f66ac106340 msgr2=0x7f66ac19c300 secure :-1 s=STATE_CONNECTION_ESTABLISHED l=1).mark_down
2024-03-28T05:10:48.522 INFO:teuthology.orchestra.run.smithi049.stdout:/usr/bin/ceph: stderr
2024-03-28T05:10:47.839+0000 7f66b3600700 1 --2- 172.21.15.49:0/750522063 >> [v2:172.21.15.49:3300/0,v1:172.21.15.49:6789/0] conn(0x7f66ac106340 0x7f66ac19c300 secure :-1 s=READY pgs=54 cs=0 l=1 rev1=1 crypto rx=0x7f66a00117b0 tx=0x7f66a0011890 comp rx=0 tx=0).stop
2024-03-28T05:10:48.522 INFO:teuthology.orchestra.run.smithi049.stdout:/usr/bin/ceph: stderr
2024-03-28T05:10:47.839+0000 7f66b3600700 1 -- 172.21.15.49:0/750522063 shutdown_connections
2024-03-28T05:10:48.522 INFO:teuthology.orchestra.run.smithi049.stdout:/usr/bin/ceph: stderr
2024-03-28T05:10:47.839+0000 7f66b3600700 1 --2- 172.21.15.49:0/750522063 >> [v2:172.21.15.49:6800/2144324004,v1:172.21.15.49:6801/2144324004] conn(0x7f6694038770 0x7f669403ac30 unknown :-1 s=CLOSED pgs=15 cs=0 l=1 rev1=1 crypto rx=0 tx=0 comp rx=0 tx=0).stop
2024-03-28T05:10:48.522 INFO:teuthology.orchestra.run.smithi049.stdout:/usr/bin/ceph: stderr
2024-03-28T05:10:47.839+0000 7f66b3600700 1 --2- 172.21.15.49:0/750522063 >> [v2:172.21.15.49:3300/0,v1:172.21.15.49:6789/0] conn(0x7f66ac106340 0x7f66ac19c300 unknown :-1 s=CLOSED pgs=54 cs=0 l=1 rev1=1 crypto rx=0 tx=0 comp rx=0 tx=0).stop
2024-03-28T05:10:48.522 INFO:teuthology.orchestra.run.smithi049.stdout:/usr/bin/ceph: stderr
2024-03-28T05:10:47.839+0000 7f66b3600700 1 -- 172.21.15.49:0/750522063 >> 172.21.15.49:0/750522063 conn(0x7f66ac1018e0 msgr2=0x7f66ac102460 unknown :-1 s=STATE_NONE l=0).mark_down
2024-03-28T05:10:48.522 INFO:teuthology.orchestra.run.smithi049.stdout:/usr/bin/ceph: stderr
2024-03-28T05:10:47.840+0000 7f66b3600700 1 -- 172.21.15.49:0/750522063 shutdown_connections
2024-03-28T05:10:48.522 INFO:teuthology.orchestra.run.smithi049.stdout:/usr/bin/ceph: stderr
2024-03-28T05:10:47.840+0000 7f66b3600700 1 -- 172.21.15.49:0/750522063 wait complete.
2024-03-28T05:10:48.522 INFO:teuthology.orchestra.run.smithi049.stdout:Deploying prometheus service with default placement...
2024-03-28T05:10:49.949 INFO:journalctl@ceph.mon.smithi049.smithi049.stdout:Mar 28 05:10:49 smithi049 ceph-mon[29036]: from='client.14148 -' entity='client.admin' cmd=[{"prefix": "orch apply", "service_type": "ceph-exporter", "target": ["mon-mgr", ""]}]: dispatch
2024-03-28T05:10:49.949 INFO:journalctl@ceph.mon.smithi049.smithi049.stdout:Mar 28 05:10:49 smithi049 ceph-mon[29036]: Saving service ceph-exporter spec with placement *
2024-03-28T05:10:49.950 INFO:journalctl@ceph.mon.smithi049.smithi049.stdout:Mar 28 05:10:49 smithi049 ceph-mon[29036]: from='mgr.14120 172.21.15.49:0/1563483268' entity='mgr.smithi049.lzkuyu'
2024-03-28T05:10:49.950 INFO:journalctl@ceph.mon.smithi049.smithi049.stdout:Mar 28 05:10:49 smithi049 ceph-mon[29036]: from='mgr.14120 172.21.15.49:0/1563483268' entity='mgr.smithi049.lzkuyu'
2024-03-28T05:10:50.674 INFO:teuthology.orchestra.run.smithi049.stdout:/usr/bin/ceph: stdout Scheduled prometheus update...
2024-03-28T05:10:50.675 INFO:teuthology.orchestra.run.smithi049.stdout:/usr/bin/ceph: stderr
2024-03-28T05:10:49.126+0000 7fd368600700 1 Processor -- start
2024-03-28T05:10:50.675 INFO:teuthology.orchestra.run.smithi049.stdout:/usr/bin/ceph: stderr
2024-03-28T05:10:49.126+0000 7fd368600700 1 -- start start
2024-03-28T05:10:50.675 INFO:teuthology.orchestra.run.smithi049.stdout:/usr/bin/ceph: stderr
2024-03-28T05:10:49.126+0000 7fd368600700 1 --2- >> [v2:172.21.15.49:3300/0,v1:172.21.15.49:6789/0] conn(0x7fd360106e30 0x7fd360109220 unknown :-1 s=NONE pgs=0 cs=0 l=0 rev1=0 crypto rx=0 tx=0 comp rx=0 tx=0).connect
2024-03-28T05:10:50.675 INFO:teuthology.orchestra.run.smithi049.stdout:/usr/bin/ceph: stderr
2024-03-28T05:10:49.126+0000 7fd368600700 1 -- --> [v2:172.21.15.49:3300/0,v1:172.21.15.49:6789/0] -- mon_getmap magic: 0 v1 -- 0x7fd360079da0 con 0x7fd360106e30
2024-03-28T05:10:50.675 INFO:teuthology.orchestra.run.smithi049.stdout:/usr/bin/ceph: stderr
2024-03-28T05:10:49.127+0000 7fd365c00700 1 --2- >> [v2:172.21.15.49:3300/0,v1:172.21.15.49:6789/0] conn(0x7fd360106e30 0x7fd360109220 unknown :-1 s=BANNER_CONNECTING pgs=0 cs=0 l=0 rev1=0 crypto rx=0 tx=0 comp rx=0 tx=0)._handle_peer_banner_payload supported=3 required=0
2024-03-28T05:10:50.675 INFO:teuthology.orchestra.run.smithi049.stdout:/usr/bin/ceph: stderr
2024-03-28T05:10:49.127+0000 7fd365c00700 1 --2- >> [v2:172.21.15.49:3300/0,v1:172.21.15.49:6789/0] conn(0x7fd360106e30 0x7fd360109220 unknown :-1 s=HELLO_CONNECTING pgs=0 cs=0 l=0 rev1=1 crypto rx=0 tx=0 comp rx=0 tx=0).handle_hello peer v2:172.21.15.49:3300/0 says I am v2:172.21.15.49:59444/0 (socket says 172.21.15.49:59444)
2024-03-28T05:10:50.675 INFO:teuthology.orchestra.run.smithi049.stdout:/usr/bin/ceph: stderr
2024-03-28T05:10:49.127+0000 7fd365c00700 1 -- 172.21.15.49:0/41615444 learned_addr learned my addr 172.21.15.49:0/41615444 (peer_addr_for_me v2:172.21.15.49:0/0)
2024-03-28T05:10:50.676 INFO:teuthology.orchestra.run.smithi049.stdout:/usr/bin/ceph: stderr
2024-03-28T05:10:49.127+0000 7fd365c00700 1 -- 172.21.15.49:0/41615444 --> [v2:172.21.15.49:3300/0,v1:172.21.15.49:6789/0] -- mon_subscribe({config=0+,monmap=0+}) v3 -- 0x7fd360109760 con 0x7fd360106e30
2024-03-28T05:10:50.676 INFO:teuthology.orchestra.run.smithi049.stdout:/usr/bin/ceph: stderr
2024-03-28T05:10:49.128+0000 7fd365c00700 1 --2- 172.21.15.49:0/41615444 >> [v2:172.21.15.49:3300/0,v1:172.21.15.49:6789/0] conn(0x7fd360106e30 0x7fd360109220 secure :-1 s=READY pgs=55 cs=0 l=1 rev1=1 crypto rx=0x7fd3540098a0 tx=0x7fd354009bb0 comp rx=0 tx=0).ready entity=mon.0 client_cookie=9e2811743886170 server_cookie=0 in_seq=0 out_seq=0
2024-03-28T05:10:50.676 INFO:teuthology.orchestra.run.smithi049.stdout:/usr/bin/ceph: stderr
2024-03-28T05:10:49.128+0000 7fd35fe00700 1 -- 172.21.15.49:0/41615444 <== mon.0 v2:172.21.15.49:3300/0 1 ==== mon_map magic: 0 v1 ==== 229+0+0 (secure 0 0 0) 0x7fd354004180 con 0x7fd360106e30
2024-03-28T05:10:50.676 INFO:teuthology.orchestra.run.smithi049.stdout:/usr/bin/ceph: stderr
2024-03-28T05:10:49.128+0000 7fd35fe00700 1 -- 172.21.15.49:0/41615444 <== mon.0 v2:172.21.15.49:3300/0 2 ==== config(27 keys) v1 ==== 1109+0+0 (secure 0 0 0) 0x7fd3540042e0 con 0x7fd360106e30
2024-03-28T05:10:50.676 INFO:teuthology.orchestra.run.smithi049.stdout:/usr/bin/ceph: stderr
2024-03-28T05:10:49.128+0000 7fd35fe00700 1 -- 172.21.15.49:0/41615444 <== mon.0 v2:172.21.15.49:3300/0 3 ==== mon_map magic: 0 v1 ==== 229+0+0 (secure 0 0 0) 0x7fd354011b10 con 0x7fd360106e30
2024-03-28T05:10:50.676 INFO:teuthology.orchestra.run.smithi049.stdout:/usr/bin/ceph: stderr
2024-03-28T05:10:49.129+0000 7fd368600700 1 -- 172.21.15.49:0/41615444 >> [v2:172.21.15.49:3300/0,v1:172.21.15.49:6789/0] conn(0x7fd360106e30 msgr2=0x7fd360109220 secure :-1 s=STATE_CONNECTION_ESTABLISHED l=1).mark_down
2024-03-28T05:10:50.676 INFO:teuthology.orchestra.run.smithi049.stdout:/usr/bin/ceph: stderr
2024-03-28T05:10:49.129+0000 7fd368600700 1 --2- 172.21.15.49:0/41615444 >> [v2:172.21.15.49:3300/0,v1:172.21.15.49:6789/0] conn(0x7fd360106e30 0x7fd360109220 secure :-1 s=READY pgs=55 cs=0 l=1 rev1=1 crypto rx=0x7fd3540098a0 tx=0x7fd354009bb0 comp rx=0 tx=0).stop
2024-03-28T05:10:50.676 INFO:teuthology.orchestra.run.smithi049.stdout:/usr/bin/ceph: stderr
2024-03-28T05:10:49.129+0000 7fd368600700 1 -- 172.21.15.49:0/41615444 shutdown_connections
2024-03-28T05:10:50.676 INFO:teuthology.orchestra.run.smithi049.stdout:/usr/bin/ceph: stderr
2024-03-28T05:10:49.129+0000 7fd368600700 1 --2- 172.21.15.49:0/41615444 >> [v2:172.21.15.49:3300/0,v1:172.21.15.49:6789/0] conn(0x7fd360106e30 0x7fd360109220 unknown :-1 s=CLOSED pgs=55 cs=0 l=1 rev1=1 crypto rx=0 tx=0 comp rx=0 tx=0).stop
2024-03-28T05:10:50.677 INFO:teuthology.orchestra.run.smithi049.stdout:/usr/bin/ceph: stderr
2024-03-28T05:10:49.129+0000 7fd368600700 1 -- 172.21.15.49:0/41615444 >> 172.21.15.49:0/41615444 conn(0x7fd360100820 msgr2=0x7fd360102c40 unknown :-1 s=STATE_NONE l=0).mark_down
2024-03-28T05:10:50.677 INFO:teuthology.orchestra.run.smithi049.stdout:/usr/bin/ceph: stderr
2024-03-28T05:10:49.129+0000 7fd368600700 1 -- 172.21.15.49:0/41615444 shutdown_connections
2024-03-28T05:10:50.677 INFO:teuthology.orchestra.run.smithi049.stdout:/usr/bin/ceph: stderr
2024-03-28T05:10:49.129+0000 7fd368600700 1 -- 172.21.15.49:0/41615444 wait complete.
2024-03-28T05:10:50.677 INFO:teuthology.orchestra.run.smithi049.stdout:/usr/bin/ceph: stderr
2024-03-28T05:10:49.130+0000 7fd368600700 1 Processor -- start
2024-03-28T05:10:50.677 INFO:teuthology.orchestra.run.smithi049.stdout:/usr/bin/ceph: stderr
2024-03-28T05:10:49.131+0000 7fd368600700 1 -- start start
2024-03-28T05:10:50.677 INFO:teuthology.orchestra.run.smithi049.stdout:/usr/bin/ceph: stderr
2024-03-28T05:10:49.131+0000 7fd368600700 1 --2- >> [v2:172.21.15.49:3300/0,v1:172.21.15.49:6789/0] conn(0x7fd360106e30 0x7fd36019c300 unknown :-1 s=NONE pgs=0 cs=0 l=1 rev1=0 crypto rx=0 tx=0 comp rx=0 tx=0).connect
2024-03-28T05:10:50.677 INFO:teuthology.orchestra.run.smithi049.stdout:/usr/bin/ceph: stderr
2024-03-28T05:10:49.131+0000 7fd368600700 1 -- --> [v2:172.21.15.49:3300/0,v1:172.21.15.49:6789/0] -- mon_getmap magic: 0 v1 -- 0x7fd36019c840 con 0x7fd360106e30
2024-03-28T05:10:50.677 INFO:teuthology.orchestra.run.smithi049.stdout:/usr/bin/ceph: stderr
2024-03-28T05:10:49.131+0000 7fd365c00700 1 --2- >> [v2:172.21.15.49:3300/0,v1:172.21.15.49:6789/0] conn(0x7fd360106e30 0x7fd36019c300 unknown :-1 s=BANNER_CONNECTING pgs=0 cs=0 l=1 rev1=0 crypto rx=0 tx=0 comp rx=0 tx=0)._handle_peer_banner_payload supported=3 required=0
2024-03-28T05:10:50.677 INFO:teuthology.orchestra.run.smithi049.stdout:/usr/bin/ceph: stderr
2024-03-28T05:10:49.131+0000 7fd365c00700 1 --2- >> [v2:172.21.15.49:3300/0,v1:172.21.15.49:6789/0] conn(0x7fd360106e30 0x7fd36019c300 unknown :-1 s=HELLO_CONNECTING pgs=0 cs=0 l=1 rev1=1 crypto rx=0 tx=0 comp rx=0 tx=0).handle_hello peer v2:172.21.15.49:3300/0 says I am v2:172.21.15.49:59446/0 (socket says 172.21.15.49:59446)
2024-03-28T05:10:50.677 INFO:teuthology.orchestra.run.smithi049.stdout:/usr/bin/ceph: stderr
2024-03-28T05:10:49.131+0000 7fd365c00700 1 -- 172.21.15.49:0/989342977 learned_addr learned my addr 172.21.15.49:0/989342977 (peer_addr_for_me v2:172.21.15.49:0/0)
2024-03-28T05:10:50.678 INFO:teuthology.orchestra.run.smithi049.stdout:/usr/bin/ceph: stderr
2024-03-28T05:10:49.132+0000 7fd365c00700 1 -- 172.21.15.49:0/989342977 --> [v2:172.21.15.49:3300/0,v1:172.21.15.49:6789/0] -- mon_subscribe({config=0+,monmap=0+}) v3 -- 0x7fd354009550 con 0x7fd360106e30
2024-03-28T05:10:50.678 INFO:teuthology.orchestra.run.smithi049.stdout:/usr/bin/ceph: stderr
2024-03-28T05:10:49.132+0000 7fd365c00700 1 --2- 172.21.15.49:0/989342977 >> [v2:172.21.15.49:3300/0,v1:172.21.15.49:6789/0] conn(0x7fd360106e30 0x7fd36019c300 secure :-1 s=READY pgs=56 cs=0 l=1 rev1=1 crypto rx=0x7fd354009fb0 tx=0x7fd354011890 comp rx=0 tx=0).ready entity=mon.0 client_cookie=0 server_cookie=0 in_seq=0 out_seq=0
2024-03-28T05:10:50.678 INFO:teuthology.orchestra.run.smithi049.stdout:/usr/bin/ceph: stderr
2024-03-28T05:10:49.132+0000 7fd35e000700 1 -- 172.21.15.49:0/989342977 <== mon.0 v2:172.21.15.49:3300/0 1 ==== mon_map magic: 0 v1 ==== 229+0+0 (secure 0 0 0) 0x7fd3540038b0 con 0x7fd360106e30
2024-03-28T05:10:50.678 INFO:teuthology.orchestra.run.smithi049.stdout:/usr/bin/ceph: stderr
2024-03-28T05:10:49.132+0000 7fd35e000700 1 -- 172.21.15.49:0/989342977 <== mon.0 v2:172.21.15.49:3300/0 2 ==== config(27 keys) v1 ==== 1109+0+0 (secure 0 0 0) 0x7fd354003a10 con 0x7fd360106e30
2024-03-28T05:10:50.678 INFO:teuthology.orchestra.run.smithi049.stdout:/usr/bin/ceph: stderr
2024-03-28T05:10:49.132+0000 7fd35e000700 1 -- 172.21.15.49:0/989342977 <== mon.0 v2:172.21.15.49:3300/0 3 ==== mon_map magic: 0 v1 ==== 229+0+0 (secure 0 0 0) 0x7fd354019750 con 0x7fd360106e30
2024-03-28T05:10:50.678 INFO:teuthology.orchestra.run.smithi049.stdout:/usr/bin/ceph: stderr
2024-03-28T05:10:49.132+0000 7fd368600700 1 -- 172.21.15.49:0/989342977 --> [v2:172.21.15.49:3300/0,v1:172.21.15.49:6789/0] -- mon_subscribe({mgrmap=0+}) v3 -- 0x7fd36019ca40 con 0x7fd360106e30
2024-03-28T05:10:50.679 INFO:teuthology.orchestra.run.smithi049.stdout:/usr/bin/ceph: stderr
2024-03-28T05:10:49.132+0000 7fd368600700 1 -- 172.21.15.49:0/989342977 --> [v2:172.21.15.49:3300/0,v1:172.21.15.49:6789/0] -- mon_subscribe({osdmap=0}) v3 -- 0x7fd36019cee0 con 0x7fd360106e30
2024-03-28T05:10:50.679 INFO:teuthology.orchestra.run.smithi049.stdout:/usr/bin/ceph: stderr
2024-03-28T05:10:49.134+0000 7fd35e000700 1 -- 172.21.15.49:0/989342977 <== mon.0 v2:172.21.15.49:3300/0 4 ==== mgrmap(e 8) v1 ==== 45548+0+0 (secure 0 0 0) 0x7fd35401a430 con 0x7fd360106e30
2024-03-28T05:10:50.679 INFO:teuthology.orchestra.run.smithi049.stdout:/usr/bin/ceph: stderr
2024-03-28T05:10:49.134+0000 7fd368600700 1 -- 172.21.15.49:0/989342977 --> [v2:172.21.15.49:3300/0,v1:172.21.15.49:6789/0] -- mon_command({"prefix": "get_command_descriptions"} v 0) v1 -- 0x7fd36010a4a0 con 0x7fd360106e30
2024-03-28T05:10:50.679 INFO:teuthology.orchestra.run.smithi049.stdout:/usr/bin/ceph: stderr
2024-03-28T05:10:49.134+0000 7fd35e000700 1 --2- 172.21.15.49:0/989342977 >> [v2:172.21.15.49:6800/2144324004,v1:172.21.15.49:6801/2144324004] conn(0x7fd348038730 0x7fd34803abf0 unknown :-1 s=NONE pgs=0 cs=0 l=1 rev1=0 crypto rx=0 tx=0 comp rx=0 tx=0).connect
2024-03-28T05:10:50.679 INFO:teuthology.orchestra.run.smithi049.stdout:/usr/bin/ceph: stderr
2024-03-28T05:10:49.134+0000 7fd35e000700 1 -- 172.21.15.49:0/989342977 <== mon.0 v2:172.21.15.49:3300/0 5 ==== osd_map(2..2 src has 1..2) v4 ==== 940+0+0 (secure 0 0 0) 0x7fd35404c840 con 0x7fd360106e30
2024-03-28T05:10:50.679 INFO:teuthology.orchestra.run.smithi049.stdout:/usr/bin/ceph: stderr
2024-03-28T05:10:49.134+0000 7fd365200700 1 --2- 172.21.15.49:0/989342977 >> [v2:172.21.15.49:6800/2144324004,v1:172.21.15.49:6801/2144324004] conn(0x7fd348038730 0x7fd34803abf0 unknown :-1 s=BANNER_CONNECTING pgs=0 cs=0 l=1 rev1=0 crypto rx=0 tx=0 comp rx=0 tx=0)._handle_peer_banner_payload supported=3 required=0
2024-03-28T05:10:50.679 INFO:teuthology.orchestra.run.smithi049.stdout:/usr/bin/ceph: stderr
2024-03-28T05:10:49.135+0000 7fd365200700 1 --2- 172.21.15.49:0/989342977 >> [v2:172.21.15.49:6800/2144324004,v1:172.21.15.49:6801/2144324004] conn(0x7fd348038730 0x7fd34803abf0 secure :-1 s=READY pgs=16 cs=0 l=1 rev1=1 crypto rx=0x7fd34c006fd0 tx=0x7fd34c006e40 comp rx=0 tx=0).ready entity=mgr.14120 client_cookie=0 server_cookie=0 in_seq=0 out_seq=0
2024-03-28T05:10:50.679 INFO:teuthology.orchestra.run.smithi049.stdout:/usr/bin/ceph: stderr
2024-03-28T05:10:49.139+0000 7fd35e000700 1 -- 172.21.15.49:0/989342977 <== mon.0 v2:172.21.15.49:3300/0 6 ==== mon_command_ack([{"prefix": "get_command_descriptions"}]=0 v0) v1 ==== 72+0+182738 (secure 0 0 0) 0x7fd354022310 con 0x7fd360106e30
2024-03-28T05:10:50.679 INFO:teuthology.orchestra.run.smithi049.stdout:/usr/bin/ceph: stderr
2024-03-28T05:10:49.400+0000 7fd368600700 1 -- 172.21.15.49:0/989342977 --> [v2:172.21.15.49:6800/2144324004,v1:172.21.15.49:6801/2144324004] -- mgr_command(tid 0: {"prefix": "orch apply", "service_type": "prometheus", "target": ["mon-mgr", ""]}) v1 -- 0x7fd3601019f0 con 0x7fd348038730
2024-03-28T05:10:50.679 INFO:teuthology.orchestra.run.smithi049.stdout:/usr/bin/ceph: stderr
2024-03-28T05:10:49.409+0000 7fd35e000700 1 -- 172.21.15.49:0/989342977 <== mgr.14120 v2:172.21.15.49:6800/2144324004 1 ==== mgr_command_reply(tid 0: 0 ) v1 ==== 8+0+31 (secure 0 0 0) 0x7fd3601019f0 con 0x7fd348038730
2024-03-28T05:10:50.680 INFO:teuthology.orchestra.run.smithi049.stdout:/usr/bin/ceph: stderr
2024-03-28T05:10:49.411+0000 7fd368600700 1 -- 172.21.15.49:0/989342977 >> [v2:172.21.15.49:6800/2144324004,v1:172.21.15.49:6801/2144324004] conn(0x7fd348038730 msgr2=0x7fd34803abf0 secure :-1 s=STATE_CONNECTION_ESTABLISHED l=1).mark_down
2024-03-28T05:10:50.680 INFO:teuthology.orchestra.run.smithi049.stdout:/usr/bin/ceph: stderr
2024-03-28T05:10:49.411+0000 7fd368600700 1 --2- 172.21.15.49:0/989342977 >> [v2:172.21.15.49:6800/2144324004,v1:172.21.15.49:6801/2144324004] conn(0x7fd348038730 0x7fd34803abf0 secure :-1 s=READY pgs=16 cs=0 l=1 rev1=1 crypto rx=0x7fd34c006fd0 tx=0x7fd34c006e40 comp rx=0 tx=0).stop
2024-03-28T05:10:50.680 INFO:teuthology.orchestra.run.smithi049.stdout:/usr/bin/ceph: stderr
2024-03-28T05:10:49.411+0000 7fd368600700 1 -- 172.21.15.49:0/989342977 >> [v2:172.21.15.49:3300/0,v1:172.21.15.49:6789/0] conn(0x7fd360106e30 msgr2=0x7fd36019c300 secure :-1 s=STATE_CONNECTION_ESTABLISHED l=1).mark_down
2024-03-28T05:10:50.680 INFO:teuthology.orchestra.run.smithi049.stdout:/usr/bin/ceph: stderr
2024-03-28T05:10:49.411+0000 7fd368600700 1 --2- 172.21.15.49:0/989342977 >> [v2:172.21.15.49:3300/0,v1:172.21.15.49:6789/0] conn(0x7fd360106e30 0x7fd36019c300 secure :-1 s=READY pgs=56 cs=0 l=1 rev1=1 crypto rx=0x7fd354009fb0 tx=0x7fd354011890 comp rx=0 tx=0).stop
2024-03-28T05:10:50.680 INFO:teuthology.orchestra.run.smithi049.stdout:/usr/bin/ceph: stderr
2024-03-28T05:10:49.412+0000 7fd368600700 1 -- 172.21.15.49:0/989342977 shutdown_connections
2024-03-28T05:10:50.680 INFO:teuthology.orchestra.run.smithi049.stdout:/usr/bin/ceph: stderr
2024-03-28T05:10:49.412+0000 7fd368600700 1 --2- 172.21.15.49:0/989342977 >> [v2:172.21.15.49:6800/2144324004,v1:172.21.15.49:6801/2144324004] conn(0x7fd348038730 0x7fd34803abf0 unknown :-1 s=CLOSED pgs=16 cs=0 l=1 rev1=1 crypto rx=0 tx=0 comp rx=0 tx=0).stop
2024-03-28T05:10:50.680 INFO:teuthology.orchestra.run.smithi049.stdout:/usr/bin/ceph: stderr
2024-03-28T05:10:49.412+0000 7fd368600700 1 --2- 172.21.15.49:0/989342977 >> [v2:172.21.15.49:3300/0,v1:172.21.15.49:6789/0] conn(0x7fd360106e30 0x7fd36019c300 unknown :-1 s=CLOSED pgs=56 cs=0 l=1 rev1=1 crypto rx=0 tx=0 comp rx=0 tx=0).stop
2024-03-28T05:10:50.680 INFO:teuthology.orchestra.run.smithi049.stdout:/usr/bin/ceph: stderr
2024-03-28T05:10:49.412+0000 7fd368600700 1 -- 172.21.15.49:0/989342977 >> 172.21.15.49:0/989342977 conn(0x7fd360100820 msgr2=0x7fd3601012e0 unknown :-1 s=STATE_NONE l=0).mark_down
2024-03-28T05:10:50.680 INFO:teuthology.orchestra.run.smithi049.stdout:/usr/bin/ceph: stderr
2024-03-28T05:10:49.412+0000 7fd368600700 1 -- 172.21.15.49:0/989342977 shutdown_connections
2024-03-28T05:10:50.680 INFO:teuthology.orchestra.run.smithi049.stdout:/usr/bin/ceph: stderr
2024-03-28T05:10:49.412+0000 7fd368600700 1 -- 172.21.15.49:0/989342977 wait complete.
2024-03-28T05:10:50.681 INFO:teuthology.orchestra.run.smithi049.stdout:Deploying grafana service with default placement...
2024-03-28T05:10:51.041 INFO:journalctl@ceph.mon.smithi049.smithi049.stdout:Mar 28 05:10:50 smithi049 ceph-mon[29036]: pgmap v4: 0 pgs: ; 0 B data, 0 B used, 0 B / 0 B avail
2024-03-28T05:10:51.041 INFO:journalctl@ceph.mon.smithi049.smithi049.stdout:Mar 28 05:10:50 smithi049 ceph-mon[29036]: from='client.14150 -' entity='client.admin' cmd=[{"prefix": "orch apply", "service_type": "prometheus", "target": ["mon-mgr", ""]}]: dispatch
2024-03-28T05:10:51.041 INFO:journalctl@ceph.mon.smithi049.smithi049.stdout:Mar 28 05:10:50 smithi049 ceph-mon[29036]: Saving service prometheus spec with placement count:1
2024-03-28T05:10:52.636 INFO:teuthology.orchestra.run.smithi049.stdout:/usr/bin/ceph: stdout Scheduled grafana update...
2024-03-28T05:10:52.637 INFO:teuthology.orchestra.run.smithi049.stdout:/usr/bin/ceph: stderr
2024-03-28T05:10:51.715+0000 7f776aa00700 1 Processor -- start
2024-03-28T05:10:52.637 INFO:teuthology.orchestra.run.smithi049.stdout:/usr/bin/ceph: stderr
2024-03-28T05:10:51.715+0000 7f776aa00700 1 -- start start
2024-03-28T05:10:52.637 INFO:teuthology.orchestra.run.smithi049.stdout:/usr/bin/ceph: stderr
2024-03-28T05:10:51.715+0000 7f776aa00700 1 --2- >> [v2:172.21.15.49:3300/0,v1:172.21.15.49:6789/0] conn(0x7f7764106340 0x7f7764106760 unknown :-1 s=NONE pgs=0 cs=0 l=0 rev1=0 crypto rx=0 tx=0 comp rx=0 tx=0).connect
2024-03-28T05:10:52.637 INFO:teuthology.orchestra.run.smithi049.stdout:/usr/bin/ceph: stderr
2024-03-28T05:10:51.715+0000 7f776aa00700 1 -- --> [v2:172.21.15.49:3300/0,v1:172.21.15.49:6789/0] -- mon_getmap magic: 0 v1 -- 0x7f7764106d30 con 0x7f7764106340
2024-03-28T05:10:52.637 INFO:teuthology.orchestra.run.smithi049.stdout:/usr/bin/ceph: stderr
2024-03-28T05:10:51.716+0000 7f7763e00700 1 --2- >> [v2:172.21.15.49:3300/0,v1:172.21.15.49:6789/0] conn(0x7f7764106340 0x7f7764106760 unknown :-1 s=BANNER_CONNECTING pgs=0 cs=0 l=0 rev1=0 crypto rx=0 tx=0 comp rx=0 tx=0)._handle_peer_banner_payload supported=3 required=0
2024-03-28T05:10:52.637 INFO:teuthology.orchestra.run.smithi049.stdout:/usr/bin/ceph: stderr
2024-03-28T05:10:51.716+0000 7f7763e00700 1 --2- >> [v2:172.21.15.49:3300/0,v1:172.21.15.49:6789/0] conn(0x7f7764106340 0x7f7764106760 unknown :-1 s=HELLO_CONNECTING pgs=0 cs=0 l=0 rev1=1 crypto rx=0 tx=0 comp rx=0 tx=0).handle_hello peer v2:172.21.15.49:3300/0 says I am v2:172.21.15.49:59450/0 (socket says 172.21.15.49:59450)
2024-03-28T05:10:52.637 INFO:teuthology.orchestra.run.smithi049.stdout:/usr/bin/ceph: stderr
2024-03-28T05:10:51.716+0000 7f7763e00700 1 -- 172.21.15.49:0/3229585010 learned_addr learned my addr 172.21.15.49:0/3229585010 (peer_addr_for_me v2:172.21.15.49:0/0)
2024-03-28T05:10:52.637 INFO:teuthology.orchestra.run.smithi049.stdout:/usr/bin/ceph: stderr
2024-03-28T05:10:51.716+0000 7f7763e00700 1 -- 172.21.15.49:0/3229585010 --> [v2:172.21.15.49:3300/0,v1:172.21.15.49:6789/0] -- mon_subscribe({config=0+,monmap=0+}) v3 -- 0x7f7764107540 con 0x7f7764106340
2024-03-28T05:10:52.637 INFO:teuthology.orchestra.run.smithi049.stdout:/usr/bin/ceph: stderr
2024-03-28T05:10:51.716+0000 7f7763e00700 1 --2- 172.21.15.49:0/3229585010 >> [v2:172.21.15.49:3300/0,v1:172.21.15.49:6789/0] conn(0x7f7764106340 0x7f7764106760 secure :-1 s=READY pgs=57 cs=0 l=1 rev1=1 crypto rx=0x7f77540098a0 tx=0x7f7754009bb0 comp rx=0 tx=0).ready entity=mon.0 client_cookie=226a64d6645bd1d server_cookie=0 in_seq=0 out_seq=0
2024-03-28T05:10:52.637 INFO:teuthology.orchestra.run.smithi049.stdout:/usr/bin/ceph: stderr
2024-03-28T05:10:51.717+0000 7f7763400700 1 -- 172.21.15.49:0/3229585010 <== mon.0 v2:172.21.15.49:3300/0 1 ==== mon_map magic: 0 v1 ==== 229+0+0 (secure 0 0 0) 0x7f7754004180 con 0x7f7764106340
2024-03-28T05:10:52.637 INFO:teuthology.orchestra.run.smithi049.stdout:/usr/bin/ceph: stderr
2024-03-28T05:10:51.717+0000 7f7763400700 1 -- 172.21.15.49:0/3229585010 <== mon.0 v2:172.21.15.49:3300/0 2 ==== config(27 keys) v1 ==== 1109+0+0 (secure 0 0 0) 0x7f77540042e0 con 0x7f7764106340
2024-03-28T05:10:52.637 INFO:teuthology.orchestra.run.smithi049.stdout:/usr/bin/ceph: stderr
2024-03-28T05:10:51.717+0000 7f7763400700 1 -- 172.21.15.49:0/3229585010 <== mon.0 v2:172.21.15.49:3300/0 3 ==== mon_map magic: 0 v1 ==== 229+0+0 (secure 0 0 0) 0x7f7754011b10 con 0x7f7764106340
2024-03-28T05:10:52.638 INFO:teuthology.orchestra.run.smithi049.stdout:/usr/bin/ceph: stderr
2024-03-28T05:10:51.717+0000 7f776aa00700 1 -- 172.21.15.49:0/3229585010 >> [v2:172.21.15.49:3300/0,v1:172.21.15.49:6789/0] conn(0x7f7764106340 msgr2=0x7f7764106760 secure :-1 s=STATE_CONNECTION_ESTABLISHED l=1).mark_down
2024-03-28T05:10:52.638 INFO:teuthology.orchestra.run.smithi049.stdout:/usr/bin/ceph: stderr
2024-03-28T05:10:51.717+0000 7f776aa00700 1 --2- 172.21.15.49:0/3229585010 >> [v2:172.21.15.49:3300/0,v1:172.21.15.49:6789/0] conn(0x7f7764106340 0x7f7764106760 secure :-1 s=READY pgs=57 cs=0 l=1 rev1=1 crypto rx=0x7f77540098a0 tx=0x7f7754009bb0 comp rx=0 tx=0).stop
2024-03-28T05:10:52.638 INFO:teuthology.orchestra.run.smithi049.stdout:/usr/bin/ceph: stderr
2024-03-28T05:10:51.718+0000 7f776aa00700 1 -- 172.21.15.49:0/3229585010 shutdown_connections
2024-03-28T05:10:52.638 INFO:teuthology.orchestra.run.smithi049.stdout:/usr/bin/ceph: stderr
2024-03-28T05:10:51.718+0000 7f776aa00700 1 --2- 172.21.15.49:0/3229585010 >> [v2:172.21.15.49:3300/0,v1:172.21.15.49:6789/0] conn(0x7f7764106340 0x7f7764106760 unknown :-1 s=CLOSED pgs=57 cs=0 l=1 rev1=1 crypto rx=0 tx=0 comp rx=0 tx=0).stop
2024-03-28T05:10:52.638 INFO:teuthology.orchestra.run.smithi049.stdout:/usr/bin/ceph: stderr
2024-03-28T05:10:51.718+0000 7f776aa00700 1 -- 172.21.15.49:0/3229585010 >> 172.21.15.49:0/3229585010 conn(0x7f77641018e0 msgr2=0x7f7764103d20 unknown :-1 s=STATE_NONE l=0).mark_down
2024-03-28T05:10:52.638 INFO:teuthology.orchestra.run.smithi049.stdout:/usr/bin/ceph: stderr
2024-03-28T05:10:51.718+0000 7f776aa00700 1 -- 172.21.15.49:0/3229585010 shutdown_connections
2024-03-28T05:10:52.638 INFO:teuthology.orchestra.run.smithi049.stdout:/usr/bin/ceph: stderr
2024-03-28T05:10:51.718+0000 7f776aa00700 1 -- 172.21.15.49:0/3229585010 wait complete.
2024-03-28T05:10:52.638 INFO:teuthology.orchestra.run.smithi049.stdout:/usr/bin/ceph: stderr
2024-03-28T05:10:51.719+0000 7f776aa00700 1 Processor -- start
2024-03-28T05:10:52.638 INFO:teuthology.orchestra.run.smithi049.stdout:/usr/bin/ceph: stderr
2024-03-28T05:10:51.719+0000 7f776aa00700 1 -- start start
2024-03-28T05:10:52.638 INFO:teuthology.orchestra.run.smithi049.stdout:/usr/bin/ceph: stderr
2024-03-28T05:10:51.719+0000 7f776aa00700 1 --2- >> [v2:172.21.15.49:3300/0,v1:172.21.15.49:6789/0] conn(0x7f7764106340 0x7f776419c300 unknown :-1 s=NONE pgs=0 cs=0 l=1 rev1=0 crypto rx=0 tx=0 comp rx=0 tx=0).connect
2024-03-28T05:10:52.638 INFO:teuthology.orchestra.run.smithi049.stdout:/usr/bin/ceph: stderr
2024-03-28T05:10:51.719+0000 7f776aa00700 1 -- --> [v2:172.21.15.49:3300/0,v1:172.21.15.49:6789/0] -- mon_getmap magic: 0 v1 -- 0x7f776419c840 con 0x7f7764106340
2024-03-28T05:10:52.638 INFO:teuthology.orchestra.run.smithi049.stdout:/usr/bin/ceph: stderr
2024-03-28T05:10:51.720+0000 7f7763e00700 1 --2- >> [v2:172.21.15.49:3300/0,v1:172.21.15.49:6789/0] conn(0x7f7764106340 0x7f776419c300 unknown :-1 s=BANNER_CONNECTING pgs=0 cs=0 l=1 rev1=0 crypto rx=0 tx=0 comp rx=0 tx=0)._handle_peer_banner_payload supported=3 required=0
2024-03-28T05:10:52.638 INFO:teuthology.orchestra.run.smithi049.stdout:/usr/bin/ceph: stderr
2024-03-28T05:10:51.720+0000 7f7763e00700 1 --2- >> [v2:172.21.15.49:3300/0,v1:172.21.15.49:6789/0] conn(0x7f7764106340 0x7f776419c300 unknown :-1 s=HELLO_CONNECTING pgs=0 cs=0 l=1 rev1=1 crypto rx=0 tx=0 comp rx=0 tx=0).handle_hello peer v2:172.21.15.49:3300/0 says I am v2:172.21.15.49:59462/0 (socket says 172.21.15.49:59462)
2024-03-28T05:10:52.638 INFO:teuthology.orchestra.run.smithi049.stdout:/usr/bin/ceph: stderr
2024-03-28T05:10:51.720+0000 7f7763e00700 1 -- 172.21.15.49:0/1558302318 learned_addr learned my addr 172.21.15.49:0/1558302318 (peer_addr_for_me v2:172.21.15.49:0/0)
2024-03-28T05:10:52.639 INFO:teuthology.orchestra.run.smithi049.stdout:/usr/bin/ceph: stderr
2024-03-28T05:10:51.720+0000 7f7763e00700 1 -- 172.21.15.49:0/1558302318 --> [v2:172.21.15.49:3300/0,v1:172.21.15.49:6789/0] -- mon_subscribe({config=0+,monmap=0+}) v3 -- 0x7f7754009550 con 0x7f7764106340
2024-03-28T05:10:52.639 INFO:teuthology.orchestra.run.smithi049.stdout:/usr/bin/ceph: stderr
2024-03-28T05:10:51.720+0000 7f7763e00700 1 --2- 172.21.15.49:0/1558302318 >> [v2:172.21.15.49:3300/0,v1:172.21.15.49:6789/0] conn(0x7f7764106340 0x7f776419c300 secure :-1 s=READY pgs=58 cs=0 l=1 rev1=1 crypto rx=0x7f77540117b0 tx=0x7f7754011890 comp rx=0 tx=0).ready entity=mon.0 client_cookie=0 server_cookie=0 in_seq=0 out_seq=0
2024-03-28T05:10:52.639 INFO:teuthology.orchestra.run.smithi049.stdout:/usr/bin/ceph: stderr
2024-03-28T05:10:51.721+0000 7f7761600700 1 -- 172.21.15.49:0/1558302318 <== mon.0 v2:172.21.15.49:3300/0 1 ==== mon_map magic: 0 v1 ==== 229+0+0 (secure 0 0 0) 0x7f77540038b0 con 0x7f7764106340
2024-03-28T05:10:52.639 INFO:teuthology.orchestra.run.smithi049.stdout:/usr/bin/ceph: stderr
2024-03-28T05:10:51.721+0000 7f7761600700 1 -- 172.21.15.49:0/1558302318 <== mon.0 v2:172.21.15.49:3300/0 2 ==== config(27 keys) v1 ==== 1109+0+0 (secure 0 0 0) 0x7f7754003a10 con 0x7f7764106340
2024-03-28T05:10:52.639 INFO:teuthology.orchestra.run.smithi049.stdout:/usr/bin/ceph: stderr
2024-03-28T05:10:51.721+0000 7f776aa00700 1 -- 172.21.15.49:0/1558302318 --> [v2:172.21.15.49:3300/0,v1:172.21.15.49:6789/0] -- mon_subscribe({mgrmap=0+}) v3 -- 0x7f776419ca40 con 0x7f7764106340
2024-03-28T05:10:52.639 INFO:teuthology.orchestra.run.smithi049.stdout:/usr/bin/ceph: stderr
2024-03-28T05:10:51.721+0000 7f7761600700 1 -- 172.21.15.49:0/1558302318 <== mon.0 v2:172.21.15.49:3300/0 3 ==== mon_map magic: 0 v1 ==== 229+0+0 (secure 0 0 0) 0x7f77540246e0 con 0x7f7764106340
2024-03-28T05:10:52.639 INFO:teuthology.orchestra.run.smithi049.stdout:/usr/bin/ceph: stderr
2024-03-28T05:10:51.721+0000 7f776aa00700 1 -- 172.21.15.49:0/1558302318 --> [v2:172.21.15.49:3300/0,v1:172.21.15.49:6789/0] -- mon_subscribe({osdmap=0}) v3 -- 0x7f776419cee0 con 0x7f7764106340
2024-03-28T05:10:52.639 INFO:teuthology.orchestra.run.smithi049.stdout:/usr/bin/ceph: stderr
2024-03-28T05:10:51.722+0000 7f7761600700 1 -- 172.21.15.49:0/1558302318 <== mon.0 v2:172.21.15.49:3300/0 4 ==== mgrmap(e 8) v1 ==== 45548+0+0 (secure 0 0 0) 0x7f775401ab80 con 0x7f7764106340
2024-03-28T05:10:52.639 INFO:teuthology.orchestra.run.smithi049.stdout:/usr/bin/ceph: stderr
2024-03-28T05:10:51.722+0000 7f776aa00700 1 -- 172.21.15.49:0/1558302318 --> [v2:172.21.15.49:3300/0,v1:172.21.15.49:6789/0] -- mon_command({"prefix": "get_command_descriptions"} v 0) v1 -- 0x7f776410a750 con 0x7f7764106340
2024-03-28T05:10:52.639 INFO:teuthology.orchestra.run.smithi049.stdout:/usr/bin/ceph: stderr
2024-03-28T05:10:51.723+0000 7f7761600700 1 --2- 172.21.15.49:0/1558302318 >> [v2:172.21.15.49:6800/2144324004,v1:172.21.15.49:6801/2144324004] conn(0x7f7748038770 0x7f774803ac30 unknown :-1 s=NONE pgs=0 cs=0 l=1 rev1=0 crypto rx=0 tx=0 comp rx=0 tx=0).connect
2024-03-28T05:10:52.639 INFO:teuthology.orchestra.run.smithi049.stdout:/usr/bin/ceph: stderr
2024-03-28T05:10:51.723+0000 7f7761600700 1 -- 172.21.15.49:0/1558302318 <== mon.0 v2:172.21.15.49:3300/0 5 ==== osd_map(2..2 src has 1..2) v4 ==== 940+0+0 (secure 0 0 0) 0x7f775404c8f0 con 0x7f7764106340
2024-03-28T05:10:52.639 INFO:teuthology.orchestra.run.smithi049.stdout:/usr/bin/ceph: stderr
2024-03-28T05:10:51.723+0000 7f775b400700 1 --2- 172.21.15.49:0/1558302318 >> [v2:172.21.15.49:6800/2144324004,v1:172.21.15.49:6801/2144324004] conn(0x7f7748038770 0x7f774803ac30 unknown :-1 s=BANNER_CONNECTING pgs=0 cs=0 l=1 rev1=0 crypto rx=0 tx=0 comp rx=0 tx=0)._handle_peer_banner_payload supported=3 required=0
2024-03-28T05:10:52.639 INFO:teuthology.orchestra.run.smithi049.stdout:/usr/bin/ceph: stderr
2024-03-28T05:10:51.724+0000 7f775b400700 1 --2- 172.21.15.49:0/1558302318 >> [v2:172.21.15.49:6800/2144324004,v1:172.21.15.49:6801/2144324004] conn(0x7f7748038770 0x7f774803ac30 secure :-1 s=READY pgs=17 cs=0 l=1 rev1=1 crypto rx=0x7f774c006fd0 tx=0x7f774c006e40 comp rx=0 tx=0).ready entity=mgr.14120 client_cookie=0 server_cookie=0 in_seq=0 out_seq=0
2024-03-28T05:10:52.639 INFO:teuthology.orchestra.run.smithi049.stdout:/usr/bin/ceph: stderr
2024-03-28T05:10:51.728+0000 7f7761600700 1 -- 172.21.15.49:0/1558302318 <== mon.0 v2:172.21.15.49:3300/0 6 ==== mon_command_ack([{"prefix": "get_command_descriptions"}]=0 v0) v1 ==== 72+0+182738 (secure 0 0 0) 0x7f7754010380 con 0x7f7764106340
2024-03-28T05:10:52.640 INFO:teuthology.orchestra.run.smithi049.stdout:/usr/bin/ceph: stderr
2024-03-28T05:10:51.970+0000 7f776aa00700 1 -- 172.21.15.49:0/1558302318 --> [v2:172.21.15.49:6800/2144324004,v1:172.21.15.49:6801/2144324004] -- mgr_command(tid 0: {"prefix": "orch apply", "service_type": "grafana", "target": ["mon-mgr", ""]}) v1 -- 0x7f776419f7d0 con 0x7f7748038770
2024-03-28T05:10:52.640 INFO:teuthology.orchestra.run.smithi049.stdout:/usr/bin/ceph: stderr
2024-03-28T05:10:51.981+0000 7f7761600700 1 -- 172.21.15.49:0/1558302318 <== mgr.14120 v2:172.21.15.49:6800/2144324004 1 ==== mgr_command_reply(tid 0: 0 ) v1 ==== 8+0+28 (secure 0 0 0) 0x7f776419f7d0 con 0x7f7748038770
2024-03-28T05:10:52.640 INFO:teuthology.orchestra.run.smithi049.stdout:/usr/bin/ceph: stderr
2024-03-28T05:10:51.984+0000 7f776aa00700 1 -- 172.21.15.49:0/1558302318 >> [v2:172.21.15.49:6800/2144324004,v1:172.21.15.49:6801/2144324004] conn(0x7f7748038770 msgr2=0x7f774803ac30 secure :-1 s=STATE_CONNECTION_ESTABLISHED l=1).mark_down
2024-03-28T05:10:52.640 INFO:teuthology.orchestra.run.smithi049.stdout:/usr/bin/ceph: stderr
2024-03-28T05:10:51.984+0000 7f776aa00700 1 --2- 172.21.15.49:0/1558302318 >> [v2:172.21.15.49:6800/2144324004,v1:172.21.15.49:6801/2144324004] conn(0x7f7748038770 0x7f774803ac30 secure :-1 s=READY pgs=17 cs=0 l=1 rev1=1 crypto rx=0x7f774c006fd0 tx=0x7f774c006e40 comp rx=0 tx=0).stop
2024-03-28T05:10:52.640 INFO:teuthology.orchestra.run.smithi049.stdout:/usr/bin/ceph: stderr
2024-03-28T05:10:51.984+0000 7f776aa00700 1 -- 172.21.15.49:0/1558302318 >> [v2:172.21.15.49:3300/0,v1:172.21.15.49:6789/0] conn(0x7f7764106340 msgr2=0x7f776419c300 secure :-1 s=STATE_CONNECTION_ESTABLISHED l=1).mark_down
2024-03-28T05:10:52.640 INFO:teuthology.orchestra.run.smithi049.stdout:/usr/bin/ceph: stderr
2024-03-28T05:10:51.984+0000 7f776aa00700 1 --2- 172.21.15.49:0/1558302318 >> [v2:172.21.15.49:3300/0,v1:172.21.15.49:6789/0] conn(0x7f7764106340 0x7f776419c300 secure :-1 s=READY pgs=58 cs=0 l=1 rev1=1 crypto rx=0x7f77540117b0 tx=0x7f7754011890 comp rx=0 tx=0).stop
2024-03-28T05:10:52.640 INFO:teuthology.orchestra.run.smithi049.stdout:/usr/bin/ceph: stderr
2024-03-28T05:10:51.984+0000 7f776aa00700 1 -- 172.21.15.49:0/1558302318 shutdown_connections
2024-03-28T05:10:52.640 INFO:teuthology.orchestra.run.smithi049.stdout:/usr/bin/ceph: stderr
2024-03-28T05:10:51.984+0000 7f776aa00700 1 --2- 172.21.15.49:0/1558302318 >> [v2:172.21.15.49:6800/2144324004,v1:172.21.15.49:6801/2144324004] conn(0x7f7748038770 0x7f774803ac30 unknown :-1 s=CLOSED pgs=17 cs=0 l=1 rev1=1 crypto rx=0 tx=0 comp rx=0 tx=0).stop
2024-03-28T05:10:52.640 INFO:teuthology.orchestra.run.smithi049.stdout:/usr/bin/ceph: stderr
2024-03-28T05:10:51.984+0000 7f776aa00700 1 --2- 172.21.15.49:0/1558302318 >> [v2:172.21.15.49:3300/0,v1:172.21.15.49:6789/0] conn(0x7f7764106340 0x7f776419c300 unknown :-1 s=CLOSED pgs=58 cs=0 l=1 rev1=1 crypto rx=0 tx=0 comp rx=0 tx=0).stop
2024-03-28T05:10:52.640 INFO:teuthology.orchestra.run.smithi049.stdout:/usr/bin/ceph: stderr
2024-03-28T05:10:51.984+0000 7f776aa00700 1 -- 172.21.15.49:0/1558302318 >> 172.21.15.49:0/1558302318 conn(0x7f77641018e0 msgr2=0x7f7764102470 unknown :-1 s=STATE_NONE l=0).mark_down
2024-03-28T05:10:52.640 INFO:teuthology.orchestra.run.smithi049.stdout:/usr/bin/ceph: stderr
2024-03-28T05:10:51.984+0000 7f776aa00700 1 -- 172.21.15.49:0/1558302318 shutdown_connections
2024-03-28T05:10:52.640 INFO:teuthology.orchestra.run.smithi049.stdout:/usr/bin/ceph: stderr
2024-03-28T05:10:51.984+0000 7f776aa00700 1 -- 172.21.15.49:0/1558302318 wait complete.
2024-03-28T05:10:52.640 INFO:teuthology.orchestra.run.smithi049.stdout:Deploying node-exporter service with default placement...
2024-03-28T05:10:52.930 INFO:journalctl@ceph.mon.smithi049.smithi049.stdout:Mar 28 05:10:52 smithi049 ceph-mon[29036]: pgmap v5: 0 pgs: ; 0 B data, 0 B used, 0 B / 0 B avail
2024-03-28T05:10:52.930 INFO:journalctl@ceph.mon.smithi049.smithi049.stdout:Mar 28 05:10:52 smithi049 ceph-mon[29036]: from='mgr.14120 172.21.15.49:0/1563483268' entity='mgr.smithi049.lzkuyu'
2024-03-28T05:10:53.791 INFO:journalctl@ceph.mon.smithi049.smithi049.stdout:Mar 28 05:10:53 smithi049 ceph-mon[29036]: from='client.14152 -' entity='client.admin' cmd=[{"prefix": "orch apply", "service_type": "grafana", "target": ["mon-mgr", ""]}]: dispatch
2024-03-28T05:10:53.791 INFO:journalctl@ceph.mon.smithi049.smithi049.stdout:Mar 28 05:10:53 smithi049 ceph-mon[29036]: Saving service grafana spec with placement count:1
2024-03-28T05:10:53.791 INFO:journalctl@ceph.mon.smithi049.smithi049.stdout:Mar 28 05:10:53 smithi049 ceph-mon[29036]: from='mgr.14120 172.21.15.49:0/1563483268' entity='mgr.smithi049.lzkuyu'
2024-03-28T05:10:54.206 INFO:teuthology.orchestra.run.smithi049.stdout:/usr/bin/ceph: stdout Scheduled node-exporter update...
2024-03-28T05:10:54.206 INFO:teuthology.orchestra.run.smithi049.stdout:/usr/bin/ceph: stderr
2024-03-28T05:10:53.219+0000 7f7dbcc00700 1 Processor -- start
2024-03-28T05:10:54.206 INFO:teuthology.orchestra.run.smithi049.stdout:/usr/bin/ceph: stderr
2024-03-28T05:10:53.219+0000 7f7dbcc00700 1 -- start start
2024-03-28T05:10:54.206 INFO:teuthology.orchestra.run.smithi049.stdout:/usr/bin/ceph: stderr
2024-03-28T05:10:53.219+0000 7f7dbcc00700 1 --2- >> [v2:172.21.15.49:3300/0,v1:172.21.15.49:6789/0] conn(0x7f7db8108540 0x7f7db8108960 unknown :-1 s=NONE pgs=0 cs=0 l=0 rev1=0 crypto rx=0 tx=0 comp rx=0 tx=0).connect
2024-03-28T05:10:54.206 INFO:teuthology.orchestra.run.smithi049.stdout:/usr/bin/ceph: stderr
2024-03-28T05:10:53.219+0000 7f7dbcc00700 1 -- --> [v2:172.21.15.49:3300/0,v1:172.21.15.49:6789/0] -- mon_getmap magic: 0 v1 -- 0x7f7db8108f30 con 0x7f7db8108540
2024-03-28T05:10:54.206 INFO:teuthology.orchestra.run.smithi049.stdout:/usr/bin/ceph: stderr
2024-03-28T05:10:53.220+0000 7f7db5e00700 1 --2- >> [v2:172.21.15.49:3300/0,v1:172.21.15.49:6789/0] conn(0x7f7db8108540 0x7f7db8108960 unknown :-1 s=BANNER_CONNECTING pgs=0 cs=0 l=0 rev1=0 crypto rx=0 tx=0 comp rx=0 tx=0)._handle_peer_banner_payload supported=3 required=0
2024-03-28T05:10:54.206 INFO:teuthology.orchestra.run.smithi049.stdout:/usr/bin/ceph: stderr
2024-03-28T05:10:53.220+0000 7f7db5e00700 1 --2- >> [v2:172.21.15.49:3300/0,v1:172.21.15.49:6789/0] conn(0x7f7db8108540 0x7f7db8108960 unknown :-1 s=HELLO_CONNECTING pgs=0 cs=0 l=0 rev1=1 crypto rx=0 tx=0 comp rx=0 tx=0).handle_hello peer v2:172.21.15.49:3300/0 says I am v2:172.21.15.49:43694/0 (socket says 172.21.15.49:43694)
2024-03-28T05:10:54.206 INFO:teuthology.orchestra.run.smithi049.stdout:/usr/bin/ceph: stderr
2024-03-28T05:10:53.220+0000 7f7db5e00700 1 -- 172.21.15.49:0/2426217790 learned_addr learned my addr 172.21.15.49:0/2426217790 (peer_addr_for_me v2:172.21.15.49:0/0)
2024-03-28T05:10:54.206 INFO:teuthology.orchestra.run.smithi049.stdout:/usr/bin/ceph: stderr
2024-03-28T05:10:53.220+0000 7f7db5e00700 1 -- 172.21.15.49:0/2426217790 --> [v2:172.21.15.49:3300/0,v1:172.21.15.49:6789/0] -- mon_subscribe({config=0+,monmap=0+}) v3 -- 0x7f7db8109740 con 0x7f7db8108540
2024-03-28T05:10:54.207 INFO:teuthology.orchestra.run.smithi049.stdout:/usr/bin/ceph: stderr
2024-03-28T05:10:53.221+0000 7f7db5e00700 1 --2- 172.21.15.49:0/2426217790 >> [v2:172.21.15.49:3300/0,v1:172.21.15.49:6789/0] conn(0x7f7db8108540 0x7f7db8108960 secure :-1 s=READY pgs=59 cs=0 l=1 rev1=1 crypto rx=0x7f7da80098a0 tx=0x7f7da8009bb0 comp rx=0 tx=0).ready entity=mon.0 client_cookie=c1c3b1bba687a9f1 server_cookie=0 in_seq=0 out_seq=0
2024-03-28T05:10:54.207 INFO:teuthology.orchestra.run.smithi049.stdout:/usr/bin/ceph: stderr
2024-03-28T05:10:53.221+0000 7f7db4a00700 1 -- 172.21.15.49:0/2426217790 <== mon.0 v2:172.21.15.49:3300/0 1 ==== mon_map magic: 0 v1 ==== 229+0+0 (secure 0 0 0) 0x7f7da8004180 con 0x7f7db8108540
2024-03-28T05:10:54.207 INFO:teuthology.orchestra.run.smithi049.stdout:/usr/bin/ceph: stderr
2024-03-28T05:10:53.221+0000 7f7db4a00700 1 -- 172.21.15.49:0/2426217790 <== mon.0 v2:172.21.15.49:3300/0 2 ==== config(27 keys) v1 ==== 1109+0+0 (secure 0 0 0) 0x7f7da80042e0 con 0x7f7db8108540
2024-03-28T05:10:54.207 INFO:teuthology.orchestra.run.smithi049.stdout:/usr/bin/ceph: stderr
2024-03-28T05:10:53.221+0000 7f7db4a00700 1 -- 172.21.15.49:0/2426217790 <== mon.0 v2:172.21.15.49:3300/0 3 ==== mon_map magic: 0 v1 ==== 229+0+0 (secure 0 0 0) 0x7f7da8011b10 con 0x7f7db8108540
2024-03-28T05:10:54.207 INFO:teuthology.orchestra.run.smithi049.stdout:/usr/bin/ceph: stderr
2024-03-28T05:10:53.222+0000 7f7dbcc00700 1 -- 172.21.15.49:0/2426217790 >> [v2:172.21.15.49:3300/0,v1:172.21.15.49:6789/0] conn(0x7f7db8108540 msgr2=0x7f7db8108960 secure :-1 s=STATE_CONNECTION_ESTABLISHED l=1).mark_down
2024-03-28T05:10:54.207 INFO:teuthology.orchestra.run.smithi049.stdout:/usr/bin/ceph: stderr
2024-03-28T05:10:53.222+0000 7f7dbcc00700 1 --2- 172.21.15.49:0/2426217790 >> [v2:172.21.15.49:3300/0,v1:172.21.15.49:6789/0] conn(0x7f7db8108540 0x7f7db8108960 secure :-1 s=READY pgs=59 cs=0 l=1 rev1=1 crypto rx=0x7f7da80098a0 tx=0x7f7da8009bb0 comp rx=0 tx=0).stop
2024-03-28T05:10:54.207 INFO:teuthology.orchestra.run.smithi049.stdout:/usr/bin/ceph: stderr
2024-03-28T05:10:53.222+0000 7f7dbcc00700 1 -- 172.21.15.49:0/2426217790 shutdown_connections
2024-03-28T05:10:54.207 INFO:teuthology.orchestra.run.smithi049.stdout:/usr/bin/ceph: stderr
2024-03-28T05:10:53.222+0000 7f7dbcc00700 1 --2- 172.21.15.49:0/2426217790 >> [v2:172.21.15.49:3300/0,v1:172.21.15.49:6789/0] conn(0x7f7db8108540 0x7f7db8108960 unknown :-1 s=CLOSED pgs=59 cs=0 l=1 rev1=1 crypto rx=0 tx=0 comp rx=0 tx=0).stop
2024-03-28T05:10:54.207 INFO:teuthology.orchestra.run.smithi049.stdout:/usr/bin/ceph: stderr
2024-03-28T05:10:53.222+0000 7f7dbcc00700 1 -- 172.21.15.49:0/2426217790 >> 172.21.15.49:0/2426217790 conn(0x7f7db807b930 msgr2=0x7f7db8106440 unknown :-1 s=STATE_NONE l=0).mark_down
2024-03-28T05:10:54.207 INFO:teuthology.orchestra.run.smithi049.stdout:/usr/bin/ceph: stderr
2024-03-28T05:10:53.222+0000 7f7dbcc00700 1 -- 172.21.15.49:0/2426217790 shutdown_connections
2024-03-28T05:10:54.207 INFO:teuthology.orchestra.run.smithi049.stdout:/usr/bin/ceph: stderr
2024-03-28T05:10:53.222+0000 7f7dbcc00700 1 -- 172.21.15.49:0/2426217790 wait complete.
2024-03-28T05:10:54.207 INFO:teuthology.orchestra.run.smithi049.stdout:/usr/bin/ceph: stderr
2024-03-28T05:10:53.223+0000 7f7dbcc00700 1 Processor -- start
2024-03-28T05:10:54.207 INFO:teuthology.orchestra.run.smithi049.stdout:/usr/bin/ceph: stderr
2024-03-28T05:10:53.223+0000 7f7dbcc00700 1 -- start start
2024-03-28T05:10:54.208 INFO:teuthology.orchestra.run.smithi049.stdout:/usr/bin/ceph: stderr
2024-03-28T05:10:53.224+0000 7f7dbcc00700 1 --2- >> [v2:172.21.15.49:3300/0,v1:172.21.15.49:6789/0] conn(0x7f7db8108540 0x7f7db819c310 unknown :-1 s=NONE pgs=0 cs=0 l=1 rev1=0 crypto rx=0 tx=0 comp rx=0 tx=0).connect
2024-03-28T05:10:54.208 INFO:teuthology.orchestra.run.smithi049.stdout:/usr/bin/ceph: stderr
2024-03-28T05:10:53.224+0000 7f7dbcc00700 1 -- --> [v2:172.21.15.49:3300/0,v1:172.21.15.49:6789/0] -- mon_getmap magic: 0 v1 -- 0x7f7db819c850 con 0x7f7db8108540
2024-03-28T05:10:54.208 INFO:teuthology.orchestra.run.smithi049.stdout:/usr/bin/ceph: stderr
2024-03-28T05:10:53.224+0000 7f7db5e00700 1 --2- >> [v2:172.21.15.49:3300/0,v1:172.21.15.49:6789/0] conn(0x7f7db8108540 0x7f7db819c310 unknown :-1 s=BANNER_CONNECTING pgs=0 cs=0 l=1 rev1=0 crypto rx=0 tx=0 comp rx=0 tx=0)._handle_peer_banner_payload supported=3 required=0
2024-03-28T05:10:54.208 INFO:teuthology.orchestra.run.smithi049.stdout:/usr/bin/ceph: stderr
2024-03-28T05:10:53.224+0000 7f7db5e00700 1 --2- >> [v2:172.21.15.49:3300/0,v1:172.21.15.49:6789/0] conn(0x7f7db8108540 0x7f7db819c310 unknown :-1 s=HELLO_CONNECTING pgs=0 cs=0 l=1 rev1=1 crypto rx=0 tx=0 comp rx=0 tx=0).handle_hello peer v2:172.21.15.49:3300/0 says I am v2:172.21.15.49:43710/0 (socket says 172.21.15.49:43710)
2024-03-28T05:10:54.208 INFO:teuthology.orchestra.run.smithi049.stdout:/usr/bin/ceph: stderr
2024-03-28T05:10:53.224+0000 7f7db5e00700 1 -- 172.21.15.49:0/3737173059 learned_addr learned my addr 172.21.15.49:0/3737173059 (peer_addr_for_me v2:172.21.15.49:0/0)
2024-03-28T05:10:54.208 INFO:teuthology.orchestra.run.smithi049.stdout:/usr/bin/ceph: stderr
2024-03-28T05:10:53.224+0000 7f7db5e00700 1 -- 172.21.15.49:0/3737173059 --> [v2:172.21.15.49:3300/0,v1:172.21.15.49:6789/0] -- mon_subscribe({config=0+,monmap=0+}) v3 -- 0x7f7da8009550 con 0x7f7db8108540
2024-03-28T05:10:54.208 INFO:teuthology.orchestra.run.smithi049.stdout:/usr/bin/ceph: stderr
2024-03-28T05:10:53.225+0000 7f7db5e00700 1 --2- 172.21.15.49:0/3737173059 >> [v2:172.21.15.49:3300/0,v1:172.21.15.49:6789/0] conn(0x7f7db8108540 0x7f7db819c310 secure :-1 s=READY pgs=60 cs=0 l=1 rev1=1 crypto rx=0x7f7da80117b0 tx=0x7f7da8011890 comp rx=0 tx=0).ready entity=mon.0 client_cookie=0 server_cookie=0 in_seq=0 out_seq=0
2024-03-28T05:10:54.208 INFO:teuthology.orchestra.run.smithi049.stdout:/usr/bin/ceph: stderr
2024-03-28T05:10:53.225+0000 7f7daea00700 1 -- 172.21.15.49:0/3737173059 <== mon.0 v2:172.21.15.49:3300/0 1 ==== mon_map magic: 0 v1 ==== 229+0+0 (secure 0 0 0) 0x7f7da80038b0 con 0x7f7db8108540
2024-03-28T05:10:54.208 INFO:teuthology.orchestra.run.smithi049.stdout:/usr/bin/ceph: stderr
2024-03-28T05:10:53.225+0000 7f7daea00700 1 -- 172.21.15.49:0/3737173059 <== mon.0 v2:172.21.15.49:3300/0 2 ==== config(27 keys) v1 ==== 1109+0+0 (secure 0 0 0) 0x7f7da8003a10 con 0x7f7db8108540
2024-03-28T05:10:54.208 INFO:teuthology.orchestra.run.smithi049.stdout:/usr/bin/ceph: stderr
2024-03-28T05:10:53.225+0000 7f7dbcc00700 1 -- 172.21.15.49:0/3737173059 --> [v2:172.21.15.49:3300/0,v1:172.21.15.49:6789/0] -- mon_subscribe({mgrmap=0+}) v3 -- 0x7f7db819ca50 con 0x7f7db8108540
2024-03-28T05:10:54.208 INFO:teuthology.orchestra.run.smithi049.stdout:/usr/bin/ceph: stderr
2024-03-28T05:10:53.225+0000 7f7daea00700 1 -- 172.21.15.49:0/3737173059 <== mon.0 v2:172.21.15.49:3300/0 3 ==== mon_map magic: 0 v1 ==== 229+0+0 (secure 0 0 0) 0x7f7da80246e0 con 0x7f7db8108540
2024-03-28T05:10:54.208 INFO:teuthology.orchestra.run.smithi049.stdout:/usr/bin/ceph: stderr
