2024-03-28T05:14:12.966 INFO:teuthology.orchestra.run.smithi023.stdout:/usr/bin/ceph: stderr
2024-03-28T05:14:11.932+0000 7f9189ffb700 1 --2- 172.21.15.23:0/4104193674 >> [v2:172.21.15.23:6800/222178108,v1:172.21.15.23:6801/222178108] conn(0x7f917c038f20 0x7f917c03b3e0 unknown :-1 s=NONE pgs=0 cs=0 l=1 rev1=0 crypto rx=0 tx=0 comp rx=0 tx=0).connect
2024-03-28T05:14:12.966 INFO:teuthology.orchestra.run.smithi023.stdout:/usr/bin/ceph: stderr
2024-03-28T05:14:11.932+0000 7f9189ffb700 1 -- 172.21.15.23:0/4104193674 <== mon.0 v2:172.21.15.23:3300/0 5 ==== osd_map(3..3 src has 1..3) v4 ==== 1155+0+0 (secure 0 0 0) 0x7f918004d5b0 con 0x7f918c106900
2024-03-28T05:14:12.967 INFO:teuthology.orchestra.run.smithi023.stdout:/usr/bin/ceph: stderr
2024-03-28T05:14:11.932+0000 7f918bfff700 1 --2- 172.21.15.23:0/4104193674 >> [v2:172.21.15.23:6800/222178108,v1:172.21.15.23:6801/222178108] conn(0x7f917c038f20 0x7f917c03b3e0 unknown :-1 s=BANNER_CONNECTING pgs=0 cs=0 l=1 rev1=0 crypto rx=0 tx=0 comp rx=0 tx=0)._handle_peer_banner_payload supported=3 required=0
2024-03-28T05:14:12.967 INFO:teuthology.orchestra.run.smithi023.stdout:/usr/bin/ceph: stderr
2024-03-28T05:14:11.933+0000 7f918bfff700 1 --2- 172.21.15.23:0/4104193674 >> [v2:172.21.15.23:6800/222178108,v1:172.21.15.23:6801/222178108] conn(0x7f917c038f20 0x7f917c03b3e0 secure :-1 s=READY pgs=8 cs=0 l=1 rev1=1 crypto rx=0x7f9178006fd0 tx=0x7f9178006e40 comp rx=0 tx=0).ready entity=mgr.14150 client_cookie=0 server_cookie=0 in_seq=0 out_seq=0
2024-03-28T05:14:12.967 INFO:teuthology.orchestra.run.smithi023.stdout:/usr/bin/ceph: stderr
2024-03-28T05:14:11.938+0000 7f9189ffb700 1 -- 172.21.15.23:0/4104193674 <== mon.0 v2:172.21.15.23:3300/0 6 ==== mon_command_ack([{"prefix": "get_command_descriptions"}]=0 v0) v1 ==== 72+0+186149 (secure 0 0 0) 0x7f9180011e20 con 0x7f918c106900
2024-03-28T05:14:12.967 INFO:teuthology.orchestra.run.smithi023.stdout:/usr/bin/ceph: stderr
2024-03-28T05:14:12.166+0000 7f919323c700 1 -- 172.21.15.23:0/4104193674 --> [v2:172.21.15.23:6800/222178108,v1:172.21.15.23:6801/222178108] -- mgr_command(tid 0: {"prefix": "dashboard ac-user-create", "username": "admin", "rolename": "administrator", "force_password": true, "pwd_update_required": true, "target": ["mon-mgr", ""]}) v1 -- 0x7f918c195800 con 0x7f917c038f20
2024-03-28T05:14:12.967 INFO:teuthology.orchestra.run.smithi023.stdout:/usr/bin/ceph: stderr
2024-03-28T05:14:12.413+0000 7f9189ffb700 1 -- 172.21.15.23:0/4104193674 <== mgr.14150 v2:172.21.15.23:6800/222178108 1 ==== mgr_command_reply(tid 0: 0 ) v1 ==== 8+0+252 (secure 0 0 0) 0x7f918c195800 con 0x7f917c038f20
2024-03-28T05:14:12.967 INFO:teuthology.orchestra.run.smithi023.stdout:/usr/bin/ceph: stderr
2024-03-28T05:14:12.416+0000 7f919323c700 1 -- 172.21.15.23:0/4104193674 >> [v2:172.21.15.23:6800/222178108,v1:172.21.15.23:6801/222178108] conn(0x7f917c038f20 msgr2=0x7f917c03b3e0 secure :-1 s=STATE_CONNECTION_ESTABLISHED l=1).mark_down
2024-03-28T05:14:12.967 INFO:teuthology.orchestra.run.smithi023.stdout:/usr/bin/ceph: stderr
2024-03-28T05:14:12.416+0000 7f919323c700 1 --2- 172.21.15.23:0/4104193674 >> [v2:172.21.15.23:6800/222178108,v1:172.21.15.23:6801/222178108] conn(0x7f917c038f20 0x7f917c03b3e0 secure :-1 s=READY pgs=8 cs=0 l=1 rev1=1 crypto rx=0x7f9178006fd0 tx=0x7f9178006e40 comp rx=0 tx=0).stop
2024-03-28T05:14:12.967 INFO:teuthology.orchestra.run.smithi023.stdout:/usr/bin/ceph: stderr
2024-03-28T05:14:12.416+0000 7f919323c700 1 -- 172.21.15.23:0/4104193674 >> [v2:172.21.15.23:3300/0,v1:172.21.15.23:6789/0] conn(0x7f918c106900 msgr2=0x7f918c191ab0 secure :-1 s=STATE_CONNECTION_ESTABLISHED l=1).mark_down
2024-03-28T05:14:12.967 INFO:teuthology.orchestra.run.smithi023.stdout:/usr/bin/ceph: stderr
2024-03-28T05:14:12.416+0000 7f919323c700 1 --2- 172.21.15.23:0/4104193674 >> [v2:172.21.15.23:3300/0,v1:172.21.15.23:6789/0] conn(0x7f918c106900 0x7f918c191ab0 secure :-1 s=READY pgs=71 cs=0 l=1 rev1=1 crypto rx=0x7f91800116a0 tx=0x7f9180011ba0 comp rx=0 tx=0).stop
2024-03-28T05:14:12.967 INFO:teuthology.orchestra.run.smithi023.stdout:/usr/bin/ceph: stderr
2024-03-28T05:14:12.416+0000 7f919323c700 1 -- 172.21.15.23:0/4104193674 shutdown_connections
2024-03-28T05:14:12.967 INFO:teuthology.orchestra.run.smithi023.stdout:/usr/bin/ceph: stderr
2024-03-28T05:14:12.416+0000 7f919323c700 1 --2- 172.21.15.23:0/4104193674 >> [v2:172.21.15.23:6800/222178108,v1:172.21.15.23:6801/222178108] conn(0x7f917c038f20 0x7f917c03b3e0 unknown :-1 s=CLOSED pgs=8 cs=0 l=1 rev1=1 crypto rx=0 tx=0 comp rx=0 tx=0).stop
2024-03-28T05:14:12.967 INFO:teuthology.orchestra.run.smithi023.stdout:/usr/bin/ceph: stderr
2024-03-28T05:14:12.416+0000 7f919323c700 1 --2- 172.21.15.23:0/4104193674 >> [v2:172.21.15.23:3300/0,v1:172.21.15.23:6789/0] conn(0x7f918c106900 0x7f918c191ab0 unknown :-1 s=CLOSED pgs=71 cs=0 l=1 rev1=1 crypto rx=0 tx=0 comp rx=0 tx=0).stop
2024-03-28T05:14:12.967 INFO:teuthology.orchestra.run.smithi023.stdout:/usr/bin/ceph: stderr
2024-03-28T05:14:12.416+0000 7f919323c700 1 -- 172.21.15.23:0/4104193674 >> 172.21.15.23:0/4104193674 conn(0x7f918c101fa0 msgr2=0x7f918c102e00 unknown :-1 s=STATE_NONE l=0).mark_down
2024-03-28T05:14:12.967 INFO:teuthology.orchestra.run.smithi023.stdout:/usr/bin/ceph: stderr
2024-03-28T05:14:12.416+0000 7f919323c700 1 -- 172.21.15.23:0/4104193674 shutdown_connections
2024-03-28T05:14:12.967 INFO:teuthology.orchestra.run.smithi023.stdout:/usr/bin/ceph: stderr
2024-03-28T05:14:12.416+0000 7f919323c700 1 -- 172.21.15.23:0/4104193674 wait complete.
2024-03-28T05:14:12.968 INFO:teuthology.orchestra.run.smithi023.stdout:Fetching dashboard port number...
2024-03-28T05:14:13.586 INFO:journalctl@ceph.mon.a.smithi023.stdout:Mar 28 05:14:13 smithi023 ceph-mon[31954]: from='client.14164 -' entity='client.admin' cmd=[{"prefix": "dashboard ac-user-create", "username": "admin", "rolename": "administrator", "force_password": true, "pwd_update_required": true, "target": ["mon-mgr", ""]}]: dispatch
2024-03-28T05:14:13.586 INFO:journalctl@ceph.mon.a.smithi023.stdout:Mar 28 05:14:13 smithi023 ceph-mon[31954]: from='mgr.14150 172.21.15.23:0/2425306588' entity='mgr.x'
2024-03-28T05:14:13.586 INFO:journalctl@ceph.mon.a.smithi023.stdout:Mar 28 05:14:13 smithi023 ceph-mon[31954]: from='mgr.14150 172.21.15.23:0/2425306588' entity='mgr.x'
2024-03-28T05:14:14.162 INFO:teuthology.orchestra.run.smithi023.stdout:/usr/bin/ceph: stdout 8443
2024-03-28T05:14:14.162 INFO:teuthology.orchestra.run.smithi023.stdout:/usr/bin/ceph: stderr
2024-03-28T05:14:13.359+0000 7f1a7845b700 1 Processor -- start
2024-03-28T05:14:14.162 INFO:teuthology.orchestra.run.smithi023.stdout:/usr/bin/ceph: stderr
2024-03-28T05:14:13.360+0000 7f1a7845b700 1 -- start start
2024-03-28T05:14:14.162 INFO:teuthology.orchestra.run.smithi023.stdout:/usr/bin/ceph: stderr
2024-03-28T05:14:13.360+0000 7f1a7845b700 1 --2- >> [v2:172.21.15.23:3300/0,v1:172.21.15.23:6789/0] conn(0x7f1a70108460 0x7f1a7010a850 unknown :-1 s=NONE pgs=0 cs=0 l=0 rev1=0 crypto rx=0 tx=0 comp rx=0 tx=0).connect
2024-03-28T05:14:14.162 INFO:teuthology.orchestra.run.smithi023.stdout:/usr/bin/ceph: stderr
2024-03-28T05:14:13.360+0000 7f1a7845b700 1 -- --> [v2:172.21.15.23:3300/0,v1:172.21.15.23:6789/0] -- mon_getmap magic: 0 v1 -- 0x7f1a7007aeb0 con 0x7f1a70108460
2024-03-28T05:14:14.163 INFO:teuthology.orchestra.run.smithi023.stdout:/usr/bin/ceph: stderr
2024-03-28T05:14:13.360+0000 7f1a761f7700 1 --2- >> [v2:172.21.15.23:3300/0,v1:172.21.15.23:6789/0] conn(0x7f1a70108460 0x7f1a7010a850 unknown :-1 s=BANNER_CONNECTING pgs=0 cs=0 l=0 rev1=0 crypto rx=0 tx=0 comp rx=0 tx=0)._handle_peer_banner_payload supported=3 required=0
2024-03-28T05:14:14.163 INFO:teuthology.orchestra.run.smithi023.stdout:/usr/bin/ceph: stderr
2024-03-28T05:14:13.360+0000 7f1a761f7700 1 --2- >> [v2:172.21.15.23:3300/0,v1:172.21.15.23:6789/0] conn(0x7f1a70108460 0x7f1a7010a850 unknown :-1 s=HELLO_CONNECTING pgs=0 cs=0 l=0 rev1=1 crypto rx=0 tx=0 comp rx=0 tx=0).handle_hello peer v2:172.21.15.23:3300/0 says I am v2:172.21.15.23:45230/0 (socket says 172.21.15.23:45230)
2024-03-28T05:14:14.163 INFO:teuthology.orchestra.run.smithi023.stdout:/usr/bin/ceph: stderr
2024-03-28T05:14:13.360+0000 7f1a761f7700 1 -- 172.21.15.23:0/3148331197 learned_addr learned my addr 172.21.15.23:0/3148331197 (peer_addr_for_me v2:172.21.15.23:0/0)
2024-03-28T05:14:14.163 INFO:teuthology.orchestra.run.smithi023.stdout:/usr/bin/ceph: stderr
2024-03-28T05:14:13.360+0000 7f1a761f7700 1 -- 172.21.15.23:0/3148331197 --> [v2:172.21.15.23:3300/0,v1:172.21.15.23:6789/0] -- mon_subscribe({config=0+,monmap=0+}) v3 -- 0x7f1a7010ad90 con 0x7f1a70108460
2024-03-28T05:14:14.163 INFO:teuthology.orchestra.run.smithi023.stdout:/usr/bin/ceph: stderr
2024-03-28T05:14:13.361+0000 7f1a761f7700 1 --2- 172.21.15.23:0/3148331197 >> [v2:172.21.15.23:3300/0,v1:172.21.15.23:6789/0] conn(0x7f1a70108460 0x7f1a7010a850 secure :-1 s=READY pgs=72 cs=0 l=1 rev1=1 crypto rx=0x7f1a6c0098a0 tx=0x7f1a6c009bb0 comp rx=0 tx=0).ready entity=mon.0 client_cookie=149442db5111fcb6 server_cookie=0 in_seq=0 out_seq=0
2024-03-28T05:14:14.163 INFO:teuthology.orchestra.run.smithi023.stdout:/usr/bin/ceph: stderr
2024-03-28T05:14:13.361+0000 7f1a751f5700 1 -- 172.21.15.23:0/3148331197 <== mon.0 v2:172.21.15.23:3300/0 1 ==== mon_map magic: 0 v1 ==== 205+0+0 (secure 0 0 0) 0x7f1a6c004160 con 0x7f1a70108460
2024-03-28T05:14:14.163 INFO:teuthology.orchestra.run.smithi023.stdout:/usr/bin/ceph: stderr
2024-03-28T05:14:13.361+0000 7f1a751f5700 1 -- 172.21.15.23:0/3148331197 <== mon.0 v2:172.21.15.23:3300/0 2 ==== config(27 keys) v1 ==== 1140+0+0 (secure 0 0 0) 0x7f1a6c004300 con 0x7f1a70108460
2024-03-28T05:14:14.163 INFO:teuthology.orchestra.run.smithi023.stdout:/usr/bin/ceph: stderr
2024-03-28T05:14:13.361+0000 7f1a751f5700 1 -- 172.21.15.23:0/3148331197 <== mon.0 v2:172.21.15.23:3300/0 3 ==== mon_map magic: 0 v1 ==== 205+0+0 (secure 0 0 0) 0x7f1a6c011b20 con 0x7f1a70108460
2024-03-28T05:14:14.163 INFO:teuthology.orchestra.run.smithi023.stdout:/usr/bin/ceph: stderr
2024-03-28T05:14:13.361+0000 7f1a7845b700 1 -- 172.21.15.23:0/3148331197 >> [v2:172.21.15.23:3300/0,v1:172.21.15.23:6789/0] conn(0x7f1a70108460 msgr2=0x7f1a7010a850 secure :-1 s=STATE_CONNECTION_ESTABLISHED l=1).mark_down
2024-03-28T05:14:14.163 INFO:teuthology.orchestra.run.smithi023.stdout:/usr/bin/ceph: stderr
2024-03-28T05:14:13.361+0000 7f1a7845b700 1 --2- 172.21.15.23:0/3148331197 >> [v2:172.21.15.23:3300/0,v1:172.21.15.23:6789/0] conn(0x7f1a70108460 0x7f1a7010a850 secure :-1 s=READY pgs=72 cs=0 l=1 rev1=1 crypto rx=0x7f1a6c0098a0 tx=0x7f1a6c009bb0 comp rx=0 tx=0).stop
2024-03-28T05:14:14.163 INFO:teuthology.orchestra.run.smithi023.stdout:/usr/bin/ceph: stderr
2024-03-28T05:14:13.362+0000 7f1a7845b700 1 -- 172.21.15.23:0/3148331197 shutdown_connections
2024-03-28T05:14:14.163 INFO:teuthology.orchestra.run.smithi023.stdout:/usr/bin/ceph: stderr
2024-03-28T05:14:13.362+0000 7f1a7845b700 1 --2- 172.21.15.23:0/3148331197 >> [v2:172.21.15.23:3300/0,v1:172.21.15.23:6789/0] conn(0x7f1a70108460 0x7f1a7010a850 unknown :-1 s=CLOSED pgs=72 cs=0 l=1 rev1=1 crypto rx=0 tx=0 comp rx=0 tx=0).stop
2024-03-28T05:14:14.163 INFO:teuthology.orchestra.run.smithi023.stdout:/usr/bin/ceph: stderr
2024-03-28T05:14:13.362+0000 7f1a7845b700 1 -- 172.21.15.23:0/3148331197 >> 172.21.15.23:0/3148331197 conn(0x7f1a70101f10 msgr2=0x7f1a70104330 unknown :-1 s=STATE_NONE l=0).mark_down
2024-03-28T05:14:14.163 INFO:teuthology.orchestra.run.smithi023.stdout:/usr/bin/ceph: stderr
2024-03-28T05:14:13.362+0000 7f1a7845b700 1 -- 172.21.15.23:0/3148331197 shutdown_connections
2024-03-28T05:14:14.163 INFO:teuthology.orchestra.run.smithi023.stdout:/usr/bin/ceph: stderr
2024-03-28T05:14:13.362+0000 7f1a7845b700 1 -- 172.21.15.23:0/3148331197 wait complete.
2024-03-28T05:14:14.163 INFO:teuthology.orchestra.run.smithi023.stdout:/usr/bin/ceph: stderr
2024-03-28T05:14:13.362+0000 7f1a7845b700 1 Processor -- start
2024-03-28T05:14:14.163 INFO:teuthology.orchestra.run.smithi023.stdout:/usr/bin/ceph: stderr
2024-03-28T05:14:13.362+0000 7f1a7845b700 1 -- start start
2024-03-28T05:14:14.164 INFO:teuthology.orchestra.run.smithi023.stdout:/usr/bin/ceph: stderr
2024-03-28T05:14:13.362+0000 7f1a7845b700 1 --2- >> [v2:172.21.15.23:3300/0,v1:172.21.15.23:6789/0] conn(0x7f1a70108460 0x7f1a70107ce0 unknown :-1 s=NONE pgs=0 cs=0 l=1 rev1=0 crypto rx=0 tx=0 comp rx=0 tx=0).connect
2024-03-28T05:14:14.164 INFO:teuthology.orchestra.run.smithi023.stdout:/usr/bin/ceph: stderr
2024-03-28T05:14:13.362+0000 7f1a7845b700 1 -- --> [v2:172.21.15.23:3300/0,v1:172.21.15.23:6789/0] -- mon_getmap magic: 0 v1 -- 0x7f1a7010bd90 con 0x7f1a70108460
2024-03-28T05:14:14.164 INFO:teuthology.orchestra.run.smithi023.stdout:/usr/bin/ceph: stderr
2024-03-28T05:14:13.363+0000 7f1a761f7700 1 --2- >> [v2:172.21.15.23:3300/0,v1:172.21.15.23:6789/0] conn(0x7f1a70108460 0x7f1a70107ce0 unknown :-1 s=BANNER_CONNECTING pgs=0 cs=0 l=1 rev1=0 crypto rx=0 tx=0 comp rx=0 tx=0)._handle_peer_banner_payload supported=3 required=0
2024-03-28T05:14:14.164 INFO:teuthology.orchestra.run.smithi023.stdout:/usr/bin/ceph: stderr
2024-03-28T05:14:13.363+0000 7f1a761f7700 1 --2- >> [v2:172.21.15.23:3300/0,v1:172.21.15.23:6789/0] conn(0x7f1a70108460 0x7f1a70107ce0 unknown :-1 s=HELLO_CONNECTING pgs=0 cs=0 l=1 rev1=1 crypto rx=0 tx=0 comp rx=0 tx=0).handle_hello peer v2:172.21.15.23:3300/0 says I am v2:172.21.15.23:45246/0 (socket says 172.21.15.23:45246)
2024-03-28T05:14:14.164 INFO:teuthology.orchestra.run.smithi023.stdout:/usr/bin/ceph: stderr
2024-03-28T05:14:13.363+0000 7f1a761f7700 1 -- 172.21.15.23:0/2998261859 learned_addr learned my addr 172.21.15.23:0/2998261859 (peer_addr_for_me v2:172.21.15.23:0/0)
2024-03-28T05:14:14.164 INFO:teuthology.orchestra.run.smithi023.stdout:/usr/bin/ceph: stderr
2024-03-28T05:14:13.363+0000 7f1a761f7700 1 -- 172.21.15.23:0/2998261859 --> [v2:172.21.15.23:3300/0,v1:172.21.15.23:6789/0] -- mon_subscribe({config=0+,monmap=0+}) v3 -- 0x7f1a70108220 con 0x7f1a70108460
2024-03-28T05:14:14.164 INFO:teuthology.orchestra.run.smithi023.stdout:/usr/bin/ceph: stderr
2024-03-28T05:14:13.363+0000 7f1a761f7700 1 --2- 172.21.15.23:0/2998261859 >> [v2:172.21.15.23:3300/0,v1:172.21.15.23:6789/0] conn(0x7f1a70108460 0x7f1a70107ce0 secure :-1 s=READY pgs=73 cs=0 l=1 rev1=1 crypto rx=0x7f1a6c0116a0 tx=0x7f1a6c011ba0 comp rx=0 tx=0).ready entity=mon.0 client_cookie=0 server_cookie=0 in_seq=0 out_seq=0
2024-03-28T05:14:14.164 INFO:teuthology.orchestra.run.smithi023.stdout:/usr/bin/ceph: stderr
2024-03-28T05:14:13.363+0000 7f1a677fe700 1 -- 172.21.15.23:0/2998261859 <== mon.0 v2:172.21.15.23:3300/0 1 ==== mon_map magic: 0 v1 ==== 205+0+0 (secure 0 0 0) 0x7f1a6c003a40 con 0x7f1a70108460
2024-03-28T05:14:14.164 INFO:teuthology.orchestra.run.smithi023.stdout:/usr/bin/ceph: stderr
2024-03-28T05:14:13.363+0000 7f1a677fe700 1 -- 172.21.15.23:0/2998261859 <== mon.0 v2:172.21.15.23:3300/0 2 ==== config(27 keys) v1 ==== 1140+0+0 (secure 0 0 0) 0x7f1a6c003be0 con 0x7f1a70108460
2024-03-28T05:14:14.164 INFO:teuthology.orchestra.run.smithi023.stdout:/usr/bin/ceph: stderr
2024-03-28T05:14:13.363+0000 7f1a7845b700 1 -- 172.21.15.23:0/2998261859 --> [v2:172.21.15.23:3300/0,v1:172.21.15.23:6789/0] -- mon_subscribe({mgrmap=0+}) v3 -- 0x7f1a70106410 con 0x7f1a70108460
2024-03-28T05:14:14.164 INFO:teuthology.orchestra.run.smithi023.stdout:/usr/bin/ceph: stderr
2024-03-28T05:14:13.363+0000 7f1a677fe700 1 -- 172.21.15.23:0/2998261859 <== mon.0 v2:172.21.15.23:3300/0 3 ==== mon_map magic: 0 v1 ==== 205+0+0 (secure 0 0 0) 0x7f1a6c01a750 con 0x7f1a70108460
2024-03-28T05:14:14.164 INFO:teuthology.orchestra.run.smithi023.stdout:/usr/bin/ceph: stderr
2024-03-28T05:14:13.363+0000 7f1a7845b700 1 -- 172.21.15.23:0/2998261859 --> [v2:172.21.15.23:3300/0,v1:172.21.15.23:6789/0] -- mon_subscribe({osdmap=0}) v3 -- 0x7f1a701068d0 con 0x7f1a70108460
2024-03-28T05:14:14.164 INFO:teuthology.orchestra.run.smithi023.stdout:/usr/bin/ceph: stderr
2024-03-28T05:14:13.364+0000 7f1a677fe700 1 -- 172.21.15.23:0/2998261859 <== mon.0 v2:172.21.15.23:3300/0 4 ==== mgrmap(e 12) v1 ==== 46119+0+0 (secure 0 0 0) 0x7f1a6c01aa00 con 0x7f1a70108460
2024-03-28T05:14:14.164 INFO:teuthology.orchestra.run.smithi023.stdout:/usr/bin/ceph: stderr
2024-03-28T05:14:13.364+0000 7f1a677fe700 1 --2- 172.21.15.23:0/2998261859 >> [v2:172.21.15.23:6800/222178108,v1:172.21.15.23:6801/222178108] conn(0x7f1a5c038f80 0x7f1a5c03b440 unknown :-1 s=NONE pgs=0 cs=0 l=1 rev1=0 crypto rx=0 tx=0 comp rx=0 tx=0).connect
2024-03-28T05:14:14.164 INFO:teuthology.orchestra.run.smithi023.stdout:/usr/bin/ceph: stderr
2024-03-28T05:14:13.364+0000 7f1a677fe700 1 -- 172.21.15.23:0/2998261859 <== mon.0 v2:172.21.15.23:3300/0 5 ==== osd_map(3..3 src has 1..3) v4 ==== 1155+0+0 (secure 0 0 0) 0x7f1a6c04d4d0 con 0x7f1a70108460
2024-03-28T05:14:14.164 INFO:teuthology.orchestra.run.smithi023.stdout:/usr/bin/ceph: stderr
2024-03-28T05:14:13.364+0000 7f1a759f6700 1 --2- 172.21.15.23:0/2998261859 >> [v2:172.21.15.23:6800/222178108,v1:172.21.15.23:6801/222178108] conn(0x7f1a5c038f80 0x7f1a5c03b440 unknown :-1 s=BANNER_CONNECTING pgs=0 cs=0 l=1 rev1=0 crypto rx=0 tx=0 comp rx=0 tx=0)._handle_peer_banner_payload supported=3 required=0
2024-03-28T05:14:14.165 INFO:teuthology.orchestra.run.smithi023.stdout:/usr/bin/ceph: stderr
2024-03-28T05:14:13.364+0000 7f1a7845b700 1 -- 172.21.15.23:0/2998261859 --> [v2:172.21.15.23:3300/0,v1:172.21.15.23:6789/0] -- mon_command({"prefix": "get_command_descriptions"} v 0) v1 -- 0x7f1a700637c0 con 0x7f1a70108460
2024-03-28T05:14:14.165 INFO:teuthology.orchestra.run.smithi023.stdout:/usr/bin/ceph: stderr
2024-03-28T05:14:13.365+0000 7f1a759f6700 1 --2- 172.21.15.23:0/2998261859 >> [v2:172.21.15.23:6800/222178108,v1:172.21.15.23:6801/222178108] conn(0x7f1a5c038f80 0x7f1a5c03b440 secure :-1 s=READY pgs=9 cs=0 l=1 rev1=1 crypto rx=0x7f1a60006fd0 tx=0x7f1a60006e40 comp rx=0 tx=0).ready entity=mgr.14150 client_cookie=0 server_cookie=0 in_seq=0 out_seq=0
2024-03-28T05:14:14.165 INFO:teuthology.orchestra.run.smithi023.stdout:/usr/bin/ceph: stderr
2024-03-28T05:14:13.370+0000 7f1a677fe700 1 -- 172.21.15.23:0/2998261859 <== mon.0 v2:172.21.15.23:3300/0 6 ==== mon_command_ack([{"prefix": "get_command_descriptions"}]=0 v0) v1 ==== 72+0+186149 (secure 0 0 0) 0x7f1a6c011e20 con 0x7f1a70108460
2024-03-28T05:14:14.165 INFO:teuthology.orchestra.run.smithi023.stdout:/usr/bin/ceph: stderr
2024-03-28T05:14:13.575+0000 7f1a7845b700 1 -- 172.21.15.23:0/2998261859 --> [v2:172.21.15.23:3300/0,v1:172.21.15.23:6789/0] -- mon_command({"prefix": "config get", "who": "mgr", "key": "mgr/dashboard/ssl_server_port"} v 0) v1 -- 0x7f1a70106f50 con 0x7f1a70108460
2024-03-28T05:14:14.165 INFO:teuthology.orchestra.run.smithi023.stdout:/usr/bin/ceph: stderr
2024-03-28T05:14:13.576+0000 7f1a677fe700 1 -- 172.21.15.23:0/2998261859 <== mon.0 v2:172.21.15.23:3300/0 7 ==== mon_command_ack([{"prefix": "config get", "who": "mgr", "key": "mgr/dashboard/ssl_server_port"}]=0 v8) v1 ==== 112+0+5 (secure 0 0 0) 0x7f1a6c01ad40 con 0x7f1a70108460
2024-03-28T05:14:14.165 INFO:teuthology.orchestra.run.smithi023.stdout:/usr/bin/ceph: stderr
2024-03-28T05:14:13.578+0000 7f1a7845b700 1 -- 172.21.15.23:0/2998261859 >> [v2:172.21.15.23:6800/222178108,v1:172.21.15.23:6801/222178108] conn(0x7f1a5c038f80 msgr2=0x7f1a5c03b440 secure :-1 s=STATE_CONNECTION_ESTABLISHED l=1).mark_down
2024-03-28T05:14:14.165 INFO:teuthology.orchestra.run.smithi023.stdout:/usr/bin/ceph: stderr
2024-03-28T05:14:13.578+0000 7f1a7845b700 1 --2- 172.21.15.23:0/2998261859 >> [v2:172.21.15.23:6800/222178108,v1:172.21.15.23:6801/222178108] conn(0x7f1a5c038f80 0x7f1a5c03b440 secure :-1 s=READY pgs=9 cs=0 l=1 rev1=1 crypto rx=0x7f1a60006fd0 tx=0x7f1a60006e40 comp rx=0 tx=0).stop
2024-03-28T05:14:14.165 INFO:teuthology.orchestra.run.smithi023.stdout:/usr/bin/ceph: stderr
2024-03-28T05:14:13.578+0000 7f1a7845b700 1 -- 172.21.15.23:0/2998261859 >> [v2:172.21.15.23:3300/0,v1:172.21.15.23:6789/0] conn(0x7f1a70108460 msgr2=0x7f1a70107ce0 secure :-1 s=STATE_CONNECTION_ESTABLISHED l=1).mark_down
2024-03-28T05:14:14.165 INFO:teuthology.orchestra.run.smithi023.stdout:/usr/bin/ceph: stderr
2024-03-28T05:14:13.578+0000 7f1a7845b700 1 --2- 172.21.15.23:0/2998261859 >> [v2:172.21.15.23:3300/0,v1:172.21.15.23:6789/0] conn(0x7f1a70108460 0x7f1a70107ce0 secure :-1 s=READY pgs=73 cs=0 l=1 rev1=1 crypto rx=0x7f1a6c0116a0 tx=0x7f1a6c011ba0 comp rx=0 tx=0).stop
2024-03-28T05:14:14.165 INFO:teuthology.orchestra.run.smithi023.stdout:/usr/bin/ceph: stderr
2024-03-28T05:14:13.578+0000 7f1a7845b700 1 -- 172.21.15.23:0/2998261859 shutdown_connections
2024-03-28T05:14:14.165 INFO:teuthology.orchestra.run.smithi023.stdout:/usr/bin/ceph: stderr
2024-03-28T05:14:13.578+0000 7f1a7845b700 1 --2- 172.21.15.23:0/2998261859 >> [v2:172.21.15.23:6800/222178108,v1:172.21.15.23:6801/222178108] conn(0x7f1a5c038f80 0x7f1a5c03b440 unknown :-1 s=CLOSED pgs=9 cs=0 l=1 rev1=1 crypto rx=0 tx=0 comp rx=0 tx=0).stop
2024-03-28T05:14:14.165 INFO:teuthology.orchestra.run.smithi023.stdout:/usr/bin/ceph: stderr
2024-03-28T05:14:13.578+0000 7f1a7845b700 1 --2- 172.21.15.23:0/2998261859 >> [v2:172.21.15.23:3300/0,v1:172.21.15.23:6789/0] conn(0x7f1a70108460 0x7f1a70107ce0 unknown :-1 s=CLOSED pgs=73 cs=0 l=1 rev1=1 crypto rx=0 tx=0 comp rx=0 tx=0).stop
2024-03-28T05:14:14.165 INFO:teuthology.orchestra.run.smithi023.stdout:/usr/bin/ceph: stderr
2024-03-28T05:14:13.578+0000 7f1a7845b700 1 -- 172.21.15.23:0/2998261859 >> 172.21.15.23:0/2998261859 conn(0x7f1a70101f10 msgr2=0x7f1a70102a30 unknown :-1 s=STATE_NONE l=0).mark_down
2024-03-28T05:14:14.165 INFO:teuthology.orchestra.run.smithi023.stdout:/usr/bin/ceph: stderr
2024-03-28T05:14:13.578+0000 7f1a7845b700 1 -- 172.21.15.23:0/2998261859 shutdown_connections
2024-03-28T05:14:14.165 INFO:teuthology.orchestra.run.smithi023.stdout:/usr/bin/ceph: stderr
2024-03-28T05:14:13.578+0000 7f1a7845b700 1 -- 172.21.15.23:0/2998261859 wait complete.
2024-03-28T05:14:14.168 INFO:teuthology.orchestra.run.smithi023.stdout:Non-zero exit code 1 from systemctl is-enabled firewalld.service
2024-03-28T05:14:14.168 INFO:teuthology.orchestra.run.smithi023.stdout:systemctl: stdout disabled
2024-03-28T05:14:14.175 INFO:teuthology.orchestra.run.smithi023.stdout:Non-zero exit code 3 from systemctl is-active firewalld.service
2024-03-28T05:14:14.175 INFO:teuthology.orchestra.run.smithi023.stdout:systemctl: stdout inactive
2024-03-28T05:14:14.175 INFO:teuthology.orchestra.run.smithi023.stdout:firewalld.service is not enabled
2024-03-28T05:14:14.175 INFO:teuthology.orchestra.run.smithi023.stdout:Not possible to open ports <[8443]>. firewalld.service is not available
2024-03-28T05:14:14.177 INFO:teuthology.orchestra.run.smithi023.stdout:Ceph Dashboard is now available at:
2024-03-28T05:14:14.177 INFO:teuthology.orchestra.run.smithi023.stdout:
2024-03-28T05:14:14.177 INFO:teuthology.orchestra.run.smithi023.stdout: URL: https://smithi023.front.sepia.ceph.com:8443/
2024-03-28T05:14:14.177 INFO:teuthology.orchestra.run.smithi023.stdout: User: admin
2024-03-28T05:14:14.177 INFO:teuthology.orchestra.run.smithi023.stdout: Password: ytvejz2f48
2024-03-28T05:14:14.177 INFO:teuthology.orchestra.run.smithi023.stdout:
2024-03-28T05:14:14.177 INFO:teuthology.orchestra.run.smithi023.stdout:Saving cluster configuration to /var/lib/ceph/bf37ebc4-ecc1-11ee-95d0-87774f69a715/config directory
2024-03-28T05:14:14.177 INFO:teuthology.orchestra.run.smithi023.stdout:Enabling autotune for osd_memory_target
2024-03-28T05:14:14.726 INFO:journalctl@ceph.mon.a.smithi023.stdout:Mar 28 05:14:14 smithi023 ceph-mon[31954]: from='client.? 172.21.15.23:0/2998261859' entity='client.admin' cmd=[{"prefix": "config get", "who": "mgr", "key": "mgr/dashboard/ssl_server_port"}]: dispatch
2024-03-28T05:14:15.445 INFO:teuthology.orchestra.run.smithi023.stdout:/usr/bin/ceph: stderr
2024-03-28T05:14:14.604+0000 7f7c2f361700 1 Processor -- start
2024-03-28T05:14:15.446 INFO:teuthology.orchestra.run.smithi023.stdout:/usr/bin/ceph: stderr
2024-03-28T05:14:14.605+0000 7f7c2f361700 1 -- start start
2024-03-28T05:14:15.446 INFO:teuthology.orchestra.run.smithi023.stdout:/usr/bin/ceph: stderr
2024-03-28T05:14:14.605+0000 7f7c2f361700 1 --2- >> [v2:172.21.15.23:3300/0,v1:172.21.15.23:6789/0] conn(0x7f7c28108490 0x7f7c2810a880 unknown :-1 s=NONE pgs=0 cs=0 l=0 rev1=0 crypto rx=0 tx=0 comp rx=0 tx=0).connect
2024-03-28T05:14:15.446 INFO:teuthology.orchestra.run.smithi023.stdout:/usr/bin/ceph: stderr
2024-03-28T05:14:14.605+0000 7f7c2f361700 1 -- --> [v2:172.21.15.23:3300/0,v1:172.21.15.23:6789/0] -- mon_getmap magic: 0 v1 -- 0x7f7c2807ae70 con 0x7f7c28108490
2024-03-28T05:14:15.446 INFO:teuthology.orchestra.run.smithi023.stdout:/usr/bin/ceph: stderr
2024-03-28T05:14:14.605+0000 7f7c2d0fd700 1 --2- >> [v2:172.21.15.23:3300/0,v1:172.21.15.23:6789/0] conn(0x7f7c28108490 0x7f7c2810a880 unknown :-1 s=BANNER_CONNECTING pgs=0 cs=0 l=0 rev1=0 crypto rx=0 tx=0 comp rx=0 tx=0)._handle_peer_banner_payload supported=3 required=0
2024-03-28T05:14:15.446 INFO:teuthology.orchestra.run.smithi023.stdout:/usr/bin/ceph: stderr
2024-03-28T05:14:14.605+0000 7f7c2d0fd700 1 --2- >> [v2:172.21.15.23:3300/0,v1:172.21.15.23:6789/0] conn(0x7f7c28108490 0x7f7c2810a880 unknown :-1 s=HELLO_CONNECTING pgs=0 cs=0 l=0 rev1=1 crypto rx=0 tx=0 comp rx=0 tx=0).handle_hello peer v2:172.21.15.23:3300/0 says I am v2:172.21.15.23:45248/0 (socket says 172.21.15.23:45248)
2024-03-28T05:14:15.446 INFO:teuthology.orchestra.run.smithi023.stdout:/usr/bin/ceph: stderr
2024-03-28T05:14:14.605+0000 7f7c2d0fd700 1 -- 172.21.15.23:0/3553939179 learned_addr learned my addr 172.21.15.23:0/3553939179 (peer_addr_for_me v2:172.21.15.23:0/0)
2024-03-28T05:14:15.446 INFO:teuthology.orchestra.run.smithi023.stdout:/usr/bin/ceph: stderr
2024-03-28T05:14:14.605+0000 7f7c2d0fd700 1 -- 172.21.15.23:0/3553939179 --> [v2:172.21.15.23:3300/0,v1:172.21.15.23:6789/0] -- mon_subscribe({config=0+,monmap=0+}) v3 -- 0x7f7c2810adc0 con 0x7f7c28108490
2024-03-28T05:14:15.446 INFO:teuthology.orchestra.run.smithi023.stdout:/usr/bin/ceph: stderr
2024-03-28T05:14:14.606+0000 7f7c2d0fd700 1 --2- 172.21.15.23:0/3553939179 >> [v2:172.21.15.23:3300/0,v1:172.21.15.23:6789/0] conn(0x7f7c28108490 0x7f7c2810a880 secure :-1 s=READY pgs=74 cs=0 l=1 rev1=1 crypto rx=0x7f7c240098a0 tx=0x7f7c24009bb0 comp rx=0 tx=0).ready entity=mon.0 client_cookie=13a635513b5473de server_cookie=0 in_seq=0 out_seq=0
2024-03-28T05:14:15.446 INFO:teuthology.orchestra.run.smithi023.stdout:/usr/bin/ceph: stderr
2024-03-28T05:14:14.606+0000 7f7c1ffff700 1 -- 172.21.15.23:0/3553939179 <== mon.0 v2:172.21.15.23:3300/0 1 ==== mon_map magic: 0 v1 ==== 205+0+0 (secure 0 0 0) 0x7f7c24004160 con 0x7f7c28108490
2024-03-28T05:14:15.446 INFO:teuthology.orchestra.run.smithi023.stdout:/usr/bin/ceph: stderr
2024-03-28T05:14:14.606+0000 7f7c1ffff700 1 -- 172.21.15.23:0/3553939179 <== mon.0 v2:172.21.15.23:3300/0 2 ==== config(27 keys) v1 ==== 1140+0+0 (secure 0 0 0) 0x7f7c24004300 con 0x7f7c28108490
2024-03-28T05:14:15.446 INFO:teuthology.orchestra.run.smithi023.stdout:/usr/bin/ceph: stderr
2024-03-28T05:14:14.606+0000 7f7c1ffff700 1 -- 172.21.15.23:0/3553939179 <== mon.0 v2:172.21.15.23:3300/0 3 ==== mon_map magic: 0 v1 ==== 205+0+0 (secure 0 0 0) 0x7f7c24011b20 con 0x7f7c28108490
2024-03-28T05:14:15.446 INFO:teuthology.orchestra.run.smithi023.stdout:/usr/bin/ceph: stderr
2024-03-28T05:14:14.606+0000 7f7c2f361700 1 -- 172.21.15.23:0/3553939179 >> [v2:172.21.15.23:3300/0,v1:172.21.15.23:6789/0] conn(0x7f7c28108490 msgr2=0x7f7c2810a880 secure :-1 s=STATE_CONNECTION_ESTABLISHED l=1).mark_down
2024-03-28T05:14:15.446 INFO:teuthology.orchestra.run.smithi023.stdout:/usr/bin/ceph: stderr
2024-03-28T05:14:14.606+0000 7f7c2f361700 1 --2- 172.21.15.23:0/3553939179 >> [v2:172.21.15.23:3300/0,v1:172.21.15.23:6789/0] conn(0x7f7c28108490 0x7f7c2810a880 secure :-1 s=READY pgs=74 cs=0 l=1 rev1=1 crypto rx=0x7f7c240098a0 tx=0x7f7c24009bb0 comp rx=0 tx=0).stop
2024-03-28T05:14:15.447 INFO:teuthology.orchestra.run.smithi023.stdout:/usr/bin/ceph: stderr
2024-03-28T05:14:14.606+0000 7f7c2f361700 1 -- 172.21.15.23:0/3553939179 shutdown_connections
2024-03-28T05:14:15.447 INFO:teuthology.orchestra.run.smithi023.stdout:/usr/bin/ceph: stderr
2024-03-28T05:14:14.606+0000 7f7c2f361700 1 --2- 172.21.15.23:0/3553939179 >> [v2:172.21.15.23:3300/0,v1:172.21.15.23:6789/0] conn(0x7f7c28108490 0x7f7c2810a880 unknown :-1 s=CLOSED pgs=74 cs=0 l=1 rev1=1 crypto rx=0 tx=0 comp rx=0 tx=0).stop
2024-03-28T05:14:15.447 INFO:teuthology.orchestra.run.smithi023.stdout:/usr/bin/ceph: stderr
2024-03-28T05:14:14.606+0000 7f7c2f361700 1 -- 172.21.15.23:0/3553939179 >> 172.21.15.23:0/3553939179 conn(0x7f7c28101f20 msgr2=0x7f7c28104340 unknown :-1 s=STATE_NONE l=0).mark_down
2024-03-28T05:14:15.447 INFO:teuthology.orchestra.run.smithi023.stdout:/usr/bin/ceph: stderr
2024-03-28T05:14:14.606+0000 7f7c2f361700 1 -- 172.21.15.23:0/3553939179 shutdown_connections
2024-03-28T05:14:15.447 INFO:teuthology.orchestra.run.smithi023.stdout:/usr/bin/ceph: stderr
2024-03-28T05:14:14.606+0000 7f7c2f361700 1 -- 172.21.15.23:0/3553939179 wait complete.
2024-03-28T05:14:15.447 INFO:teuthology.orchestra.run.smithi023.stdout:/usr/bin/ceph: stderr
2024-03-28T05:14:14.607+0000 7f7c2f361700 1 Processor -- start
2024-03-28T05:14:15.447 INFO:teuthology.orchestra.run.smithi023.stdout:/usr/bin/ceph: stderr
2024-03-28T05:14:14.607+0000 7f7c2f361700 1 -- start start
2024-03-28T05:14:15.447 INFO:teuthology.orchestra.run.smithi023.stdout:/usr/bin/ceph: stderr
2024-03-28T05:14:14.607+0000 7f7c2f361700 1 --2- >> [v2:172.21.15.23:3300/0,v1:172.21.15.23:6789/0] conn(0x7f7c28108490 0x7f7c2819b960 unknown :-1 s=NONE pgs=0 cs=0 l=1 rev1=0 crypto rx=0 tx=0 comp rx=0 tx=0).connect
2024-03-28T05:14:15.447 INFO:teuthology.orchestra.run.smithi023.stdout:/usr/bin/ceph: stderr
2024-03-28T05:14:14.607+0000 7f7c2f361700 1 -- --> [v2:172.21.15.23:3300/0,v1:172.21.15.23:6789/0] -- mon_getmap magic: 0 v1 -- 0x7f7c2810bdd0 con 0x7f7c28108490
2024-03-28T05:14:15.447 INFO:teuthology.orchestra.run.smithi023.stdout:/usr/bin/ceph: stderr
2024-03-28T05:14:14.607+0000 7f7c2d0fd700 1 --2- >> [v2:172.21.15.23:3300/0,v1:172.21.15.23:6789/0] conn(0x7f7c28108490 0x7f7c2819b960 unknown :-1 s=BANNER_CONNECTING pgs=0 cs=0 l=1 rev1=0 crypto rx=0 tx=0 comp rx=0 tx=0)._handle_peer_banner_payload supported=3 required=0
2024-03-28T05:14:15.447 INFO:teuthology.orchestra.run.smithi023.stdout:/usr/bin/ceph: stderr
2024-03-28T05:14:14.607+0000 7f7c2d0fd700 1 --2- >> [v2:172.21.15.23:3300/0,v1:172.21.15.23:6789/0] conn(0x7f7c28108490 0x7f7c2819b960 unknown :-1 s=HELLO_CONNECTING pgs=0 cs=0 l=1 rev1=1 crypto rx=0 tx=0 comp rx=0 tx=0).handle_hello peer v2:172.21.15.23:3300/0 says I am v2:172.21.15.23:45254/0 (socket says 172.21.15.23:45254)
2024-03-28T05:14:15.447 INFO:teuthology.orchestra.run.smithi023.stdout:/usr/bin/ceph: stderr
2024-03-28T05:14:14.607+0000 7f7c2d0fd700 1 -- 172.21.15.23:0/2931324393 learned_addr learned my addr 172.21.15.23:0/2931324393 (peer_addr_for_me v2:172.21.15.23:0/0)
2024-03-28T05:14:15.447 INFO:teuthology.orchestra.run.smithi023.stdout:/usr/bin/ceph: stderr
2024-03-28T05:14:14.608+0000 7f7c2d0fd700 1 -- 172.21.15.23:0/2931324393 --> [v2:172.21.15.23:3300/0,v1:172.21.15.23:6789/0] -- mon_subscribe({config=0+,monmap=0+}) v3 -- 0x7f7c2819bea0 con 0x7f7c28108490
2024-03-28T05:14:15.447 INFO:teuthology.orchestra.run.smithi023.stdout:/usr/bin/ceph: stderr
2024-03-28T05:14:14.608+0000 7f7c2d0fd700 1 --2- 172.21.15.23:0/2931324393 >> [v2:172.21.15.23:3300/0,v1:172.21.15.23:6789/0] conn(0x7f7c28108490 0x7f7c2819b960 secure :-1 s=READY pgs=75 cs=0 l=1 rev1=1 crypto rx=0x7f7c240116a0 tx=0x7f7c24011ba0 comp rx=0 tx=0).ready entity=mon.0 client_cookie=0 server_cookie=0 in_seq=0 out_seq=0
2024-03-28T05:14:15.447 INFO:teuthology.orchestra.run.smithi023.stdout:/usr/bin/ceph: stderr
2024-03-28T05:14:14.608+0000 7f7c1e7fc700 1 -- 172.21.15.23:0/2931324393 <== mon.0 v2:172.21.15.23:3300/0 1 ==== mon_map magic: 0 v1 ==== 205+0+0 (secure 0 0 0) 0x7f7c24003a40 con 0x7f7c28108490
2024-03-28T05:14:15.447 INFO:teuthology.orchestra.run.smithi023.stdout:/usr/bin/ceph: stderr
2024-03-28T05:14:14.608+0000 7f7c1e7fc700 1 -- 172.21.15.23:0/2931324393 <== mon.0 v2:172.21.15.23:3300/0 2 ==== config(27 keys) v1 ==== 1140+0+0 (secure 0 0 0) 0x7f7c24003be0 con 0x7f7c28108490
2024-03-28T05:14:15.448 INFO:teuthology.orchestra.run.smithi023.stdout:/usr/bin/ceph: stderr
2024-03-28T05:14:14.608+0000 7f7c2f361700 1 -- 172.21.15.23:0/2931324393 --> [v2:172.21.15.23:3300/0,v1:172.21.15.23:6789/0] -- mon_subscribe({mgrmap=0+}) v3 -- 0x7f7c2819c130 con 0x7f7c28108490
2024-03-28T05:14:15.448 INFO:teuthology.orchestra.run.smithi023.stdout:/usr/bin/ceph: stderr
2024-03-28T05:14:14.608+0000 7f7c1e7fc700 1 -- 172.21.15.23:0/2931324393 <== mon.0 v2:172.21.15.23:3300/0 3 ==== mon_map magic: 0 v1 ==== 205+0+0 (secure 0 0 0) 0x7f7c2401a750 con 0x7f7c28108490
2024-03-28T05:14:15.448 INFO:teuthology.orchestra.run.smithi023.stdout:/usr/bin/ceph: stderr
2024-03-28T05:14:14.608+0000 7f7c2f361700 1 -- 172.21.15.23:0/2931324393 --> [v2:172.21.15.23:3300/0,v1:172.21.15.23:6789/0] -- mon_subscribe({osdmap=0}) v3 -- 0x7f7c2819c590 con 0x7f7c28108490
2024-03-28T05:14:15.448 INFO:teuthology.orchestra.run.smithi023.stdout:/usr/bin/ceph: stderr
2024-03-28T05:14:14.609+0000 7f7c1e7fc700 1 -- 172.21.15.23:0/2931324393 <== mon.0 v2:172.21.15.23:3300/0 4 ==== mgrmap(e 12) v1 ==== 46119+0+0 (secure 0 0 0) 0x7f7c24024aa0 con 0x7f7c28108490
2024-03-28T05:14:15.448 INFO:teuthology.orchestra.run.smithi023.stdout:/usr/bin/ceph: stderr
2024-03-28T05:14:14.609+0000 7f7c1e7fc700 1 --2- 172.21.15.23:0/2931324393 >> [v2:172.21.15.23:6800/222178108,v1:172.21.15.23:6801/222178108] conn(0x7f7c14038f20 0x7f7c1403b3e0 unknown :-1 s=NONE pgs=0 cs=0 l=1 rev1=0 crypto rx=0 tx=0 comp rx=0 tx=0).connect
2024-03-28T05:14:15.448 INFO:teuthology.orchestra.run.smithi023.stdout:/usr/bin/ceph: stderr
2024-03-28T05:14:14.609+0000 7f7c2f361700 1 -- 172.21.15.23:0/2931324393 --> [v2:172.21.15.23:3300/0,v1:172.21.15.23:6789/0] -- mon_command({"prefix": "get_command_descriptions"} v 0) v1 -- 0x7f7c280637c0 con 0x7f7c28108490
2024-03-28T05:14:15.448 INFO:teuthology.orchestra.run.smithi023.stdout:/usr/bin/ceph: stderr
2024-03-28T05:14:14.609+0000 7f7c1e7fc700 1 -- 172.21.15.23:0/2931324393 <== mon.0 v2:172.21.15.23:3300/0 5 ==== osd_map(3..3 src has 1..3) v4 ==== 1155+0+0 (secure 0 0 0) 0x7f7c2404d650 con 0x7f7c28108490
2024-03-28T05:14:15.448 INFO:teuthology.orchestra.run.smithi023.stdout:/usr/bin/ceph: stderr
2024-03-28T05:14:14.609+0000 7f7c2c8fc700 1 --2- 172.21.15.23:0/2931324393 >> [v2:172.21.15.23:6800/222178108,v1:172.21.15.23:6801/222178108] conn(0x7f7c14038f20 0x7f7c1403b3e0 unknown :-1 s=BANNER_CONNECTING pgs=0 cs=0 l=1 rev1=0 crypto rx=0 tx=0 comp rx=0 tx=0)._handle_peer_banner_payload supported=3 required=0
2024-03-28T05:14:15.448 INFO:teuthology.orchestra.run.smithi023.stdout:/usr/bin/ceph: stderr
2024-03-28T05:14:14.610+0000 7f7c2c8fc700 1 --2- 172.21.15.23:0/2931324393 >> [v2:172.21.15.23:6800/222178108,v1:172.21.15.23:6801/222178108] conn(0x7f7c14038f20 0x7f7c1403b3e0 secure :-1 s=READY pgs=10 cs=0 l=1 rev1=1 crypto rx=0x7f7c18006fd0 tx=0x7f7c18006e40 comp rx=0 tx=0).ready entity=mgr.14150 client_cookie=0 server_cookie=0 in_seq=0 out_seq=0
2024-03-28T05:14:15.448 INFO:teuthology.orchestra.run.smithi023.stdout:/usr/bin/ceph: stderr
2024-03-28T05:14:14.614+0000 7f7c1e7fc700 1 -- 172.21.15.23:0/2931324393 <== mon.0 v2:172.21.15.23:3300/0 6 ==== mon_command_ack([{"prefix": "get_command_descriptions"}]=0 v0) v1 ==== 72+0+186149 (secure 0 0 0) 0x7f7c24011e20 con 0x7f7c28108490
2024-03-28T05:14:15.448 INFO:teuthology.orchestra.run.smithi023.stdout:/usr/bin/ceph: stderr
2024-03-28T05:14:14.826+0000 7f7c2f361700 1 -- 172.21.15.23:0/2931324393 --> [v2:172.21.15.23:3300/0,v1:172.21.15.23:6789/0] -- mon_command([{prefix=config set, name=osd_memory_target_autotune}] v 0) v1 -- 0x7f7c2819f020 con 0x7f7c28108490
2024-03-28T05:14:15.448 INFO:teuthology.orchestra.run.smithi023.stdout:/usr/bin/ceph: stderr
2024-03-28T05:14:14.826+0000 7f7c1e7fc700 1 -- 172.21.15.23:0/2931324393 <== mon.0 v2:172.21.15.23:3300/0 7 ==== mon_command_ack([{prefix=config set, name=osd_memory_target_autotune}]=0 v8)=0 v8) v1 ==== 127+0+0 (secure 0 0 0) 0x7f7c2402d770 con 0x7f7c28108490
2024-03-28T05:14:15.448 INFO:teuthology.orchestra.run.smithi023.stdout:/usr/bin/ceph: stderr
2024-03-28T05:14:14.829+0000 7f7c2f361700 1 -- 172.21.15.23:0/2931324393 >> [v2:172.21.15.23:6800/222178108,v1:172.21.15.23:6801/222178108] conn(0x7f7c14038f20 msgr2=0x7f7c1403b3e0 secure :-1 s=STATE_CONNECTION_ESTABLISHED l=1).mark_down
2024-03-28T05:14:15.448 INFO:teuthology.orchestra.run.smithi023.stdout:/usr/bin/ceph: stderr
2024-03-28T05:14:14.829+0000 7f7c2f361700 1 --2- 172.21.15.23:0/2931324393 >> [v2:172.21.15.23:6800/222178108,v1:172.21.15.23:6801/222178108] conn(0x7f7c14038f20 0x7f7c1403b3e0 secure :-1 s=READY pgs=10 cs=0 l=1 rev1=1 crypto rx=0x7f7c18006fd0 tx=0x7f7c18006e40 comp rx=0 tx=0).stop
2024-03-28T05:14:15.448 INFO:teuthology.orchestra.run.smithi023.stdout:/usr/bin/ceph: stderr
2024-03-28T05:14:14.829+0000 7f7c2f361700 1 -- 172.21.15.23:0/2931324393 >> [v2:172.21.15.23:3300/0,v1:172.21.15.23:6789/0] conn(0x7f7c28108490 msgr2=0x7f7c2819b960 secure :-1 s=STATE_CONNECTION_ESTABLISHED l=1).mark_down
2024-03-28T05:14:15.448 INFO:teuthology.orchestra.run.smithi023.stdout:/usr/bin/ceph: stderr
2024-03-28T05:14:14.829+0000 7f7c2f361700 1 --2- 172.21.15.23:0/2931324393 >> [v2:172.21.15.23:3300/0,v1:172.21.15.23:6789/0] conn(0x7f7c28108490 0x7f7c2819b960 secure :-1 s=READY pgs=75 cs=0 l=1 rev1=1 crypto rx=0x7f7c240116a0 tx=0x7f7c24011ba0 comp rx=0 tx=0).stop
2024-03-28T05:14:15.449 INFO:teuthology.orchestra.run.smithi023.stdout:/usr/bin/ceph: stderr
2024-03-28T05:14:14.829+0000 7f7c2f361700 1 -- 172.21.15.23:0/2931324393 shutdown_connections
2024-03-28T05:14:15.449 INFO:teuthology.orchestra.run.smithi023.stdout:/usr/bin/ceph: stderr
2024-03-28T05:14:14.829+0000 7f7c2f361700 1 --2- 172.21.15.23:0/2931324393 >> [v2:172.21.15.23:6800/222178108,v1:172.21.15.23:6801/222178108] conn(0x7f7c14038f20 0x7f7c1403b3e0 unknown :-1 s=CLOSED pgs=10 cs=0 l=1 rev1=1 crypto rx=0 tx=0 comp rx=0 tx=0).stop
2024-03-28T05:14:15.449 INFO:teuthology.orchestra.run.smithi023.stdout:/usr/bin/ceph: stderr
2024-03-28T05:14:14.829+0000 7f7c2f361700 1 --2- 172.21.15.23:0/2931324393 >> [v2:172.21.15.23:3300/0,v1:172.21.15.23:6789/0] conn(0x7f7c28108490 0x7f7c2819b960 unknown :-1 s=CLOSED pgs=75 cs=0 l=1 rev1=1 crypto rx=0 tx=0 comp rx=0 tx=0).stop
2024-03-28T05:14:15.449 INFO:teuthology.orchestra.run.smithi023.stdout:/usr/bin/ceph: stderr
2024-03-28T05:14:14.829+0000 7f7c2f361700 1 -- 172.21.15.23:0/2931324393 >> 172.21.15.23:0/2931324393 conn(0x7f7c28101f20 msgr2=0x7f7c28102a40 unknown :-1 s=STATE_NONE l=0).mark_down
2024-03-28T05:14:15.449 INFO:teuthology.orchestra.run.smithi023.stdout:/usr/bin/ceph: stderr
2024-03-28T05:14:14.829+0000 7f7c2f361700 1 -- 172.21.15.23:0/2931324393 shutdown_connections
2024-03-28T05:14:15.449 INFO:teuthology.orchestra.run.smithi023.stdout:/usr/bin/ceph: stderr
2024-03-28T05:14:14.829+0000 7f7c2f361700 1 -- 172.21.15.23:0/2931324393 wait complete.
2024-03-28T05:14:16.496 INFO:journalctl@ceph.mon.a.smithi023.stdout:Mar 28 05:14:16 smithi023 ceph-mon[31954]: mgrmap e13: x(active, since 6s)
2024-03-28T05:14:16.496 INFO:journalctl@ceph.mon.a.smithi023.stdout:Mar 28 05:14:16 smithi023 ceph-mon[31954]: from='client.? 172.21.15.23:0/3803534983' entity='client.admin'
2024-03-28T05:14:16.773 INFO:teuthology.orchestra.run.smithi023.stdout:/usr/bin/ceph: stderr
2024-03-28T05:14:15.854+0000 7ffbb4dce700 1 Processor -- start
2024-03-28T05:14:16.774 INFO:teuthology.orchestra.run.smithi023.stdout:/usr/bin/ceph: stderr
2024-03-28T05:14:15.854+0000 7ffbb4dce700 1 -- start start
2024-03-28T05:14:16.774 INFO:teuthology.orchestra.run.smithi023.stdout:/usr/bin/ceph: stderr
2024-03-28T05:14:15.854+0000 7ffbb4dce700 1 --2- >> [v2:172.21.15.23:3300/0,v1:172.21.15.23:6789/0] conn(0x7ffbb0106910 0x7ffbb0106d30 unknown :-1 s=NONE pgs=0 cs=0 l=0 rev1=0 crypto rx=0 tx=0 comp rx=0 tx=0).connect
2024-03-28T05:14:16.774 INFO:teuthology.orchestra.run.smithi023.stdout:/usr/bin/ceph: stderr
2024-03-28T05:14:15.854+0000 7ffbb4dce700 1 -- --> [v2:172.21.15.23:3300/0,v1:172.21.15.23:6789/0] -- mon_getmap magic: 0 v1 -- 0x7ffbb0107300 con 0x7ffbb0106910
2024-03-28T05:14:16.774 INFO:teuthology.orchestra.run.smithi023.stdout:/usr/bin/ceph: stderr
2024-03-28T05:14:15.854+0000 7ffbae59c700 1 --2- >> [v2:172.21.15.23:3300/0,v1:172.21.15.23:6789/0] conn(0x7ffbb0106910 0x7ffbb0106d30 unknown :-1 s=BANNER_CONNECTING pgs=0 cs=0 l=0 rev1=0 crypto rx=0 tx=0 comp rx=0 tx=0)._handle_peer_banner_payload supported=3 required=0
2024-03-28T05:14:16.774 INFO:teuthology.orchestra.run.smithi023.stdout:/usr/bin/ceph: stderr
2024-03-28T05:14:15.855+0000 7ffbae59c700 1 --2- >> [v2:172.21.15.23:3300/0,v1:172.21.15.23:6789/0] conn(0x7ffbb0106910 0x7ffbb0106d30 unknown :-1 s=HELLO_CONNECTING pgs=0 cs=0 l=0 rev1=1 crypto rx=0 tx=0 comp rx=0 tx=0).handle_hello peer v2:172.21.15.23:3300/0 says I am v2:172.21.15.23:45258/0 (socket says 172.21.15.23:45258)
2024-03-28T05:14:16.774 INFO:teuthology.orchestra.run.smithi023.stdout:/usr/bin/ceph: stderr
2024-03-28T05:14:15.855+0000 7ffbae59c700 1 -- 172.21.15.23:0/6732179 learned_addr learned my addr 172.21.15.23:0/6732179 (peer_addr_for_me v2:172.21.15.23:0/0)
2024-03-28T05:14:16.774 INFO:teuthology.orchestra.run.smithi023.stdout:/usr/bin/ceph: stderr
2024-03-28T05:14:15.855+0000 7ffbae59c700 1 -- 172.21.15.23:0/6732179 --> [v2:172.21.15.23:3300/0,v1:172.21.15.23:6789/0] -- mon_subscribe({config=0+,monmap=0+}) v3 -- 0x7ffbb0107b10 con 0x7ffbb0106910
2024-03-28T05:14:16.774 INFO:teuthology.orchestra.run.smithi023.stdout:/usr/bin/ceph: stderr
2024-03-28T05:14:15.855+0000 7ffbae59c700 1 --2- 172.21.15.23:0/6732179 >> [v2:172.21.15.23:3300/0,v1:172.21.15.23:6789/0] conn(0x7ffbb0106910 0x7ffbb0106d30 secure :-1 s=READY pgs=76 cs=0 l=1 rev1=1 crypto rx=0x7ffba00098a0 tx=0x7ffba0009bb0 comp rx=0 tx=0).ready entity=mon.0 client_cookie=a0e4d2f99a1d5ad9 server_cookie=0 in_seq=0 out_seq=0
2024-03-28T05:14:16.774 INFO:teuthology.orchestra.run.smithi023.stdout:/usr/bin/ceph: stderr
2024-03-28T05:14:15.855+0000 7ffbadd9b700 1 -- 172.21.15.23:0/6732179 <== mon.0 v2:172.21.15.23:3300/0 1 ==== mon_map magic: 0 v1 ==== 205+0+0 (secure 0 0 0) 0x7ffba0004160 con 0x7ffbb0106910
2024-03-28T05:14:16.774 INFO:teuthology.orchestra.run.smithi023.stdout:/usr/bin/ceph: stderr
2024-03-28T05:14:15.855+0000 7ffbadd9b700 1 -- 172.21.15.23:0/6732179 <== mon.0 v2:172.21.15.23:3300/0 2 ==== config(27 keys) v1 ==== 1140+0+0 (secure 0 0 0) 0x7ffba0004300 con 0x7ffbb0106910
2024-03-28T05:14:16.774 INFO:teuthology.orchestra.run.smithi023.stdout:/usr/bin/ceph: stderr
2024-03-28T05:14:15.855+0000 7ffbadd9b700 1 -- 172.21.15.23:0/6732179 <== mon.0 v2:172.21.15.23:3300/0 3 ==== mon_map magic: 0 v1 ==== 205+0+0 (secure 0 0 0) 0x7ffba0011b20 con 0x7ffbb0106910
2024-03-28T05:14:16.774 INFO:teuthology.orchestra.run.smithi023.stdout:/usr/bin/ceph: stderr
2024-03-28T05:14:15.856+0000 7ffbb4dce700 1 -- 172.21.15.23:0/6732179 >> [v2:172.21.15.23:3300/0,v1:172.21.15.23:6789/0] conn(0x7ffbb0106910 msgr2=0x7ffbb0106d30 secure :-1 s=STATE_CONNECTION_ESTABLISHED l=1).mark_down
2024-03-28T05:14:16.775 INFO:teuthology.orchestra.run.smithi023.stdout:/usr/bin/ceph: stderr
2024-03-28T05:14:15.856+0000 7ffbb4dce700 1 --2- 172.21.15.23:0/6732179 >> [v2:172.21.15.23:3300/0,v1:172.21.15.23:6789/0] conn(0x7ffbb0106910 0x7ffbb0106d30 secure :-1 s=READY pgs=76 cs=0 l=1 rev1=1 crypto rx=0x7ffba00098a0 tx=0x7ffba0009bb0 comp rx=0 tx=0).stop
2024-03-28T05:14:16.775 INFO:teuthology.orchestra.run.smithi023.stdout:/usr/bin/ceph: stderr
2024-03-28T05:14:15.856+0000 7ffbb4dce700 1 -- 172.21.15.23:0/6732179 shutdown_connections
2024-03-28T05:14:16.775 INFO:teuthology.orchestra.run.smithi023.stdout:/usr/bin/ceph: stderr
2024-03-28T05:14:15.856+0000 7ffbb4dce700 1 --2- 172.21.15.23:0/6732179 >> [v2:172.21.15.23:3300/0,v1:172.21.15.23:6789/0] conn(0x7ffbb0106910 0x7ffbb0106d30 unknown :-1 s=CLOSED pgs=76 cs=0 l=1 rev1=1 crypto rx=0 tx=0 comp rx=0 tx=0).stop
2024-03-28T05:14:16.775 INFO:teuthology.orchestra.run.smithi023.stdout:/usr/bin/ceph: stderr
2024-03-28T05:14:15.856+0000 7ffbb4dce700 1 -- 172.21.15.23:0/6732179 >> 172.21.15.23:0/6732179 conn(0x7ffbb0101f70 msgr2=0x7ffbb0104390 unknown :-1 s=STATE_NONE l=0).mark_down
2024-03-28T05:14:16.775 INFO:teuthology.orchestra.run.smithi023.stdout:/usr/bin/ceph: stderr
2024-03-28T05:14:15.856+0000 7ffbb4dce700 1 -- 172.21.15.23:0/6732179 shutdown_connections
2024-03-28T05:14:16.775 INFO:teuthology.orchestra.run.smithi023.stdout:/usr/bin/ceph: stderr
2024-03-28T05:14:15.856+0000 7ffbb4dce700 1 -- 172.21.15.23:0/6732179 wait complete.
2024-03-28T05:14:16.775 INFO:teuthology.orchestra.run.smithi023.stdout:/usr/bin/ceph: stderr
2024-03-28T05:14:15.857+0000 7ffbb4dce700 1 Processor -- start
2024-03-28T05:14:16.775 INFO:teuthology.orchestra.run.smithi023.stdout:/usr/bin/ceph: stderr
2024-03-28T05:14:15.857+0000 7ffbb4dce700 1 -- start start
2024-03-28T05:14:16.775 INFO:teuthology.orchestra.run.smithi023.stdout:/usr/bin/ceph: stderr
2024-03-28T05:14:15.857+0000 7ffbb4dce700 1 --2- >> [v2:172.21.15.23:3300/0,v1:172.21.15.23:6789/0] conn(0x7ffbb0106910 0x7ffbb019b9d0 unknown :-1 s=NONE pgs=0 cs=0 l=1 rev1=0 crypto rx=0 tx=0 comp rx=0 tx=0).connect
2024-03-28T05:14:16.775 INFO:teuthology.orchestra.run.smithi023.stdout:/usr/bin/ceph: stderr
2024-03-28T05:14:15.857+0000 7ffbb4dce700 1 -- --> [v2:172.21.15.23:3300/0,v1:172.21.15.23:6789/0] -- mon_getmap magic: 0 v1 -- 0x7ffbb010aec0 con 0x7ffbb0106910
2024-03-28T05:14:16.775 INFO:teuthology.orchestra.run.smithi023.stdout:/usr/bin/ceph: stderr
2024-03-28T05:14:15.857+0000 7ffbae59c700 1 --2- >> [v2:172.21.15.23:3300/0,v1:172.21.15.23:6789/0] conn(0x7ffbb0106910 0x7ffbb019b9d0 unknown :-1 s=BANNER_CONNECTING pgs=0 cs=0 l=1 rev1=0 crypto rx=0 tx=0 comp rx=0 tx=0)._handle_peer_banner_payload supported=3 required=0
2024-03-28T05:14:16.775 INFO:teuthology.orchestra.run.smithi023.stdout:/usr/bin/ceph: stderr
2024-03-28T05:14:15.857+0000 7ffbae59c700 1 --2- >> [v2:172.21.15.23:3300/0,v1:172.21.15.23:6789/0] conn(0x7ffbb0106910 0x7ffbb019b9d0 unknown :-1 s=HELLO_CONNECTING pgs=0 cs=0 l=1 rev1=1 crypto rx=0 tx=0 comp rx=0 tx=0).handle_hello peer v2:172.21.15.23:3300/0 says I am v2:172.21.15.23:45270/0 (socket says 172.21.15.23:45270)
2024-03-28T05:14:16.775 INFO:teuthology.orchestra.run.smithi023.stdout:/usr/bin/ceph: stderr
2024-03-28T05:14:15.857+0000 7ffbae59c700 1 -- 172.21.15.23:0/3803534983 learned_addr learned my addr 172.21.15.23:0/3803534983 (peer_addr_for_me v2:172.21.15.23:0/0)
2024-03-28T05:14:16.775 INFO:teuthology.orchestra.run.smithi023.stdout:/usr/bin/ceph: stderr
2024-03-28T05:14:15.857+0000 7ffbae59c700 1 -- 172.21.15.23:0/3803534983 --> [v2:172.21.15.23:3300/0,v1:172.21.15.23:6789/0] -- mon_subscribe({config=0+,monmap=0+}) v3 -- 0x7ffbb019bf10 con 0x7ffbb0106910
2024-03-28T05:14:16.775 INFO:teuthology.orchestra.run.smithi023.stdout:/usr/bin/ceph: stderr
2024-03-28T05:14:15.857+0000 7ffbae59c700 1 --2- 172.21.15.23:0/3803534983 >> [v2:172.21.15.23:3300/0,v1:172.21.15.23:6789/0] conn(0x7ffbb0106910 0x7ffbb019b9d0 secure :-1 s=READY pgs=77 cs=0 l=1 rev1=1 crypto rx=0x7ffba0000c00 tx=0x7ffba0011c10 comp rx=0 tx=0).ready entity=mon.0 client_cookie=0 server_cookie=0 in_seq=0 out_seq=0
2024-03-28T05:14:16.776 INFO:teuthology.orchestra.run.smithi023.stdout:/usr/bin/ceph: stderr
2024-03-28T05:14:15.857+0000 7ffba77fe700 1 -- 172.21.15.23:0/3803534983 <== mon.0 v2:172.21.15.23:3300/0 1 ==== mon_map magic: 0 v1 ==== 205+0+0 (secure 0 0 0) 0x7ffba0003b60 con 0x7ffbb0106910
2024-03-28T05:14:16.776 INFO:teuthology.orchestra.run.smithi023.stdout:/usr/bin/ceph: stderr
2024-03-28T05:14:15.857+0000 7ffba77fe700 1 -- 172.21.15.23:0/3803534983 <== mon.0 v2:172.21.15.23:3300/0 2 ==== config(27 keys) v1 ==== 1140+0+0 (secure 0 0 0) 0x7ffba001a910 con 0x7ffbb0106910
2024-03-28T05:14:16.776 INFO:teuthology.orchestra.run.smithi023.stdout:/usr/bin/ceph: stderr
2024-03-28T05:14:15.857+0000 7ffbb4dce700 1 -- 172.21.15.23:0/3803534983 --> [v2:172.21.15.23:3300/0,v1:172.21.15.23:6789/0] -- mon_subscribe({mgrmap=0+}) v3 -- 0x7ffbb019c1a0 con 0x7ffbb0106910
2024-03-28T05:14:16.776 INFO:teuthology.orchestra.run.smithi023.stdout:/usr/bin/ceph: stderr
2024-03-28T05:14:15.857+0000 7ffba77fe700 1 -- 172.21.15.23:0/3803534983 <== mon.0 v2:172.21.15.23:3300/0 3 ==== mon_map magic: 0 v1 ==== 205+0+0 (secure 0 0 0) 0x7ffba0024930 con 0x7ffbb0106910
2024-03-28T05:14:16.776 INFO:teuthology.orchestra.run.smithi023.stdout:/usr/bin/ceph: stderr
2024-03-28T05:14:15.857+0000 7ffbb4dce700 1 -- 172.21.15.23:0/3803534983 --> [v2:172.21.15.23:3300/0,v1:172.21.15.23:6789/0] -- mon_subscribe({osdmap=0}) v3 -- 0x7ffbb019c600 con 0x7ffbb0106910
2024-03-28T05:14:16.776 INFO:teuthology.orchestra.run.smithi023.stdout:/usr/bin/ceph: stderr
2024-03-28T05:14:15.858+0000 7ffba77fe700 1 -- 172.21.15.23:0/3803534983 <== mon.0 v2:172.21.15.23:3300/0 4 ==== mgrmap(e 13) v1 ==== 46162+0+0 (secure 0 0 0) 0x7ffba0022020 con 0x7ffbb0106910
2024-03-28T05:14:16.776 INFO:teuthology.orchestra.run.smithi023.stdout:/usr/bin/ceph: stderr
2024-03-28T05:14:15.859+0000 7ffbb4dce700 1 -- 172.21.15.23:0/3803534983 --> [v2:172.21.15.23:3300/0,v1:172.21.15.23:6789/0] -- mon_command({"prefix": "get_command_descriptions"} v 0) v1 -- 0x7ffbb00637c0 con 0x7ffbb0106910
2024-03-28T05:14:16.776 INFO:teuthology.orchestra.run.smithi023.stdout:/usr/bin/ceph: stderr
2024-03-28T05:14:15.859+0000 7ffba77fe700 1 --2- 172.21.15.23:0/3803534983 >> [v2:172.21.15.23:6800/222178108,v1:172.21.15.23:6801/222178108] conn(0x7ffb9c039010 0x7ffb9c03b4d0 unknown :-1 s=NONE pgs=0 cs=0 l=1 rev1=0 crypto rx=0 tx=0 comp rx=0 tx=0).connect
2024-03-28T05:14:16.776 INFO:teuthology.orchestra.run.smithi023.stdout:/usr/bin/ceph: stderr
