2024-03-28T05:13:35.256+0000 7f9b37325700 1 -- 172.21.15.23:0/230770666 --> [v2:172.21.15.23:3300/0,v1:172.21.15.23:6789/0] -- mon_command({"prefix": "get_command_descriptions"} v 0) v1 -- 0x7f9b300637c0 con 0x7f9b30108520
2024-03-28T05:13:37.117 INFO:teuthology.orchestra.run.smithi023.stdout:/usr/bin/ceph: stderr
2024-03-28T05:13:35.256+0000 7f9b267fc700 1 --2- 172.21.15.23:0/230770666 >> [v2:172.21.15.23:6800/1735221490,v1:172.21.15.23:6801/1735221490] conn(0x7f9b1c038ed0 0x7f9b1c03b390 unknown :-1 s=NONE pgs=0 cs=0 l=1 rev1=0 crypto rx=0 tx=0 comp rx=0 tx=0).connect
2024-03-28T05:13:37.117 INFO:teuthology.orchestra.run.smithi023.stdout:/usr/bin/ceph: stderr
2024-03-28T05:13:35.256+0000 7f9b267fc700 1 -- 172.21.15.23:0/230770666 <== mon.0 v2:172.21.15.23:3300/0 5 ==== osd_map(1..1 src has 1..1) v4 ==== 725+0+0 (secure 0 0 0) 0x7f9b2004d040 con 0x7f9b30108520
2024-03-28T05:13:37.117 INFO:teuthology.orchestra.run.smithi023.stdout:/usr/bin/ceph: stderr
2024-03-28T05:13:35.256+0000 7f9b348c0700 1 --2- 172.21.15.23:0/230770666 >> [v2:172.21.15.23:6800/1735221490,v1:172.21.15.23:6801/1735221490] conn(0x7f9b1c038ed0 0x7f9b1c03b390 unknown :-1 s=BANNER_CONNECTING pgs=0 cs=0 l=1 rev1=0 crypto rx=0 tx=0 comp rx=0 tx=0)._handle_peer_banner_payload supported=3 required=0
2024-03-28T05:13:37.117 INFO:teuthology.orchestra.run.smithi023.stdout:/usr/bin/ceph: stderr
2024-03-28T05:13:35.256+0000 7f9b348c0700 1 --2- 172.21.15.23:0/230770666 >> [v2:172.21.15.23:6800/1735221490,v1:172.21.15.23:6801/1735221490] conn(0x7f9b1c038ed0 0x7f9b1c03b390 secure :-1 s=READY pgs=8 cs=0 l=1 rev1=1 crypto rx=0x7f9b2c006fd0 tx=0x7f9b2c006e40 comp rx=0 tx=0).ready entity=mgr.14100 client_cookie=0 server_cookie=0 in_seq=0 out_seq=0
2024-03-28T05:13:37.117 INFO:teuthology.orchestra.run.smithi023.stdout:/usr/bin/ceph: stderr
2024-03-28T05:13:35.261+0000 7f9b267fc700 1 -- 172.21.15.23:0/230770666 <== mon.0 v2:172.21.15.23:3300/0 6 ==== mon_command_ack([{"prefix": "get_command_descriptions"}]=0 v0) v1 ==== 72+0+186149 (secure 0 0 0) 0x7f9b2004ca60 con 0x7f9b30108520
2024-03-28T05:13:37.117 INFO:teuthology.orchestra.run.smithi023.stdout:/usr/bin/ceph: stderr
2024-03-28T05:13:35.529+0000 7f9b37325700 1 -- 172.21.15.23:0/230770666 --> [v2:172.21.15.23:3300/0,v1:172.21.15.23:6789/0] -- mon_command({"prefix": "mgr module enable", "module": "cephadm"} v 0) v1 -- 0x7f9b3019f070 con 0x7f9b30108520
2024-03-28T05:13:37.117 INFO:teuthology.orchestra.run.smithi023.stdout:/usr/bin/ceph: stderr
2024-03-28T05:13:35.581+0000 7f9b267fc700 1 -- 172.21.15.23:0/230770666 <== mon.0 v2:172.21.15.23:3300/0 7 ==== mon_command_ack([{"prefix": "mgr module enable", "module": "cephadm"}]=0 v5) v1 ==== 86+0+0 (secure 0 0 0) 0x7f9b3019f070 con 0x7f9b30108520
2024-03-28T05:13:37.117 INFO:teuthology.orchestra.run.smithi023.stdout:/usr/bin/ceph: stderr
2024-03-28T05:13:35.583+0000 7f9b267fc700 1 -- 172.21.15.23:0/230770666 <== mon.0 v2:172.21.15.23:3300/0 8 ==== mgrmap(e 5) v1 ==== 46106+0+0 (secure 0 0 0) 0x7f9b20023390 con 0x7f9b30108520
2024-03-28T05:13:37.117 INFO:teuthology.orchestra.run.smithi023.stdout:/usr/bin/ceph: stderr
2024-03-28T05:13:35.584+0000 7f9b37325700 1 -- 172.21.15.23:0/230770666 >> [v2:172.21.15.23:6800/1735221490,v1:172.21.15.23:6801/1735221490] conn(0x7f9b1c038ed0 msgr2=0x7f9b1c03b390 secure :-1 s=STATE_CONNECTION_ESTABLISHED l=1).mark_down
2024-03-28T05:13:37.118 INFO:teuthology.orchestra.run.smithi023.stdout:/usr/bin/ceph: stderr
2024-03-28T05:13:35.584+0000 7f9b37325700 1 --2- 172.21.15.23:0/230770666 >> [v2:172.21.15.23:6800/1735221490,v1:172.21.15.23:6801/1735221490] conn(0x7f9b1c038ed0 0x7f9b1c03b390 secure :-1 s=READY pgs=8 cs=0 l=1 rev1=1 crypto rx=0x7f9b2c006fd0 tx=0x7f9b2c006e40 comp rx=0 tx=0).stop
2024-03-28T05:13:37.118 INFO:teuthology.orchestra.run.smithi023.stdout:/usr/bin/ceph: stderr
2024-03-28T05:13:35.584+0000 7f9b37325700 1 -- 172.21.15.23:0/230770666 >> [v2:172.21.15.23:3300/0,v1:172.21.15.23:6789/0] conn(0x7f9b30108520 msgr2=0x7f9b3019b9e0 secure :-1 s=STATE_CONNECTION_ESTABLISHED l=1).mark_down
2024-03-28T05:13:37.118 INFO:teuthology.orchestra.run.smithi023.stdout:/usr/bin/ceph: stderr
2024-03-28T05:13:35.584+0000 7f9b37325700 1 --2- 172.21.15.23:0/230770666 >> [v2:172.21.15.23:3300/0,v1:172.21.15.23:6789/0] conn(0x7f9b30108520 0x7f9b3019b9e0 secure :-1 s=READY pgs=21 cs=0 l=1 rev1=1 crypto rx=0x7f9b20009fb0 tx=0x7f9b20011bf0 comp rx=0 tx=0).stop
2024-03-28T05:13:37.118 INFO:teuthology.orchestra.run.smithi023.stdout:/usr/bin/ceph: stderr
2024-03-28T05:13:35.584+0000 7f9b37325700 1 -- 172.21.15.23:0/230770666 shutdown_connections
2024-03-28T05:13:37.118 INFO:teuthology.orchestra.run.smithi023.stdout:/usr/bin/ceph: stderr
2024-03-28T05:13:35.584+0000 7f9b37325700 1 --2- 172.21.15.23:0/230770666 >> [v2:172.21.15.23:6800/1735221490,v1:172.21.15.23:6801/1735221490] conn(0x7f9b1c038ed0 0x7f9b1c03b390 unknown :-1 s=CLOSED pgs=8 cs=0 l=1 rev1=1 crypto rx=0 tx=0 comp rx=0 tx=0).stop
2024-03-28T05:13:37.118 INFO:teuthology.orchestra.run.smithi023.stdout:/usr/bin/ceph: stderr
2024-03-28T05:13:35.584+0000 7f9b37325700 1 --2- 172.21.15.23:0/230770666 >> [v2:172.21.15.23:3300/0,v1:172.21.15.23:6789/0] conn(0x7f9b30108520 0x7f9b3019b9e0 unknown :-1 s=CLOSED pgs=21 cs=0 l=1 rev1=1 crypto rx=0 tx=0 comp rx=0 tx=0).stop
2024-03-28T05:13:37.118 INFO:teuthology.orchestra.run.smithi023.stdout:/usr/bin/ceph: stderr
2024-03-28T05:13:35.584+0000 7f9b37325700 1 -- 172.21.15.23:0/230770666 >> 172.21.15.23:0/230770666 conn(0x7f9b30102010 msgr2=0x7f9b30102bf0 unknown :-1 s=STATE_NONE l=0).mark_down
2024-03-28T05:13:37.118 INFO:teuthology.orchestra.run.smithi023.stdout:/usr/bin/ceph: stderr
2024-03-28T05:13:35.584+0000 7f9b37325700 1 -- 172.21.15.23:0/230770666 shutdown_connections
2024-03-28T05:13:37.118 INFO:teuthology.orchestra.run.smithi023.stdout:/usr/bin/ceph: stderr
2024-03-28T05:13:35.584+0000 7f9b37325700 1 -- 172.21.15.23:0/230770666 wait complete.
2024-03-28T05:13:37.237 INFO:journalctl@ceph.mgr.x.smithi023.stdout:Mar 28 05:13:36 smithi023 ceph-bf37ebc4-ecc1-11ee-95d0-87774f69a715-mgr-x[32187]:
2024-03-28T05:13:36.904+0000 7f4bc4c3c200 -1 mgr[py] Module zabbix has missing NOTIFY_TYPES member
2024-03-28T05:13:37.237 INFO:journalctl@ceph.mgr.x.smithi023.stdout:Mar 28 05:13:36 smithi023 ceph-bf37ebc4-ecc1-11ee-95d0-87774f69a715-mgr-x[32187]:
2024-03-28T05:13:36.998+0000 7f4bc4c3c200 -1 mgr[py] Module balancer has missing NOTIFY_TYPES member
2024-03-28T05:13:37.237 INFO:journalctl@ceph.mgr.x.smithi023.stdout:Mar 28 05:13:37 smithi023 ceph-bf37ebc4-ecc1-11ee-95d0-87774f69a715-mgr-x[32187]:
2024-03-28T05:13:37.148+0000 7f4bc4c3c200 -1 mgr[py] Module influx has missing NOTIFY_TYPES member
2024-03-28T05:13:37.508 INFO:journalctl@ceph.mgr.x.smithi023.stdout:Mar 28 05:13:37 smithi023 ceph-bf37ebc4-ecc1-11ee-95d0-87774f69a715-mgr-x[32187]:
2024-03-28T05:13:37.247+0000 7f4bc4c3c200 -1 mgr[py] Module alerts has missing NOTIFY_TYPES member
2024-03-28T05:13:37.508 INFO:journalctl@ceph.mgr.x.smithi023.stdout:Mar 28 05:13:37 smithi023 ceph-bf37ebc4-ecc1-11ee-95d0-87774f69a715-mgr-x[32187]:
2024-03-28T05:13:37.332+0000 7f4bc4c3c200 -1 mgr[py] Module iostat has missing NOTIFY_TYPES member
2024-03-28T05:13:37.777 INFO:journalctl@ceph.mgr.x.smithi023.stdout:Mar 28 05:13:37 smithi023 ceph-bf37ebc4-ecc1-11ee-95d0-87774f69a715-mgr-x[32187]:
2024-03-28T05:13:37.606+0000 7f4bc4c3c200 -1 mgr[py] Module rgw has missing NOTIFY_TYPES member
2024-03-28T05:13:37.778 INFO:journalctl@ceph.mgr.x.smithi023.stdout:Mar 28 05:13:37 smithi023 ceph-bf37ebc4-ecc1-11ee-95d0-87774f69a715-mgr-x[32187]:
2024-03-28T05:13:37.718+0000 7f4bc4c3c200 -1 mgr[py] Module rbd_support has missing NOTIFY_TYPES member
2024-03-28T05:13:38.088 INFO:journalctl@ceph.mon.a.smithi023.stdout:Mar 28 05:13:37 smithi023 ceph-mon[31954]: from='client.? 172.21.15.23:0/3281770422' entity='client.admin' cmd=[{"prefix": "mgr stat"}]: dispatch
2024-03-28T05:13:38.088 INFO:journalctl@ceph.mgr.x.smithi023.stdout:Mar 28 05:13:37 smithi023 ceph-bf37ebc4-ecc1-11ee-95d0-87774f69a715-mgr-x[32187]:
2024-03-28T05:13:37.806+0000 7f4bc4c3c200 -1 mgr[py] Module progress has missing NOTIFY_TYPES member
2024-03-28T05:13:38.089 INFO:journalctl@ceph.mgr.x.smithi023.stdout:Mar 28 05:13:37 smithi023 ceph-bf37ebc4-ecc1-11ee-95d0-87774f69a715-mgr-x[32187]:
2024-03-28T05:13:37.914+0000 7f4bc4c3c200 -1 mgr[py] Module pg_autoscaler has missing NOTIFY_TYPES member
2024-03-28T05:13:38.089 INFO:journalctl@ceph.mgr.x.smithi023.stdout:Mar 28 05:13:38 smithi023 ceph-bf37ebc4-ecc1-11ee-95d0-87774f69a715-mgr-x[32187]:
2024-03-28T05:13:38.092+0000 7f4bc4c3c200 -1 mgr[py] Module devicehealth has missing NOTIFY_TYPES member
2024-03-28T05:13:38.322 INFO:teuthology.orchestra.run.smithi023.stdout:/usr/bin/ceph: stdout {
2024-03-28T05:13:38.322 INFO:teuthology.orchestra.run.smithi023.stdout:/usr/bin/ceph: stdout "epoch": 5,
2024-03-28T05:13:38.322 INFO:teuthology.orchestra.run.smithi023.stdout:/usr/bin/ceph: stdout "available": true,
2024-03-28T05:13:38.322 INFO:teuthology.orchestra.run.smithi023.stdout:/usr/bin/ceph: stdout "active_name": "x",
2024-03-28T05:13:38.322 INFO:teuthology.orchestra.run.smithi023.stdout:/usr/bin/ceph: stdout "num_standby": 0
2024-03-28T05:13:38.323 INFO:teuthology.orchestra.run.smithi023.stdout:/usr/bin/ceph: stdout }
2024-03-28T05:13:38.323 INFO:teuthology.orchestra.run.smithi023.stdout:/usr/bin/ceph: stderr
2024-03-28T05:13:37.531+0000 7f3fff887700 1 Processor -- start
2024-03-28T05:13:38.323 INFO:teuthology.orchestra.run.smithi023.stdout:/usr/bin/ceph: stderr
2024-03-28T05:13:37.531+0000 7f3fff887700 1 -- start start
2024-03-28T05:13:38.323 INFO:teuthology.orchestra.run.smithi023.stdout:/usr/bin/ceph: stderr
2024-03-28T05:13:37.532+0000 7f3fff887700 1 --2- >> [v2:172.21.15.23:3300/0,v1:172.21.15.23:6789/0] conn(0x7f3ff807ce70 0x7f3ff807b320 unknown :-1 s=NONE pgs=0 cs=0 l=0 rev1=0 crypto rx=0 tx=0 comp rx=0 tx=0).connect
2024-03-28T05:13:38.323 INFO:teuthology.orchestra.run.smithi023.stdout:/usr/bin/ceph: stderr
2024-03-28T05:13:37.532+0000 7f3fff887700 1 -- --> [v2:172.21.15.23:3300/0,v1:172.21.15.23:6789/0] -- mon_getmap magic: 0 v1 -- 0x7f3ff807b8f0 con 0x7f3ff807ce70
2024-03-28T05:13:38.323 INFO:teuthology.orchestra.run.smithi023.stdout:/usr/bin/ceph: stderr
2024-03-28T05:13:37.532+0000 7f3ffd623700 1 --2- >> [v2:172.21.15.23:3300/0,v1:172.21.15.23:6789/0] conn(0x7f3ff807ce70 0x7f3ff807b320 unknown :-1 s=BANNER_CONNECTING pgs=0 cs=0 l=0 rev1=0 crypto rx=0 tx=0 comp rx=0 tx=0)._handle_peer_banner_payload supported=3 required=0
2024-03-28T05:13:38.323 INFO:teuthology.orchestra.run.smithi023.stdout:/usr/bin/ceph: stderr
2024-03-28T05:13:37.532+0000 7f3ffd623700 1 --2- >> [v2:172.21.15.23:3300/0,v1:172.21.15.23:6789/0] conn(0x7f3ff807ce70 0x7f3ff807b320 unknown :-1 s=HELLO_CONNECTING pgs=0 cs=0 l=0 rev1=1 crypto rx=0 tx=0 comp rx=0 tx=0).handle_hello peer v2:172.21.15.23:3300/0 says I am v2:172.21.15.23:42222/0 (socket says 172.21.15.23:42222)
2024-03-28T05:13:38.323 INFO:teuthology.orchestra.run.smithi023.stdout:/usr/bin/ceph: stderr
2024-03-28T05:13:37.532+0000 7f3ffd623700 1 -- 172.21.15.23:0/838234783 learned_addr learned my addr 172.21.15.23:0/838234783 (peer_addr_for_me v2:172.21.15.23:0/0)
2024-03-28T05:13:38.323 INFO:teuthology.orchestra.run.smithi023.stdout:/usr/bin/ceph: stderr
2024-03-28T05:13:37.532+0000 7f3ffd623700 1 -- 172.21.15.23:0/838234783 --> [v2:172.21.15.23:3300/0,v1:172.21.15.23:6789/0] -- mon_subscribe({config=0+,monmap=0+}) v3 -- 0x7f3ff807ba70 con 0x7f3ff807ce70
2024-03-28T05:13:38.323 INFO:teuthology.orchestra.run.smithi023.stdout:/usr/bin/ceph: stderr
2024-03-28T05:13:37.532+0000 7f3ffd623700 1 --2- 172.21.15.23:0/838234783 >> [v2:172.21.15.23:3300/0,v1:172.21.15.23:6789/0] conn(0x7f3ff807ce70 0x7f3ff807b320 secure :-1 s=READY pgs=24 cs=0 l=1 rev1=1 crypto rx=0x7f3fec0098a0 tx=0x7f3fec009bb0 comp rx=0 tx=0).ready entity=mon.0 client_cookie=38ed07e2bf8e2e4f server_cookie=0 in_seq=0 out_seq=0
2024-03-28T05:13:38.323 INFO:teuthology.orchestra.run.smithi023.stdout:/usr/bin/ceph: stderr
2024-03-28T05:13:37.532+0000 7f3febfff700 1 -- 172.21.15.23:0/838234783 <== mon.0 v2:172.21.15.23:3300/0 1 ==== mon_map magic: 0 v1 ==== 205+0+0 (secure 0 0 0) 0x7f3fec004160 con 0x7f3ff807ce70
2024-03-28T05:13:38.323 INFO:teuthology.orchestra.run.smithi023.stdout:/usr/bin/ceph: stderr
2024-03-28T05:13:37.533+0000 7f3febfff700 1 -- 172.21.15.23:0/838234783 <== mon.0 v2:172.21.15.23:3300/0 2 ==== config(27 keys) v1 ==== 1109+0+0 (secure 0 0 0) 0x7f3fec004300 con 0x7f3ff807ce70
2024-03-28T05:13:38.323 INFO:teuthology.orchestra.run.smithi023.stdout:/usr/bin/ceph: stderr
2024-03-28T05:13:37.533+0000 7f3febfff700 1 -- 172.21.15.23:0/838234783 <== mon.0 v2:172.21.15.23:3300/0 3 ==== mon_map magic: 0 v1 ==== 205+0+0 (secure 0 0 0) 0x7f3fec011b50 con 0x7f3ff807ce70
2024-03-28T05:13:38.323 INFO:teuthology.orchestra.run.smithi023.stdout:/usr/bin/ceph: stderr
2024-03-28T05:13:37.533+0000 7f3fff887700 1 -- 172.21.15.23:0/838234783 >> [v2:172.21.15.23:3300/0,v1:172.21.15.23:6789/0] conn(0x7f3ff807ce70 msgr2=0x7f3ff807b320 secure :-1 s=STATE_CONNECTION_ESTABLISHED l=1).mark_down
2024-03-28T05:13:38.323 INFO:teuthology.orchestra.run.smithi023.stdout:/usr/bin/ceph: stderr
2024-03-28T05:13:37.533+0000 7f3fff887700 1 --2- 172.21.15.23:0/838234783 >> [v2:172.21.15.23:3300/0,v1:172.21.15.23:6789/0] conn(0x7f3ff807ce70 0x7f3ff807b320 secure :-1 s=READY pgs=24 cs=0 l=1 rev1=1 crypto rx=0x7f3fec0098a0 tx=0x7f3fec009bb0 comp rx=0 tx=0).stop
2024-03-28T05:13:38.323 INFO:teuthology.orchestra.run.smithi023.stdout:/usr/bin/ceph: stderr
2024-03-28T05:13:37.533+0000 7f3fff887700 1 -- 172.21.15.23:0/838234783 shutdown_connections
2024-03-28T05:13:38.324 INFO:teuthology.orchestra.run.smithi023.stdout:/usr/bin/ceph: stderr
2024-03-28T05:13:37.533+0000 7f3fff887700 1 --2- 172.21.15.23:0/838234783 >> [v2:172.21.15.23:3300/0,v1:172.21.15.23:6789/0] conn(0x7f3ff807ce70 0x7f3ff807b320 unknown :-1 s=CLOSED pgs=24 cs=0 l=1 rev1=1 crypto rx=0 tx=0 comp rx=0 tx=0).stop
2024-03-28T05:13:38.324 INFO:teuthology.orchestra.run.smithi023.stdout:/usr/bin/ceph: stderr
2024-03-28T05:13:37.533+0000 7f3fff887700 1 -- 172.21.15.23:0/838234783 >> 172.21.15.23:0/838234783 conn(0x7f3ff8103090 msgr2=0x7f3ff81054b0 unknown :-1 s=STATE_NONE l=0).mark_down
2024-03-28T05:13:38.324 INFO:teuthology.orchestra.run.smithi023.stdout:/usr/bin/ceph: stderr
2024-03-28T05:13:37.533+0000 7f3fff887700 1 -- 172.21.15.23:0/838234783 shutdown_connections
2024-03-28T05:13:38.324 INFO:teuthology.orchestra.run.smithi023.stdout:/usr/bin/ceph: stderr
2024-03-28T05:13:37.533+0000 7f3fff887700 1 -- 172.21.15.23:0/838234783 wait complete.
2024-03-28T05:13:38.324 INFO:teuthology.orchestra.run.smithi023.stdout:/usr/bin/ceph: stderr
2024-03-28T05:13:37.534+0000 7f3fff887700 1 Processor -- start
2024-03-28T05:13:38.324 INFO:teuthology.orchestra.run.smithi023.stdout:/usr/bin/ceph: stderr
2024-03-28T05:13:37.534+0000 7f3fff887700 1 -- start start
2024-03-28T05:13:38.324 INFO:teuthology.orchestra.run.smithi023.stdout:/usr/bin/ceph: stderr
2024-03-28T05:13:37.534+0000 7f3fff887700 1 --2- >> [v2:172.21.15.23:3300/0,v1:172.21.15.23:6789/0] conn(0x7f3ff807ce70 0x7f3ff819db90 unknown :-1 s=NONE pgs=0 cs=0 l=1 rev1=0 crypto rx=0 tx=0 comp rx=0 tx=0).connect
2024-03-28T05:13:38.324 INFO:teuthology.orchestra.run.smithi023.stdout:/usr/bin/ceph: stderr
2024-03-28T05:13:37.534+0000 7f3fff887700 1 -- --> [v2:172.21.15.23:3300/0,v1:172.21.15.23:6789/0] -- mon_getmap magic: 0 v1 -- 0x7f3ff810e000 con 0x7f3ff807ce70
2024-03-28T05:13:38.324 INFO:teuthology.orchestra.run.smithi023.stdout:/usr/bin/ceph: stderr
2024-03-28T05:13:37.534+0000 7f3ffd623700 1 --2- >> [v2:172.21.15.23:3300/0,v1:172.21.15.23:6789/0] conn(0x7f3ff807ce70 0x7f3ff819db90 unknown :-1 s=BANNER_CONNECTING pgs=0 cs=0 l=1 rev1=0 crypto rx=0 tx=0 comp rx=0 tx=0)._handle_peer_banner_payload supported=3 required=0
2024-03-28T05:13:38.324 INFO:teuthology.orchestra.run.smithi023.stdout:/usr/bin/ceph: stderr
2024-03-28T05:13:37.534+0000 7f3ffd623700 1 --2- >> [v2:172.21.15.23:3300/0,v1:172.21.15.23:6789/0] conn(0x7f3ff807ce70 0x7f3ff819db90 unknown :-1 s=HELLO_CONNECTING pgs=0 cs=0 l=1 rev1=1 crypto rx=0 tx=0 comp rx=0 tx=0).handle_hello peer v2:172.21.15.23:3300/0 says I am v2:172.21.15.23:42226/0 (socket says 172.21.15.23:42226)
2024-03-28T05:13:38.324 INFO:teuthology.orchestra.run.smithi023.stdout:/usr/bin/ceph: stderr
2024-03-28T05:13:37.534+0000 7f3ffd623700 1 -- 172.21.15.23:0/3281770422 learned_addr learned my addr 172.21.15.23:0/3281770422 (peer_addr_for_me v2:172.21.15.23:0/0)
2024-03-28T05:13:38.324 INFO:teuthology.orchestra.run.smithi023.stdout:/usr/bin/ceph: stderr
2024-03-28T05:13:37.535+0000 7f3ffd623700 1 -- 172.21.15.23:0/3281770422 --> [v2:172.21.15.23:3300/0,v1:172.21.15.23:6789/0] -- mon_subscribe({config=0+,monmap=0+}) v3 -- 0x7f3ff819e0d0 con 0x7f3ff807ce70
2024-03-28T05:13:38.324 INFO:teuthology.orchestra.run.smithi023.stdout:/usr/bin/ceph: stderr
2024-03-28T05:13:37.535+0000 7f3ffd623700 1 --2- 172.21.15.23:0/3281770422 >> [v2:172.21.15.23:3300/0,v1:172.21.15.23:6789/0] conn(0x7f3ff807ce70 0x7f3ff819db90 secure :-1 s=READY pgs=25 cs=0 l=1 rev1=1 crypto rx=0x7f3fec011b60 tx=0x7f3fec011c40 comp rx=0 tx=0).ready entity=mon.0 client_cookie=0 server_cookie=0 in_seq=0 out_seq=0
2024-03-28T05:13:38.324 INFO:teuthology.orchestra.run.smithi023.stdout:/usr/bin/ceph: stderr
2024-03-28T05:13:37.535+0000 7f3fea7fc700 1 -- 172.21.15.23:0/3281770422 <== mon.0 v2:172.21.15.23:3300/0 1 ==== mon_map magic: 0 v1 ==== 205+0+0 (secure 0 0 0) 0x7f3fec003b20 con 0x7f3ff807ce70
2024-03-28T05:13:38.324 INFO:teuthology.orchestra.run.smithi023.stdout:/usr/bin/ceph: stderr
2024-03-28T05:13:37.535+0000 7f3fff887700 1 -- 172.21.15.23:0/3281770422 --> [v2:172.21.15.23:3300/0,v1:172.21.15.23:6789/0] -- mon_subscribe({mgrmap=0+}) v3 -- 0x7f3ff819e360 con 0x7f3ff807ce70
2024-03-28T05:13:38.325 INFO:teuthology.orchestra.run.smithi023.stdout:/usr/bin/ceph: stderr
2024-03-28T05:13:37.535+0000 7f3fea7fc700 1 -- 172.21.15.23:0/3281770422 <== mon.0 v2:172.21.15.23:3300/0 2 ==== config(27 keys) v1 ==== 1109+0+0 (secure 0 0 0) 0x7f3fec003cc0 con 0x7f3ff807ce70
2024-03-28T05:13:38.325 INFO:teuthology.orchestra.run.smithi023.stdout:/usr/bin/ceph: stderr
2024-03-28T05:13:37.535+0000 7f3fea7fc700 1 -- 172.21.15.23:0/3281770422 <== mon.0 v2:172.21.15.23:3300/0 3 ==== mon_map magic: 0 v1 ==== 205+0+0 (secure 0 0 0) 0x7f3fec024840 con 0x7f3ff807ce70
2024-03-28T05:13:38.325 INFO:teuthology.orchestra.run.smithi023.stdout:/usr/bin/ceph: stderr
2024-03-28T05:13:37.535+0000 7f3fff887700 1 -- 172.21.15.23:0/3281770422 --> [v2:172.21.15.23:3300/0,v1:172.21.15.23:6789/0] -- mon_subscribe({osdmap=0}) v3 -- 0x7f3ff81a1050 con 0x7f3ff807ce70
2024-03-28T05:13:38.325 INFO:teuthology.orchestra.run.smithi023.stdout:/usr/bin/ceph: stderr
2024-03-28T05:13:37.536+0000 7f3fea7fc700 1 -- 172.21.15.23:0/3281770422 <== mon.0 v2:172.21.15.23:3300/0 4 ==== mgrmap(e 5) v1 ==== 46106+0+0 (secure 0 0 0) 0x7f3fec022020 con 0x7f3ff807ce70
2024-03-28T05:13:38.325 INFO:teuthology.orchestra.run.smithi023.stdout:/usr/bin/ceph: stderr
2024-03-28T05:13:37.536+0000 7f3fff887700 1 -- 172.21.15.23:0/3281770422 --> [v2:172.21.15.23:3300/0,v1:172.21.15.23:6789/0] -- mon_command({"prefix": "get_command_descriptions"} v 0) v1 -- 0x7f3ff8069220 con 0x7f3ff807ce70
2024-03-28T05:13:38.325 INFO:teuthology.orchestra.run.smithi023.stdout:/usr/bin/ceph: stderr
2024-03-28T05:13:37.536+0000 7f3fea7fc700 1 --2- 172.21.15.23:0/3281770422 >> [v2:172.21.15.23:6800/1735221490,v1:172.21.15.23:6801/1735221490] conn(0x7f3fe4038f20 0x7f3fe403b3e0 unknown :-1 s=NONE pgs=0 cs=0 l=1 rev1=0 crypto rx=0 tx=0 comp rx=0 tx=0).connect
2024-03-28T05:13:38.325 INFO:teuthology.orchestra.run.smithi023.stdout:/usr/bin/ceph: stderr
2024-03-28T05:13:37.536+0000 7f3fea7fc700 1 -- 172.21.15.23:0/3281770422 <== mon.0 v2:172.21.15.23:3300/0 5 ==== osd_map(1..1 src has 1..1) v4 ==== 725+0+0 (secure 0 0 0) 0x7f3fec011e00 con 0x7f3ff807ce70
2024-03-28T05:13:38.325 INFO:teuthology.orchestra.run.smithi023.stdout:/usr/bin/ceph: stderr
2024-03-28T05:13:37.536+0000 7f3ffce22700 1 -- 172.21.15.23:0/3281770422 >> [v2:172.21.15.23:6800/1735221490,v1:172.21.15.23:6801/1735221490] conn(0x7f3fe4038f20 msgr2=0x7f3fe403b3e0 unknown :-1 s=STATE_CONNECTING_RE l=1).process reconnect failed to v2:172.21.15.23:6800/1735221490
2024-03-28T05:13:38.325 INFO:teuthology.orchestra.run.smithi023.stdout:/usr/bin/ceph: stderr
2024-03-28T05:13:37.536+0000 7f3ffce22700 1 --2- 172.21.15.23:0/3281770422 >> [v2:172.21.15.23:6800/1735221490,v1:172.21.15.23:6801/1735221490] conn(0x7f3fe4038f20 0x7f3fe403b3e0 unknown :-1 s=START_CONNECT pgs=0 cs=0 l=1 rev1=0 crypto rx=0 tx=0 comp rx=0 tx=0)._fault waiting 0.200000
2024-03-28T05:13:38.325 INFO:teuthology.orchestra.run.smithi023.stdout:/usr/bin/ceph: stderr
2024-03-28T05:13:37.541+0000 7f3fea7fc700 1 -- 172.21.15.23:0/3281770422 <== mon.0 v2:172.21.15.23:3300/0 6 ==== mon_command_ack([{"prefix": "get_command_descriptions"}]=0 v0) v1 ==== 72+0+186149 (secure 0 0 0) 0x7f3fec019c70 con 0x7f3ff807ce70
2024-03-28T05:13:38.325 INFO:teuthology.orchestra.run.smithi023.stdout:/usr/bin/ceph: stderr
2024-03-28T05:13:37.737+0000 7f3ffce22700 1 -- 172.21.15.23:0/3281770422 >> [v2:172.21.15.23:6800/1735221490,v1:172.21.15.23:6801/1735221490] conn(0x7f3fe4038f20 msgr2=0x7f3fe403b3e0 unknown :-1 s=STATE_CONNECTING_RE l=1).process reconnect failed to v2:172.21.15.23:6800/1735221490
2024-03-28T05:13:38.325 INFO:teuthology.orchestra.run.smithi023.stdout:/usr/bin/ceph: stderr
2024-03-28T05:13:37.737+0000 7f3ffce22700 1 --2- 172.21.15.23:0/3281770422 >> [v2:172.21.15.23:6800/1735221490,v1:172.21.15.23:6801/1735221490] conn(0x7f3fe4038f20 0x7f3fe403b3e0 unknown :-1 s=START_CONNECT pgs=0 cs=0 l=1 rev1=0 crypto rx=0 tx=0 comp rx=0 tx=0)._fault waiting 0.400000
2024-03-28T05:13:38.325 INFO:teuthology.orchestra.run.smithi023.stdout:/usr/bin/ceph: stderr
2024-03-28T05:13:37.808+0000 7f3fff887700 1 -- 172.21.15.23:0/3281770422 --> [v2:172.21.15.23:3300/0,v1:172.21.15.23:6789/0] -- mon_command({"prefix": "mgr stat"} v 0) v1 -- 0x7f3ff81a1220 con 0x7f3ff807ce70
2024-03-28T05:13:38.325 INFO:teuthology.orchestra.run.smithi023.stdout:/usr/bin/ceph: stderr
2024-03-28T05:13:37.808+0000 7f3fea7fc700 1 -- 172.21.15.23:0/3281770422 <== mon.0 v2:172.21.15.23:3300/0 7 ==== mon_command_ack([{"prefix": "mgr stat"}]=0 v5) v1 ==== 56+0+88 (secure 0 0 0) 0x7f3ff81a1220 con 0x7f3ff807ce70
2024-03-28T05:13:38.325 INFO:teuthology.orchestra.run.smithi023.stdout:/usr/bin/ceph: stderr
2024-03-28T05:13:37.812+0000 7f3fff887700 1 -- 172.21.15.23:0/3281770422 >> [v2:172.21.15.23:6800/1735221490,v1:172.21.15.23:6801/1735221490] conn(0x7f3fe4038f20 msgr2=0x7f3fe403b3e0 unknown :-1 s=STATE_CONNECTING l=1).mark_down
2024-03-28T05:13:38.325 INFO:teuthology.orchestra.run.smithi023.stdout:/usr/bin/ceph: stderr
2024-03-28T05:13:37.812+0000 7f3fff887700 1 --2- 172.21.15.23:0/3281770422 >> [v2:172.21.15.23:6800/1735221490,v1:172.21.15.23:6801/1735221490] conn(0x7f3fe4038f20 0x7f3fe403b3e0 unknown :-1 s=START_CONNECT pgs=0 cs=0 l=1 rev1=0 crypto rx=0 tx=0 comp rx=0 tx=0).stop
2024-03-28T05:13:38.326 INFO:teuthology.orchestra.run.smithi023.stdout:/usr/bin/ceph: stderr
2024-03-28T05:13:37.812+0000 7f3fff887700 1 -- 172.21.15.23:0/3281770422 >> [v2:172.21.15.23:3300/0,v1:172.21.15.23:6789/0] conn(0x7f3ff807ce70 msgr2=0x7f3ff819db90 secure :-1 s=STATE_CONNECTION_ESTABLISHED l=1).mark_down
2024-03-28T05:13:38.326 INFO:teuthology.orchestra.run.smithi023.stdout:/usr/bin/ceph: stderr
2024-03-28T05:13:37.812+0000 7f3fff887700 1 --2- 172.21.15.23:0/3281770422 >> [v2:172.21.15.23:3300/0,v1:172.21.15.23:6789/0] conn(0x7f3ff807ce70 0x7f3ff819db90 secure :-1 s=READY pgs=25 cs=0 l=1 rev1=1 crypto rx=0x7f3fec011b60 tx=0x7f3fec011c40 comp rx=0 tx=0).stop
2024-03-28T05:13:38.326 INFO:teuthology.orchestra.run.smithi023.stdout:/usr/bin/ceph: stderr
2024-03-28T05:13:37.812+0000 7f3fff887700 1 -- 172.21.15.23:0/3281770422 shutdown_connections
2024-03-28T05:13:38.326 INFO:teuthology.orchestra.run.smithi023.stdout:/usr/bin/ceph: stderr
2024-03-28T05:13:37.812+0000 7f3fff887700 1 --2- 172.21.15.23:0/3281770422 >> [v2:172.21.15.23:6800/1735221490,v1:172.21.15.23:6801/1735221490] conn(0x7f3fe4038f20 0x7f3fe403b3e0 unknown :-1 s=CLOSED pgs=0 cs=0 l=1 rev1=0 crypto rx=0 tx=0 comp rx=0 tx=0).stop
2024-03-28T05:13:38.326 INFO:teuthology.orchestra.run.smithi023.stdout:/usr/bin/ceph: stderr
2024-03-28T05:13:37.812+0000 7f3fff887700 1 --2- 172.21.15.23:0/3281770422 >> [v2:172.21.15.23:3300/0,v1:172.21.15.23:6789/0] conn(0x7f3ff807ce70 0x7f3ff819db90 unknown :-1 s=CLOSED pgs=25 cs=0 l=1 rev1=1 crypto rx=0 tx=0 comp rx=0 tx=0).stop
2024-03-28T05:13:38.326 INFO:teuthology.orchestra.run.smithi023.stdout:/usr/bin/ceph: stderr
2024-03-28T05:13:37.812+0000 7f3fff887700 1 -- 172.21.15.23:0/3281770422 >> 172.21.15.23:0/3281770422 conn(0x7f3ff8103090 msgr2=0x7f3ff8103c40 unknown :-1 s=STATE_NONE l=0).mark_down
2024-03-28T05:13:38.326 INFO:teuthology.orchestra.run.smithi023.stdout:/usr/bin/ceph: stderr
2024-03-28T05:13:37.812+0000 7f3fff887700 1 -- 172.21.15.23:0/3281770422 shutdown_connections
2024-03-28T05:13:38.326 INFO:teuthology.orchestra.run.smithi023.stdout:/usr/bin/ceph: stderr
2024-03-28T05:13:37.812+0000 7f3fff887700 1 -- 172.21.15.23:0/3281770422 wait complete.
2024-03-28T05:13:38.326 INFO:teuthology.orchestra.run.smithi023.stdout:Waiting for the mgr to restart...
2024-03-28T05:13:38.326 INFO:teuthology.orchestra.run.smithi023.stdout:Waiting for mgr epoch 5...
2024-03-28T05:13:39.528 INFO:journalctl@ceph.mgr.x.smithi023.stdout:Mar 28 05:13:39 smithi023 ceph-bf37ebc4-ecc1-11ee-95d0-87774f69a715-mgr-x[32187]:
2024-03-28T05:13:39.099+0000 7f4bc4c3c200 -1 mgr[py] Module rook has missing NOTIFY_TYPES member
2024-03-28T05:13:39.528 INFO:journalctl@ceph.mgr.x.smithi023.stdout:Mar 28 05:13:39 smithi023 ceph-bf37ebc4-ecc1-11ee-95d0-87774f69a715-mgr-x[32187]:
2024-03-28T05:13:39.232+0000 7f4bc4c3c200 -1 mgr[py] Module diskprediction_local has missing NOTIFY_TYPES member
2024-03-28T05:13:39.855 INFO:journalctl@ceph.mgr.x.smithi023.stdout:Mar 28 05:13:39 smithi023 ceph-bf37ebc4-ecc1-11ee-95d0-87774f69a715-mgr-x[32187]:
2024-03-28T05:13:39.568+0000 7f4bc4c3c200 -1 mgr[py] Module selftest has missing NOTIFY_TYPES member
2024-03-28T05:13:39.856 INFO:journalctl@ceph.mgr.x.smithi023.stdout:Mar 28 05:13:39 smithi023 ceph-bf37ebc4-ecc1-11ee-95d0-87774f69a715-mgr-x[32187]:
2024-03-28T05:13:39.659+0000 7f4bc4c3c200 -1 mgr[py] Module telegraf has missing NOTIFY_TYPES member
2024-03-28T05:13:39.856 INFO:journalctl@ceph.mgr.x.smithi023.stdout:Mar 28 05:13:39 smithi023 ceph-bf37ebc4-ecc1-11ee-95d0-87774f69a715-mgr-x[32187]:
2024-03-28T05:13:39.860+0000 7f4bc4c3c200 -1 mgr[py] Module test_orchestrator has missing NOTIFY_TYPES member
2024-03-28T05:13:40.134 INFO:journalctl@ceph.mgr.x.smithi023.stdout:Mar 28 05:13:40 smithi023 ceph-bf37ebc4-ecc1-11ee-95d0-87774f69a715-mgr-x[32187]:
2024-03-28T05:13:40.049+0000 7f4bc4c3c200 -1 mgr[py] Module crash has missing NOTIFY_TYPES member
2024-03-28T05:13:40.527 INFO:journalctl@ceph.mgr.x.smithi023.stdout:Mar 28 05:13:40 smithi023 ceph-bf37ebc4-ecc1-11ee-95d0-87774f69a715-mgr-x[32187]:
2024-03-28T05:13:40.339+0000 7f4bc4c3c200 -1 mgr[py] Module orchestrator has missing NOTIFY_TYPES member
2024-03-28T05:13:41.027 INFO:journalctl@ceph.mgr.x.smithi023.stdout:Mar 28 05:13:40 smithi023 ceph-bf37ebc4-ecc1-11ee-95d0-87774f69a715-mgr-x[32187]:
2024-03-28T05:13:40.599+0000 7f4bc4c3c200 -1 mgr[py] Module osd_support has missing NOTIFY_TYPES member
2024-03-28T05:13:41.028 INFO:journalctl@ceph.mgr.x.smithi023.stdout:Mar 28 05:13:40 smithi023 ceph-bf37ebc4-ecc1-11ee-95d0-87774f69a715-mgr-x[32187]:
2024-03-28T05:13:40.841+0000 7f4bc4c3c200 -1 mgr[py] Module volumes has missing NOTIFY_TYPES member
2024-03-28T05:13:42.027 INFO:journalctl@ceph.mgr.x.smithi023.stdout:Mar 28 05:13:41 smithi023 ceph-bf37ebc4-ecc1-11ee-95d0-87774f69a715-mgr-x[32187]:
2024-03-28T05:13:41.667+0000 7f4bc4c3c200 -1 mgr[py] Module telemetry has missing NOTIFY_TYPES member
2024-03-28T05:13:42.527 INFO:journalctl@ceph.mgr.x.smithi023.stdout:Mar 28 05:13:42 smithi023 ceph-bf37ebc4-ecc1-11ee-95d0-87774f69a715-mgr-x[32187]:
2024-03-28T05:13:42.245+0000 7f4bc4c3c200 -1 mgr[py] Module prometheus has missing NOTIFY_TYPES member
2024-03-28T05:13:42.528 INFO:journalctl@ceph.mgr.x.smithi023.stdout:Mar 28 05:13:42 smithi023 ceph-bf37ebc4-ecc1-11ee-95d0-87774f69a715-mgr-x[32187]:
2024-03-28T05:13:42.345+0000 7f4bc4c3c200 -1 mgr[py] Module status has missing NOTIFY_TYPES member
2024-03-28T05:13:43.028 INFO:journalctl@ceph.mgr.x.smithi023.stdout:Mar 28 05:13:42 smithi023 ceph-bf37ebc4-ecc1-11ee-95d0-87774f69a715-mgr-x[32187]:
2024-03-28T05:13:42.566+0000 7f4bc4c3c200 -1 mgr[py] Module nfs has missing NOTIFY_TYPES member
2024-03-28T05:13:43.028 INFO:journalctl@ceph.mon.a.smithi023.stdout:Mar 28 05:13:42 smithi023 ceph-mon[31954]: Active manager daemon x restarted
2024-03-28T05:13:43.028 INFO:journalctl@ceph.mon.a.smithi023.stdout:Mar 28 05:13:42 smithi023 ceph-mon[31954]: Activating manager daemon x
2024-03-28T05:13:43.028 INFO:journalctl@ceph.mon.a.smithi023.stdout:Mar 28 05:13:42 smithi023 ceph-mon[31954]: osdmap e2: 0 total, 0 up, 0 in
2024-03-28T05:13:43.028 INFO:journalctl@ceph.mon.a.smithi023.stdout:Mar 28 05:13:42 smithi023 ceph-mon[31954]: mgrmap e6: x(active, starting, since 0.00352297s)
2024-03-28T05:13:43.028 INFO:journalctl@ceph.mon.a.smithi023.stdout:Mar 28 05:13:42 smithi023 ceph-mon[31954]: from='mgr.14118 172.21.15.23:0/2063525849' entity='mgr.x' cmd=[{"prefix": "mon metadata", "id": "a"}]: dispatch
2024-03-28T05:13:43.028 INFO:journalctl@ceph.mon.a.smithi023.stdout:Mar 28 05:13:42 smithi023 ceph-mon[31954]: from='mgr.14118 172.21.15.23:0/2063525849' entity='mgr.x' cmd=[{"prefix": "mgr metadata", "who": "x", "id": "x"}]: dispatch
2024-03-28T05:13:43.028 INFO:journalctl@ceph.mon.a.smithi023.stdout:Mar 28 05:13:42 smithi023 ceph-mon[31954]: from='mgr.14118 172.21.15.23:0/2063525849' entity='mgr.x' cmd=[{"prefix": "mds metadata"}]: dispatch
2024-03-28T05:13:43.028 INFO:journalctl@ceph.mon.a.smithi023.stdout:Mar 28 05:13:42 smithi023 ceph-mon[31954]: from='mgr.14118 172.21.15.23:0/2063525849' entity='mgr.x' cmd=[{"prefix": "osd metadata"}]: dispatch
2024-03-28T05:13:43.028 INFO:journalctl@ceph.mon.a.smithi023.stdout:Mar 28 05:13:42 smithi023 ceph-mon[31954]: from='mgr.14118 172.21.15.23:0/2063525849' entity='mgr.x' cmd=[{"prefix": "mon metadata"}]: dispatch
2024-03-28T05:13:43.029 INFO:journalctl@ceph.mon.a.smithi023.stdout:Mar 28 05:13:42 smithi023 ceph-mon[31954]: Manager daemon x is now available
2024-03-28T05:13:43.029 INFO:journalctl@ceph.mon.a.smithi023.stdout:Mar 28 05:13:42 smithi023 ceph-mon[31954]: from='mgr.14118 172.21.15.23:0/2063525849' entity='mgr.x'
2024-03-28T05:13:43.029 INFO:journalctl@ceph.mon.a.smithi023.stdout:Mar 28 05:13:42 smithi023 ceph-mon[31954]: from='mgr.14118 172.21.15.23:0/2063525849' entity='mgr.x'
2024-03-28T05:13:43.029 INFO:journalctl@ceph.mon.a.smithi023.stdout:Mar 28 05:13:42 smithi023 ceph-mon[31954]: from='mgr.14118 172.21.15.23:0/2063525849' entity='mgr.x' cmd=[{"prefix": "config dump", "format": "json"}]: dispatch
2024-03-28T05:13:43.029 INFO:journalctl@ceph.mon.a.smithi023.stdout:Mar 28 05:13:42 smithi023 ceph-mon[31954]: from='mgr.14118 172.21.15.23:0/2063525849' entity='mgr.x' cmd=[{"prefix": "config dump", "format": "json"}]: dispatch
2024-03-28T05:13:44.027 INFO:journalctl@ceph.mon.a.smithi023.stdout:Mar 28 05:13:43 smithi023 ceph-mon[31954]: Found migration_current of "None". Setting to last migration.
2024-03-28T05:13:44.028 INFO:journalctl@ceph.mon.a.smithi023.stdout:Mar 28 05:13:43 smithi023 ceph-mon[31954]: from='mgr.14118 172.21.15.23:0/2063525849' entity='mgr.x' cmd=[{"prefix": "config dump", "format": "json"}]: dispatch
2024-03-28T05:13:44.028 INFO:journalctl@ceph.mon.a.smithi023.stdout:Mar 28 05:13:43 smithi023 ceph-mon[31954]: from='mgr.14118 172.21.15.23:0/2063525849' entity='mgr.x' cmd=[{"prefix":"config rm","who":"mgr","name":"mgr/rbd_support/x/mirror_snapshot_schedule"}]: dispatch
2024-03-28T05:13:44.028 INFO:journalctl@ceph.mon.a.smithi023.stdout:Mar 28 05:13:43 smithi023 ceph-mon[31954]: from='mgr.14118 172.21.15.23:0/2063525849' entity='mgr.x' cmd=[{"prefix":"config rm","who":"mgr","name":"mgr/rbd_support/x/trash_purge_schedule"}]: dispatch
2024-03-28T05:13:44.028 INFO:journalctl@ceph.mon.a.smithi023.stdout:Mar 28 05:13:43 smithi023 ceph-mon[31954]: from='mgr.14118 172.21.15.23:0/2063525849' entity='mgr.x'
2024-03-28T05:13:44.028 INFO:journalctl@ceph.mon.a.smithi023.stdout:Mar 28 05:13:43 smithi023 ceph-mon[31954]: from='mgr.14118 172.21.15.23:0/2063525849' entity='mgr.x'
2024-03-28T05:13:44.028 INFO:journalctl@ceph.mon.a.smithi023.stdout:Mar 28 05:13:43 smithi023 ceph-mon[31954]: mgrmap e7: x(active, since 1.01006s)
2024-03-28T05:13:44.040 INFO:teuthology.orchestra.run.smithi023.stdout:/usr/bin/ceph: stdout {
2024-03-28T05:13:44.040 INFO:teuthology.orchestra.run.smithi023.stdout:/usr/bin/ceph: stdout "mgrmap_epoch": 7,
2024-03-28T05:13:44.040 INFO:teuthology.orchestra.run.smithi023.stdout:/usr/bin/ceph: stdout "initialized": true
2024-03-28T05:13:44.040 INFO:teuthology.orchestra.run.smithi023.stdout:/usr/bin/ceph: stdout }
2024-03-28T05:13:44.040 INFO:teuthology.orchestra.run.smithi023.stdout:/usr/bin/ceph: stderr
2024-03-28T05:13:38.731+0000 7efc046df700 1 Processor -- start
2024-03-28T05:13:44.040 INFO:teuthology.orchestra.run.smithi023.stdout:/usr/bin/ceph: stderr
2024-03-28T05:13:38.731+0000 7efc046df700 1 -- start start
2024-03-28T05:13:44.040 INFO:teuthology.orchestra.run.smithi023.stdout:/usr/bin/ceph: stderr
2024-03-28T05:13:38.731+0000 7efc046df700 1 --2- >> [v2:172.21.15.23:3300/0,v1:172.21.15.23:6789/0] conn(0x7efbfc1084f0 0x7efbfc10a8e0 unknown :-1 s=NONE pgs=0 cs=0 l=0 rev1=0 crypto rx=0 tx=0 comp rx=0 tx=0).connect
2024-03-28T05:13:44.041 INFO:teuthology.orchestra.run.smithi023.stdout:/usr/bin/ceph: stderr
2024-03-28T05:13:38.731+0000 7efc046df700 1 -- --> [v2:172.21.15.23:3300/0,v1:172.21.15.23:6789/0] -- mon_getmap magic: 0 v1 -- 0x7efbfc07ae10 con 0x7efbfc1084f0
2024-03-28T05:13:44.041 INFO:teuthology.orchestra.run.smithi023.stdout:/usr/bin/ceph: stderr
2024-03-28T05:13:38.731+0000 7efc0247b700 1 --2- >> [v2:172.21.15.23:3300/0,v1:172.21.15.23:6789/0] conn(0x7efbfc1084f0 0x7efbfc10a8e0 unknown :-1 s=BANNER_CONNECTING pgs=0 cs=0 l=0 rev1=0 crypto rx=0 tx=0 comp rx=0 tx=0)._handle_peer_banner_payload supported=3 required=0
2024-03-28T05:13:44.041 INFO:teuthology.orchestra.run.smithi023.stdout:/usr/bin/ceph: stderr
2024-03-28T05:13:38.731+0000 7efc0247b700 1 --2- >> [v2:172.21.15.23:3300/0,v1:172.21.15.23:6789/0] conn(0x7efbfc1084f0 0x7efbfc10a8e0 unknown :-1 s=HELLO_CONNECTING pgs=0 cs=0 l=0 rev1=1 crypto rx=0 tx=0 comp rx=0 tx=0).handle_hello peer v2:172.21.15.23:3300/0 says I am v2:172.21.15.23:42240/0 (socket says 172.21.15.23:42240)
2024-03-28T05:13:44.041 INFO:teuthology.orchestra.run.smithi023.stdout:/usr/bin/ceph: stderr
2024-03-28T05:13:38.731+0000 7efc0247b700 1 -- 172.21.15.23:0/1364027788 learned_addr learned my addr 172.21.15.23:0/1364027788 (peer_addr_for_me v2:172.21.15.23:0/0)
2024-03-28T05:13:44.041 INFO:teuthology.orchestra.run.smithi023.stdout:/usr/bin/ceph: stderr
2024-03-28T05:13:38.732+0000 7efc0247b700 1 -- 172.21.15.23:0/1364027788 --> [v2:172.21.15.23:3300/0,v1:172.21.15.23:6789/0] -- mon_subscribe({config=0+,monmap=0+}) v3 -- 0x7efbfc10ae20 con 0x7efbfc1084f0
2024-03-28T05:13:44.041 INFO:teuthology.orchestra.run.smithi023.stdout:/usr/bin/ceph: stderr
2024-03-28T05:13:38.732+0000 7efc0247b700 1 --2- 172.21.15.23:0/1364027788 >> [v2:172.21.15.23:3300/0,v1:172.21.15.23:6789/0] conn(0x7efbfc1084f0 0x7efbfc10a8e0 secure :-1 s=READY pgs=26 cs=0 l=1 rev1=1 crypto rx=0x7efbec0098a0 tx=0x7efbec009bb0 comp rx=0 tx=0).ready entity=mon.0 client_cookie=29c3e4ead0c4d96c server_cookie=0 in_seq=0 out_seq=0
2024-03-28T05:13:44.041 INFO:teuthology.orchestra.run.smithi023.stdout:/usr/bin/ceph: stderr
2024-03-28T05:13:38.732+0000 7efc01479700 1 -- 172.21.15.23:0/1364027788 <== mon.0 v2:172.21.15.23:3300/0 1 ==== mon_map magic: 0 v1 ==== 205+0+0 (secure 0 0 0) 0x7efbec004160 con 0x7efbfc1084f0
2024-03-28T05:13:44.041 INFO:teuthology.orchestra.run.smithi023.stdout:/usr/bin/ceph: stderr
2024-03-28T05:13:38.732+0000 7efc01479700 1 -- 172.21.15.23:0/1364027788 <== mon.0 v2:172.21.15.23:3300/0 2 ==== config(27 keys) v1 ==== 1109+0+0 (secure 0 0 0) 0x7efbec004300 con 0x7efbfc1084f0
2024-03-28T05:13:44.041 INFO:teuthology.orchestra.run.smithi023.stdout:/usr/bin/ceph: stderr
2024-03-28T05:13:38.732+0000 7efc01479700 1 -- 172.21.15.23:0/1364027788 <== mon.0 v2:172.21.15.23:3300/0 3 ==== mon_map magic: 0 v1 ==== 205+0+0 (secure 0 0 0) 0x7efbec011b50 con 0x7efbfc1084f0
2024-03-28T05:13:44.041 INFO:teuthology.orchestra.run.smithi023.stdout:/usr/bin/ceph: stderr
2024-03-28T05:13:38.733+0000 7efc046df700 1 -- 172.21.15.23:0/1364027788 >> [v2:172.21.15.23:3300/0,v1:172.21.15.23:6789/0] conn(0x7efbfc1084f0 msgr2=0x7efbfc10a8e0 secure :-1 s=STATE_CONNECTION_ESTABLISHED l=1).mark_down
2024-03-28T05:13:44.041 INFO:teuthology.orchestra.run.smithi023.stdout:/usr/bin/ceph: stderr
2024-03-28T05:13:38.733+0000 7efc046df700 1 --2- 172.21.15.23:0/1364027788 >> [v2:172.21.15.23:3300/0,v1:172.21.15.23:6789/0] conn(0x7efbfc1084f0 0x7efbfc10a8e0 secure :-1 s=READY pgs=26 cs=0 l=1 rev1=1 crypto rx=0x7efbec0098a0 tx=0x7efbec009bb0 comp rx=0 tx=0).stop
2024-03-28T05:13:44.041 INFO:teuthology.orchestra.run.smithi023.stdout:/usr/bin/ceph: stderr
2024-03-28T05:13:38.733+0000 7efc046df700 1 -- 172.21.15.23:0/1364027788 shutdown_connections
2024-03-28T05:13:44.041 INFO:teuthology.orchestra.run.smithi023.stdout:/usr/bin/ceph: stderr
2024-03-28T05:13:38.733+0000 7efc046df700 1 --2- 172.21.15.23:0/1364027788 >> [v2:172.21.15.23:3300/0,v1:172.21.15.23:6789/0] conn(0x7efbfc1084f0 0x7efbfc10a8e0 unknown :-1 s=CLOSED pgs=26 cs=0 l=1 rev1=1 crypto rx=0 tx=0 comp rx=0 tx=0).stop
2024-03-28T05:13:44.041 INFO:teuthology.orchestra.run.smithi023.stdout:/usr/bin/ceph: stderr
2024-03-28T05:13:38.733+0000 7efc046df700 1 -- 172.21.15.23:0/1364027788 >> 172.21.15.23:0/1364027788 conn(0x7efbfc101f40 msgr2=0x7efbfc104360 unknown :-1 s=STATE_NONE l=0).mark_down
2024-03-28T05:13:44.041 INFO:teuthology.orchestra.run.smithi023.stdout:/usr/bin/ceph: stderr
2024-03-28T05:13:38.733+0000 7efc046df700 1 -- 172.21.15.23:0/1364027788 shutdown_connections
2024-03-28T05:13:44.041 INFO:teuthology.orchestra.run.smithi023.stdout:/usr/bin/ceph: stderr
2024-03-28T05:13:38.733+0000 7efc046df700 1 -- 172.21.15.23:0/1364027788 wait complete.
2024-03-28T05:13:44.042 INFO:teuthology.orchestra.run.smithi023.stdout:/usr/bin/ceph: stderr
2024-03-28T05:13:38.734+0000 7efc046df700 1 Processor -- start
2024-03-28T05:13:44.042 INFO:teuthology.orchestra.run.smithi023.stdout:/usr/bin/ceph: stderr
2024-03-28T05:13:38.734+0000 7efc046df700 1 -- start start
2024-03-28T05:13:44.042 INFO:teuthology.orchestra.run.smithi023.stdout:/usr/bin/ceph: stderr
2024-03-28T05:13:38.734+0000 7efc046df700 1 --2- >> [v2:172.21.15.23:3300/0,v1:172.21.15.23:6789/0] conn(0x7efbfc1084f0 0x7efbfc19b990 unknown :-1 s=NONE pgs=0 cs=0 l=1 rev1=0 crypto rx=0 tx=0 comp rx=0 tx=0).connect
2024-03-28T05:13:44.042 INFO:teuthology.orchestra.run.smithi023.stdout:/usr/bin/ceph: stderr
2024-03-28T05:13:38.734+0000 7efc046df700 1 -- --> [v2:172.21.15.23:3300/0,v1:172.21.15.23:6789/0] -- mon_getmap magic: 0 v1 -- 0x7efbfc10bd90 con 0x7efbfc1084f0
2024-03-28T05:13:44.042 INFO:teuthology.orchestra.run.smithi023.stdout:/usr/bin/ceph: stderr
2024-03-28T05:13:38.734+0000 7efc0247b700 1 --2- >> [v2:172.21.15.23:3300/0,v1:172.21.15.23:6789/0] conn(0x7efbfc1084f0 0x7efbfc19b990 unknown :-1 s=BANNER_CONNECTING pgs=0 cs=0 l=1 rev1=0 crypto rx=0 tx=0 comp rx=0 tx=0)._handle_peer_banner_payload supported=3 required=0
2024-03-28T05:13:44.042 INFO:teuthology.orchestra.run.smithi023.stdout:/usr/bin/ceph: stderr
2024-03-28T05:13:38.734+0000 7efc0247b700 1 --2- >> [v2:172.21.15.23:3300/0,v1:172.21.15.23:6789/0] conn(0x7efbfc1084f0 0x7efbfc19b990 unknown :-1 s=HELLO_CONNECTING pgs=0 cs=0 l=1 rev1=1 crypto rx=0 tx=0 comp rx=0 tx=0).handle_hello peer v2:172.21.15.23:3300/0 says I am v2:172.21.15.23:42246/0 (socket says 172.21.15.23:42246)
2024-03-28T05:13:44.042 INFO:teuthology.orchestra.run.smithi023.stdout:/usr/bin/ceph: stderr
2024-03-28T05:13:38.734+0000 7efc0247b700 1 -- 172.21.15.23:0/1409273189 learned_addr learned my addr 172.21.15.23:0/1409273189 (peer_addr_for_me v2:172.21.15.23:0/0)
2024-03-28T05:13:44.042 INFO:teuthology.orchestra.run.smithi023.stdout:/usr/bin/ceph: stderr
2024-03-28T05:13:38.735+0000 7efc0247b700 1 -- 172.21.15.23:0/1409273189 --> [v2:172.21.15.23:3300/0,v1:172.21.15.23:6789/0] -- mon_subscribe({config=0+,monmap=0+}) v3 -- 0x7efbfc19bed0 con 0x7efbfc1084f0
2024-03-28T05:13:44.042 INFO:teuthology.orchestra.run.smithi023.stdout:/usr/bin/ceph: stderr
2024-03-28T05:13:38.735+0000 7efc0247b700 1 --2- 172.21.15.23:0/1409273189 >> [v2:172.21.15.23:3300/0,v1:172.21.15.23:6789/0] conn(0x7efbfc1084f0 0x7efbfc19b990 secure :-1 s=READY pgs=27 cs=0 l=1 rev1=1 crypto rx=0x7efbec009fb0 tx=0x7efbec011bf0 comp rx=0 tx=0).ready entity=mon.0 client_cookie=0 server_cookie=0 in_seq=0 out_seq=0
2024-03-28T05:13:44.042 INFO:teuthology.orchestra.run.smithi023.stdout:/usr/bin/ceph: stderr
2024-03-28T05:13:38.735+0000 7efbf37fe700 1 -- 172.21.15.23:0/1409273189 <== mon.0 v2:172.21.15.23:3300/0 1 ==== mon_map magic: 0 v1 ==== 205+0+0 (secure 0 0 0) 0x7efbec0038b0 con 0x7efbfc1084f0
2024-03-28T05:13:44.042 INFO:teuthology.orchestra.run.smithi023.stdout:/usr/bin/ceph: stderr
2024-03-28T05:13:38.735+0000 7efbf37fe700 1 -- 172.21.15.23:0/1409273189 <== mon.0 v2:172.21.15.23:3300/0 2 ==== config(27 keys) v1 ==== 1109+0+0 (secure 0 0 0) 0x7efbec011e50 con 0x7efbfc1084f0
2024-03-28T05:13:44.042 INFO:teuthology.orchestra.run.smithi023.stdout:/usr/bin/ceph: stderr
2024-03-28T05:13:38.735+0000 7efc046df700 1 -- 172.21.15.23:0/1409273189 --> [v2:172.21.15.23:3300/0,v1:172.21.15.23:6789/0] -- mon_subscribe({mgrmap=0+}) v3 -- 0x7efbfc19c160 con 0x7efbfc1084f0
2024-03-28T05:13:44.042 INFO:teuthology.orchestra.run.smithi023.stdout:/usr/bin/ceph: stderr
2024-03-28T05:13:38.735+0000 7efbf37fe700 1 -- 172.21.15.23:0/1409273189 <== mon.0 v2:172.21.15.23:3300/0 3 ==== mon_map magic: 0 v1 ==== 205+0+0 (secure 0 0 0) 0x7efbec019420 con 0x7efbfc1084f0
2024-03-28T05:13:44.042 INFO:teuthology.orchestra.run.smithi023.stdout:/usr/bin/ceph: stderr
2024-03-28T05:13:38.735+0000 7efc046df700 1 -- 172.21.15.23:0/1409273189 --> [v2:172.21.15.23:3300/0,v1:172.21.15.23:6789/0] -- mon_subscribe({osdmap=0}) v3 -- 0x7efbfc19ee50 con 0x7efbfc1084f0
2024-03-28T05:13:44.043 INFO:teuthology.orchestra.run.smithi023.stdout:/usr/bin/ceph: stderr
2024-03-28T05:13:38.736+0000 7efbf37fe700 1 -- 172.21.15.23:0/1409273189 <== mon.0 v2:172.21.15.23:3300/0 4 ==== mgrmap(e 5) v1 ==== 46106+0+0 (secure 0 0 0) 0x7efbec019730 con 0x7efbfc1084f0
2024-03-28T05:13:44.043 INFO:teuthology.orchestra.run.smithi023.stdout:/usr/bin/ceph: stderr
2024-03-28T05:13:38.736+0000 7efbf37fe700 1 --2- 172.21.15.23:0/1409273189 >> [v2:172.21.15.23:6800/1735221490,v1:172.21.15.23:6801/1735221490] conn(0x7efbe8038f20 0x7efbe803b3e0 unknown :-1 s=NONE pgs=0 cs=0 l=1 rev1=0 crypto rx=0 tx=0 comp rx=0 tx=0).connect
2024-03-28T05:13:44.043 INFO:teuthology.orchestra.run.smithi023.stdout:/usr/bin/ceph: stderr
2024-03-28T05:13:38.736+0000 7efbf37fe700 1 -- 172.21.15.23:0/1409273189 --> [v2:172.21.15.23:6800/1735221490,v1:172.21.15.23:6801/1735221490] -- command(tid 0: {"prefix": "get_command_descriptions"}) v1 -- 0x7efbe803baf0 con 0x7efbe8038f20
2024-03-28T05:13:44.043 INFO:teuthology.orchestra.run.smithi023.stdout:/usr/bin/ceph: stderr
2024-03-28T05:13:38.736+0000 7efc01c7a700 1 -- 172.21.15.23:0/1409273189 >> [v2:172.21.15.23:6800/1735221490,v1:172.21.15.23:6801/1735221490] conn(0x7efbe8038f20 msgr2=0x7efbe803b3e0 unknown :-1 s=STATE_CONNECTING_RE l=1).process reconnect failed to v2:172.21.15.23:6800/1735221490
2024-03-28T05:13:44.043 INFO:teuthology.orchestra.run.smithi023.stdout:/usr/bin/ceph: stderr
2024-03-28T05:13:38.736+0000 7efbf37fe700 1 -- 172.21.15.23:0/1409273189 <== mon.0 v2:172.21.15.23:3300/0 5 ==== osd_map(1..1 src has 1..1) v4 ==== 725+0+0 (secure 0 0 0) 0x7efbec04d060 con 0x7efbfc1084f0
2024-03-28T05:13:44.043 INFO:teuthology.orchestra.run.smithi023.stdout:/usr/bin/ceph: stderr
2024-03-28T05:13:38.736+0000 7efc01c7a700 1 --2- 172.21.15.23:0/1409273189 >> [v2:172.21.15.23:6800/1735221490,v1:172.21.15.23:6801/1735221490] conn(0x7efbe8038f20 0x7efbe803b3e0 unknown :-1 s=START_CONNECT pgs=0 cs=0 l=1 rev1=0 crypto rx=0 tx=0 comp rx=0 tx=0)._fault waiting 0.200000
2024-03-28T05:13:44.043 INFO:teuthology.orchestra.run.smithi023.stdout:/usr/bin/ceph: stderr
2024-03-28T05:13:38.937+0000 7efc01c7a700 1 -- 172.21.15.23:0/1409273189 >> [v2:172.21.15.23:6800/1735221490,v1:172.21.15.23:6801/1735221490] conn(0x7efbe8038f20 msgr2=0x7efbe803b3e0 unknown :-1 s=STATE_CONNECTING_RE l=1).process reconnect failed to v2:172.21.15.23:6800/1735221490
2024-03-28T05:13:44.043 INFO:teuthology.orchestra.run.smithi023.stdout:/usr/bin/ceph: stderr
2024-03-28T05:13:38.937+0000 7efc01c7a700 1 --2- 172.21.15.23:0/1409273189 >> [v2:172.21.15.23:6800/1735221490,v1:172.21.15.23:6801/1735221490] conn(0x7efbe8038f20 0x7efbe803b3e0 unknown :-1 s=START_CONNECT pgs=0 cs=0 l=1 rev1=0 crypto rx=0 tx=0 comp rx=0 tx=0)._fault waiting 0.400000
2024-03-28T05:13:44.043 INFO:teuthology.orchestra.run.smithi023.stdout:/usr/bin/ceph: stderr
2024-03-28T05:13:39.338+0000 7efc01c7a700 1 -- 172.21.15.23:0/1409273189 >> [v2:172.21.15.23:6800/1735221490,v1:172.21.15.23:6801/1735221490] conn(0x7efbe8038f20 msgr2=0x7efbe803b3e0 unknown :-1 s=STATE_CONNECTING_RE l=1).process reconnect failed to v2:172.21.15.23:6800/1735221490
2024-03-28T05:13:44.043 INFO:teuthology.orchestra.run.smithi023.stdout:/usr/bin/ceph: stderr
2024-03-28T05:13:39.338+0000 7efc01c7a700 1 --2- 172.21.15.23:0/1409273189 >> [v2:172.21.15.23:6800/1735221490,v1:172.21.15.23:6801/1735221490] conn(0x7efbe8038f20 0x7efbe803b3e0 unknown :-1 s=START_CONNECT pgs=0 cs=0 l=1 rev1=0 crypto rx=0 tx=0 comp rx=0 tx=0)._fault waiting 0.800000
2024-03-28T05:13:44.043 INFO:teuthology.orchestra.run.smithi023.stdout:/usr/bin/ceph: stderr
2024-03-28T05:13:40.139+0000 7efc01c7a700 1 -- 172.21.15.23:0/1409273189 >> [v2:172.21.15.23:6800/1735221490,v1:172.21.15.23:6801/1735221490] conn(0x7efbe8038f20 msgr2=0x7efbe803b3e0 unknown :-1 s=STATE_CONNECTING_RE l=1).process reconnect failed to v2:172.21.15.23:6800/1735221490
2024-03-28T05:13:44.043 INFO:teuthology.orchestra.run.smithi023.stdout:/usr/bin/ceph: stderr
2024-03-28T05:13:40.139+0000 7efc01c7a700 1 --2- 172.21.15.23:0/1409273189 >> [v2:172.21.15.23:6800/1735221490,v1:172.21.15.23:6801/1735221490] conn(0x7efbe8038f20 0x7efbe803b3e0 unknown :-1 s=START_CONNECT pgs=0 cs=0 l=1 rev1=0 crypto rx=0 tx=0 comp rx=0 tx=0)._fault waiting 1.600000
2024-03-28T05:13:44.043 INFO:teuthology.orchestra.run.smithi023.stdout:/usr/bin/ceph: stderr
2024-03-28T05:13:41.740+0000 7efc01c7a700 1 -- 172.21.15.23:0/1409273189 >> [v2:172.21.15.23:6800/1735221490,v1:172.21.15.23:6801/1735221490] conn(0x7efbe8038f20 msgr2=0x7efbe803b3e0 unknown :-1 s=STATE_CONNECTING_RE l=1).process reconnect failed to v2:172.21.15.23:6800/1735221490
2024-03-28T05:13:44.043 INFO:teuthology.orchestra.run.smithi023.stdout:/usr/bin/ceph: stderr
2024-03-28T05:13:41.740+0000 7efc01c7a700 1 --2- 172.21.15.23:0/1409273189 >> [v2:172.21.15.23:6800/1735221490,v1:172.21.15.23:6801/1735221490] conn(0x7efbe8038f20 0x7efbe803b3e0 unknown :-1 s=START_CONNECT pgs=0 cs=0 l=1 rev1=0 crypto rx=0 tx=0 comp rx=0 tx=0)._fault waiting 3.200000
2024-03-28T05:13:44.043 INFO:teuthology.orchestra.run.smithi023.stdout:/usr/bin/ceph: stderr
2024-03-28T05:13:42.581+0000 7efbf37fe700 1 -- 172.21.15.23:0/1409273189 <== mon.0 v2:172.21.15.23:3300/0 6 ==== mgrmap(e 6) v1 ==== 45873+0+0 (secure 0 0 0) 0x7efbec003a50 con 0x7efbfc1084f0
2024-03-28T05:13:44.044 INFO:teuthology.orchestra.run.smithi023.stdout:/usr/bin/ceph: stderr
2024-03-28T05:13:42.581+0000 7efbf37fe700 1 -- 172.21.15.23:0/1409273189 >> [v2:172.21.15.23:6800/1735221490,v1:172.21.15.23:6801/1735221490] conn(0x7efbe8038f20 msgr2=0x7efbe803b3e0 unknown :-1 s=STATE_CONNECTING l=1).mark_down
2024-03-28T05:13:44.044 INFO:teuthology.orchestra.run.smithi023.stdout:/usr/bin/ceph: stderr
2024-03-28T05:13:42.581+0000 7efbf37fe700 1 --2- 172.21.15.23:0/1409273189 >> [v2:172.21.15.23:6800/1735221490,v1:172.21.15.23:6801/1735221490] conn(0x7efbe8038f20 0x7efbe803b3e0 unknown :-1 s=START_CONNECT pgs=0 cs=0 l=1 rev1=0 crypto rx=0 tx=0 comp rx=0 tx=0).stop
2024-03-28T05:13:44.044 INFO:teuthology.orchestra.run.smithi023.stdout:/usr/bin/ceph: stderr
2024-03-28T05:13:43.587+0000 7efbf37fe700 1 -- 172.21.15.23:0/1409273189 <== mon.0 v2:172.21.15.23:3300/0 7 ==== mgrmap(e 7) v1 ==== 46000+0+0 (secure 0 0 0) 0x7efbec02d7c0 con 0x7efbfc1084f0
2024-03-28T05:13:44.044 INFO:teuthology.orchestra.run.smithi023.stdout:/usr/bin/ceph: stderr
2024-03-28T05:13:43.587+0000 7efbf37fe700 1 --2- 172.21.15.23:0/1409273189 >> [v2:172.21.15.23:6800/1530849123,v1:172.21.15.23:6801/1530849123] conn(0x7efbe803c810 0x7efbe803ec00 unknown :-1 s=NONE pgs=0 cs=0 l=1 rev1=0 crypto rx=0 tx=0 comp rx=0 tx=0).connect
2024-03-28T05:13:44.044 INFO:teuthology.orchestra.run.smithi023.stdout:/usr/bin/ceph: stderr
2024-03-28T05:13:43.587+0000 7efbf37fe700 1 -- 172.21.15.23:0/1409273189 --> [v2:172.21.15.23:6800/1530849123,v1:172.21.15.23:6801/1530849123] -- command(tid 0: {"prefix": "get_command_descriptions"}) v1 -- 0x7efbec012ea0 con 0x7efbe803c810
2024-03-28T05:13:44.044 INFO:teuthology.orchestra.run.smithi023.stdout:/usr/bin/ceph: stderr
