2024-03-28T05:13:59.715+0000 7f9785b9e700 1 -- 172.21.15.23:0/178202819 --> [v2:172.21.15.23:3300/0,v1:172.21.15.23:6789/0] -- mon_command({"prefix": "get_command_descriptions"} v 0) v1 -- 0x7f97800637c0 con 0x7f9780107a20
2024-03-28T05:14:00.491 INFO:teuthology.orchestra.run.smithi023.stdout:/usr/bin/ceph: stderr
2024-03-28T05:13:59.715+0000 7f977cff9700 1 --2- 172.21.15.23:0/178202819 >> [v2:172.21.15.23:6800/1530849123,v1:172.21.15.23:6801/1530849123] conn(0x7f9768038ed0 0x7f976803b390 unknown :-1 s=NONE pgs=0 cs=0 l=1 rev1=0 crypto rx=0 tx=0 comp rx=0 tx=0).connect
2024-03-28T05:14:00.491 INFO:teuthology.orchestra.run.smithi023.stdout:/usr/bin/ceph: stderr
2024-03-28T05:13:59.715+0000 7f977cff9700 1 -- 172.21.15.23:0/178202819 <== mon.0 v2:172.21.15.23:3300/0 5 ==== osd_map(2..2 src has 1..2) v4 ==== 940+0+0 (secure 0 0 0) 0x7f977004d170 con 0x7f9780107a20
2024-03-28T05:14:00.491 INFO:teuthology.orchestra.run.smithi023.stdout:/usr/bin/ceph: stderr
2024-03-28T05:13:59.715+0000 7f977effd700 1 --2- 172.21.15.23:0/178202819 >> [v2:172.21.15.23:6800/1530849123,v1:172.21.15.23:6801/1530849123] conn(0x7f9768038ed0 0x7f976803b390 unknown :-1 s=BANNER_CONNECTING pgs=0 cs=0 l=1 rev1=0 crypto rx=0 tx=0 comp rx=0 tx=0)._handle_peer_banner_payload supported=3 required=0
2024-03-28T05:14:00.491 INFO:teuthology.orchestra.run.smithi023.stdout:/usr/bin/ceph: stderr
2024-03-28T05:13:59.716+0000 7f977effd700 1 --2- 172.21.15.23:0/178202819 >> [v2:172.21.15.23:6800/1530849123,v1:172.21.15.23:6801/1530849123] conn(0x7f9768038ed0 0x7f976803b390 secure :-1 s=READY pgs=15 cs=0 l=1 rev1=1 crypto rx=0x7f9774006fd0 tx=0x7f9774006e40 comp rx=0 tx=0).ready entity=mgr.14118 client_cookie=0 server_cookie=0 in_seq=0 out_seq=0
2024-03-28T05:14:00.491 INFO:teuthology.orchestra.run.smithi023.stdout:/usr/bin/ceph: stderr
2024-03-28T05:13:59.720+0000 7f977cff9700 1 -- 172.21.15.23:0/178202819 <== mon.0 v2:172.21.15.23:3300/0 6 ==== mon_command_ack([{"prefix": "get_command_descriptions"}]=0 v0) v1 ==== 72+0+186149 (secure 0 0 0) 0x7f9770011e20 con 0x7f9780107a20
2024-03-28T05:14:00.491 INFO:teuthology.orchestra.run.smithi023.stdout:/usr/bin/ceph: stderr
2024-03-28T05:13:59.941+0000 7f9785b9e700 1 -- 172.21.15.23:0/178202819 --> [v2:172.21.15.23:3300/0,v1:172.21.15.23:6789/0] -- mon_command([{prefix=config set, name=mgr/dashboard/ssl_server_port}] v 0) v1 -- 0x7f978019ef50 con 0x7f9780107a20
2024-03-28T05:14:00.491 INFO:teuthology.orchestra.run.smithi023.stdout:/usr/bin/ceph: stderr
2024-03-28T05:13:59.945+0000 7f977cff9700 1 -- 172.21.15.23:0/178202819 <== mon.0 v2:172.21.15.23:3300/0 7 ==== mon_command_ack([{prefix=config set, name=mgr/dashboard/ssl_server_port}]=0 v8)=0 v8) v1 ==== 130+0+0 (secure 0 0 0) 0x7f977000b9d0 con 0x7f9780107a20
2024-03-28T05:14:00.491 INFO:teuthology.orchestra.run.smithi023.stdout:/usr/bin/ceph: stderr
2024-03-28T05:13:59.948+0000 7f9785b9e700 1 -- 172.21.15.23:0/178202819 >> [v2:172.21.15.23:6800/1530849123,v1:172.21.15.23:6801/1530849123] conn(0x7f9768038ed0 msgr2=0x7f976803b390 secure :-1 s=STATE_CONNECTION_ESTABLISHED l=1).mark_down
2024-03-28T05:14:00.491 INFO:teuthology.orchestra.run.smithi023.stdout:/usr/bin/ceph: stderr
2024-03-28T05:13:59.948+0000 7f9785b9e700 1 --2- 172.21.15.23:0/178202819 >> [v2:172.21.15.23:6800/1530849123,v1:172.21.15.23:6801/1530849123] conn(0x7f9768038ed0 0x7f976803b390 secure :-1 s=READY pgs=15 cs=0 l=1 rev1=1 crypto rx=0x7f9774006fd0 tx=0x7f9774006e40 comp rx=0 tx=0).stop
2024-03-28T05:14:00.491 INFO:teuthology.orchestra.run.smithi023.stdout:/usr/bin/ceph: stderr
2024-03-28T05:13:59.948+0000 7f9785b9e700 1 -- 172.21.15.23:0/178202819 >> [v2:172.21.15.23:3300/0,v1:172.21.15.23:6789/0] conn(0x7f9780107a20 msgr2=0x7f978019b950 secure :-1 s=STATE_CONNECTION_ESTABLISHED l=1).mark_down
2024-03-28T05:14:00.491 INFO:teuthology.orchestra.run.smithi023.stdout:/usr/bin/ceph: stderr
2024-03-28T05:13:59.948+0000 7f9785b9e700 1 --2- 172.21.15.23:0/178202819 >> [v2:172.21.15.23:3300/0,v1:172.21.15.23:6789/0] conn(0x7f9780107a20 0x7f978019b950 secure :-1 s=READY pgs=52 cs=0 l=1 rev1=1 crypto rx=0x7f97700117e0 tx=0x7f9770011c10 comp rx=0 tx=0).stop
2024-03-28T05:14:00.491 INFO:teuthology.orchestra.run.smithi023.stdout:/usr/bin/ceph: stderr
2024-03-28T05:13:59.948+0000 7f9785b9e700 1 -- 172.21.15.23:0/178202819 shutdown_connections
2024-03-28T05:14:00.491 INFO:teuthology.orchestra.run.smithi023.stdout:/usr/bin/ceph: stderr
2024-03-28T05:13:59.948+0000 7f9785b9e700 1 --2- 172.21.15.23:0/178202819 >> [v2:172.21.15.23:6800/1530849123,v1:172.21.15.23:6801/1530849123] conn(0x7f9768038ed0 0x7f976803b390 unknown :-1 s=CLOSED pgs=15 cs=0 l=1 rev1=1 crypto rx=0 tx=0 comp rx=0 tx=0).stop
2024-03-28T05:14:00.492 INFO:teuthology.orchestra.run.smithi023.stdout:/usr/bin/ceph: stderr
2024-03-28T05:13:59.948+0000 7f9785b9e700 1 --2- 172.21.15.23:0/178202819 >> [v2:172.21.15.23:3300/0,v1:172.21.15.23:6789/0] conn(0x7f9780107a20 0x7f978019b950 unknown :-1 s=CLOSED pgs=52 cs=0 l=1 rev1=1 crypto rx=0 tx=0 comp rx=0 tx=0).stop
2024-03-28T05:14:00.492 INFO:teuthology.orchestra.run.smithi023.stdout:/usr/bin/ceph: stderr
2024-03-28T05:13:59.948+0000 7f9785b9e700 1 -- 172.21.15.23:0/178202819 >> 172.21.15.23:0/178202819 conn(0x7f97801030a0 msgr2=0x7f9780103b20 unknown :-1 s=STATE_NONE l=0).mark_down
2024-03-28T05:14:00.492 INFO:teuthology.orchestra.run.smithi023.stdout:/usr/bin/ceph: stderr
2024-03-28T05:13:59.948+0000 7f9785b9e700 1 -- 172.21.15.23:0/178202819 shutdown_connections
2024-03-28T05:14:00.492 INFO:teuthology.orchestra.run.smithi023.stdout:/usr/bin/ceph: stderr
2024-03-28T05:13:59.948+0000 7f9785b9e700 1 -- 172.21.15.23:0/178202819 wait complete.
2024-03-28T05:14:00.492 INFO:teuthology.orchestra.run.smithi023.stdout:Enabling the dashboard module...
2024-03-28T05:14:00.609 INFO:journalctl@ceph.mon.a.smithi023.stdout:Mar 28 05:14:00 smithi023 ceph-mon[31954]: from='mgr.14118 172.21.15.23:0/2063525849' entity='mgr.x'
2024-03-28T05:14:00.609 INFO:journalctl@ceph.mon.a.smithi023.stdout:Mar 28 05:14:00 smithi023 ceph-mon[31954]: from='client.? 172.21.15.23:0/178202819' entity='client.admin'
2024-03-28T05:14:01.778 INFO:journalctl@ceph.mon.a.smithi023.stdout:Mar 28 05:14:01 smithi023 ceph-mon[31954]: from='mgr.14118 172.21.15.23:0/2063525849' entity='mgr.x'
2024-03-28T05:14:01.778 INFO:journalctl@ceph.mon.a.smithi023.stdout:Mar 28 05:14:01 smithi023 ceph-mon[31954]: from='client.? 172.21.15.23:0/3788960767' entity='client.admin' cmd=[{"prefix": "mgr module enable", "module": "dashboard"}]: dispatch
2024-03-28T05:14:01.778 INFO:journalctl@ceph.mgr.x.smithi023.stdout:Mar 28 05:14:01 smithi023 ceph-bf37ebc4-ecc1-11ee-95d0-87774f69a715-mgr-x[32187]: ignoring --setuser ceph since I am not root
2024-03-28T05:14:01.778 INFO:journalctl@ceph.mgr.x.smithi023.stdout:Mar 28 05:14:01 smithi023 ceph-bf37ebc4-ecc1-11ee-95d0-87774f69a715-mgr-x[32187]: ignoring --setgroup ceph since I am not root
2024-03-28T05:14:02.420 INFO:journalctl@ceph.mgr.x.smithi023.stdout:Mar 28 05:14:02 smithi023 ceph-bf37ebc4-ecc1-11ee-95d0-87774f69a715-mgr-x[32187]:
2024-03-28T05:14:02.165+0000 7ffba01b5200 -1 mgr[py] Module osd_perf_query has missing NOTIFY_TYPES member
2024-03-28T05:14:02.420 INFO:journalctl@ceph.mgr.x.smithi023.stdout:Mar 28 05:14:02 smithi023 ceph-bf37ebc4-ecc1-11ee-95d0-87774f69a715-mgr-x[32187]:
2024-03-28T05:14:02.260+0000 7ffba01b5200 -1 mgr[py] Module snap_schedule has missing NOTIFY_TYPES member
2024-03-28T05:14:02.627 INFO:teuthology.orchestra.run.smithi023.stdout:/usr/bin/ceph: stderr
2024-03-28T05:14:00.908+0000 7fc27397f700 1 Processor -- start
2024-03-28T05:14:02.627 INFO:teuthology.orchestra.run.smithi023.stdout:/usr/bin/ceph: stderr
2024-03-28T05:14:00.908+0000 7fc27397f700 1 -- start start
2024-03-28T05:14:02.627 INFO:teuthology.orchestra.run.smithi023.stdout:/usr/bin/ceph: stderr
2024-03-28T05:14:00.909+0000 7fc27397f700 1 --2- >> [v2:172.21.15.23:3300/0,v1:172.21.15.23:6789/0] conn(0x7fc26c108480 0x7fc26c10a870 unknown :-1 s=NONE pgs=0 cs=0 l=0 rev1=0 crypto rx=0 tx=0 comp rx=0 tx=0).connect
2024-03-28T05:14:02.627 INFO:teuthology.orchestra.run.smithi023.stdout:/usr/bin/ceph: stderr
2024-03-28T05:14:00.909+0000 7fc27397f700 1 -- --> [v2:172.21.15.23:3300/0,v1:172.21.15.23:6789/0] -- mon_getmap magic: 0 v1 -- 0x7fc26c07ae70 con 0x7fc26c108480
2024-03-28T05:14:02.627 INFO:teuthology.orchestra.run.smithi023.stdout:/usr/bin/ceph: stderr
2024-03-28T05:14:00.909+0000 7fc27171b700 1 --2- >> [v2:172.21.15.23:3300/0,v1:172.21.15.23:6789/0] conn(0x7fc26c108480 0x7fc26c10a870 unknown :-1 s=BANNER_CONNECTING pgs=0 cs=0 l=0 rev1=0 crypto rx=0 tx=0 comp rx=0 tx=0)._handle_peer_banner_payload supported=3 required=0
2024-03-28T05:14:02.627 INFO:teuthology.orchestra.run.smithi023.stdout:/usr/bin/ceph: stderr
2024-03-28T05:14:00.909+0000 7fc27171b700 1 --2- >> [v2:172.21.15.23:3300/0,v1:172.21.15.23:6789/0] conn(0x7fc26c108480 0x7fc26c10a870 unknown :-1 s=HELLO_CONNECTING pgs=0 cs=0 l=0 rev1=1 crypto rx=0 tx=0 comp rx=0 tx=0).handle_hello peer v2:172.21.15.23:3300/0 says I am v2:172.21.15.23:54114/0 (socket says 172.21.15.23:54114)
2024-03-28T05:14:02.627 INFO:teuthology.orchestra.run.smithi023.stdout:/usr/bin/ceph: stderr
2024-03-28T05:14:00.909+0000 7fc27171b700 1 -- 172.21.15.23:0/2089656614 learned_addr learned my addr 172.21.15.23:0/2089656614 (peer_addr_for_me v2:172.21.15.23:0/0)
2024-03-28T05:14:02.627 INFO:teuthology.orchestra.run.smithi023.stdout:/usr/bin/ceph: stderr
2024-03-28T05:14:00.909+0000 7fc27171b700 1 -- 172.21.15.23:0/2089656614 --> [v2:172.21.15.23:3300/0,v1:172.21.15.23:6789/0] -- mon_subscribe({config=0+,monmap=0+}) v3 -- 0x7fc26c10adb0 con 0x7fc26c108480
2024-03-28T05:14:02.627 INFO:teuthology.orchestra.run.smithi023.stdout:/usr/bin/ceph: stderr
2024-03-28T05:14:00.909+0000 7fc27171b700 1 --2- 172.21.15.23:0/2089656614 >> [v2:172.21.15.23:3300/0,v1:172.21.15.23:6789/0] conn(0x7fc26c108480 0x7fc26c10a870 secure :-1 s=READY pgs=53 cs=0 l=1 rev1=1 crypto rx=0x7fc2680098a0 tx=0x7fc268009bb0 comp rx=0 tx=0).ready entity=mon.0 client_cookie=ba755dccf4efd0b5 server_cookie=0 in_seq=0 out_seq=0
2024-03-28T05:14:02.627 INFO:teuthology.orchestra.run.smithi023.stdout:/usr/bin/ceph: stderr
2024-03-28T05:14:00.910+0000 7fc263fff700 1 -- 172.21.15.23:0/2089656614 <== mon.0 v2:172.21.15.23:3300/0 1 ==== mon_map magic: 0 v1 ==== 205+0+0 (secure 0 0 0) 0x7fc268004160 con 0x7fc26c108480
2024-03-28T05:14:02.627 INFO:teuthology.orchestra.run.smithi023.stdout:/usr/bin/ceph: stderr
2024-03-28T05:14:00.910+0000 7fc263fff700 1 -- 172.21.15.23:0/2089656614 <== mon.0 v2:172.21.15.23:3300/0 2 ==== config(27 keys) v1 ==== 1140+0+0 (secure 0 0 0) 0x7fc268004300 con 0x7fc26c108480
2024-03-28T05:14:02.627 INFO:teuthology.orchestra.run.smithi023.stdout:/usr/bin/ceph: stderr
2024-03-28T05:14:00.910+0000 7fc263fff700 1 -- 172.21.15.23:0/2089656614 <== mon.0 v2:172.21.15.23:3300/0 3 ==== mon_map magic: 0 v1 ==== 205+0+0 (secure 0 0 0) 0x7fc268011b20 con 0x7fc26c108480
2024-03-28T05:14:02.628 INFO:teuthology.orchestra.run.smithi023.stdout:/usr/bin/ceph: stderr
2024-03-28T05:14:00.910+0000 7fc27397f700 1 -- 172.21.15.23:0/2089656614 >> [v2:172.21.15.23:3300/0,v1:172.21.15.23:6789/0] conn(0x7fc26c108480 msgr2=0x7fc26c10a870 secure :-1 s=STATE_CONNECTION_ESTABLISHED l=1).mark_down
2024-03-28T05:14:02.628 INFO:teuthology.orchestra.run.smithi023.stdout:/usr/bin/ceph: stderr
2024-03-28T05:14:00.910+0000 7fc27397f700 1 --2- 172.21.15.23:0/2089656614 >> [v2:172.21.15.23:3300/0,v1:172.21.15.23:6789/0] conn(0x7fc26c108480 0x7fc26c10a870 secure :-1 s=READY pgs=53 cs=0 l=1 rev1=1 crypto rx=0x7fc2680098a0 tx=0x7fc268009bb0 comp rx=0 tx=0).stop
2024-03-28T05:14:02.628 INFO:teuthology.orchestra.run.smithi023.stdout:/usr/bin/ceph: stderr
2024-03-28T05:14:00.910+0000 7fc27397f700 1 -- 172.21.15.23:0/2089656614 shutdown_connections
2024-03-28T05:14:02.628 INFO:teuthology.orchestra.run.smithi023.stdout:/usr/bin/ceph: stderr
2024-03-28T05:14:00.910+0000 7fc27397f700 1 --2- 172.21.15.23:0/2089656614 >> [v2:172.21.15.23:3300/0,v1:172.21.15.23:6789/0] conn(0x7fc26c108480 0x7fc26c10a870 unknown :-1 s=CLOSED pgs=53 cs=0 l=1 rev1=1 crypto rx=0 tx=0 comp rx=0 tx=0).stop
2024-03-28T05:14:02.628 INFO:teuthology.orchestra.run.smithi023.stdout:/usr/bin/ceph: stderr
2024-03-28T05:14:00.910+0000 7fc27397f700 1 -- 172.21.15.23:0/2089656614 >> 172.21.15.23:0/2089656614 conn(0x7fc26c101f10 msgr2=0x7fc26c104330 unknown :-1 s=STATE_NONE l=0).mark_down
2024-03-28T05:14:02.628 INFO:teuthology.orchestra.run.smithi023.stdout:/usr/bin/ceph: stderr
2024-03-28T05:14:00.910+0000 7fc27397f700 1 -- 172.21.15.23:0/2089656614 shutdown_connections
2024-03-28T05:14:02.628 INFO:teuthology.orchestra.run.smithi023.stdout:/usr/bin/ceph: stderr
2024-03-28T05:14:00.911+0000 7fc27397f700 1 -- 172.21.15.23:0/2089656614 wait complete.
2024-03-28T05:14:02.628 INFO:teuthology.orchestra.run.smithi023.stdout:/usr/bin/ceph: stderr
2024-03-28T05:14:00.911+0000 7fc27397f700 1 Processor -- start
2024-03-28T05:14:02.628 INFO:teuthology.orchestra.run.smithi023.stdout:/usr/bin/ceph: stderr
2024-03-28T05:14:00.911+0000 7fc27397f700 1 -- start start
2024-03-28T05:14:02.628 INFO:teuthology.orchestra.run.smithi023.stdout:/usr/bin/ceph: stderr
2024-03-28T05:14:00.911+0000 7fc27397f700 1 --2- >> [v2:172.21.15.23:3300/0,v1:172.21.15.23:6789/0] conn(0x7fc26c108480 0x7fc26c107d00 unknown :-1 s=NONE pgs=0 cs=0 l=1 rev1=0 crypto rx=0 tx=0 comp rx=0 tx=0).connect
2024-03-28T05:14:02.628 INFO:teuthology.orchestra.run.smithi023.stdout:/usr/bin/ceph: stderr
2024-03-28T05:14:00.911+0000 7fc27397f700 1 -- --> [v2:172.21.15.23:3300/0,v1:172.21.15.23:6789/0] -- mon_getmap magic: 0 v1 -- 0x7fc26c10bdc0 con 0x7fc26c108480
2024-03-28T05:14:02.628 INFO:teuthology.orchestra.run.smithi023.stdout:/usr/bin/ceph: stderr
2024-03-28T05:14:00.911+0000 7fc27171b700 1 --2- >> [v2:172.21.15.23:3300/0,v1:172.21.15.23:6789/0] conn(0x7fc26c108480 0x7fc26c107d00 unknown :-1 s=BANNER_CONNECTING pgs=0 cs=0 l=1 rev1=0 crypto rx=0 tx=0 comp rx=0 tx=0)._handle_peer_banner_payload supported=3 required=0
2024-03-28T05:14:02.628 INFO:teuthology.orchestra.run.smithi023.stdout:/usr/bin/ceph: stderr
2024-03-28T05:14:00.911+0000 7fc27171b700 1 --2- >> [v2:172.21.15.23:3300/0,v1:172.21.15.23:6789/0] conn(0x7fc26c108480 0x7fc26c107d00 unknown :-1 s=HELLO_CONNECTING pgs=0 cs=0 l=1 rev1=1 crypto rx=0 tx=0 comp rx=0 tx=0).handle_hello peer v2:172.21.15.23:3300/0 says I am v2:172.21.15.23:54120/0 (socket says 172.21.15.23:54120)
2024-03-28T05:14:02.628 INFO:teuthology.orchestra.run.smithi023.stdout:/usr/bin/ceph: stderr
2024-03-28T05:14:00.911+0000 7fc27171b700 1 -- 172.21.15.23:0/3788960767 learned_addr learned my addr 172.21.15.23:0/3788960767 (peer_addr_for_me v2:172.21.15.23:0/0)
2024-03-28T05:14:02.628 INFO:teuthology.orchestra.run.smithi023.stdout:/usr/bin/ceph: stderr
2024-03-28T05:14:00.912+0000 7fc27171b700 1 -- 172.21.15.23:0/3788960767 --> [v2:172.21.15.23:3300/0,v1:172.21.15.23:6789/0] -- mon_subscribe({config=0+,monmap=0+}) v3 -- 0x7fc26c108240 con 0x7fc26c108480
2024-03-28T05:14:02.628 INFO:teuthology.orchestra.run.smithi023.stdout:/usr/bin/ceph: stderr
2024-03-28T05:14:00.912+0000 7fc27171b700 1 --2- 172.21.15.23:0/3788960767 >> [v2:172.21.15.23:3300/0,v1:172.21.15.23:6789/0] conn(0x7fc26c108480 0x7fc26c107d00 secure :-1 s=READY pgs=54 cs=0 l=1 rev1=1 crypto rx=0x7fc2680117e0 tx=0x7fc268011ba0 comp rx=0 tx=0).ready entity=mon.0 client_cookie=0 server_cookie=0 in_seq=0 out_seq=0
2024-03-28T05:14:02.629 INFO:teuthology.orchestra.run.smithi023.stdout:/usr/bin/ceph: stderr
2024-03-28T05:14:00.912+0000 7fc2627fc700 1 -- 172.21.15.23:0/3788960767 <== mon.0 v2:172.21.15.23:3300/0 1 ==== mon_map magic: 0 v1 ==== 205+0+0 (secure 0 0 0) 0x7fc268003ba0 con 0x7fc26c108480
2024-03-28T05:14:02.629 INFO:teuthology.orchestra.run.smithi023.stdout:/usr/bin/ceph: stderr
2024-03-28T05:14:00.912+0000 7fc27397f700 1 -- 172.21.15.23:0/3788960767 --> [v2:172.21.15.23:3300/0,v1:172.21.15.23:6789/0] -- mon_subscribe({mgrmap=0+}) v3 -- 0x7fc26c106430 con 0x7fc26c108480
2024-03-28T05:14:02.629 INFO:teuthology.orchestra.run.smithi023.stdout:/usr/bin/ceph: stderr
2024-03-28T05:14:00.912+0000 7fc2627fc700 1 -- 172.21.15.23:0/3788960767 <== mon.0 v2:172.21.15.23:3300/0 2 ==== config(27 keys) v1 ==== 1140+0+0 (secure 0 0 0) 0x7fc26801a910 con 0x7fc26c108480
2024-03-28T05:14:02.629 INFO:teuthology.orchestra.run.smithi023.stdout:/usr/bin/ceph: stderr
2024-03-28T05:14:00.912+0000 7fc27397f700 1 -- 172.21.15.23:0/3788960767 --> [v2:172.21.15.23:3300/0,v1:172.21.15.23:6789/0] -- mon_subscribe({osdmap=0}) v3 -- 0x7fc26c1068f0 con 0x7fc26c108480
2024-03-28T05:14:02.629 INFO:teuthology.orchestra.run.smithi023.stdout:/usr/bin/ceph: stderr
2024-03-28T05:14:00.912+0000 7fc2627fc700 1 -- 172.21.15.23:0/3788960767 <== mon.0 v2:172.21.15.23:3300/0 3 ==== mon_map magic: 0 v1 ==== 205+0+0 (secure 0 0 0) 0x7fc2680248f0 con 0x7fc26c108480
2024-03-28T05:14:02.629 INFO:teuthology.orchestra.run.smithi023.stdout:/usr/bin/ceph: stderr
2024-03-28T05:14:00.913+0000 7fc2627fc700 1 -- 172.21.15.23:0/3788960767 <== mon.0 v2:172.21.15.23:3300/0 4 ==== mgrmap(e 8) v1 ==== 46106+0+0 (secure 0 0 0) 0x7fc268022020 con 0x7fc26c108480
2024-03-28T05:14:02.629 INFO:teuthology.orchestra.run.smithi023.stdout:/usr/bin/ceph: stderr
2024-03-28T05:14:00.913+0000 7fc27397f700 1 -- 172.21.15.23:0/3788960767 --> [v2:172.21.15.23:3300/0,v1:172.21.15.23:6789/0] -- mon_command({"prefix": "get_command_descriptions"} v 0) v1 -- 0x7fc26c0637c0 con 0x7fc26c108480
2024-03-28T05:14:02.629 INFO:teuthology.orchestra.run.smithi023.stdout:/usr/bin/ceph: stderr
2024-03-28T05:14:00.913+0000 7fc2627fc700 1 --2- 172.21.15.23:0/3788960767 >> [v2:172.21.15.23:6800/1530849123,v1:172.21.15.23:6801/1530849123] conn(0x7fc258038f20 0x7fc25803b3e0 unknown :-1 s=NONE pgs=0 cs=0 l=1 rev1=0 crypto rx=0 tx=0 comp rx=0 tx=0).connect
2024-03-28T05:14:02.629 INFO:teuthology.orchestra.run.smithi023.stdout:/usr/bin/ceph: stderr
2024-03-28T05:14:00.913+0000 7fc2627fc700 1 -- 172.21.15.23:0/3788960767 <== mon.0 v2:172.21.15.23:3300/0 5 ==== osd_map(2..2 src has 1..2) v4 ==== 940+0+0 (secure 0 0 0) 0x7fc26804d6a0 con 0x7fc26c108480
2024-03-28T05:14:02.629 INFO:teuthology.orchestra.run.smithi023.stdout:/usr/bin/ceph: stderr
2024-03-28T05:14:00.913+0000 7fc270f1a700 1 --2- 172.21.15.23:0/3788960767 >> [v2:172.21.15.23:6800/1530849123,v1:172.21.15.23:6801/1530849123] conn(0x7fc258038f20 0x7fc25803b3e0 unknown :-1 s=BANNER_CONNECTING pgs=0 cs=0 l=1 rev1=0 crypto rx=0 tx=0 comp rx=0 tx=0)._handle_peer_banner_payload supported=3 required=0
2024-03-28T05:14:02.629 INFO:teuthology.orchestra.run.smithi023.stdout:/usr/bin/ceph: stderr
2024-03-28T05:14:00.914+0000 7fc270f1a700 1 --2- 172.21.15.23:0/3788960767 >> [v2:172.21.15.23:6800/1530849123,v1:172.21.15.23:6801/1530849123] conn(0x7fc258038f20 0x7fc25803b3e0 secure :-1 s=READY pgs=16 cs=0 l=1 rev1=1 crypto rx=0x7fc25c006fd0 tx=0x7fc25c006e40 comp rx=0 tx=0).ready entity=mgr.14118 client_cookie=0 server_cookie=0 in_seq=0 out_seq=0
2024-03-28T05:14:02.629 INFO:teuthology.orchestra.run.smithi023.stdout:/usr/bin/ceph: stderr
2024-03-28T05:14:00.918+0000 7fc2627fc700 1 -- 172.21.15.23:0/3788960767 <== mon.0 v2:172.21.15.23:3300/0 6 ==== mon_command_ack([{"prefix": "get_command_descriptions"}]=0 v0) v1 ==== 72+0+186149 (secure 0 0 0) 0x7fc2680172b0 con 0x7fc26c108480
2024-03-28T05:14:02.629 INFO:teuthology.orchestra.run.smithi023.stdout:/usr/bin/ceph: stderr
2024-03-28T05:14:01.188+0000 7fc27397f700 1 -- 172.21.15.23:0/3788960767 --> [v2:172.21.15.23:3300/0,v1:172.21.15.23:6789/0] -- mon_command({"prefix": "mgr module enable", "module": "dashboard"} v 0) v1 -- 0x7fc26c106b70 con 0x7fc26c108480
2024-03-28T05:14:02.629 INFO:teuthology.orchestra.run.smithi023.stdout:/usr/bin/ceph: stderr
2024-03-28T05:14:01.581+0000 7fc2627fc700 1 -- 172.21.15.23:0/3788960767 <== mon.0 v2:172.21.15.23:3300/0 7 ==== mon_command_ack([{"prefix": "mgr module enable", "module": "dashboard"}]=0 v9) v1 ==== 88+0+0 (secure 0 0 0) 0x7fc26800b5a0 con 0x7fc26c108480
2024-03-28T05:14:02.630 INFO:teuthology.orchestra.run.smithi023.stdout:/usr/bin/ceph: stderr
2024-03-28T05:14:01.582+0000 7fc2627fc700 1 -- 172.21.15.23:0/3788960767 <== mon.0 v2:172.21.15.23:3300/0 8 ==== mgrmap(e 9) v1 ==== 46119+0+0 (secure 0 0 0) 0x7fc26804fb80 con 0x7fc26c108480
2024-03-28T05:14:02.630 INFO:teuthology.orchestra.run.smithi023.stdout:/usr/bin/ceph: stderr
2024-03-28T05:14:01.583+0000 7fc27397f700 1 -- 172.21.15.23:0/3788960767 >> [v2:172.21.15.23:6800/1530849123,v1:172.21.15.23:6801/1530849123] conn(0x7fc258038f20 msgr2=0x7fc25803b3e0 secure :-1 s=STATE_CONNECTION_ESTABLISHED l=1).mark_down
2024-03-28T05:14:02.630 INFO:teuthology.orchestra.run.smithi023.stdout:/usr/bin/ceph: stderr
2024-03-28T05:14:01.583+0000 7fc27397f700 1 --2- 172.21.15.23:0/3788960767 >> [v2:172.21.15.23:6800/1530849123,v1:172.21.15.23:6801/1530849123] conn(0x7fc258038f20 0x7fc25803b3e0 secure :-1 s=READY pgs=16 cs=0 l=1 rev1=1 crypto rx=0x7fc25c006fd0 tx=0x7fc25c006e40 comp rx=0 tx=0).stop
2024-03-28T05:14:02.630 INFO:teuthology.orchestra.run.smithi023.stdout:/usr/bin/ceph: stderr
2024-03-28T05:14:01.583+0000 7fc27397f700 1 -- 172.21.15.23:0/3788960767 >> [v2:172.21.15.23:3300/0,v1:172.21.15.23:6789/0] conn(0x7fc26c108480 msgr2=0x7fc26c107d00 secure :-1 s=STATE_CONNECTION_ESTABLISHED l=1).mark_down
2024-03-28T05:14:02.630 INFO:teuthology.orchestra.run.smithi023.stdout:/usr/bin/ceph: stderr
2024-03-28T05:14:01.583+0000 7fc27397f700 1 --2- 172.21.15.23:0/3788960767 >> [v2:172.21.15.23:3300/0,v1:172.21.15.23:6789/0] conn(0x7fc26c108480 0x7fc26c107d00 secure :-1 s=READY pgs=54 cs=0 l=1 rev1=1 crypto rx=0x7fc2680117e0 tx=0x7fc268011ba0 comp rx=0 tx=0).stop
2024-03-28T05:14:02.630 INFO:teuthology.orchestra.run.smithi023.stdout:/usr/bin/ceph: stderr
2024-03-28T05:14:01.583+0000 7fc27397f700 1 -- 172.21.15.23:0/3788960767 shutdown_connections
2024-03-28T05:14:02.630 INFO:teuthology.orchestra.run.smithi023.stdout:/usr/bin/ceph: stderr
2024-03-28T05:14:01.583+0000 7fc27397f700 1 --2- 172.21.15.23:0/3788960767 >> [v2:172.21.15.23:6800/1530849123,v1:172.21.15.23:6801/1530849123] conn(0x7fc258038f20 0x7fc25803b3e0 unknown :-1 s=CLOSED pgs=16 cs=0 l=1 rev1=1 crypto rx=0 tx=0 comp rx=0 tx=0).stop
2024-03-28T05:14:02.630 INFO:teuthology.orchestra.run.smithi023.stdout:/usr/bin/ceph: stderr
2024-03-28T05:14:01.583+0000 7fc27397f700 1 --2- 172.21.15.23:0/3788960767 >> [v2:172.21.15.23:3300/0,v1:172.21.15.23:6789/0] conn(0x7fc26c108480 0x7fc26c107d00 unknown :-1 s=CLOSED pgs=54 cs=0 l=1 rev1=1 crypto rx=0 tx=0 comp rx=0 tx=0).stop
2024-03-28T05:14:02.630 INFO:teuthology.orchestra.run.smithi023.stdout:/usr/bin/ceph: stderr
2024-03-28T05:14:01.583+0000 7fc27397f700 1 -- 172.21.15.23:0/3788960767 >> 172.21.15.23:0/3788960767 conn(0x7fc26c101f10 msgr2=0x7fc26c1029a0 unknown :-1 s=STATE_NONE l=0).mark_down
2024-03-28T05:14:02.630 INFO:teuthology.orchestra.run.smithi023.stdout:/usr/bin/ceph: stderr
2024-03-28T05:14:01.584+0000 7fc27397f700 1 -- 172.21.15.23:0/3788960767 shutdown_connections
2024-03-28T05:14:02.630 INFO:teuthology.orchestra.run.smithi023.stdout:/usr/bin/ceph: stderr
2024-03-28T05:14:01.584+0000 7fc27397f700 1 -- 172.21.15.23:0/3788960767 wait complete.
2024-03-28T05:14:02.746 INFO:journalctl@ceph.mon.a.smithi023.stdout:Mar 28 05:14:02 smithi023 ceph-mon[31954]: from='client.? 172.21.15.23:0/3788960767' entity='client.admin' cmd='[{"prefix": "mgr module enable", "module": "dashboard"}]': finished
2024-03-28T05:14:02.746 INFO:journalctl@ceph.mon.a.smithi023.stdout:Mar 28 05:14:02 smithi023 ceph-mon[31954]: mgrmap e9: x(active, since 19s)
2024-03-28T05:14:03.024 INFO:journalctl@ceph.mgr.x.smithi023.stdout:Mar 28 05:14:02 smithi023 ceph-bf37ebc4-ecc1-11ee-95d0-87774f69a715-mgr-x[32187]:
2024-03-28T05:14:02.930+0000 7ffba01b5200 -1 mgr[py] Module zabbix has missing NOTIFY_TYPES member
2024-03-28T05:14:03.024 INFO:journalctl@ceph.mgr.x.smithi023.stdout:Mar 28 05:14:03 smithi023 ceph-bf37ebc4-ecc1-11ee-95d0-87774f69a715-mgr-x[32187]:
2024-03-28T05:14:03.027+0000 7ffba01b5200 -1 mgr[py] Module balancer has missing NOTIFY_TYPES member
2024-03-28T05:14:03.278 INFO:journalctl@ceph.mgr.x.smithi023.stdout:Mar 28 05:14:03 smithi023 ceph-bf37ebc4-ecc1-11ee-95d0-87774f69a715-mgr-x[32187]:
2024-03-28T05:14:03.175+0000 7ffba01b5200 -1 mgr[py] Module influx has missing NOTIFY_TYPES member
2024-03-28T05:14:03.278 INFO:journalctl@ceph.mgr.x.smithi023.stdout:Mar 28 05:14:03 smithi023 ceph-bf37ebc4-ecc1-11ee-95d0-87774f69a715-mgr-x[32187]:
2024-03-28T05:14:03.273+0000 7ffba01b5200 -1 mgr[py] Module alerts has missing NOTIFY_TYPES member
2024-03-28T05:14:03.586 INFO:journalctl@ceph.mgr.x.smithi023.stdout:Mar 28 05:14:03 smithi023 ceph-bf37ebc4-ecc1-11ee-95d0-87774f69a715-mgr-x[32187]:
2024-03-28T05:14:03.363+0000 7ffba01b5200 -1 mgr[py] Module iostat has missing NOTIFY_TYPES member
2024-03-28T05:14:03.848 INFO:journalctl@ceph.mon.a.smithi023.stdout:Mar 28 05:14:03 smithi023 ceph-mon[31954]: from='client.? 172.21.15.23:0/3659838235' entity='client.admin' cmd=[{"prefix": "mgr stat"}]: dispatch
2024-03-28T05:14:03.848 INFO:journalctl@ceph.mgr.x.smithi023.stdout:Mar 28 05:14:03 smithi023 ceph-bf37ebc4-ecc1-11ee-95d0-87774f69a715-mgr-x[32187]:
2024-03-28T05:14:03.641+0000 7ffba01b5200 -1 mgr[py] Module rgw has missing NOTIFY_TYPES member
2024-03-28T05:14:03.848 INFO:journalctl@ceph.mgr.x.smithi023.stdout:Mar 28 05:14:03 smithi023 ceph-bf37ebc4-ecc1-11ee-95d0-87774f69a715-mgr-x[32187]:
2024-03-28T05:14:03.759+0000 7ffba01b5200 -1 mgr[py] Module rbd_support has missing NOTIFY_TYPES member
2024-03-28T05:14:03.848 INFO:journalctl@ceph.mgr.x.smithi023.stdout:Mar 28 05:14:03 smithi023 ceph-bf37ebc4-ecc1-11ee-95d0-87774f69a715-mgr-x[32187]:
2024-03-28T05:14:03.850+0000 7ffba01b5200 -1 mgr[py] Module progress has missing NOTIFY_TYPES member
2024-03-28T05:14:03.929 INFO:teuthology.orchestra.run.smithi023.stdout:/usr/bin/ceph: stdout {
2024-03-28T05:14:03.938 INFO:teuthology.orchestra.run.smithi023.stdout:/usr/bin/ceph: stdout "epoch": 9,
2024-03-28T05:14:03.938 INFO:teuthology.orchestra.run.smithi023.stdout:/usr/bin/ceph: stdout "available": true,
2024-03-28T05:14:03.938 INFO:teuthology.orchestra.run.smithi023.stdout:/usr/bin/ceph: stdout "active_name": "x",
2024-03-28T05:14:03.938 INFO:teuthology.orchestra.run.smithi023.stdout:/usr/bin/ceph: stdout "num_standby": 0
2024-03-28T05:14:03.938 INFO:teuthology.orchestra.run.smithi023.stdout:/usr/bin/ceph: stdout }
2024-03-28T05:14:03.938 INFO:teuthology.orchestra.run.smithi023.stdout:/usr/bin/ceph: stderr
2024-03-28T05:14:03.059+0000 7f410fe5c700 1 Processor -- start
2024-03-28T05:14:03.938 INFO:teuthology.orchestra.run.smithi023.stdout:/usr/bin/ceph: stderr
2024-03-28T05:14:03.060+0000 7f410fe5c700 1 -- start start
2024-03-28T05:14:03.938 INFO:teuthology.orchestra.run.smithi023.stdout:/usr/bin/ceph: stderr
2024-03-28T05:14:03.060+0000 7f410fe5c700 1 --2- >> [v2:172.21.15.23:3300/0,v1:172.21.15.23:6789/0] conn(0x7f41081084b0 0x7f410810a8a0 unknown :-1 s=NONE pgs=0 cs=0 l=0 rev1=0 crypto rx=0 tx=0 comp rx=0 tx=0).connect
2024-03-28T05:14:03.939 INFO:teuthology.orchestra.run.smithi023.stdout:/usr/bin/ceph: stderr
2024-03-28T05:14:03.060+0000 7f410fe5c700 1 -- --> [v2:172.21.15.23:3300/0,v1:172.21.15.23:6789/0] -- mon_getmap magic: 0 v1 -- 0x7f410807ae70 con 0x7f41081084b0
2024-03-28T05:14:03.939 INFO:teuthology.orchestra.run.smithi023.stdout:/usr/bin/ceph: stderr
2024-03-28T05:14:03.060+0000 7f410dbf8700 1 --2- >> [v2:172.21.15.23:3300/0,v1:172.21.15.23:6789/0] conn(0x7f41081084b0 0x7f410810a8a0 unknown :-1 s=BANNER_CONNECTING pgs=0 cs=0 l=0 rev1=0 crypto rx=0 tx=0 comp rx=0 tx=0)._handle_peer_banner_payload supported=3 required=0
2024-03-28T05:14:03.939 INFO:teuthology.orchestra.run.smithi023.stdout:/usr/bin/ceph: stderr
2024-03-28T05:14:03.060+0000 7f410dbf8700 1 --2- >> [v2:172.21.15.23:3300/0,v1:172.21.15.23:6789/0] conn(0x7f41081084b0 0x7f410810a8a0 unknown :-1 s=HELLO_CONNECTING pgs=0 cs=0 l=0 rev1=1 crypto rx=0 tx=0 comp rx=0 tx=0).handle_hello peer v2:172.21.15.23:3300/0 says I am v2:172.21.15.23:45788/0 (socket says 172.21.15.23:45788)
2024-03-28T05:14:03.939 INFO:teuthology.orchestra.run.smithi023.stdout:/usr/bin/ceph: stderr
2024-03-28T05:14:03.060+0000 7f410dbf8700 1 -- 172.21.15.23:0/2080676607 learned_addr learned my addr 172.21.15.23:0/2080676607 (peer_addr_for_me v2:172.21.15.23:0/0)
2024-03-28T05:14:03.939 INFO:teuthology.orchestra.run.smithi023.stdout:/usr/bin/ceph: stderr
2024-03-28T05:14:03.060+0000 7f410dbf8700 1 -- 172.21.15.23:0/2080676607 --> [v2:172.21.15.23:3300/0,v1:172.21.15.23:6789/0] -- mon_subscribe({config=0+,monmap=0+}) v3 -- 0x7f410810ade0 con 0x7f41081084b0
2024-03-28T05:14:03.939 INFO:teuthology.orchestra.run.smithi023.stdout:/usr/bin/ceph: stderr
2024-03-28T05:14:03.060+0000 7f410dbf8700 1 --2- 172.21.15.23:0/2080676607 >> [v2:172.21.15.23:3300/0,v1:172.21.15.23:6789/0] conn(0x7f41081084b0 0x7f410810a8a0 secure :-1 s=READY pgs=57 cs=0 l=1 rev1=1 crypto rx=0x7f41040098a0 tx=0x7f4104009bb0 comp rx=0 tx=0).ready entity=mon.0 client_cookie=79a20914937de26f server_cookie=0 in_seq=0 out_seq=0
2024-03-28T05:14:03.939 INFO:teuthology.orchestra.run.smithi023.stdout:/usr/bin/ceph: stderr
2024-03-28T05:14:03.061+0000 7f410cbf6700 1 -- 172.21.15.23:0/2080676607 <== mon.0 v2:172.21.15.23:3300/0 1 ==== mon_map magic: 0 v1 ==== 205+0+0 (secure 0 0 0) 0x7f4104004160 con 0x7f41081084b0
2024-03-28T05:14:03.939 INFO:teuthology.orchestra.run.smithi023.stdout:/usr/bin/ceph: stderr
2024-03-28T05:14:03.061+0000 7f410cbf6700 1 -- 172.21.15.23:0/2080676607 <== mon.0 v2:172.21.15.23:3300/0 2 ==== config(27 keys) v1 ==== 1140+0+0 (secure 0 0 0) 0x7f4104004300 con 0x7f41081084b0
2024-03-28T05:14:03.939 INFO:teuthology.orchestra.run.smithi023.stdout:/usr/bin/ceph: stderr
2024-03-28T05:14:03.061+0000 7f410cbf6700 1 -- 172.21.15.23:0/2080676607 <== mon.0 v2:172.21.15.23:3300/0 3 ==== mon_map magic: 0 v1 ==== 205+0+0 (secure 0 0 0) 0x7f4104011b20 con 0x7f41081084b0
2024-03-28T05:14:03.939 INFO:teuthology.orchestra.run.smithi023.stdout:/usr/bin/ceph: stderr
2024-03-28T05:14:03.061+0000 7f410fe5c700 1 -- 172.21.15.23:0/2080676607 >> [v2:172.21.15.23:3300/0,v1:172.21.15.23:6789/0] conn(0x7f41081084b0 msgr2=0x7f410810a8a0 secure :-1 s=STATE_CONNECTION_ESTABLISHED l=1).mark_down
2024-03-28T05:14:03.939 INFO:teuthology.orchestra.run.smithi023.stdout:/usr/bin/ceph: stderr
2024-03-28T05:14:03.061+0000 7f410fe5c700 1 --2- 172.21.15.23:0/2080676607 >> [v2:172.21.15.23:3300/0,v1:172.21.15.23:6789/0] conn(0x7f41081084b0 0x7f410810a8a0 secure :-1 s=READY pgs=57 cs=0 l=1 rev1=1 crypto rx=0x7f41040098a0 tx=0x7f4104009bb0 comp rx=0 tx=0).stop
2024-03-28T05:14:03.939 INFO:teuthology.orchestra.run.smithi023.stdout:/usr/bin/ceph: stderr
2024-03-28T05:14:03.061+0000 7f410fe5c700 1 -- 172.21.15.23:0/2080676607 shutdown_connections
2024-03-28T05:14:03.939 INFO:teuthology.orchestra.run.smithi023.stdout:/usr/bin/ceph: stderr
2024-03-28T05:14:03.061+0000 7f410fe5c700 1 --2- 172.21.15.23:0/2080676607 >> [v2:172.21.15.23:3300/0,v1:172.21.15.23:6789/0] conn(0x7f41081084b0 0x7f410810a8a0 unknown :-1 s=CLOSED pgs=57 cs=0 l=1 rev1=1 crypto rx=0 tx=0 comp rx=0 tx=0).stop
2024-03-28T05:14:03.939 INFO:teuthology.orchestra.run.smithi023.stdout:/usr/bin/ceph: stderr
2024-03-28T05:14:03.061+0000 7f410fe5c700 1 -- 172.21.15.23:0/2080676607 >> 172.21.15.23:0/2080676607 conn(0x7f4108101ee0 msgr2=0x7f4108104300 unknown :-1 s=STATE_NONE l=0).mark_down
2024-03-28T05:14:03.940 INFO:teuthology.orchestra.run.smithi023.stdout:/usr/bin/ceph: stderr
2024-03-28T05:14:03.061+0000 7f410fe5c700 1 -- 172.21.15.23:0/2080676607 shutdown_connections
2024-03-28T05:14:03.940 INFO:teuthology.orchestra.run.smithi023.stdout:/usr/bin/ceph: stderr
2024-03-28T05:14:03.061+0000 7f410fe5c700 1 -- 172.21.15.23:0/2080676607 wait complete.
2024-03-28T05:14:03.940 INFO:teuthology.orchestra.run.smithi023.stdout:/usr/bin/ceph: stderr
2024-03-28T05:14:03.062+0000 7f410fe5c700 1 Processor -- start
2024-03-28T05:14:03.940 INFO:teuthology.orchestra.run.smithi023.stdout:/usr/bin/ceph: stderr
2024-03-28T05:14:03.062+0000 7f410fe5c700 1 -- start start
2024-03-28T05:14:03.940 INFO:teuthology.orchestra.run.smithi023.stdout:/usr/bin/ceph: stderr
2024-03-28T05:14:03.062+0000 7f410fe5c700 1 --2- >> [v2:172.21.15.23:3300/0,v1:172.21.15.23:6789/0] conn(0x7f41081084b0 0x7f410819b990 unknown :-1 s=NONE pgs=0 cs=0 l=1 rev1=0 crypto rx=0 tx=0 comp rx=0 tx=0).connect
2024-03-28T05:14:03.940 INFO:teuthology.orchestra.run.smithi023.stdout:/usr/bin/ceph: stderr
2024-03-28T05:14:03.062+0000 7f410fe5c700 1 -- --> [v2:172.21.15.23:3300/0,v1:172.21.15.23:6789/0] -- mon_getmap magic: 0 v1 -- 0x7f410810bdf0 con 0x7f41081084b0
2024-03-28T05:14:03.940 INFO:teuthology.orchestra.run.smithi023.stdout:/usr/bin/ceph: stderr
2024-03-28T05:14:03.062+0000 7f410dbf8700 1 --2- >> [v2:172.21.15.23:3300/0,v1:172.21.15.23:6789/0] conn(0x7f41081084b0 0x7f410819b990 unknown :-1 s=BANNER_CONNECTING pgs=0 cs=0 l=1 rev1=0 crypto rx=0 tx=0 comp rx=0 tx=0)._handle_peer_banner_payload supported=3 required=0
2024-03-28T05:14:03.940 INFO:teuthology.orchestra.run.smithi023.stdout:/usr/bin/ceph: stderr
2024-03-28T05:14:03.062+0000 7f410dbf8700 1 --2- >> [v2:172.21.15.23:3300/0,v1:172.21.15.23:6789/0] conn(0x7f41081084b0 0x7f410819b990 unknown :-1 s=HELLO_CONNECTING pgs=0 cs=0 l=1 rev1=1 crypto rx=0 tx=0 comp rx=0 tx=0).handle_hello peer v2:172.21.15.23:3300/0 says I am v2:172.21.15.23:45802/0 (socket says 172.21.15.23:45802)
2024-03-28T05:14:03.940 INFO:teuthology.orchestra.run.smithi023.stdout:/usr/bin/ceph: stderr
2024-03-28T05:14:03.062+0000 7f410dbf8700 1 -- 172.21.15.23:0/3659838235 learned_addr learned my addr 172.21.15.23:0/3659838235 (peer_addr_for_me v2:172.21.15.23:0/0)
2024-03-28T05:14:03.940 INFO:teuthology.orchestra.run.smithi023.stdout:/usr/bin/ceph: stderr
2024-03-28T05:14:03.063+0000 7f410dbf8700 1 -- 172.21.15.23:0/3659838235 --> [v2:172.21.15.23:3300/0,v1:172.21.15.23:6789/0] -- mon_subscribe({config=0+,monmap=0+}) v3 -- 0x7f410819bed0 con 0x7f41081084b0
2024-03-28T05:14:03.940 INFO:teuthology.orchestra.run.smithi023.stdout:/usr/bin/ceph: stderr
2024-03-28T05:14:03.063+0000 7f410dbf8700 1 --2- 172.21.15.23:0/3659838235 >> [v2:172.21.15.23:3300/0,v1:172.21.15.23:6789/0] conn(0x7f41081084b0 0x7f410819b990 secure :-1 s=READY pgs=58 cs=0 l=1 rev1=1 crypto rx=0x7f4104011b60 tx=0x7f4104011c40 comp rx=0 tx=0).ready entity=mon.0 client_cookie=0 server_cookie=0 in_seq=0 out_seq=0
2024-03-28T05:14:03.940 INFO:teuthology.orchestra.run.smithi023.stdout:/usr/bin/ceph: stderr
2024-03-28T05:14:03.063+0000 7f40feffd700 1 -- 172.21.15.23:0/3659838235 <== mon.0 v2:172.21.15.23:3300/0 1 ==== mon_map magic: 0 v1 ==== 205+0+0 (secure 0 0 0) 0x7f4104003b60 con 0x7f41081084b0
2024-03-28T05:14:03.940 INFO:teuthology.orchestra.run.smithi023.stdout:/usr/bin/ceph: stderr
2024-03-28T05:14:03.063+0000 7f40feffd700 1 -- 172.21.15.23:0/3659838235 <== mon.0 v2:172.21.15.23:3300/0 2 ==== config(27 keys) v1 ==== 1140+0+0 (secure 0 0 0) 0x7f410401a910 con 0x7f41081084b0
2024-03-28T05:14:03.940 INFO:teuthology.orchestra.run.smithi023.stdout:/usr/bin/ceph: stderr
2024-03-28T05:14:03.063+0000 7f410fe5c700 1 -- 172.21.15.23:0/3659838235 --> [v2:172.21.15.23:3300/0,v1:172.21.15.23:6789/0] -- mon_subscribe({mgrmap=0+}) v3 -- 0x7f410819c160 con 0x7f41081084b0
2024-03-28T05:14:03.940 INFO:teuthology.orchestra.run.smithi023.stdout:/usr/bin/ceph: stderr
2024-03-28T05:14:03.063+0000 7f410fe5c700 1 -- 172.21.15.23:0/3659838235 --> [v2:172.21.15.23:3300/0,v1:172.21.15.23:6789/0] -- mon_subscribe({osdmap=0}) v3 -- 0x7f410819c5c0 con 0x7f41081084b0
2024-03-28T05:14:03.940 INFO:teuthology.orchestra.run.smithi023.stdout:/usr/bin/ceph: stderr
2024-03-28T05:14:03.063+0000 7f40feffd700 1 -- 172.21.15.23:0/3659838235 <== mon.0 v2:172.21.15.23:3300/0 3 ==== mon_map magic: 0 v1 ==== 205+0+0 (secure 0 0 0) 0x7f4104024930 con 0x7f41081084b0
2024-03-28T05:14:03.941 INFO:teuthology.orchestra.run.smithi023.stdout:/usr/bin/ceph: stderr
2024-03-28T05:14:03.064+0000 7f40feffd700 1 -- 172.21.15.23:0/3659838235 <== mon.0 v2:172.21.15.23:3300/0 4 ==== mgrmap(e 9) v1 ==== 46119+0+0 (secure 0 0 0) 0x7f4104022020 con 0x7f41081084b0
2024-03-28T05:14:03.941 INFO:teuthology.orchestra.run.smithi023.stdout:/usr/bin/ceph: stderr
2024-03-28T05:14:03.064+0000 7f410fe5c700 1 -- 172.21.15.23:0/3659838235 --> [v2:172.21.15.23:3300/0,v1:172.21.15.23:6789/0] -- mon_command({"prefix": "get_command_descriptions"} v 0) v1 -- 0x7f4108069220 con 0x7f41081084b0
2024-03-28T05:14:03.941 INFO:teuthology.orchestra.run.smithi023.stdout:/usr/bin/ceph: stderr
2024-03-28T05:14:03.064+0000 7f40feffd700 1 --2- 172.21.15.23:0/3659838235 >> [v2:172.21.15.23:6800/1530849123,v1:172.21.15.23:6801/1530849123] conn(0x7f40f4038fd0 0x7f40f403b490 unknown :-1 s=NONE pgs=0 cs=0 l=1 rev1=0 crypto rx=0 tx=0 comp rx=0 tx=0).connect
2024-03-28T05:14:03.941 INFO:teuthology.orchestra.run.smithi023.stdout:/usr/bin/ceph: stderr
2024-03-28T05:14:03.064+0000 7f40feffd700 1 -- 172.21.15.23:0/3659838235 <== mon.0 v2:172.21.15.23:3300/0 5 ==== osd_map(2..2 src has 1..2) v4 ==== 940+0+0 (secure 0 0 0) 0x7f410404d160 con 0x7f41081084b0
2024-03-28T05:14:03.941 INFO:teuthology.orchestra.run.smithi023.stdout:/usr/bin/ceph: stderr
2024-03-28T05:14:03.064+0000 7f410d3f7700 1 -- 172.21.15.23:0/3659838235 >> [v2:172.21.15.23:6800/1530849123,v1:172.21.15.23:6801/1530849123] conn(0x7f40f4038fd0 msgr2=0x7f40f403b490 unknown :-1 s=STATE_CONNECTING_RE l=1).process reconnect failed to v2:172.21.15.23:6800/1530849123
2024-03-28T05:14:03.941 INFO:teuthology.orchestra.run.smithi023.stdout:/usr/bin/ceph: stderr
2024-03-28T05:14:03.064+0000 7f410d3f7700 1 --2- 172.21.15.23:0/3659838235 >> [v2:172.21.15.23:6800/1530849123,v1:172.21.15.23:6801/1530849123] conn(0x7f40f4038fd0 0x7f40f403b490 unknown :-1 s=START_CONNECT pgs=0 cs=0 l=1 rev1=0 crypto rx=0 tx=0 comp rx=0 tx=0)._fault waiting 0.200000
2024-03-28T05:14:03.941 INFO:teuthology.orchestra.run.smithi023.stdout:/usr/bin/ceph: stderr
2024-03-28T05:14:03.069+0000 7f40feffd700 1 -- 172.21.15.23:0/3659838235 <== mon.0 v2:172.21.15.23:3300/0 6 ==== mon_command_ack([{"prefix": "get_command_descriptions"}]=0 v0) v1 ==== 72+0+186149 (secure 0 0 0) 0x7f410404cab0 con 0x7f41081084b0
2024-03-28T05:14:03.941 INFO:teuthology.orchestra.run.smithi023.stdout:/usr/bin/ceph: stderr
2024-03-28T05:14:03.265+0000 7f410d3f7700 1 -- 172.21.15.23:0/3659838235 >> [v2:172.21.15.23:6800/1530849123,v1:172.21.15.23:6801/1530849123] conn(0x7f40f4038fd0 msgr2=0x7f40f403b490 unknown :-1 s=STATE_CONNECTING_RE l=1).process reconnect failed to v2:172.21.15.23:6800/1530849123
2024-03-28T05:14:03.941 INFO:teuthology.orchestra.run.smithi023.stdout:/usr/bin/ceph: stderr
2024-03-28T05:14:03.265+0000 7f410d3f7700 1 --2- 172.21.15.23:0/3659838235 >> [v2:172.21.15.23:6800/1530849123,v1:172.21.15.23:6801/1530849123] conn(0x7f40f4038fd0 0x7f40f403b490 unknown :-1 s=START_CONNECT pgs=0 cs=0 l=1 rev1=0 crypto rx=0 tx=0 comp rx=0 tx=0)._fault waiting 0.400000
2024-03-28T05:14:03.941 INFO:teuthology.orchestra.run.smithi023.stdout:/usr/bin/ceph: stderr
2024-03-28T05:14:03.336+0000 7f410fe5c700 1 -- 172.21.15.23:0/3659838235 --> [v2:172.21.15.23:3300/0,v1:172.21.15.23:6789/0] -- mon_command({"prefix": "mgr stat"} v 0) v1 -- 0x7f410819ef70 con 0x7f41081084b0
2024-03-28T05:14:03.941 INFO:teuthology.orchestra.run.smithi023.stdout:/usr/bin/ceph: stderr
2024-03-28T05:14:03.336+0000 7f40feffd700 1 -- 172.21.15.23:0/3659838235 <== mon.0 v2:172.21.15.23:3300/0 7 ==== mon_command_ack([{"prefix": "mgr stat"}]=0 v9) v1 ==== 56+0+88 (secure 0 0 0) 0x7f410404f110 con 0x7f41081084b0
2024-03-28T05:14:03.941 INFO:teuthology.orchestra.run.smithi023.stdout:/usr/bin/ceph: stderr
2024-03-28T05:14:03.338+0000 7f410fe5c700 1 -- 172.21.15.23:0/3659838235 >> [v2:172.21.15.23:6800/1530849123,v1:172.21.15.23:6801/1530849123] conn(0x7f40f4038fd0 msgr2=0x7f40f403b490 unknown :-1 s=STATE_CONNECTING l=1).mark_down
2024-03-28T05:14:03.941 INFO:teuthology.orchestra.run.smithi023.stdout:/usr/bin/ceph: stderr
2024-03-28T05:14:03.338+0000 7f410fe5c700 1 --2- 172.21.15.23:0/3659838235 >> [v2:172.21.15.23:6800/1530849123,v1:172.21.15.23:6801/1530849123] conn(0x7f40f4038fd0 0x7f40f403b490 unknown :-1 s=START_CONNECT pgs=0 cs=0 l=1 rev1=0 crypto rx=0 tx=0 comp rx=0 tx=0).stop
2024-03-28T05:14:03.941 INFO:teuthology.orchestra.run.smithi023.stdout:/usr/bin/ceph: stderr
2024-03-28T05:14:03.338+0000 7f410fe5c700 1 -- 172.21.15.23:0/3659838235 >> [v2:172.21.15.23:3300/0,v1:172.21.15.23:6789/0] conn(0x7f41081084b0 msgr2=0x7f410819b990 secure :-1 s=STATE_CONNECTION_ESTABLISHED l=1).mark_down
2024-03-28T05:14:03.941 INFO:teuthology.orchestra.run.smithi023.stdout:/usr/bin/ceph: stderr
2024-03-28T05:14:03.338+0000 7f410fe5c700 1 --2- 172.21.15.23:0/3659838235 >> [v2:172.21.15.23:3300/0,v1:172.21.15.23:6789/0] conn(0x7f41081084b0 0x7f410819b990 secure :-1 s=READY pgs=58 cs=0 l=1 rev1=1 crypto rx=0x7f4104011b60 tx=0x7f4104011c40 comp rx=0 tx=0).stop
2024-03-28T05:14:03.941 INFO:teuthology.orchestra.run.smithi023.stdout:/usr/bin/ceph: stderr
2024-03-28T05:14:03.338+0000 7f410fe5c700 1 -- 172.21.15.23:0/3659838235 shutdown_connections
2024-03-28T05:14:03.942 INFO:teuthology.orchestra.run.smithi023.stdout:/usr/bin/ceph: stderr
2024-03-28T05:14:03.338+0000 7f410fe5c700 1 --2- 172.21.15.23:0/3659838235 >> [v2:172.21.15.23:6800/1530849123,v1:172.21.15.23:6801/1530849123] conn(0x7f40f4038fd0 0x7f40f403b490 unknown :-1 s=CLOSED pgs=0 cs=0 l=1 rev1=0 crypto rx=0 tx=0 comp rx=0 tx=0).stop
2024-03-28T05:14:03.942 INFO:teuthology.orchestra.run.smithi023.stdout:/usr/bin/ceph: stderr
2024-03-28T05:14:03.338+0000 7f410fe5c700 1 --2- 172.21.15.23:0/3659838235 >> [v2:172.21.15.23:3300/0,v1:172.21.15.23:6789/0] conn(0x7f41081084b0 0x7f410819b990 unknown :-1 s=CLOSED pgs=58 cs=0 l=1 rev1=1 crypto rx=0 tx=0 comp rx=0 tx=0).stop
2024-03-28T05:14:03.942 INFO:teuthology.orchestra.run.smithi023.stdout:/usr/bin/ceph: stderr
2024-03-28T05:14:03.338+0000 7f410fe5c700 1 -- 172.21.15.23:0/3659838235 >> 172.21.15.23:0/3659838235 conn(0x7f4108101ee0 msgr2=0x7f4108102a20 unknown :-1 s=STATE_NONE l=0).mark_down
2024-03-28T05:14:03.942 INFO:teuthology.orchestra.run.smithi023.stdout:/usr/bin/ceph: stderr
2024-03-28T05:14:03.338+0000 7f410fe5c700 1 -- 172.21.15.23:0/3659838235 shutdown_connections
2024-03-28T05:14:03.942 INFO:teuthology.orchestra.run.smithi023.stdout:/usr/bin/ceph: stderr
2024-03-28T05:14:03.338+0000 7f410fe5c700 1 -- 172.21.15.23:0/3659838235 wait complete.
2024-03-28T05:14:03.942 INFO:teuthology.orchestra.run.smithi023.stdout:Waiting for the mgr to restart...
2024-03-28T05:14:03.942 INFO:teuthology.orchestra.run.smithi023.stdout:Waiting for mgr epoch 9...
2024-03-28T05:14:04.136 INFO:journalctl@ceph.mgr.x.smithi023.stdout:Mar 28 05:14:03 smithi023 ceph-bf37ebc4-ecc1-11ee-95d0-87774f69a715-mgr-x[32187]:
2024-03-28T05:14:03.957+0000 7ffba01b5200 -1 mgr[py] Module pg_autoscaler has missing NOTIFY_TYPES member
2024-03-28T05:14:04.528 INFO:journalctl@ceph.mgr.x.smithi023.stdout:Mar 28 05:14:04 smithi023 ceph-bf37ebc4-ecc1-11ee-95d0-87774f69a715-mgr-x[32187]:
2024-03-28T05:14:04.148+0000 7ffba01b5200 -1 mgr[py] Module devicehealth has missing NOTIFY_TYPES member
2024-03-28T05:14:05.276 INFO:journalctl@ceph.mgr.x.smithi023.stdout:Mar 28 05:14:05 smithi023 ceph-bf37ebc4-ecc1-11ee-95d0-87774f69a715-mgr-x[32187]:
2024-03-28T05:14:05.146+0000 7ffba01b5200 -1 mgr[py] Module rook has missing NOTIFY_TYPES member
2024-03-28T05:14:05.276 INFO:journalctl@ceph.mgr.x.smithi023.stdout:Mar 28 05:14:05 smithi023 ceph-bf37ebc4-ecc1-11ee-95d0-87774f69a715-mgr-x[32187]:
2024-03-28T05:14:05.279+0000 7ffba01b5200 -1 mgr[py] Module diskprediction_local has missing NOTIFY_TYPES member
2024-03-28T05:14:05.905 INFO:journalctl@ceph.mgr.x.smithi023.stdout:Mar 28 05:14:05 smithi023 ceph-bf37ebc4-ecc1-11ee-95d0-87774f69a715-mgr-x[32187]:
2024-03-28T05:14:05.617+0000 7ffba01b5200 -1 mgr[py] Module selftest has missing NOTIFY_TYPES member
2024-03-28T05:14:05.905 INFO:journalctl@ceph.mgr.x.smithi023.stdout:Mar 28 05:14:05 smithi023 ceph-bf37ebc4-ecc1-11ee-95d0-87774f69a715-mgr-x[32187]:
2024-03-28T05:14:05.708+0000 7ffba01b5200 -1 mgr[py] Module telegraf has missing NOTIFY_TYPES member
2024-03-28T05:14:05.905 INFO:journalctl@ceph.mgr.x.smithi023.stdout:Mar 28 05:14:05 smithi023 ceph-bf37ebc4-ecc1-11ee-95d0-87774f69a715-mgr-x[32187]:
2024-03-28T05:14:05.908+0000 7ffba01b5200 -1 mgr[py] Module test_orchestrator has missing NOTIFY_TYPES member
2024-03-28T05:14:06.278 INFO:journalctl@ceph.mgr.x.smithi023.stdout:Mar 28 05:14:06 smithi023 ceph-bf37ebc4-ecc1-11ee-95d0-87774f69a715-mgr-x[32187]:
2024-03-28T05:14:06.097+0000 7ffba01b5200 -1 mgr[py] Module crash has missing NOTIFY_TYPES member
2024-03-28T05:14:06.644 INFO:journalctl@ceph.mgr.x.smithi023.stdout:Mar 28 05:14:06 smithi023 ceph-bf37ebc4-ecc1-11ee-95d0-87774f69a715-mgr-x[32187]:
2024-03-28T05:14:06.387+0000 7ffba01b5200 -1 mgr[py] Module orchestrator has missing NOTIFY_TYPES member
2024-03-28T05:14:06.644 INFO:journalctl@ceph.mgr.x.smithi023.stdout:Mar 28 05:14:06 smithi023 ceph-bf37ebc4-ecc1-11ee-95d0-87774f69a715-mgr-x[32187]:
2024-03-28T05:14:06.647+0000 7ffba01b5200 -1 mgr[py] Module osd_support has missing NOTIFY_TYPES member
2024-03-28T05:14:07.028 INFO:journalctl@ceph.mgr.x.smithi023.stdout:Mar 28 05:14:06 smithi023 ceph-bf37ebc4-ecc1-11ee-95d0-87774f69a715-mgr-x[32187]:
2024-03-28T05:14:06.889+0000 7ffba01b5200 -1 mgr[py] Module volumes has missing NOTIFY_TYPES member
2024-03-28T05:14:08.028 INFO:journalctl@ceph.mgr.x.smithi023.stdout:Mar 28 05:14:07 smithi023 ceph-bf37ebc4-ecc1-11ee-95d0-87774f69a715-mgr-x[32187]:
2024-03-28T05:14:07.717+0000 7ffba01b5200 -1 mgr[py] Module telemetry has missing NOTIFY_TYPES member
2024-03-28T05:14:08.623 INFO:journalctl@ceph.mgr.x.smithi023.stdout:Mar 28 05:14:08 smithi023 ceph-bf37ebc4-ecc1-11ee-95d0-87774f69a715-mgr-x[32187]:
2024-03-28T05:14:08.301+0000 7ffba01b5200 -1 mgr[py] Module prometheus has missing NOTIFY_TYPES member
2024-03-28T05:14:08.623 INFO:journalctl@ceph.mgr.x.smithi023.stdout:Mar 28 05:14:08 smithi023 ceph-bf37ebc4-ecc1-11ee-95d0-87774f69a715-mgr-x[32187]:
2024-03-28T05:14:08.403+0000 7ffba01b5200 -1 mgr[py] Module status has missing NOTIFY_TYPES member
2024-03-28T05:14:08.623 INFO:journalctl@ceph.mgr.x.smithi023.stdout:Mar 28 05:14:08 smithi023 ceph-bf37ebc4-ecc1-11ee-95d0-87774f69a715-mgr-x[32187]:
2024-03-28T05:14:08.626+0000 7ffba01b5200 -1 mgr[py] Module nfs has missing NOTIFY_TYPES member
2024-03-28T05:14:09.028 INFO:journalctl@ceph.mon.a.smithi023.stdout:Mar 28 05:14:08 smithi023 ceph-mon[31954]: Active manager daemon x restarted
2024-03-28T05:14:09.028 INFO:journalctl@ceph.mon.a.smithi023.stdout:Mar 28 05:14:08 smithi023 ceph-mon[31954]: Activating manager daemon x
2024-03-28T05:14:09.028 INFO:journalctl@ceph.mon.a.smithi023.stdout:Mar 28 05:14:08 smithi023 ceph-mon[31954]: osdmap e3: 0 total, 0 up, 0 in
2024-03-28T05:14:09.028 INFO:journalctl@ceph.mon.a.smithi023.stdout:Mar 28 05:14:08 smithi023 ceph-mon[31954]: mgrmap e10: x(active, starting, since 0.00535195s)
2024-03-28T05:14:09.028 INFO:journalctl@ceph.mon.a.smithi023.stdout:Mar 28 05:14:08 smithi023 ceph-mon[31954]: from='mgr.14150 172.21.15.23:0/2425306588' entity='mgr.x' cmd=[{"prefix": "mon metadata", "id": "a"}]: dispatch
2024-03-28T05:14:09.029 INFO:journalctl@ceph.mon.a.smithi023.stdout:Mar 28 05:14:08 smithi023 ceph-mon[31954]: from='mgr.14150 172.21.15.23:0/2425306588' entity='mgr.x' cmd=[{"prefix": "mgr metadata", "who": "x", "id": "x"}]: dispatch
2024-03-28T05:14:09.029 INFO:journalctl@ceph.mon.a.smithi023.stdout:Mar 28 05:14:08 smithi023 ceph-mon[31954]: from='mgr.14150 172.21.15.23:0/2425306588' entity='mgr.x' cmd=[{"prefix": "mds metadata"}]: dispatch
2024-03-28T05:14:09.029 INFO:journalctl@ceph.mon.a.smithi023.stdout:Mar 28 05:14:08 smithi023 ceph-mon[31954]: from='mgr.14150 172.21.15.23:0/2425306588' entity='mgr.x' cmd=[{"prefix": "osd metadata"}]: dispatch
2024-03-28T05:14:09.029 INFO:journalctl@ceph.mon.a.smithi023.stdout:Mar 28 05:14:08 smithi023 ceph-mon[31954]: from='mgr.14150 172.21.15.23:0/2425306588' entity='mgr.x' cmd=[{"prefix": "mon metadata"}]: dispatch
2024-03-28T05:14:09.029 INFO:journalctl@ceph.mon.a.smithi023.stdout:Mar 28 05:14:08 smithi023 ceph-mon[31954]: Manager daemon x is now available
2024-03-28T05:14:09.029 INFO:journalctl@ceph.mon.a.smithi023.stdout:Mar 28 05:14:08 smithi023 ceph-mon[31954]: from='mgr.14150 172.21.15.23:0/2425306588' entity='mgr.x' cmd=[{"prefix": "config dump", "format": "json"}]: dispatch
2024-03-28T05:14:09.029 INFO:journalctl@ceph.mon.a.smithi023.stdout:Mar 28 05:14:08 smithi023 ceph-mon[31954]: from='mgr.14150 172.21.15.23:0/2425306588' entity='mgr.x' cmd=[{"prefix": "config dump", "format": "json"}]: dispatch
2024-03-28T05:14:10.025 INFO:journalctl@ceph.mon.a.smithi023.stdout:Mar 28 05:14:09 smithi023 ceph-mon[31954]: from='mgr.14150 172.21.15.23:0/2425306588' entity='mgr.x' cmd=[{"prefix":"config rm","who":"mgr","name":"mgr/rbd_support/x/mirror_snapshot_schedule"}]: dispatch
2024-03-28T05:14:10.026 INFO:journalctl@ceph.mon.a.smithi023.stdout:Mar 28 05:14:09 smithi023 ceph-mon[31954]: from='mgr.14150 172.21.15.23:0/2425306588' entity='mgr.x' cmd=[{"prefix":"config rm","who":"mgr","name":"mgr/rbd_support/x/trash_purge_schedule"}]: dispatch
2024-03-28T05:14:10.026 INFO:journalctl@ceph.mon.a.smithi023.stdout:Mar 28 05:14:09 smithi023 ceph-mon[31954]: [28/Mar/2024:05:14:09] ENGINE Bus STARTING
2024-03-28T05:14:10.026 INFO:journalctl@ceph.mon.a.smithi023.stdout:Mar 28 05:14:09 smithi023 ceph-mon[31954]: mgrmap e11: x(active, since 1.00988s)
2024-03-28T05:14:10.293 INFO:teuthology.orchestra.run.smithi023.stdout:/usr/bin/ceph: stdout {
2024-03-28T05:14:10.293 INFO:teuthology.orchestra.run.smithi023.stdout:/usr/bin/ceph: stdout "mgrmap_epoch": 11,
2024-03-28T05:14:10.294 INFO:teuthology.orchestra.run.smithi023.stdout:/usr/bin/ceph: stdout "initialized": true
