2024-03-28T15:42:57.390+0000 7fe34e59c700 1 --2- >> [v2:172.21.15.23:3300/0,v1:172.21.15.23:6789/0] conn(0x7fe350107a90 0x7fe35007db50 unknown :-1 s=HELLO_CONNECTING pgs=0 cs=0 l=1 rev1=1 crypto rx=0 tx=0 comp rx=0 tx=0).handle_hello peer v2:172.21.15.23:3300/0 says I am v2:172.21.15.23:55774/0 (socket says 172.21.15.23:55774)
2024-03-28T15:42:58.185 INFO:teuthology.orchestra.run.smithi023.stdout:/usr/bin/ceph: stderr
2024-03-28T15:42:57.390+0000 7fe34e59c700 1 -- 172.21.15.23:0/3848688522 learned_addr learned my addr 172.21.15.23:0/3848688522 (peer_addr_for_me v2:172.21.15.23:0/0)
2024-03-28T15:42:58.185 INFO:teuthology.orchestra.run.smithi023.stdout:/usr/bin/ceph: stderr
2024-03-28T15:42:57.390+0000 7fe34e59c700 1 -- 172.21.15.23:0/3848688522 --> [v2:172.21.15.23:3300/0,v1:172.21.15.23:6789/0] -- mon_subscribe({config=0+,monmap=0+}) v3 -- 0x7fe35007e090 con 0x7fe350107a90
2024-03-28T15:42:58.185 INFO:teuthology.orchestra.run.smithi023.stdout:/usr/bin/ceph: stderr
2024-03-28T15:42:57.390+0000 7fe34e59c700 1 --2- 172.21.15.23:0/3848688522 >> [v2:172.21.15.23:3300/0,v1:172.21.15.23:6789/0] conn(0x7fe350107a90 0x7fe35007db50 secure :-1 s=READY pgs=21 cs=0 l=1 rev1=1 crypto rx=0x7fe338009fb0 tx=0x7fe338011bf0 comp rx=0 tx=0).ready entity=mon.0 client_cookie=0 server_cookie=0 in_seq=0 out_seq=0
2024-03-28T15:42:58.185 INFO:teuthology.orchestra.run.smithi023.stdout:/usr/bin/ceph: stderr
2024-03-28T15:42:57.390+0000 7fe3477fe700 1 -- 172.21.15.23:0/3848688522 <== mon.0 v2:172.21.15.23:3300/0 1 ==== mon_map magic: 0 v1 ==== 205+0+0 (secure 0 0 0) 0x7fe3380038b0 con 0x7fe350107a90
2024-03-28T15:42:58.185 INFO:teuthology.orchestra.run.smithi023.stdout:/usr/bin/ceph: stderr
2024-03-28T15:42:57.390+0000 7fe354f76700 1 -- 172.21.15.23:0/3848688522 --> [v2:172.21.15.23:3300/0,v1:172.21.15.23:6789/0] -- mon_subscribe({mgrmap=0+}) v3 -- 0x7fe35007c280 con 0x7fe350107a90
2024-03-28T15:42:58.185 INFO:teuthology.orchestra.run.smithi023.stdout:/usr/bin/ceph: stderr
2024-03-28T15:42:57.390+0000 7fe3477fe700 1 -- 172.21.15.23:0/3848688522 <== mon.0 v2:172.21.15.23:3300/0 2 ==== config(27 keys) v1 ==== 1109+0+0 (secure 0 0 0) 0x7fe338011e50 con 0x7fe350107a90
2024-03-28T15:42:58.185 INFO:teuthology.orchestra.run.smithi023.stdout:/usr/bin/ceph: stderr
2024-03-28T15:42:57.390+0000 7fe3477fe700 1 -- 172.21.15.23:0/3848688522 <== mon.0 v2:172.21.15.23:3300/0 3 ==== mon_map magic: 0 v1 ==== 205+0+0 (secure 0 0 0) 0x7fe338019550 con 0x7fe350107a90
2024-03-28T15:42:58.186 INFO:teuthology.orchestra.run.smithi023.stdout:/usr/bin/ceph: stderr
2024-03-28T15:42:57.390+0000 7fe354f76700 1 -- 172.21.15.23:0/3848688522 --> [v2:172.21.15.23:3300/0,v1:172.21.15.23:6789/0] -- mon_subscribe({osdmap=0}) v3 -- 0x7fe35007c7c0 con 0x7fe350107a90
2024-03-28T15:42:58.186 INFO:teuthology.orchestra.run.smithi023.stdout:/usr/bin/ceph: stderr
2024-03-28T15:42:57.391+0000 7fe3477fe700 1 -- 172.21.15.23:0/3848688522 <== mon.0 v2:172.21.15.23:3300/0 4 ==== mgrmap(e 4) v1 ==== 46095+0+0 (secure 0 0 0) 0x7fe338019850 con 0x7fe350107a90
2024-03-28T15:42:58.186 INFO:teuthology.orchestra.run.smithi023.stdout:/usr/bin/ceph: stderr
2024-03-28T15:42:57.391+0000 7fe3477fe700 1 --2- 172.21.15.23:0/3848688522 >> [v2:172.21.15.23:6800/3484701507,v1:172.21.15.23:6801/3484701507] conn(0x7fe33c038e80 0x7fe33c03b340 unknown :-1 s=NONE pgs=0 cs=0 l=1 rev1=0 crypto rx=0 tx=0 comp rx=0 tx=0).connect
2024-03-28T15:42:58.186 INFO:teuthology.orchestra.run.smithi023.stdout:/usr/bin/ceph: stderr
2024-03-28T15:42:57.391+0000 7fe3477fe700 1 -- 172.21.15.23:0/3848688522 <== mon.0 v2:172.21.15.23:3300/0 5 ==== osd_map(1..1 src has 1..1) v4 ==== 725+0+0 (secure 0 0 0) 0x7fe33804d1c0 con 0x7fe350107a90
2024-03-28T15:42:58.186 INFO:teuthology.orchestra.run.smithi023.stdout:/usr/bin/ceph: stderr
2024-03-28T15:42:57.391+0000 7fe354f76700 1 -- 172.21.15.23:0/3848688522 --> [v2:172.21.15.23:3300/0,v1:172.21.15.23:6789/0] -- mon_command({"prefix": "get_command_descriptions"} v 0) v1 -- 0x7fe3500637c0 con 0x7fe350107a90
2024-03-28T15:42:58.186 INFO:teuthology.orchestra.run.smithi023.stdout:/usr/bin/ceph: stderr
2024-03-28T15:42:57.392+0000 7fe34dd9b700 1 --2- 172.21.15.23:0/3848688522 >> [v2:172.21.15.23:6800/3484701507,v1:172.21.15.23:6801/3484701507] conn(0x7fe33c038e80 0x7fe33c03b340 unknown :-1 s=BANNER_CONNECTING pgs=0 cs=0 l=1 rev1=0 crypto rx=0 tx=0 comp rx=0 tx=0)._handle_peer_banner_payload supported=3 required=0
2024-03-28T15:42:58.186 INFO:teuthology.orchestra.run.smithi023.stdout:/usr/bin/ceph: stderr
2024-03-28T15:42:57.392+0000 7fe34dd9b700 1 --2- 172.21.15.23:0/3848688522 >> [v2:172.21.15.23:6800/3484701507,v1:172.21.15.23:6801/3484701507] conn(0x7fe33c038e80 0x7fe33c03b340 secure :-1 s=READY pgs=7 cs=0 l=1 rev1=1 crypto rx=0x7fe340006fd0 tx=0x7fe340006e40 comp rx=0 tx=0).ready entity=mgr.14100 client_cookie=0 server_cookie=0 in_seq=0 out_seq=0
2024-03-28T15:42:58.186 INFO:teuthology.orchestra.run.smithi023.stdout:/usr/bin/ceph: stderr
2024-03-28T15:42:57.396+0000 7fe3477fe700 1 -- 172.21.15.23:0/3848688522 <== mon.0 v2:172.21.15.23:3300/0 6 ==== mon_command_ack([{"prefix": "get_command_descriptions"}]=0 v0) v1 ==== 72+0+186149 (secure 0 0 0) 0x7fe33804cc20 con 0x7fe350107a90
2024-03-28T15:42:58.186 INFO:teuthology.orchestra.run.smithi023.stdout:/usr/bin/ceph: stderr
2024-03-28T15:42:57.601+0000 7fe354f76700 1 -- 172.21.15.23:0/3848688522 --> [v2:172.21.15.23:3300/0,v1:172.21.15.23:6789/0] -- mon_command({"prefix": "config assimilate-conf"} v 0) v1 -- 0x7fe35007ca40 con 0x7fe350107a90
2024-03-28T15:42:58.186 INFO:teuthology.orchestra.run.smithi023.stdout:/usr/bin/ceph: stderr
2024-03-28T15:42:57.602+0000 7fe3477fe700 1 -- 172.21.15.23:0/3848688522 <== mon.0 v2:172.21.15.23:3300/0 7 ==== mon_command_ack([{"prefix": "config assimilate-conf"}]=0 v3) v1 ==== 70+0+373 (secure 0 0 0) 0x7fe338032020 con 0x7fe350107a90
2024-03-28T15:42:58.186 INFO:teuthology.orchestra.run.smithi023.stdout:/usr/bin/ceph: stderr
2024-03-28T15:42:57.604+0000 7fe354f76700 1 -- 172.21.15.23:0/3848688522 >> [v2:172.21.15.23:6800/3484701507,v1:172.21.15.23:6801/3484701507] conn(0x7fe33c038e80 msgr2=0x7fe33c03b340 secure :-1 s=STATE_CONNECTION_ESTABLISHED l=1).mark_down
2024-03-28T15:42:58.186 INFO:teuthology.orchestra.run.smithi023.stdout:/usr/bin/ceph: stderr
2024-03-28T15:42:57.604+0000 7fe354f76700 1 --2- 172.21.15.23:0/3848688522 >> [v2:172.21.15.23:6800/3484701507,v1:172.21.15.23:6801/3484701507] conn(0x7fe33c038e80 0x7fe33c03b340 secure :-1 s=READY pgs=7 cs=0 l=1 rev1=1 crypto rx=0x7fe340006fd0 tx=0x7fe340006e40 comp rx=0 tx=0).stop
2024-03-28T15:42:58.186 INFO:teuthology.orchestra.run.smithi023.stdout:/usr/bin/ceph: stderr
2024-03-28T15:42:57.604+0000 7fe354f76700 1 -- 172.21.15.23:0/3848688522 >> [v2:172.21.15.23:3300/0,v1:172.21.15.23:6789/0] conn(0x7fe350107a90 msgr2=0x7fe35007db50 secure :-1 s=STATE_CONNECTION_ESTABLISHED l=1).mark_down
2024-03-28T15:42:58.187 INFO:teuthology.orchestra.run.smithi023.stdout:/usr/bin/ceph: stderr
2024-03-28T15:42:57.604+0000 7fe354f76700 1 --2- 172.21.15.23:0/3848688522 >> [v2:172.21.15.23:3300/0,v1:172.21.15.23:6789/0] conn(0x7fe350107a90 0x7fe35007db50 secure :-1 s=READY pgs=21 cs=0 l=1 rev1=1 crypto rx=0x7fe338009fb0 tx=0x7fe338011bf0 comp rx=0 tx=0).stop
2024-03-28T15:42:58.187 INFO:teuthology.orchestra.run.smithi023.stdout:/usr/bin/ceph: stderr
2024-03-28T15:42:57.604+0000 7fe354f76700 1 -- 172.21.15.23:0/3848688522 shutdown_connections
2024-03-28T15:42:58.187 INFO:teuthology.orchestra.run.smithi023.stdout:/usr/bin/ceph: stderr
2024-03-28T15:42:57.604+0000 7fe354f76700 1 --2- 172.21.15.23:0/3848688522 >> [v2:172.21.15.23:6800/3484701507,v1:172.21.15.23:6801/3484701507] conn(0x7fe33c038e80 0x7fe33c03b340 unknown :-1 s=CLOSED pgs=7 cs=0 l=1 rev1=1 crypto rx=0 tx=0 comp rx=0 tx=0).stop
2024-03-28T15:42:58.187 INFO:teuthology.orchestra.run.smithi023.stdout:/usr/bin/ceph: stderr
2024-03-28T15:42:57.604+0000 7fe354f76700 1 --2- 172.21.15.23:0/3848688522 >> [v2:172.21.15.23:3300/0,v1:172.21.15.23:6789/0] conn(0x7fe350107a90 0x7fe35007db50 unknown :-1 s=CLOSED pgs=21 cs=0 l=1 rev1=1 crypto rx=0 tx=0 comp rx=0 tx=0).stop
2024-03-28T15:42:58.187 INFO:teuthology.orchestra.run.smithi023.stdout:/usr/bin/ceph: stderr
2024-03-28T15:42:57.604+0000 7fe354f76700 1 -- 172.21.15.23:0/3848688522 >> 172.21.15.23:0/3848688522 conn(0x7fe3501030d0 msgr2=0x7fe350103c30 unknown :-1 s=STATE_NONE l=0).mark_down
2024-03-28T15:42:58.187 INFO:teuthology.orchestra.run.smithi023.stdout:/usr/bin/ceph: stderr
2024-03-28T15:42:57.604+0000 7fe354f76700 1 -- 172.21.15.23:0/3848688522 shutdown_connections
2024-03-28T15:42:58.187 INFO:teuthology.orchestra.run.smithi023.stdout:/usr/bin/ceph: stderr
2024-03-28T15:42:57.604+0000 7fe354f76700 1 -- 172.21.15.23:0/3848688522 wait complete.
2024-03-28T15:42:58.187 INFO:teuthology.orchestra.run.smithi023.stdout:Enabling cephadm module...
2024-03-28T15:42:58.420 INFO:journalctl@ceph.mon.a.smithi023.stdout:Mar 28 15:42:58 smithi023 ceph-mon[32448]: from='client.? 172.21.15.23:0/3848688522' entity='client.admin' cmd=[{"prefix": "config assimilate-conf"}]: dispatch
2024-03-28T15:42:59.420 INFO:journalctl@ceph.mon.a.smithi023.stdout:Mar 28 15:42:59 smithi023 ceph-mon[32448]: from='client.? 172.21.15.23:0/315120607' entity='client.admin' cmd=[{"prefix": "mgr module enable", "module": "cephadm"}]: dispatch
2024-03-28T15:42:59.420 INFO:journalctl@ceph.mgr.x.smithi023.stdout:Mar 28 15:42:59 smithi023 ceph-a96af96e-ed19-11ee-95d0-87774f69a715-mgr-x[32675]: ignoring --setuser ceph since I am not root
2024-03-28T15:42:59.420 INFO:journalctl@ceph.mgr.x.smithi023.stdout:Mar 28 15:42:59 smithi023 ceph-a96af96e-ed19-11ee-95d0-87774f69a715-mgr-x[32675]: ignoring --setgroup ceph since I am not root
2024-03-28T15:42:59.782 INFO:teuthology.orchestra.run.smithi023.stdout:/usr/bin/ceph: stderr
2024-03-28T15:42:58.593+0000 7f9cdf697700 1 Processor -- start
2024-03-28T15:42:59.782 INFO:teuthology.orchestra.run.smithi023.stdout:/usr/bin/ceph: stderr
2024-03-28T15:42:58.593+0000 7f9cdf697700 1 -- start start
2024-03-28T15:42:59.782 INFO:teuthology.orchestra.run.smithi023.stdout:/usr/bin/ceph: stderr
2024-03-28T15:42:58.593+0000 7f9cdf697700 1 --2- >> [v2:172.21.15.23:3300/0,v1:172.21.15.23:6789/0] conn(0x7f9cd8106350 0x7f9cd8106770 unknown :-1 s=NONE pgs=0 cs=0 l=0 rev1=0 crypto rx=0 tx=0 comp rx=0 tx=0).connect
2024-03-28T15:42:59.783 INFO:teuthology.orchestra.run.smithi023.stdout:/usr/bin/ceph: stderr
2024-03-28T15:42:58.593+0000 7f9cdf697700 1 -- --> [v2:172.21.15.23:3300/0,v1:172.21.15.23:6789/0] -- mon_getmap magic: 0 v1 -- 0x7f9cd807be10 con 0x7f9cd8106350
2024-03-28T15:42:59.783 INFO:teuthology.orchestra.run.smithi023.stdout:/usr/bin/ceph: stderr
2024-03-28T15:42:58.594+0000 7f9cdd433700 1 --2- >> [v2:172.21.15.23:3300/0,v1:172.21.15.23:6789/0] conn(0x7f9cd8106350 0x7f9cd8106770 unknown :-1 s=BANNER_CONNECTING pgs=0 cs=0 l=0 rev1=0 crypto rx=0 tx=0 comp rx=0 tx=0)._handle_peer_banner_payload supported=3 required=0
2024-03-28T15:42:59.783 INFO:teuthology.orchestra.run.smithi023.stdout:/usr/bin/ceph: stderr
2024-03-28T15:42:58.594+0000 7f9cdd433700 1 --2- >> [v2:172.21.15.23:3300/0,v1:172.21.15.23:6789/0] conn(0x7f9cd8106350 0x7f9cd8106770 unknown :-1 s=HELLO_CONNECTING pgs=0 cs=0 l=0 rev1=1 crypto rx=0 tx=0 comp rx=0 tx=0).handle_hello peer v2:172.21.15.23:3300/0 says I am v2:172.21.15.23:55776/0 (socket says 172.21.15.23:55776)
2024-03-28T15:42:59.783 INFO:teuthology.orchestra.run.smithi023.stdout:/usr/bin/ceph: stderr
2024-03-28T15:42:58.594+0000 7f9cdd433700 1 -- 172.21.15.23:0/1911287380 learned_addr learned my addr 172.21.15.23:0/1911287380 (peer_addr_for_me v2:172.21.15.23:0/0)
2024-03-28T15:42:59.783 INFO:teuthology.orchestra.run.smithi023.stdout:/usr/bin/ceph: stderr
2024-03-28T15:42:58.594+0000 7f9cdd433700 1 -- 172.21.15.23:0/1911287380 --> [v2:172.21.15.23:3300/0,v1:172.21.15.23:6789/0] -- mon_subscribe({config=0+,monmap=0+}) v3 -- 0x7f9cd8106cb0 con 0x7f9cd8106350
2024-03-28T15:42:59.783 INFO:teuthology.orchestra.run.smithi023.stdout:/usr/bin/ceph: stderr
2024-03-28T15:42:58.594+0000 7f9cdd433700 1 --2- 172.21.15.23:0/1911287380 >> [v2:172.21.15.23:3300/0,v1:172.21.15.23:6789/0] conn(0x7f9cd8106350 0x7f9cd8106770 secure :-1 s=READY pgs=22 cs=0 l=1 rev1=1 crypto rx=0x7f9cd0009e80 tx=0x7f9cd000b330 comp rx=0 tx=0).ready entity=mon.0 client_cookie=fbfba2d71b152d67 server_cookie=0 in_seq=0 out_seq=0
2024-03-28T15:42:59.783 INFO:teuthology.orchestra.run.smithi023.stdout:/usr/bin/ceph: stderr
2024-03-28T15:42:58.594+0000 7f9cd7fff700 1 -- 172.21.15.23:0/1911287380 <== mon.0 v2:172.21.15.23:3300/0 1 ==== mon_map magic: 0 v1 ==== 205+0+0 (secure 0 0 0) 0x7f9cd0017070 con 0x7f9cd8106350
2024-03-28T15:42:59.783 INFO:teuthology.orchestra.run.smithi023.stdout:/usr/bin/ceph: stderr
2024-03-28T15:42:58.594+0000 7f9cd7fff700 1 -- 172.21.15.23:0/1911287380 <== mon.0 v2:172.21.15.23:3300/0 2 ==== config(27 keys) v1 ==== 1109+0+0 (secure 0 0 0) 0x7f9cd000b8c0 con 0x7f9cd8106350
2024-03-28T15:42:59.783 INFO:teuthology.orchestra.run.smithi023.stdout:/usr/bin/ceph: stderr
2024-03-28T15:42:58.594+0000 7f9cd7fff700 1 -- 172.21.15.23:0/1911287380 <== mon.0 v2:172.21.15.23:3300/0 3 ==== mon_map magic: 0 v1 ==== 205+0+0 (secure 0 0 0) 0x7f9cd00045c0 con 0x7f9cd8106350
2024-03-28T15:42:59.783 INFO:teuthology.orchestra.run.smithi023.stdout:/usr/bin/ceph: stderr
2024-03-28T15:42:58.595+0000 7f9cdf697700 1 -- 172.21.15.23:0/1911287380 >> [v2:172.21.15.23:3300/0,v1:172.21.15.23:6789/0] conn(0x7f9cd8106350 msgr2=0x7f9cd8106770 secure :-1 s=STATE_CONNECTION_ESTABLISHED l=1).mark_down
2024-03-28T15:42:59.783 INFO:teuthology.orchestra.run.smithi023.stdout:/usr/bin/ceph: stderr
2024-03-28T15:42:58.595+0000 7f9cdf697700 1 --2- 172.21.15.23:0/1911287380 >> [v2:172.21.15.23:3300/0,v1:172.21.15.23:6789/0] conn(0x7f9cd8106350 0x7f9cd8106770 secure :-1 s=READY pgs=22 cs=0 l=1 rev1=1 crypto rx=0x7f9cd0009e80 tx=0x7f9cd000b330 comp rx=0 tx=0).stop
2024-03-28T15:42:59.783 INFO:teuthology.orchestra.run.smithi023.stdout:/usr/bin/ceph: stderr
2024-03-28T15:42:58.595+0000 7f9cdf697700 1 -- 172.21.15.23:0/1911287380 shutdown_connections
2024-03-28T15:42:59.784 INFO:teuthology.orchestra.run.smithi023.stdout:/usr/bin/ceph: stderr
2024-03-28T15:42:58.595+0000 7f9cdf697700 1 --2- 172.21.15.23:0/1911287380 >> [v2:172.21.15.23:3300/0,v1:172.21.15.23:6789/0] conn(0x7f9cd8106350 0x7f9cd8106770 unknown :-1 s=CLOSED pgs=22 cs=0 l=1 rev1=1 crypto rx=0 tx=0 comp rx=0 tx=0).stop
2024-03-28T15:42:59.784 INFO:teuthology.orchestra.run.smithi023.stdout:/usr/bin/ceph: stderr
2024-03-28T15:42:58.595+0000 7f9cdf697700 1 -- 172.21.15.23:0/1911287380 >> 172.21.15.23:0/1911287380 conn(0x7f9cd8101f70 msgr2=0x7f9cd8104390 unknown :-1 s=STATE_NONE l=0).mark_down
2024-03-28T15:42:59.784 INFO:teuthology.orchestra.run.smithi023.stdout:/usr/bin/ceph: stderr
2024-03-28T15:42:58.595+0000 7f9cdf697700 1 -- 172.21.15.23:0/1911287380 shutdown_connections
2024-03-28T15:42:59.784 INFO:teuthology.orchestra.run.smithi023.stdout:/usr/bin/ceph: stderr
2024-03-28T15:42:58.595+0000 7f9cdf697700 1 -- 172.21.15.23:0/1911287380 wait complete.
2024-03-28T15:42:59.784 INFO:teuthology.orchestra.run.smithi023.stdout:/usr/bin/ceph: stderr
2024-03-28T15:42:58.596+0000 7f9cdf697700 1 Processor -- start
2024-03-28T15:42:59.784 INFO:teuthology.orchestra.run.smithi023.stdout:/usr/bin/ceph: stderr
2024-03-28T15:42:58.596+0000 7f9cdf697700 1 -- start start
2024-03-28T15:42:59.784 INFO:teuthology.orchestra.run.smithi023.stdout:/usr/bin/ceph: stderr
2024-03-28T15:42:58.596+0000 7f9cdf697700 1 --2- >> [v2:172.21.15.23:3300/0,v1:172.21.15.23:6789/0] conn(0x7f9cd8106350 0x7f9cd819db30 unknown :-1 s=NONE pgs=0 cs=0 l=1 rev1=0 crypto rx=0 tx=0 comp rx=0 tx=0).connect
2024-03-28T15:42:59.784 INFO:teuthology.orchestra.run.smithi023.stdout:/usr/bin/ceph: stderr
2024-03-28T15:42:58.596+0000 7f9cdf697700 1 -- --> [v2:172.21.15.23:3300/0,v1:172.21.15.23:6789/0] -- mon_getmap magic: 0 v1 -- 0x7f9cd8107d40 con 0x7f9cd8106350
2024-03-28T15:42:59.784 INFO:teuthology.orchestra.run.smithi023.stdout:/usr/bin/ceph: stderr
2024-03-28T15:42:58.596+0000 7f9cdd433700 1 --2- >> [v2:172.21.15.23:3300/0,v1:172.21.15.23:6789/0] conn(0x7f9cd8106350 0x7f9cd819db30 unknown :-1 s=BANNER_CONNECTING pgs=0 cs=0 l=1 rev1=0 crypto rx=0 tx=0 comp rx=0 tx=0)._handle_peer_banner_payload supported=3 required=0
2024-03-28T15:42:59.785 INFO:teuthology.orchestra.run.smithi023.stdout:/usr/bin/ceph: stderr
2024-03-28T15:42:58.596+0000 7f9cdd433700 1 --2- >> [v2:172.21.15.23:3300/0,v1:172.21.15.23:6789/0] conn(0x7f9cd8106350 0x7f9cd819db30 unknown :-1 s=HELLO_CONNECTING pgs=0 cs=0 l=1 rev1=1 crypto rx=0 tx=0 comp rx=0 tx=0).handle_hello peer v2:172.21.15.23:3300/0 says I am v2:172.21.15.23:55784/0 (socket says 172.21.15.23:55784)
2024-03-28T15:42:59.785 INFO:teuthology.orchestra.run.smithi023.stdout:/usr/bin/ceph: stderr
2024-03-28T15:42:58.596+0000 7f9cdd433700 1 -- 172.21.15.23:0/315120607 learned_addr learned my addr 172.21.15.23:0/315120607 (peer_addr_for_me v2:172.21.15.23:0/0)
2024-03-28T15:42:59.785 INFO:teuthology.orchestra.run.smithi023.stdout:/usr/bin/ceph: stderr
2024-03-28T15:42:58.596+0000 7f9cdd433700 1 -- 172.21.15.23:0/315120607 --> [v2:172.21.15.23:3300/0,v1:172.21.15.23:6789/0] -- mon_subscribe({config=0+,monmap=0+}) v3 -- 0x7f9cd819e070 con 0x7f9cd8106350
2024-03-28T15:42:59.785 INFO:teuthology.orchestra.run.smithi023.stdout:/usr/bin/ceph: stderr
2024-03-28T15:42:58.596+0000 7f9cdd433700 1 --2- 172.21.15.23:0/315120607 >> [v2:172.21.15.23:3300/0,v1:172.21.15.23:6789/0] conn(0x7f9cd8106350 0x7f9cd819db30 secure :-1 s=READY pgs=23 cs=0 l=1 rev1=1 crypto rx=0x7f9cd00072a0 tx=0x7f9cd000bd50 comp rx=0 tx=0).ready entity=mon.0 client_cookie=0 server_cookie=0 in_seq=0 out_seq=0
2024-03-28T15:42:59.785 INFO:teuthology.orchestra.run.smithi023.stdout:/usr/bin/ceph: stderr
2024-03-28T15:42:58.596+0000 7f9cd67fc700 1 -- 172.21.15.23:0/315120607 <== mon.0 v2:172.21.15.23:3300/0 1 ==== mon_map magic: 0 v1 ==== 205+0+0 (secure 0 0 0) 0x7f9cd0020020 con 0x7f9cd8106350
2024-03-28T15:42:59.785 INFO:teuthology.orchestra.run.smithi023.stdout:/usr/bin/ceph: stderr
2024-03-28T15:42:58.596+0000 7f9cd67fc700 1 -- 172.21.15.23:0/315120607 <== mon.0 v2:172.21.15.23:3300/0 2 ==== config(27 keys) v1 ==== 1109+0+0 (secure 0 0 0) 0x7f9cd0003b50 con 0x7f9cd8106350
2024-03-28T15:42:59.785 INFO:teuthology.orchestra.run.smithi023.stdout:/usr/bin/ceph: stderr
2024-03-28T15:42:58.596+0000 7f9cdf697700 1 -- 172.21.15.23:0/315120607 --> [v2:172.21.15.23:3300/0,v1:172.21.15.23:6789/0] -- mon_subscribe({mgrmap=0+}) v3 -- 0x7f9cd819e300 con 0x7f9cd8106350
2024-03-28T15:42:59.785 INFO:teuthology.orchestra.run.smithi023.stdout:/usr/bin/ceph: stderr
2024-03-28T15:42:58.596+0000 7f9cd67fc700 1 -- 172.21.15.23:0/315120607 <== mon.0 v2:172.21.15.23:3300/0 3 ==== mon_map magic: 0 v1 ==== 205+0+0 (secure 0 0 0) 0x7f9cd0017040 con 0x7f9cd8106350
2024-03-28T15:42:59.785 INFO:teuthology.orchestra.run.smithi023.stdout:/usr/bin/ceph: stderr
2024-03-28T15:42:58.597+0000 7f9cdf697700 1 -- 172.21.15.23:0/315120607 --> [v2:172.21.15.23:3300/0,v1:172.21.15.23:6789/0] -- mon_subscribe({osdmap=0}) v3 -- 0x7f9cd81a0ff0 con 0x7f9cd8106350
2024-03-28T15:42:59.785 INFO:teuthology.orchestra.run.smithi023.stdout:/usr/bin/ceph: stderr
2024-03-28T15:42:58.597+0000 7f9cd67fc700 1 -- 172.21.15.23:0/315120607 <== mon.0 v2:172.21.15.23:3300/0 4 ==== mgrmap(e 4) v1 ==== 46095+0+0 (secure 0 0 0) 0x7f9cd0023020 con 0x7f9cd8106350
2024-03-28T15:42:59.785 INFO:teuthology.orchestra.run.smithi023.stdout:/usr/bin/ceph: stderr
2024-03-28T15:42:58.597+0000 7f9cdf697700 1 -- 172.21.15.23:0/315120607 --> [v2:172.21.15.23:3300/0,v1:172.21.15.23:6789/0] -- mon_command({"prefix": "get_command_descriptions"} v 0) v1 -- 0x7f9cd80637c0 con 0x7f9cd8106350
2024-03-28T15:42:59.786 INFO:teuthology.orchestra.run.smithi023.stdout:/usr/bin/ceph: stderr
2024-03-28T15:42:58.597+0000 7f9cd67fc700 1 --2- 172.21.15.23:0/315120607 >> [v2:172.21.15.23:6800/3484701507,v1:172.21.15.23:6801/3484701507] conn(0x7f9cc0038ed0 0x7f9cc003b390 unknown :-1 s=NONE pgs=0 cs=0 l=1 rev1=0 crypto rx=0 tx=0 comp rx=0 tx=0).connect
2024-03-28T15:42:59.786 INFO:teuthology.orchestra.run.smithi023.stdout:/usr/bin/ceph: stderr
2024-03-28T15:42:58.598+0000 7f9cd67fc700 1 -- 172.21.15.23:0/315120607 <== mon.0 v2:172.21.15.23:3300/0 5 ==== osd_map(1..1 src has 1..1) v4 ==== 725+0+0 (secure 0 0 0) 0x7f9cd000f050 con 0x7f9cd8106350
2024-03-28T15:42:59.786 INFO:teuthology.orchestra.run.smithi023.stdout:/usr/bin/ceph: stderr
2024-03-28T15:42:58.598+0000 7f9cdcc32700 1 --2- 172.21.15.23:0/315120607 >> [v2:172.21.15.23:6800/3484701507,v1:172.21.15.23:6801/3484701507] conn(0x7f9cc0038ed0 0x7f9cc003b390 unknown :-1 s=BANNER_CONNECTING pgs=0 cs=0 l=1 rev1=0 crypto rx=0 tx=0 comp rx=0 tx=0)._handle_peer_banner_payload supported=3 required=0
2024-03-28T15:42:59.786 INFO:teuthology.orchestra.run.smithi023.stdout:/usr/bin/ceph: stderr
2024-03-28T15:42:58.598+0000 7f9cdcc32700 1 --2- 172.21.15.23:0/315120607 >> [v2:172.21.15.23:6800/3484701507,v1:172.21.15.23:6801/3484701507] conn(0x7f9cc0038ed0 0x7f9cc003b390 secure :-1 s=READY pgs=8 cs=0 l=1 rev1=1 crypto rx=0x7f9ccc006fd0 tx=0x7f9ccc006e40 comp rx=0 tx=0).ready entity=mgr.14100 client_cookie=0 server_cookie=0 in_seq=0 out_seq=0
2024-03-28T15:42:59.786 INFO:teuthology.orchestra.run.smithi023.stdout:/usr/bin/ceph: stderr
2024-03-28T15:42:58.603+0000 7f9cd67fc700 1 -- 172.21.15.23:0/315120607 <== mon.0 v2:172.21.15.23:3300/0 6 ==== mon_command_ack([{"prefix": "get_command_descriptions"}]=0 v0) v1 ==== 72+0+186149 (secure 0 0 0) 0x7f9cd002a020 con 0x7f9cd8106350
2024-03-28T15:42:59.786 INFO:teuthology.orchestra.run.smithi023.stdout:/usr/bin/ceph: stderr
2024-03-28T15:42:58.867+0000 7f9cdf697700 1 -- 172.21.15.23:0/315120607 --> [v2:172.21.15.23:3300/0,v1:172.21.15.23:6789/0] -- mon_command({"prefix": "mgr module enable", "module": "cephadm"} v 0) v1 -- 0x7f9cd802dd70 con 0x7f9cd8106350
2024-03-28T15:42:59.786 INFO:teuthology.orchestra.run.smithi023.stdout:/usr/bin/ceph: stderr
2024-03-28T15:42:59.174+0000 7f9cd67fc700 1 -- 172.21.15.23:0/315120607 <== mon.0 v2:172.21.15.23:3300/0 7 ==== mon_command_ack([{"prefix": "mgr module enable", "module": "cephadm"}]=0 v5) v1 ==== 86+0+0 (secure 0 0 0) 0x7f9cd002d350 con 0x7f9cd8106350
2024-03-28T15:42:59.786 INFO:teuthology.orchestra.run.smithi023.stdout:/usr/bin/ceph: stderr
2024-03-28T15:42:59.176+0000 7f9cd67fc700 1 -- 172.21.15.23:0/315120607 <== mon.0 v2:172.21.15.23:3300/0 8 ==== mgrmap(e 5) v1 ==== 46106+0+0 (secure 0 0 0) 0x7f9cd0012980 con 0x7f9cd8106350
2024-03-28T15:42:59.786 INFO:teuthology.orchestra.run.smithi023.stdout:/usr/bin/ceph: stderr
2024-03-28T15:42:59.177+0000 7f9cdf697700 1 -- 172.21.15.23:0/315120607 >> [v2:172.21.15.23:6800/3484701507,v1:172.21.15.23:6801/3484701507] conn(0x7f9cc0038ed0 msgr2=0x7f9cc003b390 secure :-1 s=STATE_CONNECTION_ESTABLISHED l=1).mark_down
2024-03-28T15:42:59.786 INFO:teuthology.orchestra.run.smithi023.stdout:/usr/bin/ceph: stderr
2024-03-28T15:42:59.177+0000 7f9cdf697700 1 --2- 172.21.15.23:0/315120607 >> [v2:172.21.15.23:6800/3484701507,v1:172.21.15.23:6801/3484701507] conn(0x7f9cc0038ed0 0x7f9cc003b390 secure :-1 s=READY pgs=8 cs=0 l=1 rev1=1 crypto rx=0x7f9ccc006fd0 tx=0x7f9ccc006e40 comp rx=0 tx=0).stop
2024-03-28T15:42:59.787 INFO:teuthology.orchestra.run.smithi023.stdout:/usr/bin/ceph: stderr
2024-03-28T15:42:59.177+0000 7f9cdf697700 1 -- 172.21.15.23:0/315120607 >> [v2:172.21.15.23:3300/0,v1:172.21.15.23:6789/0] conn(0x7f9cd8106350 msgr2=0x7f9cd819db30 secure :-1 s=STATE_CONNECTION_ESTABLISHED l=1).mark_down
2024-03-28T15:42:59.787 INFO:teuthology.orchestra.run.smithi023.stdout:/usr/bin/ceph: stderr
2024-03-28T15:42:59.177+0000 7f9cdf697700 1 --2- 172.21.15.23:0/315120607 >> [v2:172.21.15.23:3300/0,v1:172.21.15.23:6789/0] conn(0x7f9cd8106350 0x7f9cd819db30 secure :-1 s=READY pgs=23 cs=0 l=1 rev1=1 crypto rx=0x7f9cd00072a0 tx=0x7f9cd000bd50 comp rx=0 tx=0).stop
2024-03-28T15:42:59.787 INFO:teuthology.orchestra.run.smithi023.stdout:/usr/bin/ceph: stderr
2024-03-28T15:42:59.177+0000 7f9cdf697700 1 -- 172.21.15.23:0/315120607 shutdown_connections
2024-03-28T15:42:59.787 INFO:teuthology.orchestra.run.smithi023.stdout:/usr/bin/ceph: stderr
2024-03-28T15:42:59.177+0000 7f9cdf697700 1 --2- 172.21.15.23:0/315120607 >> [v2:172.21.15.23:6800/3484701507,v1:172.21.15.23:6801/3484701507] conn(0x7f9cc0038ed0 0x7f9cc003b390 unknown :-1 s=CLOSED pgs=8 cs=0 l=1 rev1=1 crypto rx=0 tx=0 comp rx=0 tx=0).stop
2024-03-28T15:42:59.787 INFO:teuthology.orchestra.run.smithi023.stdout:/usr/bin/ceph: stderr
2024-03-28T15:42:59.177+0000 7f9cdf697700 1 --2- 172.21.15.23:0/315120607 >> [v2:172.21.15.23:3300/0,v1:172.21.15.23:6789/0] conn(0x7f9cd8106350 0x7f9cd819db30 unknown :-1 s=CLOSED pgs=23 cs=0 l=1 rev1=1 crypto rx=0 tx=0 comp rx=0 tx=0).stop
2024-03-28T15:42:59.787 INFO:teuthology.orchestra.run.smithi023.stdout:/usr/bin/ceph: stderr
2024-03-28T15:42:59.177+0000 7f9cdf697700 1 -- 172.21.15.23:0/315120607 >> 172.21.15.23:0/315120607 conn(0x7f9cd8101f70 msgr2=0x7f9cd8194810 unknown :-1 s=STATE_NONE l=0).mark_down
2024-03-28T15:42:59.787 INFO:teuthology.orchestra.run.smithi023.stdout:/usr/bin/ceph: stderr
2024-03-28T15:42:59.177+0000 7f9cdf697700 1 -- 172.21.15.23:0/315120607 shutdown_connections
2024-03-28T15:42:59.787 INFO:teuthology.orchestra.run.smithi023.stdout:/usr/bin/ceph: stderr
2024-03-28T15:42:59.177+0000 7f9cdf697700 1 -- 172.21.15.23:0/315120607 wait complete.
2024-03-28T15:43:00.074 INFO:journalctl@ceph.mgr.x.smithi023.stdout:Mar 28 15:42:59 smithi023 ceph-a96af96e-ed19-11ee-95d0-87774f69a715-mgr-x[32675]:
2024-03-28T15:42:59.744+0000 7f967bea0200 -1 mgr[py] Module osd_perf_query has missing NOTIFY_TYPES member
2024-03-28T15:43:00.074 INFO:journalctl@ceph.mgr.x.smithi023.stdout:Mar 28 15:42:59 smithi023 ceph-a96af96e-ed19-11ee-95d0-87774f69a715-mgr-x[32675]:
2024-03-28T15:42:59.842+0000 7f967bea0200 -1 mgr[py] Module snap_schedule has missing NOTIFY_TYPES member
2024-03-28T15:43:00.387 INFO:journalctl@ceph.mon.a.smithi023.stdout:Mar 28 15:43:00 smithi023 ceph-mon[32448]: from='client.? 172.21.15.23:0/315120607' entity='client.admin' cmd='[{"prefix": "mgr module enable", "module": "cephadm"}]': finished
2024-03-28T15:43:00.387 INFO:journalctl@ceph.mon.a.smithi023.stdout:Mar 28 15:43:00 smithi023 ceph-mon[32448]: mgrmap e5: x(active, since 6s)
2024-03-28T15:43:00.670 INFO:journalctl@ceph.mgr.x.smithi023.stdout:Mar 28 15:43:00 smithi023 ceph-a96af96e-ed19-11ee-95d0-87774f69a715-mgr-x[32675]:
2024-03-28T15:43:00.537+0000 7f967bea0200 -1 mgr[py] Module zabbix has missing NOTIFY_TYPES member
2024-03-28T15:43:00.670 INFO:journalctl@ceph.mgr.x.smithi023.stdout:Mar 28 15:43:00 smithi023 ceph-a96af96e-ed19-11ee-95d0-87774f69a715-mgr-x[32675]:
2024-03-28T15:43:00.632+0000 7f967bea0200 -1 mgr[py] Module balancer has missing NOTIFY_TYPES member
2024-03-28T15:43:01.063 INFO:journalctl@ceph.mgr.x.smithi023.stdout:Mar 28 15:43:00 smithi023 ceph-a96af96e-ed19-11ee-95d0-87774f69a715-mgr-x[32675]:
2024-03-28T15:43:00.776+0000 7f967bea0200 -1 mgr[py] Module influx has missing NOTIFY_TYPES member
2024-03-28T15:43:01.063 INFO:journalctl@ceph.mgr.x.smithi023.stdout:Mar 28 15:43:00 smithi023 ceph-a96af96e-ed19-11ee-95d0-87774f69a715-mgr-x[32675]:
2024-03-28T15:43:00.873+0000 7f967bea0200 -1 mgr[py] Module alerts has missing NOTIFY_TYPES member
2024-03-28T15:43:01.063 INFO:journalctl@ceph.mgr.x.smithi023.stdout:Mar 28 15:43:00 smithi023 ceph-a96af96e-ed19-11ee-95d0-87774f69a715-mgr-x[32675]:
2024-03-28T15:43:00.958+0000 7f967bea0200 -1 mgr[py] Module iostat has missing NOTIFY_TYPES member
2024-03-28T15:43:01.072 INFO:teuthology.orchestra.run.smithi023.stdout:/usr/bin/ceph: stdout {
2024-03-28T15:43:01.072 INFO:teuthology.orchestra.run.smithi023.stdout:/usr/bin/ceph: stdout "epoch": 5,
2024-03-28T15:43:01.072 INFO:teuthology.orchestra.run.smithi023.stdout:/usr/bin/ceph: stdout "available": true,
2024-03-28T15:43:01.072 INFO:teuthology.orchestra.run.smithi023.stdout:/usr/bin/ceph: stdout "active_name": "x",
2024-03-28T15:43:01.072 INFO:teuthology.orchestra.run.smithi023.stdout:/usr/bin/ceph: stdout "num_standby": 0
2024-03-28T15:43:01.072 INFO:teuthology.orchestra.run.smithi023.stdout:/usr/bin/ceph: stdout }
2024-03-28T15:43:01.072 INFO:teuthology.orchestra.run.smithi023.stdout:/usr/bin/ceph: stderr
2024-03-28T15:43:00.173+0000 7f33c1611700 1 Processor -- start
2024-03-28T15:43:01.072 INFO:teuthology.orchestra.run.smithi023.stdout:/usr/bin/ceph: stderr
2024-03-28T15:43:00.173+0000 7f33c1611700 1 -- start start
2024-03-28T15:43:01.072 INFO:teuthology.orchestra.run.smithi023.stdout:/usr/bin/ceph: stderr
2024-03-28T15:43:00.173+0000 7f33c1611700 1 --2- >> [v2:172.21.15.23:3300/0,v1:172.21.15.23:6789/0] conn(0x7f33bc107a80 0x7f33bc107ea0 unknown :-1 s=NONE pgs=0 cs=0 l=0 rev1=0 crypto rx=0 tx=0 comp rx=0 tx=0).connect
2024-03-28T15:43:01.072 INFO:teuthology.orchestra.run.smithi023.stdout:/usr/bin/ceph: stderr
2024-03-28T15:43:00.173+0000 7f33c1611700 1 -- --> [v2:172.21.15.23:3300/0,v1:172.21.15.23:6789/0] -- mon_getmap magic: 0 v1 -- 0x7f33bc108470 con 0x7f33bc107a80
2024-03-28T15:43:01.072 INFO:teuthology.orchestra.run.smithi023.stdout:/usr/bin/ceph: stderr
2024-03-28T15:43:00.174+0000 7f33baffd700 1 --2- >> [v2:172.21.15.23:3300/0,v1:172.21.15.23:6789/0] conn(0x7f33bc107a80 0x7f33bc107ea0 unknown :-1 s=BANNER_CONNECTING pgs=0 cs=0 l=0 rev1=0 crypto rx=0 tx=0 comp rx=0 tx=0)._handle_peer_banner_payload supported=3 required=0
2024-03-28T15:43:01.072 INFO:teuthology.orchestra.run.smithi023.stdout:/usr/bin/ceph: stderr
2024-03-28T15:43:00.174+0000 7f33baffd700 1 --2- >> [v2:172.21.15.23:3300/0,v1:172.21.15.23:6789/0] conn(0x7f33bc107a80 0x7f33bc107ea0 unknown :-1 s=HELLO_CONNECTING pgs=0 cs=0 l=0 rev1=1 crypto rx=0 tx=0 comp rx=0 tx=0).handle_hello peer v2:172.21.15.23:3300/0 says I am v2:172.21.15.23:55806/0 (socket says 172.21.15.23:55806)
2024-03-28T15:43:01.072 INFO:teuthology.orchestra.run.smithi023.stdout:/usr/bin/ceph: stderr
2024-03-28T15:43:00.174+0000 7f33baffd700 1 -- 172.21.15.23:0/4162398782 learned_addr learned my addr 172.21.15.23:0/4162398782 (peer_addr_for_me v2:172.21.15.23:0/0)
2024-03-28T15:43:01.072 INFO:teuthology.orchestra.run.smithi023.stdout:/usr/bin/ceph: stderr
2024-03-28T15:43:00.174+0000 7f33baffd700 1 -- 172.21.15.23:0/4162398782 --> [v2:172.21.15.23:3300/0,v1:172.21.15.23:6789/0] -- mon_subscribe({config=0+,monmap=0+}) v3 -- 0x7f33bc108c80 con 0x7f33bc107a80
2024-03-28T15:43:01.073 INFO:teuthology.orchestra.run.smithi023.stdout:/usr/bin/ceph: stderr
2024-03-28T15:43:00.174+0000 7f33baffd700 1 --2- 172.21.15.23:0/4162398782 >> [v2:172.21.15.23:3300/0,v1:172.21.15.23:6789/0] conn(0x7f33bc107a80 0x7f33bc107ea0 secure :-1 s=READY pgs=26 cs=0 l=1 rev1=1 crypto rx=0x7f33ac0098a0 tx=0x7f33ac009bb0 comp rx=0 tx=0).ready entity=mon.0 client_cookie=23af87bda333dd2e server_cookie=0 in_seq=0 out_seq=0
2024-03-28T15:43:01.073 INFO:teuthology.orchestra.run.smithi023.stdout:/usr/bin/ceph: stderr
2024-03-28T15:43:00.181+0000 7f33b9ffb700 1 -- 172.21.15.23:0/4162398782 <== mon.0 v2:172.21.15.23:3300/0 1 ==== mon_map magic: 0 v1 ==== 205+0+0 (secure 0 0 0) 0x7f33ac004160 con 0x7f33bc107a80
2024-03-28T15:43:01.073 INFO:teuthology.orchestra.run.smithi023.stdout:/usr/bin/ceph: stderr
2024-03-28T15:43:00.181+0000 7f33b9ffb700 1 -- 172.21.15.23:0/4162398782 <== mon.0 v2:172.21.15.23:3300/0 2 ==== config(27 keys) v1 ==== 1109+0+0 (secure 0 0 0) 0x7f33ac004300 con 0x7f33bc107a80
2024-03-28T15:43:01.073 INFO:teuthology.orchestra.run.smithi023.stdout:/usr/bin/ceph: stderr
2024-03-28T15:43:00.181+0000 7f33b9ffb700 1 -- 172.21.15.23:0/4162398782 <== mon.0 v2:172.21.15.23:3300/0 3 ==== mon_map magic: 0 v1 ==== 205+0+0 (secure 0 0 0) 0x7f33ac011b50 con 0x7f33bc107a80
2024-03-28T15:43:01.073 INFO:teuthology.orchestra.run.smithi023.stdout:/usr/bin/ceph: stderr
2024-03-28T15:43:00.182+0000 7f33c1611700 1 -- 172.21.15.23:0/4162398782 >> [v2:172.21.15.23:3300/0,v1:172.21.15.23:6789/0] conn(0x7f33bc107a80 msgr2=0x7f33bc107ea0 secure :-1 s=STATE_CONNECTION_ESTABLISHED l=1).mark_down
2024-03-28T15:43:01.073 INFO:teuthology.orchestra.run.smithi023.stdout:/usr/bin/ceph: stderr
2024-03-28T15:43:00.182+0000 7f33c1611700 1 --2- 172.21.15.23:0/4162398782 >> [v2:172.21.15.23:3300/0,v1:172.21.15.23:6789/0] conn(0x7f33bc107a80 0x7f33bc107ea0 secure :-1 s=READY pgs=26 cs=0 l=1 rev1=1 crypto rx=0x7f33ac0098a0 tx=0x7f33ac009bb0 comp rx=0 tx=0).stop
2024-03-28T15:43:01.073 INFO:teuthology.orchestra.run.smithi023.stdout:/usr/bin/ceph: stderr
2024-03-28T15:43:00.182+0000 7f33c1611700 1 -- 172.21.15.23:0/4162398782 shutdown_connections
2024-03-28T15:43:01.073 INFO:teuthology.orchestra.run.smithi023.stdout:/usr/bin/ceph: stderr
2024-03-28T15:43:00.182+0000 7f33c1611700 1 --2- 172.21.15.23:0/4162398782 >> [v2:172.21.15.23:3300/0,v1:172.21.15.23:6789/0] conn(0x7f33bc107a80 0x7f33bc107ea0 unknown :-1 s=CLOSED pgs=26 cs=0 l=1 rev1=1 crypto rx=0 tx=0 comp rx=0 tx=0).stop
2024-03-28T15:43:01.073 INFO:teuthology.orchestra.run.smithi023.stdout:/usr/bin/ceph: stderr
2024-03-28T15:43:00.182+0000 7f33c1611700 1 -- 172.21.15.23:0/4162398782 >> 172.21.15.23:0/4162398782 conn(0x7f33bc103020 msgr2=0x7f33bc105460 unknown :-1 s=STATE_NONE l=0).mark_down
2024-03-28T15:43:01.073 INFO:teuthology.orchestra.run.smithi023.stdout:/usr/bin/ceph: stderr
2024-03-28T15:43:00.182+0000 7f33c1611700 1 -- 172.21.15.23:0/4162398782 shutdown_connections
2024-03-28T15:43:01.073 INFO:teuthology.orchestra.run.smithi023.stdout:/usr/bin/ceph: stderr
2024-03-28T15:43:00.182+0000 7f33c1611700 1 -- 172.21.15.23:0/4162398782 wait complete.
2024-03-28T15:43:01.073 INFO:teuthology.orchestra.run.smithi023.stdout:/usr/bin/ceph: stderr
2024-03-28T15:43:00.183+0000 7f33c1611700 1 Processor -- start
2024-03-28T15:43:01.073 INFO:teuthology.orchestra.run.smithi023.stdout:/usr/bin/ceph: stderr
2024-03-28T15:43:00.183+0000 7f33c1611700 1 -- start start
2024-03-28T15:43:01.073 INFO:teuthology.orchestra.run.smithi023.stdout:/usr/bin/ceph: stderr
2024-03-28T15:43:00.183+0000 7f33c1611700 1 --2- >> [v2:172.21.15.23:3300/0,v1:172.21.15.23:6789/0] conn(0x7f33bc107a80 0x7f33bc19ba30 unknown :-1 s=NONE pgs=0 cs=0 l=1 rev1=0 crypto rx=0 tx=0 comp rx=0 tx=0).connect
2024-03-28T15:43:01.073 INFO:teuthology.orchestra.run.smithi023.stdout:/usr/bin/ceph: stderr
2024-03-28T15:43:00.183+0000 7f33c1611700 1 -- --> [v2:172.21.15.23:3300/0,v1:172.21.15.23:6789/0] -- mon_getmap magic: 0 v1 -- 0x7f33bc10c030 con 0x7f33bc107a80
2024-03-28T15:43:01.074 INFO:teuthology.orchestra.run.smithi023.stdout:/usr/bin/ceph: stderr
2024-03-28T15:43:00.184+0000 7f33baffd700 1 --2- >> [v2:172.21.15.23:3300/0,v1:172.21.15.23:6789/0] conn(0x7f33bc107a80 0x7f33bc19ba30 unknown :-1 s=BANNER_CONNECTING pgs=0 cs=0 l=1 rev1=0 crypto rx=0 tx=0 comp rx=0 tx=0)._handle_peer_banner_payload supported=3 required=0
2024-03-28T15:43:01.074 INFO:teuthology.orchestra.run.smithi023.stdout:/usr/bin/ceph: stderr
2024-03-28T15:43:00.184+0000 7f33baffd700 1 --2- >> [v2:172.21.15.23:3300/0,v1:172.21.15.23:6789/0] conn(0x7f33bc107a80 0x7f33bc19ba30 unknown :-1 s=HELLO_CONNECTING pgs=0 cs=0 l=1 rev1=1 crypto rx=0 tx=0 comp rx=0 tx=0).handle_hello peer v2:172.21.15.23:3300/0 says I am v2:172.21.15.23:55820/0 (socket says 172.21.15.23:55820)
2024-03-28T15:43:01.074 INFO:teuthology.orchestra.run.smithi023.stdout:/usr/bin/ceph: stderr
2024-03-28T15:43:00.184+0000 7f33baffd700 1 -- 172.21.15.23:0/1786234169 learned_addr learned my addr 172.21.15.23:0/1786234169 (peer_addr_for_me v2:172.21.15.23:0/0)
2024-03-28T15:43:01.074 INFO:teuthology.orchestra.run.smithi023.stdout:/usr/bin/ceph: stderr
2024-03-28T15:43:00.184+0000 7f33baffd700 1 -- 172.21.15.23:0/1786234169 --> [v2:172.21.15.23:3300/0,v1:172.21.15.23:6789/0] -- mon_subscribe({config=0+,monmap=0+}) v3 -- 0x7f33bc19bf70 con 0x7f33bc107a80
2024-03-28T15:43:01.074 INFO:teuthology.orchestra.run.smithi023.stdout:/usr/bin/ceph: stderr
2024-03-28T15:43:00.184+0000 7f33baffd700 1 --2- 172.21.15.23:0/1786234169 >> [v2:172.21.15.23:3300/0,v1:172.21.15.23:6789/0] conn(0x7f33bc107a80 0x7f33bc19ba30 secure :-1 s=READY pgs=27 cs=0 l=1 rev1=1 crypto rx=0x7f33ac011670 tx=0x7f33ac011b60 comp rx=0 tx=0).ready entity=mon.0 client_cookie=0 server_cookie=0 in_seq=0 out_seq=0
2024-03-28T15:43:01.074 INFO:teuthology.orchestra.run.smithi023.stdout:/usr/bin/ceph: stderr
2024-03-28T15:43:00.184+0000 7f33a3fff700 1 -- 172.21.15.23:0/1786234169 <== mon.0 v2:172.21.15.23:3300/0 1 ==== mon_map magic: 0 v1 ==== 205+0+0 (secure 0 0 0) 0x7f33ac0039c0 con 0x7f33bc107a80
2024-03-28T15:43:01.074 INFO:teuthology.orchestra.run.smithi023.stdout:/usr/bin/ceph: stderr
2024-03-28T15:43:00.184+0000 7f33a3fff700 1 -- 172.21.15.23:0/1786234169 <== mon.0 v2:172.21.15.23:3300/0 2 ==== config(27 keys) v1 ==== 1109+0+0 (secure 0 0 0) 0x7f33ac011e50 con 0x7f33bc107a80
2024-03-28T15:43:01.074 INFO:teuthology.orchestra.run.smithi023.stdout:/usr/bin/ceph: stderr
2024-03-28T15:43:00.184+0000 7f33c1611700 1 -- 172.21.15.23:0/1786234169 --> [v2:172.21.15.23:3300/0,v1:172.21.15.23:6789/0] -- mon_subscribe({mgrmap=0+}) v3 -- 0x7f33bc19c200 con 0x7f33bc107a80
2024-03-28T15:43:01.074 INFO:teuthology.orchestra.run.smithi023.stdout:/usr/bin/ceph: stderr
2024-03-28T15:43:00.184+0000 7f33a3fff700 1 -- 172.21.15.23:0/1786234169 <== mon.0 v2:172.21.15.23:3300/0 3 ==== mon_map magic: 0 v1 ==== 205+0+0 (secure 0 0 0) 0x7f33ac01a5c0 con 0x7f33bc107a80
2024-03-28T15:43:01.074 INFO:teuthology.orchestra.run.smithi023.stdout:/usr/bin/ceph: stderr
2024-03-28T15:43:00.184+0000 7f33c1611700 1 -- 172.21.15.23:0/1786234169 --> [v2:172.21.15.23:3300/0,v1:172.21.15.23:6789/0] -- mon_subscribe({osdmap=0}) v3 -- 0x7f33bc19eef0 con 0x7f33bc107a80
2024-03-28T15:43:01.074 INFO:teuthology.orchestra.run.smithi023.stdout:/usr/bin/ceph: stderr
2024-03-28T15:43:00.185+0000 7f33a3fff700 1 -- 172.21.15.23:0/1786234169 <== mon.0 v2:172.21.15.23:3300/0 4 ==== mgrmap(e 5) v1 ==== 46106+0+0 (secure 0 0 0) 0x7f33ac01a870 con 0x7f33bc107a80
2024-03-28T15:43:01.074 INFO:teuthology.orchestra.run.smithi023.stdout:/usr/bin/ceph: stderr
2024-03-28T15:43:00.185+0000 7f33c1611700 1 -- 172.21.15.23:0/1786234169 --> [v2:172.21.15.23:3300/0,v1:172.21.15.23:6789/0] -- mon_command({"prefix": "get_command_descriptions"} v 0) v1 -- 0x7f33bc0637c0 con 0x7f33bc107a80
2024-03-28T15:43:01.075 INFO:teuthology.orchestra.run.smithi023.stdout:/usr/bin/ceph: stderr
2024-03-28T15:43:00.185+0000 7f33a3fff700 1 --2- 172.21.15.23:0/1786234169 >> [v2:172.21.15.23:6800/3484701507,v1:172.21.15.23:6801/3484701507] conn(0x7f33a4038f20 0x7f33a403b3e0 unknown :-1 s=NONE pgs=0 cs=0 l=1 rev1=0 crypto rx=0 tx=0 comp rx=0 tx=0).connect
2024-03-28T15:43:01.075 INFO:teuthology.orchestra.run.smithi023.stdout:/usr/bin/ceph: stderr
2024-03-28T15:43:00.186+0000 7f33a3fff700 1 -- 172.21.15.23:0/1786234169 <== mon.0 v2:172.21.15.23:3300/0 5 ==== osd_map(1..1 src has 1..1) v4 ==== 725+0+0 (secure 0 0 0) 0x7f33ac04d0e0 con 0x7f33bc107a80
2024-03-28T15:43:01.075 INFO:teuthology.orchestra.run.smithi023.stdout:/usr/bin/ceph: stderr
2024-03-28T15:43:00.186+0000 7f33ba7fc700 1 -- 172.21.15.23:0/1786234169 >> [v2:172.21.15.23:6800/3484701507,v1:172.21.15.23:6801/3484701507] conn(0x7f33a4038f20 msgr2=0x7f33a403b3e0 unknown :-1 s=STATE_CONNECTING_RE l=1).process reconnect failed to v2:172.21.15.23:6800/3484701507
2024-03-28T15:43:01.075 INFO:teuthology.orchestra.run.smithi023.stdout:/usr/bin/ceph: stderr
2024-03-28T15:43:00.186+0000 7f33ba7fc700 1 --2- 172.21.15.23:0/1786234169 >> [v2:172.21.15.23:6800/3484701507,v1:172.21.15.23:6801/3484701507] conn(0x7f33a4038f20 0x7f33a403b3e0 unknown :-1 s=START_CONNECT pgs=0 cs=0 l=1 rev1=0 crypto rx=0 tx=0 comp rx=0 tx=0)._fault waiting 0.200000
2024-03-28T15:43:01.075 INFO:teuthology.orchestra.run.smithi023.stdout:/usr/bin/ceph: stderr
2024-03-28T15:43:00.190+0000 7f33a3fff700 1 -- 172.21.15.23:0/1786234169 <== mon.0 v2:172.21.15.23:3300/0 6 ==== mon_command_ack([{"prefix": "get_command_descriptions"}]=0 v0) v1 ==== 72+0+186149 (secure 0 0 0) 0x7f33ac020240 con 0x7f33bc107a80
2024-03-28T15:43:01.075 INFO:teuthology.orchestra.run.smithi023.stdout:/usr/bin/ceph: stderr
2024-03-28T15:43:00.387+0000 7f33ba7fc700 1 -- 172.21.15.23:0/1786234169 >> [v2:172.21.15.23:6800/3484701507,v1:172.21.15.23:6801/3484701507] conn(0x7f33a4038f20 msgr2=0x7f33a403b3e0 unknown :-1 s=STATE_CONNECTING_RE l=1).process reconnect failed to v2:172.21.15.23:6800/3484701507
2024-03-28T15:43:01.075 INFO:teuthology.orchestra.run.smithi023.stdout:/usr/bin/ceph: stderr
2024-03-28T15:43:00.387+0000 7f33ba7fc700 1 --2- 172.21.15.23:0/1786234169 >> [v2:172.21.15.23:6800/3484701507,v1:172.21.15.23:6801/3484701507] conn(0x7f33a4038f20 0x7f33a403b3e0 unknown :-1 s=START_CONNECT pgs=0 cs=0 l=1 rev1=0 crypto rx=0 tx=0 comp rx=0 tx=0)._fault waiting 0.400000
2024-03-28T15:43:01.075 INFO:teuthology.orchestra.run.smithi023.stdout:/usr/bin/ceph: stderr
2024-03-28T15:43:00.483+0000 7f33c1611700 1 -- 172.21.15.23:0/1786234169 --> [v2:172.21.15.23:3300/0,v1:172.21.15.23:6789/0] -- mon_command({"prefix": "mgr stat"} v 0) v1 -- 0x7f33bc19f0c0 con 0x7f33bc107a80
2024-03-28T15:43:01.075 INFO:teuthology.orchestra.run.smithi023.stdout:/usr/bin/ceph: stderr
2024-03-28T15:43:00.484+0000 7f33a3fff700 1 -- 172.21.15.23:0/1786234169 <== mon.0 v2:172.21.15.23:3300/0 7 ==== mon_command_ack([{"prefix": "mgr stat"}]=0 v5) v1 ==== 56+0+88 (secure 0 0 0) 0x7f33bc19f0c0 con 0x7f33bc107a80
2024-03-28T15:43:01.075 INFO:teuthology.orchestra.run.smithi023.stdout:/usr/bin/ceph: stderr
2024-03-28T15:43:00.486+0000 7f33c1611700 1 -- 172.21.15.23:0/1786234169 >> [v2:172.21.15.23:6800/3484701507,v1:172.21.15.23:6801/3484701507] conn(0x7f33a4038f20 msgr2=0x7f33a403b3e0 unknown :-1 s=STATE_CONNECTING l=1).mark_down
2024-03-28T15:43:01.075 INFO:teuthology.orchestra.run.smithi023.stdout:/usr/bin/ceph: stderr
2024-03-28T15:43:00.486+0000 7f33c1611700 1 --2- 172.21.15.23:0/1786234169 >> [v2:172.21.15.23:6800/3484701507,v1:172.21.15.23:6801/3484701507] conn(0x7f33a4038f20 0x7f33a403b3e0 unknown :-1 s=START_CONNECT pgs=0 cs=0 l=1 rev1=0 crypto rx=0 tx=0 comp rx=0 tx=0).stop
2024-03-28T15:43:01.075 INFO:teuthology.orchestra.run.smithi023.stdout:/usr/bin/ceph: stderr
2024-03-28T15:43:00.486+0000 7f33c1611700 1 -- 172.21.15.23:0/1786234169 >> [v2:172.21.15.23:3300/0,v1:172.21.15.23:6789/0] conn(0x7f33bc107a80 msgr2=0x7f33bc19ba30 secure :-1 s=STATE_CONNECTION_ESTABLISHED l=1).mark_down
2024-03-28T15:43:01.075 INFO:teuthology.orchestra.run.smithi023.stdout:/usr/bin/ceph: stderr
2024-03-28T15:43:00.486+0000 7f33c1611700 1 --2- 172.21.15.23:0/1786234169 >> [v2:172.21.15.23:3300/0,v1:172.21.15.23:6789/0] conn(0x7f33bc107a80 0x7f33bc19ba30 secure :-1 s=READY pgs=27 cs=0 l=1 rev1=1 crypto rx=0x7f33ac011670 tx=0x7f33ac011b60 comp rx=0 tx=0).stop
2024-03-28T15:43:01.076 INFO:teuthology.orchestra.run.smithi023.stdout:/usr/bin/ceph: stderr
2024-03-28T15:43:00.486+0000 7f33c1611700 1 -- 172.21.15.23:0/1786234169 shutdown_connections
2024-03-28T15:43:01.076 INFO:teuthology.orchestra.run.smithi023.stdout:/usr/bin/ceph: stderr
2024-03-28T15:43:00.486+0000 7f33c1611700 1 --2- 172.21.15.23:0/1786234169 >> [v2:172.21.15.23:6800/3484701507,v1:172.21.15.23:6801/3484701507] conn(0x7f33a4038f20 0x7f33a403b3e0 unknown :-1 s=CLOSED pgs=0 cs=0 l=1 rev1=0 crypto rx=0 tx=0 comp rx=0 tx=0).stop
2024-03-28T15:43:01.076 INFO:teuthology.orchestra.run.smithi023.stdout:/usr/bin/ceph: stderr
2024-03-28T15:43:00.486+0000 7f33c1611700 1 --2- 172.21.15.23:0/1786234169 >> [v2:172.21.15.23:3300/0,v1:172.21.15.23:6789/0] conn(0x7f33bc107a80 0x7f33bc19ba30 unknown :-1 s=CLOSED pgs=27 cs=0 l=1 rev1=1 crypto rx=0 tx=0 comp rx=0 tx=0).stop
2024-03-28T15:43:01.076 INFO:teuthology.orchestra.run.smithi023.stdout:/usr/bin/ceph: stderr
2024-03-28T15:43:00.486+0000 7f33c1611700 1 -- 172.21.15.23:0/1786234169 >> 172.21.15.23:0/1786234169 conn(0x7f33bc103020 msgr2=0x7f33bc103b30 unknown :-1 s=STATE_NONE l=0).mark_down
2024-03-28T15:43:01.076 INFO:teuthology.orchestra.run.smithi023.stdout:/usr/bin/ceph: stderr
2024-03-28T15:43:00.486+0000 7f33c1611700 1 -- 172.21.15.23:0/1786234169 shutdown_connections
2024-03-28T15:43:01.076 INFO:teuthology.orchestra.run.smithi023.stdout:/usr/bin/ceph: stderr
2024-03-28T15:43:00.486+0000 7f33c1611700 1 -- 172.21.15.23:0/1786234169 wait complete.
2024-03-28T15:43:01.076 INFO:teuthology.orchestra.run.smithi023.stdout:Waiting for the mgr to restart...
2024-03-28T15:43:01.076 INFO:teuthology.orchestra.run.smithi023.stdout:Waiting for mgr epoch 5...
2024-03-28T15:43:01.348 INFO:journalctl@ceph.mon.a.smithi023.stdout:Mar 28 15:43:01 smithi023 ceph-mon[32448]: from='client.? 172.21.15.23:0/1786234169' entity='client.admin' cmd=[{"prefix": "mgr stat"}]: dispatch
2024-03-28T15:43:01.349 INFO:journalctl@ceph.mgr.x.smithi023.stdout:Mar 28 15:43:01 smithi023 ceph-a96af96e-ed19-11ee-95d0-87774f69a715-mgr-x[32675]:
2024-03-28T15:43:01.232+0000 7f967bea0200 -1 mgr[py] Module rgw has missing NOTIFY_TYPES member
2024-03-28T15:43:01.670 INFO:journalctl@ceph.mgr.x.smithi023.stdout:Mar 28 15:43:01 smithi023 ceph-a96af96e-ed19-11ee-95d0-87774f69a715-mgr-x[32675]:
2024-03-28T15:43:01.348+0000 7f967bea0200 -1 mgr[py] Module rbd_support has missing NOTIFY_TYPES member
2024-03-28T15:43:01.670 INFO:journalctl@ceph.mgr.x.smithi023.stdout:Mar 28 15:43:01 smithi023 ceph-a96af96e-ed19-11ee-95d0-87774f69a715-mgr-x[32675]:
2024-03-28T15:43:01.437+0000 7f967bea0200 -1 mgr[py] Module progress has missing NOTIFY_TYPES member
2024-03-28T15:43:01.670 INFO:journalctl@ceph.mgr.x.smithi023.stdout:Mar 28 15:43:01 smithi023 ceph-a96af96e-ed19-11ee-95d0-87774f69a715-mgr-x[32675]:
2024-03-28T15:43:01.537+0000 7f967bea0200 -1 mgr[py] Module pg_autoscaler has missing NOTIFY_TYPES member
2024-03-28T15:43:02.097 INFO:journalctl@ceph.mgr.x.smithi023.stdout:Mar 28 15:43:01 smithi023 ceph-a96af96e-ed19-11ee-95d0-87774f69a715-mgr-x[32675]:
2024-03-28T15:43:01.714+0000 7f967bea0200 -1 mgr[py] Module devicehealth has missing NOTIFY_TYPES member
2024-03-28T15:43:03.165 INFO:journalctl@ceph.mgr.x.smithi023.stdout:Mar 28 15:43:02 smithi023 ceph-a96af96e-ed19-11ee-95d0-87774f69a715-mgr-x[32675]:
2024-03-28T15:43:02.695+0000 7f967bea0200 -1 mgr[py] Module rook has missing NOTIFY_TYPES member
2024-03-28T15:43:03.165 INFO:journalctl@ceph.mgr.x.smithi023.stdout:Mar 28 15:43:02 smithi023 ceph-a96af96e-ed19-11ee-95d0-87774f69a715-mgr-x[32675]:
2024-03-28T15:43:02.828+0000 7f967bea0200 -1 mgr[py] Module diskprediction_local has missing NOTIFY_TYPES member
2024-03-28T15:43:03.165 INFO:journalctl@ceph.mgr.x.smithi023.stdout:Mar 28 15:43:03 smithi023 ceph-a96af96e-ed19-11ee-95d0-87774f69a715-mgr-x[32675]:
2024-03-28T15:43:03.165+0000 7f967bea0200 -1 mgr[py] Module selftest has missing NOTIFY_TYPES member
2024-03-28T15:43:03.420 INFO:journalctl@ceph.mgr.x.smithi023.stdout:Mar 28 15:43:03 smithi023 ceph-a96af96e-ed19-11ee-95d0-87774f69a715-mgr-x[32675]:
2024-03-28T15:43:03.256+0000 7f967bea0200 -1 mgr[py] Module telegraf has missing NOTIFY_TYPES member
2024-03-28T15:43:03.920 INFO:journalctl@ceph.mgr.x.smithi023.stdout:Mar 28 15:43:03 smithi023 ceph-a96af96e-ed19-11ee-95d0-87774f69a715-mgr-x[32675]:
2024-03-28T15:43:03.457+0000 7f967bea0200 -1 mgr[py] Module test_orchestrator has missing NOTIFY_TYPES member
2024-03-28T15:43:03.920 INFO:journalctl@ceph.mgr.x.smithi023.stdout:Mar 28 15:43:03 smithi023 ceph-a96af96e-ed19-11ee-95d0-87774f69a715-mgr-x[32675]:
2024-03-28T15:43:03.646+0000 7f967bea0200 -1 mgr[py] Module crash has missing NOTIFY_TYPES member
2024-03-28T15:43:04.200 INFO:journalctl@ceph.mgr.x.smithi023.stdout:Mar 28 15:43:03 smithi023 ceph-a96af96e-ed19-11ee-95d0-87774f69a715-mgr-x[32675]:
2024-03-28T15:43:03.939+0000 7f967bea0200 -1 mgr[py] Module orchestrator has missing NOTIFY_TYPES member
2024-03-28T15:43:04.500 INFO:journalctl@ceph.mgr.x.smithi023.stdout:Mar 28 15:43:04 smithi023 ceph-a96af96e-ed19-11ee-95d0-87774f69a715-mgr-x[32675]:
2024-03-28T15:43:04.200+0000 7f967bea0200 -1 mgr[py] Module osd_support has missing NOTIFY_TYPES member
2024-03-28T15:43:04.500 INFO:journalctl@ceph.mgr.x.smithi023.stdout:Mar 28 15:43:04 smithi023 ceph-a96af96e-ed19-11ee-95d0-87774f69a715-mgr-x[32675]:
2024-03-28T15:43:04.442+0000 7f967bea0200 -1 mgr[py] Module volumes has missing NOTIFY_TYPES member
2024-03-28T15:43:05.670 INFO:journalctl@ceph.mgr.x.smithi023.stdout:Mar 28 15:43:05 smithi023 ceph-a96af96e-ed19-11ee-95d0-87774f69a715-mgr-x[32675]:
2024-03-28T15:43:05.274+0000 7f967bea0200 -1 mgr[py] Module telemetry has missing NOTIFY_TYPES member
2024-03-28T15:43:06.170 INFO:journalctl@ceph.mgr.x.smithi023.stdout:Mar 28 15:43:05 smithi023 ceph-a96af96e-ed19-11ee-95d0-87774f69a715-mgr-x[32675]:
2024-03-28T15:43:05.854+0000 7f967bea0200 -1 mgr[py] Module prometheus has missing NOTIFY_TYPES member
2024-03-28T15:43:06.170 INFO:journalctl@ceph.mgr.x.smithi023.stdout:Mar 28 15:43:05 smithi023 ceph-a96af96e-ed19-11ee-95d0-87774f69a715-mgr-x[32675]:
2024-03-28T15:43:05.955+0000 7f967bea0200 -1 mgr[py] Module status has missing NOTIFY_TYPES member
2024-03-28T15:43:06.670 INFO:journalctl@ceph.mgr.x.smithi023.stdout:Mar 28 15:43:06 smithi023 ceph-a96af96e-ed19-11ee-95d0-87774f69a715-mgr-x[32675]:
2024-03-28T15:43:06.178+0000 7f967bea0200 -1 mgr[py] Module nfs has missing NOTIFY_TYPES member
2024-03-28T15:43:06.670 INFO:journalctl@ceph.mon.a.smithi023.stdout:Mar 28 15:43:06 smithi023 ceph-mon[32448]: Active manager daemon x restarted
2024-03-28T15:43:06.670 INFO:journalctl@ceph.mon.a.smithi023.stdout:Mar 28 15:43:06 smithi023 ceph-mon[32448]: Activating manager daemon x
2024-03-28T15:43:06.670 INFO:journalctl@ceph.mon.a.smithi023.stdout:Mar 28 15:43:06 smithi023 ceph-mon[32448]: osdmap e2: 0 total, 0 up, 0 in
2024-03-28T15:43:06.670 INFO:journalctl@ceph.mon.a.smithi023.stdout:Mar 28 15:43:06 smithi023 ceph-mon[32448]: mgrmap e6: x(active, starting, since 0.0124597s)
