2024-03-28T15:43:06.670 INFO:journalctl@ceph.mon.a.smithi023.stdout:Mar 28 15:43:06 smithi023 ceph-mon[32448]: from='mgr.14120 172.21.15.23:0/1026770586' entity='mgr.x' cmd=[{"prefix": "mon metadata", "id": "a"}]: dispatch
2024-03-28T15:43:06.670 INFO:journalctl@ceph.mon.a.smithi023.stdout:Mar 28 15:43:06 smithi023 ceph-mon[32448]: from='mgr.14120 172.21.15.23:0/1026770586' entity='mgr.x' cmd=[{"prefix": "mgr metadata", "who": "x", "id": "x"}]: dispatch
2024-03-28T15:43:06.670 INFO:journalctl@ceph.mon.a.smithi023.stdout:Mar 28 15:43:06 smithi023 ceph-mon[32448]: from='mgr.14120 172.21.15.23:0/1026770586' entity='mgr.x' cmd=[{"prefix": "mds metadata"}]: dispatch
2024-03-28T15:43:06.670 INFO:journalctl@ceph.mon.a.smithi023.stdout:Mar 28 15:43:06 smithi023 ceph-mon[32448]: from='mgr.14120 172.21.15.23:0/1026770586' entity='mgr.x' cmd=[{"prefix": "osd metadata"}]: dispatch
2024-03-28T15:43:06.671 INFO:journalctl@ceph.mon.a.smithi023.stdout:Mar 28 15:43:06 smithi023 ceph-mon[32448]: from='mgr.14120 172.21.15.23:0/1026770586' entity='mgr.x' cmd=[{"prefix": "mon metadata"}]: dispatch
2024-03-28T15:43:06.671 INFO:journalctl@ceph.mon.a.smithi023.stdout:Mar 28 15:43:06 smithi023 ceph-mon[32448]: Manager daemon x is now available
2024-03-28T15:43:06.671 INFO:journalctl@ceph.mon.a.smithi023.stdout:Mar 28 15:43:06 smithi023 ceph-mon[32448]: from='mgr.14120 172.21.15.23:0/1026770586' entity='mgr.x'
2024-03-28T15:43:07.509 INFO:journalctl@ceph.mon.a.smithi023.stdout:Mar 28 15:43:07 smithi023 ceph-mon[32448]: Found migration_current of "None". Setting to last migration.
2024-03-28T15:43:07.509 INFO:journalctl@ceph.mon.a.smithi023.stdout:Mar 28 15:43:07 smithi023 ceph-mon[32448]: from='mgr.14120 172.21.15.23:0/1026770586' entity='mgr.x'
2024-03-28T15:43:07.509 INFO:journalctl@ceph.mon.a.smithi023.stdout:Mar 28 15:43:07 smithi023 ceph-mon[32448]: from='mgr.14120 172.21.15.23:0/1026770586' entity='mgr.x' cmd=[{"prefix": "config dump", "format": "json"}]: dispatch
2024-03-28T15:43:07.509 INFO:journalctl@ceph.mon.a.smithi023.stdout:Mar 28 15:43:07 smithi023 ceph-mon[32448]: from='mgr.14120 172.21.15.23:0/1026770586' entity='mgr.x' cmd=[{"prefix": "config dump", "format": "json"}]: dispatch
2024-03-28T15:43:07.509 INFO:journalctl@ceph.mon.a.smithi023.stdout:Mar 28 15:43:07 smithi023 ceph-mon[32448]: from='mgr.14120 172.21.15.23:0/1026770586' entity='mgr.x' cmd=[{"prefix": "config dump", "format": "json"}]: dispatch
2024-03-28T15:43:07.509 INFO:journalctl@ceph.mon.a.smithi023.stdout:Mar 28 15:43:07 smithi023 ceph-mon[32448]: from='mgr.14120 172.21.15.23:0/1026770586' entity='mgr.x' cmd=[{"prefix":"config rm","who":"mgr","name":"mgr/rbd_support/x/mirror_snapshot_schedule"}]: dispatch
2024-03-28T15:43:07.509 INFO:journalctl@ceph.mon.a.smithi023.stdout:Mar 28 15:43:07 smithi023 ceph-mon[32448]: from='mgr.14120 172.21.15.23:0/1026770586' entity='mgr.x' cmd=[{"prefix":"config rm","who":"mgr","name":"mgr/rbd_support/x/trash_purge_schedule"}]: dispatch
2024-03-28T15:43:07.509 INFO:journalctl@ceph.mon.a.smithi023.stdout:Mar 28 15:43:07 smithi023 ceph-mon[32448]: from='mgr.14120 172.21.15.23:0/1026770586' entity='mgr.x'
2024-03-28T15:43:07.509 INFO:journalctl@ceph.mon.a.smithi023.stdout:Mar 28 15:43:07 smithi023 ceph-mon[32448]: from='mgr.14120 172.21.15.23:0/1026770586' entity='mgr.x'
2024-03-28T15:43:07.509 INFO:journalctl@ceph.mon.a.smithi023.stdout:Mar 28 15:43:07 smithi023 ceph-mon[32448]: from='client.14124 -' entity='client.admin' cmd=[{"prefix": "get_command_descriptions"}]: dispatch
2024-03-28T15:43:07.509 INFO:journalctl@ceph.mon.a.smithi023.stdout:Mar 28 15:43:07 smithi023 ceph-mon[32448]: mgrmap e7: x(active, since 1.0143s)
2024-03-28T15:43:07.509 INFO:journalctl@ceph.mon.a.smithi023.stdout:Mar 28 15:43:07 smithi023 ceph-mon[32448]: from='client.14124 -' entity='client.admin' cmd=[{"prefix": "mgr_status"}]: dispatch
2024-03-28T15:43:07.953 INFO:teuthology.orchestra.run.smithi023.stdout:/usr/bin/ceph: stdout {
2024-03-28T15:43:07.954 INFO:teuthology.orchestra.run.smithi023.stdout:/usr/bin/ceph: stdout "mgrmap_epoch": 7,
2024-03-28T15:43:07.954 INFO:teuthology.orchestra.run.smithi023.stdout:/usr/bin/ceph: stdout "initialized": true
2024-03-28T15:43:07.954 INFO:teuthology.orchestra.run.smithi023.stdout:/usr/bin/ceph: stdout }
2024-03-28T15:43:07.954 INFO:teuthology.orchestra.run.smithi023.stdout:/usr/bin/ceph: stderr
2024-03-28T15:43:01.490+0000 7fa1b78b7700 1 Processor -- start
2024-03-28T15:43:07.954 INFO:teuthology.orchestra.run.smithi023.stdout:/usr/bin/ceph: stderr
2024-03-28T15:43:01.490+0000 7fa1b78b7700 1 -- start start
2024-03-28T15:43:07.954 INFO:teuthology.orchestra.run.smithi023.stdout:/usr/bin/ceph: stderr
2024-03-28T15:43:01.491+0000 7fa1b78b7700 1 --2- >> [v2:172.21.15.23:3300/0,v1:172.21.15.23:6789/0] conn(0x7fa1b0107a80 0x7fa1b0107ea0 unknown :-1 s=NONE pgs=0 cs=0 l=0 rev1=0 crypto rx=0 tx=0 comp rx=0 tx=0).connect
2024-03-28T15:43:07.954 INFO:teuthology.orchestra.run.smithi023.stdout:/usr/bin/ceph: stderr
2024-03-28T15:43:01.491+0000 7fa1b78b7700 1 -- --> [v2:172.21.15.23:3300/0,v1:172.21.15.23:6789/0] -- mon_getmap magic: 0 v1 -- 0x7fa1b0108470 con 0x7fa1b0107a80
2024-03-28T15:43:07.954 INFO:teuthology.orchestra.run.smithi023.stdout:/usr/bin/ceph: stderr
2024-03-28T15:43:01.491+0000 7fa1b5653700 1 --2- >> [v2:172.21.15.23:3300/0,v1:172.21.15.23:6789/0] conn(0x7fa1b0107a80 0x7fa1b0107ea0 unknown :-1 s=BANNER_CONNECTING pgs=0 cs=0 l=0 rev1=0 crypto rx=0 tx=0 comp rx=0 tx=0)._handle_peer_banner_payload supported=3 required=0
2024-03-28T15:43:07.954 INFO:teuthology.orchestra.run.smithi023.stdout:/usr/bin/ceph: stderr
2024-03-28T15:43:01.491+0000 7fa1b5653700 1 --2- >> [v2:172.21.15.23:3300/0,v1:172.21.15.23:6789/0] conn(0x7fa1b0107a80 0x7fa1b0107ea0 unknown :-1 s=HELLO_CONNECTING pgs=0 cs=0 l=0 rev1=1 crypto rx=0 tx=0 comp rx=0 tx=0).handle_hello peer v2:172.21.15.23:3300/0 says I am v2:172.21.15.23:55832/0 (socket says 172.21.15.23:55832)
2024-03-28T15:43:07.954 INFO:teuthology.orchestra.run.smithi023.stdout:/usr/bin/ceph: stderr
2024-03-28T15:43:01.491+0000 7fa1b5653700 1 -- 172.21.15.23:0/185330061 learned_addr learned my addr 172.21.15.23:0/185330061 (peer_addr_for_me v2:172.21.15.23:0/0)
2024-03-28T15:43:07.954 INFO:teuthology.orchestra.run.smithi023.stdout:/usr/bin/ceph: stderr
2024-03-28T15:43:01.491+0000 7fa1b5653700 1 -- 172.21.15.23:0/185330061 --> [v2:172.21.15.23:3300/0,v1:172.21.15.23:6789/0] -- mon_subscribe({config=0+,monmap=0+}) v3 -- 0x7fa1b0108c80 con 0x7fa1b0107a80
2024-03-28T15:43:07.954 INFO:teuthology.orchestra.run.smithi023.stdout:/usr/bin/ceph: stderr
2024-03-28T15:43:01.491+0000 7fa1b5653700 1 --2- 172.21.15.23:0/185330061 >> [v2:172.21.15.23:3300/0,v1:172.21.15.23:6789/0] conn(0x7fa1b0107a80 0x7fa1b0107ea0 secure :-1 s=READY pgs=28 cs=0 l=1 rev1=1 crypto rx=0x7fa1ac0098a0 tx=0x7fa1ac009bb0 comp rx=0 tx=0).ready entity=mon.0 client_cookie=756f48a7645a779f server_cookie=0 in_seq=0 out_seq=0
2024-03-28T15:43:07.955 INFO:teuthology.orchestra.run.smithi023.stdout:/usr/bin/ceph: stderr
2024-03-28T15:43:01.491+0000 7fa1a7fff700 1 -- 172.21.15.23:0/185330061 <== mon.0 v2:172.21.15.23:3300/0 1 ==== mon_map magic: 0 v1 ==== 205+0+0 (secure 0 0 0) 0x7fa1ac004160 con 0x7fa1b0107a80
2024-03-28T15:43:07.955 INFO:teuthology.orchestra.run.smithi023.stdout:/usr/bin/ceph: stderr
2024-03-28T15:43:01.492+0000 7fa1a7fff700 1 -- 172.21.15.23:0/185330061 <== mon.0 v2:172.21.15.23:3300/0 2 ==== config(27 keys) v1 ==== 1109+0+0 (secure 0 0 0) 0x7fa1ac004300 con 0x7fa1b0107a80
2024-03-28T15:43:07.955 INFO:teuthology.orchestra.run.smithi023.stdout:/usr/bin/ceph: stderr
2024-03-28T15:43:01.492+0000 7fa1a7fff700 1 -- 172.21.15.23:0/185330061 <== mon.0 v2:172.21.15.23:3300/0 3 ==== mon_map magic: 0 v1 ==== 205+0+0 (secure 0 0 0) 0x7fa1ac011b50 con 0x7fa1b0107a80
2024-03-28T15:43:07.955 INFO:teuthology.orchestra.run.smithi023.stdout:/usr/bin/ceph: stderr
2024-03-28T15:43:01.492+0000 7fa1b78b7700 1 -- 172.21.15.23:0/185330061 >> [v2:172.21.15.23:3300/0,v1:172.21.15.23:6789/0] conn(0x7fa1b0107a80 msgr2=0x7fa1b0107ea0 secure :-1 s=STATE_CONNECTION_ESTABLISHED l=1).mark_down
2024-03-28T15:43:07.955 INFO:teuthology.orchestra.run.smithi023.stdout:/usr/bin/ceph: stderr
2024-03-28T15:43:01.492+0000 7fa1b78b7700 1 --2- 172.21.15.23:0/185330061 >> [v2:172.21.15.23:3300/0,v1:172.21.15.23:6789/0] conn(0x7fa1b0107a80 0x7fa1b0107ea0 secure :-1 s=READY pgs=28 cs=0 l=1 rev1=1 crypto rx=0x7fa1ac0098a0 tx=0x7fa1ac009bb0 comp rx=0 tx=0).stop
2024-03-28T15:43:07.955 INFO:teuthology.orchestra.run.smithi023.stdout:/usr/bin/ceph: stderr
2024-03-28T15:43:01.492+0000 7fa1b78b7700 1 -- 172.21.15.23:0/185330061 shutdown_connections
2024-03-28T15:43:07.955 INFO:teuthology.orchestra.run.smithi023.stdout:/usr/bin/ceph: stderr
2024-03-28T15:43:01.492+0000 7fa1b78b7700 1 --2- 172.21.15.23:0/185330061 >> [v2:172.21.15.23:3300/0,v1:172.21.15.23:6789/0] conn(0x7fa1b0107a80 0x7fa1b0107ea0 unknown :-1 s=CLOSED pgs=28 cs=0 l=1 rev1=1 crypto rx=0 tx=0 comp rx=0 tx=0).stop
2024-03-28T15:43:07.955 INFO:teuthology.orchestra.run.smithi023.stdout:/usr/bin/ceph: stderr
2024-03-28T15:43:01.492+0000 7fa1b78b7700 1 -- 172.21.15.23:0/185330061 >> 172.21.15.23:0/185330061 conn(0x7fa1b0103080 msgr2=0x7fa1b01054a0 unknown :-1 s=STATE_NONE l=0).mark_down
2024-03-28T15:43:07.955 INFO:teuthology.orchestra.run.smithi023.stdout:/usr/bin/ceph: stderr
2024-03-28T15:43:01.492+0000 7fa1b78b7700 1 -- 172.21.15.23:0/185330061 shutdown_connections
2024-03-28T15:43:07.955 INFO:teuthology.orchestra.run.smithi023.stdout:/usr/bin/ceph: stderr
2024-03-28T15:43:01.492+0000 7fa1b78b7700 1 -- 172.21.15.23:0/185330061 wait complete.
2024-03-28T15:43:07.955 INFO:teuthology.orchestra.run.smithi023.stdout:/usr/bin/ceph: stderr
2024-03-28T15:43:01.493+0000 7fa1b78b7700 1 Processor -- start
2024-03-28T15:43:07.955 INFO:teuthology.orchestra.run.smithi023.stdout:/usr/bin/ceph: stderr
2024-03-28T15:43:01.493+0000 7fa1b78b7700 1 -- start start
2024-03-28T15:43:07.955 INFO:teuthology.orchestra.run.smithi023.stdout:/usr/bin/ceph: stderr
2024-03-28T15:43:01.493+0000 7fa1b78b7700 1 --2- >> [v2:172.21.15.23:3300/0,v1:172.21.15.23:6789/0] conn(0x7fa1b0107a80 0x7fa1b019ba10 unknown :-1 s=NONE pgs=0 cs=0 l=1 rev1=0 crypto rx=0 tx=0 comp rx=0 tx=0).connect
2024-03-28T15:43:07.956 INFO:teuthology.orchestra.run.smithi023.stdout:/usr/bin/ceph: stderr
2024-03-28T15:43:01.493+0000 7fa1b78b7700 1 -- --> [v2:172.21.15.23:3300/0,v1:172.21.15.23:6789/0] -- mon_getmap magic: 0 v1 -- 0x7fa1b010c030 con 0x7fa1b0107a80
2024-03-28T15:43:07.956 INFO:teuthology.orchestra.run.smithi023.stdout:/usr/bin/ceph: stderr
2024-03-28T15:43:01.493+0000 7fa1b5653700 1 --2- >> [v2:172.21.15.23:3300/0,v1:172.21.15.23:6789/0] conn(0x7fa1b0107a80 0x7fa1b019ba10 unknown :-1 s=BANNER_CONNECTING pgs=0 cs=0 l=1 rev1=0 crypto rx=0 tx=0 comp rx=0 tx=0)._handle_peer_banner_payload supported=3 required=0
2024-03-28T15:43:07.956 INFO:teuthology.orchestra.run.smithi023.stdout:/usr/bin/ceph: stderr
2024-03-28T15:43:01.493+0000 7fa1b5653700 1 --2- >> [v2:172.21.15.23:3300/0,v1:172.21.15.23:6789/0] conn(0x7fa1b0107a80 0x7fa1b019ba10 unknown :-1 s=HELLO_CONNECTING pgs=0 cs=0 l=1 rev1=1 crypto rx=0 tx=0 comp rx=0 tx=0).handle_hello peer v2:172.21.15.23:3300/0 says I am v2:172.21.15.23:55840/0 (socket says 172.21.15.23:55840)
2024-03-28T15:43:07.956 INFO:teuthology.orchestra.run.smithi023.stdout:/usr/bin/ceph: stderr
2024-03-28T15:43:01.493+0000 7fa1b5653700 1 -- 172.21.15.23:0/2028432784 learned_addr learned my addr 172.21.15.23:0/2028432784 (peer_addr_for_me v2:172.21.15.23:0/0)
2024-03-28T15:43:07.956 INFO:teuthology.orchestra.run.smithi023.stdout:/usr/bin/ceph: stderr
2024-03-28T15:43:01.493+0000 7fa1b5653700 1 -- 172.21.15.23:0/2028432784 --> [v2:172.21.15.23:3300/0,v1:172.21.15.23:6789/0] -- mon_subscribe({config=0+,monmap=0+}) v3 -- 0x7fa1b019bf50 con 0x7fa1b0107a80
2024-03-28T15:43:07.956 INFO:teuthology.orchestra.run.smithi023.stdout:/usr/bin/ceph: stderr
2024-03-28T15:43:01.494+0000 7fa1b5653700 1 --2- 172.21.15.23:0/2028432784 >> [v2:172.21.15.23:3300/0,v1:172.21.15.23:6789/0] conn(0x7fa1b0107a80 0x7fa1b019ba10 secure :-1 s=READY pgs=29 cs=0 l=1 rev1=1 crypto rx=0x7fa1ac011670 tx=0x7fa1ac011b60 comp rx=0 tx=0).ready entity=mon.0 client_cookie=0 server_cookie=0 in_seq=0 out_seq=0
2024-03-28T15:43:07.956 INFO:teuthology.orchestra.run.smithi023.stdout:/usr/bin/ceph: stderr
2024-03-28T15:43:01.494+0000 7fa1a67fc700 1 -- 172.21.15.23:0/2028432784 <== mon.0 v2:172.21.15.23:3300/0 1 ==== mon_map magic: 0 v1 ==== 205+0+0 (secure 0 0 0) 0x7fa1ac0039c0 con 0x7fa1b0107a80
2024-03-28T15:43:07.956 INFO:teuthology.orchestra.run.smithi023.stdout:/usr/bin/ceph: stderr
2024-03-28T15:43:01.494+0000 7fa1a67fc700 1 -- 172.21.15.23:0/2028432784 <== mon.0 v2:172.21.15.23:3300/0 2 ==== config(27 keys) v1 ==== 1109+0+0 (secure 0 0 0) 0x7fa1ac011e50 con 0x7fa1b0107a80
2024-03-28T15:43:07.956 INFO:teuthology.orchestra.run.smithi023.stdout:/usr/bin/ceph: stderr
2024-03-28T15:43:01.494+0000 7fa1b78b7700 1 -- 172.21.15.23:0/2028432784 --> [v2:172.21.15.23:3300/0,v1:172.21.15.23:6789/0] -- mon_subscribe({mgrmap=0+}) v3 -- 0x7fa1b019c1e0 con 0x7fa1b0107a80
2024-03-28T15:43:07.956 INFO:teuthology.orchestra.run.smithi023.stdout:/usr/bin/ceph: stderr
2024-03-28T15:43:01.494+0000 7fa1a67fc700 1 -- 172.21.15.23:0/2028432784 <== mon.0 v2:172.21.15.23:3300/0 3 ==== mon_map magic: 0 v1 ==== 205+0+0 (secure 0 0 0) 0x7fa1ac01a5c0 con 0x7fa1b0107a80
2024-03-28T15:43:07.956 INFO:teuthology.orchestra.run.smithi023.stdout:/usr/bin/ceph: stderr
2024-03-28T15:43:01.494+0000 7fa1b78b7700 1 -- 172.21.15.23:0/2028432784 --> [v2:172.21.15.23:3300/0,v1:172.21.15.23:6789/0] -- mon_subscribe({osdmap=0}) v3 -- 0x7fa1b019eed0 con 0x7fa1b0107a80
2024-03-28T15:43:07.956 INFO:teuthology.orchestra.run.smithi023.stdout:/usr/bin/ceph: stderr
2024-03-28T15:43:01.495+0000 7fa1a67fc700 1 -- 172.21.15.23:0/2028432784 <== mon.0 v2:172.21.15.23:3300/0 4 ==== mgrmap(e 5) v1 ==== 46106+0+0 (secure 0 0 0) 0x7fa1ac01a870 con 0x7fa1b0107a80
2024-03-28T15:43:07.956 INFO:teuthology.orchestra.run.smithi023.stdout:/usr/bin/ceph: stderr
2024-03-28T15:43:01.495+0000 7fa1a67fc700 1 --2- 172.21.15.23:0/2028432784 >> [v2:172.21.15.23:6800/3484701507,v1:172.21.15.23:6801/3484701507] conn(0x7fa19c038f20 0x7fa19c03b3e0 unknown :-1 s=NONE pgs=0 cs=0 l=1 rev1=0 crypto rx=0 tx=0 comp rx=0 tx=0).connect
2024-03-28T15:43:07.956 INFO:teuthology.orchestra.run.smithi023.stdout:/usr/bin/ceph: stderr
2024-03-28T15:43:01.495+0000 7fa1a67fc700 1 -- 172.21.15.23:0/2028432784 --> [v2:172.21.15.23:6800/3484701507,v1:172.21.15.23:6801/3484701507] -- command(tid 0: {"prefix": "get_command_descriptions"}) v1 -- 0x7fa19c03baf0 con 0x7fa19c038f20
2024-03-28T15:43:07.956 INFO:teuthology.orchestra.run.smithi023.stdout:/usr/bin/ceph: stderr
2024-03-28T15:43:01.495+0000 7fa1b4e52700 1 -- 172.21.15.23:0/2028432784 >> [v2:172.21.15.23:6800/3484701507,v1:172.21.15.23:6801/3484701507] conn(0x7fa19c038f20 msgr2=0x7fa19c03b3e0 unknown :-1 s=STATE_CONNECTING_RE l=1).process reconnect failed to v2:172.21.15.23:6800/3484701507
2024-03-28T15:43:07.957 INFO:teuthology.orchestra.run.smithi023.stdout:/usr/bin/ceph: stderr
2024-03-28T15:43:01.495+0000 7fa1a67fc700 1 -- 172.21.15.23:0/2028432784 <== mon.0 v2:172.21.15.23:3300/0 5 ==== osd_map(1..1 src has 1..1) v4 ==== 725+0+0 (secure 0 0 0) 0x7fa1ac04d3c0 con 0x7fa1b0107a80
2024-03-28T15:43:07.957 INFO:teuthology.orchestra.run.smithi023.stdout:/usr/bin/ceph: stderr
2024-03-28T15:43:01.495+0000 7fa1b4e52700 1 --2- 172.21.15.23:0/2028432784 >> [v2:172.21.15.23:6800/3484701507,v1:172.21.15.23:6801/3484701507] conn(0x7fa19c038f20 0x7fa19c03b3e0 unknown :-1 s=START_CONNECT pgs=0 cs=0 l=1 rev1=0 crypto rx=0 tx=0 comp rx=0 tx=0)._fault waiting 0.200000
2024-03-28T15:43:07.957 INFO:teuthology.orchestra.run.smithi023.stdout:/usr/bin/ceph: stderr
2024-03-28T15:43:01.696+0000 7fa1b4e52700 1 -- 172.21.15.23:0/2028432784 >> [v2:172.21.15.23:6800/3484701507,v1:172.21.15.23:6801/3484701507] conn(0x7fa19c038f20 msgr2=0x7fa19c03b3e0 unknown :-1 s=STATE_CONNECTING_RE l=1).process reconnect failed to v2:172.21.15.23:6800/3484701507
2024-03-28T15:43:07.957 INFO:teuthology.orchestra.run.smithi023.stdout:/usr/bin/ceph: stderr
2024-03-28T15:43:01.696+0000 7fa1b4e52700 1 --2- 172.21.15.23:0/2028432784 >> [v2:172.21.15.23:6800/3484701507,v1:172.21.15.23:6801/3484701507] conn(0x7fa19c038f20 0x7fa19c03b3e0 unknown :-1 s=START_CONNECT pgs=0 cs=0 l=1 rev1=0 crypto rx=0 tx=0 comp rx=0 tx=0)._fault waiting 0.400000
2024-03-28T15:43:07.957 INFO:teuthology.orchestra.run.smithi023.stdout:/usr/bin/ceph: stderr
2024-03-28T15:43:02.097+0000 7fa1b4e52700 1 -- 172.21.15.23:0/2028432784 >> [v2:172.21.15.23:6800/3484701507,v1:172.21.15.23:6801/3484701507] conn(0x7fa19c038f20 msgr2=0x7fa19c03b3e0 unknown :-1 s=STATE_CONNECTING_RE l=1).process reconnect failed to v2:172.21.15.23:6800/3484701507
2024-03-28T15:43:07.957 INFO:teuthology.orchestra.run.smithi023.stdout:/usr/bin/ceph: stderr
2024-03-28T15:43:02.097+0000 7fa1b4e52700 1 --2- 172.21.15.23:0/2028432784 >> [v2:172.21.15.23:6800/3484701507,v1:172.21.15.23:6801/3484701507] conn(0x7fa19c038f20 0x7fa19c03b3e0 unknown :-1 s=START_CONNECT pgs=0 cs=0 l=1 rev1=0 crypto rx=0 tx=0 comp rx=0 tx=0)._fault waiting 0.800000
2024-03-28T15:43:07.957 INFO:teuthology.orchestra.run.smithi023.stdout:/usr/bin/ceph: stderr
2024-03-28T15:43:02.898+0000 7fa1b4e52700 1 -- 172.21.15.23:0/2028432784 >> [v2:172.21.15.23:6800/3484701507,v1:172.21.15.23:6801/3484701507] conn(0x7fa19c038f20 msgr2=0x7fa19c03b3e0 unknown :-1 s=STATE_CONNECTING_RE l=1).process reconnect failed to v2:172.21.15.23:6800/3484701507
2024-03-28T15:43:07.957 INFO:teuthology.orchestra.run.smithi023.stdout:/usr/bin/ceph: stderr
2024-03-28T15:43:02.898+0000 7fa1b4e52700 1 --2- 172.21.15.23:0/2028432784 >> [v2:172.21.15.23:6800/3484701507,v1:172.21.15.23:6801/3484701507] conn(0x7fa19c038f20 0x7fa19c03b3e0 unknown :-1 s=START_CONNECT pgs=0 cs=0 l=1 rev1=0 crypto rx=0 tx=0 comp rx=0 tx=0)._fault waiting 1.600000
2024-03-28T15:43:07.957 INFO:teuthology.orchestra.run.smithi023.stdout:/usr/bin/ceph: stderr
2024-03-28T15:43:04.499+0000 7fa1b4e52700 1 -- 172.21.15.23:0/2028432784 >> [v2:172.21.15.23:6800/3484701507,v1:172.21.15.23:6801/3484701507] conn(0x7fa19c038f20 msgr2=0x7fa19c03b3e0 unknown :-1 s=STATE_CONNECTING_RE l=1).process reconnect failed to v2:172.21.15.23:6800/3484701507
2024-03-28T15:43:07.957 INFO:teuthology.orchestra.run.smithi023.stdout:/usr/bin/ceph: stderr
2024-03-28T15:43:04.499+0000 7fa1b4e52700 1 --2- 172.21.15.23:0/2028432784 >> [v2:172.21.15.23:6800/3484701507,v1:172.21.15.23:6801/3484701507] conn(0x7fa19c038f20 0x7fa19c03b3e0 unknown :-1 s=START_CONNECT pgs=0 cs=0 l=1 rev1=0 crypto rx=0 tx=0 comp rx=0 tx=0)._fault waiting 3.200000
2024-03-28T15:43:07.957 INFO:teuthology.orchestra.run.smithi023.stdout:/usr/bin/ceph: stderr
2024-03-28T15:43:06.202+0000 7fa1a67fc700 1 -- 172.21.15.23:0/2028432784 <== mon.0 v2:172.21.15.23:3300/0 6 ==== mgrmap(e 6) v1 ==== 45873+0+0 (secure 0 0 0) 0x7fa1ac01abb0 con 0x7fa1b0107a80
2024-03-28T15:43:07.957 INFO:teuthology.orchestra.run.smithi023.stdout:/usr/bin/ceph: stderr
2024-03-28T15:43:06.202+0000 7fa1a67fc700 1 -- 172.21.15.23:0/2028432784 >> [v2:172.21.15.23:6800/3484701507,v1:172.21.15.23:6801/3484701507] conn(0x7fa19c038f20 msgr2=0x7fa19c03b3e0 unknown :-1 s=STATE_CONNECTING l=1).mark_down
2024-03-28T15:43:07.957 INFO:teuthology.orchestra.run.smithi023.stdout:/usr/bin/ceph: stderr
2024-03-28T15:43:06.202+0000 7fa1a67fc700 1 --2- 172.21.15.23:0/2028432784 >> [v2:172.21.15.23:6800/3484701507,v1:172.21.15.23:6801/3484701507] conn(0x7fa19c038f20 0x7fa19c03b3e0 unknown :-1 s=START_CONNECT pgs=0 cs=0 l=1 rev1=0 crypto rx=0 tx=0 comp rx=0 tx=0).stop
2024-03-28T15:43:07.958 INFO:teuthology.orchestra.run.smithi023.stdout:/usr/bin/ceph: stderr
2024-03-28T15:43:07.203+0000 7fa1a67fc700 1 -- 172.21.15.23:0/2028432784 <== mon.0 v2:172.21.15.23:3300/0 7 ==== mgrmap(e 7) v1 ==== 46000+0+0 (secure 0 0 0) 0x7fa1ac04efc0 con 0x7fa1b0107a80
2024-03-28T15:43:07.958 INFO:teuthology.orchestra.run.smithi023.stdout:/usr/bin/ceph: stderr
2024-03-28T15:43:07.203+0000 7fa1a67fc700 1 --2- 172.21.15.23:0/2028432784 >> [v2:172.21.15.23:6800/4208679988,v1:172.21.15.23:6801/4208679988] conn(0x7fa19c03c810 0x7fa19c03ec00 unknown :-1 s=NONE pgs=0 cs=0 l=1 rev1=0 crypto rx=0 tx=0 comp rx=0 tx=0).connect
2024-03-28T15:43:07.958 INFO:teuthology.orchestra.run.smithi023.stdout:/usr/bin/ceph: stderr
2024-03-28T15:43:07.203+0000 7fa1a67fc700 1 -- 172.21.15.23:0/2028432784 --> [v2:172.21.15.23:6800/4208679988,v1:172.21.15.23:6801/4208679988] -- command(tid 0: {"prefix": "get_command_descriptions"}) v1 -- 0x7fa1ac016e70 con 0x7fa19c03c810
2024-03-28T15:43:07.958 INFO:teuthology.orchestra.run.smithi023.stdout:/usr/bin/ceph: stderr
2024-03-28T15:43:07.203+0000 7fa1b4e52700 1 --2- 172.21.15.23:0/2028432784 >> [v2:172.21.15.23:6800/4208679988,v1:172.21.15.23:6801/4208679988] conn(0x7fa19c03c810 0x7fa19c03ec00 unknown :-1 s=BANNER_CONNECTING pgs=0 cs=0 l=1 rev1=0 crypto rx=0 tx=0 comp rx=0 tx=0)._handle_peer_banner_payload supported=3 required=0
2024-03-28T15:43:07.958 INFO:teuthology.orchestra.run.smithi023.stdout:/usr/bin/ceph: stderr
2024-03-28T15:43:07.204+0000 7fa1b4e52700 1 --2- 172.21.15.23:0/2028432784 >> [v2:172.21.15.23:6800/4208679988,v1:172.21.15.23:6801/4208679988] conn(0x7fa19c03c810 0x7fa19c03ec00 secure :-1 s=READY pgs=1 cs=0 l=1 rev1=1 crypto rx=0x7fa1a0003a10 tx=0x7fa1a00092b0 comp rx=0 tx=0).ready entity=mgr.14120 client_cookie=0 server_cookie=0 in_seq=0 out_seq=0
2024-03-28T15:43:07.958 INFO:teuthology.orchestra.run.smithi023.stdout:/usr/bin/ceph: stderr
2024-03-28T15:43:07.205+0000 7fa1a67fc700 1 -- 172.21.15.23:0/2028432784 <== mgr.14120 v2:172.21.15.23:6800/4208679988 1 ==== command_reply(tid 0: 0 ) v1 ==== 8+0+7774 (secure 0 0 0) 0x7fa1ac016e70 con 0x7fa19c03c810
2024-03-28T15:43:07.958 INFO:teuthology.orchestra.run.smithi023.stdout:/usr/bin/ceph: stderr
2024-03-28T15:43:07.211+0000 7fa1b78b7700 1 -- 172.21.15.23:0/2028432784 --> [v2:172.21.15.23:6800/4208679988,v1:172.21.15.23:6801/4208679988] -- command(tid 1: {"prefix": "mgr_status"}) v1 -- 0x7fa1b00637c0 con 0x7fa19c03c810
2024-03-28T15:43:07.958 INFO:teuthology.orchestra.run.smithi023.stdout:/usr/bin/ceph: stderr
2024-03-28T15:43:07.211+0000 7fa1a67fc700 1 -- 172.21.15.23:0/2028432784 <== mgr.14120 v2:172.21.15.23:6800/4208679988 2 ==== command_reply(tid 1: 0 ) v1 ==== 8+0+51 (secure 0 0 0) 0x7fa1b00637c0 con 0x7fa19c03c810
2024-03-28T15:43:07.958 INFO:teuthology.orchestra.run.smithi023.stdout:/usr/bin/ceph: stderr
2024-03-28T15:43:07.212+0000 7fa1b78b7700 1 -- 172.21.15.23:0/2028432784 >> [v2:172.21.15.23:6800/4208679988,v1:172.21.15.23:6801/4208679988] conn(0x7fa19c03c810 msgr2=0x7fa19c03ec00 secure :-1 s=STATE_CONNECTION_ESTABLISHED l=1).mark_down
2024-03-28T15:43:07.958 INFO:teuthology.orchestra.run.smithi023.stdout:/usr/bin/ceph: stderr
2024-03-28T15:43:07.212+0000 7fa1b78b7700 1 --2- 172.21.15.23:0/2028432784 >> [v2:172.21.15.23:6800/4208679988,v1:172.21.15.23:6801/4208679988] conn(0x7fa19c03c810 0x7fa19c03ec00 secure :-1 s=READY pgs=1 cs=0 l=1 rev1=1 crypto rx=0x7fa1a0003a10 tx=0x7fa1a00092b0 comp rx=0 tx=0).stop
2024-03-28T15:43:07.958 INFO:teuthology.orchestra.run.smithi023.stdout:/usr/bin/ceph: stderr
2024-03-28T15:43:07.212+0000 7fa1b78b7700 1 -- 172.21.15.23:0/2028432784 >> [v2:172.21.15.23:3300/0,v1:172.21.15.23:6789/0] conn(0x7fa1b0107a80 msgr2=0x7fa1b019ba10 secure :-1 s=STATE_CONNECTION_ESTABLISHED l=1).mark_down
2024-03-28T15:43:07.958 INFO:teuthology.orchestra.run.smithi023.stdout:/usr/bin/ceph: stderr
2024-03-28T15:43:07.212+0000 7fa1b78b7700 1 --2- 172.21.15.23:0/2028432784 >> [v2:172.21.15.23:3300/0,v1:172.21.15.23:6789/0] conn(0x7fa1b0107a80 0x7fa1b019ba10 secure :-1 s=READY pgs=29 cs=0 l=1 rev1=1 crypto rx=0x7fa1ac011670 tx=0x7fa1ac011b60 comp rx=0 tx=0).stop
2024-03-28T15:43:07.958 INFO:teuthology.orchestra.run.smithi023.stdout:/usr/bin/ceph: stderr
2024-03-28T15:43:07.212+0000 7fa1b78b7700 1 -- 172.21.15.23:0/2028432784 shutdown_connections
2024-03-28T15:43:07.959 INFO:teuthology.orchestra.run.smithi023.stdout:/usr/bin/ceph: stderr
2024-03-28T15:43:07.212+0000 7fa1b78b7700 1 --2- 172.21.15.23:0/2028432784 >> [v2:172.21.15.23:6800/4208679988,v1:172.21.15.23:6801/4208679988] conn(0x7fa19c03c810 0x7fa19c03ec00 unknown :-1 s=CLOSED pgs=1 cs=0 l=1 rev1=1 crypto rx=0 tx=0 comp rx=0 tx=0).stop
2024-03-28T15:43:07.959 INFO:teuthology.orchestra.run.smithi023.stdout:/usr/bin/ceph: stderr
2024-03-28T15:43:07.212+0000 7fa1b78b7700 1 --2- 172.21.15.23:0/2028432784 >> [v2:172.21.15.23:3300/0,v1:172.21.15.23:6789/0] conn(0x7fa1b0107a80 0x7fa1b019ba10 unknown :-1 s=CLOSED pgs=29 cs=0 l=1 rev1=1 crypto rx=0 tx=0 comp rx=0 tx=0).stop
2024-03-28T15:43:07.959 INFO:teuthology.orchestra.run.smithi023.stdout:/usr/bin/ceph: stderr
2024-03-28T15:43:07.212+0000 7fa1b78b7700 1 --2- 172.21.15.23:0/2028432784 >> [v2:172.21.15.23:6800/3484701507,v1:172.21.15.23:6801/3484701507] conn(0x7fa19c038f20 0x7fa19c03b3e0 unknown :-1 s=CLOSED pgs=0 cs=0 l=1 rev1=0 crypto rx=0 tx=0 comp rx=0 tx=0).stop
2024-03-28T15:43:07.959 INFO:teuthology.orchestra.run.smithi023.stdout:/usr/bin/ceph: stderr
2024-03-28T15:43:07.212+0000 7fa1b78b7700 1 -- 172.21.15.23:0/2028432784 >> 172.21.15.23:0/2028432784 conn(0x7fa1b0103080 msgr2=0x7fa1b0103b70 unknown :-1 s=STATE_NONE l=0).mark_down
2024-03-28T15:43:07.959 INFO:teuthology.orchestra.run.smithi023.stdout:/usr/bin/ceph: stderr
2024-03-28T15:43:07.212+0000 7fa1b78b7700 1 -- 172.21.15.23:0/2028432784 shutdown_connections
2024-03-28T15:43:07.959 INFO:teuthology.orchestra.run.smithi023.stdout:/usr/bin/ceph: stderr
2024-03-28T15:43:07.212+0000 7fa1b78b7700 1 -- 172.21.15.23:0/2028432784 wait complete.
2024-03-28T15:43:07.959 INFO:teuthology.orchestra.run.smithi023.stdout:mgr epoch 5 is available
2024-03-28T15:43:07.959 INFO:teuthology.orchestra.run.smithi023.stdout:Setting orchestrator backend to cephadm...
2024-03-28T15:43:08.624 INFO:journalctl@ceph.mon.a.smithi023.stdout:Mar 28 15:43:08 smithi023 ceph-mon[32448]: [28/Mar/2024:15:43:07] ENGINE Bus STARTING
2024-03-28T15:43:08.624 INFO:journalctl@ceph.mon.a.smithi023.stdout:Mar 28 15:43:08 smithi023 ceph-mon[32448]: [28/Mar/2024:15:43:07] ENGINE Serving on http://172.21.15.23:8765
2024-03-28T15:43:08.624 INFO:journalctl@ceph.mon.a.smithi023.stdout:Mar 28 15:43:08 smithi023 ceph-mon[32448]: [28/Mar/2024:15:43:07] ENGINE Serving on https://172.21.15.23:7150
2024-03-28T15:43:08.624 INFO:journalctl@ceph.mon.a.smithi023.stdout:Mar 28 15:43:08 smithi023 ceph-mon[32448]: [28/Mar/2024:15:43:07] ENGINE Bus STARTED
2024-03-28T15:43:08.624 INFO:journalctl@ceph.mon.a.smithi023.stdout:Mar 28 15:43:08 smithi023 ceph-mon[32448]: from='mgr.14120 172.21.15.23:0/1026770586' entity='mgr.x' cmd=[{"prefix": "config dump", "format": "json"}]: dispatch
2024-03-28T15:43:09.191 INFO:teuthology.orchestra.run.smithi023.stdout:/usr/bin/ceph: stderr
2024-03-28T15:43:08.391+0000 7f31314a1700 1 Processor -- start
2024-03-28T15:43:09.191 INFO:teuthology.orchestra.run.smithi023.stdout:/usr/bin/ceph: stderr
2024-03-28T15:43:08.391+0000 7f31314a1700 1 -- start start
2024-03-28T15:43:09.191 INFO:teuthology.orchestra.run.smithi023.stdout:/usr/bin/ceph: stderr
2024-03-28T15:43:08.391+0000 7f31314a1700 1 --2- >> [v2:172.21.15.23:3300/0,v1:172.21.15.23:6789/0] conn(0x7f312c07de60 0x7f312c07c2c0 unknown :-1 s=NONE pgs=0 cs=0 l=0 rev1=0 crypto rx=0 tx=0 comp rx=0 tx=0).connect
2024-03-28T15:43:09.191 INFO:teuthology.orchestra.run.smithi023.stdout:/usr/bin/ceph: stderr
2024-03-28T15:43:08.392+0000 7f31314a1700 1 -- --> [v2:172.21.15.23:3300/0,v1:172.21.15.23:6789/0] -- mon_getmap magic: 0 v1 -- 0x7f312c07c890 con 0x7f312c07de60
2024-03-28T15:43:09.191 INFO:teuthology.orchestra.run.smithi023.stdout:/usr/bin/ceph: stderr
2024-03-28T15:43:08.392+0000 7f312affd700 1 --2- >> [v2:172.21.15.23:3300/0,v1:172.21.15.23:6789/0] conn(0x7f312c07de60 0x7f312c07c2c0 unknown :-1 s=BANNER_CONNECTING pgs=0 cs=0 l=0 rev1=0 crypto rx=0 tx=0 comp rx=0 tx=0)._handle_peer_banner_payload supported=3 required=0
2024-03-28T15:43:09.191 INFO:teuthology.orchestra.run.smithi023.stdout:/usr/bin/ceph: stderr
2024-03-28T15:43:08.392+0000 7f312affd700 1 --2- >> [v2:172.21.15.23:3300/0,v1:172.21.15.23:6789/0] conn(0x7f312c07de60 0x7f312c07c2c0 unknown :-1 s=HELLO_CONNECTING pgs=0 cs=0 l=0 rev1=1 crypto rx=0 tx=0 comp rx=0 tx=0).handle_hello peer v2:172.21.15.23:3300/0 says I am v2:172.21.15.23:55902/0 (socket says 172.21.15.23:55902)
2024-03-28T15:43:09.191 INFO:teuthology.orchestra.run.smithi023.stdout:/usr/bin/ceph: stderr
2024-03-28T15:43:08.392+0000 7f312affd700 1 -- 172.21.15.23:0/3605455748 learned_addr learned my addr 172.21.15.23:0/3605455748 (peer_addr_for_me v2:172.21.15.23:0/0)
2024-03-28T15:43:09.191 INFO:teuthology.orchestra.run.smithi023.stdout:/usr/bin/ceph: stderr
2024-03-28T15:43:08.392+0000 7f312affd700 1 -- 172.21.15.23:0/3605455748 --> [v2:172.21.15.23:3300/0,v1:172.21.15.23:6789/0] -- mon_subscribe({config=0+,monmap=0+}) v3 -- 0x7f312c07ca10 con 0x7f312c07de60
2024-03-28T15:43:09.192 INFO:teuthology.orchestra.run.smithi023.stdout:/usr/bin/ceph: stderr
2024-03-28T15:43:08.392+0000 7f312affd700 1 --2- 172.21.15.23:0/3605455748 >> [v2:172.21.15.23:3300/0,v1:172.21.15.23:6789/0] conn(0x7f312c07de60 0x7f312c07c2c0 secure :-1 s=READY pgs=37 cs=0 l=1 rev1=1 crypto rx=0x7f311c009e80 tx=0x7f311c00b330 comp rx=0 tx=0).ready entity=mon.0 client_cookie=353f4815c62ed247 server_cookie=0 in_seq=0 out_seq=0
2024-03-28T15:43:09.192 INFO:teuthology.orchestra.run.smithi023.stdout:/usr/bin/ceph: stderr
2024-03-28T15:43:08.392+0000 7f3129ffb700 1 -- 172.21.15.23:0/3605455748 <== mon.0 v2:172.21.15.23:3300/0 1 ==== mon_map magic: 0 v1 ==== 205+0+0 (secure 0 0 0) 0x7f311c017070 con 0x7f312c07de60
2024-03-28T15:43:09.192 INFO:teuthology.orchestra.run.smithi023.stdout:/usr/bin/ceph: stderr
2024-03-28T15:43:08.392+0000 7f3129ffb700 1 -- 172.21.15.23:0/3605455748 <== mon.0 v2:172.21.15.23:3300/0 2 ==== config(27 keys) v1 ==== 1109+0+0 (secure 0 0 0) 0x7f311c00b8c0 con 0x7f312c07de60
2024-03-28T15:43:09.192 INFO:teuthology.orchestra.run.smithi023.stdout:/usr/bin/ceph: stderr
2024-03-28T15:43:08.392+0000 7f3129ffb700 1 -- 172.21.15.23:0/3605455748 <== mon.0 v2:172.21.15.23:3300/0 3 ==== mon_map magic: 0 v1 ==== 205+0+0 (secure 0 0 0) 0x7f311c0045c0 con 0x7f312c07de60
2024-03-28T15:43:09.192 INFO:teuthology.orchestra.run.smithi023.stdout:/usr/bin/ceph: stderr
2024-03-28T15:43:08.393+0000 7f31314a1700 1 -- 172.21.15.23:0/3605455748 >> [v2:172.21.15.23:3300/0,v1:172.21.15.23:6789/0] conn(0x7f312c07de60 msgr2=0x7f312c07c2c0 secure :-1 s=STATE_CONNECTION_ESTABLISHED l=1).mark_down
2024-03-28T15:43:09.192 INFO:teuthology.orchestra.run.smithi023.stdout:/usr/bin/ceph: stderr
2024-03-28T15:43:08.393+0000 7f31314a1700 1 --2- 172.21.15.23:0/3605455748 >> [v2:172.21.15.23:3300/0,v1:172.21.15.23:6789/0] conn(0x7f312c07de60 0x7f312c07c2c0 secure :-1 s=READY pgs=37 cs=0 l=1 rev1=1 crypto rx=0x7f311c009e80 tx=0x7f311c00b330 comp rx=0 tx=0).stop
2024-03-28T15:43:09.192 INFO:teuthology.orchestra.run.smithi023.stdout:/usr/bin/ceph: stderr
2024-03-28T15:43:08.393+0000 7f31314a1700 1 -- 172.21.15.23:0/3605455748 shutdown_connections
2024-03-28T15:43:09.192 INFO:teuthology.orchestra.run.smithi023.stdout:/usr/bin/ceph: stderr
2024-03-28T15:43:08.393+0000 7f31314a1700 1 --2- 172.21.15.23:0/3605455748 >> [v2:172.21.15.23:3300/0,v1:172.21.15.23:6789/0] conn(0x7f312c07de60 0x7f312c07c2c0 unknown :-1 s=CLOSED pgs=37 cs=0 l=1 rev1=1 crypto rx=0 tx=0 comp rx=0 tx=0).stop
2024-03-28T15:43:09.192 INFO:teuthology.orchestra.run.smithi023.stdout:/usr/bin/ceph: stderr
2024-03-28T15:43:08.393+0000 7f31314a1700 1 -- 172.21.15.23:0/3605455748 >> 172.21.15.23:0/3605455748 conn(0x7f312c103020 msgr2=0x7f312c105460 unknown :-1 s=STATE_NONE l=0).mark_down
2024-03-28T15:43:09.192 INFO:teuthology.orchestra.run.smithi023.stdout:/usr/bin/ceph: stderr
2024-03-28T15:43:08.393+0000 7f31314a1700 1 -- 172.21.15.23:0/3605455748 shutdown_connections
2024-03-28T15:43:09.192 INFO:teuthology.orchestra.run.smithi023.stdout:/usr/bin/ceph: stderr
2024-03-28T15:43:08.393+0000 7f31314a1700 1 -- 172.21.15.23:0/3605455748 wait complete.
2024-03-28T15:43:09.192 INFO:teuthology.orchestra.run.smithi023.stdout:/usr/bin/ceph: stderr
2024-03-28T15:43:08.394+0000 7f31314a1700 1 Processor -- start
2024-03-28T15:43:09.192 INFO:teuthology.orchestra.run.smithi023.stdout:/usr/bin/ceph: stderr
2024-03-28T15:43:08.394+0000 7f31314a1700 1 -- start start
2024-03-28T15:43:09.192 INFO:teuthology.orchestra.run.smithi023.stdout:/usr/bin/ceph: stderr
2024-03-28T15:43:08.394+0000 7f31314a1700 1 --2- >> [v2:172.21.15.23:3300/0,v1:172.21.15.23:6789/0] conn(0x7f312c07de60 0x7f312c19db80 unknown :-1 s=NONE pgs=0 cs=0 l=1 rev1=0 crypto rx=0 tx=0 comp rx=0 tx=0).connect
2024-03-28T15:43:09.193 INFO:teuthology.orchestra.run.smithi023.stdout:/usr/bin/ceph: stderr
2024-03-28T15:43:08.394+0000 7f31314a1700 1 -- --> [v2:172.21.15.23:3300/0,v1:172.21.15.23:6789/0] -- mon_getmap magic: 0 v1 -- 0x7f312c10e0b0 con 0x7f312c07de60
2024-03-28T15:43:09.193 INFO:teuthology.orchestra.run.smithi023.stdout:/usr/bin/ceph: stderr
2024-03-28T15:43:08.394+0000 7f312affd700 1 --2- >> [v2:172.21.15.23:3300/0,v1:172.21.15.23:6789/0] conn(0x7f312c07de60 0x7f312c19db80 unknown :-1 s=BANNER_CONNECTING pgs=0 cs=0 l=1 rev1=0 crypto rx=0 tx=0 comp rx=0 tx=0)._handle_peer_banner_payload supported=3 required=0
2024-03-28T15:43:09.193 INFO:teuthology.orchestra.run.smithi023.stdout:/usr/bin/ceph: stderr
2024-03-28T15:43:08.394+0000 7f312affd700 1 --2- >> [v2:172.21.15.23:3300/0,v1:172.21.15.23:6789/0] conn(0x7f312c07de60 0x7f312c19db80 unknown :-1 s=HELLO_CONNECTING pgs=0 cs=0 l=1 rev1=1 crypto rx=0 tx=0 comp rx=0 tx=0).handle_hello peer v2:172.21.15.23:3300/0 says I am v2:172.21.15.23:55910/0 (socket says 172.21.15.23:55910)
2024-03-28T15:43:09.193 INFO:teuthology.orchestra.run.smithi023.stdout:/usr/bin/ceph: stderr
2024-03-28T15:43:08.394+0000 7f312affd700 1 -- 172.21.15.23:0/1178968560 learned_addr learned my addr 172.21.15.23:0/1178968560 (peer_addr_for_me v2:172.21.15.23:0/0)
2024-03-28T15:43:09.193 INFO:teuthology.orchestra.run.smithi023.stdout:/usr/bin/ceph: stderr
2024-03-28T15:43:08.394+0000 7f312affd700 1 -- 172.21.15.23:0/1178968560 --> [v2:172.21.15.23:3300/0,v1:172.21.15.23:6789/0] -- mon_subscribe({config=0+,monmap=0+}) v3 -- 0x7f312c19e0c0 con 0x7f312c07de60
2024-03-28T15:43:09.193 INFO:teuthology.orchestra.run.smithi023.stdout:/usr/bin/ceph: stderr
2024-03-28T15:43:08.395+0000 7f312affd700 1 --2- 172.21.15.23:0/1178968560 >> [v2:172.21.15.23:3300/0,v1:172.21.15.23:6789/0] conn(0x7f312c07de60 0x7f312c19db80 secure :-1 s=READY pgs=38 cs=0 l=1 rev1=1 crypto rx=0x7f311c004350 tx=0x7f311c00bd50 comp rx=0 tx=0).ready entity=mon.0 client_cookie=0 server_cookie=0 in_seq=0 out_seq=0
2024-03-28T15:43:09.193 INFO:teuthology.orchestra.run.smithi023.stdout:/usr/bin/ceph: stderr
2024-03-28T15:43:08.395+0000 7f3123fff700 1 -- 172.21.15.23:0/1178968560 <== mon.0 v2:172.21.15.23:3300/0 1 ==== mon_map magic: 0 v1 ==== 205+0+0 (secure 0 0 0) 0x7f311c020020 con 0x7f312c07de60
2024-03-28T15:43:09.193 INFO:teuthology.orchestra.run.smithi023.stdout:/usr/bin/ceph: stderr
2024-03-28T15:43:08.395+0000 7f3123fff700 1 -- 172.21.15.23:0/1178968560 <== mon.0 v2:172.21.15.23:3300/0 2 ==== config(27 keys) v1 ==== 1109+0+0 (secure 0 0 0) 0x7f311c003c10 con 0x7f312c07de60
2024-03-28T15:43:09.193 INFO:teuthology.orchestra.run.smithi023.stdout:/usr/bin/ceph: stderr
2024-03-28T15:43:08.395+0000 7f31314a1700 1 -- 172.21.15.23:0/1178968560 --> [v2:172.21.15.23:3300/0,v1:172.21.15.23:6789/0] -- mon_subscribe({mgrmap=0+}) v3 -- 0x7f312c19e350 con 0x7f312c07de60
2024-03-28T15:43:09.193 INFO:teuthology.orchestra.run.smithi023.stdout:/usr/bin/ceph: stderr
2024-03-28T15:43:08.395+0000 7f3123fff700 1 -- 172.21.15.23:0/1178968560 <== mon.0 v2:172.21.15.23:3300/0 3 ==== mon_map magic: 0 v1 ==== 205+0+0 (secure 0 0 0) 0x7f311c017040 con 0x7f312c07de60
2024-03-28T15:43:09.193 INFO:teuthology.orchestra.run.smithi023.stdout:/usr/bin/ceph: stderr
2024-03-28T15:43:08.395+0000 7f31314a1700 1 -- 172.21.15.23:0/1178968560 --> [v2:172.21.15.23:3300/0,v1:172.21.15.23:6789/0] -- mon_subscribe({osdmap=0}) v3 -- 0x7f312c1a1040 con 0x7f312c07de60
2024-03-28T15:43:09.193 INFO:teuthology.orchestra.run.smithi023.stdout:/usr/bin/ceph: stderr
2024-03-28T15:43:08.396+0000 7f3123fff700 1 -- 172.21.15.23:0/1178968560 <== mon.0 v2:172.21.15.23:3300/0 4 ==== mgrmap(e 8) v1 ==== 46106+0+0 (secure 0 0 0) 0x7f311c023020 con 0x7f312c07de60
2024-03-28T15:43:09.193 INFO:teuthology.orchestra.run.smithi023.stdout:/usr/bin/ceph: stderr
2024-03-28T15:43:08.396+0000 7f3123fff700 1 --2- 172.21.15.23:0/1178968560 >> [v2:172.21.15.23:6800/4208679988,v1:172.21.15.23:6801/4208679988] conn(0x7f3118038f70 0x7f311803b430 unknown :-1 s=NONE pgs=0 cs=0 l=1 rev1=0 crypto rx=0 tx=0 comp rx=0 tx=0).connect
2024-03-28T15:43:09.193 INFO:teuthology.orchestra.run.smithi023.stdout:/usr/bin/ceph: stderr
2024-03-28T15:43:08.396+0000 7f31314a1700 1 -- 172.21.15.23:0/1178968560 --> [v2:172.21.15.23:3300/0,v1:172.21.15.23:6789/0] -- mon_command({"prefix": "get_command_descriptions"} v 0) v1 -- 0x7f312c0637c0 con 0x7f312c07de60
2024-03-28T15:43:09.193 INFO:teuthology.orchestra.run.smithi023.stdout:/usr/bin/ceph: stderr
2024-03-28T15:43:08.396+0000 7f3123fff700 1 -- 172.21.15.23:0/1178968560 <== mon.0 v2:172.21.15.23:3300/0 5 ==== osd_map(2..2 src has 1..2) v4 ==== 940+0+0 (secure 0 0 0) 0x7f311c00f050 con 0x7f312c07de60
2024-03-28T15:43:09.194 INFO:teuthology.orchestra.run.smithi023.stdout:/usr/bin/ceph: stderr
2024-03-28T15:43:08.396+0000 7f312a7fc700 1 --2- 172.21.15.23:0/1178968560 >> [v2:172.21.15.23:6800/4208679988,v1:172.21.15.23:6801/4208679988] conn(0x7f3118038f70 0x7f311803b430 unknown :-1 s=BANNER_CONNECTING pgs=0 cs=0 l=1 rev1=0 crypto rx=0 tx=0 comp rx=0 tx=0)._handle_peer_banner_payload supported=3 required=0
2024-03-28T15:43:09.194 INFO:teuthology.orchestra.run.smithi023.stdout:/usr/bin/ceph: stderr
2024-03-28T15:43:08.397+0000 7f312a7fc700 1 --2- 172.21.15.23:0/1178968560 >> [v2:172.21.15.23:6800/4208679988,v1:172.21.15.23:6801/4208679988] conn(0x7f3118038f70 0x7f311803b430 secure :-1 s=READY pgs=7 cs=0 l=1 rev1=1 crypto rx=0x7f3114006fd0 tx=0x7f3114006e40 comp rx=0 tx=0).ready entity=mgr.14120 client_cookie=0 server_cookie=0 in_seq=0 out_seq=0
2024-03-28T15:43:09.194 INFO:teuthology.orchestra.run.smithi023.stdout:/usr/bin/ceph: stderr
2024-03-28T15:43:08.401+0000 7f3123fff700 1 -- 172.21.15.23:0/1178968560 <== mon.0 v2:172.21.15.23:3300/0 6 ==== mon_command_ack([{"prefix": "get_command_descriptions"}]=0 v0) v1 ==== 72+0+186149 (secure 0 0 0) 0x7f311c02a020 con 0x7f312c07de60
2024-03-28T15:43:09.194 INFO:teuthology.orchestra.run.smithi023.stdout:/usr/bin/ceph: stderr
2024-03-28T15:43:08.624+0000 7f31314a1700 1 -- 172.21.15.23:0/1178968560 --> [v2:172.21.15.23:6800/4208679988,v1:172.21.15.23:6801/4208679988] -- mgr_command(tid 0: {"prefix": "orch set backend", "module_name": "cephadm", "target": ["mon-mgr", ""]}) v1 -- 0x7f312c1041d0 con 0x7f3118038f70
2024-03-28T15:43:09.194 INFO:teuthology.orchestra.run.smithi023.stdout:/usr/bin/ceph: stderr
2024-03-28T15:43:08.635+0000 7f3123fff700 1 -- 172.21.15.23:0/1178968560 <== mgr.14120 v2:172.21.15.23:6800/4208679988 1 ==== mgr_command_reply(tid 0: 0 ) v1 ==== 8+0+0 (secure 0 0 0) 0x7f312c1041d0 con 0x7f3118038f70
2024-03-28T15:43:09.194 INFO:teuthology.orchestra.run.smithi023.stdout:/usr/bin/ceph: stderr
2024-03-28T15:43:08.638+0000 7f31314a1700 1 -- 172.21.15.23:0/1178968560 >> [v2:172.21.15.23:6800/4208679988,v1:172.21.15.23:6801/4208679988] conn(0x7f3118038f70 msgr2=0x7f311803b430 secure :-1 s=STATE_CONNECTION_ESTABLISHED l=1).mark_down
2024-03-28T15:43:09.194 INFO:teuthology.orchestra.run.smithi023.stdout:/usr/bin/ceph: stderr
2024-03-28T15:43:08.638+0000 7f31314a1700 1 --2- 172.21.15.23:0/1178968560 >> [v2:172.21.15.23:6800/4208679988,v1:172.21.15.23:6801/4208679988] conn(0x7f3118038f70 0x7f311803b430 secure :-1 s=READY pgs=7 cs=0 l=1 rev1=1 crypto rx=0x7f3114006fd0 tx=0x7f3114006e40 comp rx=0 tx=0).stop
2024-03-28T15:43:09.194 INFO:teuthology.orchestra.run.smithi023.stdout:/usr/bin/ceph: stderr
2024-03-28T15:43:08.638+0000 7f31314a1700 1 -- 172.21.15.23:0/1178968560 >> [v2:172.21.15.23:3300/0,v1:172.21.15.23:6789/0] conn(0x7f312c07de60 msgr2=0x7f312c19db80 secure :-1 s=STATE_CONNECTION_ESTABLISHED l=1).mark_down
2024-03-28T15:43:09.194 INFO:teuthology.orchestra.run.smithi023.stdout:/usr/bin/ceph: stderr
2024-03-28T15:43:08.638+0000 7f31314a1700 1 --2- 172.21.15.23:0/1178968560 >> [v2:172.21.15.23:3300/0,v1:172.21.15.23:6789/0] conn(0x7f312c07de60 0x7f312c19db80 secure :-1 s=READY pgs=38 cs=0 l=1 rev1=1 crypto rx=0x7f311c004350 tx=0x7f311c00bd50 comp rx=0 tx=0).stop
2024-03-28T15:43:09.194 INFO:teuthology.orchestra.run.smithi023.stdout:/usr/bin/ceph: stderr
2024-03-28T15:43:08.638+0000 7f31314a1700 1 -- 172.21.15.23:0/1178968560 shutdown_connections
2024-03-28T15:43:09.194 INFO:teuthology.orchestra.run.smithi023.stdout:/usr/bin/ceph: stderr
2024-03-28T15:43:08.638+0000 7f31314a1700 1 --2- 172.21.15.23:0/1178968560 >> [v2:172.21.15.23:6800/4208679988,v1:172.21.15.23:6801/4208679988] conn(0x7f3118038f70 0x7f311803b430 unknown :-1 s=CLOSED pgs=7 cs=0 l=1 rev1=1 crypto rx=0 tx=0 comp rx=0 tx=0).stop
2024-03-28T15:43:09.194 INFO:teuthology.orchestra.run.smithi023.stdout:/usr/bin/ceph: stderr
2024-03-28T15:43:08.638+0000 7f31314a1700 1 --2- 172.21.15.23:0/1178968560 >> [v2:172.21.15.23:3300/0,v1:172.21.15.23:6789/0] conn(0x7f312c07de60 0x7f312c19db80 unknown :-1 s=CLOSED pgs=38 cs=0 l=1 rev1=1 crypto rx=0 tx=0 comp rx=0 tx=0).stop
2024-03-28T15:43:09.194 INFO:teuthology.orchestra.run.smithi023.stdout:/usr/bin/ceph: stderr
2024-03-28T15:43:08.638+0000 7f31314a1700 1 -- 172.21.15.23:0/1178968560 >> 172.21.15.23:0/1178968560 conn(0x7f312c103020 msgr2=0x7f312c103ac0 unknown :-1 s=STATE_NONE l=0).mark_down
2024-03-28T15:43:09.194 INFO:teuthology.orchestra.run.smithi023.stdout:/usr/bin/ceph: stderr
2024-03-28T15:43:08.638+0000 7f31314a1700 1 -- 172.21.15.23:0/1178968560 shutdown_connections
2024-03-28T15:43:09.195 INFO:teuthology.orchestra.run.smithi023.stdout:/usr/bin/ceph: stderr
2024-03-28T15:43:08.638+0000 7f31314a1700 1 -- 172.21.15.23:0/1178968560 wait complete.
2024-03-28T15:43:09.527 INFO:journalctl@ceph.mon.a.smithi023.stdout:Mar 28 15:43:09 smithi023 ceph-mon[32448]: mgrmap e8: x(active, since 2s)
2024-03-28T15:43:09.528 INFO:journalctl@ceph.mon.a.smithi023.stdout:Mar 28 15:43:09 smithi023 ceph-mon[32448]: from='client.14132 -' entity='client.admin' cmd=[{"prefix": "orch set backend", "module_name": "cephadm", "target": ["mon-mgr", ""]}]: dispatch
2024-03-28T15:43:09.528 INFO:journalctl@ceph.mon.a.smithi023.stdout:Mar 28 15:43:09 smithi023 ceph-mon[32448]: from='mgr.14120 172.21.15.23:0/1026770586' entity='mgr.x'
2024-03-28T15:43:09.528 INFO:journalctl@ceph.mon.a.smithi023.stdout:Mar 28 15:43:09 smithi023 ceph-mon[32448]: from='mgr.14120 172.21.15.23:0/1026770586' entity='mgr.x' cmd=[{"prefix": "config dump", "format": "json"}]: dispatch
2024-03-28T15:43:10.420 INFO:journalctl@ceph.mon.a.smithi023.stdout:Mar 28 15:43:10 smithi023 ceph-mon[32448]: from='client.14134 -' entity='client.admin' cmd=[{"prefix": "cephadm set-user", "user": "root", "target": ["mon-mgr", ""]}]: dispatch
2024-03-28T15:43:10.431 INFO:teuthology.orchestra.run.smithi023.stdout:/usr/bin/ceph: stdout value unchanged
2024-03-28T15:43:10.431 INFO:teuthology.orchestra.run.smithi023.stdout:/usr/bin/ceph: stderr
2024-03-28T15:43:09.632+0000 7f1e1aa8f700 1 Processor -- start
2024-03-28T15:43:10.432 INFO:teuthology.orchestra.run.smithi023.stdout:/usr/bin/ceph: stderr
2024-03-28T15:43:09.632+0000 7f1e1aa8f700 1 -- start start
2024-03-28T15:43:10.432 INFO:teuthology.orchestra.run.smithi023.stdout:/usr/bin/ceph: stderr
2024-03-28T15:43:09.632+0000 7f1e1aa8f700 1 --2- >> [v2:172.21.15.23:3300/0,v1:172.21.15.23:6789/0] conn(0x7f1e14106950 0x7f1e14106d70 unknown :-1 s=NONE pgs=0 cs=0 l=0 rev1=0 crypto rx=0 tx=0 comp rx=0 tx=0).connect
2024-03-28T15:43:10.432 INFO:teuthology.orchestra.run.smithi023.stdout:/usr/bin/ceph: stderr
2024-03-28T15:43:09.632+0000 7f1e1aa8f700 1 -- --> [v2:172.21.15.23:3300/0,v1:172.21.15.23:6789/0] -- mon_getmap magic: 0 v1 -- 0x7f1e14107340 con 0x7f1e14106950
2024-03-28T15:43:10.432 INFO:teuthology.orchestra.run.smithi023.stdout:/usr/bin/ceph: stderr
2024-03-28T15:43:09.632+0000 7f1e1882b700 1 --2- >> [v2:172.21.15.23:3300/0,v1:172.21.15.23:6789/0] conn(0x7f1e14106950 0x7f1e14106d70 unknown :-1 s=BANNER_CONNECTING pgs=0 cs=0 l=0 rev1=0 crypto rx=0 tx=0 comp rx=0 tx=0)._handle_peer_banner_payload supported=3 required=0
2024-03-28T15:43:10.432 INFO:teuthology.orchestra.run.smithi023.stdout:/usr/bin/ceph: stderr
2024-03-28T15:43:09.632+0000 7f1e1882b700 1 --2- >> [v2:172.21.15.23:3300/0,v1:172.21.15.23:6789/0] conn(0x7f1e14106950 0x7f1e14106d70 unknown :-1 s=HELLO_CONNECTING pgs=0 cs=0 l=0 rev1=1 crypto rx=0 tx=0 comp rx=0 tx=0).handle_hello peer v2:172.21.15.23:3300/0 says I am v2:172.21.15.23:54418/0 (socket says 172.21.15.23:54418)
2024-03-28T15:43:10.432 INFO:teuthology.orchestra.run.smithi023.stdout:/usr/bin/ceph: stderr
2024-03-28T15:43:09.632+0000 7f1e1882b700 1 -- 172.21.15.23:0/1265116092 learned_addr learned my addr 172.21.15.23:0/1265116092 (peer_addr_for_me v2:172.21.15.23:0/0)
2024-03-28T15:43:10.432 INFO:teuthology.orchestra.run.smithi023.stdout:/usr/bin/ceph: stderr
2024-03-28T15:43:09.632+0000 7f1e1882b700 1 -- 172.21.15.23:0/1265116092 --> [v2:172.21.15.23:3300/0,v1:172.21.15.23:6789/0] -- mon_subscribe({config=0+,monmap=0+}) v3 -- 0x7f1e14107b50 con 0x7f1e14106950
2024-03-28T15:43:10.432 INFO:teuthology.orchestra.run.smithi023.stdout:/usr/bin/ceph: stderr
2024-03-28T15:43:09.633+0000 7f1e1882b700 1 --2- 172.21.15.23:0/1265116092 >> [v2:172.21.15.23:3300/0,v1:172.21.15.23:6789/0] conn(0x7f1e14106950 0x7f1e14106d70 secure :-1 s=READY pgs=39 cs=0 l=1 rev1=1 crypto rx=0x7f1e080098a0 tx=0x7f1e08009bb0 comp rx=0 tx=0).ready entity=mon.0 client_cookie=d3e930ad955716b server_cookie=0 in_seq=0 out_seq=0
2024-03-28T15:43:10.432 INFO:teuthology.orchestra.run.smithi023.stdout:/usr/bin/ceph: stderr
2024-03-28T15:43:09.633+0000 7f1e137fe700 1 -- 172.21.15.23:0/1265116092 <== mon.0 v2:172.21.15.23:3300/0 1 ==== mon_map magic: 0 v1 ==== 205+0+0 (secure 0 0 0) 0x7f1e08004160 con 0x7f1e14106950
2024-03-28T15:43:10.432 INFO:teuthology.orchestra.run.smithi023.stdout:/usr/bin/ceph: stderr
2024-03-28T15:43:09.633+0000 7f1e137fe700 1 -- 172.21.15.23:0/1265116092 <== mon.0 v2:172.21.15.23:3300/0 2 ==== config(27 keys) v1 ==== 1109+0+0 (secure 0 0 0) 0x7f1e08004300 con 0x7f1e14106950
2024-03-28T15:43:10.432 INFO:teuthology.orchestra.run.smithi023.stdout:/usr/bin/ceph: stderr
2024-03-28T15:43:09.633+0000 7f1e137fe700 1 -- 172.21.15.23:0/1265116092 <== mon.0 v2:172.21.15.23:3300/0 3 ==== mon_map magic: 0 v1 ==== 205+0+0 (secure 0 0 0) 0x7f1e08011b50 con 0x7f1e14106950
2024-03-28T15:43:10.432 INFO:teuthology.orchestra.run.smithi023.stdout:/usr/bin/ceph: stderr
2024-03-28T15:43:09.633+0000 7f1e1aa8f700 1 -- 172.21.15.23:0/1265116092 >> [v2:172.21.15.23:3300/0,v1:172.21.15.23:6789/0] conn(0x7f1e14106950 msgr2=0x7f1e14106d70 secure :-1 s=STATE_CONNECTION_ESTABLISHED l=1).mark_down
2024-03-28T15:43:10.432 INFO:teuthology.orchestra.run.smithi023.stdout:/usr/bin/ceph: stderr
2024-03-28T15:43:09.633+0000 7f1e1aa8f700 1 --2- 172.21.15.23:0/1265116092 >> [v2:172.21.15.23:3300/0,v1:172.21.15.23:6789/0] conn(0x7f1e14106950 0x7f1e14106d70 secure :-1 s=READY pgs=39 cs=0 l=1 rev1=1 crypto rx=0x7f1e080098a0 tx=0x7f1e08009bb0 comp rx=0 tx=0).stop
2024-03-28T15:43:10.433 INFO:teuthology.orchestra.run.smithi023.stdout:/usr/bin/ceph: stderr
2024-03-28T15:43:09.633+0000 7f1e1aa8f700 1 -- 172.21.15.23:0/1265116092 shutdown_connections
2024-03-28T15:43:10.433 INFO:teuthology.orchestra.run.smithi023.stdout:/usr/bin/ceph: stderr
2024-03-28T15:43:09.633+0000 7f1e1aa8f700 1 --2- 172.21.15.23:0/1265116092 >> [v2:172.21.15.23:3300/0,v1:172.21.15.23:6789/0] conn(0x7f1e14106950 0x7f1e14106d70 unknown :-1 s=CLOSED pgs=39 cs=0 l=1 rev1=1 crypto rx=0 tx=0 comp rx=0 tx=0).stop
2024-03-28T15:43:10.433 INFO:teuthology.orchestra.run.smithi023.stdout:/usr/bin/ceph: stderr
2024-03-28T15:43:09.633+0000 7f1e1aa8f700 1 -- 172.21.15.23:0/1265116092 >> 172.21.15.23:0/1265116092 conn(0x7f1e14101f10 msgr2=0x7f1e14104330 unknown :-1 s=STATE_NONE l=0).mark_down
2024-03-28T15:43:10.433 INFO:teuthology.orchestra.run.smithi023.stdout:/usr/bin/ceph: stderr
2024-03-28T15:43:09.633+0000 7f1e1aa8f700 1 -- 172.21.15.23:0/1265116092 shutdown_connections
2024-03-28T15:43:10.433 INFO:teuthology.orchestra.run.smithi023.stdout:/usr/bin/ceph: stderr
2024-03-28T15:43:09.633+0000 7f1e1aa8f700 1 -- 172.21.15.23:0/1265116092 wait complete.
2024-03-28T15:43:10.433 INFO:teuthology.orchestra.run.smithi023.stdout:/usr/bin/ceph: stderr
2024-03-28T15:43:09.634+0000 7f1e1aa8f700 1 Processor -- start
2024-03-28T15:43:10.433 INFO:teuthology.orchestra.run.smithi023.stdout:/usr/bin/ceph: stderr
2024-03-28T15:43:09.634+0000 7f1e1aa8f700 1 -- start start
2024-03-28T15:43:10.433 INFO:teuthology.orchestra.run.smithi023.stdout:/usr/bin/ceph: stderr
2024-03-28T15:43:09.634+0000 7f1e1aa8f700 1 --2- >> [v2:172.21.15.23:3300/0,v1:172.21.15.23:6789/0] conn(0x7f1e14106950 0x7f1e1419ba30 unknown :-1 s=NONE pgs=0 cs=0 l=1 rev1=0 crypto rx=0 tx=0 comp rx=0 tx=0).connect
2024-03-28T15:43:10.433 INFO:teuthology.orchestra.run.smithi023.stdout:/usr/bin/ceph: stderr
2024-03-28T15:43:09.634+0000 7f1e1aa8f700 1 -- --> [v2:172.21.15.23:3300/0,v1:172.21.15.23:6789/0] -- mon_getmap magic: 0 v1 -- 0x7f1e1410af00 con 0x7f1e14106950
2024-03-28T15:43:10.433 INFO:teuthology.orchestra.run.smithi023.stdout:/usr/bin/ceph: stderr
