2024-03-28T15:51:25.016+0000 7f1e13e00700 1 --2- 172.21.15.67:0/3386546634 >> [v2:172.21.15.67:6800/1631001968,v1:172.21.15.67:6801/1631001968] conn(0x7f1e00038f70 0x7f1e0003b430 unknown :-1 s=BANNER_CONNECTING pgs=0 cs=0 l=1 rev1=0 crypto rx=0 tx=0 comp rx=0 tx=0)._handle_peer_banner_payload supported=3 required=0
2024-03-28T15:51:26.509 INFO:teuthology.orchestra.run.smithi067.stdout:/usr/bin/ceph: stderr
2024-03-28T15:51:25.017+0000 7f1e13e00700 1 --2- 172.21.15.67:0/3386546634 >> [v2:172.21.15.67:6800/1631001968,v1:172.21.15.67:6801/1631001968] conn(0x7f1e00038f70 0x7f1e0003b430 secure :-1 s=READY pgs=14 cs=0 l=1 rev1=1 crypto rx=0x7f1e04006fd0 tx=0x7f1e04006e40 comp rx=0 tx=0).ready entity=mgr.14120 client_cookie=0 server_cookie=0 in_seq=0 out_seq=0
2024-03-28T15:51:26.509 INFO:teuthology.orchestra.run.smithi067.stdout:/usr/bin/ceph: stderr
2024-03-28T15:51:25.021+0000 7f1e13400700 1 -- 172.21.15.67:0/3386546634 <== mon.0 v2:172.21.15.67:3300/0 6 ==== mon_command_ack([{"prefix": "get_command_descriptions"}]=0 v0) v1 ==== 72+0+186149 (secure 0 0 0) 0x7f1e0c02ddb0 con 0x7f1e1c1084e0
2024-03-28T15:51:26.509 INFO:teuthology.orchestra.run.smithi067.stdout:/usr/bin/ceph: stderr
2024-03-28T15:51:25.305+0000 7f1e21600700 1 -- 172.21.15.67:0/3386546634 --> [v2:172.21.15.67:3300/0,v1:172.21.15.67:6789/0] -- mon_command([{prefix=config set, name=mgr/cephadm/container_init}] v 0) v1 -- 0x7f1e1c107270 con 0x7f1e1c1084e0
2024-03-28T15:51:26.510 INFO:teuthology.orchestra.run.smithi067.stdout:/usr/bin/ceph: stderr
2024-03-28T15:51:25.308+0000 7f1e13400700 1 -- 172.21.15.67:0/3386546634 <== mon.0 v2:172.21.15.67:3300/0 7 ==== mon_command_ack([{prefix=config set, name=mgr/cephadm/container_init}]=0 v7)=0 v7) v1 ==== 142+0+0 (secure 0 0 0) 0x7f1e0c01a430 con 0x7f1e1c1084e0
2024-03-28T15:51:26.510 INFO:teuthology.orchestra.run.smithi067.stdout:/usr/bin/ceph: stderr
2024-03-28T15:51:25.311+0000 7f1e21600700 1 -- 172.21.15.67:0/3386546634 >> [v2:172.21.15.67:6800/1631001968,v1:172.21.15.67:6801/1631001968] conn(0x7f1e00038f70 msgr2=0x7f1e0003b430 secure :-1 s=STATE_CONNECTION_ESTABLISHED l=1).mark_down
2024-03-28T15:51:26.511 INFO:teuthology.orchestra.run.smithi067.stdout:/usr/bin/ceph: stderr
2024-03-28T15:51:25.311+0000 7f1e21600700 1 --2- 172.21.15.67:0/3386546634 >> [v2:172.21.15.67:6800/1631001968,v1:172.21.15.67:6801/1631001968] conn(0x7f1e00038f70 0x7f1e0003b430 secure :-1 s=READY pgs=14 cs=0 l=1 rev1=1 crypto rx=0x7f1e04006fd0 tx=0x7f1e04006e40 comp rx=0 tx=0).stop
2024-03-28T15:51:26.511 INFO:teuthology.orchestra.run.smithi067.stdout:/usr/bin/ceph: stderr
2024-03-28T15:51:25.311+0000 7f1e21600700 1 -- 172.21.15.67:0/3386546634 >> [v2:172.21.15.67:3300/0,v1:172.21.15.67:6789/0] conn(0x7f1e1c1084e0 msgr2=0x7f1e1c107d60 secure :-1 s=STATE_CONNECTION_ESTABLISHED l=1).mark_down
2024-03-28T15:51:26.511 INFO:teuthology.orchestra.run.smithi067.stdout:/usr/bin/ceph: stderr
2024-03-28T15:51:25.311+0000 7f1e21600700 1 --2- 172.21.15.67:0/3386546634 >> [v2:172.21.15.67:3300/0,v1:172.21.15.67:6789/0] conn(0x7f1e1c1084e0 0x7f1e1c107d60 secure :-1 s=READY pgs=52 cs=0 l=1 rev1=1 crypto rx=0x7f1e0c011a00 tx=0x7f1e0c011ae0 comp rx=0 tx=0).stop
2024-03-28T15:51:26.511 INFO:teuthology.orchestra.run.smithi067.stdout:/usr/bin/ceph: stderr
2024-03-28T15:51:25.311+0000 7f1e21600700 1 -- 172.21.15.67:0/3386546634 shutdown_connections
2024-03-28T15:51:26.511 INFO:teuthology.orchestra.run.smithi067.stdout:/usr/bin/ceph: stderr
2024-03-28T15:51:25.311+0000 7f1e21600700 1 --2- 172.21.15.67:0/3386546634 >> [v2:172.21.15.67:6800/1631001968,v1:172.21.15.67:6801/1631001968] conn(0x7f1e00038f70 0x7f1e0003b430 unknown :-1 s=CLOSED pgs=14 cs=0 l=1 rev1=1 crypto rx=0 tx=0 comp rx=0 tx=0).stop
2024-03-28T15:51:26.511 INFO:teuthology.orchestra.run.smithi067.stdout:/usr/bin/ceph: stderr
2024-03-28T15:51:25.311+0000 7f1e21600700 1 --2- 172.21.15.67:0/3386546634 >> [v2:172.21.15.67:3300/0,v1:172.21.15.67:6789/0] conn(0x7f1e1c1084e0 0x7f1e1c107d60 unknown :-1 s=CLOSED pgs=52 cs=0 l=1 rev1=1 crypto rx=0 tx=0 comp rx=0 tx=0).stop
2024-03-28T15:51:26.511 INFO:teuthology.orchestra.run.smithi067.stdout:/usr/bin/ceph: stderr
2024-03-28T15:51:25.311+0000 7f1e21600700 1 -- 172.21.15.67:0/3386546634 >> 172.21.15.67:0/3386546634 conn(0x7f1e1c101e70 msgr2=0x7f1e1c1029d0 unknown :-1 s=STATE_NONE l=0).mark_down
2024-03-28T15:51:26.511 INFO:teuthology.orchestra.run.smithi067.stdout:/usr/bin/ceph: stderr
2024-03-28T15:51:25.311+0000 7f1e21600700 1 -- 172.21.15.67:0/3386546634 shutdown_connections
2024-03-28T15:51:26.511 INFO:teuthology.orchestra.run.smithi067.stdout:/usr/bin/ceph: stderr
2024-03-28T15:51:25.311+0000 7f1e21600700 1 -- 172.21.15.67:0/3386546634 wait complete.
2024-03-28T15:51:26.569 INFO:journalctl@ceph.mon.a.smithi067.stdout:Mar 28 15:51:26 smithi067 ceph-mon[31707]: from='client.? 172.21.15.67:0/3386546634' entity='client.admin'
2024-03-28T15:51:26.569 INFO:journalctl@ceph.mon.a.smithi067.stdout:Mar 28 15:51:26 smithi067 ceph-mon[31707]: pgmap v4: 0 pgs: ; 0 B data, 0 B used, 0 B / 0 B avail
2024-03-28T15:51:28.020 INFO:journalctl@ceph.mon.a.smithi067.stdout:Mar 28 15:51:27 smithi067 ceph-mon[31707]: from='mgr.14120 172.21.15.67:0/2156043519' entity='mgr.x'
2024-03-28T15:51:28.020 INFO:journalctl@ceph.mon.a.smithi067.stdout:Mar 28 15:51:27 smithi067 ceph-mon[31707]: from='client.? 172.21.15.67:0/629551669' entity='client.admin'
2024-03-28T15:51:28.031 INFO:teuthology.orchestra.run.smithi067.stdout:/usr/bin/ceph: stderr
2024-03-28T15:51:27.094+0000 7f1b7ce00700 1 Processor -- start
2024-03-28T15:51:28.031 INFO:teuthology.orchestra.run.smithi067.stdout:/usr/bin/ceph: stderr
2024-03-28T15:51:27.095+0000 7f1b7ce00700 1 -- start start
2024-03-28T15:51:28.031 INFO:teuthology.orchestra.run.smithi067.stdout:/usr/bin/ceph: stderr
2024-03-28T15:51:27.095+0000 7f1b7ce00700 1 --2- >> [v2:172.21.15.67:3300/0,v1:172.21.15.67:6789/0] conn(0x7f1b7807cd50 0x7f1b7807b1b0 unknown :-1 s=NONE pgs=0 cs=0 l=0 rev1=0 crypto rx=0 tx=0 comp rx=0 tx=0).connect
2024-03-28T15:51:28.031 INFO:teuthology.orchestra.run.smithi067.stdout:/usr/bin/ceph: stderr
2024-03-28T15:51:27.095+0000 7f1b7ce00700 1 -- --> [v2:172.21.15.67:3300/0,v1:172.21.15.67:6789/0] -- mon_getmap magic: 0 v1 -- 0x7f1b7807b780 con 0x7f1b7807cd50
2024-03-28T15:51:28.031 INFO:teuthology.orchestra.run.smithi067.stdout:/usr/bin/ceph: stderr
2024-03-28T15:51:27.096+0000 7f1b75e00700 1 --2- >> [v2:172.21.15.67:3300/0,v1:172.21.15.67:6789/0] conn(0x7f1b7807cd50 0x7f1b7807b1b0 unknown :-1 s=BANNER_CONNECTING pgs=0 cs=0 l=0 rev1=0 crypto rx=0 tx=0 comp rx=0 tx=0)._handle_peer_banner_payload supported=3 required=0
2024-03-28T15:51:28.035 INFO:teuthology.orchestra.run.smithi067.stdout:/usr/bin/ceph: stderr
2024-03-28T15:51:27.096+0000 7f1b75e00700 1 --2- >> [v2:172.21.15.67:3300/0,v1:172.21.15.67:6789/0] conn(0x7f1b7807cd50 0x7f1b7807b1b0 unknown :-1 s=HELLO_CONNECTING pgs=0 cs=0 l=0 rev1=1 crypto rx=0 tx=0 comp rx=0 tx=0).handle_hello peer v2:172.21.15.67:3300/0 says I am v2:172.21.15.67:49838/0 (socket says 172.21.15.67:49838)
2024-03-28T15:51:28.035 INFO:teuthology.orchestra.run.smithi067.stdout:/usr/bin/ceph: stderr
2024-03-28T15:51:27.096+0000 7f1b75e00700 1 -- 172.21.15.67:0/2419383869 learned_addr learned my addr 172.21.15.67:0/2419383869 (peer_addr_for_me v2:172.21.15.67:0/0)
2024-03-28T15:51:28.035 INFO:teuthology.orchestra.run.smithi067.stdout:/usr/bin/ceph: stderr
2024-03-28T15:51:27.096+0000 7f1b75e00700 1 -- 172.21.15.67:0/2419383869 --> [v2:172.21.15.67:3300/0,v1:172.21.15.67:6789/0] -- mon_subscribe({config=0+,monmap=0+}) v3 -- 0x7f1b7807b900 con 0x7f1b7807cd50
2024-03-28T15:51:28.035 INFO:teuthology.orchestra.run.smithi067.stdout:/usr/bin/ceph: stderr
2024-03-28T15:51:27.096+0000 7f1b75e00700 1 --2- 172.21.15.67:0/2419383869 >> [v2:172.21.15.67:3300/0,v1:172.21.15.67:6789/0] conn(0x7f1b7807cd50 0x7f1b7807b1b0 secure :-1 s=READY pgs=53 cs=0 l=1 rev1=1 crypto rx=0x7f1b680098a0 tx=0x7f1b68009bb0 comp rx=0 tx=0).ready entity=mon.0 client_cookie=4a50189877be7868 server_cookie=0 in_seq=0 out_seq=0
2024-03-28T15:51:28.035 INFO:teuthology.orchestra.run.smithi067.stdout:/usr/bin/ceph: stderr
2024-03-28T15:51:27.097+0000 7f1b74a00700 1 -- 172.21.15.67:0/2419383869 <== mon.0 v2:172.21.15.67:3300/0 1 ==== mon_map magic: 0 v1 ==== 205+0+0 (secure 0 0 0) 0x7f1b68004160 con 0x7f1b7807cd50
2024-03-28T15:51:28.035 INFO:teuthology.orchestra.run.smithi067.stdout:/usr/bin/ceph: stderr
2024-03-28T15:51:27.097+0000 7f1b74a00700 1 -- 172.21.15.67:0/2419383869 <== mon.0 v2:172.21.15.67:3300/0 2 ==== config(26 keys) v1 ==== 1102+0+0 (secure 0 0 0) 0x7f1b68004300 con 0x7f1b7807cd50
2024-03-28T15:51:28.035 INFO:teuthology.orchestra.run.smithi067.stdout:/usr/bin/ceph: stderr
2024-03-28T15:51:27.097+0000 7f1b74a00700 1 -- 172.21.15.67:0/2419383869 <== mon.0 v2:172.21.15.67:3300/0 3 ==== mon_map magic: 0 v1 ==== 205+0+0 (secure 0 0 0) 0x7f1b68011a50 con 0x7f1b7807cd50
2024-03-28T15:51:28.035 INFO:teuthology.orchestra.run.smithi067.stdout:/usr/bin/ceph: stderr
2024-03-28T15:51:27.098+0000 7f1b7ce00700 1 -- 172.21.15.67:0/2419383869 >> [v2:172.21.15.67:3300/0,v1:172.21.15.67:6789/0] conn(0x7f1b7807cd50 msgr2=0x7f1b7807b1b0 secure :-1 s=STATE_CONNECTION_ESTABLISHED l=1).mark_down
2024-03-28T15:51:28.036 INFO:teuthology.orchestra.run.smithi067.stdout:/usr/bin/ceph: stderr
2024-03-28T15:51:27.098+0000 7f1b7ce00700 1 --2- 172.21.15.67:0/2419383869 >> [v2:172.21.15.67:3300/0,v1:172.21.15.67:6789/0] conn(0x7f1b7807cd50 0x7f1b7807b1b0 secure :-1 s=READY pgs=53 cs=0 l=1 rev1=1 crypto rx=0x7f1b680098a0 tx=0x7f1b68009bb0 comp rx=0 tx=0).stop
2024-03-28T15:51:28.036 INFO:teuthology.orchestra.run.smithi067.stdout:/usr/bin/ceph: stderr
2024-03-28T15:51:27.098+0000 7f1b7ce00700 1 -- 172.21.15.67:0/2419383869 shutdown_connections
2024-03-28T15:51:28.036 INFO:teuthology.orchestra.run.smithi067.stdout:/usr/bin/ceph: stderr
2024-03-28T15:51:27.098+0000 7f1b7ce00700 1 --2- 172.21.15.67:0/2419383869 >> [v2:172.21.15.67:3300/0,v1:172.21.15.67:6789/0] conn(0x7f1b7807cd50 0x7f1b7807b1b0 unknown :-1 s=CLOSED pgs=53 cs=0 l=1 rev1=1 crypto rx=0 tx=0 comp rx=0 tx=0).stop
2024-03-28T15:51:28.036 INFO:teuthology.orchestra.run.smithi067.stdout:/usr/bin/ceph: stderr
2024-03-28T15:51:27.098+0000 7f1b7ce00700 1 -- 172.21.15.67:0/2419383869 >> 172.21.15.67:0/2419383869 conn(0x7f1b78103000 msgr2=0x7f1b78105420 unknown :-1 s=STATE_NONE l=0).mark_down
2024-03-28T15:51:28.036 INFO:teuthology.orchestra.run.smithi067.stdout:/usr/bin/ceph: stderr
2024-03-28T15:51:27.098+0000 7f1b7ce00700 1 -- 172.21.15.67:0/2419383869 shutdown_connections
2024-03-28T15:51:28.036 INFO:teuthology.orchestra.run.smithi067.stdout:/usr/bin/ceph: stderr
2024-03-28T15:51:27.098+0000 7f1b7ce00700 1 -- 172.21.15.67:0/2419383869 wait complete.
2024-03-28T15:51:28.036 INFO:teuthology.orchestra.run.smithi067.stdout:/usr/bin/ceph: stderr
2024-03-28T15:51:27.099+0000 7f1b7ce00700 1 Processor -- start
2024-03-28T15:51:28.036 INFO:teuthology.orchestra.run.smithi067.stdout:/usr/bin/ceph: stderr
2024-03-28T15:51:27.099+0000 7f1b7ce00700 1 -- start start
2024-03-28T15:51:28.036 INFO:teuthology.orchestra.run.smithi067.stdout:/usr/bin/ceph: stderr
2024-03-28T15:51:27.100+0000 7f1b7ce00700 1 --2- >> [v2:172.21.15.67:3300/0,v1:172.21.15.67:6789/0] conn(0x7f1b7807cd50 0x7f1b7819daa0 unknown :-1 s=NONE pgs=0 cs=0 l=1 rev1=0 crypto rx=0 tx=0 comp rx=0 tx=0).connect
2024-03-28T15:51:28.036 INFO:teuthology.orchestra.run.smithi067.stdout:/usr/bin/ceph: stderr
2024-03-28T15:51:27.100+0000 7f1b7ce00700 1 -- --> [v2:172.21.15.67:3300/0,v1:172.21.15.67:6789/0] -- mon_getmap magic: 0 v1 -- 0x7f1b7810dfe0 con 0x7f1b7807cd50
2024-03-28T15:51:28.036 INFO:teuthology.orchestra.run.smithi067.stdout:/usr/bin/ceph: stderr
2024-03-28T15:51:27.100+0000 7f1b75e00700 1 --2- >> [v2:172.21.15.67:3300/0,v1:172.21.15.67:6789/0] conn(0x7f1b7807cd50 0x7f1b7819daa0 unknown :-1 s=BANNER_CONNECTING pgs=0 cs=0 l=1 rev1=0 crypto rx=0 tx=0 comp rx=0 tx=0)._handle_peer_banner_payload supported=3 required=0
2024-03-28T15:51:28.036 INFO:teuthology.orchestra.run.smithi067.stdout:/usr/bin/ceph: stderr
2024-03-28T15:51:27.100+0000 7f1b75e00700 1 --2- >> [v2:172.21.15.67:3300/0,v1:172.21.15.67:6789/0] conn(0x7f1b7807cd50 0x7f1b7819daa0 unknown :-1 s=HELLO_CONNECTING pgs=0 cs=0 l=1 rev1=1 crypto rx=0 tx=0 comp rx=0 tx=0).handle_hello peer v2:172.21.15.67:3300/0 says I am v2:172.21.15.67:49842/0 (socket says 172.21.15.67:49842)
2024-03-28T15:51:28.036 INFO:teuthology.orchestra.run.smithi067.stdout:/usr/bin/ceph: stderr
2024-03-28T15:51:27.100+0000 7f1b75e00700 1 -- 172.21.15.67:0/629551669 learned_addr learned my addr 172.21.15.67:0/629551669 (peer_addr_for_me v2:172.21.15.67:0/0)
2024-03-28T15:51:28.036 INFO:teuthology.orchestra.run.smithi067.stdout:/usr/bin/ceph: stderr
2024-03-28T15:51:27.101+0000 7f1b75e00700 1 -- 172.21.15.67:0/629551669 --> [v2:172.21.15.67:3300/0,v1:172.21.15.67:6789/0] -- mon_subscribe({config=0+,monmap=0+}) v3 -- 0x7f1b7819dfe0 con 0x7f1b7807cd50
2024-03-28T15:51:28.036 INFO:teuthology.orchestra.run.smithi067.stdout:/usr/bin/ceph: stderr
2024-03-28T15:51:27.101+0000 7f1b75e00700 1 --2- 172.21.15.67:0/629551669 >> [v2:172.21.15.67:3300/0,v1:172.21.15.67:6789/0] conn(0x7f1b7807cd50 0x7f1b7819daa0 secure :-1 s=READY pgs=54 cs=0 l=1 rev1=1 crypto rx=0x7f1b68006b20 tx=0x7f1b68011ad0 comp rx=0 tx=0).ready entity=mon.0 client_cookie=0 server_cookie=0 in_seq=0 out_seq=0
2024-03-28T15:51:28.037 INFO:teuthology.orchestra.run.smithi067.stdout:/usr/bin/ceph: stderr
2024-03-28T15:51:27.101+0000 7f1b6ea00700 1 -- 172.21.15.67:0/629551669 <== mon.0 v2:172.21.15.67:3300/0 1 ==== mon_map magic: 0 v1 ==== 205+0+0 (secure 0 0 0) 0x7f1b680039e0 con 0x7f1b7807cd50
2024-03-28T15:51:28.037 INFO:teuthology.orchestra.run.smithi067.stdout:/usr/bin/ceph: stderr
2024-03-28T15:51:27.101+0000 7f1b6ea00700 1 -- 172.21.15.67:0/629551669 <== mon.0 v2:172.21.15.67:3300/0 2 ==== config(26 keys) v1 ==== 1102+0+0 (secure 0 0 0) 0x7f1b6801a8e0 con 0x7f1b7807cd50
2024-03-28T15:51:28.037 INFO:teuthology.orchestra.run.smithi067.stdout:/usr/bin/ceph: stderr
2024-03-28T15:51:27.101+0000 7f1b7ce00700 1 -- 172.21.15.67:0/629551669 --> [v2:172.21.15.67:3300/0,v1:172.21.15.67:6789/0] -- mon_subscribe({mgrmap=0+}) v3 -- 0x7f1b7819e270 con 0x7f1b7807cd50
2024-03-28T15:51:28.037 INFO:teuthology.orchestra.run.smithi067.stdout:/usr/bin/ceph: stderr
2024-03-28T15:51:27.101+0000 7f1b6ea00700 1 -- 172.21.15.67:0/629551669 <== mon.0 v2:172.21.15.67:3300/0 3 ==== mon_map magic: 0 v1 ==== 205+0+0 (secure 0 0 0) 0x7f1b680247e0 con 0x7f1b7807cd50
2024-03-28T15:51:28.037 INFO:teuthology.orchestra.run.smithi067.stdout:/usr/bin/ceph: stderr
2024-03-28T15:51:27.102+0000 7f1b7ce00700 1 -- 172.21.15.67:0/629551669 --> [v2:172.21.15.67:3300/0,v1:172.21.15.67:6789/0] -- mon_subscribe({osdmap=0}) v3 -- 0x7f1b781a0f60 con 0x7f1b7807cd50
2024-03-28T15:51:28.037 INFO:teuthology.orchestra.run.smithi067.stdout:/usr/bin/ceph: stderr
2024-03-28T15:51:27.103+0000 7f1b7ce00700 1 -- 172.21.15.67:0/629551669 --> [v2:172.21.15.67:3300/0,v1:172.21.15.67:6789/0] -- mon_command({"prefix": "get_command_descriptions"} v 0) v1 -- 0x7f1b780637c0 con 0x7f1b7807cd50
2024-03-28T15:51:28.037 INFO:teuthology.orchestra.run.smithi067.stdout:/usr/bin/ceph: stderr
2024-03-28T15:51:27.103+0000 7f1b6ea00700 1 -- 172.21.15.67:0/629551669 <== mon.0 v2:172.21.15.67:3300/0 4 ==== mgrmap(e 8) v1 ==== 46106+0+0 (secure 0 0 0) 0x7f1b68022020 con 0x7f1b7807cd50
2024-03-28T15:51:28.037 INFO:teuthology.orchestra.run.smithi067.stdout:/usr/bin/ceph: stderr
2024-03-28T15:51:27.103+0000 7f1b6ea00700 1 --2- 172.21.15.67:0/629551669 >> [v2:172.21.15.67:6800/1631001968,v1:172.21.15.67:6801/1631001968] conn(0x7f1b5c038fc0 0x7f1b5c03b480 unknown :-1 s=NONE pgs=0 cs=0 l=1 rev1=0 crypto rx=0 tx=0 comp rx=0 tx=0).connect
2024-03-28T15:51:28.037 INFO:teuthology.orchestra.run.smithi067.stdout:/usr/bin/ceph: stderr
2024-03-28T15:51:27.103+0000 7f1b6ea00700 1 -- 172.21.15.67:0/629551669 <== mon.0 v2:172.21.15.67:3300/0 5 ==== osd_map(2..2 src has 1..2) v4 ==== 940+0+0 (secure 0 0 0) 0x7f1b6804d160 con 0x7f1b7807cd50
2024-03-28T15:51:28.037 INFO:teuthology.orchestra.run.smithi067.stdout:/usr/bin/ceph: stderr
2024-03-28T15:51:27.104+0000 7f1b75400700 1 --2- 172.21.15.67:0/629551669 >> [v2:172.21.15.67:6800/1631001968,v1:172.21.15.67:6801/1631001968] conn(0x7f1b5c038fc0 0x7f1b5c03b480 unknown :-1 s=BANNER_CONNECTING pgs=0 cs=0 l=1 rev1=0 crypto rx=0 tx=0 comp rx=0 tx=0)._handle_peer_banner_payload supported=3 required=0
2024-03-28T15:51:28.037 INFO:teuthology.orchestra.run.smithi067.stdout:/usr/bin/ceph: stderr
2024-03-28T15:51:27.104+0000 7f1b75400700 1 --2- 172.21.15.67:0/629551669 >> [v2:172.21.15.67:6800/1631001968,v1:172.21.15.67:6801/1631001968] conn(0x7f1b5c038fc0 0x7f1b5c03b480 secure :-1 s=READY pgs=15 cs=0 l=1 rev1=1 crypto rx=0x7f1b64006fd0 tx=0x7f1b64006e40 comp rx=0 tx=0).ready entity=mgr.14120 client_cookie=0 server_cookie=0 in_seq=0 out_seq=0
2024-03-28T15:51:28.037 INFO:teuthology.orchestra.run.smithi067.stdout:/usr/bin/ceph: stderr
2024-03-28T15:51:27.109+0000 7f1b6ea00700 1 -- 172.21.15.67:0/629551669 <== mon.0 v2:172.21.15.67:3300/0 6 ==== mon_command_ack([{"prefix": "get_command_descriptions"}]=0 v0) v1 ==== 72+0+186149 (secure 0 0 0) 0x7f1b68016260 con 0x7f1b7807cd50
2024-03-28T15:51:28.037 INFO:teuthology.orchestra.run.smithi067.stdout:/usr/bin/ceph: stderr
2024-03-28T15:51:27.350+0000 7f1b7ce00700 1 -- 172.21.15.67:0/629551669 --> [v2:172.21.15.67:3300/0,v1:172.21.15.67:6789/0] -- mon_command([{prefix=config set, name=mgr/dashboard/ssl_server_port}] v 0) v1 -- 0x7f1b781a1580 con 0x7f1b7807cd50
2024-03-28T15:51:28.038 INFO:teuthology.orchestra.run.smithi067.stdout:/usr/bin/ceph: stderr
2024-03-28T15:51:27.354+0000 7f1b6ea00700 1 -- 172.21.15.67:0/629551669 <== mon.0 v2:172.21.15.67:3300/0 7 ==== mon_command_ack([{prefix=config set, name=mgr/dashboard/ssl_server_port}]=0 v8)=0 v8) v1 ==== 130+0+0 (secure 0 0 0) 0x7f1b6802ad60 con 0x7f1b7807cd50
2024-03-28T15:51:28.038 INFO:teuthology.orchestra.run.smithi067.stdout:/usr/bin/ceph: stderr
2024-03-28T15:51:27.357+0000 7f1b7ce00700 1 -- 172.21.15.67:0/629551669 >> [v2:172.21.15.67:6800/1631001968,v1:172.21.15.67:6801/1631001968] conn(0x7f1b5c038fc0 msgr2=0x7f1b5c03b480 secure :-1 s=STATE_CONNECTION_ESTABLISHED l=1).mark_down
2024-03-28T15:51:28.038 INFO:teuthology.orchestra.run.smithi067.stdout:/usr/bin/ceph: stderr
2024-03-28T15:51:27.357+0000 7f1b7ce00700 1 --2- 172.21.15.67:0/629551669 >> [v2:172.21.15.67:6800/1631001968,v1:172.21.15.67:6801/1631001968] conn(0x7f1b5c038fc0 0x7f1b5c03b480 secure :-1 s=READY pgs=15 cs=0 l=1 rev1=1 crypto rx=0x7f1b64006fd0 tx=0x7f1b64006e40 comp rx=0 tx=0).stop
2024-03-28T15:51:28.038 INFO:teuthology.orchestra.run.smithi067.stdout:/usr/bin/ceph: stderr
2024-03-28T15:51:27.357+0000 7f1b7ce00700 1 -- 172.21.15.67:0/629551669 >> [v2:172.21.15.67:3300/0,v1:172.21.15.67:6789/0] conn(0x7f1b7807cd50 msgr2=0x7f1b7819daa0 secure :-1 s=STATE_CONNECTION_ESTABLISHED l=1).mark_down
2024-03-28T15:51:28.038 INFO:teuthology.orchestra.run.smithi067.stdout:/usr/bin/ceph: stderr
2024-03-28T15:51:27.357+0000 7f1b7ce00700 1 --2- 172.21.15.67:0/629551669 >> [v2:172.21.15.67:3300/0,v1:172.21.15.67:6789/0] conn(0x7f1b7807cd50 0x7f1b7819daa0 secure :-1 s=READY pgs=54 cs=0 l=1 rev1=1 crypto rx=0x7f1b68006b20 tx=0x7f1b68011ad0 comp rx=0 tx=0).stop
2024-03-28T15:51:28.038 INFO:teuthology.orchestra.run.smithi067.stdout:/usr/bin/ceph: stderr
2024-03-28T15:51:27.357+0000 7f1b7ce00700 1 -- 172.21.15.67:0/629551669 shutdown_connections
2024-03-28T15:51:28.038 INFO:teuthology.orchestra.run.smithi067.stdout:/usr/bin/ceph: stderr
2024-03-28T15:51:27.357+0000 7f1b7ce00700 1 --2- 172.21.15.67:0/629551669 >> [v2:172.21.15.67:6800/1631001968,v1:172.21.15.67:6801/1631001968] conn(0x7f1b5c038fc0 0x7f1b5c03b480 unknown :-1 s=CLOSED pgs=15 cs=0 l=1 rev1=1 crypto rx=0 tx=0 comp rx=0 tx=0).stop
2024-03-28T15:51:28.039 INFO:teuthology.orchestra.run.smithi067.stdout:/usr/bin/ceph: stderr
2024-03-28T15:51:27.357+0000 7f1b7ce00700 1 --2- 172.21.15.67:0/629551669 >> [v2:172.21.15.67:3300/0,v1:172.21.15.67:6789/0] conn(0x7f1b7807cd50 0x7f1b7819daa0 unknown :-1 s=CLOSED pgs=54 cs=0 l=1 rev1=1 crypto rx=0 tx=0 comp rx=0 tx=0).stop
2024-03-28T15:51:28.039 INFO:teuthology.orchestra.run.smithi067.stdout:/usr/bin/ceph: stderr
2024-03-28T15:51:27.357+0000 7f1b7ce00700 1 -- 172.21.15.67:0/629551669 >> 172.21.15.67:0/629551669 conn(0x7f1b78103000 msgr2=0x7f1b78103ab0 unknown :-1 s=STATE_NONE l=0).mark_down
2024-03-28T15:51:28.039 INFO:teuthology.orchestra.run.smithi067.stdout:/usr/bin/ceph: stderr
2024-03-28T15:51:27.358+0000 7f1b7ce00700 1 -- 172.21.15.67:0/629551669 shutdown_connections
2024-03-28T15:51:28.039 INFO:teuthology.orchestra.run.smithi067.stdout:/usr/bin/ceph: stderr
2024-03-28T15:51:27.358+0000 7f1b7ce00700 1 -- 172.21.15.67:0/629551669 wait complete.
2024-03-28T15:51:28.039 INFO:teuthology.orchestra.run.smithi067.stdout:Enabling the dashboard module...
2024-03-28T15:51:28.943 INFO:journalctl@ceph.mon.a.smithi067.stdout:Mar 28 15:51:28 smithi067 ceph-mon[31707]: pgmap v5: 0 pgs: ; 0 B data, 0 B used, 0 B / 0 B avail
2024-03-28T15:51:29.954 INFO:journalctl@ceph.mon.a.smithi067.stdout:Mar 28 15:51:29 smithi067 ceph-mon[31707]: from='mgr.14120 172.21.15.67:0/2156043519' entity='mgr.x'
2024-03-28T15:51:29.954 INFO:journalctl@ceph.mon.a.smithi067.stdout:Mar 28 15:51:29 smithi067 ceph-mon[31707]: from='client.? 172.21.15.67:0/1912417399' entity='client.admin' cmd=[{"prefix": "mgr module enable", "module": "dashboard"}]: dispatch
2024-03-28T15:51:29.955 INFO:journalctl@ceph.mgr.x.smithi067.stdout:Mar 28 15:51:29 smithi067 ceph-b5f8225a-ed1a-11ee-95d0-87774f69a715-mgr-x[31948]: ignoring --setuser ceph since I am not root
2024-03-28T15:51:29.955 INFO:journalctl@ceph.mgr.x.smithi067.stdout:Mar 28 15:51:29 smithi067 ceph-b5f8225a-ed1a-11ee-95d0-87774f69a715-mgr-x[31948]: ignoring --setgroup ceph since I am not root
2024-03-28T15:51:30.661 INFO:journalctl@ceph.mgr.x.smithi067.stdout:Mar 28 15:51:30 smithi067 ceph-b5f8225a-ed1a-11ee-95d0-87774f69a715-mgr-x[31948]:
2024-03-28T15:51:30.535+0000 7f4ffb273200 -1 mgr[py] Module osd_perf_query has missing NOTIFY_TYPES member
2024-03-28T15:51:30.661 INFO:journalctl@ceph.mgr.x.smithi067.stdout:Mar 28 15:51:30 smithi067 ceph-b5f8225a-ed1a-11ee-95d0-87774f69a715-mgr-x[31948]:
2024-03-28T15:51:30.660+0000 7f4ffb273200 -1 mgr[py] Module snap_schedule has missing NOTIFY_TYPES member
2024-03-28T15:51:31.069 INFO:journalctl@ceph.mon.a.smithi067.stdout:Mar 28 15:51:30 smithi067 ceph-mon[31707]: from='client.? 172.21.15.67:0/1912417399' entity='client.admin' cmd='[{"prefix": "mgr module enable", "module": "dashboard"}]': finished
2024-03-28T15:51:31.070 INFO:journalctl@ceph.mon.a.smithi067.stdout:Mar 28 15:51:30 smithi067 ceph-mon[31707]: mgrmap e9: x(active, since 25s)
2024-03-28T15:51:31.117 INFO:teuthology.orchestra.run.smithi067.stdout:/usr/bin/ceph: stderr
2024-03-28T15:51:28.617+0000 7f7fff000700 1 Processor -- start
2024-03-28T15:51:31.117 INFO:teuthology.orchestra.run.smithi067.stdout:/usr/bin/ceph: stderr
2024-03-28T15:51:28.617+0000 7f7fff000700 1 -- start start
2024-03-28T15:51:31.117 INFO:teuthology.orchestra.run.smithi067.stdout:/usr/bin/ceph: stderr
2024-03-28T15:51:28.618+0000 7f7fff000700 1 --2- >> [v2:172.21.15.67:3300/0,v1:172.21.15.67:6789/0] conn(0x7f7ff8108430 0x7f7ff810a820 unknown :-1 s=NONE pgs=0 cs=0 l=0 rev1=0 crypto rx=0 tx=0 comp rx=0 tx=0).connect
2024-03-28T15:51:31.117 INFO:teuthology.orchestra.run.smithi067.stdout:/usr/bin/ceph: stderr
2024-03-28T15:51:28.618+0000 7f7fff000700 1 -- --> [v2:172.21.15.67:3300/0,v1:172.21.15.67:6789/0] -- mon_getmap magic: 0 v1 -- 0x7f7ff8063470 con 0x7f7ff8108430
2024-03-28T15:51:31.117 INFO:teuthology.orchestra.run.smithi067.stdout:/usr/bin/ceph: stderr
2024-03-28T15:51:28.618+0000 7f7ff7e00700 1 --2- >> [v2:172.21.15.67:3300/0,v1:172.21.15.67:6789/0] conn(0x7f7ff8108430 0x7f7ff810a820 unknown :-1 s=BANNER_CONNECTING pgs=0 cs=0 l=0 rev1=0 crypto rx=0 tx=0 comp rx=0 tx=0)._handle_peer_banner_payload supported=3 required=0
2024-03-28T15:51:31.118 INFO:teuthology.orchestra.run.smithi067.stdout:/usr/bin/ceph: stderr
2024-03-28T15:51:28.618+0000 7f7ff7e00700 1 --2- >> [v2:172.21.15.67:3300/0,v1:172.21.15.67:6789/0] conn(0x7f7ff8108430 0x7f7ff810a820 unknown :-1 s=HELLO_CONNECTING pgs=0 cs=0 l=0 rev1=1 crypto rx=0 tx=0 comp rx=0 tx=0).handle_hello peer v2:172.21.15.67:3300/0 says I am v2:172.21.15.67:49844/0 (socket says 172.21.15.67:49844)
2024-03-28T15:51:31.118 INFO:teuthology.orchestra.run.smithi067.stdout:/usr/bin/ceph: stderr
2024-03-28T15:51:28.619+0000 7f7ff7e00700 1 -- 172.21.15.67:0/1956913817 learned_addr learned my addr 172.21.15.67:0/1956913817 (peer_addr_for_me v2:172.21.15.67:0/0)
2024-03-28T15:51:31.118 INFO:teuthology.orchestra.run.smithi067.stdout:/usr/bin/ceph: stderr
2024-03-28T15:51:28.619+0000 7f7ff7e00700 1 -- 172.21.15.67:0/1956913817 --> [v2:172.21.15.67:3300/0,v1:172.21.15.67:6789/0] -- mon_subscribe({config=0+,monmap=0+}) v3 -- 0x7f7ff810ad60 con 0x7f7ff8108430
2024-03-28T15:51:31.118 INFO:teuthology.orchestra.run.smithi067.stdout:/usr/bin/ceph: stderr
2024-03-28T15:51:28.619+0000 7f7ff7e00700 1 --2- 172.21.15.67:0/1956913817 >> [v2:172.21.15.67:3300/0,v1:172.21.15.67:6789/0] conn(0x7f7ff8108430 0x7f7ff810a820 secure :-1 s=READY pgs=55 cs=0 l=1 rev1=1 crypto rx=0x7f7fe80098a0 tx=0x7f7fe8009bb0 comp rx=0 tx=0).ready entity=mon.0 client_cookie=b2d37f7c6b62541c server_cookie=0 in_seq=0 out_seq=0
2024-03-28T15:51:31.118 INFO:teuthology.orchestra.run.smithi067.stdout:/usr/bin/ceph: stderr
2024-03-28T15:51:28.621+0000 7f7ff6a00700 1 -- 172.21.15.67:0/1956913817 <== mon.0 v2:172.21.15.67:3300/0 1 ==== mon_map magic: 0 v1 ==== 205+0+0 (secure 0 0 0) 0x7f7fe8004160 con 0x7f7ff8108430
2024-03-28T15:51:31.118 INFO:teuthology.orchestra.run.smithi067.stdout:/usr/bin/ceph: stderr
2024-03-28T15:51:28.621+0000 7f7ff6a00700 1 -- 172.21.15.67:0/1956913817 <== mon.0 v2:172.21.15.67:3300/0 2 ==== config(26 keys) v1 ==== 1102+0+0 (secure 0 0 0) 0x7f7fe8004300 con 0x7f7ff8108430
2024-03-28T15:51:31.118 INFO:teuthology.orchestra.run.smithi067.stdout:/usr/bin/ceph: stderr
2024-03-28T15:51:28.621+0000 7f7ff6a00700 1 -- 172.21.15.67:0/1956913817 <== mon.0 v2:172.21.15.67:3300/0 3 ==== mon_map magic: 0 v1 ==== 205+0+0 (secure 0 0 0) 0x7f7fe8011a50 con 0x7f7ff8108430
2024-03-28T15:51:31.118 INFO:teuthology.orchestra.run.smithi067.stdout:/usr/bin/ceph: stderr
2024-03-28T15:51:28.622+0000 7f7fff000700 1 -- 172.21.15.67:0/1956913817 >> [v2:172.21.15.67:3300/0,v1:172.21.15.67:6789/0] conn(0x7f7ff8108430 msgr2=0x7f7ff810a820 secure :-1 s=STATE_CONNECTION_ESTABLISHED l=1).mark_down
2024-03-28T15:51:31.118 INFO:teuthology.orchestra.run.smithi067.stdout:/usr/bin/ceph: stderr
2024-03-28T15:51:28.622+0000 7f7fff000700 1 --2- 172.21.15.67:0/1956913817 >> [v2:172.21.15.67:3300/0,v1:172.21.15.67:6789/0] conn(0x7f7ff8108430 0x7f7ff810a820 secure :-1 s=READY pgs=55 cs=0 l=1 rev1=1 crypto rx=0x7f7fe80098a0 tx=0x7f7fe8009bb0 comp rx=0 tx=0).stop
2024-03-28T15:51:31.118 INFO:teuthology.orchestra.run.smithi067.stdout:/usr/bin/ceph: stderr
2024-03-28T15:51:28.622+0000 7f7fff000700 1 -- 172.21.15.67:0/1956913817 shutdown_connections
2024-03-28T15:51:31.118 INFO:teuthology.orchestra.run.smithi067.stdout:/usr/bin/ceph: stderr
2024-03-28T15:51:28.622+0000 7f7fff000700 1 --2- 172.21.15.67:0/1956913817 >> [v2:172.21.15.67:3300/0,v1:172.21.15.67:6789/0] conn(0x7f7ff8108430 0x7f7ff810a820 unknown :-1 s=CLOSED pgs=55 cs=0 l=1 rev1=1 crypto rx=0 tx=0 comp rx=0 tx=0).stop
2024-03-28T15:51:31.118 INFO:teuthology.orchestra.run.smithi067.stdout:/usr/bin/ceph: stderr
2024-03-28T15:51:28.622+0000 7f7fff000700 1 -- 172.21.15.67:0/1956913817 >> 172.21.15.67:0/1956913817 conn(0x7f7ff8101e40 msgr2=0x7f7ff8104260 unknown :-1 s=STATE_NONE l=0).mark_down
2024-03-28T15:51:31.119 INFO:teuthology.orchestra.run.smithi067.stdout:/usr/bin/ceph: stderr
2024-03-28T15:51:28.622+0000 7f7fff000700 1 -- 172.21.15.67:0/1956913817 shutdown_connections
2024-03-28T15:51:31.119 INFO:teuthology.orchestra.run.smithi067.stdout:/usr/bin/ceph: stderr
2024-03-28T15:51:28.622+0000 7f7fff000700 1 -- 172.21.15.67:0/1956913817 wait complete.
2024-03-28T15:51:31.119 INFO:teuthology.orchestra.run.smithi067.stdout:/usr/bin/ceph: stderr
2024-03-28T15:51:28.623+0000 7f7fff000700 1 Processor -- start
2024-03-28T15:51:31.119 INFO:teuthology.orchestra.run.smithi067.stdout:/usr/bin/ceph: stderr
2024-03-28T15:51:28.623+0000 7f7fff000700 1 -- start start
2024-03-28T15:51:31.119 INFO:teuthology.orchestra.run.smithi067.stdout:/usr/bin/ceph: stderr
2024-03-28T15:51:28.624+0000 7f7fff000700 1 --2- >> [v2:172.21.15.67:3300/0,v1:172.21.15.67:6789/0] conn(0x7f7ff8108430 0x7f7ff8107cb0 unknown :-1 s=NONE pgs=0 cs=0 l=1 rev1=0 crypto rx=0 tx=0 comp rx=0 tx=0).connect
2024-03-28T15:51:31.119 INFO:teuthology.orchestra.run.smithi067.stdout:/usr/bin/ceph: stderr
2024-03-28T15:51:28.624+0000 7f7fff000700 1 -- --> [v2:172.21.15.67:3300/0,v1:172.21.15.67:6789/0] -- mon_getmap magic: 0 v1 -- 0x7f7ff810bd60 con 0x7f7ff8108430
2024-03-28T15:51:31.119 INFO:teuthology.orchestra.run.smithi067.stdout:/usr/bin/ceph: stderr
2024-03-28T15:51:28.624+0000 7f7ff7e00700 1 --2- >> [v2:172.21.15.67:3300/0,v1:172.21.15.67:6789/0] conn(0x7f7ff8108430 0x7f7ff8107cb0 unknown :-1 s=BANNER_CONNECTING pgs=0 cs=0 l=1 rev1=0 crypto rx=0 tx=0 comp rx=0 tx=0)._handle_peer_banner_payload supported=3 required=0
2024-03-28T15:51:31.119 INFO:teuthology.orchestra.run.smithi067.stdout:/usr/bin/ceph: stderr
2024-03-28T15:51:28.624+0000 7f7ff7e00700 1 --2- >> [v2:172.21.15.67:3300/0,v1:172.21.15.67:6789/0] conn(0x7f7ff8108430 0x7f7ff8107cb0 unknown :-1 s=HELLO_CONNECTING pgs=0 cs=0 l=1 rev1=1 crypto rx=0 tx=0 comp rx=0 tx=0).handle_hello peer v2:172.21.15.67:3300/0 says I am v2:172.21.15.67:49858/0 (socket says 172.21.15.67:49858)
2024-03-28T15:51:31.119 INFO:teuthology.orchestra.run.smithi067.stdout:/usr/bin/ceph: stderr
2024-03-28T15:51:28.624+0000 7f7ff7e00700 1 -- 172.21.15.67:0/1912417399 learned_addr learned my addr 172.21.15.67:0/1912417399 (peer_addr_for_me v2:172.21.15.67:0/0)
2024-03-28T15:51:31.119 INFO:teuthology.orchestra.run.smithi067.stdout:/usr/bin/ceph: stderr
2024-03-28T15:51:28.624+0000 7f7ff7e00700 1 -- 172.21.15.67:0/1912417399 --> [v2:172.21.15.67:3300/0,v1:172.21.15.67:6789/0] -- mon_subscribe({config=0+,monmap=0+}) v3 -- 0x7f7ff81081f0 con 0x7f7ff8108430
2024-03-28T15:51:31.119 INFO:teuthology.orchestra.run.smithi067.stdout:/usr/bin/ceph: stderr
2024-03-28T15:51:28.625+0000 7f7ff7e00700 1 --2- 172.21.15.67:0/1912417399 >> [v2:172.21.15.67:3300/0,v1:172.21.15.67:6789/0] conn(0x7f7ff8108430 0x7f7ff8107cb0 secure :-1 s=READY pgs=56 cs=0 l=1 rev1=1 crypto rx=0x7f7fe8011a00 tx=0x7f7fe8011ae0 comp rx=0 tx=0).ready entity=mon.0 client_cookie=0 server_cookie=0 in_seq=0 out_seq=0
2024-03-28T15:51:31.119 INFO:teuthology.orchestra.run.smithi067.stdout:/usr/bin/ceph: stderr
2024-03-28T15:51:28.625+0000 7f7ff4c00700 1 -- 172.21.15.67:0/1912417399 <== mon.0 v2:172.21.15.67:3300/0 1 ==== mon_map magic: 0 v1 ==== 205+0+0 (secure 0 0 0) 0x7f7fe8003af0 con 0x7f7ff8108430
2024-03-28T15:51:31.119 INFO:teuthology.orchestra.run.smithi067.stdout:/usr/bin/ceph: stderr
2024-03-28T15:51:28.625+0000 7f7ff4c00700 1 -- 172.21.15.67:0/1912417399 <== mon.0 v2:172.21.15.67:3300/0 2 ==== config(26 keys) v1 ==== 1102+0+0 (secure 0 0 0) 0x7f7fe801a8e0 con 0x7f7ff8108430
2024-03-28T15:51:31.119 INFO:teuthology.orchestra.run.smithi067.stdout:/usr/bin/ceph: stderr
2024-03-28T15:51:28.625+0000 7f7ff4c00700 1 -- 172.21.15.67:0/1912417399 <== mon.0 v2:172.21.15.67:3300/0 3 ==== mon_map magic: 0 v1 ==== 205+0+0 (secure 0 0 0) 0x7f7fe8024840 con 0x7f7ff8108430
2024-03-28T15:51:31.120 INFO:teuthology.orchestra.run.smithi067.stdout:/usr/bin/ceph: stderr
2024-03-28T15:51:28.625+0000 7f7fff000700 1 -- 172.21.15.67:0/1912417399 --> [v2:172.21.15.67:3300/0,v1:172.21.15.67:6789/0] -- mon_subscribe({mgrmap=0+}) v3 -- 0x7f7ff81063e0 con 0x7f7ff8108430
2024-03-28T15:51:31.120 INFO:teuthology.orchestra.run.smithi067.stdout:/usr/bin/ceph: stderr
2024-03-28T15:51:28.625+0000 7f7fff000700 1 -- 172.21.15.67:0/1912417399 --> [v2:172.21.15.67:3300/0,v1:172.21.15.67:6789/0] -- mon_subscribe({osdmap=0}) v3 -- 0x7f7ff8106920 con 0x7f7ff8108430
2024-03-28T15:51:31.120 INFO:teuthology.orchestra.run.smithi067.stdout:/usr/bin/ceph: stderr
2024-03-28T15:51:28.626+0000 7f7ff4c00700 1 -- 172.21.15.67:0/1912417399 <== mon.0 v2:172.21.15.67:3300/0 4 ==== mgrmap(e 8) v1 ==== 46106+0+0 (secure 0 0 0) 0x7f7fe8022020 con 0x7f7ff8108430
2024-03-28T15:51:31.120 INFO:teuthology.orchestra.run.smithi067.stdout:/usr/bin/ceph: stderr
2024-03-28T15:51:28.626+0000 7f7fff000700 1 -- 172.21.15.67:0/1912417399 --> [v2:172.21.15.67:3300/0,v1:172.21.15.67:6789/0] -- mon_command({"prefix": "get_command_descriptions"} v 0) v1 -- 0x7f7ff80637c0 con 0x7f7ff8108430
2024-03-28T15:51:31.120 INFO:teuthology.orchestra.run.smithi067.stdout:/usr/bin/ceph: stderr
2024-03-28T15:51:28.626+0000 7f7ff4c00700 1 --2- 172.21.15.67:0/1912417399 >> [v2:172.21.15.67:6800/1631001968,v1:172.21.15.67:6801/1631001968] conn(0x7f7fdc038f70 0x7f7fdc03b430 unknown :-1 s=NONE pgs=0 cs=0 l=1 rev1=0 crypto rx=0 tx=0 comp rx=0 tx=0).connect
2024-03-28T15:51:31.120 INFO:teuthology.orchestra.run.smithi067.stdout:/usr/bin/ceph: stderr
2024-03-28T15:51:28.626+0000 7f7ff4c00700 1 -- 172.21.15.67:0/1912417399 <== mon.0 v2:172.21.15.67:3300/0 5 ==== osd_map(2..2 src has 1..2) v4 ==== 940+0+0 (secure 0 0 0) 0x7f7fe804d1b0 con 0x7f7ff8108430
2024-03-28T15:51:31.120 INFO:teuthology.orchestra.run.smithi067.stdout:/usr/bin/ceph: stderr
2024-03-28T15:51:28.627+0000 7f7ff7400700 1 --2- 172.21.15.67:0/1912417399 >> [v2:172.21.15.67:6800/1631001968,v1:172.21.15.67:6801/1631001968] conn(0x7f7fdc038f70 0x7f7fdc03b430 unknown :-1 s=BANNER_CONNECTING pgs=0 cs=0 l=1 rev1=0 crypto rx=0 tx=0 comp rx=0 tx=0)._handle_peer_banner_payload supported=3 required=0
2024-03-28T15:51:31.120 INFO:teuthology.orchestra.run.smithi067.stdout:/usr/bin/ceph: stderr
2024-03-28T15:51:28.627+0000 7f7ff7400700 1 --2- 172.21.15.67:0/1912417399 >> [v2:172.21.15.67:6800/1631001968,v1:172.21.15.67:6801/1631001968] conn(0x7f7fdc038f70 0x7f7fdc03b430 secure :-1 s=READY pgs=16 cs=0 l=1 rev1=1 crypto rx=0x7f7fe4006fd0 tx=0x7f7fe4006e40 comp rx=0 tx=0).ready entity=mgr.14120 client_cookie=0 server_cookie=0 in_seq=0 out_seq=0
2024-03-28T15:51:31.120 INFO:teuthology.orchestra.run.smithi067.stdout:/usr/bin/ceph: stderr
2024-03-28T15:51:28.632+0000 7f7ff4c00700 1 -- 172.21.15.67:0/1912417399 <== mon.0 v2:172.21.15.67:3300/0 6 ==== mon_command_ack([{"prefix": "get_command_descriptions"}]=0 v0) v1 ==== 72+0+186149 (secure 0 0 0) 0x7f7fe802ddb0 con 0x7f7ff8108430
2024-03-28T15:51:31.120 INFO:teuthology.orchestra.run.smithi067.stdout:/usr/bin/ceph: stderr
2024-03-28T15:51:28.941+0000 7f7fff000700 1 -- 172.21.15.67:0/1912417399 --> [v2:172.21.15.67:3300/0,v1:172.21.15.67:6789/0] -- mon_command({"prefix": "mgr module enable", "module": "dashboard"} v 0) v1 -- 0x7f7ff8106ba0 con 0x7f7ff8108430
2024-03-28T15:51:31.120 INFO:teuthology.orchestra.run.smithi067.stdout:/usr/bin/ceph: stderr
2024-03-28T15:51:29.667+0000 7f7ff4c00700 1 -- 172.21.15.67:0/1912417399 <== mon.0 v2:172.21.15.67:3300/0 7 ==== mon_command_ack([{"prefix": "mgr module enable", "module": "dashboard"}]=0 v9) v1 ==== 88+0+0 (secure 0 0 0) 0x7f7fe801a430 con 0x7f7ff8108430
2024-03-28T15:51:31.120 INFO:teuthology.orchestra.run.smithi067.stdout:/usr/bin/ceph: stderr
2024-03-28T15:51:29.672+0000 7f7ff4c00700 1 -- 172.21.15.67:0/1912417399 <== mon.0 v2:172.21.15.67:3300/0 8 ==== mgrmap(e 9) v1 ==== 46119+0+0 (secure 0 0 0) 0x7f7fe80212c0 con 0x7f7ff8108430
2024-03-28T15:51:31.120 INFO:teuthology.orchestra.run.smithi067.stdout:/usr/bin/ceph: stderr
2024-03-28T15:51:29.673+0000 7f7fff000700 1 -- 172.21.15.67:0/1912417399 >> [v2:172.21.15.67:6800/1631001968,v1:172.21.15.67:6801/1631001968] conn(0x7f7fdc038f70 msgr2=0x7f7fdc03b430 secure :-1 s=STATE_CONNECTION_ESTABLISHED l=1).mark_down
2024-03-28T15:51:31.120 INFO:teuthology.orchestra.run.smithi067.stdout:/usr/bin/ceph: stderr
2024-03-28T15:51:29.673+0000 7f7fff000700 1 --2- 172.21.15.67:0/1912417399 >> [v2:172.21.15.67:6800/1631001968,v1:172.21.15.67:6801/1631001968] conn(0x7f7fdc038f70 0x7f7fdc03b430 secure :-1 s=READY pgs=16 cs=0 l=1 rev1=1 crypto rx=0x7f7fe4006fd0 tx=0x7f7fe4006e40 comp rx=0 tx=0).stop
2024-03-28T15:51:31.121 INFO:teuthology.orchestra.run.smithi067.stdout:/usr/bin/ceph: stderr
2024-03-28T15:51:29.673+0000 7f7fff000700 1 -- 172.21.15.67:0/1912417399 >> [v2:172.21.15.67:3300/0,v1:172.21.15.67:6789/0] conn(0x7f7ff8108430 msgr2=0x7f7ff8107cb0 secure :-1 s=STATE_CONNECTION_ESTABLISHED l=1).mark_down
2024-03-28T15:51:31.121 INFO:teuthology.orchestra.run.smithi067.stdout:/usr/bin/ceph: stderr
2024-03-28T15:51:29.673+0000 7f7fff000700 1 --2- 172.21.15.67:0/1912417399 >> [v2:172.21.15.67:3300/0,v1:172.21.15.67:6789/0] conn(0x7f7ff8108430 0x7f7ff8107cb0 secure :-1 s=READY pgs=56 cs=0 l=1 rev1=1 crypto rx=0x7f7fe8011a00 tx=0x7f7fe8011ae0 comp rx=0 tx=0).stop
2024-03-28T15:51:31.121 INFO:teuthology.orchestra.run.smithi067.stdout:/usr/bin/ceph: stderr
2024-03-28T15:51:29.673+0000 7f7fff000700 1 -- 172.21.15.67:0/1912417399 shutdown_connections
2024-03-28T15:51:31.121 INFO:teuthology.orchestra.run.smithi067.stdout:/usr/bin/ceph: stderr
2024-03-28T15:51:29.673+0000 7f7fff000700 1 --2- 172.21.15.67:0/1912417399 >> [v2:172.21.15.67:6800/1631001968,v1:172.21.15.67:6801/1631001968] conn(0x7f7fdc038f70 0x7f7fdc03b430 unknown :-1 s=CLOSED pgs=16 cs=0 l=1 rev1=1 crypto rx=0 tx=0 comp rx=0 tx=0).stop
2024-03-28T15:51:31.121 INFO:teuthology.orchestra.run.smithi067.stdout:/usr/bin/ceph: stderr
2024-03-28T15:51:29.673+0000 7f7fff000700 1 --2- 172.21.15.67:0/1912417399 >> [v2:172.21.15.67:3300/0,v1:172.21.15.67:6789/0] conn(0x7f7ff8108430 0x7f7ff8107cb0 unknown :-1 s=CLOSED pgs=56 cs=0 l=1 rev1=1 crypto rx=0 tx=0 comp rx=0 tx=0).stop
2024-03-28T15:51:31.121 INFO:teuthology.orchestra.run.smithi067.stdout:/usr/bin/ceph: stderr
2024-03-28T15:51:29.673+0000 7f7fff000700 1 -- 172.21.15.67:0/1912417399 >> 172.21.15.67:0/1912417399 conn(0x7f7ff8101e40 msgr2=0x7f7ff8102970 unknown :-1 s=STATE_NONE l=0).mark_down
2024-03-28T15:51:31.121 INFO:teuthology.orchestra.run.smithi067.stdout:/usr/bin/ceph: stderr
2024-03-28T15:51:29.674+0000 7f7fff000700 1 -- 172.21.15.67:0/1912417399 shutdown_connections
2024-03-28T15:51:31.121 INFO:teuthology.orchestra.run.smithi067.stdout:/usr/bin/ceph: stderr
2024-03-28T15:51:29.674+0000 7f7fff000700 1 -- 172.21.15.67:0/1912417399 wait complete.
2024-03-28T15:51:31.668 INFO:journalctl@ceph.mgr.x.smithi067.stdout:Mar 28 15:51:31 smithi067 ceph-b5f8225a-ed1a-11ee-95d0-87774f69a715-mgr-x[31948]:
2024-03-28T15:51:31.483+0000 7f4ffb273200 -1 mgr[py] Module zabbix has missing NOTIFY_TYPES member
2024-03-28T15:51:31.668 INFO:journalctl@ceph.mgr.x.smithi067.stdout:Mar 28 15:51:31 smithi067 ceph-b5f8225a-ed1a-11ee-95d0-87774f69a715-mgr-x[31948]:
2024-03-28T15:51:31.613+0000 7f4ffb273200 -1 mgr[py] Module balancer has missing NOTIFY_TYPES member
2024-03-28T15:51:31.928 INFO:journalctl@ceph.mgr.x.smithi067.stdout:Mar 28 15:51:31 smithi067 ceph-b5f8225a-ed1a-11ee-95d0-87774f69a715-mgr-x[31948]:
2024-03-28T15:51:31.798+0000 7f4ffb273200 -1 mgr[py] Module influx has missing NOTIFY_TYPES member
2024-03-28T15:51:31.929 INFO:journalctl@ceph.mgr.x.smithi067.stdout:Mar 28 15:51:31 smithi067 ceph-b5f8225a-ed1a-11ee-95d0-87774f69a715-mgr-x[31948]:
2024-03-28T15:51:31.927+0000 7f4ffb273200 -1 mgr[py] Module alerts has missing NOTIFY_TYPES member
2024-03-28T15:51:32.319 INFO:journalctl@ceph.mon.a.smithi067.stdout:Mar 28 15:51:32 smithi067 ceph-mon[31707]: from='client.? 172.21.15.67:0/3034351996' entity='client.admin' cmd=[{"prefix": "mgr stat"}]: dispatch
2024-03-28T15:51:32.319 INFO:journalctl@ceph.mgr.x.smithi067.stdout:Mar 28 15:51:32 smithi067 ceph-b5f8225a-ed1a-11ee-95d0-87774f69a715-mgr-x[31948]:
2024-03-28T15:51:32.047+0000 7f4ffb273200 -1 mgr[py] Module iostat has missing NOTIFY_TYPES member
2024-03-28T15:51:32.668 INFO:journalctl@ceph.mgr.x.smithi067.stdout:Mar 28 15:51:32 smithi067 ceph-b5f8225a-ed1a-11ee-95d0-87774f69a715-mgr-x[31948]:
2024-03-28T15:51:32.406+0000 7f4ffb273200 -1 mgr[py] Module rgw has missing NOTIFY_TYPES member
2024-03-28T15:51:32.668 INFO:journalctl@ceph.mgr.x.smithi067.stdout:Mar 28 15:51:32 smithi067 ceph-b5f8225a-ed1a-11ee-95d0-87774f69a715-mgr-x[31948]:
2024-03-28T15:51:32.551+0000 7f4ffb273200 -1 mgr[py] Module rbd_support has missing NOTIFY_TYPES member
2024-03-28T15:51:32.668 INFO:journalctl@ceph.mgr.x.smithi067.stdout:Mar 28 15:51:32 smithi067 ceph-b5f8225a-ed1a-11ee-95d0-87774f69a715-mgr-x[31948]:
2024-03-28T15:51:32.667+0000 7f4ffb273200 -1 mgr[py] Module progress has missing NOTIFY_TYPES member
2024-03-28T15:51:32.687 INFO:teuthology.orchestra.run.smithi067.stdout:/usr/bin/ceph: stdout {
2024-03-28T15:51:32.687 INFO:teuthology.orchestra.run.smithi067.stdout:/usr/bin/ceph: stdout "epoch": 9,
2024-03-28T15:51:32.687 INFO:teuthology.orchestra.run.smithi067.stdout:/usr/bin/ceph: stdout "available": true,
2024-03-28T15:51:32.688 INFO:teuthology.orchestra.run.smithi067.stdout:/usr/bin/ceph: stdout "active_name": "x",
2024-03-28T15:51:32.688 INFO:teuthology.orchestra.run.smithi067.stdout:/usr/bin/ceph: stdout "num_standby": 0
2024-03-28T15:51:32.688 INFO:teuthology.orchestra.run.smithi067.stdout:/usr/bin/ceph: stdout }
2024-03-28T15:51:32.688 INFO:teuthology.orchestra.run.smithi067.stdout:/usr/bin/ceph: stderr
2024-03-28T15:51:31.667+0000 7fe0fbc00700 1 Processor -- start
2024-03-28T15:51:32.688 INFO:teuthology.orchestra.run.smithi067.stdout:/usr/bin/ceph: stderr
2024-03-28T15:51:31.667+0000 7fe0fbc00700 1 -- start start
2024-03-28T15:51:32.688 INFO:teuthology.orchestra.run.smithi067.stdout:/usr/bin/ceph: stderr
2024-03-28T15:51:31.668+0000 7fe0fbc00700 1 --2- >> [v2:172.21.15.67:3300/0,v1:172.21.15.67:6789/0] conn(0x7fe0f4106270 0x7fe0f4106690 unknown :-1 s=NONE pgs=0 cs=0 l=0 rev1=0 crypto rx=0 tx=0 comp rx=0 tx=0).connect
2024-03-28T15:51:32.688 INFO:teuthology.orchestra.run.smithi067.stdout:/usr/bin/ceph: stderr
2024-03-28T15:51:31.668+0000 7fe0fbc00700 1 -- --> [v2:172.21.15.67:3300/0,v1:172.21.15.67:6789/0] -- mon_getmap magic: 0 v1 -- 0x7fe0f4063430 con 0x7fe0f4106270
2024-03-28T15:51:32.688 INFO:teuthology.orchestra.run.smithi067.stdout:/usr/bin/ceph: stderr
2024-03-28T15:51:31.669+0000 7fe0f9200700 1 --2- >> [v2:172.21.15.67:3300/0,v1:172.21.15.67:6789/0] conn(0x7fe0f4106270 0x7fe0f4106690 unknown :-1 s=BANNER_CONNECTING pgs=0 cs=0 l=0 rev1=0 crypto rx=0 tx=0 comp rx=0 tx=0)._handle_peer_banner_payload supported=3 required=0
2024-03-28T15:51:32.688 INFO:teuthology.orchestra.run.smithi067.stdout:/usr/bin/ceph: stderr
2024-03-28T15:51:31.669+0000 7fe0f9200700 1 --2- >> [v2:172.21.15.67:3300/0,v1:172.21.15.67:6789/0] conn(0x7fe0f4106270 0x7fe0f4106690 unknown :-1 s=HELLO_CONNECTING pgs=0 cs=0 l=0 rev1=1 crypto rx=0 tx=0 comp rx=0 tx=0).handle_hello peer v2:172.21.15.67:3300/0 says I am v2:172.21.15.67:34766/0 (socket says 172.21.15.67:34766)
2024-03-28T15:51:32.688 INFO:teuthology.orchestra.run.smithi067.stdout:/usr/bin/ceph: stderr
2024-03-28T15:51:31.669+0000 7fe0f9200700 1 -- 172.21.15.67:0/3672931353 learned_addr learned my addr 172.21.15.67:0/3672931353 (peer_addr_for_me v2:172.21.15.67:0/0)
2024-03-28T15:51:32.688 INFO:teuthology.orchestra.run.smithi067.stdout:/usr/bin/ceph: stderr
2024-03-28T15:51:31.669+0000 7fe0f9200700 1 -- 172.21.15.67:0/3672931353 --> [v2:172.21.15.67:3300/0,v1:172.21.15.67:6789/0] -- mon_subscribe({config=0+,monmap=0+}) v3 -- 0x7fe0f4106bd0 con 0x7fe0f4106270
2024-03-28T15:51:32.688 INFO:teuthology.orchestra.run.smithi067.stdout:/usr/bin/ceph: stderr
2024-03-28T15:51:31.670+0000 7fe0f9200700 1 --2- 172.21.15.67:0/3672931353 >> [v2:172.21.15.67:3300/0,v1:172.21.15.67:6789/0] conn(0x7fe0f4106270 0x7fe0f4106690 secure :-1 s=READY pgs=59 cs=0 l=1 rev1=1 crypto rx=0x7fe0e80098a0 tx=0x7fe0e8009bb0 comp rx=0 tx=0).ready entity=mon.0 client_cookie=6e1d691be14b6f4a server_cookie=0 in_seq=0 out_seq=0
2024-03-28T15:51:32.688 INFO:teuthology.orchestra.run.smithi067.stdout:/usr/bin/ceph: stderr
2024-03-28T15:51:31.670+0000 7fe0f3400700 1 -- 172.21.15.67:0/3672931353 <== mon.0 v2:172.21.15.67:3300/0 1 ==== mon_map magic: 0 v1 ==== 205+0+0 (secure 0 0 0) 0x7fe0e8004160 con 0x7fe0f4106270
2024-03-28T15:51:32.688 INFO:teuthology.orchestra.run.smithi067.stdout:/usr/bin/ceph: stderr
2024-03-28T15:51:31.670+0000 7fe0f3400700 1 -- 172.21.15.67:0/3672931353 <== mon.0 v2:172.21.15.67:3300/0 2 ==== config(26 keys) v1 ==== 1102+0+0 (secure 0 0 0) 0x7fe0e8004300 con 0x7fe0f4106270
2024-03-28T15:51:32.689 INFO:teuthology.orchestra.run.smithi067.stdout:/usr/bin/ceph: stderr
2024-03-28T15:51:31.670+0000 7fe0f3400700 1 -- 172.21.15.67:0/3672931353 <== mon.0 v2:172.21.15.67:3300/0 3 ==== mon_map magic: 0 v1 ==== 205+0+0 (secure 0 0 0) 0x7fe0e8011a50 con 0x7fe0f4106270
2024-03-28T15:51:32.689 INFO:teuthology.orchestra.run.smithi067.stdout:/usr/bin/ceph: stderr
2024-03-28T15:51:31.671+0000 7fe0fbc00700 1 -- 172.21.15.67:0/3672931353 >> [v2:172.21.15.67:3300/0,v1:172.21.15.67:6789/0] conn(0x7fe0f4106270 msgr2=0x7fe0f4106690 secure :-1 s=STATE_CONNECTION_ESTABLISHED l=1).mark_down
2024-03-28T15:51:32.689 INFO:teuthology.orchestra.run.smithi067.stdout:/usr/bin/ceph: stderr
2024-03-28T15:51:31.671+0000 7fe0fbc00700 1 --2- 172.21.15.67:0/3672931353 >> [v2:172.21.15.67:3300/0,v1:172.21.15.67:6789/0] conn(0x7fe0f4106270 0x7fe0f4106690 secure :-1 s=READY pgs=59 cs=0 l=1 rev1=1 crypto rx=0x7fe0e80098a0 tx=0x7fe0e8009bb0 comp rx=0 tx=0).stop
2024-03-28T15:51:32.689 INFO:teuthology.orchestra.run.smithi067.stdout:/usr/bin/ceph: stderr
2024-03-28T15:51:31.671+0000 7fe0fbc00700 1 -- 172.21.15.67:0/3672931353 shutdown_connections
2024-03-28T15:51:32.689 INFO:teuthology.orchestra.run.smithi067.stdout:/usr/bin/ceph: stderr
2024-03-28T15:51:31.671+0000 7fe0fbc00700 1 --2- 172.21.15.67:0/3672931353 >> [v2:172.21.15.67:3300/0,v1:172.21.15.67:6789/0] conn(0x7fe0f4106270 0x7fe0f4106690 unknown :-1 s=CLOSED pgs=59 cs=0 l=1 rev1=1 crypto rx=0 tx=0 comp rx=0 tx=0).stop
2024-03-28T15:51:32.689 INFO:teuthology.orchestra.run.smithi067.stdout:/usr/bin/ceph: stderr
2024-03-28T15:51:31.671+0000 7fe0fbc00700 1 -- 172.21.15.67:0/3672931353 >> 172.21.15.67:0/3672931353 conn(0x7fe0f4101e70 msgr2=0x7fe0f4104290 unknown :-1 s=STATE_NONE l=0).mark_down
2024-03-28T15:51:32.689 INFO:teuthology.orchestra.run.smithi067.stdout:/usr/bin/ceph: stderr
2024-03-28T15:51:31.671+0000 7fe0fbc00700 1 -- 172.21.15.67:0/3672931353 shutdown_connections
2024-03-28T15:51:32.689 INFO:teuthology.orchestra.run.smithi067.stdout:/usr/bin/ceph: stderr
2024-03-28T15:51:31.671+0000 7fe0fbc00700 1 -- 172.21.15.67:0/3672931353 wait complete.
2024-03-28T15:51:32.689 INFO:teuthology.orchestra.run.smithi067.stdout:/usr/bin/ceph: stderr
2024-03-28T15:51:31.672+0000 7fe0fbc00700 1 Processor -- start
2024-03-28T15:51:32.689 INFO:teuthology.orchestra.run.smithi067.stdout:/usr/bin/ceph: stderr
2024-03-28T15:51:31.672+0000 7fe0fbc00700 1 -- start start
2024-03-28T15:51:32.689 INFO:teuthology.orchestra.run.smithi067.stdout:/usr/bin/ceph: stderr
2024-03-28T15:51:31.672+0000 7fe0fbc00700 1 --2- >> [v2:172.21.15.67:3300/0,v1:172.21.15.67:6789/0] conn(0x7fe0f4106270 0x7fe0f419da80 unknown :-1 s=NONE pgs=0 cs=0 l=1 rev1=0 crypto rx=0 tx=0 comp rx=0 tx=0).connect
2024-03-28T15:51:32.689 INFO:teuthology.orchestra.run.smithi067.stdout:/usr/bin/ceph: stderr
2024-03-28T15:51:31.672+0000 7fe0fbc00700 1 -- --> [v2:172.21.15.67:3300/0,v1:172.21.15.67:6789/0] -- mon_getmap magic: 0 v1 -- 0x7fe0f4107c40 con 0x7fe0f4106270
2024-03-28T15:51:32.689 INFO:teuthology.orchestra.run.smithi067.stdout:/usr/bin/ceph: stderr
2024-03-28T15:51:31.673+0000 7fe0f9200700 1 --2- >> [v2:172.21.15.67:3300/0,v1:172.21.15.67:6789/0] conn(0x7fe0f4106270 0x7fe0f419da80 unknown :-1 s=BANNER_CONNECTING pgs=0 cs=0 l=1 rev1=0 crypto rx=0 tx=0 comp rx=0 tx=0)._handle_peer_banner_payload supported=3 required=0
2024-03-28T15:51:32.689 INFO:teuthology.orchestra.run.smithi067.stdout:/usr/bin/ceph: stderr
2024-03-28T15:51:31.673+0000 7fe0f9200700 1 --2- >> [v2:172.21.15.67:3300/0,v1:172.21.15.67:6789/0] conn(0x7fe0f4106270 0x7fe0f419da80 unknown :-1 s=HELLO_CONNECTING pgs=0 cs=0 l=1 rev1=1 crypto rx=0 tx=0 comp rx=0 tx=0).handle_hello peer v2:172.21.15.67:3300/0 says I am v2:172.21.15.67:34782/0 (socket says 172.21.15.67:34782)
2024-03-28T15:51:32.690 INFO:teuthology.orchestra.run.smithi067.stdout:/usr/bin/ceph: stderr
2024-03-28T15:51:31.673+0000 7fe0f9200700 1 -- 172.21.15.67:0/3034351996 learned_addr learned my addr 172.21.15.67:0/3034351996 (peer_addr_for_me v2:172.21.15.67:0/0)
2024-03-28T15:51:32.690 INFO:teuthology.orchestra.run.smithi067.stdout:/usr/bin/ceph: stderr
2024-03-28T15:51:31.673+0000 7fe0f9200700 1 -- 172.21.15.67:0/3034351996 --> [v2:172.21.15.67:3300/0,v1:172.21.15.67:6789/0] -- mon_subscribe({config=0+,monmap=0+}) v3 -- 0x7fe0f419dfc0 con 0x7fe0f4106270
2024-03-28T15:51:32.690 INFO:teuthology.orchestra.run.smithi067.stdout:/usr/bin/ceph: stderr
2024-03-28T15:51:31.673+0000 7fe0f9200700 1 --2- 172.21.15.67:0/3034351996 >> [v2:172.21.15.67:3300/0,v1:172.21.15.67:6789/0] conn(0x7fe0f4106270 0x7fe0f419da80 secure :-1 s=READY pgs=60 cs=0 l=1 rev1=1 crypto rx=0x7fe0e8011a00 tx=0x7fe0e8011ae0 comp rx=0 tx=0).ready entity=mon.0 client_cookie=0 server_cookie=0 in_seq=0 out_seq=0
2024-03-28T15:51:32.690 INFO:teuthology.orchestra.run.smithi067.stdout:/usr/bin/ceph: stderr
2024-03-28T15:51:31.674+0000 7fe0f1600700 1 -- 172.21.15.67:0/3034351996 <== mon.0 v2:172.21.15.67:3300/0 1 ==== mon_map magic: 0 v1 ==== 205+0+0 (secure 0 0 0) 0x7fe0e8003af0 con 0x7fe0f4106270
2024-03-28T15:51:32.690 INFO:teuthology.orchestra.run.smithi067.stdout:/usr/bin/ceph: stderr
