2024-03-28T15:56:24.795+0000 7fccbb200700 1 -- 172.21.15.3:0/2209189831 --> [v2:172.21.15.3:3300/0,v1:172.21.15.3:6789/0] -- mon_subscribe({mgrmap=0+}) v3 -- 0x7fccb4113eb0 con 0x7fccb4104a90
2024-03-28T15:56:25.891 INFO:teuthology.orchestra.run.smithi003.stdout:/usr/bin/ceph: stderr
2024-03-28T15:56:24.795+0000 7fccb0c00700 1 -- 172.21.15.3:0/2209189831 <== mon.0 v2:172.21.15.3:3300/0 3 ==== mon_map magic: 0 v1 ==== 229+0+0 (secure 0 0 0) 0x7fcca4024e40 con 0x7fccb4104a90
2024-03-28T15:56:25.891 INFO:teuthology.orchestra.run.smithi003.stdout:/usr/bin/ceph: stderr
2024-03-28T15:56:24.795+0000 7fccbb200700 1 -- 172.21.15.3:0/2209189831 --> [v2:172.21.15.3:3300/0,v1:172.21.15.3:6789/0] -- mon_subscribe({osdmap=0}) v3 -- 0x7fccb4114a20 con 0x7fccb4104a90
2024-03-28T15:56:25.891 INFO:teuthology.orchestra.run.smithi003.stdout:/usr/bin/ceph: stderr
2024-03-28T15:56:24.796+0000 7fccbb200700 1 -- 172.21.15.3:0/2209189831 --> [v2:172.21.15.3:3300/0,v1:172.21.15.3:6789/0] -- mon_command({"prefix": "get_command_descriptions"} v 0) v1 -- 0x7fccb405f5f0 con 0x7fccb4104a90
2024-03-28T15:56:25.891 INFO:teuthology.orchestra.run.smithi003.stdout:/usr/bin/ceph: stderr
2024-03-28T15:56:24.796+0000 7fccb0c00700 1 -- 172.21.15.3:0/2209189831 <== mon.0 v2:172.21.15.3:3300/0 4 ==== mgrmap(e 9) v1 ==== 43381+0+0 (secure 0 0 0) 0x7fcca40109a0 con 0x7fccb4104a90
2024-03-28T15:56:25.891 INFO:teuthology.orchestra.run.smithi003.stdout:/usr/bin/ceph: stderr
2024-03-28T15:56:24.797+0000 7fccb0c00700 1 --2- 172.21.15.3:0/2209189831 >> [v2:172.21.15.3:6800/2236628067,v1:172.21.15.3:6801/2236628067] conn(0x7fcc980367e0 0x7fcc98038c90 unknown :-1 s=NONE pgs=0 cs=0 l=1 rev1=0 crypto rx=0 tx=0 comp rx=0 tx=0).connect
2024-03-28T15:56:25.891 INFO:teuthology.orchestra.run.smithi003.stdout:/usr/bin/ceph: stderr
2024-03-28T15:56:24.797+0000 7fccb0c00700 1 -- 172.21.15.3:0/2209189831 <== mon.0 v2:172.21.15.3:3300/0 5 ==== osd_map(2..2 src has 1..2) v4 ==== 936+0+0 (secure 0 0 0) 0x7fcca404a890 con 0x7fccb4104a90
2024-03-28T15:56:25.891 INFO:teuthology.orchestra.run.smithi003.stdout:/usr/bin/ceph: stderr
2024-03-28T15:56:24.797+0000 7fccabe00700 1 -- 172.21.15.3:0/2209189831 >> [v2:172.21.15.3:6800/2236628067,v1:172.21.15.3:6801/2236628067] conn(0x7fcc980367e0 msgr2=0x7fcc98038c90 unknown :-1 s=STATE_CONNECTING_RE l=1).process reconnect failed to v2:172.21.15.3:6800/2236628067
2024-03-28T15:56:25.891 INFO:teuthology.orchestra.run.smithi003.stdout:/usr/bin/ceph: stderr
2024-03-28T15:56:24.797+0000 7fccabe00700 1 --2- 172.21.15.3:0/2209189831 >> [v2:172.21.15.3:6800/2236628067,v1:172.21.15.3:6801/2236628067] conn(0x7fcc980367e0 0x7fcc98038c90 unknown :-1 s=START_CONNECT pgs=0 cs=0 l=1 rev1=0 crypto rx=0 tx=0 comp rx=0 tx=0)._fault waiting 0.200000
2024-03-28T15:56:25.891 INFO:teuthology.orchestra.run.smithi003.stdout:/usr/bin/ceph: stderr
2024-03-28T15:56:24.802+0000 7fccb0c00700 1 -- 172.21.15.3:0/2209189831 <== mon.0 v2:172.21.15.3:3300/0 6 ==== mon_command_ack([{"prefix": "get_command_descriptions"}]=0 v0) v1 ==== 72+0+176504 (secure 0 0 0) 0x7fcca402c990 con 0x7fccb4104a90
2024-03-28T15:56:25.891 INFO:teuthology.orchestra.run.smithi003.stdout:/usr/bin/ceph: stderr
2024-03-28T15:56:24.998+0000 7fccabe00700 1 -- 172.21.15.3:0/2209189831 >> [v2:172.21.15.3:6800/2236628067,v1:172.21.15.3:6801/2236628067] conn(0x7fcc980367e0 msgr2=0x7fcc98038c90 unknown :-1 s=STATE_CONNECTING_RE l=1).process reconnect failed to v2:172.21.15.3:6800/2236628067
2024-03-28T15:56:25.892 INFO:teuthology.orchestra.run.smithi003.stdout:/usr/bin/ceph: stderr
2024-03-28T15:56:24.998+0000 7fccabe00700 1 --2- 172.21.15.3:0/2209189831 >> [v2:172.21.15.3:6800/2236628067,v1:172.21.15.3:6801/2236628067] conn(0x7fcc980367e0 0x7fcc98038c90 unknown :-1 s=START_CONNECT pgs=0 cs=0 l=1 rev1=0 crypto rx=0 tx=0 comp rx=0 tx=0)._fault waiting 0.400000
2024-03-28T15:56:25.892 INFO:teuthology.orchestra.run.smithi003.stdout:/usr/bin/ceph: stderr
2024-03-28T15:56:25.070+0000 7fccbb200700 1 -- 172.21.15.3:0/2209189831 --> [v2:172.21.15.3:3300/0,v1:172.21.15.3:6789/0] -- mon_command({"prefix": "mgr stat"} v 0) v1 -- 0x7fccb4114dc0 con 0x7fccb4104a90
2024-03-28T15:56:25.892 INFO:teuthology.orchestra.run.smithi003.stdout:/usr/bin/ceph: stderr
2024-03-28T15:56:25.071+0000 7fccb0c00700 1 -- 172.21.15.3:0/2209189831 <== mon.0 v2:172.21.15.3:3300/0 7 ==== mon_command_ack([{"prefix": "mgr stat"}]=0 v9) v1 ==== 56+0+103 (secure 0 0 0) 0x7fcca402c7b0 con 0x7fccb4104a90
2024-03-28T15:56:25.892 INFO:teuthology.orchestra.run.smithi003.stdout:/usr/bin/ceph: stderr
2024-03-28T15:56:25.073+0000 7fccbb200700 1 -- 172.21.15.3:0/2209189831 >> [v2:172.21.15.3:6800/2236628067,v1:172.21.15.3:6801/2236628067] conn(0x7fcc980367e0 msgr2=0x7fcc98038c90 unknown :-1 s=STATE_CONNECTING l=1).mark_down
2024-03-28T15:56:25.892 INFO:teuthology.orchestra.run.smithi003.stdout:/usr/bin/ceph: stderr
2024-03-28T15:56:25.073+0000 7fccbb200700 1 --2- 172.21.15.3:0/2209189831 >> [v2:172.21.15.3:6800/2236628067,v1:172.21.15.3:6801/2236628067] conn(0x7fcc980367e0 0x7fcc98038c90 unknown :-1 s=START_CONNECT pgs=0 cs=0 l=1 rev1=0 crypto rx=0 tx=0 comp rx=0 tx=0).stop
2024-03-28T15:56:25.892 INFO:teuthology.orchestra.run.smithi003.stdout:/usr/bin/ceph: stderr
2024-03-28T15:56:25.073+0000 7fccbb200700 1 -- 172.21.15.3:0/2209189831 >> [v2:172.21.15.3:3300/0,v1:172.21.15.3:6789/0] conn(0x7fccb4104a90 msgr2=0x7fccb4113770 secure :-1 s=STATE_CONNECTION_ESTABLISHED l=1).mark_down
2024-03-28T15:56:25.892 INFO:teuthology.orchestra.run.smithi003.stdout:/usr/bin/ceph: stderr
2024-03-28T15:56:25.073+0000 7fccbb200700 1 --2- 172.21.15.3:0/2209189831 >> [v2:172.21.15.3:3300/0,v1:172.21.15.3:6789/0] conn(0x7fccb4104a90 0x7fccb4113770 secure :-1 s=READY pgs=70 cs=0 l=1 rev1=1 crypto rx=0x7fcca40090b0 tx=0x7fcca4009250 comp rx=0 tx=0).stop
2024-03-28T15:56:25.892 INFO:teuthology.orchestra.run.smithi003.stdout:/usr/bin/ceph: stderr
2024-03-28T15:56:25.074+0000 7fccbb200700 1 -- 172.21.15.3:0/2209189831 shutdown_connections
2024-03-28T15:56:25.892 INFO:teuthology.orchestra.run.smithi003.stdout:/usr/bin/ceph: stderr
2024-03-28T15:56:25.074+0000 7fccbb200700 1 --2- 172.21.15.3:0/2209189831 >> [v2:172.21.15.3:6800/2236628067,v1:172.21.15.3:6801/2236628067] conn(0x7fcc980367e0 0x7fcc98038c90 unknown :-1 s=CLOSED pgs=0 cs=0 l=1 rev1=0 crypto rx=0 tx=0 comp rx=0 tx=0).stop
2024-03-28T15:56:25.892 INFO:teuthology.orchestra.run.smithi003.stdout:/usr/bin/ceph: stderr
2024-03-28T15:56:25.074+0000 7fccbb200700 1 --2- 172.21.15.3:0/2209189831 >> [v2:172.21.15.3:3300/0,v1:172.21.15.3:6789/0] conn(0x7fccb4104a90 0x7fccb4113770 unknown :-1 s=CLOSED pgs=70 cs=0 l=1 rev1=1 crypto rx=0 tx=0 comp rx=0 tx=0).stop
2024-03-28T15:56:25.892 INFO:teuthology.orchestra.run.smithi003.stdout:/usr/bin/ceph: stderr
2024-03-28T15:56:25.074+0000 7fccbb200700 1 -- 172.21.15.3:0/2209189831 >> 172.21.15.3:0/2209189831 conn(0x7fccb4100330 msgr2=0x7fccb4101e60 unknown :-1 s=STATE_NONE l=0).mark_down
2024-03-28T15:56:25.892 INFO:teuthology.orchestra.run.smithi003.stdout:/usr/bin/ceph: stderr
2024-03-28T15:56:25.074+0000 7fccbb200700 1 -- 172.21.15.3:0/2209189831 shutdown_connections
2024-03-28T15:56:25.893 INFO:teuthology.orchestra.run.smithi003.stdout:/usr/bin/ceph: stderr
2024-03-28T15:56:25.074+0000 7fccbb200700 1 -- 172.21.15.3:0/2209189831 wait complete.
2024-03-28T15:56:25.893 INFO:teuthology.orchestra.run.smithi003.stdout:Waiting for the mgr to restart...
2024-03-28T15:56:25.893 INFO:teuthology.orchestra.run.smithi003.stdout:Waiting for mgr epoch 9...
2024-03-28T15:56:32.768 INFO:journalctl@ceph.mon.smithi003.smithi003.stdout:Mar 28 15:56:32 smithi003 ceph-mon[29330]: Active manager daemon smithi003.jupeer restarted
2024-03-28T15:56:32.768 INFO:journalctl@ceph.mon.smithi003.smithi003.stdout:Mar 28 15:56:32 smithi003 ceph-mon[29330]: Activating manager daemon smithi003.jupeer
2024-03-28T15:56:32.768 INFO:journalctl@ceph.mon.smithi003.smithi003.stdout:Mar 28 15:56:32 smithi003 ceph-mon[29330]: osdmap e3: 0 total, 0 up, 0 in
2024-03-28T15:56:32.768 INFO:journalctl@ceph.mon.smithi003.smithi003.stdout:Mar 28 15:56:32 smithi003 ceph-mon[29330]: mgrmap e10: smithi003.jupeer(active, starting, since 0.00535739s)
2024-03-28T15:56:32.768 INFO:journalctl@ceph.mon.smithi003.smithi003.stdout:Mar 28 15:56:32 smithi003 ceph-mon[29330]: from='mgr.14162 172.21.15.3:0/306643161' entity='mgr.smithi003.jupeer' cmd=[{"prefix": "mon metadata", "id": "smithi003"}]: dispatch
2024-03-28T15:56:32.768 INFO:journalctl@ceph.mon.smithi003.smithi003.stdout:Mar 28 15:56:32 smithi003 ceph-mon[29330]: from='mgr.14162 172.21.15.3:0/306643161' entity='mgr.smithi003.jupeer' cmd=[{"prefix": "mgr metadata", "who": "smithi003.jupeer", "id": "smithi003.jupeer"}]: dispatch
2024-03-28T15:56:32.768 INFO:journalctl@ceph.mon.smithi003.smithi003.stdout:Mar 28 15:56:32 smithi003 ceph-mon[29330]: from='mgr.14162 172.21.15.3:0/306643161' entity='mgr.smithi003.jupeer' cmd=[{"prefix": "mds metadata"}]: dispatch
2024-03-28T15:56:32.768 INFO:journalctl@ceph.mon.smithi003.smithi003.stdout:Mar 28 15:56:32 smithi003 ceph-mon[29330]: from='mgr.14162 172.21.15.3:0/306643161' entity='mgr.smithi003.jupeer' cmd=[{"prefix": "osd metadata"}]: dispatch
2024-03-28T15:56:32.768 INFO:journalctl@ceph.mon.smithi003.smithi003.stdout:Mar 28 15:56:32 smithi003 ceph-mon[29330]: from='mgr.14162 172.21.15.3:0/306643161' entity='mgr.smithi003.jupeer' cmd=[{"prefix": "mon metadata"}]: dispatch
2024-03-28T15:56:32.768 INFO:journalctl@ceph.mon.smithi003.smithi003.stdout:Mar 28 15:56:32 smithi003 ceph-mon[29330]: Manager daemon smithi003.jupeer is now available
2024-03-28T15:56:32.768 INFO:journalctl@ceph.mon.smithi003.smithi003.stdout:Mar 28 15:56:32 smithi003 ceph-mon[29330]: from='mgr.14162 172.21.15.3:0/306643161' entity='mgr.smithi003.jupeer' cmd=[{"prefix": "config dump", "format": "json"}]: dispatch
2024-03-28T15:56:33.680 INFO:journalctl@ceph.mon.smithi003.smithi003.stdout:Mar 28 15:56:33 smithi003 ceph-mon[29330]: from='mgr.14162 172.21.15.3:0/306643161' entity='mgr.smithi003.jupeer' cmd=[{"prefix": "config dump", "format": "json"}]: dispatch
2024-03-28T15:56:33.680 INFO:journalctl@ceph.mon.smithi003.smithi003.stdout:Mar 28 15:56:33 smithi003 ceph-mon[29330]: from='mgr.14162 172.21.15.3:0/306643161' entity='mgr.smithi003.jupeer' cmd=[{"prefix":"config rm","who":"mgr","name":"mgr/rbd_support/smithi003.jupeer/mirror_snapshot_schedule"}]: dispatch
2024-03-28T15:56:33.680 INFO:journalctl@ceph.mon.smithi003.smithi003.stdout:Mar 28 15:56:33 smithi003 ceph-mon[29330]: from='mgr.14162 172.21.15.3:0/306643161' entity='mgr.smithi003.jupeer' cmd=[{"prefix":"config rm","who":"mgr","name":"mgr/rbd_support/smithi003.jupeer/trash_purge_schedule"}]: dispatch
2024-03-28T15:56:33.680 INFO:journalctl@ceph.mon.smithi003.smithi003.stdout:Mar 28 15:56:33 smithi003 ceph-mon[29330]: from='mgr.14162 172.21.15.3:0/306643161' entity='mgr.smithi003.jupeer'
2024-03-28T15:56:33.680 INFO:journalctl@ceph.mon.smithi003.smithi003.stdout:Mar 28 15:56:33 smithi003 ceph-mon[29330]: mgrmap e11: smithi003.jupeer(active, since 1.01381s)
2024-03-28T15:56:34.517 INFO:journalctl@ceph.mon.smithi003.smithi003.stdout:Mar 28 15:56:34 smithi003 ceph-mon[29330]: [28/Mar/2024:15:56:32] ENGINE Bus STARTING
2024-03-28T15:56:34.517 INFO:journalctl@ceph.mon.smithi003.smithi003.stdout:Mar 28 15:56:34 smithi003 ceph-mon[29330]: [28/Mar/2024:15:56:33] ENGINE Serving on https://172.21.15.3:7150
2024-03-28T15:56:34.517 INFO:journalctl@ceph.mon.smithi003.smithi003.stdout:Mar 28 15:56:34 smithi003 ceph-mon[29330]: [28/Mar/2024:15:56:33] ENGINE Bus STARTED
2024-03-28T15:56:34.517 INFO:journalctl@ceph.mon.smithi003.smithi003.stdout:Mar 28 15:56:34 smithi003 ceph-mon[29330]: from='client.14166 -' entity='client.admin' cmd=[{"prefix": "get_command_descriptions"}]: dispatch
2024-03-28T15:56:34.517 INFO:journalctl@ceph.mon.smithi003.smithi003.stdout:Mar 28 15:56:34 smithi003 ceph-mon[29330]: from='client.14166 -' entity='client.admin' cmd=[{"prefix": "mgr_status"}]: dispatch
2024-03-28T15:56:34.575 INFO:teuthology.orchestra.run.smithi003.stdout:/usr/bin/ceph: stdout {
2024-03-28T15:56:34.575 INFO:teuthology.orchestra.run.smithi003.stdout:/usr/bin/ceph: stdout "mgrmap_epoch": 11,
2024-03-28T15:56:34.575 INFO:teuthology.orchestra.run.smithi003.stdout:/usr/bin/ceph: stdout "initialized": true
2024-03-28T15:56:34.575 INFO:teuthology.orchestra.run.smithi003.stdout:/usr/bin/ceph: stdout }
2024-03-28T15:56:34.575 INFO:teuthology.orchestra.run.smithi003.stdout:/usr/bin/ceph: stderr
2024-03-28T15:56:26.418+0000 7f61cc800700 1 Processor -- start
2024-03-28T15:56:34.575 INFO:teuthology.orchestra.run.smithi003.stdout:/usr/bin/ceph: stderr
2024-03-28T15:56:26.418+0000 7f61cc800700 1 -- start start
2024-03-28T15:56:34.575 INFO:teuthology.orchestra.run.smithi003.stdout:/usr/bin/ceph: stderr
2024-03-28T15:56:26.418+0000 7f61cc800700 1 --2- >> [v2:172.21.15.3:3300/0,v1:172.21.15.3:6789/0] conn(0x7f61c4078c60 0x7f61c40771c0 unknown :-1 s=NONE pgs=0 cs=0 l=0 rev1=0 crypto rx=0 tx=0 comp rx=0 tx=0).connect
2024-03-28T15:56:34.575 INFO:teuthology.orchestra.run.smithi003.stdout:/usr/bin/ceph: stderr
2024-03-28T15:56:26.418+0000 7f61cc800700 1 -- --> [v2:172.21.15.3:3300/0,v1:172.21.15.3:6789/0] -- mon_getmap magic: 0 v1 -- 0x7f61c4079070 con 0x7f61c4078c60
2024-03-28T15:56:34.575 INFO:teuthology.orchestra.run.smithi003.stdout:/usr/bin/ceph: stderr
2024-03-28T15:56:26.419+0000 7f61c9e00700 1 --2- >> [v2:172.21.15.3:3300/0,v1:172.21.15.3:6789/0] conn(0x7f61c4078c60 0x7f61c40771c0 unknown :-1 s=BANNER_CONNECTING pgs=0 cs=0 l=0 rev1=0 crypto rx=0 tx=0 comp rx=0 tx=0)._handle_peer_banner_payload supported=3 required=0
2024-03-28T15:56:34.575 INFO:teuthology.orchestra.run.smithi003.stdout:/usr/bin/ceph: stderr
2024-03-28T15:56:26.419+0000 7f61c9e00700 1 --2- >> [v2:172.21.15.3:3300/0,v1:172.21.15.3:6789/0] conn(0x7f61c4078c60 0x7f61c40771c0 unknown :-1 s=HELLO_CONNECTING pgs=0 cs=0 l=0 rev1=1 crypto rx=0 tx=0 comp rx=0 tx=0).handle_hello peer v2:172.21.15.3:3300/0 says I am v2:172.21.15.3:43128/0 (socket says 172.21.15.3:43128)
2024-03-28T15:56:34.582 INFO:teuthology.orchestra.run.smithi003.stdout:/usr/bin/ceph: stderr
2024-03-28T15:56:26.419+0000 7f61c9e00700 1 -- 172.21.15.3:0/48799745 learned_addr learned my addr 172.21.15.3:0/48799745 (peer_addr_for_me v2:172.21.15.3:0/0)
2024-03-28T15:56:34.582 INFO:teuthology.orchestra.run.smithi003.stdout:/usr/bin/ceph: stderr
2024-03-28T15:56:26.419+0000 7f61c9e00700 1 -- 172.21.15.3:0/48799745 --> [v2:172.21.15.3:3300/0,v1:172.21.15.3:6789/0] -- mon_subscribe({config=0+,monmap=0+}) v3 -- 0x7f61c4077700 con 0x7f61c4078c60
2024-03-28T15:56:34.582 INFO:teuthology.orchestra.run.smithi003.stdout:/usr/bin/ceph: stderr
2024-03-28T15:56:26.420+0000 7f61c9e00700 1 --2- 172.21.15.3:0/48799745 >> [v2:172.21.15.3:3300/0,v1:172.21.15.3:6789/0] conn(0x7f61c4078c60 0x7f61c40771c0 secure :-1 s=READY pgs=71 cs=0 l=1 rev1=1 crypto rx=0x7f61b80098e0 tx=0x7f61b8009250 comp rx=0 tx=0).ready entity=mon.0 client_cookie=4f0d0c5b07197afd server_cookie=0 in_seq=0 out_seq=0
2024-03-28T15:56:34.582 INFO:teuthology.orchestra.run.smithi003.stdout:/usr/bin/ceph: stderr
2024-03-28T15:56:26.420+0000 7f61c8a00700 1 -- 172.21.15.3:0/48799745 <== mon.0 v2:172.21.15.3:3300/0 1 ==== mon_map magic: 0 v1 ==== 229+0+0 (secure 0 0 0) 0x7f61b800b860 con 0x7f61c4078c60
2024-03-28T15:56:34.582 INFO:teuthology.orchestra.run.smithi003.stdout:/usr/bin/ceph: stderr
2024-03-28T15:56:26.420+0000 7f61c8a00700 1 -- 172.21.15.3:0/48799745 <== mon.0 v2:172.21.15.3:3300/0 2 ==== config(27 keys) v1 ==== 1109+0+0 (secure 0 0 0) 0x7f61b800be90 con 0x7f61c4078c60
2024-03-28T15:56:34.582 INFO:teuthology.orchestra.run.smithi003.stdout:/usr/bin/ceph: stderr
2024-03-28T15:56:26.420+0000 7f61c8a00700 1 -- 172.21.15.3:0/48799745 <== mon.0 v2:172.21.15.3:3300/0 3 ==== mon_map magic: 0 v1 ==== 229+0+0 (secure 0 0 0) 0x7f61b80103c0 con 0x7f61c4078c60
2024-03-28T15:56:34.582 INFO:teuthology.orchestra.run.smithi003.stdout:/usr/bin/ceph: stderr
2024-03-28T15:56:26.421+0000 7f61cc800700 1 -- 172.21.15.3:0/48799745 >> [v2:172.21.15.3:3300/0,v1:172.21.15.3:6789/0] conn(0x7f61c4078c60 msgr2=0x7f61c40771c0 secure :-1 s=STATE_CONNECTION_ESTABLISHED l=1).mark_down
2024-03-28T15:56:34.583 INFO:teuthology.orchestra.run.smithi003.stdout:/usr/bin/ceph: stderr
2024-03-28T15:56:26.421+0000 7f61cc800700 1 --2- 172.21.15.3:0/48799745 >> [v2:172.21.15.3:3300/0,v1:172.21.15.3:6789/0] conn(0x7f61c4078c60 0x7f61c40771c0 secure :-1 s=READY pgs=71 cs=0 l=1 rev1=1 crypto rx=0x7f61b80098e0 tx=0x7f61b8009250 comp rx=0 tx=0).stop
2024-03-28T15:56:34.583 INFO:teuthology.orchestra.run.smithi003.stdout:/usr/bin/ceph: stderr
2024-03-28T15:56:26.421+0000 7f61cc800700 1 -- 172.21.15.3:0/48799745 shutdown_connections
2024-03-28T15:56:34.583 INFO:teuthology.orchestra.run.smithi003.stdout:/usr/bin/ceph: stderr
2024-03-28T15:56:26.421+0000 7f61cc800700 1 --2- 172.21.15.3:0/48799745 >> [v2:172.21.15.3:3300/0,v1:172.21.15.3:6789/0] conn(0x7f61c4078c60 0x7f61c40771c0 unknown :-1 s=CLOSED pgs=71 cs=0 l=1 rev1=1 crypto rx=0 tx=0 comp rx=0 tx=0).stop
2024-03-28T15:56:34.583 INFO:teuthology.orchestra.run.smithi003.stdout:/usr/bin/ceph: stderr
2024-03-28T15:56:26.421+0000 7f61cc800700 1 -- 172.21.15.3:0/48799745 >> 172.21.15.3:0/48799745 conn(0x7f61c40fde80 msgr2=0x7f61c41002b0 unknown :-1 s=STATE_NONE l=0).mark_down
2024-03-28T15:56:34.583 INFO:teuthology.orchestra.run.smithi003.stdout:/usr/bin/ceph: stderr
2024-03-28T15:56:26.421+0000 7f61cc800700 1 -- 172.21.15.3:0/48799745 shutdown_connections
2024-03-28T15:56:34.583 INFO:teuthology.orchestra.run.smithi003.stdout:/usr/bin/ceph: stderr
2024-03-28T15:56:26.421+0000 7f61cc800700 1 -- 172.21.15.3:0/48799745 wait complete.
2024-03-28T15:56:34.583 INFO:teuthology.orchestra.run.smithi003.stdout:/usr/bin/ceph: stderr
2024-03-28T15:56:26.422+0000 7f61cc800700 1 Processor -- start
2024-03-28T15:56:34.583 INFO:teuthology.orchestra.run.smithi003.stdout:/usr/bin/ceph: stderr
2024-03-28T15:56:26.422+0000 7f61cc800700 1 -- start start
2024-03-28T15:56:34.583 INFO:teuthology.orchestra.run.smithi003.stdout:/usr/bin/ceph: stderr
2024-03-28T15:56:26.422+0000 7f61cc800700 1 --2- >> [v2:172.21.15.3:3300/0,v1:172.21.15.3:6789/0] conn(0x7f61c4078c60 0x7f61c41137b0 unknown :-1 s=NONE pgs=0 cs=0 l=1 rev1=0 crypto rx=0 tx=0 comp rx=0 tx=0).connect
2024-03-28T15:56:34.583 INFO:teuthology.orchestra.run.smithi003.stdout:/usr/bin/ceph: stderr
2024-03-28T15:56:26.422+0000 7f61cc800700 1 -- --> [v2:172.21.15.3:3300/0,v1:172.21.15.3:6789/0] -- mon_getmap magic: 0 v1 -- 0x7f61c4113cf0 con 0x7f61c4078c60
2024-03-28T15:56:34.583 INFO:teuthology.orchestra.run.smithi003.stdout:/usr/bin/ceph: stderr
2024-03-28T15:56:26.423+0000 7f61c9e00700 1 --2- >> [v2:172.21.15.3:3300/0,v1:172.21.15.3:6789/0] conn(0x7f61c4078c60 0x7f61c41137b0 unknown :-1 s=BANNER_CONNECTING pgs=0 cs=0 l=1 rev1=0 crypto rx=0 tx=0 comp rx=0 tx=0)._handle_peer_banner_payload supported=3 required=0
2024-03-28T15:56:34.583 INFO:teuthology.orchestra.run.smithi003.stdout:/usr/bin/ceph: stderr
2024-03-28T15:56:26.423+0000 7f61c9e00700 1 --2- >> [v2:172.21.15.3:3300/0,v1:172.21.15.3:6789/0] conn(0x7f61c4078c60 0x7f61c41137b0 unknown :-1 s=HELLO_CONNECTING pgs=0 cs=0 l=1 rev1=1 crypto rx=0 tx=0 comp rx=0 tx=0).handle_hello peer v2:172.21.15.3:3300/0 says I am v2:172.21.15.3:43140/0 (socket says 172.21.15.3:43140)
2024-03-28T15:56:34.583 INFO:teuthology.orchestra.run.smithi003.stdout:/usr/bin/ceph: stderr
2024-03-28T15:56:26.423+0000 7f61c9e00700 1 -- 172.21.15.3:0/2715565760 learned_addr learned my addr 172.21.15.3:0/2715565760 (peer_addr_for_me v2:172.21.15.3:0/0)
2024-03-28T15:56:34.583 INFO:teuthology.orchestra.run.smithi003.stdout:/usr/bin/ceph: stderr
2024-03-28T15:56:26.423+0000 7f61c9e00700 1 -- 172.21.15.3:0/2715565760 --> [v2:172.21.15.3:3300/0,v1:172.21.15.3:6789/0] -- mon_subscribe({config=0+,monmap=0+}) v3 -- 0x7f61b80094f0 con 0x7f61c4078c60
2024-03-28T15:56:34.583 INFO:teuthology.orchestra.run.smithi003.stdout:/usr/bin/ceph: stderr
2024-03-28T15:56:26.423+0000 7f61c9e00700 1 --2- 172.21.15.3:0/2715565760 >> [v2:172.21.15.3:3300/0,v1:172.21.15.3:6789/0] conn(0x7f61c4078c60 0x7f61c41137b0 secure :-1 s=READY pgs=72 cs=0 l=1 rev1=1 crypto rx=0x7f61b8006d40 tx=0x7f61b8009250 comp rx=0 tx=0).ready entity=mon.0 client_cookie=0 server_cookie=0 in_seq=0 out_seq=0
2024-03-28T15:56:34.584 INFO:teuthology.orchestra.run.smithi003.stdout:/usr/bin/ceph: stderr
2024-03-28T15:56:26.424+0000 7f61be000700 1 -- 172.21.15.3:0/2715565760 <== mon.0 v2:172.21.15.3:3300/0 1 ==== mon_map magic: 0 v1 ==== 229+0+0 (secure 0 0 0) 0x7f61b8010840 con 0x7f61c4078c60
2024-03-28T15:56:34.584 INFO:teuthology.orchestra.run.smithi003.stdout:/usr/bin/ceph: stderr
2024-03-28T15:56:26.424+0000 7f61be000700 1 -- 172.21.15.3:0/2715565760 <== mon.0 v2:172.21.15.3:3300/0 2 ==== config(27 keys) v1 ==== 1109+0+0 (secure 0 0 0) 0x7f61b8010e70 con 0x7f61c4078c60
2024-03-28T15:56:34.584 INFO:teuthology.orchestra.run.smithi003.stdout:/usr/bin/ceph: stderr
2024-03-28T15:56:26.424+0000 7f61be000700 1 -- 172.21.15.3:0/2715565760 <== mon.0 v2:172.21.15.3:3300/0 3 ==== mon_map magic: 0 v1 ==== 229+0+0 (secure 0 0 0) 0x7f61b8024ea0 con 0x7f61c4078c60
2024-03-28T15:56:34.584 INFO:teuthology.orchestra.run.smithi003.stdout:/usr/bin/ceph: stderr
2024-03-28T15:56:26.424+0000 7f61cc800700 1 -- 172.21.15.3:0/2715565760 --> [v2:172.21.15.3:3300/0,v1:172.21.15.3:6789/0] -- mon_subscribe({mgrmap=0+}) v3 -- 0x7f61c4113ef0 con 0x7f61c4078c60
2024-03-28T15:56:34.584 INFO:teuthology.orchestra.run.smithi003.stdout:/usr/bin/ceph: stderr
2024-03-28T15:56:26.424+0000 7f61cc800700 1 -- 172.21.15.3:0/2715565760 --> [v2:172.21.15.3:3300/0,v1:172.21.15.3:6789/0] -- mon_subscribe({osdmap=0}) v3 -- 0x7f61c4114a60 con 0x7f61c4078c60
2024-03-28T15:56:34.584 INFO:teuthology.orchestra.run.smithi003.stdout:/usr/bin/ceph: stderr
2024-03-28T15:56:26.425+0000 7f61be000700 1 -- 172.21.15.3:0/2715565760 <== mon.0 v2:172.21.15.3:3300/0 4 ==== mgrmap(e 9) v1 ==== 43381+0+0 (secure 0 0 0) 0x7f61b80109a0 con 0x7f61c4078c60
2024-03-28T15:56:34.584 INFO:teuthology.orchestra.run.smithi003.stdout:/usr/bin/ceph: stderr
2024-03-28T15:56:26.425+0000 7f61be000700 1 --2- 172.21.15.3:0/2715565760 >> [v2:172.21.15.3:6800/2236628067,v1:172.21.15.3:6801/2236628067] conn(0x7f61ac036790 0x7f61ac038c40 unknown :-1 s=NONE pgs=0 cs=0 l=1 rev1=0 crypto rx=0 tx=0 comp rx=0 tx=0).connect
2024-03-28T15:56:34.584 INFO:teuthology.orchestra.run.smithi003.stdout:/usr/bin/ceph: stderr
2024-03-28T15:56:26.425+0000 7f61be000700 1 -- 172.21.15.3:0/2715565760 --> [v2:172.21.15.3:6800/2236628067,v1:172.21.15.3:6801/2236628067] -- command(tid 0: {"prefix": "get_command_descriptions"}) v1 -- 0x7f61ac039350 con 0x7f61ac036790
2024-03-28T15:56:34.584 INFO:teuthology.orchestra.run.smithi003.stdout:/usr/bin/ceph: stderr
2024-03-28T15:56:26.425+0000 7f61be000700 1 -- 172.21.15.3:0/2715565760 <== mon.0 v2:172.21.15.3:3300/0 5 ==== osd_map(2..2 src has 1..2) v4 ==== 936+0+0 (secure 0 0 0) 0x7f61b804a7f0 con 0x7f61c4078c60
2024-03-28T15:56:34.584 INFO:teuthology.orchestra.run.smithi003.stdout:/usr/bin/ceph: stderr
2024-03-28T15:56:26.425+0000 7f61c9400700 1 -- 172.21.15.3:0/2715565760 >> [v2:172.21.15.3:6800/2236628067,v1:172.21.15.3:6801/2236628067] conn(0x7f61ac036790 msgr2=0x7f61ac038c40 unknown :-1 s=STATE_CONNECTING_RE l=1).process reconnect failed to v2:172.21.15.3:6800/2236628067
2024-03-28T15:56:34.584 INFO:teuthology.orchestra.run.smithi003.stdout:/usr/bin/ceph: stderr
2024-03-28T15:56:26.425+0000 7f61c9400700 1 --2- 172.21.15.3:0/2715565760 >> [v2:172.21.15.3:6800/2236628067,v1:172.21.15.3:6801/2236628067] conn(0x7f61ac036790 0x7f61ac038c40 unknown :-1 s=START_CONNECT pgs=0 cs=0 l=1 rev1=0 crypto rx=0 tx=0 comp rx=0 tx=0)._fault waiting 0.200000
2024-03-28T15:56:34.584 INFO:teuthology.orchestra.run.smithi003.stdout:/usr/bin/ceph: stderr
2024-03-28T15:56:26.626+0000 7f61c9400700 1 -- 172.21.15.3:0/2715565760 >> [v2:172.21.15.3:6800/2236628067,v1:172.21.15.3:6801/2236628067] conn(0x7f61ac036790 msgr2=0x7f61ac038c40 unknown :-1 s=STATE_CONNECTING_RE l=1).process reconnect failed to v2:172.21.15.3:6800/2236628067
2024-03-28T15:56:34.584 INFO:teuthology.orchestra.run.smithi003.stdout:/usr/bin/ceph: stderr
2024-03-28T15:56:26.626+0000 7f61c9400700 1 --2- 172.21.15.3:0/2715565760 >> [v2:172.21.15.3:6800/2236628067,v1:172.21.15.3:6801/2236628067] conn(0x7f61ac036790 0x7f61ac038c40 unknown :-1 s=START_CONNECT pgs=0 cs=0 l=1 rev1=0 crypto rx=0 tx=0 comp rx=0 tx=0)._fault waiting 0.400000
2024-03-28T15:56:34.585 INFO:teuthology.orchestra.run.smithi003.stdout:/usr/bin/ceph: stderr
2024-03-28T15:56:27.027+0000 7f61c9400700 1 -- 172.21.15.3:0/2715565760 >> [v2:172.21.15.3:6800/2236628067,v1:172.21.15.3:6801/2236628067] conn(0x7f61ac036790 msgr2=0x7f61ac038c40 unknown :-1 s=STATE_CONNECTING_RE l=1).process reconnect failed to v2:172.21.15.3:6800/2236628067
2024-03-28T15:56:34.585 INFO:teuthology.orchestra.run.smithi003.stdout:/usr/bin/ceph: stderr
2024-03-28T15:56:27.027+0000 7f61c9400700 1 --2- 172.21.15.3:0/2715565760 >> [v2:172.21.15.3:6800/2236628067,v1:172.21.15.3:6801/2236628067] conn(0x7f61ac036790 0x7f61ac038c40 unknown :-1 s=START_CONNECT pgs=0 cs=0 l=1 rev1=0 crypto rx=0 tx=0 comp rx=0 tx=0)._fault waiting 0.800000
2024-03-28T15:56:34.585 INFO:teuthology.orchestra.run.smithi003.stdout:/usr/bin/ceph: stderr
2024-03-28T15:56:27.828+0000 7f61c9400700 1 -- 172.21.15.3:0/2715565760 >> [v2:172.21.15.3:6800/2236628067,v1:172.21.15.3:6801/2236628067] conn(0x7f61ac036790 msgr2=0x7f61ac038c40 unknown :-1 s=STATE_CONNECTING_RE l=1).process reconnect failed to v2:172.21.15.3:6800/2236628067
2024-03-28T15:56:34.585 INFO:teuthology.orchestra.run.smithi003.stdout:/usr/bin/ceph: stderr
2024-03-28T15:56:27.828+0000 7f61c9400700 1 --2- 172.21.15.3:0/2715565760 >> [v2:172.21.15.3:6800/2236628067,v1:172.21.15.3:6801/2236628067] conn(0x7f61ac036790 0x7f61ac038c40 unknown :-1 s=START_CONNECT pgs=0 cs=0 l=1 rev1=0 crypto rx=0 tx=0 comp rx=0 tx=0)._fault waiting 1.600000
2024-03-28T15:56:34.585 INFO:teuthology.orchestra.run.smithi003.stdout:/usr/bin/ceph: stderr
2024-03-28T15:56:29.430+0000 7f61c9400700 1 -- 172.21.15.3:0/2715565760 >> [v2:172.21.15.3:6800/2236628067,v1:172.21.15.3:6801/2236628067] conn(0x7f61ac036790 msgr2=0x7f61ac038c40 unknown :-1 s=STATE_CONNECTING_RE l=1).process reconnect failed to v2:172.21.15.3:6800/2236628067
2024-03-28T15:56:34.585 INFO:teuthology.orchestra.run.smithi003.stdout:/usr/bin/ceph: stderr
2024-03-28T15:56:29.430+0000 7f61c9400700 1 --2- 172.21.15.3:0/2715565760 >> [v2:172.21.15.3:6800/2236628067,v1:172.21.15.3:6801/2236628067] conn(0x7f61ac036790 0x7f61ac038c40 unknown :-1 s=START_CONNECT pgs=0 cs=0 l=1 rev1=0 crypto rx=0 tx=0 comp rx=0 tx=0)._fault waiting 3.200000
2024-03-28T15:56:34.585 INFO:teuthology.orchestra.run.smithi003.stdout:/usr/bin/ceph: stderr
2024-03-28T15:56:32.329+0000 7f61be000700 1 -- 172.21.15.3:0/2715565760 <== mon.0 v2:172.21.15.3:3300/0 6 ==== mgrmap(e 10) v1 ==== 43148+0+0 (secure 0 0 0) 0x7f61b8024780 con 0x7f61c4078c60
2024-03-28T15:56:34.585 INFO:teuthology.orchestra.run.smithi003.stdout:/usr/bin/ceph: stderr
2024-03-28T15:56:32.329+0000 7f61be000700 1 -- 172.21.15.3:0/2715565760 >> [v2:172.21.15.3:6800/2236628067,v1:172.21.15.3:6801/2236628067] conn(0x7f61ac036790 msgr2=0x7f61ac038c40 unknown :-1 s=STATE_CONNECTING l=1).mark_down
2024-03-28T15:56:34.585 INFO:teuthology.orchestra.run.smithi003.stdout:/usr/bin/ceph: stderr
2024-03-28T15:56:32.329+0000 7f61be000700 1 --2- 172.21.15.3:0/2715565760 >> [v2:172.21.15.3:6800/2236628067,v1:172.21.15.3:6801/2236628067] conn(0x7f61ac036790 0x7f61ac038c40 unknown :-1 s=START_CONNECT pgs=0 cs=0 l=1 rev1=0 crypto rx=0 tx=0 comp rx=0 tx=0).stop
2024-03-28T15:56:34.585 INFO:teuthology.orchestra.run.smithi003.stdout:/usr/bin/ceph: stderr
2024-03-28T15:56:33.333+0000 7f61be000700 1 -- 172.21.15.3:0/2715565760 <== mon.0 v2:172.21.15.3:3300/0 7 ==== mgrmap(e 11) v1 ==== 43275+0+0 (secure 0 0 0) 0x7f61b800fba0 con 0x7f61c4078c60
2024-03-28T15:56:34.585 INFO:teuthology.orchestra.run.smithi003.stdout:/usr/bin/ceph: stderr
2024-03-28T15:56:33.333+0000 7f61be000700 1 --2- 172.21.15.3:0/2715565760 >> [v2:172.21.15.3:6800/888621910,v1:172.21.15.3:6801/888621910] conn(0x7f61ac039fd0 0x7f61ac03c3b0 unknown :-1 s=NONE pgs=0 cs=0 l=1 rev1=0 crypto rx=0 tx=0 comp rx=0 tx=0).connect
2024-03-28T15:56:34.585 INFO:teuthology.orchestra.run.smithi003.stdout:/usr/bin/ceph: stderr
2024-03-28T15:56:33.333+0000 7f61be000700 1 -- 172.21.15.3:0/2715565760 --> [v2:172.21.15.3:6800/888621910,v1:172.21.15.3:6801/888621910] -- command(tid 0: {"prefix": "get_command_descriptions"}) v1 -- 0x7f61ac039350 con 0x7f61ac039fd0
2024-03-28T15:56:34.585 INFO:teuthology.orchestra.run.smithi003.stdout:/usr/bin/ceph: stderr
2024-03-28T15:56:33.335+0000 7f61c9400700 1 --2- 172.21.15.3:0/2715565760 >> [v2:172.21.15.3:6800/888621910,v1:172.21.15.3:6801/888621910] conn(0x7f61ac039fd0 0x7f61ac03c3b0 unknown :-1 s=BANNER_CONNECTING pgs=0 cs=0 l=1 rev1=0 crypto rx=0 tx=0 comp rx=0 tx=0)._handle_peer_banner_payload supported=3 required=0
2024-03-28T15:56:34.585 INFO:teuthology.orchestra.run.smithi003.stdout:/usr/bin/ceph: stderr
2024-03-28T15:56:33.336+0000 7f61c9400700 1 --2- 172.21.15.3:0/2715565760 >> [v2:172.21.15.3:6800/888621910,v1:172.21.15.3:6801/888621910] conn(0x7f61ac039fd0 0x7f61ac03c3b0 secure :-1 s=READY pgs=1 cs=0 l=1 rev1=1 crypto rx=0x7f61b40039d0 tx=0x7f61b40092f0 comp rx=0 tx=0).ready entity=mgr.14162 client_cookie=0 server_cookie=0 in_seq=0 out_seq=0
2024-03-28T15:56:34.586 INFO:teuthology.orchestra.run.smithi003.stdout:/usr/bin/ceph: stderr
2024-03-28T15:56:33.337+0000 7f61be000700 1 -- 172.21.15.3:0/2715565760 <== mgr.14162 v2:172.21.15.3:6800/888621910 1 ==== command_reply(tid 0: 0 ) v1 ==== 8+0+6549 (secure 0 0 0) 0x7f61ac039350 con 0x7f61ac039fd0
2024-03-28T15:56:34.586 INFO:teuthology.orchestra.run.smithi003.stdout:/usr/bin/ceph: stderr
2024-03-28T15:56:33.344+0000 7f61cc800700 1 -- 172.21.15.3:0/2715565760 --> [v2:172.21.15.3:6800/888621910,v1:172.21.15.3:6801/888621910] -- command(tid 1: {"prefix": "mgr_status"}) v1 -- 0x7f61c4114380 con 0x7f61ac039fd0
2024-03-28T15:56:34.586 INFO:teuthology.orchestra.run.smithi003.stdout:/usr/bin/ceph: stderr
2024-03-28T15:56:33.344+0000 7f61be000700 1 -- 172.21.15.3:0/2715565760 <== mgr.14162 v2:172.21.15.3:6800/888621910 2 ==== command_reply(tid 1: 0 ) v1 ==== 8+0+52 (secure 0 0 0) 0x7f61c4114380 con 0x7f61ac039fd0
2024-03-28T15:56:34.586 INFO:teuthology.orchestra.run.smithi003.stdout:/usr/bin/ceph: stderr
2024-03-28T15:56:33.345+0000 7f61cc800700 1 -- 172.21.15.3:0/2715565760 >> [v2:172.21.15.3:6800/888621910,v1:172.21.15.3:6801/888621910] conn(0x7f61ac039fd0 msgr2=0x7f61ac03c3b0 secure :-1 s=STATE_CONNECTION_ESTABLISHED l=1).mark_down
2024-03-28T15:56:34.586 INFO:teuthology.orchestra.run.smithi003.stdout:/usr/bin/ceph: stderr
2024-03-28T15:56:33.345+0000 7f61cc800700 1 --2- 172.21.15.3:0/2715565760 >> [v2:172.21.15.3:6800/888621910,v1:172.21.15.3:6801/888621910] conn(0x7f61ac039fd0 0x7f61ac03c3b0 secure :-1 s=READY pgs=1 cs=0 l=1 rev1=1 crypto rx=0x7f61b40039d0 tx=0x7f61b40092f0 comp rx=0 tx=0).stop
2024-03-28T15:56:34.586 INFO:teuthology.orchestra.run.smithi003.stdout:/usr/bin/ceph: stderr
2024-03-28T15:56:33.345+0000 7f61cc800700 1 -- 172.21.15.3:0/2715565760 >> [v2:172.21.15.3:3300/0,v1:172.21.15.3:6789/0] conn(0x7f61c4078c60 msgr2=0x7f61c41137b0 secure :-1 s=STATE_CONNECTION_ESTABLISHED l=1).mark_down
2024-03-28T15:56:34.586 INFO:teuthology.orchestra.run.smithi003.stdout:/usr/bin/ceph: stderr
2024-03-28T15:56:33.345+0000 7f61cc800700 1 --2- 172.21.15.3:0/2715565760 >> [v2:172.21.15.3:3300/0,v1:172.21.15.3:6789/0] conn(0x7f61c4078c60 0x7f61c41137b0 secure :-1 s=READY pgs=72 cs=0 l=1 rev1=1 crypto rx=0x7f61b8006d40 tx=0x7f61b8009250 comp rx=0 tx=0).stop
2024-03-28T15:56:34.586 INFO:teuthology.orchestra.run.smithi003.stdout:/usr/bin/ceph: stderr
2024-03-28T15:56:33.345+0000 7f61cc800700 1 -- 172.21.15.3:0/2715565760 shutdown_connections
2024-03-28T15:56:34.586 INFO:teuthology.orchestra.run.smithi003.stdout:/usr/bin/ceph: stderr
2024-03-28T15:56:33.345+0000 7f61cc800700 1 --2- 172.21.15.3:0/2715565760 >> [v2:172.21.15.3:6800/888621910,v1:172.21.15.3:6801/888621910] conn(0x7f61ac039fd0 0x7f61ac03c3b0 unknown :-1 s=CLOSED pgs=1 cs=0 l=1 rev1=1 crypto rx=0 tx=0 comp rx=0 tx=0).stop
2024-03-28T15:56:34.586 INFO:teuthology.orchestra.run.smithi003.stdout:/usr/bin/ceph: stderr
2024-03-28T15:56:33.345+0000 7f61cc800700 1 --2- 172.21.15.3:0/2715565760 >> [v2:172.21.15.3:3300/0,v1:172.21.15.3:6789/0] conn(0x7f61c4078c60 0x7f61c41137b0 unknown :-1 s=CLOSED pgs=72 cs=0 l=1 rev1=1 crypto rx=0 tx=0 comp rx=0 tx=0).stop
2024-03-28T15:56:34.586 INFO:teuthology.orchestra.run.smithi003.stdout:/usr/bin/ceph: stderr
2024-03-28T15:56:33.345+0000 7f61cc800700 1 --2- 172.21.15.3:0/2715565760 >> [v2:172.21.15.3:6800/2236628067,v1:172.21.15.3:6801/2236628067] conn(0x7f61ac036790 0x7f61ac038c40 unknown :-1 s=CLOSED pgs=0 cs=0 l=1 rev1=0 crypto rx=0 tx=0 comp rx=0 tx=0).stop
2024-03-28T15:56:34.586 INFO:teuthology.orchestra.run.smithi003.stdout:/usr/bin/ceph: stderr
2024-03-28T15:56:33.345+0000 7f61cc800700 1 -- 172.21.15.3:0/2715565760 >> 172.21.15.3:0/2715565760 conn(0x7f61c40fde80 msgr2=0x7f61c40fea50 unknown :-1 s=STATE_NONE l=0).mark_down
2024-03-28T15:56:34.586 INFO:teuthology.orchestra.run.smithi003.stdout:/usr/bin/ceph: stderr
2024-03-28T15:56:33.345+0000 7f61cc800700 1 -- 172.21.15.3:0/2715565760 shutdown_connections
2024-03-28T15:56:34.586 INFO:teuthology.orchestra.run.smithi003.stdout:/usr/bin/ceph: stderr
2024-03-28T15:56:33.345+0000 7f61cc800700 1 -- 172.21.15.3:0/2715565760 wait complete.
2024-03-28T15:56:34.586 INFO:teuthology.orchestra.run.smithi003.stdout:mgr epoch 9 is available
2024-03-28T15:56:34.587 INFO:teuthology.orchestra.run.smithi003.stdout:Generating a dashboard self-signed certificate...
2024-03-28T15:56:35.411 INFO:journalctl@ceph.mon.smithi003.smithi003.stdout:Mar 28 15:56:35 smithi003 ceph-mon[29330]: mgrmap e12: smithi003.jupeer(active, since 2s)
2024-03-28T15:56:35.411 INFO:journalctl@ceph.mon.smithi003.smithi003.stdout:Mar 28 15:56:35 smithi003 ceph-mon[29330]: from='mgr.14162 172.21.15.3:0/306643161' entity='mgr.smithi003.jupeer'
2024-03-28T15:56:36.180 INFO:teuthology.orchestra.run.smithi003.stdout:/usr/bin/ceph: stdout Self-signed certificate created
2024-03-28T15:56:36.180 INFO:teuthology.orchestra.run.smithi003.stdout:/usr/bin/ceph: stderr
2024-03-28T15:56:35.157+0000 7f9f03000700 1 Processor -- start
2024-03-28T15:56:36.181 INFO:teuthology.orchestra.run.smithi003.stdout:/usr/bin/ceph: stderr
2024-03-28T15:56:35.157+0000 7f9f03000700 1 -- start start
2024-03-28T15:56:36.181 INFO:teuthology.orchestra.run.smithi003.stdout:/usr/bin/ceph: stderr
2024-03-28T15:56:35.158+0000 7f9f03000700 1 --2- >> [v2:172.21.15.3:3300/0,v1:172.21.15.3:6789/0] conn(0x7f9efc102720 0x7f9efc102b30 unknown :-1 s=NONE pgs=0 cs=0 l=0 rev1=0 crypto rx=0 tx=0 comp rx=0 tx=0).connect
2024-03-28T15:56:36.181 INFO:teuthology.orchestra.run.smithi003.stdout:/usr/bin/ceph: stderr
2024-03-28T15:56:35.158+0000 7f9f03000700 1 -- --> [v2:172.21.15.3:3300/0,v1:172.21.15.3:6789/0] -- mon_getmap magic: 0 v1 -- 0x7f9efc103070 con 0x7f9efc102720
2024-03-28T15:56:36.181 INFO:teuthology.orchestra.run.smithi003.stdout:/usr/bin/ceph: stderr
2024-03-28T15:56:35.159+0000 7f9efbe00700 1 --2- >> [v2:172.21.15.3:3300/0,v1:172.21.15.3:6789/0] conn(0x7f9efc102720 0x7f9efc102b30 unknown :-1 s=BANNER_CONNECTING pgs=0 cs=0 l=0 rev1=0 crypto rx=0 tx=0 comp rx=0 tx=0)._handle_peer_banner_payload supported=3 required=0
2024-03-28T15:56:36.181 INFO:teuthology.orchestra.run.smithi003.stdout:/usr/bin/ceph: stderr
2024-03-28T15:56:35.159+0000 7f9efbe00700 1 --2- >> [v2:172.21.15.3:3300/0,v1:172.21.15.3:6789/0] conn(0x7f9efc102720 0x7f9efc102b30 unknown :-1 s=HELLO_CONNECTING pgs=0 cs=0 l=0 rev1=1 crypto rx=0 tx=0 comp rx=0 tx=0).handle_hello peer v2:172.21.15.3:3300/0 says I am v2:172.21.15.3:43212/0 (socket says 172.21.15.3:43212)
2024-03-28T15:56:36.181 INFO:teuthology.orchestra.run.smithi003.stdout:/usr/bin/ceph: stderr
2024-03-28T15:56:35.159+0000 7f9efbe00700 1 -- 172.21.15.3:0/1098950355 learned_addr learned my addr 172.21.15.3:0/1098950355 (peer_addr_for_me v2:172.21.15.3:0/0)
2024-03-28T15:56:36.181 INFO:teuthology.orchestra.run.smithi003.stdout:/usr/bin/ceph: stderr
2024-03-28T15:56:35.159+0000 7f9efbe00700 1 -- 172.21.15.3:0/1098950355 --> [v2:172.21.15.3:3300/0,v1:172.21.15.3:6789/0] -- mon_subscribe({config=0+,monmap=0+}) v3 -- 0x7f9efc1031b0 con 0x7f9efc102720
2024-03-28T15:56:36.181 INFO:teuthology.orchestra.run.smithi003.stdout:/usr/bin/ceph: stderr
2024-03-28T15:56:35.160+0000 7f9efbe00700 1 --2- 172.21.15.3:0/1098950355 >> [v2:172.21.15.3:3300/0,v1:172.21.15.3:6789/0] conn(0x7f9efc102720 0x7f9efc102b30 secure :-1 s=READY pgs=80 cs=0 l=1 rev1=1 crypto rx=0x7f9eec0098e0 tx=0x7f9eec009250 comp rx=0 tx=0).ready entity=mon.0 client_cookie=7d4e786ce0505f49 server_cookie=0 in_seq=0 out_seq=0
2024-03-28T15:56:36.181 INFO:teuthology.orchestra.run.smithi003.stdout:/usr/bin/ceph: stderr
2024-03-28T15:56:35.160+0000 7f9efaa00700 1 -- 172.21.15.3:0/1098950355 <== mon.0 v2:172.21.15.3:3300/0 1 ==== mon_map magic: 0 v1 ==== 229+0+0 (secure 0 0 0) 0x7f9eec00b860 con 0x7f9efc102720
2024-03-28T15:56:36.181 INFO:teuthology.orchestra.run.smithi003.stdout:/usr/bin/ceph: stderr
2024-03-28T15:56:35.160+0000 7f9efaa00700 1 -- 172.21.15.3:0/1098950355 <== mon.0 v2:172.21.15.3:3300/0 2 ==== config(27 keys) v1 ==== 1109+0+0 (secure 0 0 0) 0x7f9eec00be90 con 0x7f9efc102720
2024-03-28T15:56:36.181 INFO:teuthology.orchestra.run.smithi003.stdout:/usr/bin/ceph: stderr
2024-03-28T15:56:35.160+0000 7f9efaa00700 1 -- 172.21.15.3:0/1098950355 <== mon.0 v2:172.21.15.3:3300/0 3 ==== mon_map magic: 0 v1 ==== 229+0+0 (secure 0 0 0) 0x7f9eec0103c0 con 0x7f9efc102720
2024-03-28T15:56:36.181 INFO:teuthology.orchestra.run.smithi003.stdout:/usr/bin/ceph: stderr
2024-03-28T15:56:35.161+0000 7f9f03000700 1 -- 172.21.15.3:0/1098950355 >> [v2:172.21.15.3:3300/0,v1:172.21.15.3:6789/0] conn(0x7f9efc102720 msgr2=0x7f9efc102b30 secure :-1 s=STATE_CONNECTION_ESTABLISHED l=1).mark_down
2024-03-28T15:56:36.181 INFO:teuthology.orchestra.run.smithi003.stdout:/usr/bin/ceph: stderr
2024-03-28T15:56:35.161+0000 7f9f03000700 1 --2- 172.21.15.3:0/1098950355 >> [v2:172.21.15.3:3300/0,v1:172.21.15.3:6789/0] conn(0x7f9efc102720 0x7f9efc102b30 secure :-1 s=READY pgs=80 cs=0 l=1 rev1=1 crypto rx=0x7f9eec0098e0 tx=0x7f9eec009250 comp rx=0 tx=0).stop
2024-03-28T15:56:36.187 INFO:teuthology.orchestra.run.smithi003.stdout:/usr/bin/ceph: stderr
2024-03-28T15:56:35.162+0000 7f9f03000700 1 -- 172.21.15.3:0/1098950355 shutdown_connections
2024-03-28T15:56:36.188 INFO:teuthology.orchestra.run.smithi003.stdout:/usr/bin/ceph: stderr
2024-03-28T15:56:35.162+0000 7f9f03000700 1 --2- 172.21.15.3:0/1098950355 >> [v2:172.21.15.3:3300/0,v1:172.21.15.3:6789/0] conn(0x7f9efc102720 0x7f9efc102b30 unknown :-1 s=CLOSED pgs=80 cs=0 l=1 rev1=1 crypto rx=0 tx=0 comp rx=0 tx=0).stop
2024-03-28T15:56:36.188 INFO:teuthology.orchestra.run.smithi003.stdout:/usr/bin/ceph: stderr
2024-03-28T15:56:35.162+0000 7f9f03000700 1 -- 172.21.15.3:0/1098950355 >> 172.21.15.3:0/1098950355 conn(0x7f9efc0fdee0 msgr2=0x7f9efc1002f0 unknown :-1 s=STATE_NONE l=0).mark_down
2024-03-28T15:56:36.188 INFO:teuthology.orchestra.run.smithi003.stdout:/usr/bin/ceph: stderr
2024-03-28T15:56:35.162+0000 7f9f03000700 1 -- 172.21.15.3:0/1098950355 shutdown_connections
2024-03-28T15:56:36.188 INFO:teuthology.orchestra.run.smithi003.stdout:/usr/bin/ceph: stderr
2024-03-28T15:56:35.162+0000 7f9f03000700 1 -- 172.21.15.3:0/1098950355 wait complete.
2024-03-28T15:56:36.188 INFO:teuthology.orchestra.run.smithi003.stdout:/usr/bin/ceph: stderr
2024-03-28T15:56:35.163+0000 7f9f03000700 1 Processor -- start
2024-03-28T15:56:36.188 INFO:teuthology.orchestra.run.smithi003.stdout:/usr/bin/ceph: stderr
2024-03-28T15:56:35.163+0000 7f9f03000700 1 -- start start
2024-03-28T15:56:36.188 INFO:teuthology.orchestra.run.smithi003.stdout:/usr/bin/ceph: stderr
2024-03-28T15:56:35.164+0000 7f9f03000700 1 --2- >> [v2:172.21.15.3:3300/0,v1:172.21.15.3:6789/0] conn(0x7f9efc102720 0x7f9efc111580 unknown :-1 s=NONE pgs=0 cs=0 l=1 rev1=0 crypto rx=0 tx=0 comp rx=0 tx=0).connect
2024-03-28T15:56:36.188 INFO:teuthology.orchestra.run.smithi003.stdout:/usr/bin/ceph: stderr
2024-03-28T15:56:35.164+0000 7f9f03000700 1 -- --> [v2:172.21.15.3:3300/0,v1:172.21.15.3:6789/0] -- mon_getmap magic: 0 v1 -- 0x7f9efc111ac0 con 0x7f9efc102720
2024-03-28T15:56:36.188 INFO:teuthology.orchestra.run.smithi003.stdout:/usr/bin/ceph: stderr
2024-03-28T15:56:35.164+0000 7f9efbe00700 1 --2- >> [v2:172.21.15.3:3300/0,v1:172.21.15.3:6789/0] conn(0x7f9efc102720 0x7f9efc111580 unknown :-1 s=BANNER_CONNECTING pgs=0 cs=0 l=1 rev1=0 crypto rx=0 tx=0 comp rx=0 tx=0)._handle_peer_banner_payload supported=3 required=0
2024-03-28T15:56:36.188 INFO:teuthology.orchestra.run.smithi003.stdout:/usr/bin/ceph: stderr
2024-03-28T15:56:35.164+0000 7f9efbe00700 1 --2- >> [v2:172.21.15.3:3300/0,v1:172.21.15.3:6789/0] conn(0x7f9efc102720 0x7f9efc111580 unknown :-1 s=HELLO_CONNECTING pgs=0 cs=0 l=1 rev1=1 crypto rx=0 tx=0 comp rx=0 tx=0).handle_hello peer v2:172.21.15.3:3300/0 says I am v2:172.21.15.3:43218/0 (socket says 172.21.15.3:43218)
2024-03-28T15:56:36.188 INFO:teuthology.orchestra.run.smithi003.stdout:/usr/bin/ceph: stderr
2024-03-28T15:56:35.164+0000 7f9efbe00700 1 -- 172.21.15.3:0/666827651 learned_addr learned my addr 172.21.15.3:0/666827651 (peer_addr_for_me v2:172.21.15.3:0/0)
2024-03-28T15:56:36.188 INFO:teuthology.orchestra.run.smithi003.stdout:/usr/bin/ceph: stderr
2024-03-28T15:56:35.164+0000 7f9efbe00700 1 -- 172.21.15.3:0/666827651 --> [v2:172.21.15.3:3300/0,v1:172.21.15.3:6789/0] -- mon_subscribe({config=0+,monmap=0+}) v3 -- 0x7f9eec0094f0 con 0x7f9efc102720
2024-03-28T15:56:36.188 INFO:teuthology.orchestra.run.smithi003.stdout:/usr/bin/ceph: stderr
2024-03-28T15:56:35.165+0000 7f9efbe00700 1 --2- 172.21.15.3:0/666827651 >> [v2:172.21.15.3:3300/0,v1:172.21.15.3:6789/0] conn(0x7f9efc102720 0x7f9efc111580 secure :-1 s=READY pgs=81 cs=0 l=1 rev1=1 crypto rx=0x7f9eec0090b0 tx=0x7f9eec009250 comp rx=0 tx=0).ready entity=mon.0 client_cookie=0 server_cookie=0 in_seq=0 out_seq=0
2024-03-28T15:56:36.188 INFO:teuthology.orchestra.run.smithi003.stdout:/usr/bin/ceph: stderr
2024-03-28T15:56:35.165+0000 7f9ef3e00700 1 -- 172.21.15.3:0/666827651 <== mon.0 v2:172.21.15.3:3300/0 1 ==== mon_map magic: 0 v1 ==== 229+0+0 (secure 0 0 0) 0x7f9eec010840 con 0x7f9efc102720
2024-03-28T15:56:36.189 INFO:teuthology.orchestra.run.smithi003.stdout:/usr/bin/ceph: stderr
2024-03-28T15:56:35.165+0000 7f9ef3e00700 1 -- 172.21.15.3:0/666827651 <== mon.0 v2:172.21.15.3:3300/0 2 ==== config(27 keys) v1 ==== 1109+0+0 (secure 0 0 0) 0x7f9eec010e70 con 0x7f9efc102720
2024-03-28T15:56:36.189 INFO:teuthology.orchestra.run.smithi003.stdout:/usr/bin/ceph: stderr
2024-03-28T15:56:35.165+0000 7f9ef3e00700 1 -- 172.21.15.3:0/666827651 <== mon.0 v2:172.21.15.3:3300/0 3 ==== mon_map magic: 0 v1 ==== 229+0+0 (secure 0 0 0) 0x7f9eec024e40 con 0x7f9efc102720
2024-03-28T15:56:36.189 INFO:teuthology.orchestra.run.smithi003.stdout:/usr/bin/ceph: stderr
2024-03-28T15:56:35.165+0000 7f9f03000700 1 -- 172.21.15.3:0/666827651 --> [v2:172.21.15.3:3300/0,v1:172.21.15.3:6789/0] -- mon_subscribe({mgrmap=0+}) v3 -- 0x7f9efc111cc0 con 0x7f9efc102720
2024-03-28T15:56:36.191 INFO:teuthology.orchestra.run.smithi003.stdout:/usr/bin/ceph: stderr
2024-03-28T15:56:35.165+0000 7f9f03000700 1 -- 172.21.15.3:0/666827651 --> [v2:172.21.15.3:3300/0,v1:172.21.15.3:6789/0] -- mon_subscribe({osdmap=0}) v3 -- 0x7f9efc112830 con 0x7f9efc102720
2024-03-28T15:56:36.191 INFO:teuthology.orchestra.run.smithi003.stdout:/usr/bin/ceph: stderr
2024-03-28T15:56:35.166+0000 7f9ef3e00700 1 -- 172.21.15.3:0/666827651 <== mon.0 v2:172.21.15.3:3300/0 4 ==== mgrmap(e 12) v1 ==== 43381+0+0 (secure 0 0 0) 0x7f9eec0109a0 con 0x7f9efc102720
2024-03-28T15:56:36.191 INFO:teuthology.orchestra.run.smithi003.stdout:/usr/bin/ceph: stderr
2024-03-28T15:56:35.167+0000 7f9ef3e00700 1 --2- 172.21.15.3:0/666827651 >> [v2:172.21.15.3:6800/888621910,v1:172.21.15.3:6801/888621910] conn(0x7f9ee0036810 0x7f9ee0038cc0 unknown :-1 s=NONE pgs=0 cs=0 l=1 rev1=0 crypto rx=0 tx=0 comp rx=0 tx=0).connect
2024-03-28T15:56:36.191 INFO:teuthology.orchestra.run.smithi003.stdout:/usr/bin/ceph: stderr
2024-03-28T15:56:35.167+0000 7f9ef3e00700 1 -- 172.21.15.3:0/666827651 <== mon.0 v2:172.21.15.3:3300/0 5 ==== osd_map(3..3 src has 1..3) v4 ==== 1151+0+0 (secure 0 0 0) 0x7f9eec04a9c0 con 0x7f9efc102720
2024-03-28T15:56:36.191 INFO:teuthology.orchestra.run.smithi003.stdout:/usr/bin/ceph: stderr
2024-03-28T15:56:35.167+0000 7f9ef1600700 1 -- 172.21.15.3:0/666827651 --> [v2:172.21.15.3:3300/0,v1:172.21.15.3:6789/0] -- mon_command({"prefix": "get_command_descriptions"} v 0) v1 -- 0x7f9ed40052b0 con 0x7f9efc102720
2024-03-28T15:56:36.191 INFO:teuthology.orchestra.run.smithi003.stdout:/usr/bin/ceph: stderr
2024-03-28T15:56:35.167+0000 7f9efb400700 1 --2- 172.21.15.3:0/666827651 >> [v2:172.21.15.3:6800/888621910,v1:172.21.15.3:6801/888621910] conn(0x7f9ee0036810 0x7f9ee0038cc0 unknown :-1 s=BANNER_CONNECTING pgs=0 cs=0 l=1 rev1=0 crypto rx=0 tx=0 comp rx=0 tx=0)._handle_peer_banner_payload supported=3 required=0
2024-03-28T15:56:36.192 INFO:teuthology.orchestra.run.smithi003.stdout:/usr/bin/ceph: stderr
2024-03-28T15:56:35.168+0000 7f9efb400700 1 --2- 172.21.15.3:0/666827651 >> [v2:172.21.15.3:6800/888621910,v1:172.21.15.3:6801/888621910] conn(0x7f9ee0036810 0x7f9ee0038cc0 secure :-1 s=READY pgs=7 cs=0 l=1 rev1=1 crypto rx=0x7f9ee8009990 tx=0x7f9ee8006e40 comp rx=0 tx=0).ready entity=mgr.14162 client_cookie=0 server_cookie=0 in_seq=0 out_seq=0
2024-03-28T15:56:36.192 INFO:teuthology.orchestra.run.smithi003.stdout:/usr/bin/ceph: stderr
2024-03-28T15:56:35.173+0000 7f9ef3e00700 1 -- 172.21.15.3:0/666827651 <== mon.0 v2:172.21.15.3:3300/0 6 ==== mon_command_ack([{"prefix": "get_command_descriptions"}]=0 v0) v1 ==== 72+0+176504 (secure 0 0 0) 0x7f9eec02c700 con 0x7f9efc102720
2024-03-28T15:56:36.192 INFO:teuthology.orchestra.run.smithi003.stdout:/usr/bin/ceph: stderr
2024-03-28T15:56:35.411+0000 7f9ef1600700 1 -- 172.21.15.3:0/666827651 --> [v2:172.21.15.3:6800/888621910,v1:172.21.15.3:6801/888621910] -- mgr_command(tid 0: {"prefix": "dashboard create-self-signed-cert", "target": ["mon-mgr", ""]}) v1 -- 0x7f9ed4000bc0 con 0x7f9ee0036810
2024-03-28T15:56:36.192 INFO:teuthology.orchestra.run.smithi003.stdout:/usr/bin/ceph: stderr
2024-03-28T15:56:35.533+0000 7f9ef3e00700 1 -- 172.21.15.3:0/666827651 <== mgr.14162 v2:172.21.15.3:6800/888621910 1 ==== mgr_command_reply(tid 0: 0 ) v1 ==== 8+0+32 (secure 0 0 0) 0x7f9ed4000bc0 con 0x7f9ee0036810
2024-03-28T15:56:36.192 INFO:teuthology.orchestra.run.smithi003.stdout:/usr/bin/ceph: stderr
2024-03-28T15:56:35.536+0000 7f9ef1600700 1 -- 172.21.15.3:0/666827651 >> [v2:172.21.15.3:6800/888621910,v1:172.21.15.3:6801/888621910] conn(0x7f9ee0036810 msgr2=0x7f9ee0038cc0 secure :-1 s=STATE_CONNECTION_ESTABLISHED l=1).mark_down
2024-03-28T15:56:36.192 INFO:teuthology.orchestra.run.smithi003.stdout:/usr/bin/ceph: stderr
2024-03-28T15:56:35.536+0000 7f9ef1600700 1 --2- 172.21.15.3:0/666827651 >> [v2:172.21.15.3:6800/888621910,v1:172.21.15.3:6801/888621910] conn(0x7f9ee0036810 0x7f9ee0038cc0 secure :-1 s=READY pgs=7 cs=0 l=1 rev1=1 crypto rx=0x7f9ee8009990 tx=0x7f9ee8006e40 comp rx=0 tx=0).stop
2024-03-28T15:56:36.192 INFO:teuthology.orchestra.run.smithi003.stdout:/usr/bin/ceph: stderr
2024-03-28T15:56:35.536+0000 7f9ef1600700 1 -- 172.21.15.3:0/666827651 >> [v2:172.21.15.3:3300/0,v1:172.21.15.3:6789/0] conn(0x7f9efc102720 msgr2=0x7f9efc111580 secure :-1 s=STATE_CONNECTION_ESTABLISHED l=1).mark_down
2024-03-28T15:56:36.192 INFO:teuthology.orchestra.run.smithi003.stdout:/usr/bin/ceph: stderr
2024-03-28T15:56:35.536+0000 7f9ef1600700 1 --2- 172.21.15.3:0/666827651 >> [v2:172.21.15.3:3300/0,v1:172.21.15.3:6789/0] conn(0x7f9efc102720 0x7f9efc111580 secure :-1 s=READY pgs=81 cs=0 l=1 rev1=1 crypto rx=0x7f9eec0090b0 tx=0x7f9eec009250 comp rx=0 tx=0).stop
2024-03-28T15:56:36.192 INFO:teuthology.orchestra.run.smithi003.stdout:/usr/bin/ceph: stderr
2024-03-28T15:56:35.536+0000 7f9ef1600700 1 -- 172.21.15.3:0/666827651 shutdown_connections
2024-03-28T15:56:36.192 INFO:teuthology.orchestra.run.smithi003.stdout:/usr/bin/ceph: stderr
2024-03-28T15:56:35.536+0000 7f9ef1600700 1 --2- 172.21.15.3:0/666827651 >> [v2:172.21.15.3:6800/888621910,v1:172.21.15.3:6801/888621910] conn(0x7f9ee0036810 0x7f9ee0038cc0 unknown :-1 s=CLOSED pgs=7 cs=0 l=1 rev1=1 crypto rx=0 tx=0 comp rx=0 tx=0).stop
2024-03-28T15:56:36.193 INFO:teuthology.orchestra.run.smithi003.stdout:/usr/bin/ceph: stderr
2024-03-28T15:56:35.536+0000 7f9ef1600700 1 --2- 172.21.15.3:0/666827651 >> [v2:172.21.15.3:3300/0,v1:172.21.15.3:6789/0] conn(0x7f9efc102720 0x7f9efc111580 unknown :-1 s=CLOSED pgs=81 cs=0 l=1 rev1=1 crypto rx=0 tx=0 comp rx=0 tx=0).stop
2024-03-28T15:56:36.193 INFO:teuthology.orchestra.run.smithi003.stdout:/usr/bin/ceph: stderr
2024-03-28T15:56:35.536+0000 7f9ef1600700 1 -- 172.21.15.3:0/666827651 >> 172.21.15.3:0/666827651 conn(0x7f9efc0fdee0 msgr2=0x7f9efc0fea80 unknown :-1 s=STATE_NONE l=0).mark_down
2024-03-28T15:56:36.193 INFO:teuthology.orchestra.run.smithi003.stdout:/usr/bin/ceph: stderr
2024-03-28T15:56:35.536+0000 7f9ef1600700 1 -- 172.21.15.3:0/666827651 shutdown_connections
2024-03-28T15:56:36.193 INFO:teuthology.orchestra.run.smithi003.stdout:/usr/bin/ceph: stderr
2024-03-28T15:56:35.536+0000 7f9ef1600700 1 -- 172.21.15.3:0/666827651 wait complete.
2024-03-28T15:56:36.193 INFO:teuthology.orchestra.run.smithi003.stdout:Creating initial admin user...
