2024-03-28T15:56:36.767 INFO:journalctl@ceph.mon.smithi003.smithi003.stdout:Mar 28 15:56:36 smithi003 ceph-mon[29330]: from='client.14174 -' entity='client.admin' cmd=[{"prefix": "dashboard create-self-signed-cert", "target": ["mon-mgr", ""]}]: dispatch
2024-03-28T15:56:36.767 INFO:journalctl@ceph.mon.smithi003.smithi003.stdout:Mar 28 15:56:36 smithi003 ceph-mon[29330]: from='mgr.14162 172.21.15.3:0/306643161' entity='mgr.smithi003.jupeer'
2024-03-28T15:56:36.767 INFO:journalctl@ceph.mon.smithi003.smithi003.stdout:Mar 28 15:56:36 smithi003 ceph-mon[29330]: from='mgr.14162 172.21.15.3:0/306643161' entity='mgr.smithi003.jupeer'
2024-03-28T15:56:36.767 INFO:journalctl@ceph.mon.smithi003.smithi003.stdout:Mar 28 15:56:36 smithi003 ceph-mon[29330]: from='mgr.14162 172.21.15.3:0/306643161' entity='mgr.smithi003.jupeer'
2024-03-28T15:56:38.369 INFO:teuthology.orchestra.run.smithi003.stdout:/usr/bin/ceph: stdout {"username": "admin", "password": "$2b$12$D/N4bY.l/H8ZijsKkg3bdepvqxeEr4G76wMHI.m1G8k114NWdyqiu", "roles": ["administrator"], "name": null, "email": null, "lastUpdate": 1711641397, "enabled": true, "pwdExpirationDate": null, "pwdUpdateRequired": true}
2024-03-28T15:56:38.369 INFO:teuthology.orchestra.run.smithi003.stdout:/usr/bin/ceph: stderr
2024-03-28T15:56:36.776+0000 7f186d200700 1 Processor -- start
2024-03-28T15:56:38.369 INFO:teuthology.orchestra.run.smithi003.stdout:/usr/bin/ceph: stderr
2024-03-28T15:56:36.776+0000 7f186d200700 1 -- start start
2024-03-28T15:56:38.369 INFO:teuthology.orchestra.run.smithi003.stdout:/usr/bin/ceph: stderr
2024-03-28T15:56:36.777+0000 7f186d200700 1 --2- >> [v2:172.21.15.3:3300/0,v1:172.21.15.3:6789/0] conn(0x7f18681015d0 0x7f18681019e0 unknown :-1 s=NONE pgs=0 cs=0 l=0 rev1=0 crypto rx=0 tx=0 comp rx=0 tx=0).connect
2024-03-28T15:56:38.369 INFO:teuthology.orchestra.run.smithi003.stdout:/usr/bin/ceph: stderr
2024-03-28T15:56:36.777+0000 7f186d200700 1 -- --> [v2:172.21.15.3:3300/0,v1:172.21.15.3:6789/0] -- mon_getmap magic: 0 v1 -- 0x7f1868101f20 con 0x7f18681015d0
2024-03-28T15:56:38.369 INFO:teuthology.orchestra.run.smithi003.stdout:/usr/bin/ceph: stderr
2024-03-28T15:56:36.777+0000 7f1865e00700 1 --2- >> [v2:172.21.15.3:3300/0,v1:172.21.15.3:6789/0] conn(0x7f18681015d0 0x7f18681019e0 unknown :-1 s=BANNER_CONNECTING pgs=0 cs=0 l=0 rev1=0 crypto rx=0 tx=0 comp rx=0 tx=0)._handle_peer_banner_payload supported=3 required=0
2024-03-28T15:56:38.369 INFO:teuthology.orchestra.run.smithi003.stdout:/usr/bin/ceph: stderr
2024-03-28T15:56:36.777+0000 7f1865e00700 1 --2- >> [v2:172.21.15.3:3300/0,v1:172.21.15.3:6789/0] conn(0x7f18681015d0 0x7f18681019e0 unknown :-1 s=HELLO_CONNECTING pgs=0 cs=0 l=0 rev1=1 crypto rx=0 tx=0 comp rx=0 tx=0).handle_hello peer v2:172.21.15.3:3300/0 says I am v2:172.21.15.3:43254/0 (socket says 172.21.15.3:43254)
2024-03-28T15:56:38.369 INFO:teuthology.orchestra.run.smithi003.stdout:/usr/bin/ceph: stderr
2024-03-28T15:56:36.777+0000 7f1865e00700 1 -- 172.21.15.3:0/2054722474 learned_addr learned my addr 172.21.15.3:0/2054722474 (peer_addr_for_me v2:172.21.15.3:0/0)
2024-03-28T15:56:38.373 INFO:teuthology.orchestra.run.smithi003.stdout:/usr/bin/ceph: stderr
2024-03-28T15:56:36.778+0000 7f1865e00700 1 -- 172.21.15.3:0/2054722474 --> [v2:172.21.15.3:3300/0,v1:172.21.15.3:6789/0] -- mon_subscribe({config=0+,monmap=0+}) v3 -- 0x7f1868102060 con 0x7f18681015d0
2024-03-28T15:56:38.373 INFO:teuthology.orchestra.run.smithi003.stdout:/usr/bin/ceph: stderr
2024-03-28T15:56:36.778+0000 7f1865e00700 1 --2- 172.21.15.3:0/2054722474 >> [v2:172.21.15.3:3300/0,v1:172.21.15.3:6789/0] conn(0x7f18681015d0 0x7f18681019e0 secure :-1 s=READY pgs=82 cs=0 l=1 rev1=1 crypto rx=0x7f18580098e0 tx=0x7f1858009250 comp rx=0 tx=0).ready entity=mon.0 client_cookie=7fa1e3b1bc51b29e server_cookie=0 in_seq=0 out_seq=0
2024-03-28T15:56:38.373 INFO:teuthology.orchestra.run.smithi003.stdout:/usr/bin/ceph: stderr
2024-03-28T15:56:36.778+0000 7f1864a00700 1 -- 172.21.15.3:0/2054722474 <== mon.0 v2:172.21.15.3:3300/0 1 ==== mon_map magic: 0 v1 ==== 229+0+0 (secure 0 0 0) 0x7f185800b860 con 0x7f18681015d0
2024-03-28T15:56:38.373 INFO:teuthology.orchestra.run.smithi003.stdout:/usr/bin/ceph: stderr
2024-03-28T15:56:36.778+0000 7f1864a00700 1 -- 172.21.15.3:0/2054722474 <== mon.0 v2:172.21.15.3:3300/0 2 ==== config(27 keys) v1 ==== 1109+0+0 (secure 0 0 0) 0x7f185800be90 con 0x7f18681015d0
2024-03-28T15:56:38.373 INFO:teuthology.orchestra.run.smithi003.stdout:/usr/bin/ceph: stderr
2024-03-28T15:56:36.778+0000 7f1864a00700 1 -- 172.21.15.3:0/2054722474 <== mon.0 v2:172.21.15.3:3300/0 3 ==== mon_map magic: 0 v1 ==== 229+0+0 (secure 0 0 0) 0x7f18580103c0 con 0x7f18681015d0
2024-03-28T15:56:38.373 INFO:teuthology.orchestra.run.smithi003.stdout:/usr/bin/ceph: stderr
2024-03-28T15:56:36.779+0000 7f186d200700 1 -- 172.21.15.3:0/2054722474 >> [v2:172.21.15.3:3300/0,v1:172.21.15.3:6789/0] conn(0x7f18681015d0 msgr2=0x7f18681019e0 secure :-1 s=STATE_CONNECTION_ESTABLISHED l=1).mark_down
2024-03-28T15:56:38.373 INFO:teuthology.orchestra.run.smithi003.stdout:/usr/bin/ceph: stderr
2024-03-28T15:56:36.779+0000 7f186d200700 1 --2- 172.21.15.3:0/2054722474 >> [v2:172.21.15.3:3300/0,v1:172.21.15.3:6789/0] conn(0x7f18681015d0 0x7f18681019e0 secure :-1 s=READY pgs=82 cs=0 l=1 rev1=1 crypto rx=0x7f18580098e0 tx=0x7f1858009250 comp rx=0 tx=0).stop
2024-03-28T15:56:38.373 INFO:teuthology.orchestra.run.smithi003.stdout:/usr/bin/ceph: stderr
2024-03-28T15:56:36.779+0000 7f186d200700 1 -- 172.21.15.3:0/2054722474 shutdown_connections
2024-03-28T15:56:38.373 INFO:teuthology.orchestra.run.smithi003.stdout:/usr/bin/ceph: stderr
2024-03-28T15:56:36.779+0000 7f186d200700 1 --2- 172.21.15.3:0/2054722474 >> [v2:172.21.15.3:3300/0,v1:172.21.15.3:6789/0] conn(0x7f18681015d0 0x7f18681019e0 unknown :-1 s=CLOSED pgs=82 cs=0 l=1 rev1=1 crypto rx=0 tx=0 comp rx=0 tx=0).stop
2024-03-28T15:56:38.373 INFO:teuthology.orchestra.run.smithi003.stdout:/usr/bin/ceph: stderr
2024-03-28T15:56:36.779+0000 7f186d200700 1 -- 172.21.15.3:0/2054722474 >> 172.21.15.3:0/2054722474 conn(0x7f18680fcd50 msgr2=0x7f18680ff160 unknown :-1 s=STATE_NONE l=0).mark_down
2024-03-28T15:56:38.374 INFO:teuthology.orchestra.run.smithi003.stdout:/usr/bin/ceph: stderr
2024-03-28T15:56:36.780+0000 7f186d200700 1 -- 172.21.15.3:0/2054722474 shutdown_connections
2024-03-28T15:56:38.374 INFO:teuthology.orchestra.run.smithi003.stdout:/usr/bin/ceph: stderr
2024-03-28T15:56:36.780+0000 7f186d200700 1 -- 172.21.15.3:0/2054722474 wait complete.
2024-03-28T15:56:38.374 INFO:teuthology.orchestra.run.smithi003.stdout:/usr/bin/ceph: stderr
2024-03-28T15:56:36.780+0000 7f186d200700 1 Processor -- start
2024-03-28T15:56:38.374 INFO:teuthology.orchestra.run.smithi003.stdout:/usr/bin/ceph: stderr
2024-03-28T15:56:36.781+0000 7f186d200700 1 -- start start
2024-03-28T15:56:38.374 INFO:teuthology.orchestra.run.smithi003.stdout:/usr/bin/ceph: stderr
2024-03-28T15:56:36.781+0000 7f186d200700 1 --2- >> [v2:172.21.15.3:3300/0,v1:172.21.15.3:6789/0] conn(0x7f18681015d0 0x7f186810f390 unknown :-1 s=NONE pgs=0 cs=0 l=1 rev1=0 crypto rx=0 tx=0 comp rx=0 tx=0).connect
2024-03-28T15:56:38.374 INFO:teuthology.orchestra.run.smithi003.stdout:/usr/bin/ceph: stderr
2024-03-28T15:56:36.781+0000 7f186d200700 1 -- --> [v2:172.21.15.3:3300/0,v1:172.21.15.3:6789/0] -- mon_getmap magic: 0 v1 -- 0x7f186810f8d0 con 0x7f18681015d0
2024-03-28T15:56:38.374 INFO:teuthology.orchestra.run.smithi003.stdout:/usr/bin/ceph: stderr
2024-03-28T15:56:36.781+0000 7f1865e00700 1 --2- >> [v2:172.21.15.3:3300/0,v1:172.21.15.3:6789/0] conn(0x7f18681015d0 0x7f186810f390 unknown :-1 s=BANNER_CONNECTING pgs=0 cs=0 l=1 rev1=0 crypto rx=0 tx=0 comp rx=0 tx=0)._handle_peer_banner_payload supported=3 required=0
2024-03-28T15:56:38.374 INFO:teuthology.orchestra.run.smithi003.stdout:/usr/bin/ceph: stderr
2024-03-28T15:56:36.781+0000 7f1865e00700 1 --2- >> [v2:172.21.15.3:3300/0,v1:172.21.15.3:6789/0] conn(0x7f18681015d0 0x7f186810f390 unknown :-1 s=HELLO_CONNECTING pgs=0 cs=0 l=1 rev1=1 crypto rx=0 tx=0 comp rx=0 tx=0).handle_hello peer v2:172.21.15.3:3300/0 says I am v2:172.21.15.3:43262/0 (socket says 172.21.15.3:43262)
2024-03-28T15:56:38.374 INFO:teuthology.orchestra.run.smithi003.stdout:/usr/bin/ceph: stderr
2024-03-28T15:56:36.781+0000 7f1865e00700 1 -- 172.21.15.3:0/1549043987 learned_addr learned my addr 172.21.15.3:0/1549043987 (peer_addr_for_me v2:172.21.15.3:0/0)
2024-03-28T15:56:38.374 INFO:teuthology.orchestra.run.smithi003.stdout:/usr/bin/ceph: stderr
2024-03-28T15:56:36.782+0000 7f1865e00700 1 -- 172.21.15.3:0/1549043987 --> [v2:172.21.15.3:3300/0,v1:172.21.15.3:6789/0] -- mon_subscribe({config=0+,monmap=0+}) v3 -- 0x7f18580094f0 con 0x7f18681015d0
2024-03-28T15:56:38.374 INFO:teuthology.orchestra.run.smithi003.stdout:/usr/bin/ceph: stderr
2024-03-28T15:56:36.782+0000 7f1865e00700 1 --2- 172.21.15.3:0/1549043987 >> [v2:172.21.15.3:3300/0,v1:172.21.15.3:6789/0] conn(0x7f18681015d0 0x7f186810f390 secure :-1 s=READY pgs=83 cs=0 l=1 rev1=1 crypto rx=0x7f1858006b00 tx=0x7f1858009250 comp rx=0 tx=0).ready entity=mon.0 client_cookie=0 server_cookie=0 in_seq=0 out_seq=0
2024-03-28T15:56:38.374 INFO:teuthology.orchestra.run.smithi003.stdout:/usr/bin/ceph: stderr
2024-03-28T15:56:36.782+0000 7f185e000700 1 -- 172.21.15.3:0/1549043987 <== mon.0 v2:172.21.15.3:3300/0 1 ==== mon_map magic: 0 v1 ==== 229+0+0 (secure 0 0 0) 0x7f1858010840 con 0x7f18681015d0
2024-03-28T15:56:38.374 INFO:teuthology.orchestra.run.smithi003.stdout:/usr/bin/ceph: stderr
2024-03-28T15:56:36.782+0000 7f186d200700 1 -- 172.21.15.3:0/1549043987 --> [v2:172.21.15.3:3300/0,v1:172.21.15.3:6789/0] -- mon_subscribe({mgrmap=0+}) v3 -- 0x7f186810fad0 con 0x7f18681015d0
2024-03-28T15:56:38.375 INFO:teuthology.orchestra.run.smithi003.stdout:/usr/bin/ceph: stderr
2024-03-28T15:56:36.782+0000 7f185e000700 1 -- 172.21.15.3:0/1549043987 <== mon.0 v2:172.21.15.3:3300/0 2 ==== config(27 keys) v1 ==== 1109+0+0 (secure 0 0 0) 0x7f1858010e70 con 0x7f18681015d0
2024-03-28T15:56:38.375 INFO:teuthology.orchestra.run.smithi003.stdout:/usr/bin/ceph: stderr
2024-03-28T15:56:36.782+0000 7f185e000700 1 -- 172.21.15.3:0/1549043987 <== mon.0 v2:172.21.15.3:3300/0 3 ==== mon_map magic: 0 v1 ==== 229+0+0 (secure 0 0 0) 0x7f185801ae70 con 0x7f18681015d0
2024-03-28T15:56:38.375 INFO:teuthology.orchestra.run.smithi003.stdout:/usr/bin/ceph: stderr
2024-03-28T15:56:36.783+0000 7f186d200700 1 -- 172.21.15.3:0/1549043987 --> [v2:172.21.15.3:3300/0,v1:172.21.15.3:6789/0] -- mon_subscribe({osdmap=0}) v3 -- 0x7f186810ff60 con 0x7f18681015d0
2024-03-28T15:56:38.375 INFO:teuthology.orchestra.run.smithi003.stdout:/usr/bin/ceph: stderr
2024-03-28T15:56:36.784+0000 7f186d200700 1 -- 172.21.15.3:0/1549043987 --> [v2:172.21.15.3:3300/0,v1:172.21.15.3:6789/0] -- mon_command({"prefix": "get_command_descriptions"} v 0) v1 -- 0x7f186804bed0 con 0x7f18681015d0
2024-03-28T15:56:38.375 INFO:teuthology.orchestra.run.smithi003.stdout:/usr/bin/ceph: stderr
2024-03-28T15:56:36.784+0000 7f185e000700 1 -- 172.21.15.3:0/1549043987 <== mon.0 v2:172.21.15.3:3300/0 4 ==== mgrmap(e 12) v1 ==== 43381+0+0 (secure 0 0 0) 0x7f185801a780 con 0x7f18681015d0
2024-03-28T15:56:38.375 INFO:teuthology.orchestra.run.smithi003.stdout:/usr/bin/ceph: stderr
2024-03-28T15:56:36.785+0000 7f185e000700 1 --2- 172.21.15.3:0/1549043987 >> [v2:172.21.15.3:6800/888621910,v1:172.21.15.3:6801/888621910] conn(0x7f184c036860 0x7f184c038d10 unknown :-1 s=NONE pgs=0 cs=0 l=1 rev1=0 crypto rx=0 tx=0 comp rx=0 tx=0).connect
2024-03-28T15:56:38.377 INFO:teuthology.orchestra.run.smithi003.stdout:/usr/bin/ceph: stderr
2024-03-28T15:56:36.785+0000 7f185e000700 1 -- 172.21.15.3:0/1549043987 <== mon.0 v2:172.21.15.3:3300/0 5 ==== osd_map(3..3 src has 1..3) v4 ==== 1151+0+0 (secure 0 0 0) 0x7f185804ad10 con 0x7f18681015d0
2024-03-28T15:56:38.377 INFO:teuthology.orchestra.run.smithi003.stdout:/usr/bin/ceph: stderr
2024-03-28T15:56:36.785+0000 7f1865400700 1 --2- 172.21.15.3:0/1549043987 >> [v2:172.21.15.3:6800/888621910,v1:172.21.15.3:6801/888621910] conn(0x7f184c036860 0x7f184c038d10 unknown :-1 s=BANNER_CONNECTING pgs=0 cs=0 l=1 rev1=0 crypto rx=0 tx=0 comp rx=0 tx=0)._handle_peer_banner_payload supported=3 required=0
2024-03-28T15:56:38.377 INFO:teuthology.orchestra.run.smithi003.stdout:/usr/bin/ceph: stderr
2024-03-28T15:56:36.786+0000 7f1865400700 1 --2- 172.21.15.3:0/1549043987 >> [v2:172.21.15.3:6800/888621910,v1:172.21.15.3:6801/888621910] conn(0x7f184c036860 0x7f184c038d10 secure :-1 s=READY pgs=8 cs=0 l=1 rev1=1 crypto rx=0x7f1854009990 tx=0x7f1854006e40 comp rx=0 tx=0).ready entity=mgr.14162 client_cookie=0 server_cookie=0 in_seq=0 out_seq=0
2024-03-28T15:56:38.377 INFO:teuthology.orchestra.run.smithi003.stdout:/usr/bin/ceph: stderr
2024-03-28T15:56:36.790+0000 7f185e000700 1 -- 172.21.15.3:0/1549043987 <== mon.0 v2:172.21.15.3:3300/0 6 ==== mon_command_ack([{"prefix": "get_command_descriptions"}]=0 v0) v1 ==== 72+0+176504 (secure 0 0 0) 0x7f185801a430 con 0x7f18681015d0
2024-03-28T15:56:38.377 INFO:teuthology.orchestra.run.smithi003.stdout:/usr/bin/ceph: stderr
2024-03-28T15:56:37.042+0000 7f186d200700 1 -- 172.21.15.3:0/1549043987 --> [v2:172.21.15.3:6800/888621910,v1:172.21.15.3:6801/888621910] -- mgr_command(tid 0: {"prefix": "dashboard ac-user-create", "username": "admin", "rolename": "administrator", "force_password": true, "pwd_update_required": true, "target": ["mon-mgr", ""]}) v1 -- 0x7f186805f410 con 0x7f184c036860
2024-03-28T15:56:38.377 INFO:teuthology.orchestra.run.smithi003.stdout:/usr/bin/ceph: stderr
2024-03-28T15:56:37.325+0000 7f185e000700 1 -- 172.21.15.3:0/1549043987 <== mgr.14162 v2:172.21.15.3:6800/888621910 1 ==== mgr_command_reply(tid 0: 0 ) v1 ==== 8+0+252 (secure 0 0 0) 0x7f186805f410 con 0x7f184c036860
2024-03-28T15:56:38.377 INFO:teuthology.orchestra.run.smithi003.stdout:/usr/bin/ceph: stderr
2024-03-28T15:56:37.328+0000 7f186d200700 1 -- 172.21.15.3:0/1549043987 >> [v2:172.21.15.3:6800/888621910,v1:172.21.15.3:6801/888621910] conn(0x7f184c036860 msgr2=0x7f184c038d10 secure :-1 s=STATE_CONNECTION_ESTABLISHED l=1).mark_down
2024-03-28T15:56:38.377 INFO:teuthology.orchestra.run.smithi003.stdout:/usr/bin/ceph: stderr
2024-03-28T15:56:37.328+0000 7f186d200700 1 --2- 172.21.15.3:0/1549043987 >> [v2:172.21.15.3:6800/888621910,v1:172.21.15.3:6801/888621910] conn(0x7f184c036860 0x7f184c038d10 secure :-1 s=READY pgs=8 cs=0 l=1 rev1=1 crypto rx=0x7f1854009990 tx=0x7f1854006e40 comp rx=0 tx=0).stop
2024-03-28T15:56:38.377 INFO:teuthology.orchestra.run.smithi003.stdout:/usr/bin/ceph: stderr
2024-03-28T15:56:37.328+0000 7f186d200700 1 -- 172.21.15.3:0/1549043987 >> [v2:172.21.15.3:3300/0,v1:172.21.15.3:6789/0] conn(0x7f18681015d0 msgr2=0x7f186810f390 secure :-1 s=STATE_CONNECTION_ESTABLISHED l=1).mark_down
2024-03-28T15:56:38.377 INFO:teuthology.orchestra.run.smithi003.stdout:/usr/bin/ceph: stderr
2024-03-28T15:56:37.328+0000 7f186d200700 1 --2- 172.21.15.3:0/1549043987 >> [v2:172.21.15.3:3300/0,v1:172.21.15.3:6789/0] conn(0x7f18681015d0 0x7f186810f390 secure :-1 s=READY pgs=83 cs=0 l=1 rev1=1 crypto rx=0x7f1858006b00 tx=0x7f1858009250 comp rx=0 tx=0).stop
2024-03-28T15:56:38.377 INFO:teuthology.orchestra.run.smithi003.stdout:/usr/bin/ceph: stderr
2024-03-28T15:56:37.328+0000 7f186d200700 1 -- 172.21.15.3:0/1549043987 shutdown_connections
2024-03-28T15:56:38.378 INFO:teuthology.orchestra.run.smithi003.stdout:/usr/bin/ceph: stderr
2024-03-28T15:56:37.328+0000 7f186d200700 1 --2- 172.21.15.3:0/1549043987 >> [v2:172.21.15.3:6800/888621910,v1:172.21.15.3:6801/888621910] conn(0x7f184c036860 0x7f184c038d10 unknown :-1 s=CLOSED pgs=8 cs=0 l=1 rev1=1 crypto rx=0 tx=0 comp rx=0 tx=0).stop
2024-03-28T15:56:38.378 INFO:teuthology.orchestra.run.smithi003.stdout:/usr/bin/ceph: stderr
2024-03-28T15:56:37.328+0000 7f186d200700 1 --2- 172.21.15.3:0/1549043987 >> [v2:172.21.15.3:3300/0,v1:172.21.15.3:6789/0] conn(0x7f18681015d0 0x7f186810f390 unknown :-1 s=CLOSED pgs=83 cs=0 l=1 rev1=1 crypto rx=0 tx=0 comp rx=0 tx=0).stop
2024-03-28T15:56:38.378 INFO:teuthology.orchestra.run.smithi003.stdout:/usr/bin/ceph: stderr
2024-03-28T15:56:37.328+0000 7f186d200700 1 -- 172.21.15.3:0/1549043987 >> 172.21.15.3:0/1549043987 conn(0x7f18680fcd50 msgr2=0x7f1868105bb0 unknown :-1 s=STATE_NONE l=0).mark_down
2024-03-28T15:56:38.378 INFO:teuthology.orchestra.run.smithi003.stdout:/usr/bin/ceph: stderr
2024-03-28T15:56:37.328+0000 7f186d200700 1 -- 172.21.15.3:0/1549043987 shutdown_connections
2024-03-28T15:56:38.378 INFO:teuthology.orchestra.run.smithi003.stdout:/usr/bin/ceph: stderr
2024-03-28T15:56:37.328+0000 7f186d200700 1 -- 172.21.15.3:0/1549043987 wait complete.
2024-03-28T15:56:38.378 INFO:teuthology.orchestra.run.smithi003.stdout:Fetching dashboard port number...
2024-03-28T15:56:38.486 INFO:journalctl@ceph.mon.smithi003.smithi003.stdout:Mar 28 15:56:38 smithi003 ceph-mon[29330]: from='client.14176 -' entity='client.admin' cmd=[{"prefix": "dashboard ac-user-create", "username": "admin", "rolename": "administrator", "force_password": true, "pwd_update_required": true, "target": ["mon-mgr", ""]}]: dispatch
2024-03-28T15:56:38.486 INFO:journalctl@ceph.mon.smithi003.smithi003.stdout:Mar 28 15:56:38 smithi003 ceph-mon[29330]: from='mgr.14162 172.21.15.3:0/306643161' entity='mgr.smithi003.jupeer'
2024-03-28T15:56:39.622 INFO:journalctl@ceph.mon.smithi003.smithi003.stdout:Mar 28 15:56:39 smithi003 ceph-mon[29330]: from='client.? 172.21.15.3:0/96904685' entity='client.admin' cmd=[{"prefix": "config get", "who": "mgr", "key": "mgr/dashboard/ssl_server_port"}]: dispatch
2024-03-28T15:56:39.913 INFO:teuthology.orchestra.run.smithi003.stdout:/usr/bin/ceph: stdout 8443
2024-03-28T15:56:39.913 INFO:teuthology.orchestra.run.smithi003.stdout:/usr/bin/ceph: stderr
2024-03-28T15:56:39.022+0000 7f73b0200700 1 Processor -- start
2024-03-28T15:56:39.913 INFO:teuthology.orchestra.run.smithi003.stdout:/usr/bin/ceph: stderr
2024-03-28T15:56:39.022+0000 7f73b0200700 1 -- start start
2024-03-28T15:56:39.913 INFO:teuthology.orchestra.run.smithi003.stdout:/usr/bin/ceph: stderr
2024-03-28T15:56:39.023+0000 7f73b0200700 1 --2- >> [v2:172.21.15.3:3300/0,v1:172.21.15.3:6789/0] conn(0x7f73a8077ba0 0x7f73a80760b0 unknown :-1 s=NONE pgs=0 cs=0 l=0 rev1=0 crypto rx=0 tx=0 comp rx=0 tx=0).connect
2024-03-28T15:56:39.913 INFO:teuthology.orchestra.run.smithi003.stdout:/usr/bin/ceph: stderr
2024-03-28T15:56:39.023+0000 7f73b0200700 1 -- --> [v2:172.21.15.3:3300/0,v1:172.21.15.3:6789/0] -- mon_getmap magic: 0 v1 -- 0x7f73a8077fb0 con 0x7f73a8077ba0
2024-03-28T15:56:39.915 INFO:teuthology.orchestra.run.smithi003.stdout:/usr/bin/ceph: stderr
2024-03-28T15:56:39.023+0000 7f73ad800700 1 --2- >> [v2:172.21.15.3:3300/0,v1:172.21.15.3:6789/0] conn(0x7f73a8077ba0 0x7f73a80760b0 unknown :-1 s=BANNER_CONNECTING pgs=0 cs=0 l=0 rev1=0 crypto rx=0 tx=0 comp rx=0 tx=0)._handle_peer_banner_payload supported=3 required=0
2024-03-28T15:56:39.915 INFO:teuthology.orchestra.run.smithi003.stdout:/usr/bin/ceph: stderr
2024-03-28T15:56:39.023+0000 7f73ad800700 1 --2- >> [v2:172.21.15.3:3300/0,v1:172.21.15.3:6789/0] conn(0x7f73a8077ba0 0x7f73a80760b0 unknown :-1 s=HELLO_CONNECTING pgs=0 cs=0 l=0 rev1=1 crypto rx=0 tx=0 comp rx=0 tx=0).handle_hello peer v2:172.21.15.3:3300/0 says I am v2:172.21.15.3:43270/0 (socket says 172.21.15.3:43270)
2024-03-28T15:56:39.915 INFO:teuthology.orchestra.run.smithi003.stdout:/usr/bin/ceph: stderr
2024-03-28T15:56:39.023+0000 7f73ad800700 1 -- 172.21.15.3:0/3730801799 learned_addr learned my addr 172.21.15.3:0/3730801799 (peer_addr_for_me v2:172.21.15.3:0/0)
2024-03-28T15:56:39.915 INFO:teuthology.orchestra.run.smithi003.stdout:/usr/bin/ceph: stderr
2024-03-28T15:56:39.024+0000 7f73ad800700 1 -- 172.21.15.3:0/3730801799 --> [v2:172.21.15.3:3300/0,v1:172.21.15.3:6789/0] -- mon_subscribe({config=0+,monmap=0+}) v3 -- 0x7f73a80765f0 con 0x7f73a8077ba0
2024-03-28T15:56:39.915 INFO:teuthology.orchestra.run.smithi003.stdout:/usr/bin/ceph: stderr
2024-03-28T15:56:39.024+0000 7f73ad800700 1 --2- 172.21.15.3:0/3730801799 >> [v2:172.21.15.3:3300/0,v1:172.21.15.3:6789/0] conn(0x7f73a8077ba0 0x7f73a80760b0 secure :-1 s=READY pgs=84 cs=0 l=1 rev1=1 crypto rx=0x7f739c0098e0 tx=0x7f739c009250 comp rx=0 tx=0).ready entity=mon.0 client_cookie=f0804909aa78c213 server_cookie=0 in_seq=0 out_seq=0
2024-03-28T15:56:39.915 INFO:teuthology.orchestra.run.smithi003.stdout:/usr/bin/ceph: stderr
2024-03-28T15:56:39.024+0000 7f73a7e00700 1 -- 172.21.15.3:0/3730801799 <== mon.0 v2:172.21.15.3:3300/0 1 ==== mon_map magic: 0 v1 ==== 229+0+0 (secure 0 0 0) 0x7f739c00b860 con 0x7f73a8077ba0
2024-03-28T15:56:39.915 INFO:teuthology.orchestra.run.smithi003.stdout:/usr/bin/ceph: stderr
2024-03-28T15:56:39.024+0000 7f73a7e00700 1 -- 172.21.15.3:0/3730801799 <== mon.0 v2:172.21.15.3:3300/0 2 ==== config(27 keys) v1 ==== 1109+0+0 (secure 0 0 0) 0x7f739c00be90 con 0x7f73a8077ba0
2024-03-28T15:56:39.915 INFO:teuthology.orchestra.run.smithi003.stdout:/usr/bin/ceph: stderr
2024-03-28T15:56:39.024+0000 7f73a7e00700 1 -- 172.21.15.3:0/3730801799 <== mon.0 v2:172.21.15.3:3300/0 3 ==== mon_map magic: 0 v1 ==== 229+0+0 (secure 0 0 0) 0x7f739c0103c0 con 0x7f73a8077ba0
2024-03-28T15:56:39.915 INFO:teuthology.orchestra.run.smithi003.stdout:/usr/bin/ceph: stderr
2024-03-28T15:56:39.025+0000 7f73b0200700 1 -- 172.21.15.3:0/3730801799 >> [v2:172.21.15.3:3300/0,v1:172.21.15.3:6789/0] conn(0x7f73a8077ba0 msgr2=0x7f73a80760b0 secure :-1 s=STATE_CONNECTION_ESTABLISHED l=1).mark_down
2024-03-28T15:56:39.916 INFO:teuthology.orchestra.run.smithi003.stdout:/usr/bin/ceph: stderr
2024-03-28T15:56:39.025+0000 7f73b0200700 1 --2- 172.21.15.3:0/3730801799 >> [v2:172.21.15.3:3300/0,v1:172.21.15.3:6789/0] conn(0x7f73a8077ba0 0x7f73a80760b0 secure :-1 s=READY pgs=84 cs=0 l=1 rev1=1 crypto rx=0x7f739c0098e0 tx=0x7f739c009250 comp rx=0 tx=0).stop
2024-03-28T15:56:39.916 INFO:teuthology.orchestra.run.smithi003.stdout:/usr/bin/ceph: stderr
2024-03-28T15:56:39.025+0000 7f73b0200700 1 -- 172.21.15.3:0/3730801799 shutdown_connections
2024-03-28T15:56:39.916 INFO:teuthology.orchestra.run.smithi003.stdout:/usr/bin/ceph: stderr
2024-03-28T15:56:39.025+0000 7f73b0200700 1 --2- 172.21.15.3:0/3730801799 >> [v2:172.21.15.3:3300/0,v1:172.21.15.3:6789/0] conn(0x7f73a8077ba0 0x7f73a80760b0 unknown :-1 s=CLOSED pgs=84 cs=0 l=1 rev1=1 crypto rx=0 tx=0 comp rx=0 tx=0).stop
2024-03-28T15:56:39.916 INFO:teuthology.orchestra.run.smithi003.stdout:/usr/bin/ceph: stderr
2024-03-28T15:56:39.025+0000 7f73b0200700 1 -- 172.21.15.3:0/3730801799 >> 172.21.15.3:0/3730801799 conn(0x7f73a80fde70 msgr2=0x7f73a8100280 unknown :-1 s=STATE_NONE l=0).mark_down
2024-03-28T15:56:39.916 INFO:teuthology.orchestra.run.smithi003.stdout:/usr/bin/ceph: stderr
2024-03-28T15:56:39.026+0000 7f73b0200700 1 -- 172.21.15.3:0/3730801799 shutdown_connections
2024-03-28T15:56:39.916 INFO:teuthology.orchestra.run.smithi003.stdout:/usr/bin/ceph: stderr
2024-03-28T15:56:39.026+0000 7f73b0200700 1 -- 172.21.15.3:0/3730801799 wait complete.
2024-03-28T15:56:39.916 INFO:teuthology.orchestra.run.smithi003.stdout:/usr/bin/ceph: stderr
2024-03-28T15:56:39.026+0000 7f73b0200700 1 Processor -- start
2024-03-28T15:56:39.919 INFO:teuthology.orchestra.run.smithi003.stdout:/usr/bin/ceph: stderr
2024-03-28T15:56:39.027+0000 7f73b0200700 1 -- start start
2024-03-28T15:56:39.919 INFO:teuthology.orchestra.run.smithi003.stdout:/usr/bin/ceph: stderr
2024-03-28T15:56:39.027+0000 7f73b0200700 1 --2- >> [v2:172.21.15.3:3300/0,v1:172.21.15.3:6789/0] conn(0x7f73a8077ba0 0x7f73a81137e0 unknown :-1 s=NONE pgs=0 cs=0 l=1 rev1=0 crypto rx=0 tx=0 comp rx=0 tx=0).connect
2024-03-28T15:56:39.920 INFO:teuthology.orchestra.run.smithi003.stdout:/usr/bin/ceph: stderr
2024-03-28T15:56:39.027+0000 7f73b0200700 1 -- --> [v2:172.21.15.3:3300/0,v1:172.21.15.3:6789/0] -- mon_getmap magic: 0 v1 -- 0x7f73a8113d20 con 0x7f73a8077ba0
2024-03-28T15:56:39.920 INFO:teuthology.orchestra.run.smithi003.stdout:/usr/bin/ceph: stderr
2024-03-28T15:56:39.027+0000 7f73ad800700 1 --2- >> [v2:172.21.15.3:3300/0,v1:172.21.15.3:6789/0] conn(0x7f73a8077ba0 0x7f73a81137e0 unknown :-1 s=BANNER_CONNECTING pgs=0 cs=0 l=1 rev1=0 crypto rx=0 tx=0 comp rx=0 tx=0)._handle_peer_banner_payload supported=3 required=0
2024-03-28T15:56:39.920 INFO:teuthology.orchestra.run.smithi003.stdout:/usr/bin/ceph: stderr
2024-03-28T15:56:39.027+0000 7f73ad800700 1 --2- >> [v2:172.21.15.3:3300/0,v1:172.21.15.3:6789/0] conn(0x7f73a8077ba0 0x7f73a81137e0 unknown :-1 s=HELLO_CONNECTING pgs=0 cs=0 l=1 rev1=1 crypto rx=0 tx=0 comp rx=0 tx=0).handle_hello peer v2:172.21.15.3:3300/0 says I am v2:172.21.15.3:43278/0 (socket says 172.21.15.3:43278)
2024-03-28T15:56:39.920 INFO:teuthology.orchestra.run.smithi003.stdout:/usr/bin/ceph: stderr
2024-03-28T15:56:39.027+0000 7f73ad800700 1 -- 172.21.15.3:0/96904685 learned_addr learned my addr 172.21.15.3:0/96904685 (peer_addr_for_me v2:172.21.15.3:0/0)
2024-03-28T15:56:39.920 INFO:teuthology.orchestra.run.smithi003.stdout:/usr/bin/ceph: stderr
2024-03-28T15:56:39.028+0000 7f73ad800700 1 -- 172.21.15.3:0/96904685 --> [v2:172.21.15.3:3300/0,v1:172.21.15.3:6789/0] -- mon_subscribe({config=0+,monmap=0+}) v3 -- 0x7f739c0094f0 con 0x7f73a8077ba0
2024-03-28T15:56:39.920 INFO:teuthology.orchestra.run.smithi003.stdout:/usr/bin/ceph: stderr
2024-03-28T15:56:39.028+0000 7f73ad800700 1 --2- 172.21.15.3:0/96904685 >> [v2:172.21.15.3:3300/0,v1:172.21.15.3:6789/0] conn(0x7f73a8077ba0 0x7f73a81137e0 secure :-1 s=READY pgs=85 cs=0 l=1 rev1=1 crypto rx=0x7f739c006d40 tx=0x7f739c009250 comp rx=0 tx=0).ready entity=mon.0 client_cookie=0 server_cookie=0 in_seq=0 out_seq=0
2024-03-28T15:56:39.920 INFO:teuthology.orchestra.run.smithi003.stdout:/usr/bin/ceph: stderr
2024-03-28T15:56:39.028+0000 7f73a5600700 1 -- 172.21.15.3:0/96904685 <== mon.0 v2:172.21.15.3:3300/0 1 ==== mon_map magic: 0 v1 ==== 229+0+0 (secure 0 0 0) 0x7f739c010840 con 0x7f73a8077ba0
2024-03-28T15:56:39.920 INFO:teuthology.orchestra.run.smithi003.stdout:/usr/bin/ceph: stderr
2024-03-28T15:56:39.028+0000 7f73a5600700 1 -- 172.21.15.3:0/96904685 <== mon.0 v2:172.21.15.3:3300/0 2 ==== config(27 keys) v1 ==== 1109+0+0 (secure 0 0 0) 0x7f739c010e70 con 0x7f73a8077ba0
2024-03-28T15:56:39.920 INFO:teuthology.orchestra.run.smithi003.stdout:/usr/bin/ceph: stderr
2024-03-28T15:56:39.028+0000 7f73a5600700 1 -- 172.21.15.3:0/96904685 <== mon.0 v2:172.21.15.3:3300/0 3 ==== mon_map magic: 0 v1 ==== 229+0+0 (secure 0 0 0) 0x7f739c024ea0 con 0x7f73a8077ba0
2024-03-28T15:56:39.920 INFO:teuthology.orchestra.run.smithi003.stdout:/usr/bin/ceph: stderr
2024-03-28T15:56:39.028+0000 7f73b0200700 1 -- 172.21.15.3:0/96904685 --> [v2:172.21.15.3:3300/0,v1:172.21.15.3:6789/0] -- mon_subscribe({mgrmap=0+}) v3 -- 0x7f73a8113f20 con 0x7f73a8077ba0
2024-03-28T15:56:39.920 INFO:teuthology.orchestra.run.smithi003.stdout:/usr/bin/ceph: stderr
2024-03-28T15:56:39.028+0000 7f73b0200700 1 -- 172.21.15.3:0/96904685 --> [v2:172.21.15.3:3300/0,v1:172.21.15.3:6789/0] -- mon_subscribe({osdmap=0}) v3 -- 0x7f73a8114a90 con 0x7f73a8077ba0
2024-03-28T15:56:39.920 INFO:teuthology.orchestra.run.smithi003.stdout:/usr/bin/ceph: stderr
2024-03-28T15:56:39.030+0000 7f73a5600700 1 -- 172.21.15.3:0/96904685 <== mon.0 v2:172.21.15.3:3300/0 4 ==== mgrmap(e 12) v1 ==== 43381+0+0 (secure 0 0 0) 0x7f739c024780 con 0x7f73a8077ba0
2024-03-28T15:56:39.920 INFO:teuthology.orchestra.run.smithi003.stdout:/usr/bin/ceph: stderr
2024-03-28T15:56:39.030+0000 7f73b0200700 1 -- 172.21.15.3:0/96904685 --> [v2:172.21.15.3:3300/0,v1:172.21.15.3:6789/0] -- mon_command({"prefix": "get_command_descriptions"} v 0) v1 -- 0x7f73a805f5f0 con 0x7f73a8077ba0
2024-03-28T15:56:39.920 INFO:teuthology.orchestra.run.smithi003.stdout:/usr/bin/ceph: stderr
2024-03-28T15:56:39.030+0000 7f73a5600700 1 --2- 172.21.15.3:0/96904685 >> [v2:172.21.15.3:6800/888621910,v1:172.21.15.3:6801/888621910] conn(0x7f73900367e0 0x7f7390038c90 unknown :-1 s=NONE pgs=0 cs=0 l=1 rev1=0 crypto rx=0 tx=0 comp rx=0 tx=0).connect
2024-03-28T15:56:39.921 INFO:teuthology.orchestra.run.smithi003.stdout:/usr/bin/ceph: stderr
2024-03-28T15:56:39.030+0000 7f73a5600700 1 -- 172.21.15.3:0/96904685 <== mon.0 v2:172.21.15.3:3300/0 5 ==== osd_map(3..3 src has 1..3) v4 ==== 1151+0+0 (secure 0 0 0) 0x7f739c04a830 con 0x7f73a8077ba0
2024-03-28T15:56:39.921 INFO:teuthology.orchestra.run.smithi003.stdout:/usr/bin/ceph: stderr
2024-03-28T15:56:39.031+0000 7f73ace00700 1 --2- 172.21.15.3:0/96904685 >> [v2:172.21.15.3:6800/888621910,v1:172.21.15.3:6801/888621910] conn(0x7f73900367e0 0x7f7390038c90 unknown :-1 s=BANNER_CONNECTING pgs=0 cs=0 l=1 rev1=0 crypto rx=0 tx=0 comp rx=0 tx=0)._handle_peer_banner_payload supported=3 required=0
2024-03-28T15:56:39.921 INFO:teuthology.orchestra.run.smithi003.stdout:/usr/bin/ceph: stderr
2024-03-28T15:56:39.031+0000 7f73ace00700 1 --2- 172.21.15.3:0/96904685 >> [v2:172.21.15.3:6800/888621910,v1:172.21.15.3:6801/888621910] conn(0x7f73900367e0 0x7f7390038c90 secure :-1 s=READY pgs=9 cs=0 l=1 rev1=1 crypto rx=0x7f7394009990 tx=0x7f7394006e40 comp rx=0 tx=0).ready entity=mgr.14162 client_cookie=0 server_cookie=0 in_seq=0 out_seq=0
2024-03-28T15:56:39.921 INFO:teuthology.orchestra.run.smithi003.stdout:/usr/bin/ceph: stderr
2024-03-28T15:56:39.036+0000 7f73a5600700 1 -- 172.21.15.3:0/96904685 <== mon.0 v2:172.21.15.3:3300/0 6 ==== mon_command_ack([{"prefix": "get_command_descriptions"}]=0 v0) v1 ==== 72+0+176504 (secure 0 0 0) 0x7f739c02c930 con 0x7f73a8077ba0
2024-03-28T15:56:39.921 INFO:teuthology.orchestra.run.smithi003.stdout:/usr/bin/ceph: stderr
2024-03-28T15:56:39.250+0000 7f73b0200700 1 -- 172.21.15.3:0/96904685 --> [v2:172.21.15.3:3300/0,v1:172.21.15.3:6789/0] -- mon_command({"prefix": "config get", "who": "mgr", "key": "mgr/dashboard/ssl_server_port"} v 0) v1 -- 0x7f73a804bed0 con 0x7f73a8077ba0
2024-03-28T15:56:39.921 INFO:teuthology.orchestra.run.smithi003.stdout:/usr/bin/ceph: stderr
2024-03-28T15:56:39.251+0000 7f73a5600700 1 -- 172.21.15.3:0/96904685 <== mon.0 v2:172.21.15.3:3300/0 7 ==== mon_command_ack([{"prefix": "config get", "who": "mgr", "key": "mgr/dashboard/ssl_server_port"}]=0 v8) v1 ==== 112+0+5 (secure 0 0 0) 0x7f739c02c340 con 0x7f73a8077ba0
2024-03-28T15:56:39.921 INFO:teuthology.orchestra.run.smithi003.stdout:/usr/bin/ceph: stderr
2024-03-28T15:56:39.254+0000 7f73b0200700 1 -- 172.21.15.3:0/96904685 >> [v2:172.21.15.3:6800/888621910,v1:172.21.15.3:6801/888621910] conn(0x7f73900367e0 msgr2=0x7f7390038c90 secure :-1 s=STATE_CONNECTION_ESTABLISHED l=1).mark_down
2024-03-28T15:56:39.921 INFO:teuthology.orchestra.run.smithi003.stdout:/usr/bin/ceph: stderr
2024-03-28T15:56:39.254+0000 7f73b0200700 1 --2- 172.21.15.3:0/96904685 >> [v2:172.21.15.3:6800/888621910,v1:172.21.15.3:6801/888621910] conn(0x7f73900367e0 0x7f7390038c90 secure :-1 s=READY pgs=9 cs=0 l=1 rev1=1 crypto rx=0x7f7394009990 tx=0x7f7394006e40 comp rx=0 tx=0).stop
2024-03-28T15:56:39.921 INFO:teuthology.orchestra.run.smithi003.stdout:/usr/bin/ceph: stderr
2024-03-28T15:56:39.254+0000 7f73b0200700 1 -- 172.21.15.3:0/96904685 >> [v2:172.21.15.3:3300/0,v1:172.21.15.3:6789/0] conn(0x7f73a8077ba0 msgr2=0x7f73a81137e0 secure :-1 s=STATE_CONNECTION_ESTABLISHED l=1).mark_down
2024-03-28T15:56:39.921 INFO:teuthology.orchestra.run.smithi003.stdout:/usr/bin/ceph: stderr
2024-03-28T15:56:39.254+0000 7f73b0200700 1 --2- 172.21.15.3:0/96904685 >> [v2:172.21.15.3:3300/0,v1:172.21.15.3:6789/0] conn(0x7f73a8077ba0 0x7f73a81137e0 secure :-1 s=READY pgs=85 cs=0 l=1 rev1=1 crypto rx=0x7f739c006d40 tx=0x7f739c009250 comp rx=0 tx=0).stop
2024-03-28T15:56:39.921 INFO:teuthology.orchestra.run.smithi003.stdout:/usr/bin/ceph: stderr
2024-03-28T15:56:39.254+0000 7f73b0200700 1 -- 172.21.15.3:0/96904685 shutdown_connections
2024-03-28T15:56:39.921 INFO:teuthology.orchestra.run.smithi003.stdout:/usr/bin/ceph: stderr
2024-03-28T15:56:39.254+0000 7f73b0200700 1 --2- 172.21.15.3:0/96904685 >> [v2:172.21.15.3:6800/888621910,v1:172.21.15.3:6801/888621910] conn(0x7f73900367e0 0x7f7390038c90 unknown :-1 s=CLOSED pgs=9 cs=0 l=1 rev1=1 crypto rx=0 tx=0 comp rx=0 tx=0).stop
2024-03-28T15:56:39.921 INFO:teuthology.orchestra.run.smithi003.stdout:/usr/bin/ceph: stderr
2024-03-28T15:56:39.254+0000 7f73b0200700 1 --2- 172.21.15.3:0/96904685 >> [v2:172.21.15.3:3300/0,v1:172.21.15.3:6789/0] conn(0x7f73a8077ba0 0x7f73a81137e0 unknown :-1 s=CLOSED pgs=85 cs=0 l=1 rev1=1 crypto rx=0 tx=0 comp rx=0 tx=0).stop
2024-03-28T15:56:39.921 INFO:teuthology.orchestra.run.smithi003.stdout:/usr/bin/ceph: stderr
2024-03-28T15:56:39.254+0000 7f73b0200700 1 -- 172.21.15.3:0/96904685 >> 172.21.15.3:0/96904685 conn(0x7f73a80fde70 msgr2=0x7f73a80fea80 unknown :-1 s=STATE_NONE l=0).mark_down
2024-03-28T15:56:39.921 INFO:teuthology.orchestra.run.smithi003.stdout:/usr/bin/ceph: stderr
2024-03-28T15:56:39.254+0000 7f73b0200700 1 -- 172.21.15.3:0/96904685 shutdown_connections
2024-03-28T15:56:39.922 INFO:teuthology.orchestra.run.smithi003.stdout:/usr/bin/ceph: stderr
2024-03-28T15:56:39.254+0000 7f73b0200700 1 -- 172.21.15.3:0/96904685 wait complete.
2024-03-28T15:56:39.958 INFO:teuthology.orchestra.run.smithi003.stdout:Non-zero exit code 1 from systemctl is-enabled firewalld.service
2024-03-28T15:56:39.959 INFO:teuthology.orchestra.run.smithi003.stdout:systemctl: stdout disabled
2024-03-28T15:56:39.986 INFO:teuthology.orchestra.run.smithi003.stdout:Non-zero exit code 3 from systemctl is-active firewalld.service
2024-03-28T15:56:39.986 INFO:teuthology.orchestra.run.smithi003.stdout:systemctl: stdout inactive
2024-03-28T15:56:39.986 INFO:teuthology.orchestra.run.smithi003.stdout:firewalld.service is not enabled
2024-03-28T15:56:39.986 INFO:teuthology.orchestra.run.smithi003.stdout:Not possible to open ports <[8443]>. firewalld.service is not available
2024-03-28T15:56:39.989 INFO:teuthology.orchestra.run.smithi003.stdout:Ceph Dashboard is now available at:
2024-03-28T15:56:39.989 INFO:teuthology.orchestra.run.smithi003.stdout:
2024-03-28T15:56:39.989 INFO:teuthology.orchestra.run.smithi003.stdout: URL: https://smithi003.front.sepia.ceph.com:8443/
2024-03-28T15:56:39.989 INFO:teuthology.orchestra.run.smithi003.stdout: User: admin
2024-03-28T15:56:39.989 INFO:teuthology.orchestra.run.smithi003.stdout: Password: pzv8ihlimt
2024-03-28T15:56:39.989 INFO:teuthology.orchestra.run.smithi003.stdout:
2024-03-28T15:56:39.990 INFO:teuthology.orchestra.run.smithi003.stdout:Saving cluster configuration to /var/lib/ceph/5ed94732-ed1b-11ee-95d0-87774f69a715/config directory
2024-03-28T15:56:39.991 INFO:teuthology.orchestra.run.smithi003.stdout:Enabling autotune for osd_memory_target
2024-03-28T15:56:40.517 INFO:journalctl@ceph.mon.smithi003.smithi003.stdout:Mar 28 15:56:40 smithi003 ceph-mon[29330]: mgrmap e13: smithi003.jupeer(active, since 7s)
2024-03-28T15:56:41.443 INFO:teuthology.orchestra.run.smithi003.stdout:/usr/bin/ceph: stderr
2024-03-28T15:56:40.558+0000 7f0175800700 1 Processor -- start
2024-03-28T15:56:41.444 INFO:teuthology.orchestra.run.smithi003.stdout:/usr/bin/ceph: stderr
2024-03-28T15:56:40.558+0000 7f0175800700 1 -- start start
2024-03-28T15:56:41.444 INFO:teuthology.orchestra.run.smithi003.stdout:/usr/bin/ceph: stderr
2024-03-28T15:56:40.559+0000 7f0175800700 1 --2- >> [v2:172.21.15.3:3300/0,v1:172.21.15.3:6789/0] conn(0x7f017007ce80 0x7f017010bc60 unknown :-1 s=NONE pgs=0 cs=0 l=0 rev1=0 crypto rx=0 tx=0 comp rx=0 tx=0).connect
2024-03-28T15:56:41.444 INFO:teuthology.orchestra.run.smithi003.stdout:/usr/bin/ceph: stderr
2024-03-28T15:56:40.559+0000 7f0175800700 1 -- --> [v2:172.21.15.3:3300/0,v1:172.21.15.3:6789/0] -- mon_getmap magic: 0 v1 -- 0x7f017007d320 con 0x7f017007ce80
2024-03-28T15:56:41.444 INFO:teuthology.orchestra.run.smithi003.stdout:/usr/bin/ceph: stderr
2024-03-28T15:56:40.559+0000 7f016ea00700 1 --2- >> [v2:172.21.15.3:3300/0,v1:172.21.15.3:6789/0] conn(0x7f017007ce80 0x7f017010bc60 unknown :-1 s=BANNER_CONNECTING pgs=0 cs=0 l=0 rev1=0 crypto rx=0 tx=0 comp rx=0 tx=0)._handle_peer_banner_payload supported=3 required=0
2024-03-28T15:56:41.444 INFO:teuthology.orchestra.run.smithi003.stdout:/usr/bin/ceph: stderr
2024-03-28T15:56:40.559+0000 7f016ea00700 1 --2- >> [v2:172.21.15.3:3300/0,v1:172.21.15.3:6789/0] conn(0x7f017007ce80 0x7f017010bc60 unknown :-1 s=HELLO_CONNECTING pgs=0 cs=0 l=0 rev1=1 crypto rx=0 tx=0 comp rx=0 tx=0).handle_hello peer v2:172.21.15.3:3300/0 says I am v2:172.21.15.3:43282/0 (socket says 172.21.15.3:43282)
2024-03-28T15:56:41.444 INFO:teuthology.orchestra.run.smithi003.stdout:/usr/bin/ceph: stderr
2024-03-28T15:56:40.559+0000 7f016ea00700 1 -- 172.21.15.3:0/150747486 learned_addr learned my addr 172.21.15.3:0/150747486 (peer_addr_for_me v2:172.21.15.3:0/0)
2024-03-28T15:56:41.444 INFO:teuthology.orchestra.run.smithi003.stdout:/usr/bin/ceph: stderr
2024-03-28T15:56:40.560+0000 7f016ea00700 1 -- 172.21.15.3:0/150747486 --> [v2:172.21.15.3:3300/0,v1:172.21.15.3:6789/0] -- mon_subscribe({config=0+,monmap=0+}) v3 -- 0x7f017007d460 con 0x7f017007ce80
2024-03-28T15:56:41.444 INFO:teuthology.orchestra.run.smithi003.stdout:/usr/bin/ceph: stderr
2024-03-28T15:56:40.560+0000 7f016ea00700 1 --2- 172.21.15.3:0/150747486 >> [v2:172.21.15.3:3300/0,v1:172.21.15.3:6789/0] conn(0x7f017007ce80 0x7f017010bc60 secure :-1 s=READY pgs=86 cs=0 l=1 rev1=1 crypto rx=0x7f01600098e0 tx=0x7f0160009250 comp rx=0 tx=0).ready entity=mon.0 client_cookie=a3cb6621ee115f62 server_cookie=0 in_seq=0 out_seq=0
2024-03-28T15:56:41.444 INFO:teuthology.orchestra.run.smithi003.stdout:/usr/bin/ceph: stderr
2024-03-28T15:56:40.560+0000 7f016d600700 1 -- 172.21.15.3:0/150747486 <== mon.0 v2:172.21.15.3:3300/0 1 ==== mon_map magic: 0 v1 ==== 229+0+0 (secure 0 0 0) 0x7f016000b860 con 0x7f017007ce80
2024-03-28T15:56:41.444 INFO:teuthology.orchestra.run.smithi003.stdout:/usr/bin/ceph: stderr
2024-03-28T15:56:40.560+0000 7f016d600700 1 -- 172.21.15.3:0/150747486 <== mon.0 v2:172.21.15.3:3300/0 2 ==== config(27 keys) v1 ==== 1109+0+0 (secure 0 0 0) 0x7f016000be90 con 0x7f017007ce80
2024-03-28T15:56:41.444 INFO:teuthology.orchestra.run.smithi003.stdout:/usr/bin/ceph: stderr
2024-03-28T15:56:40.560+0000 7f016d600700 1 -- 172.21.15.3:0/150747486 <== mon.0 v2:172.21.15.3:3300/0 3 ==== mon_map magic: 0 v1 ==== 229+0+0 (secure 0 0 0) 0x7f01600103c0 con 0x7f017007ce80
2024-03-28T15:56:41.445 INFO:teuthology.orchestra.run.smithi003.stdout:/usr/bin/ceph: stderr
2024-03-28T15:56:40.561+0000 7f0175800700 1 -- 172.21.15.3:0/150747486 >> [v2:172.21.15.3:3300/0,v1:172.21.15.3:6789/0] conn(0x7f017007ce80 msgr2=0x7f017010bc60 secure :-1 s=STATE_CONNECTION_ESTABLISHED l=1).mark_down
2024-03-28T15:56:41.445 INFO:teuthology.orchestra.run.smithi003.stdout:/usr/bin/ceph: stderr
2024-03-28T15:56:40.561+0000 7f0175800700 1 --2- 172.21.15.3:0/150747486 >> [v2:172.21.15.3:3300/0,v1:172.21.15.3:6789/0] conn(0x7f017007ce80 0x7f017010bc60 secure :-1 s=READY pgs=86 cs=0 l=1 rev1=1 crypto rx=0x7f01600098e0 tx=0x7f0160009250 comp rx=0 tx=0).stop
2024-03-28T15:56:41.445 INFO:teuthology.orchestra.run.smithi003.stdout:/usr/bin/ceph: stderr
2024-03-28T15:56:40.561+0000 7f0175800700 1 -- 172.21.15.3:0/150747486 shutdown_connections
2024-03-28T15:56:41.445 INFO:teuthology.orchestra.run.smithi003.stdout:/usr/bin/ceph: stderr
2024-03-28T15:56:40.561+0000 7f0175800700 1 --2- 172.21.15.3:0/150747486 >> [v2:172.21.15.3:3300/0,v1:172.21.15.3:6789/0] conn(0x7f017007ce80 0x7f017010bc60 unknown :-1 s=CLOSED pgs=86 cs=0 l=1 rev1=1 crypto rx=0 tx=0 comp rx=0 tx=0).stop
2024-03-28T15:56:41.445 INFO:teuthology.orchestra.run.smithi003.stdout:/usr/bin/ceph: stderr
2024-03-28T15:56:40.561+0000 7f0175800700 1 -- 172.21.15.3:0/150747486 >> 172.21.15.3:0/150747486 conn(0x7f01700782b0 msgr2=0x7f017007a6e0 unknown :-1 s=STATE_NONE l=0).mark_down
2024-03-28T15:56:41.446 INFO:teuthology.orchestra.run.smithi003.stdout:/usr/bin/ceph: stderr
2024-03-28T15:56:40.561+0000 7f0175800700 1 -- 172.21.15.3:0/150747486 shutdown_connections
2024-03-28T15:56:41.446 INFO:teuthology.orchestra.run.smithi003.stdout:/usr/bin/ceph: stderr
2024-03-28T15:56:40.561+0000 7f0175800700 1 -- 172.21.15.3:0/150747486 wait complete.
2024-03-28T15:56:41.446 INFO:teuthology.orchestra.run.smithi003.stdout:/usr/bin/ceph: stderr
2024-03-28T15:56:40.562+0000 7f0175800700 1 Processor -- start
2024-03-28T15:56:41.446 INFO:teuthology.orchestra.run.smithi003.stdout:/usr/bin/ceph: stderr
2024-03-28T15:56:40.562+0000 7f0175800700 1 -- start start
2024-03-28T15:56:41.446 INFO:teuthology.orchestra.run.smithi003.stdout:/usr/bin/ceph: stderr
2024-03-28T15:56:40.562+0000 7f0175800700 1 --2- >> [v2:172.21.15.3:3300/0,v1:172.21.15.3:6789/0] conn(0x7f017007ce80 0x7f0170117bd0 unknown :-1 s=NONE pgs=0 cs=0 l=1 rev1=0 crypto rx=0 tx=0 comp rx=0 tx=0).connect
2024-03-28T15:56:41.446 INFO:teuthology.orchestra.run.smithi003.stdout:/usr/bin/ceph: stderr
2024-03-28T15:56:40.562+0000 7f0175800700 1 -- --> [v2:172.21.15.3:3300/0,v1:172.21.15.3:6789/0] -- mon_getmap magic: 0 v1 -- 0x7f0170118110 con 0x7f017007ce80
2024-03-28T15:56:41.446 INFO:teuthology.orchestra.run.smithi003.stdout:/usr/bin/ceph: stderr
2024-03-28T15:56:40.563+0000 7f016ea00700 1 --2- >> [v2:172.21.15.3:3300/0,v1:172.21.15.3:6789/0] conn(0x7f017007ce80 0x7f0170117bd0 unknown :-1 s=BANNER_CONNECTING pgs=0 cs=0 l=1 rev1=0 crypto rx=0 tx=0 comp rx=0 tx=0)._handle_peer_banner_payload supported=3 required=0
2024-03-28T15:56:41.446 INFO:teuthology.orchestra.run.smithi003.stdout:/usr/bin/ceph: stderr
2024-03-28T15:56:40.563+0000 7f016ea00700 1 --2- >> [v2:172.21.15.3:3300/0,v1:172.21.15.3:6789/0] conn(0x7f017007ce80 0x7f0170117bd0 unknown :-1 s=HELLO_CONNECTING pgs=0 cs=0 l=1 rev1=1 crypto rx=0 tx=0 comp rx=0 tx=0).handle_hello peer v2:172.21.15.3:3300/0 says I am v2:172.21.15.3:43296/0 (socket says 172.21.15.3:43296)
2024-03-28T15:56:41.446 INFO:teuthology.orchestra.run.smithi003.stdout:/usr/bin/ceph: stderr
2024-03-28T15:56:40.563+0000 7f016ea00700 1 -- 172.21.15.3:0/1946161507 learned_addr learned my addr 172.21.15.3:0/1946161507 (peer_addr_for_me v2:172.21.15.3:0/0)
2024-03-28T15:56:41.447 INFO:teuthology.orchestra.run.smithi003.stdout:/usr/bin/ceph: stderr
2024-03-28T15:56:40.563+0000 7f016ea00700 1 -- 172.21.15.3:0/1946161507 --> [v2:172.21.15.3:3300/0,v1:172.21.15.3:6789/0] -- mon_subscribe({config=0+,monmap=0+}) v3 -- 0x7f01600094f0 con 0x7f017007ce80
2024-03-28T15:56:41.447 INFO:teuthology.orchestra.run.smithi003.stdout:/usr/bin/ceph: stderr
2024-03-28T15:56:40.563+0000 7f016ea00700 1 --2- 172.21.15.3:0/1946161507 >> [v2:172.21.15.3:3300/0,v1:172.21.15.3:6789/0] conn(0x7f017007ce80 0x7f0170117bd0 secure :-1 s=READY pgs=87 cs=0 l=1 rev1=1 crypto rx=0x7f01600105b0 tx=0x7f0160009250 comp rx=0 tx=0).ready entity=mon.0 client_cookie=0 server_cookie=0 in_seq=0 out_seq=0
2024-03-28T15:56:41.447 INFO:teuthology.orchestra.run.smithi003.stdout:/usr/bin/ceph: stderr
2024-03-28T15:56:40.564+0000 7f0166a00700 1 -- 172.21.15.3:0/1946161507 <== mon.0 v2:172.21.15.3:3300/0 1 ==== mon_map magic: 0 v1 ==== 229+0+0 (secure 0 0 0) 0x7f0160010840 con 0x7f017007ce80
2024-03-28T15:56:41.447 INFO:teuthology.orchestra.run.smithi003.stdout:/usr/bin/ceph: stderr
2024-03-28T15:56:40.564+0000 7f0166a00700 1 -- 172.21.15.3:0/1946161507 <== mon.0 v2:172.21.15.3:3300/0 2 ==== config(27 keys) v1 ==== 1109+0+0 (secure 0 0 0) 0x7f0160010e70 con 0x7f017007ce80
2024-03-28T15:56:41.447 INFO:teuthology.orchestra.run.smithi003.stdout:/usr/bin/ceph: stderr
2024-03-28T15:56:40.564+0000 7f0166a00700 1 -- 172.21.15.3:0/1946161507 <== mon.0 v2:172.21.15.3:3300/0 3 ==== mon_map magic: 0 v1 ==== 229+0+0 (secure 0 0 0) 0x7f01600243f0 con 0x7f017007ce80
2024-03-28T15:56:41.447 INFO:teuthology.orchestra.run.smithi003.stdout:/usr/bin/ceph: stderr
2024-03-28T15:56:40.564+0000 7f0175800700 1 -- 172.21.15.3:0/1946161507 --> [v2:172.21.15.3:3300/0,v1:172.21.15.3:6789/0] -- mon_subscribe({mgrmap=0+}) v3 -- 0x7f0170118310 con 0x7f017007ce80
2024-03-28T15:56:41.447 INFO:teuthology.orchestra.run.smithi003.stdout:/usr/bin/ceph: stderr
2024-03-28T15:56:40.564+0000 7f0175800700 1 -- 172.21.15.3:0/1946161507 --> [v2:172.21.15.3:3300/0,v1:172.21.15.3:6789/0] -- mon_subscribe({osdmap=0}) v3 -- 0x7f0170118e80 con 0x7f017007ce80
2024-03-28T15:56:41.447 INFO:teuthology.orchestra.run.smithi003.stdout:/usr/bin/ceph: stderr
2024-03-28T15:56:40.565+0000 7f0166a00700 1 -- 172.21.15.3:0/1946161507 <== mon.0 v2:172.21.15.3:3300/0 4 ==== mgrmap(e 13) v1 ==== 43423+0+0 (secure 0 0 0) 0x7f016001a7c0 con 0x7f017007ce80
2024-03-28T15:56:41.447 INFO:teuthology.orchestra.run.smithi003.stdout:/usr/bin/ceph: stderr
2024-03-28T15:56:40.565+0000 7f0175800700 1 -- 172.21.15.3:0/1946161507 --> [v2:172.21.15.3:3300/0,v1:172.21.15.3:6789/0] -- mon_command({"prefix": "get_command_descriptions"} v 0) v1 -- 0x7f017005f5f0 con 0x7f017007ce80
2024-03-28T15:56:41.447 INFO:teuthology.orchestra.run.smithi003.stdout:/usr/bin/ceph: stderr
2024-03-28T15:56:40.565+0000 7f0166a00700 1 --2- 172.21.15.3:0/1946161507 >> [v2:172.21.15.3:6800/888621910,v1:172.21.15.3:6801/888621910] conn(0x7f0154036920 0x7f0154038dd0 unknown :-1 s=NONE pgs=0 cs=0 l=1 rev1=0 crypto rx=0 tx=0 comp rx=0 tx=0).connect
2024-03-28T15:56:41.447 INFO:teuthology.orchestra.run.smithi003.stdout:/usr/bin/ceph: stderr
2024-03-28T15:56:40.565+0000 7f0166a00700 1 -- 172.21.15.3:0/1946161507 <== mon.0 v2:172.21.15.3:3300/0 5 ==== osd_map(3..3 src has 1..3) v4 ==== 1151+0+0 (secure 0 0 0) 0x7f016004a840 con 0x7f017007ce80
2024-03-28T15:56:41.447 INFO:teuthology.orchestra.run.smithi003.stdout:/usr/bin/ceph: stderr
2024-03-28T15:56:40.566+0000 7f016e000700 1 --2- 172.21.15.3:0/1946161507 >> [v2:172.21.15.3:6800/888621910,v1:172.21.15.3:6801/888621910] conn(0x7f0154036920 0x7f0154038dd0 unknown :-1 s=BANNER_CONNECTING pgs=0 cs=0 l=1 rev1=0 crypto rx=0 tx=0 comp rx=0 tx=0)._handle_peer_banner_payload supported=3 required=0
2024-03-28T15:56:41.447 INFO:teuthology.orchestra.run.smithi003.stdout:/usr/bin/ceph: stderr
2024-03-28T15:56:40.566+0000 7f016e000700 1 --2- 172.21.15.3:0/1946161507 >> [v2:172.21.15.3:6800/888621910,v1:172.21.15.3:6801/888621910] conn(0x7f0154036920 0x7f0154038dd0 secure :-1 s=READY pgs=10 cs=0 l=1 rev1=1 crypto rx=0x7f015c009990 tx=0x7f015c006e40 comp rx=0 tx=0).ready entity=mgr.14162 client_cookie=0 server_cookie=0 in_seq=0 out_seq=0
2024-03-28T15:56:41.447 INFO:teuthology.orchestra.run.smithi003.stdout:/usr/bin/ceph: stderr
2024-03-28T15:56:40.571+0000 7f0166a00700 1 -- 172.21.15.3:0/1946161507 <== mon.0 v2:172.21.15.3:3300/0 6 ==== mon_command_ack([{"prefix": "get_command_descriptions"}]=0 v0) v1 ==== 72+0+176504 (secure 0 0 0) 0x7f0160018b70 con 0x7f017007ce80
2024-03-28T15:56:41.448 INFO:teuthology.orchestra.run.smithi003.stdout:/usr/bin/ceph: stderr
2024-03-28T15:56:40.783+0000 7f0175800700 1 -- 172.21.15.3:0/1946161507 --> [v2:172.21.15.3:3300/0,v1:172.21.15.3:6789/0] -- mon_command([{prefix=config set, name=osd_memory_target_autotune}] v 0) v1 -- 0x7f017004bed0 con 0x7f017007ce80
2024-03-28T15:56:41.448 INFO:teuthology.orchestra.run.smithi003.stdout:/usr/bin/ceph: stderr
2024-03-28T15:56:40.783+0000 7f0166a00700 1 -- 172.21.15.3:0/1946161507 <== mon.0 v2:172.21.15.3:3300/0 7 ==== mon_command_ack([{prefix=config set, name=osd_memory_target_autotune}]=0 v8)=0 v8) v1 ==== 127+0+0 (secure 0 0 0) 0x7f0160006d70 con 0x7f017007ce80
2024-03-28T15:56:41.448 INFO:teuthology.orchestra.run.smithi003.stdout:/usr/bin/ceph: stderr
2024-03-28T15:56:40.786+0000 7f0175800700 1 -- 172.21.15.3:0/1946161507 >> [v2:172.21.15.3:6800/888621910,v1:172.21.15.3:6801/888621910] conn(0x7f0154036920 msgr2=0x7f0154038dd0 secure :-1 s=STATE_CONNECTION_ESTABLISHED l=1).mark_down
2024-03-28T15:56:41.448 INFO:teuthology.orchestra.run.smithi003.stdout:/usr/bin/ceph: stderr
2024-03-28T15:56:40.786+0000 7f0175800700 1 --2- 172.21.15.3:0/1946161507 >> [v2:172.21.15.3:6800/888621910,v1:172.21.15.3:6801/888621910] conn(0x7f0154036920 0x7f0154038dd0 secure :-1 s=READY pgs=10 cs=0 l=1 rev1=1 crypto rx=0x7f015c009990 tx=0x7f015c006e40 comp rx=0 tx=0).stop
2024-03-28T15:56:41.448 INFO:teuthology.orchestra.run.smithi003.stdout:/usr/bin/ceph: stderr
2024-03-28T15:56:40.786+0000 7f0175800700 1 -- 172.21.15.3:0/1946161507 >> [v2:172.21.15.3:3300/0,v1:172.21.15.3:6789/0] conn(0x7f017007ce80 msgr2=0x7f0170117bd0 secure :-1 s=STATE_CONNECTION_ESTABLISHED l=1).mark_down
2024-03-28T15:56:41.448 INFO:teuthology.orchestra.run.smithi003.stdout:/usr/bin/ceph: stderr
2024-03-28T15:56:40.786+0000 7f0175800700 1 --2- 172.21.15.3:0/1946161507 >> [v2:172.21.15.3:3300/0,v1:172.21.15.3:6789/0] conn(0x7f017007ce80 0x7f0170117bd0 secure :-1 s=READY pgs=87 cs=0 l=1 rev1=1 crypto rx=0x7f01600105b0 tx=0x7f0160009250 comp rx=0 tx=0).stop
2024-03-28T15:56:41.448 INFO:teuthology.orchestra.run.smithi003.stdout:/usr/bin/ceph: stderr
2024-03-28T15:56:40.786+0000 7f0175800700 1 -- 172.21.15.3:0/1946161507 shutdown_connections
2024-03-28T15:56:41.448 INFO:teuthology.orchestra.run.smithi003.stdout:/usr/bin/ceph: stderr
2024-03-28T15:56:40.786+0000 7f0175800700 1 --2- 172.21.15.3:0/1946161507 >> [v2:172.21.15.3:6800/888621910,v1:172.21.15.3:6801/888621910] conn(0x7f0154036920 0x7f0154038dd0 unknown :-1 s=CLOSED pgs=10 cs=0 l=1 rev1=1 crypto rx=0 tx=0 comp rx=0 tx=0).stop
2024-03-28T15:56:41.448 INFO:teuthology.orchestra.run.smithi003.stdout:/usr/bin/ceph: stderr
2024-03-28T15:56:40.786+0000 7f0175800700 1 --2- 172.21.15.3:0/1946161507 >> [v2:172.21.15.3:3300/0,v1:172.21.15.3:6789/0] conn(0x7f017007ce80 0x7f0170117bd0 unknown :-1 s=CLOSED pgs=87 cs=0 l=1 rev1=1 crypto rx=0 tx=0 comp rx=0 tx=0).stop
2024-03-28T15:56:41.448 INFO:teuthology.orchestra.run.smithi003.stdout:/usr/bin/ceph: stderr
2024-03-28T15:56:40.786+0000 7f0175800700 1 -- 172.21.15.3:0/1946161507 >> 172.21.15.3:0/1946161507 conn(0x7f01700782b0 msgr2=0x7f0170079ee0 unknown :-1 s=STATE_NONE l=0).mark_down
2024-03-28T15:56:41.448 INFO:teuthology.orchestra.run.smithi003.stdout:/usr/bin/ceph: stderr
2024-03-28T15:56:40.787+0000 7f0175800700 1 -- 172.21.15.3:0/1946161507 shutdown_connections
2024-03-28T15:56:41.448 INFO:teuthology.orchestra.run.smithi003.stdout:/usr/bin/ceph: stderr
