2024-03-28T15:55:56.192 INFO:teuthology.orchestra.run.smithi003.stdout:/usr/bin/ceph: stderr
2024-03-28T15:55:55.327+0000 7f794e400700 1 -- 172.21.15.3:0/3029364535 >> 172.21.15.3:0/3029364535 conn(0x7f79480fdec0 msgr2=0x7f79481002d0 unknown :-1 s=STATE_NONE l=0).mark_down
2024-03-28T15:55:56.192 INFO:teuthology.orchestra.run.smithi003.stdout:/usr/bin/ceph: stderr
2024-03-28T15:55:55.327+0000 7f794e400700 1 -- 172.21.15.3:0/3029364535 shutdown_connections
2024-03-28T15:55:56.192 INFO:teuthology.orchestra.run.smithi003.stdout:/usr/bin/ceph: stderr
2024-03-28T15:55:55.327+0000 7f794e400700 1 -- 172.21.15.3:0/3029364535 wait complete.
2024-03-28T15:55:56.192 INFO:teuthology.orchestra.run.smithi003.stdout:/usr/bin/ceph: stderr
2024-03-28T15:55:55.328+0000 7f794e400700 1 Processor -- start
2024-03-28T15:55:56.192 INFO:teuthology.orchestra.run.smithi003.stdout:/usr/bin/ceph: stderr
2024-03-28T15:55:55.328+0000 7f794e400700 1 -- start start
2024-03-28T15:55:56.192 INFO:teuthology.orchestra.run.smithi003.stdout:/usr/bin/ceph: stderr
2024-03-28T15:55:55.328+0000 7f794e400700 1 --2- >> [v2:172.21.15.3:3300/0,v1:172.21.15.3:6789/0] conn(0x7f7948102720 0x7f7948113740 unknown :-1 s=NONE pgs=0 cs=0 l=1 rev1=0 crypto rx=0 tx=0 comp rx=0 tx=0).connect
2024-03-28T15:55:56.192 INFO:teuthology.orchestra.run.smithi003.stdout:/usr/bin/ceph: stderr
2024-03-28T15:55:55.328+0000 7f794e400700 1 -- --> [v2:172.21.15.3:3300/0,v1:172.21.15.3:6789/0] -- mon_getmap magic: 0 v1 -- 0x7f7948113c80 con 0x7f7948102720
2024-03-28T15:55:56.192 INFO:teuthology.orchestra.run.smithi003.stdout:/usr/bin/ceph: stderr
2024-03-28T15:55:55.329+0000 7f7947400700 1 --2- >> [v2:172.21.15.3:3300/0,v1:172.21.15.3:6789/0] conn(0x7f7948102720 0x7f7948113740 unknown :-1 s=BANNER_CONNECTING pgs=0 cs=0 l=1 rev1=0 crypto rx=0 tx=0 comp rx=0 tx=0)._handle_peer_banner_payload supported=3 required=0
2024-03-28T15:55:56.192 INFO:teuthology.orchestra.run.smithi003.stdout:/usr/bin/ceph: stderr
2024-03-28T15:55:55.329+0000 7f7947400700 1 --2- >> [v2:172.21.15.3:3300/0,v1:172.21.15.3:6789/0] conn(0x7f7948102720 0x7f7948113740 unknown :-1 s=HELLO_CONNECTING pgs=0 cs=0 l=1 rev1=1 crypto rx=0 tx=0 comp rx=0 tx=0).handle_hello peer v2:172.21.15.3:3300/0 says I am v2:172.21.15.3:51466/0 (socket says 172.21.15.3:51466)
2024-03-28T15:55:56.192 INFO:teuthology.orchestra.run.smithi003.stdout:/usr/bin/ceph: stderr
2024-03-28T15:55:55.329+0000 7f7947400700 1 -- 172.21.15.3:0/3523124157 learned_addr learned my addr 172.21.15.3:0/3523124157 (peer_addr_for_me v2:172.21.15.3:0/0)
2024-03-28T15:55:56.192 INFO:teuthology.orchestra.run.smithi003.stdout:/usr/bin/ceph: stderr
2024-03-28T15:55:55.329+0000 7f7947400700 1 -- 172.21.15.3:0/3523124157 --> [v2:172.21.15.3:3300/0,v1:172.21.15.3:6789/0] -- mon_subscribe({config=0+,monmap=0+}) v3 -- 0x7f79380094f0 con 0x7f7948102720
2024-03-28T15:55:56.192 INFO:teuthology.orchestra.run.smithi003.stdout:/usr/bin/ceph: stderr
2024-03-28T15:55:55.329+0000 7f7947400700 1 --2- 172.21.15.3:0/3523124157 >> [v2:172.21.15.3:3300/0,v1:172.21.15.3:6789/0] conn(0x7f7948102720 0x7f7948113740 secure :-1 s=READY pgs=38 cs=0 l=1 rev1=1 crypto rx=0x7f7938000c00 tx=0x7f7938009250 comp rx=0 tx=0).ready entity=mon.0 client_cookie=0 server_cookie=0 in_seq=0 out_seq=0
2024-03-28T15:55:56.193 INFO:teuthology.orchestra.run.smithi003.stdout:/usr/bin/ceph: stderr
2024-03-28T15:55:55.330+0000 7f793f400700 1 -- 172.21.15.3:0/3523124157 <== mon.0 v2:172.21.15.3:3300/0 1 ==== mon_map magic: 0 v1 ==== 229+0+0 (secure 0 0 0) 0x7f79380107c0 con 0x7f7948102720
2024-03-28T15:55:56.193 INFO:teuthology.orchestra.run.smithi003.stdout:/usr/bin/ceph: stderr
2024-03-28T15:55:55.330+0000 7f793f400700 1 -- 172.21.15.3:0/3523124157 <== mon.0 v2:172.21.15.3:3300/0 2 ==== config(27 keys) v1 ==== 1044+0+0 (secure 0 0 0) 0x7f7938010db0 con 0x7f7948102720
2024-03-28T15:55:56.193 INFO:teuthology.orchestra.run.smithi003.stdout:/usr/bin/ceph: stderr
2024-03-28T15:55:55.330+0000 7f793f400700 1 -- 172.21.15.3:0/3523124157 <== mon.0 v2:172.21.15.3:3300/0 3 ==== mon_map magic: 0 v1 ==== 229+0+0 (secure 0 0 0) 0x7f793801ad00 con 0x7f7948102720
2024-03-28T15:55:56.193 INFO:teuthology.orchestra.run.smithi003.stdout:/usr/bin/ceph: stderr
2024-03-28T15:55:55.330+0000 7f794e400700 1 -- 172.21.15.3:0/3523124157 --> [v2:172.21.15.3:3300/0,v1:172.21.15.3:6789/0] -- mon_subscribe({mgrmap=0+}) v3 -- 0x7f7948113e80 con 0x7f7948102720
2024-03-28T15:55:56.193 INFO:teuthology.orchestra.run.smithi003.stdout:/usr/bin/ceph: stderr
2024-03-28T15:55:55.330+0000 7f794e400700 1 -- 172.21.15.3:0/3523124157 --> [v2:172.21.15.3:3300/0,v1:172.21.15.3:6789/0] -- mon_subscribe({osdmap=0}) v3 -- 0x7f79481149f0 con 0x7f7948102720
2024-03-28T15:55:56.193 INFO:teuthology.orchestra.run.smithi003.stdout:/usr/bin/ceph: stderr
2024-03-28T15:55:55.331+0000 7f794e400700 1 -- 172.21.15.3:0/3523124157 --> [v2:172.21.15.3:3300/0,v1:172.21.15.3:6789/0] -- mon_command({"prefix": "get_command_descriptions"} v 0) v1 -- 0x7f794805f5f0 con 0x7f7948102720
2024-03-28T15:55:56.193 INFO:teuthology.orchestra.run.smithi003.stdout:/usr/bin/ceph: stderr
2024-03-28T15:55:55.331+0000 7f793f400700 1 -- 172.21.15.3:0/3523124157 <== mon.0 v2:172.21.15.3:3300/0 4 ==== mgrmap(e 8) v1 ==== 43368+0+0 (secure 0 0 0) 0x7f793801a530 con 0x7f7948102720
2024-03-28T15:55:56.193 INFO:teuthology.orchestra.run.smithi003.stdout:/usr/bin/ceph: stderr
2024-03-28T15:55:55.331+0000 7f793f400700 1 --2- 172.21.15.3:0/3523124157 >> [v2:172.21.15.3:6800/2236628067,v1:172.21.15.3:6801/2236628067] conn(0x7f792c0367e0 0x7f792c038c90 unknown :-1 s=NONE pgs=0 cs=0 l=1 rev1=0 crypto rx=0 tx=0 comp rx=0 tx=0).connect
2024-03-28T15:55:56.193 INFO:teuthology.orchestra.run.smithi003.stdout:/usr/bin/ceph: stderr
2024-03-28T15:55:55.331+0000 7f793f400700 1 -- 172.21.15.3:0/3523124157 <== mon.0 v2:172.21.15.3:3300/0 5 ==== osd_map(2..2 src has 1..2) v4 ==== 936+0+0 (secure 0 0 0) 0x7f793804a600 con 0x7f7948102720
2024-03-28T15:55:56.193 INFO:teuthology.orchestra.run.smithi003.stdout:/usr/bin/ceph: stderr
2024-03-28T15:55:55.332+0000 7f793fe00700 1 --2- 172.21.15.3:0/3523124157 >> [v2:172.21.15.3:6800/2236628067,v1:172.21.15.3:6801/2236628067] conn(0x7f792c0367e0 0x7f792c038c90 unknown :-1 s=BANNER_CONNECTING pgs=0 cs=0 l=1 rev1=0 crypto rx=0 tx=0 comp rx=0 tx=0)._handle_peer_banner_payload supported=3 required=0
2024-03-28T15:55:56.193 INFO:teuthology.orchestra.run.smithi003.stdout:/usr/bin/ceph: stderr
2024-03-28T15:55:55.332+0000 7f793fe00700 1 --2- 172.21.15.3:0/3523124157 >> [v2:172.21.15.3:6800/2236628067,v1:172.21.15.3:6801/2236628067] conn(0x7f792c0367e0 0x7f792c038c90 secure :-1 s=READY pgs=7 cs=0 l=1 rev1=1 crypto rx=0x7f7930009990 tx=0x7f7930006e40 comp rx=0 tx=0).ready entity=mgr.14120 client_cookie=0 server_cookie=0 in_seq=0 out_seq=0
2024-03-28T15:55:56.193 INFO:teuthology.orchestra.run.smithi003.stdout:/usr/bin/ceph: stderr
2024-03-28T15:55:55.337+0000 7f793f400700 1 -- 172.21.15.3:0/3523124157 <== mon.0 v2:172.21.15.3:3300/0 6 ==== mon_command_ack([{"prefix": "get_command_descriptions"}]=0 v0) v1 ==== 72+0+176504 (secure 0 0 0) 0x7f7938010920 con 0x7f7948102720
2024-03-28T15:55:56.193 INFO:teuthology.orchestra.run.smithi003.stdout:/usr/bin/ceph: stderr
2024-03-28T15:55:55.560+0000 7f794e400700 1 -- 172.21.15.3:0/3523124157 --> [v2:172.21.15.3:6800/2236628067,v1:172.21.15.3:6801/2236628067] -- mgr_command(tid 0: {"prefix": "orch set backend", "module_name": "cephadm", "target": ["mon-mgr", ""]}) v1 -- 0x7f79480ff0a0 con 0x7f792c0367e0
2024-03-28T15:55:56.193 INFO:teuthology.orchestra.run.smithi003.stdout:/usr/bin/ceph: stderr
2024-03-28T15:55:55.572+0000 7f793f400700 1 -- 172.21.15.3:0/3523124157 <== mgr.14120 v2:172.21.15.3:6800/2236628067 1 ==== mgr_command_reply(tid 0: 0 ) v1 ==== 8+0+0 (secure 0 0 0) 0x7f79480ff0a0 con 0x7f792c0367e0
2024-03-28T15:55:56.194 INFO:teuthology.orchestra.run.smithi003.stdout:/usr/bin/ceph: stderr
2024-03-28T15:55:55.575+0000 7f794e400700 1 -- 172.21.15.3:0/3523124157 >> [v2:172.21.15.3:6800/2236628067,v1:172.21.15.3:6801/2236628067] conn(0x7f792c0367e0 msgr2=0x7f792c038c90 secure :-1 s=STATE_CONNECTION_ESTABLISHED l=1).mark_down
2024-03-28T15:55:56.194 INFO:teuthology.orchestra.run.smithi003.stdout:/usr/bin/ceph: stderr
2024-03-28T15:55:55.575+0000 7f794e400700 1 --2- 172.21.15.3:0/3523124157 >> [v2:172.21.15.3:6800/2236628067,v1:172.21.15.3:6801/2236628067] conn(0x7f792c0367e0 0x7f792c038c90 secure :-1 s=READY pgs=7 cs=0 l=1 rev1=1 crypto rx=0x7f7930009990 tx=0x7f7930006e40 comp rx=0 tx=0).stop
2024-03-28T15:55:56.194 INFO:teuthology.orchestra.run.smithi003.stdout:/usr/bin/ceph: stderr
2024-03-28T15:55:55.575+0000 7f794e400700 1 -- 172.21.15.3:0/3523124157 >> [v2:172.21.15.3:3300/0,v1:172.21.15.3:6789/0] conn(0x7f7948102720 msgr2=0x7f7948113740 secure :-1 s=STATE_CONNECTION_ESTABLISHED l=1).mark_down
2024-03-28T15:55:56.194 INFO:teuthology.orchestra.run.smithi003.stdout:/usr/bin/ceph: stderr
2024-03-28T15:55:55.575+0000 7f794e400700 1 --2- 172.21.15.3:0/3523124157 >> [v2:172.21.15.3:3300/0,v1:172.21.15.3:6789/0] conn(0x7f7948102720 0x7f7948113740 secure :-1 s=READY pgs=38 cs=0 l=1 rev1=1 crypto rx=0x7f7938000c00 tx=0x7f7938009250 comp rx=0 tx=0).stop
2024-03-28T15:55:56.194 INFO:teuthology.orchestra.run.smithi003.stdout:/usr/bin/ceph: stderr
2024-03-28T15:55:55.575+0000 7f794e400700 1 -- 172.21.15.3:0/3523124157 shutdown_connections
2024-03-28T15:55:56.194 INFO:teuthology.orchestra.run.smithi003.stdout:/usr/bin/ceph: stderr
2024-03-28T15:55:55.575+0000 7f794e400700 1 --2- 172.21.15.3:0/3523124157 >> [v2:172.21.15.3:6800/2236628067,v1:172.21.15.3:6801/2236628067] conn(0x7f792c0367e0 0x7f792c038c90 unknown :-1 s=CLOSED pgs=7 cs=0 l=1 rev1=1 crypto rx=0 tx=0 comp rx=0 tx=0).stop
2024-03-28T15:55:56.194 INFO:teuthology.orchestra.run.smithi003.stdout:/usr/bin/ceph: stderr
2024-03-28T15:55:55.575+0000 7f794e400700 1 --2- 172.21.15.3:0/3523124157 >> [v2:172.21.15.3:3300/0,v1:172.21.15.3:6789/0] conn(0x7f7948102720 0x7f7948113740 unknown :-1 s=CLOSED pgs=38 cs=0 l=1 rev1=1 crypto rx=0 tx=0 comp rx=0 tx=0).stop
2024-03-28T15:55:56.194 INFO:teuthology.orchestra.run.smithi003.stdout:/usr/bin/ceph: stderr
2024-03-28T15:55:55.575+0000 7f794e400700 1 -- 172.21.15.3:0/3523124157 >> 172.21.15.3:0/3523124157 conn(0x7f79480fdec0 msgr2=0x7f79480fe990 unknown :-1 s=STATE_NONE l=0).mark_down
2024-03-28T15:55:56.194 INFO:teuthology.orchestra.run.smithi003.stdout:/usr/bin/ceph: stderr
2024-03-28T15:55:55.575+0000 7f794e400700 1 -- 172.21.15.3:0/3523124157 shutdown_connections
2024-03-28T15:55:56.194 INFO:teuthology.orchestra.run.smithi003.stdout:/usr/bin/ceph: stderr
2024-03-28T15:55:55.576+0000 7f794e400700 1 -- 172.21.15.3:0/3523124157 wait complete.
2024-03-28T15:55:56.457 INFO:journalctl@ceph.mon.smithi003.smithi003.stdout:Mar 28 15:55:56 smithi003 ceph-mon[29330]: mgrmap e8: smithi003.jupeer(active, since 2s)
2024-03-28T15:55:56.457 INFO:journalctl@ceph.mon.smithi003.smithi003.stdout:Mar 28 15:55:56 smithi003 ceph-mon[29330]: from='mgr.14120 172.21.15.3:0/3797089461' entity='mgr.smithi003.jupeer'
2024-03-28T15:55:56.457 INFO:journalctl@ceph.mon.smithi003.smithi003.stdout:Mar 28 15:55:56 smithi003 ceph-mon[29330]: from='mgr.14120 172.21.15.3:0/3797089461' entity='mgr.smithi003.jupeer' cmd=[{"prefix": "config dump", "format": "json"}]: dispatch
2024-03-28T15:55:56.458 INFO:journalctl@ceph.mon.smithi003.smithi003.stdout:Mar 28 15:55:56 smithi003 ceph-mon[29330]: from='mgr.14120 172.21.15.3:0/3797089461' entity='mgr.smithi003.jupeer'
2024-03-28T15:55:56.458 INFO:journalctl@ceph.mon.smithi003.smithi003.stdout:Mar 28 15:55:56 smithi003 ceph-mon[29330]: from='mgr.14120 172.21.15.3:0/3797089461' entity='mgr.smithi003.jupeer' cmd=[{"prefix": "config dump", "format": "json"}]: dispatch
2024-03-28T15:55:57.267 INFO:journalctl@ceph.mon.smithi003.smithi003.stdout:Mar 28 15:55:57 smithi003 ceph-mon[29330]: from='client.14132 -' entity='client.admin' cmd=[{"prefix": "orch set backend", "module_name": "cephadm", "target": ["mon-mgr", ""]}]: dispatch
2024-03-28T15:55:57.267 INFO:journalctl@ceph.mon.smithi003.smithi003.stdout:Mar 28 15:55:57 smithi003 ceph-mon[29330]: [28/Mar/2024:15:55:55] ENGINE Bus STARTING
2024-03-28T15:55:57.267 INFO:journalctl@ceph.mon.smithi003.smithi003.stdout:Mar 28 15:55:57 smithi003 ceph-mon[29330]: [28/Mar/2024:15:55:55] ENGINE Serving on https://172.21.15.3:7150
2024-03-28T15:55:57.267 INFO:journalctl@ceph.mon.smithi003.smithi003.stdout:Mar 28 15:55:57 smithi003 ceph-mon[29330]: [28/Mar/2024:15:55:55] ENGINE Bus STARTED
2024-03-28T15:55:57.684 INFO:teuthology.orchestra.run.smithi003.stdout:/usr/bin/ceph: stdout value unchanged
2024-03-28T15:55:57.684 INFO:teuthology.orchestra.run.smithi003.stdout:/usr/bin/ceph: stderr
2024-03-28T15:55:56.755+0000 7f441aa00700 1 Processor -- start
2024-03-28T15:55:57.684 INFO:teuthology.orchestra.run.smithi003.stdout:/usr/bin/ceph: stderr
2024-03-28T15:55:56.755+0000 7f441aa00700 1 -- start start
2024-03-28T15:55:57.684 INFO:teuthology.orchestra.run.smithi003.stdout:/usr/bin/ceph: stderr
2024-03-28T15:55:56.756+0000 7f441aa00700 1 --2- >> [v2:172.21.15.3:3300/0,v1:172.21.15.3:6789/0] conn(0x7f44141015d0 0x7f44141019e0 unknown :-1 s=NONE pgs=0 cs=0 l=0 rev1=0 crypto rx=0 tx=0 comp rx=0 tx=0).connect
2024-03-28T15:55:57.684 INFO:teuthology.orchestra.run.smithi003.stdout:/usr/bin/ceph: stderr
2024-03-28T15:55:56.756+0000 7f441aa00700 1 -- --> [v2:172.21.15.3:3300/0,v1:172.21.15.3:6789/0] -- mon_getmap magic: 0 v1 -- 0x7f4414101f20 con 0x7f44141015d0
2024-03-28T15:55:57.684 INFO:teuthology.orchestra.run.smithi003.stdout:/usr/bin/ceph: stderr
2024-03-28T15:55:56.756+0000 7f4413e00700 1 --2- >> [v2:172.21.15.3:3300/0,v1:172.21.15.3:6789/0] conn(0x7f44141015d0 0x7f44141019e0 unknown :-1 s=BANNER_CONNECTING pgs=0 cs=0 l=0 rev1=0 crypto rx=0 tx=0 comp rx=0 tx=0)._handle_peer_banner_payload supported=3 required=0
2024-03-28T15:55:57.685 INFO:teuthology.orchestra.run.smithi003.stdout:/usr/bin/ceph: stderr
2024-03-28T15:55:56.756+0000 7f4413e00700 1 --2- >> [v2:172.21.15.3:3300/0,v1:172.21.15.3:6789/0] conn(0x7f44141015d0 0x7f44141019e0 unknown :-1 s=HELLO_CONNECTING pgs=0 cs=0 l=0 rev1=1 crypto rx=0 tx=0 comp rx=0 tx=0).handle_hello peer v2:172.21.15.3:3300/0 says I am v2:172.21.15.3:36496/0 (socket says 172.21.15.3:36496)
2024-03-28T15:55:57.685 INFO:teuthology.orchestra.run.smithi003.stdout:/usr/bin/ceph: stderr
2024-03-28T15:55:56.756+0000 7f4413e00700 1 -- 172.21.15.3:0/3754279119 learned_addr learned my addr 172.21.15.3:0/3754279119 (peer_addr_for_me v2:172.21.15.3:0/0)
2024-03-28T15:55:57.685 INFO:teuthology.orchestra.run.smithi003.stdout:/usr/bin/ceph: stderr
2024-03-28T15:55:56.757+0000 7f4413e00700 1 -- 172.21.15.3:0/3754279119 --> [v2:172.21.15.3:3300/0,v1:172.21.15.3:6789/0] -- mon_subscribe({config=0+,monmap=0+}) v3 -- 0x7f4414102060 con 0x7f44141015d0
2024-03-28T15:55:57.685 INFO:teuthology.orchestra.run.smithi003.stdout:/usr/bin/ceph: stderr
2024-03-28T15:55:56.757+0000 7f4413e00700 1 --2- 172.21.15.3:0/3754279119 >> [v2:172.21.15.3:3300/0,v1:172.21.15.3:6789/0] conn(0x7f44141015d0 0x7f44141019e0 secure :-1 s=READY pgs=39 cs=0 l=1 rev1=1 crypto rx=0x7f44040098e0 tx=0x7f4404009250 comp rx=0 tx=0).ready entity=mon.0 client_cookie=61880f44d126a6f server_cookie=0 in_seq=0 out_seq=0
2024-03-28T15:55:57.685 INFO:teuthology.orchestra.run.smithi003.stdout:/usr/bin/ceph: stderr
2024-03-28T15:55:56.757+0000 7f4412a00700 1 -- 172.21.15.3:0/3754279119 <== mon.0 v2:172.21.15.3:3300/0 1 ==== mon_map magic: 0 v1 ==== 229+0+0 (secure 0 0 0) 0x7f440400b860 con 0x7f44141015d0
2024-03-28T15:55:57.685 INFO:teuthology.orchestra.run.smithi003.stdout:/usr/bin/ceph: stderr
2024-03-28T15:55:56.757+0000 7f4412a00700 1 -- 172.21.15.3:0/3754279119 <== mon.0 v2:172.21.15.3:3300/0 2 ==== config(27 keys) v1 ==== 1044+0+0 (secure 0 0 0) 0x7f440400be50 con 0x7f44141015d0
2024-03-28T15:55:57.685 INFO:teuthology.orchestra.run.smithi003.stdout:/usr/bin/ceph: stderr
2024-03-28T15:55:56.757+0000 7f4412a00700 1 -- 172.21.15.3:0/3754279119 <== mon.0 v2:172.21.15.3:3300/0 3 ==== mon_map magic: 0 v1 ==== 229+0+0 (secure 0 0 0) 0x7f4404010380 con 0x7f44141015d0
2024-03-28T15:55:57.685 INFO:teuthology.orchestra.run.smithi003.stdout:/usr/bin/ceph: stderr
2024-03-28T15:55:56.758+0000 7f441aa00700 1 -- 172.21.15.3:0/3754279119 >> [v2:172.21.15.3:3300/0,v1:172.21.15.3:6789/0] conn(0x7f44141015d0 msgr2=0x7f44141019e0 secure :-1 s=STATE_CONNECTION_ESTABLISHED l=1).mark_down
2024-03-28T15:55:57.685 INFO:teuthology.orchestra.run.smithi003.stdout:/usr/bin/ceph: stderr
2024-03-28T15:55:56.758+0000 7f441aa00700 1 --2- 172.21.15.3:0/3754279119 >> [v2:172.21.15.3:3300/0,v1:172.21.15.3:6789/0] conn(0x7f44141015d0 0x7f44141019e0 secure :-1 s=READY pgs=39 cs=0 l=1 rev1=1 crypto rx=0x7f44040098e0 tx=0x7f4404009250 comp rx=0 tx=0).stop
2024-03-28T15:55:57.685 INFO:teuthology.orchestra.run.smithi003.stdout:/usr/bin/ceph: stderr
2024-03-28T15:55:56.758+0000 7f441aa00700 1 -- 172.21.15.3:0/3754279119 shutdown_connections
2024-03-28T15:55:57.685 INFO:teuthology.orchestra.run.smithi003.stdout:/usr/bin/ceph: stderr
2024-03-28T15:55:56.758+0000 7f441aa00700 1 --2- 172.21.15.3:0/3754279119 >> [v2:172.21.15.3:3300/0,v1:172.21.15.3:6789/0] conn(0x7f44141015d0 0x7f44141019e0 unknown :-1 s=CLOSED pgs=39 cs=0 l=1 rev1=1 crypto rx=0 tx=0 comp rx=0 tx=0).stop
2024-03-28T15:55:57.685 INFO:teuthology.orchestra.run.smithi003.stdout:/usr/bin/ceph: stderr
2024-03-28T15:55:56.758+0000 7f441aa00700 1 -- 172.21.15.3:0/3754279119 >> 172.21.15.3:0/3754279119 conn(0x7f44140fcd50 msgr2=0x7f44140ff160 unknown :-1 s=STATE_NONE l=0).mark_down
2024-03-28T15:55:57.685 INFO:teuthology.orchestra.run.smithi003.stdout:/usr/bin/ceph: stderr
2024-03-28T15:55:56.758+0000 7f441aa00700 1 -- 172.21.15.3:0/3754279119 shutdown_connections
2024-03-28T15:55:57.685 INFO:teuthology.orchestra.run.smithi003.stdout:/usr/bin/ceph: stderr
2024-03-28T15:55:56.758+0000 7f441aa00700 1 -- 172.21.15.3:0/3754279119 wait complete.
2024-03-28T15:55:57.686 INFO:teuthology.orchestra.run.smithi003.stdout:/usr/bin/ceph: stderr
2024-03-28T15:55:56.759+0000 7f441aa00700 1 Processor -- start
2024-03-28T15:55:57.686 INFO:teuthology.orchestra.run.smithi003.stdout:/usr/bin/ceph: stderr
2024-03-28T15:55:56.759+0000 7f441aa00700 1 -- start start
2024-03-28T15:55:57.686 INFO:teuthology.orchestra.run.smithi003.stdout:/usr/bin/ceph: stderr
2024-03-28T15:55:56.760+0000 7f441aa00700 1 --2- >> [v2:172.21.15.3:3300/0,v1:172.21.15.3:6789/0] conn(0x7f44141015d0 0x7f44141115f0 unknown :-1 s=NONE pgs=0 cs=0 l=1 rev1=0 crypto rx=0 tx=0 comp rx=0 tx=0).connect
2024-03-28T15:55:57.686 INFO:teuthology.orchestra.run.smithi003.stdout:/usr/bin/ceph: stderr
2024-03-28T15:55:56.760+0000 7f441aa00700 1 -- --> [v2:172.21.15.3:3300/0,v1:172.21.15.3:6789/0] -- mon_getmap magic: 0 v1 -- 0x7f4414111b30 con 0x7f44141015d0
2024-03-28T15:55:57.686 INFO:teuthology.orchestra.run.smithi003.stdout:/usr/bin/ceph: stderr
2024-03-28T15:55:56.760+0000 7f4413e00700 1 --2- >> [v2:172.21.15.3:3300/0,v1:172.21.15.3:6789/0] conn(0x7f44141015d0 0x7f44141115f0 unknown :-1 s=BANNER_CONNECTING pgs=0 cs=0 l=1 rev1=0 crypto rx=0 tx=0 comp rx=0 tx=0)._handle_peer_banner_payload supported=3 required=0
2024-03-28T15:55:57.686 INFO:teuthology.orchestra.run.smithi003.stdout:/usr/bin/ceph: stderr
2024-03-28T15:55:56.760+0000 7f4413e00700 1 --2- >> [v2:172.21.15.3:3300/0,v1:172.21.15.3:6789/0] conn(0x7f44141015d0 0x7f44141115f0 unknown :-1 s=HELLO_CONNECTING pgs=0 cs=0 l=1 rev1=1 crypto rx=0 tx=0 comp rx=0 tx=0).handle_hello peer v2:172.21.15.3:3300/0 says I am v2:172.21.15.3:36508/0 (socket says 172.21.15.3:36508)
2024-03-28T15:55:57.686 INFO:teuthology.orchestra.run.smithi003.stdout:/usr/bin/ceph: stderr
2024-03-28T15:55:56.760+0000 7f4413e00700 1 -- 172.21.15.3:0/118679662 learned_addr learned my addr 172.21.15.3:0/118679662 (peer_addr_for_me v2:172.21.15.3:0/0)
2024-03-28T15:55:57.686 INFO:teuthology.orchestra.run.smithi003.stdout:/usr/bin/ceph: stderr
2024-03-28T15:55:56.760+0000 7f4413e00700 1 -- 172.21.15.3:0/118679662 --> [v2:172.21.15.3:3300/0,v1:172.21.15.3:6789/0] -- mon_subscribe({config=0+,monmap=0+}) v3 -- 0x7f44040094f0 con 0x7f44141015d0
2024-03-28T15:55:57.686 INFO:teuthology.orchestra.run.smithi003.stdout:/usr/bin/ceph: stderr
2024-03-28T15:55:56.761+0000 7f4413e00700 1 --2- 172.21.15.3:0/118679662 >> [v2:172.21.15.3:3300/0,v1:172.21.15.3:6789/0] conn(0x7f44141015d0 0x7f44141115f0 secure :-1 s=READY pgs=40 cs=0 l=1 rev1=1 crypto rx=0x7f440400ba90 tx=0x7f4404009250 comp rx=0 tx=0).ready entity=mon.0 client_cookie=0 server_cookie=0 in_seq=0 out_seq=0
2024-03-28T15:55:57.687 INFO:teuthology.orchestra.run.smithi003.stdout:/usr/bin/ceph: stderr
2024-03-28T15:55:56.761+0000 7f440be00700 1 -- 172.21.15.3:0/118679662 <== mon.0 v2:172.21.15.3:3300/0 1 ==== mon_map magic: 0 v1 ==== 229+0+0 (secure 0 0 0) 0x7f44040107c0 con 0x7f44141015d0
2024-03-28T15:55:57.687 INFO:teuthology.orchestra.run.smithi003.stdout:/usr/bin/ceph: stderr
2024-03-28T15:55:56.761+0000 7f440be00700 1 -- 172.21.15.3:0/118679662 <== mon.0 v2:172.21.15.3:3300/0 2 ==== config(27 keys) v1 ==== 1044+0+0 (secure 0 0 0) 0x7f4404010db0 con 0x7f44141015d0
2024-03-28T15:55:57.687 INFO:teuthology.orchestra.run.smithi003.stdout:/usr/bin/ceph: stderr
2024-03-28T15:55:56.761+0000 7f441aa00700 1 -- 172.21.15.3:0/118679662 --> [v2:172.21.15.3:3300/0,v1:172.21.15.3:6789/0] -- mon_subscribe({mgrmap=0+}) v3 -- 0x7f4414111d30 con 0x7f44141015d0
2024-03-28T15:55:57.687 INFO:teuthology.orchestra.run.smithi003.stdout:/usr/bin/ceph: stderr
2024-03-28T15:55:56.761+0000 7f440be00700 1 -- 172.21.15.3:0/118679662 <== mon.0 v2:172.21.15.3:3300/0 3 ==== mon_map magic: 0 v1 ==== 229+0+0 (secure 0 0 0) 0x7f440401add0 con 0x7f44141015d0
2024-03-28T15:55:57.687 INFO:teuthology.orchestra.run.smithi003.stdout:/usr/bin/ceph: stderr
2024-03-28T15:55:56.761+0000 7f441aa00700 1 -- 172.21.15.3:0/118679662 --> [v2:172.21.15.3:3300/0,v1:172.21.15.3:6789/0] -- mon_subscribe({osdmap=0}) v3 -- 0x7f44141128a0 con 0x7f44141015d0
2024-03-28T15:55:57.687 INFO:teuthology.orchestra.run.smithi003.stdout:/usr/bin/ceph: stderr
2024-03-28T15:55:56.762+0000 7f440be00700 1 -- 172.21.15.3:0/118679662 <== mon.0 v2:172.21.15.3:3300/0 4 ==== mgrmap(e 8) v1 ==== 43368+0+0 (secure 0 0 0) 0x7f4404010920 con 0x7f44141015d0
2024-03-28T15:55:57.687 INFO:teuthology.orchestra.run.smithi003.stdout:/usr/bin/ceph: stderr
2024-03-28T15:55:56.762+0000 7f441aa00700 1 -- 172.21.15.3:0/118679662 --> [v2:172.21.15.3:3300/0,v1:172.21.15.3:6789/0] -- mon_command({"prefix": "get_command_descriptions"} v 0) v1 -- 0x7f441405f5f0 con 0x7f44141015d0
2024-03-28T15:55:57.687 INFO:teuthology.orchestra.run.smithi003.stdout:/usr/bin/ceph: stderr
2024-03-28T15:55:56.763+0000 7f440be00700 1 --2- 172.21.15.3:0/118679662 >> [v2:172.21.15.3:6800/2236628067,v1:172.21.15.3:6801/2236628067] conn(0x7f43f8036830 0x7f43f8038ce0 unknown :-1 s=NONE pgs=0 cs=0 l=1 rev1=0 crypto rx=0 tx=0 comp rx=0 tx=0).connect
2024-03-28T15:55:57.687 INFO:teuthology.orchestra.run.smithi003.stdout:/usr/bin/ceph: stderr
2024-03-28T15:55:56.763+0000 7f440be00700 1 -- 172.21.15.3:0/118679662 <== mon.0 v2:172.21.15.3:3300/0 5 ==== osd_map(2..2 src has 1..2) v4 ==== 936+0+0 (secure 0 0 0) 0x7f440404a650 con 0x7f44141015d0
2024-03-28T15:55:57.688 INFO:teuthology.orchestra.run.smithi003.stdout:/usr/bin/ceph: stderr
2024-03-28T15:55:56.763+0000 7f4413400700 1 --2- 172.21.15.3:0/118679662 >> [v2:172.21.15.3:6800/2236628067,v1:172.21.15.3:6801/2236628067] conn(0x7f43f8036830 0x7f43f8038ce0 unknown :-1 s=BANNER_CONNECTING pgs=0 cs=0 l=1 rev1=0 crypto rx=0 tx=0 comp rx=0 tx=0)._handle_peer_banner_payload supported=3 required=0
2024-03-28T15:55:57.688 INFO:teuthology.orchestra.run.smithi003.stdout:/usr/bin/ceph: stderr
2024-03-28T15:55:56.764+0000 7f4413400700 1 --2- 172.21.15.3:0/118679662 >> [v2:172.21.15.3:6800/2236628067,v1:172.21.15.3:6801/2236628067] conn(0x7f43f8036830 0x7f43f8038ce0 secure :-1 s=READY pgs=8 cs=0 l=1 rev1=1 crypto rx=0x7f4400009990 tx=0x7f4400006e40 comp rx=0 tx=0).ready entity=mgr.14120 client_cookie=0 server_cookie=0 in_seq=0 out_seq=0
2024-03-28T15:55:57.688 INFO:teuthology.orchestra.run.smithi003.stdout:/usr/bin/ceph: stderr
2024-03-28T15:55:56.768+0000 7f440be00700 1 -- 172.21.15.3:0/118679662 <== mon.0 v2:172.21.15.3:3300/0 6 ==== mon_command_ack([{"prefix": "get_command_descriptions"}]=0 v0) v1 ==== 72+0+176504 (secure 0 0 0) 0x7f440401a430 con 0x7f44141015d0
2024-03-28T15:55:57.688 INFO:teuthology.orchestra.run.smithi003.stdout:/usr/bin/ceph: stderr
2024-03-28T15:55:56.985+0000 7f441aa00700 1 -- 172.21.15.3:0/118679662 --> [v2:172.21.15.3:6800/2236628067,v1:172.21.15.3:6801/2236628067] -- mgr_command(tid 0: {"prefix": "cephadm set-user", "user": "root", "target": ["mon-mgr", ""]}) v1 -- 0x7f4414113420 con 0x7f43f8036830
2024-03-28T15:55:57.688 INFO:teuthology.orchestra.run.smithi003.stdout:/usr/bin/ceph: stderr
2024-03-28T15:55:56.987+0000 7f440be00700 1 -- 172.21.15.3:0/118679662 <== mgr.14120 v2:172.21.15.3:6800/2236628067 1 ==== mgr_command_reply(tid 0: 0 ) v1 ==== 8+0+16 (secure 0 0 0) 0x7f4414113420 con 0x7f43f8036830
2024-03-28T15:55:57.688 INFO:teuthology.orchestra.run.smithi003.stdout:/usr/bin/ceph: stderr
2024-03-28T15:55:56.989+0000 7f441aa00700 1 -- 172.21.15.3:0/118679662 >> [v2:172.21.15.3:6800/2236628067,v1:172.21.15.3:6801/2236628067] conn(0x7f43f8036830 msgr2=0x7f43f8038ce0 secure :-1 s=STATE_CONNECTION_ESTABLISHED l=1).mark_down
2024-03-28T15:55:57.688 INFO:teuthology.orchestra.run.smithi003.stdout:/usr/bin/ceph: stderr
2024-03-28T15:55:56.989+0000 7f441aa00700 1 --2- 172.21.15.3:0/118679662 >> [v2:172.21.15.3:6800/2236628067,v1:172.21.15.3:6801/2236628067] conn(0x7f43f8036830 0x7f43f8038ce0 secure :-1 s=READY pgs=8 cs=0 l=1 rev1=1 crypto rx=0x7f4400009990 tx=0x7f4400006e40 comp rx=0 tx=0).stop
2024-03-28T15:55:57.688 INFO:teuthology.orchestra.run.smithi003.stdout:/usr/bin/ceph: stderr
2024-03-28T15:55:56.989+0000 7f441aa00700 1 -- 172.21.15.3:0/118679662 >> [v2:172.21.15.3:3300/0,v1:172.21.15.3:6789/0] conn(0x7f44141015d0 msgr2=0x7f44141115f0 secure :-1 s=STATE_CONNECTION_ESTABLISHED l=1).mark_down
2024-03-28T15:55:57.688 INFO:teuthology.orchestra.run.smithi003.stdout:/usr/bin/ceph: stderr
2024-03-28T15:55:56.989+0000 7f441aa00700 1 --2- 172.21.15.3:0/118679662 >> [v2:172.21.15.3:3300/0,v1:172.21.15.3:6789/0] conn(0x7f44141015d0 0x7f44141115f0 secure :-1 s=READY pgs=40 cs=0 l=1 rev1=1 crypto rx=0x7f440400ba90 tx=0x7f4404009250 comp rx=0 tx=0).stop
2024-03-28T15:55:57.688 INFO:teuthology.orchestra.run.smithi003.stdout:/usr/bin/ceph: stderr
2024-03-28T15:55:56.990+0000 7f441aa00700 1 -- 172.21.15.3:0/118679662 shutdown_connections
2024-03-28T15:55:57.688 INFO:teuthology.orchestra.run.smithi003.stdout:/usr/bin/ceph: stderr
2024-03-28T15:55:56.990+0000 7f441aa00700 1 --2- 172.21.15.3:0/118679662 >> [v2:172.21.15.3:6800/2236628067,v1:172.21.15.3:6801/2236628067] conn(0x7f43f8036830 0x7f43f8038ce0 unknown :-1 s=CLOSED pgs=8 cs=0 l=1 rev1=1 crypto rx=0 tx=0 comp rx=0 tx=0).stop
2024-03-28T15:55:57.689 INFO:teuthology.orchestra.run.smithi003.stdout:/usr/bin/ceph: stderr
2024-03-28T15:55:56.990+0000 7f441aa00700 1 --2- 172.21.15.3:0/118679662 >> [v2:172.21.15.3:3300/0,v1:172.21.15.3:6789/0] conn(0x7f44141015d0 0x7f44141115f0 unknown :-1 s=CLOSED pgs=40 cs=0 l=1 rev1=1 crypto rx=0 tx=0 comp rx=0 tx=0).stop
2024-03-28T15:55:57.689 INFO:teuthology.orchestra.run.smithi003.stdout:/usr/bin/ceph: stderr
2024-03-28T15:55:56.990+0000 7f441aa00700 1 -- 172.21.15.3:0/118679662 >> 172.21.15.3:0/118679662 conn(0x7f44140fcd50 msgr2=0x7f44140fdc60 unknown :-1 s=STATE_NONE l=0).mark_down
2024-03-28T15:55:57.689 INFO:teuthology.orchestra.run.smithi003.stdout:/usr/bin/ceph: stderr
2024-03-28T15:55:56.990+0000 7f441aa00700 1 -- 172.21.15.3:0/118679662 shutdown_connections
2024-03-28T15:55:57.689 INFO:teuthology.orchestra.run.smithi003.stdout:/usr/bin/ceph: stderr
2024-03-28T15:55:56.990+0000 7f441aa00700 1 -- 172.21.15.3:0/118679662 wait complete.
2024-03-28T15:55:57.689 INFO:teuthology.orchestra.run.smithi003.stdout:Generating ssh key...
2024-03-28T15:55:58.234 INFO:journalctl@ceph.mon.smithi003.smithi003.stdout:Mar 28 15:55:58 smithi003 ceph-mon[29330]: from='client.14134 -' entity='client.admin' cmd=[{"prefix": "cephadm set-user", "user": "root", "target": ["mon-mgr", ""]}]: dispatch
2024-03-28T15:55:59.252 INFO:teuthology.orchestra.run.smithi003.stdout:/usr/bin/ceph: stderr
2024-03-28T15:55:58.233+0000 7f2f49600700 1 Processor -- start
2024-03-28T15:55:59.253 INFO:teuthology.orchestra.run.smithi003.stdout:/usr/bin/ceph: stderr
2024-03-28T15:55:58.233+0000 7f2f49600700 1 -- start start
2024-03-28T15:55:59.253 INFO:teuthology.orchestra.run.smithi003.stdout:/usr/bin/ceph: stderr
2024-03-28T15:55:58.233+0000 7f2f49600700 1 --2- >> [v2:172.21.15.3:3300/0,v1:172.21.15.3:6789/0] conn(0x7f2f4407ce70 0x7f2f4410bc60 unknown :-1 s=NONE pgs=0 cs=0 l=0 rev1=0 crypto rx=0 tx=0 comp rx=0 tx=0).connect
2024-03-28T15:55:59.253 INFO:teuthology.orchestra.run.smithi003.stdout:/usr/bin/ceph: stderr
2024-03-28T15:55:58.234+0000 7f2f49600700 1 -- --> [v2:172.21.15.3:3300/0,v1:172.21.15.3:6789/0] -- mon_getmap magic: 0 v1 -- 0x7f2f4407d310 con 0x7f2f4407ce70
2024-03-28T15:55:59.253 INFO:teuthology.orchestra.run.smithi003.stdout:/usr/bin/ceph: stderr
2024-03-28T15:55:58.234+0000 7f2f42a00700 1 --2- >> [v2:172.21.15.3:3300/0,v1:172.21.15.3:6789/0] conn(0x7f2f4407ce70 0x7f2f4410bc60 unknown :-1 s=BANNER_CONNECTING pgs=0 cs=0 l=0 rev1=0 crypto rx=0 tx=0 comp rx=0 tx=0)._handle_peer_banner_payload supported=3 required=0
2024-03-28T15:55:59.253 INFO:teuthology.orchestra.run.smithi003.stdout:/usr/bin/ceph: stderr
2024-03-28T15:55:58.234+0000 7f2f42a00700 1 --2- >> [v2:172.21.15.3:3300/0,v1:172.21.15.3:6789/0] conn(0x7f2f4407ce70 0x7f2f4410bc60 unknown :-1 s=HELLO_CONNECTING pgs=0 cs=0 l=0 rev1=1 crypto rx=0 tx=0 comp rx=0 tx=0).handle_hello peer v2:172.21.15.3:3300/0 says I am v2:172.21.15.3:36512/0 (socket says 172.21.15.3:36512)
2024-03-28T15:55:59.253 INFO:teuthology.orchestra.run.smithi003.stdout:/usr/bin/ceph: stderr
2024-03-28T15:55:58.234+0000 7f2f42a00700 1 -- 172.21.15.3:0/694788141 learned_addr learned my addr 172.21.15.3:0/694788141 (peer_addr_for_me v2:172.21.15.3:0/0)
2024-03-28T15:55:59.253 INFO:teuthology.orchestra.run.smithi003.stdout:/usr/bin/ceph: stderr
2024-03-28T15:55:58.235+0000 7f2f42a00700 1 -- 172.21.15.3:0/694788141 --> [v2:172.21.15.3:3300/0,v1:172.21.15.3:6789/0] -- mon_subscribe({config=0+,monmap=0+}) v3 -- 0x7f2f4407d450 con 0x7f2f4407ce70
2024-03-28T15:55:59.253 INFO:teuthology.orchestra.run.smithi003.stdout:/usr/bin/ceph: stderr
2024-03-28T15:55:58.235+0000 7f2f42a00700 1 --2- 172.21.15.3:0/694788141 >> [v2:172.21.15.3:3300/0,v1:172.21.15.3:6789/0] conn(0x7f2f4407ce70 0x7f2f4410bc60 secure :-1 s=READY pgs=41 cs=0 l=1 rev1=1 crypto rx=0x7f2f340098e0 tx=0x7f2f34009250 comp rx=0 tx=0).ready entity=mon.0 client_cookie=4a6fb1e0ac509f58 server_cookie=0 in_seq=0 out_seq=0
2024-03-28T15:55:59.253 INFO:teuthology.orchestra.run.smithi003.stdout:/usr/bin/ceph: stderr
2024-03-28T15:55:58.235+0000 7f2f41600700 1 -- 172.21.15.3:0/694788141 <== mon.0 v2:172.21.15.3:3300/0 1 ==== mon_map magic: 0 v1 ==== 229+0+0 (secure 0 0 0) 0x7f2f3400b860 con 0x7f2f4407ce70
2024-03-28T15:55:59.253 INFO:teuthology.orchestra.run.smithi003.stdout:/usr/bin/ceph: stderr
2024-03-28T15:55:58.236+0000 7f2f41600700 1 -- 172.21.15.3:0/694788141 <== mon.0 v2:172.21.15.3:3300/0 2 ==== config(27 keys) v1 ==== 1044+0+0 (secure 0 0 0) 0x7f2f3400be50 con 0x7f2f4407ce70
2024-03-28T15:55:59.253 INFO:teuthology.orchestra.run.smithi003.stdout:/usr/bin/ceph: stderr
2024-03-28T15:55:58.236+0000 7f2f41600700 1 -- 172.21.15.3:0/694788141 <== mon.0 v2:172.21.15.3:3300/0 3 ==== mon_map magic: 0 v1 ==== 229+0+0 (secure 0 0 0) 0x7f2f34010380 con 0x7f2f4407ce70
2024-03-28T15:55:59.253 INFO:teuthology.orchestra.run.smithi003.stdout:/usr/bin/ceph: stderr
2024-03-28T15:55:58.236+0000 7f2f49600700 1 -- 172.21.15.3:0/694788141 >> [v2:172.21.15.3:3300/0,v1:172.21.15.3:6789/0] conn(0x7f2f4407ce70 msgr2=0x7f2f4410bc60 secure :-1 s=STATE_CONNECTION_ESTABLISHED l=1).mark_down
2024-03-28T15:55:59.254 INFO:teuthology.orchestra.run.smithi003.stdout:/usr/bin/ceph: stderr
2024-03-28T15:55:58.236+0000 7f2f49600700 1 --2- 172.21.15.3:0/694788141 >> [v2:172.21.15.3:3300/0,v1:172.21.15.3:6789/0] conn(0x7f2f4407ce70 0x7f2f4410bc60 secure :-1 s=READY pgs=41 cs=0 l=1 rev1=1 crypto rx=0x7f2f340098e0 tx=0x7f2f34009250 comp rx=0 tx=0).stop
2024-03-28T15:55:59.254 INFO:teuthology.orchestra.run.smithi003.stdout:/usr/bin/ceph: stderr
2024-03-28T15:55:58.236+0000 7f2f49600700 1 -- 172.21.15.3:0/694788141 shutdown_connections
2024-03-28T15:55:59.254 INFO:teuthology.orchestra.run.smithi003.stdout:/usr/bin/ceph: stderr
2024-03-28T15:55:58.236+0000 7f2f49600700 1 --2- 172.21.15.3:0/694788141 >> [v2:172.21.15.3:3300/0,v1:172.21.15.3:6789/0] conn(0x7f2f4407ce70 0x7f2f4410bc60 unknown :-1 s=CLOSED pgs=41 cs=0 l=1 rev1=1 crypto rx=0 tx=0 comp rx=0 tx=0).stop
2024-03-28T15:55:59.254 INFO:teuthology.orchestra.run.smithi003.stdout:/usr/bin/ceph: stderr
2024-03-28T15:55:58.236+0000 7f2f49600700 1 -- 172.21.15.3:0/694788141 >> 172.21.15.3:0/694788141 conn(0x7f2f440782b0 msgr2=0x7f2f4407a700 unknown :-1 s=STATE_NONE l=0).mark_down
2024-03-28T15:55:59.254 INFO:teuthology.orchestra.run.smithi003.stdout:/usr/bin/ceph: stderr
2024-03-28T15:55:58.237+0000 7f2f49600700 1 -- 172.21.15.3:0/694788141 shutdown_connections
2024-03-28T15:55:59.254 INFO:teuthology.orchestra.run.smithi003.stdout:/usr/bin/ceph: stderr
2024-03-28T15:55:58.237+0000 7f2f49600700 1 -- 172.21.15.3:0/694788141 wait complete.
2024-03-28T15:55:59.254 INFO:teuthology.orchestra.run.smithi003.stdout:/usr/bin/ceph: stderr
2024-03-28T15:55:58.237+0000 7f2f49600700 1 Processor -- start
2024-03-28T15:55:59.254 INFO:teuthology.orchestra.run.smithi003.stdout:/usr/bin/ceph: stderr
2024-03-28T15:55:58.238+0000 7f2f49600700 1 -- start start
2024-03-28T15:55:59.254 INFO:teuthology.orchestra.run.smithi003.stdout:/usr/bin/ceph: stderr
2024-03-28T15:55:58.238+0000 7f2f49600700 1 --2- >> [v2:172.21.15.3:3300/0,v1:172.21.15.3:6789/0] conn(0x7f2f4407ce70 0x7f2f44117ba0 unknown :-1 s=NONE pgs=0 cs=0 l=1 rev1=0 crypto rx=0 tx=0 comp rx=0 tx=0).connect
2024-03-28T15:55:59.254 INFO:teuthology.orchestra.run.smithi003.stdout:/usr/bin/ceph: stderr
2024-03-28T15:55:58.238+0000 7f2f49600700 1 -- --> [v2:172.21.15.3:3300/0,v1:172.21.15.3:6789/0] -- mon_getmap magic: 0 v1 -- 0x7f2f441180e0 con 0x7f2f4407ce70
2024-03-28T15:55:59.254 INFO:teuthology.orchestra.run.smithi003.stdout:/usr/bin/ceph: stderr
2024-03-28T15:55:58.238+0000 7f2f42a00700 1 --2- >> [v2:172.21.15.3:3300/0,v1:172.21.15.3:6789/0] conn(0x7f2f4407ce70 0x7f2f44117ba0 unknown :-1 s=BANNER_CONNECTING pgs=0 cs=0 l=1 rev1=0 crypto rx=0 tx=0 comp rx=0 tx=0)._handle_peer_banner_payload supported=3 required=0
2024-03-28T15:55:59.254 INFO:teuthology.orchestra.run.smithi003.stdout:/usr/bin/ceph: stderr
2024-03-28T15:55:58.238+0000 7f2f42a00700 1 --2- >> [v2:172.21.15.3:3300/0,v1:172.21.15.3:6789/0] conn(0x7f2f4407ce70 0x7f2f44117ba0 unknown :-1 s=HELLO_CONNECTING pgs=0 cs=0 l=1 rev1=1 crypto rx=0 tx=0 comp rx=0 tx=0).handle_hello peer v2:172.21.15.3:3300/0 says I am v2:172.21.15.3:36522/0 (socket says 172.21.15.3:36522)
2024-03-28T15:55:59.254 INFO:teuthology.orchestra.run.smithi003.stdout:/usr/bin/ceph: stderr
2024-03-28T15:55:58.238+0000 7f2f42a00700 1 -- 172.21.15.3:0/2919646978 learned_addr learned my addr 172.21.15.3:0/2919646978 (peer_addr_for_me v2:172.21.15.3:0/0)
2024-03-28T15:55:59.255 INFO:teuthology.orchestra.run.smithi003.stdout:/usr/bin/ceph: stderr
2024-03-28T15:55:58.238+0000 7f2f42a00700 1 -- 172.21.15.3:0/2919646978 --> [v2:172.21.15.3:3300/0,v1:172.21.15.3:6789/0] -- mon_subscribe({config=0+,monmap=0+}) v3 -- 0x7f2f340094f0 con 0x7f2f4407ce70
2024-03-28T15:55:59.255 INFO:teuthology.orchestra.run.smithi003.stdout:/usr/bin/ceph: stderr
2024-03-28T15:55:58.239+0000 7f2f42a00700 1 --2- 172.21.15.3:0/2919646978 >> [v2:172.21.15.3:3300/0,v1:172.21.15.3:6789/0] conn(0x7f2f4407ce70 0x7f2f44117ba0 secure :-1 s=READY pgs=42 cs=0 l=1 rev1=1 crypto rx=0x7f2f34011bd0 tx=0x7f2f34009250 comp rx=0 tx=0).ready entity=mon.0 client_cookie=0 server_cookie=0 in_seq=0 out_seq=0
2024-03-28T15:55:59.255 INFO:teuthology.orchestra.run.smithi003.stdout:/usr/bin/ceph: stderr
2024-03-28T15:55:58.239+0000 7f2f3aa00700 1 -- 172.21.15.3:0/2919646978 <== mon.0 v2:172.21.15.3:3300/0 1 ==== mon_map magic: 0 v1 ==== 229+0+0 (secure 0 0 0) 0x7f2f340107c0 con 0x7f2f4407ce70
2024-03-28T15:55:59.255 INFO:teuthology.orchestra.run.smithi003.stdout:/usr/bin/ceph: stderr
2024-03-28T15:55:58.239+0000 7f2f3aa00700 1 -- 172.21.15.3:0/2919646978 <== mon.0 v2:172.21.15.3:3300/0 2 ==== config(27 keys) v1 ==== 1044+0+0 (secure 0 0 0) 0x7f2f34010db0 con 0x7f2f4407ce70
2024-03-28T15:55:59.255 INFO:teuthology.orchestra.run.smithi003.stdout:/usr/bin/ceph: stderr
2024-03-28T15:55:58.239+0000 7f2f49600700 1 -- 172.21.15.3:0/2919646978 --> [v2:172.21.15.3:3300/0,v1:172.21.15.3:6789/0] -- mon_subscribe({mgrmap=0+}) v3 -- 0x7f2f441182e0 con 0x7f2f4407ce70
2024-03-28T15:55:59.255 INFO:teuthology.orchestra.run.smithi003.stdout:/usr/bin/ceph: stderr
2024-03-28T15:55:58.239+0000 7f2f3aa00700 1 -- 172.21.15.3:0/2919646978 <== mon.0 v2:172.21.15.3:3300/0 3 ==== mon_map magic: 0 v1 ==== 229+0+0 (secure 0 0 0) 0x7f2f3401ad60 con 0x7f2f4407ce70
2024-03-28T15:55:59.255 INFO:teuthology.orchestra.run.smithi003.stdout:/usr/bin/ceph: stderr
2024-03-28T15:55:58.239+0000 7f2f49600700 1 -- 172.21.15.3:0/2919646978 --> [v2:172.21.15.3:3300/0,v1:172.21.15.3:6789/0] -- mon_subscribe({osdmap=0}) v3 -- 0x7f2f44118e50 con 0x7f2f4407ce70
2024-03-28T15:55:59.255 INFO:teuthology.orchestra.run.smithi003.stdout:/usr/bin/ceph: stderr
2024-03-28T15:55:58.240+0000 7f2f3aa00700 1 -- 172.21.15.3:0/2919646978 <== mon.0 v2:172.21.15.3:3300/0 4 ==== mgrmap(e 8) v1 ==== 43368+0+0 (secure 0 0 0) 0x7f2f3401a5c0 con 0x7f2f4407ce70
2024-03-28T15:55:59.255 INFO:teuthology.orchestra.run.smithi003.stdout:/usr/bin/ceph: stderr
2024-03-28T15:55:58.240+0000 7f2f49600700 1 -- 172.21.15.3:0/2919646978 --> [v2:172.21.15.3:3300/0,v1:172.21.15.3:6789/0] -- mon_command({"prefix": "get_command_descriptions"} v 0) v1 -- 0x7f2f4405f5f0 con 0x7f2f4407ce70
2024-03-28T15:55:59.255 INFO:teuthology.orchestra.run.smithi003.stdout:/usr/bin/ceph: stderr
2024-03-28T15:55:58.241+0000 7f2f3aa00700 1 --2- 172.21.15.3:0/2919646978 >> [v2:172.21.15.3:6800/2236628067,v1:172.21.15.3:6801/2236628067] conn(0x7f2f28036790 0x7f2f28038c40 unknown :-1 s=NONE pgs=0 cs=0 l=1 rev1=0 crypto rx=0 tx=0 comp rx=0 tx=0).connect
2024-03-28T15:55:59.255 INFO:teuthology.orchestra.run.smithi003.stdout:/usr/bin/ceph: stderr
2024-03-28T15:55:58.241+0000 7f2f3aa00700 1 -- 172.21.15.3:0/2919646978 <== mon.0 v2:172.21.15.3:3300/0 5 ==== osd_map(2..2 src has 1..2) v4 ==== 936+0+0 (secure 0 0 0) 0x7f2f3404ac60 con 0x7f2f4407ce70
2024-03-28T15:55:59.255 INFO:teuthology.orchestra.run.smithi003.stdout:/usr/bin/ceph: stderr
2024-03-28T15:55:58.241+0000 7f2f42000700 1 --2- 172.21.15.3:0/2919646978 >> [v2:172.21.15.3:6800/2236628067,v1:172.21.15.3:6801/2236628067] conn(0x7f2f28036790 0x7f2f28038c40 unknown :-1 s=BANNER_CONNECTING pgs=0 cs=0 l=1 rev1=0 crypto rx=0 tx=0 comp rx=0 tx=0)._handle_peer_banner_payload supported=3 required=0
2024-03-28T15:55:59.255 INFO:teuthology.orchestra.run.smithi003.stdout:/usr/bin/ceph: stderr
2024-03-28T15:55:58.242+0000 7f2f42000700 1 --2- 172.21.15.3:0/2919646978 >> [v2:172.21.15.3:6800/2236628067,v1:172.21.15.3:6801/2236628067] conn(0x7f2f28036790 0x7f2f28038c40 secure :-1 s=READY pgs=9 cs=0 l=1 rev1=1 crypto rx=0x7f2f30009990 tx=0x7f2f30006e40 comp rx=0 tx=0).ready entity=mgr.14120 client_cookie=0 server_cookie=0 in_seq=0 out_seq=0
2024-03-28T15:55:59.255 INFO:teuthology.orchestra.run.smithi003.stdout:/usr/bin/ceph: stderr
2024-03-28T15:55:58.247+0000 7f2f3aa00700 1 -- 172.21.15.3:0/2919646978 <== mon.0 v2:172.21.15.3:3300/0 6 ==== mon_command_ack([{"prefix": "get_command_descriptions"}]=0 v0) v1 ==== 72+0+176504 (secure 0 0 0) 0x7f2f34010920 con 0x7f2f4407ce70
2024-03-28T15:55:59.255 INFO:teuthology.orchestra.run.smithi003.stdout:/usr/bin/ceph: stderr
2024-03-28T15:55:58.463+0000 7f2f49600700 1 -- 172.21.15.3:0/2919646978 --> [v2:172.21.15.3:6800/2236628067,v1:172.21.15.3:6801/2236628067] -- mgr_command(tid 0: {"prefix": "cephadm generate-key", "target": ["mon-mgr", ""]}) v1 -- 0x7f2f4407a6b0 con 0x7f2f28036790
2024-03-28T15:55:59.256 INFO:teuthology.orchestra.run.smithi003.stdout:/usr/bin/ceph: stderr
2024-03-28T15:55:58.579+0000 7f2f3aa00700 1 -- 172.21.15.3:0/2919646978 <== mgr.14120 v2:172.21.15.3:6800/2236628067 1 ==== mgr_command_reply(tid 0: 0 ) v1 ==== 8+0+0 (secure 0 0 0) 0x7f2f4407a6b0 con 0x7f2f28036790
2024-03-28T15:55:59.256 INFO:teuthology.orchestra.run.smithi003.stdout:/usr/bin/ceph: stderr
2024-03-28T15:55:58.582+0000 7f2f49600700 1 -- 172.21.15.3:0/2919646978 >> [v2:172.21.15.3:6800/2236628067,v1:172.21.15.3:6801/2236628067] conn(0x7f2f28036790 msgr2=0x7f2f28038c40 secure :-1 s=STATE_CONNECTION_ESTABLISHED l=1).mark_down
2024-03-28T15:55:59.256 INFO:teuthology.orchestra.run.smithi003.stdout:/usr/bin/ceph: stderr
2024-03-28T15:55:58.582+0000 7f2f49600700 1 --2- 172.21.15.3:0/2919646978 >> [v2:172.21.15.3:6800/2236628067,v1:172.21.15.3:6801/2236628067] conn(0x7f2f28036790 0x7f2f28038c40 secure :-1 s=READY pgs=9 cs=0 l=1 rev1=1 crypto rx=0x7f2f30009990 tx=0x7f2f30006e40 comp rx=0 tx=0).stop
2024-03-28T15:55:59.256 INFO:teuthology.orchestra.run.smithi003.stdout:/usr/bin/ceph: stderr
2024-03-28T15:55:58.582+0000 7f2f49600700 1 -- 172.21.15.3:0/2919646978 >> [v2:172.21.15.3:3300/0,v1:172.21.15.3:6789/0] conn(0x7f2f4407ce70 msgr2=0x7f2f44117ba0 secure :-1 s=STATE_CONNECTION_ESTABLISHED l=1).mark_down
2024-03-28T15:55:59.256 INFO:teuthology.orchestra.run.smithi003.stdout:/usr/bin/ceph: stderr
2024-03-28T15:55:58.582+0000 7f2f49600700 1 --2- 172.21.15.3:0/2919646978 >> [v2:172.21.15.3:3300/0,v1:172.21.15.3:6789/0] conn(0x7f2f4407ce70 0x7f2f44117ba0 secure :-1 s=READY pgs=42 cs=0 l=1 rev1=1 crypto rx=0x7f2f34011bd0 tx=0x7f2f34009250 comp rx=0 tx=0).stop
2024-03-28T15:55:59.256 INFO:teuthology.orchestra.run.smithi003.stdout:/usr/bin/ceph: stderr
2024-03-28T15:55:58.582+0000 7f2f49600700 1 -- 172.21.15.3:0/2919646978 shutdown_connections
2024-03-28T15:55:59.256 INFO:teuthology.orchestra.run.smithi003.stdout:/usr/bin/ceph: stderr
2024-03-28T15:55:58.582+0000 7f2f49600700 1 --2- 172.21.15.3:0/2919646978 >> [v2:172.21.15.3:6800/2236628067,v1:172.21.15.3:6801/2236628067] conn(0x7f2f28036790 0x7f2f28038c40 unknown :-1 s=CLOSED pgs=9 cs=0 l=1 rev1=1 crypto rx=0 tx=0 comp rx=0 tx=0).stop
2024-03-28T15:55:59.256 INFO:teuthology.orchestra.run.smithi003.stdout:/usr/bin/ceph: stderr
2024-03-28T15:55:58.582+0000 7f2f49600700 1 --2- 172.21.15.3:0/2919646978 >> [v2:172.21.15.3:3300/0,v1:172.21.15.3:6789/0] conn(0x7f2f4407ce70 0x7f2f44117ba0 unknown :-1 s=CLOSED pgs=42 cs=0 l=1 rev1=1 crypto rx=0 tx=0 comp rx=0 tx=0).stop
2024-03-28T15:55:59.256 INFO:teuthology.orchestra.run.smithi003.stdout:/usr/bin/ceph: stderr
2024-03-28T15:55:58.582+0000 7f2f49600700 1 -- 172.21.15.3:0/2919646978 >> 172.21.15.3:0/2919646978 conn(0x7f2f440782b0 msgr2=0x7f2f44079ee0 unknown :-1 s=STATE_NONE l=0).mark_down
2024-03-28T15:55:59.256 INFO:teuthology.orchestra.run.smithi003.stdout:/usr/bin/ceph: stderr
2024-03-28T15:55:58.583+0000 7f2f49600700 1 -- 172.21.15.3:0/2919646978 shutdown_connections
2024-03-28T15:55:59.257 INFO:teuthology.orchestra.run.smithi003.stdout:/usr/bin/ceph: stderr
2024-03-28T15:55:58.583+0000 7f2f49600700 1 -- 172.21.15.3:0/2919646978 wait complete.
2024-03-28T15:55:59.517 INFO:journalctl@ceph.mon.smithi003.smithi003.stdout:Mar 28 15:55:59 smithi003 ceph-mon[29330]: from='client.14136 -' entity='client.admin' cmd=[{"prefix": "cephadm generate-key", "target": ["mon-mgr", ""]}]: dispatch
2024-03-28T15:55:59.517 INFO:journalctl@ceph.mon.smithi003.smithi003.stdout:Mar 28 15:55:59 smithi003 ceph-mon[29330]: Generating ssh key...
2024-03-28T15:55:59.517 INFO:journalctl@ceph.mon.smithi003.smithi003.stdout:Mar 28 15:55:59 smithi003 ceph-mon[29330]: from='mgr.14120 172.21.15.3:0/3797089461' entity='mgr.smithi003.jupeer'
2024-03-28T15:55:59.518 INFO:journalctl@ceph.mon.smithi003.smithi003.stdout:Mar 28 15:55:59 smithi003 ceph-mon[29330]: from='mgr.14120 172.21.15.3:0/3797089461' entity='mgr.smithi003.jupeer'
2024-03-28T15:56:00.661 INFO:teuthology.orchestra.run.smithi003.stdout:/usr/bin/ceph: stdout ssh-rsa AAAAB3NzaC1yc2EAAAADAQABAAABgQCvuOWQ53py5CJrNbLoIUbRk/rxgCRV9g4aprtwL6ZA7VwXvd6BpDh/e6ZbRYyBdrMM1+nBg+MSo3UwoGvqG4M1YFqtcmnkVwDQyuiqTrghQC53NGfvwLfosfnFHvomvDWpi2g8nJo27H2FaKaLmg3/D5ZnYTkm75/KnDSICs7fbPfzcO1E/w9toDfTWVJHPdrQyXjRUaOwC6sbfDGXQq7J3gRPMnpzY4MgJ8/mGevZxkoNcSuYN//+g2yP1b0IG0t0xg8KAPOP8o+d6JVDJuw8AlJM1/rg6T7phX8I7Ev6YFtYWzFj/GWU1yOEi+aNtORSsqAU63sPBLE+pUGmTSRa2pmmmrGKvWWrGijFFb5ecLEbc2AfMwQnjocarXNqM7y9o108QrTyEqD5qKgx0ZA/VtJmkilmbNsu6UMVYA1PYWIMOlbElFeQmWoCuJyBa18DJtRdjGNebJNbX2YhNzS81oLhJ9RfXMzz5wJpLXSPbtomEUy3rQbyDbmoqF11Hjc= ceph-5ed94732-ed1b-11ee-95d0-87774f69a715
2024-03-28T15:56:00.661 INFO:teuthology.orchestra.run.smithi003.stdout:/usr/bin/ceph: stderr
2024-03-28T15:55:59.789+0000 7f2d24200700 1 Processor -- start
2024-03-28T15:56:00.661 INFO:teuthology.orchestra.run.smithi003.stdout:/usr/bin/ceph: stderr
2024-03-28T15:55:59.790+0000 7f2d24200700 1 -- start start
2024-03-28T15:56:00.661 INFO:teuthology.orchestra.run.smithi003.stdout:/usr/bin/ceph: stderr
2024-03-28T15:55:59.790+0000 7f2d24200700 1 --2- >> [v2:172.21.15.3:3300/0,v1:172.21.15.3:6789/0] conn(0x7f2d1c077bb0 0x7f2d1c076110 unknown :-1 s=NONE pgs=0 cs=0 l=0 rev1=0 crypto rx=0 tx=0 comp rx=0 tx=0).connect
2024-03-28T15:56:00.661 INFO:teuthology.orchestra.run.smithi003.stdout:/usr/bin/ceph: stderr
2024-03-28T15:55:59.790+0000 7f2d24200700 1 -- --> [v2:172.21.15.3:3300/0,v1:172.21.15.3:6789/0] -- mon_getmap magic: 0 v1 -- 0x7f2d1c077fc0 con 0x7f2d1c077bb0
2024-03-28T15:56:00.661 INFO:teuthology.orchestra.run.smithi003.stdout:/usr/bin/ceph: stderr
2024-03-28T15:55:59.791+0000 7f2d21800700 1 --2- >> [v2:172.21.15.3:3300/0,v1:172.21.15.3:6789/0] conn(0x7f2d1c077bb0 0x7f2d1c076110 unknown :-1 s=BANNER_CONNECTING pgs=0 cs=0 l=0 rev1=0 crypto rx=0 tx=0 comp rx=0 tx=0)._handle_peer_banner_payload supported=3 required=0
2024-03-28T15:56:00.661 INFO:teuthology.orchestra.run.smithi003.stdout:/usr/bin/ceph: stderr
2024-03-28T15:55:59.791+0000 7f2d21800700 1 --2- >> [v2:172.21.15.3:3300/0,v1:172.21.15.3:6789/0] conn(0x7f2d1c077bb0 0x7f2d1c076110 unknown :-1 s=HELLO_CONNECTING pgs=0 cs=0 l=0 rev1=1 crypto rx=0 tx=0 comp rx=0 tx=0).handle_hello peer v2:172.21.15.3:3300/0 says I am v2:172.21.15.3:36534/0 (socket says 172.21.15.3:36534)
2024-03-28T15:56:00.661 INFO:teuthology.orchestra.run.smithi003.stdout:/usr/bin/ceph: stderr
2024-03-28T15:55:59.791+0000 7f2d21800700 1 -- 172.21.15.3:0/3948148705 learned_addr learned my addr 172.21.15.3:0/3948148705 (peer_addr_for_me v2:172.21.15.3:0/0)
2024-03-28T15:56:00.661 INFO:teuthology.orchestra.run.smithi003.stdout:/usr/bin/ceph: stderr
2024-03-28T15:55:59.792+0000 7f2d21800700 1 -- 172.21.15.3:0/3948148705 --> [v2:172.21.15.3:3300/0,v1:172.21.15.3:6789/0] -- mon_subscribe({config=0+,monmap=0+}) v3 -- 0x7f2d1c076650 con 0x7f2d1c077bb0
2024-03-28T15:56:00.661 INFO:teuthology.orchestra.run.smithi003.stdout:/usr/bin/ceph: stderr
2024-03-28T15:55:59.792+0000 7f2d21800700 1 --2- 172.21.15.3:0/3948148705 >> [v2:172.21.15.3:3300/0,v1:172.21.15.3:6789/0] conn(0x7f2d1c077bb0 0x7f2d1c076110 secure :-1 s=READY pgs=43 cs=0 l=1 rev1=1 crypto rx=0x7f2d100098e0 tx=0x7f2d10009250 comp rx=0 tx=0).ready entity=mon.0 client_cookie=2a6e55fc39e57daa server_cookie=0 in_seq=0 out_seq=0
2024-03-28T15:56:00.662 INFO:teuthology.orchestra.run.smithi003.stdout:/usr/bin/ceph: stderr
2024-03-28T15:55:59.792+0000 7f2d1be00700 1 -- 172.21.15.3:0/3948148705 <== mon.0 v2:172.21.15.3:3300/0 1 ==== mon_map magic: 0 v1 ==== 229+0+0 (secure 0 0 0) 0x7f2d1000b860 con 0x7f2d1c077bb0
2024-03-28T15:56:00.662 INFO:teuthology.orchestra.run.smithi003.stdout:/usr/bin/ceph: stderr
2024-03-28T15:55:59.792+0000 7f2d1be00700 1 -- 172.21.15.3:0/3948148705 <== mon.0 v2:172.21.15.3:3300/0 2 ==== config(27 keys) v1 ==== 1044+0+0 (secure 0 0 0) 0x7f2d1000be50 con 0x7f2d1c077bb0
2024-03-28T15:56:00.662 INFO:teuthology.orchestra.run.smithi003.stdout:/usr/bin/ceph: stderr
2024-03-28T15:55:59.792+0000 7f2d1be00700 1 -- 172.21.15.3:0/3948148705 <== mon.0 v2:172.21.15.3:3300/0 3 ==== mon_map magic: 0 v1 ==== 229+0+0 (secure 0 0 0) 0x7f2d10010380 con 0x7f2d1c077bb0
2024-03-28T15:56:00.662 INFO:teuthology.orchestra.run.smithi003.stdout:/usr/bin/ceph: stderr
2024-03-28T15:55:59.793+0000 7f2d24200700 1 -- 172.21.15.3:0/3948148705 >> [v2:172.21.15.3:3300/0,v1:172.21.15.3:6789/0] conn(0x7f2d1c077bb0 msgr2=0x7f2d1c076110 secure :-1 s=STATE_CONNECTION_ESTABLISHED l=1).mark_down
2024-03-28T15:56:00.662 INFO:teuthology.orchestra.run.smithi003.stdout:/usr/bin/ceph: stderr
2024-03-28T15:55:59.793+0000 7f2d24200700 1 --2- 172.21.15.3:0/3948148705 >> [v2:172.21.15.3:3300/0,v1:172.21.15.3:6789/0] conn(0x7f2d1c077bb0 0x7f2d1c076110 secure :-1 s=READY pgs=43 cs=0 l=1 rev1=1 crypto rx=0x7f2d100098e0 tx=0x7f2d10009250 comp rx=0 tx=0).stop
2024-03-28T15:56:00.662 INFO:teuthology.orchestra.run.smithi003.stdout:/usr/bin/ceph: stderr
2024-03-28T15:55:59.793+0000 7f2d24200700 1 -- 172.21.15.3:0/3948148705 shutdown_connections
2024-03-28T15:56:00.662 INFO:teuthology.orchestra.run.smithi003.stdout:/usr/bin/ceph: stderr
2024-03-28T15:55:59.793+0000 7f2d24200700 1 --2- 172.21.15.3:0/3948148705 >> [v2:172.21.15.3:3300/0,v1:172.21.15.3:6789/0] conn(0x7f2d1c077bb0 0x7f2d1c076110 unknown :-1 s=CLOSED pgs=43 cs=0 l=1 rev1=1 crypto rx=0 tx=0 comp rx=0 tx=0).stop
2024-03-28T15:56:00.662 INFO:teuthology.orchestra.run.smithi003.stdout:/usr/bin/ceph: stderr
