2024-03-28T17:37:55.771+0000 7f277ea00700 1 --2- 172.21.15.45:0/4051395163 >> [v2:172.21.15.45:6800/3951447106,v1:172.21.15.45:6801/3951447106] conn(0x7f2764038f20 0x7f276403b3e0 secure :-1 s=READY pgs=15 cs=0 l=1 rev1=1 crypto rx=0x7f276c006fd0 tx=0x7f276c006e40 comp rx=0 tx=0).ready entity=mgr.14120 client_cookie=0 server_cookie=0 in_seq=0 out_seq=0
2024-03-28T17:37:56.714 INFO:teuthology.orchestra.run.smithi045.stdout:/usr/bin/ceph: stderr
2024-03-28T17:37:55.776+0000 7f2777e00700 1 -- 172.21.15.45:0/4051395163 <== mon.0 v2:172.21.15.45:3300/0 6 ==== mon_command_ack([{"prefix": "get_command_descriptions"}]=0 v0) v1 ==== 72+0+186149 (secure 0 0 0) 0x7f2770017ca0 con 0x7f2780107b30
2024-03-28T17:37:56.714 INFO:teuthology.orchestra.run.smithi045.stdout:/usr/bin/ceph: stderr
2024-03-28T17:37:56.001+0000 7f2786600700 1 -- 172.21.15.45:0/4051395163 --> [v2:172.21.15.45:3300/0,v1:172.21.15.45:6789/0] -- mon_command([{prefix=config set, name=mgr/dashboard/ssl_server_port}] v 0) v1 -- 0x7f27801a1310 con 0x7f2780107b30
2024-03-28T17:37:56.714 INFO:teuthology.orchestra.run.smithi045.stdout:/usr/bin/ceph: stderr
2024-03-28T17:37:56.005+0000 7f2777e00700 1 -- 172.21.15.45:0/4051395163 <== mon.0 v2:172.21.15.45:3300/0 7 ==== mon_command_ack([{prefix=config set, name=mgr/dashboard/ssl_server_port}]=0 v8)=0 v8) v1 ==== 130+0+0 (secure 0 0 0) 0x7f277004cfe0 con 0x7f2780107b30
2024-03-28T17:37:56.714 INFO:teuthology.orchestra.run.smithi045.stdout:/usr/bin/ceph: stderr
2024-03-28T17:37:56.009+0000 7f2786600700 1 -- 172.21.15.45:0/4051395163 >> [v2:172.21.15.45:6800/3951447106,v1:172.21.15.45:6801/3951447106] conn(0x7f2764038f20 msgr2=0x7f276403b3e0 secure :-1 s=STATE_CONNECTION_ESTABLISHED l=1).mark_down
2024-03-28T17:37:56.714 INFO:teuthology.orchestra.run.smithi045.stdout:/usr/bin/ceph: stderr
2024-03-28T17:37:56.009+0000 7f2786600700 1 --2- 172.21.15.45:0/4051395163 >> [v2:172.21.15.45:6800/3951447106,v1:172.21.15.45:6801/3951447106] conn(0x7f2764038f20 0x7f276403b3e0 secure :-1 s=READY pgs=15 cs=0 l=1 rev1=1 crypto rx=0x7f276c006fd0 tx=0x7f276c006e40 comp rx=0 tx=0).stop
2024-03-28T17:37:56.714 INFO:teuthology.orchestra.run.smithi045.stdout:/usr/bin/ceph: stderr
2024-03-28T17:37:56.009+0000 7f2786600700 1 -- 172.21.15.45:0/4051395163 >> [v2:172.21.15.45:3300/0,v1:172.21.15.45:6789/0] conn(0x7f2780107b30 msgr2=0x7f278019dc70 secure :-1 s=STATE_CONNECTION_ESTABLISHED l=1).mark_down
2024-03-28T17:37:56.714 INFO:teuthology.orchestra.run.smithi045.stdout:/usr/bin/ceph: stderr
2024-03-28T17:37:56.009+0000 7f2786600700 1 --2- 172.21.15.45:0/4051395163 >> [v2:172.21.15.45:3300/0,v1:172.21.15.45:6789/0] conn(0x7f2780107b30 0x7f278019dc70 secure :-1 s=READY pgs=54 cs=0 l=1 rev1=1 crypto rx=0x7f27700117e0 tx=0x7f2770011ba0 comp rx=0 tx=0).stop
2024-03-28T17:37:56.714 INFO:teuthology.orchestra.run.smithi045.stdout:/usr/bin/ceph: stderr
2024-03-28T17:37:56.009+0000 7f2786600700 1 -- 172.21.15.45:0/4051395163 shutdown_connections
2024-03-28T17:37:56.714 INFO:teuthology.orchestra.run.smithi045.stdout:/usr/bin/ceph: stderr
2024-03-28T17:37:56.009+0000 7f2786600700 1 --2- 172.21.15.45:0/4051395163 >> [v2:172.21.15.45:6800/3951447106,v1:172.21.15.45:6801/3951447106] conn(0x7f2764038f20 0x7f276403b3e0 unknown :-1 s=CLOSED pgs=15 cs=0 l=1 rev1=1 crypto rx=0 tx=0 comp rx=0 tx=0).stop
2024-03-28T17:37:56.714 INFO:teuthology.orchestra.run.smithi045.stdout:/usr/bin/ceph: stderr
2024-03-28T17:37:56.009+0000 7f2786600700 1 --2- 172.21.15.45:0/4051395163 >> [v2:172.21.15.45:3300/0,v1:172.21.15.45:6789/0] conn(0x7f2780107b30 0x7f278019dc70 unknown :-1 s=CLOSED pgs=54 cs=0 l=1 rev1=1 crypto rx=0 tx=0 comp rx=0 tx=0).stop
2024-03-28T17:37:56.714 INFO:teuthology.orchestra.run.smithi045.stdout:/usr/bin/ceph: stderr
2024-03-28T17:37:56.009+0000 7f2786600700 1 -- 172.21.15.45:0/4051395163 >> 172.21.15.45:0/4051395163 conn(0x7f27801030f0 msgr2=0x7f2780103c00 unknown :-1 s=STATE_NONE l=0).mark_down
2024-03-28T17:37:56.714 INFO:teuthology.orchestra.run.smithi045.stdout:/usr/bin/ceph: stderr
2024-03-28T17:37:56.009+0000 7f2786600700 1 -- 172.21.15.45:0/4051395163 shutdown_connections
2024-03-28T17:37:56.714 INFO:teuthology.orchestra.run.smithi045.stdout:/usr/bin/ceph: stderr
2024-03-28T17:37:56.009+0000 7f2786600700 1 -- 172.21.15.45:0/4051395163 wait complete.
2024-03-28T17:37:56.715 INFO:teuthology.orchestra.run.smithi045.stdout:Enabling the dashboard module...
2024-03-28T17:37:57.620 INFO:journalctl@ceph.mon.a.smithi045.stdout:Mar 28 17:37:57 smithi045 ceph-mon[31773]: pgmap v5: 0 pgs: ; 0 B data, 0 B used, 0 B / 0 B avail
2024-03-28T17:37:58.474 INFO:journalctl@ceph.mon.a.smithi045.stdout:Mar 28 17:37:58 smithi045 ceph-mon[31773]: from='mgr.14120 172.21.15.45:0/1742156594' entity='mgr.x'
2024-03-28T17:37:58.474 INFO:journalctl@ceph.mon.a.smithi045.stdout:Mar 28 17:37:58 smithi045 ceph-mon[31773]: from='client.? 172.21.15.45:0/467368595' entity='client.admin' cmd=[{"prefix": "mgr module enable", "module": "dashboard"}]: dispatch
2024-03-28T17:37:58.728 INFO:journalctl@ceph.mgr.x.smithi045.stdout:Mar 28 17:37:58 smithi045 ceph-9f4888ec-ed29-11ee-95d0-87774f69a715-mgr-x[32001]: ignoring --setuser ceph since I am not root
2024-03-28T17:37:58.728 INFO:journalctl@ceph.mgr.x.smithi045.stdout:Mar 28 17:37:58 smithi045 ceph-9f4888ec-ed29-11ee-95d0-87774f69a715-mgr-x[32001]: ignoring --setgroup ceph since I am not root
2024-03-28T17:37:59.399 INFO:journalctl@ceph.mon.a.smithi045.stdout:Mar 28 17:37:59 smithi045 ceph-mon[31773]: from='client.? 172.21.15.45:0/467368595' entity='client.admin' cmd='[{"prefix": "mgr module enable", "module": "dashboard"}]': finished
2024-03-28T17:37:59.399 INFO:journalctl@ceph.mon.a.smithi045.stdout:Mar 28 17:37:59 smithi045 ceph-mon[31773]: mgrmap e9: x(active, since 25s)
2024-03-28T17:37:59.399 INFO:journalctl@ceph.mgr.x.smithi045.stdout:Mar 28 17:37:59 smithi045 ceph-9f4888ec-ed29-11ee-95d0-87774f69a715-mgr-x[32001]:
2024-03-28T17:37:59.171+0000 7ffadd16e200 -1 mgr[py] Module osd_perf_query has missing NOTIFY_TYPES member
2024-03-28T17:37:59.399 INFO:journalctl@ceph.mgr.x.smithi045.stdout:Mar 28 17:37:59 smithi045 ceph-9f4888ec-ed29-11ee-95d0-87774f69a715-mgr-x[32001]:
2024-03-28T17:37:59.295+0000 7ffadd16e200 -1 mgr[py] Module snap_schedule has missing NOTIFY_TYPES member
2024-03-28T17:37:59.926 INFO:teuthology.orchestra.run.smithi045.stdout:/usr/bin/ceph: stderr
2024-03-28T17:37:57.314+0000 7fe1adc00700 1 Processor -- start
2024-03-28T17:37:59.926 INFO:teuthology.orchestra.run.smithi045.stdout:/usr/bin/ceph: stderr
2024-03-28T17:37:57.314+0000 7fe1adc00700 1 -- start start
2024-03-28T17:37:59.926 INFO:teuthology.orchestra.run.smithi045.stdout:/usr/bin/ceph: stderr
2024-03-28T17:37:57.314+0000 7fe1adc00700 1 --2- >> [v2:172.21.15.45:3300/0,v1:172.21.15.45:6789/0] conn(0x7fe1a807de30 0x7fe1a807c2e0 unknown :-1 s=NONE pgs=0 cs=0 l=0 rev1=0 crypto rx=0 tx=0 comp rx=0 tx=0).connect
2024-03-28T17:37:59.926 INFO:teuthology.orchestra.run.smithi045.stdout:/usr/bin/ceph: stderr
2024-03-28T17:37:57.314+0000 7fe1adc00700 1 -- --> [v2:172.21.15.45:3300/0,v1:172.21.15.45:6789/0] -- mon_getmap magic: 0 v1 -- 0x7fe1a807c820 con 0x7fe1a807de30
2024-03-28T17:37:59.931 INFO:teuthology.orchestra.run.smithi045.stdout:/usr/bin/ceph: stderr
2024-03-28T17:37:57.315+0000 7fe1a6a00700 1 --2- >> [v2:172.21.15.45:3300/0,v1:172.21.15.45:6789/0] conn(0x7fe1a807de30 0x7fe1a807c2e0 unknown :-1 s=BANNER_CONNECTING pgs=0 cs=0 l=0 rev1=0 crypto rx=0 tx=0 comp rx=0 tx=0)._handle_peer_banner_payload supported=3 required=0
2024-03-28T17:37:59.931 INFO:teuthology.orchestra.run.smithi045.stdout:/usr/bin/ceph: stderr
2024-03-28T17:37:57.315+0000 7fe1a6a00700 1 --2- >> [v2:172.21.15.45:3300/0,v1:172.21.15.45:6789/0] conn(0x7fe1a807de30 0x7fe1a807c2e0 unknown :-1 s=HELLO_CONNECTING pgs=0 cs=0 l=0 rev1=1 crypto rx=0 tx=0 comp rx=0 tx=0).handle_hello peer v2:172.21.15.45:3300/0 says I am v2:172.21.15.45:43896/0 (socket says 172.21.15.45:43896)
2024-03-28T17:37:59.931 INFO:teuthology.orchestra.run.smithi045.stdout:/usr/bin/ceph: stderr
2024-03-28T17:37:57.315+0000 7fe1a6a00700 1 -- 172.21.15.45:0/3758825818 learned_addr learned my addr 172.21.15.45:0/3758825818 (peer_addr_for_me v2:172.21.15.45:0/0)
2024-03-28T17:37:59.931 INFO:teuthology.orchestra.run.smithi045.stdout:/usr/bin/ceph: stderr
2024-03-28T17:37:57.315+0000 7fe1a6a00700 1 -- 172.21.15.45:0/3758825818 --> [v2:172.21.15.45:3300/0,v1:172.21.15.45:6789/0] -- mon_subscribe({config=0+,monmap=0+}) v3 -- 0x7fe1a807c9a0 con 0x7fe1a807de30
2024-03-28T17:37:59.931 INFO:teuthology.orchestra.run.smithi045.stdout:/usr/bin/ceph: stderr
2024-03-28T17:37:57.316+0000 7fe1a6a00700 1 --2- 172.21.15.45:0/3758825818 >> [v2:172.21.15.45:3300/0,v1:172.21.15.45:6789/0] conn(0x7fe1a807de30 0x7fe1a807c2e0 secure :-1 s=READY pgs=55 cs=0 l=1 rev1=1 crypto rx=0x7fe1980098a0 tx=0x7fe198009bb0 comp rx=0 tx=0).ready entity=mon.0 client_cookie=932e1666a0cb4fa4 server_cookie=0 in_seq=0 out_seq=0
2024-03-28T17:37:59.931 INFO:teuthology.orchestra.run.smithi045.stdout:/usr/bin/ceph: stderr
2024-03-28T17:37:57.316+0000 7fe1a5600700 1 -- 172.21.15.45:0/3758825818 <== mon.0 v2:172.21.15.45:3300/0 1 ==== mon_map magic: 0 v1 ==== 205+0+0 (secure 0 0 0) 0x7fe198004160 con 0x7fe1a807de30
2024-03-28T17:37:59.931 INFO:teuthology.orchestra.run.smithi045.stdout:/usr/bin/ceph: stderr
2024-03-28T17:37:57.316+0000 7fe1a5600700 1 -- 172.21.15.45:0/3758825818 <== mon.0 v2:172.21.15.45:3300/0 2 ==== config(27 keys) v1 ==== 1140+0+0 (secure 0 0 0) 0x7fe198004300 con 0x7fe1a807de30
2024-03-28T17:37:59.932 INFO:teuthology.orchestra.run.smithi045.stdout:/usr/bin/ceph: stderr
2024-03-28T17:37:57.316+0000 7fe1a5600700 1 -- 172.21.15.45:0/3758825818 <== mon.0 v2:172.21.15.45:3300/0 3 ==== mon_map magic: 0 v1 ==== 205+0+0 (secure 0 0 0) 0x7fe198011b20 con 0x7fe1a807de30
2024-03-28T17:37:59.932 INFO:teuthology.orchestra.run.smithi045.stdout:/usr/bin/ceph: stderr
2024-03-28T17:37:57.317+0000 7fe1adc00700 1 -- 172.21.15.45:0/3758825818 >> [v2:172.21.15.45:3300/0,v1:172.21.15.45:6789/0] conn(0x7fe1a807de30 msgr2=0x7fe1a807c2e0 secure :-1 s=STATE_CONNECTION_ESTABLISHED l=1).mark_down
2024-03-28T17:37:59.932 INFO:teuthology.orchestra.run.smithi045.stdout:/usr/bin/ceph: stderr
2024-03-28T17:37:57.317+0000 7fe1adc00700 1 --2- 172.21.15.45:0/3758825818 >> [v2:172.21.15.45:3300/0,v1:172.21.15.45:6789/0] conn(0x7fe1a807de30 0x7fe1a807c2e0 secure :-1 s=READY pgs=55 cs=0 l=1 rev1=1 crypto rx=0x7fe1980098a0 tx=0x7fe198009bb0 comp rx=0 tx=0).stop
2024-03-28T17:37:59.932 INFO:teuthology.orchestra.run.smithi045.stdout:/usr/bin/ceph: stderr
2024-03-28T17:37:57.317+0000 7fe1adc00700 1 -- 172.21.15.45:0/3758825818 shutdown_connections
2024-03-28T17:37:59.932 INFO:teuthology.orchestra.run.smithi045.stdout:/usr/bin/ceph: stderr
2024-03-28T17:37:57.317+0000 7fe1adc00700 1 --2- 172.21.15.45:0/3758825818 >> [v2:172.21.15.45:3300/0,v1:172.21.15.45:6789/0] conn(0x7fe1a807de30 0x7fe1a807c2e0 unknown :-1 s=CLOSED pgs=55 cs=0 l=1 rev1=1 crypto rx=0 tx=0 comp rx=0 tx=0).stop
2024-03-28T17:37:59.932 INFO:teuthology.orchestra.run.smithi045.stdout:/usr/bin/ceph: stderr
2024-03-28T17:37:57.317+0000 7fe1adc00700 1 -- 172.21.15.45:0/3758825818 >> 172.21.15.45:0/3758825818 conn(0x7fe1a8103110 msgr2=0x7fe1a8105550 unknown :-1 s=STATE_NONE l=0).mark_down
2024-03-28T17:37:59.932 INFO:teuthology.orchestra.run.smithi045.stdout:/usr/bin/ceph: stderr
2024-03-28T17:37:57.317+0000 7fe1adc00700 1 -- 172.21.15.45:0/3758825818 shutdown_connections
2024-03-28T17:37:59.932 INFO:teuthology.orchestra.run.smithi045.stdout:/usr/bin/ceph: stderr
2024-03-28T17:37:57.317+0000 7fe1adc00700 1 -- 172.21.15.45:0/3758825818 wait complete.
2024-03-28T17:37:59.932 INFO:teuthology.orchestra.run.smithi045.stdout:/usr/bin/ceph: stderr
2024-03-28T17:37:57.318+0000 7fe1adc00700 1 Processor -- start
2024-03-28T17:37:59.932 INFO:teuthology.orchestra.run.smithi045.stdout:/usr/bin/ceph: stderr
2024-03-28T17:37:57.319+0000 7fe1adc00700 1 -- start start
2024-03-28T17:37:59.932 INFO:teuthology.orchestra.run.smithi045.stdout:/usr/bin/ceph: stderr
2024-03-28T17:37:57.319+0000 7fe1adc00700 1 --2- >> [v2:172.21.15.45:3300/0,v1:172.21.15.45:6789/0] conn(0x7fe1a807de30 0x7fe1a819dcd0 unknown :-1 s=NONE pgs=0 cs=0 l=1 rev1=0 crypto rx=0 tx=0 comp rx=0 tx=0).connect
2024-03-28T17:37:59.932 INFO:teuthology.orchestra.run.smithi045.stdout:/usr/bin/ceph: stderr
2024-03-28T17:37:57.319+0000 7fe1adc00700 1 -- --> [v2:172.21.15.45:3300/0,v1:172.21.15.45:6789/0] -- mon_getmap magic: 0 v1 -- 0x7fe1a810e130 con 0x7fe1a807de30
2024-03-28T17:37:59.932 INFO:teuthology.orchestra.run.smithi045.stdout:/usr/bin/ceph: stderr
2024-03-28T17:37:57.319+0000 7fe1a6a00700 1 --2- >> [v2:172.21.15.45:3300/0,v1:172.21.15.45:6789/0] conn(0x7fe1a807de30 0x7fe1a819dcd0 unknown :-1 s=BANNER_CONNECTING pgs=0 cs=0 l=1 rev1=0 crypto rx=0 tx=0 comp rx=0 tx=0)._handle_peer_banner_payload supported=3 required=0
2024-03-28T17:37:59.932 INFO:teuthology.orchestra.run.smithi045.stdout:/usr/bin/ceph: stderr
2024-03-28T17:37:57.319+0000 7fe1a6a00700 1 --2- >> [v2:172.21.15.45:3300/0,v1:172.21.15.45:6789/0] conn(0x7fe1a807de30 0x7fe1a819dcd0 unknown :-1 s=HELLO_CONNECTING pgs=0 cs=0 l=1 rev1=1 crypto rx=0 tx=0 comp rx=0 tx=0).handle_hello peer v2:172.21.15.45:3300/0 says I am v2:172.21.15.45:43906/0 (socket says 172.21.15.45:43906)
2024-03-28T17:37:59.933 INFO:teuthology.orchestra.run.smithi045.stdout:/usr/bin/ceph: stderr
2024-03-28T17:37:57.319+0000 7fe1a6a00700 1 -- 172.21.15.45:0/467368595 learned_addr learned my addr 172.21.15.45:0/467368595 (peer_addr_for_me v2:172.21.15.45:0/0)
2024-03-28T17:37:59.933 INFO:teuthology.orchestra.run.smithi045.stdout:/usr/bin/ceph: stderr
2024-03-28T17:37:57.320+0000 7fe1a6a00700 1 -- 172.21.15.45:0/467368595 --> [v2:172.21.15.45:3300/0,v1:172.21.15.45:6789/0] -- mon_subscribe({config=0+,monmap=0+}) v3 -- 0x7fe1a819e210 con 0x7fe1a807de30
2024-03-28T17:37:59.933 INFO:teuthology.orchestra.run.smithi045.stdout:/usr/bin/ceph: stderr
2024-03-28T17:37:57.320+0000 7fe1a6a00700 1 --2- 172.21.15.45:0/467368595 >> [v2:172.21.15.45:3300/0,v1:172.21.15.45:6789/0] conn(0x7fe1a807de30 0x7fe1a819dcd0 secure :-1 s=READY pgs=56 cs=0 l=1 rev1=1 crypto rx=0x7fe198004660 tx=0x7fe198011ce0 comp rx=0 tx=0).ready entity=mon.0 client_cookie=0 server_cookie=0 in_seq=0 out_seq=0
2024-03-28T17:37:59.933 INFO:teuthology.orchestra.run.smithi045.stdout:/usr/bin/ceph: stderr
2024-03-28T17:37:57.320+0000 7fe19f400700 1 -- 172.21.15.45:0/467368595 <== mon.0 v2:172.21.15.45:3300/0 1 ==== mon_map magic: 0 v1 ==== 205+0+0 (secure 0 0 0) 0x7fe198003ca0 con 0x7fe1a807de30
2024-03-28T17:37:59.933 INFO:teuthology.orchestra.run.smithi045.stdout:/usr/bin/ceph: stderr
2024-03-28T17:37:57.321+0000 7fe1adc00700 1 -- 172.21.15.45:0/467368595 --> [v2:172.21.15.45:3300/0,v1:172.21.15.45:6789/0] -- mon_subscribe({mgrmap=0+}) v3 -- 0x7fe1a819e4a0 con 0x7fe1a807de30
2024-03-28T17:37:59.933 INFO:teuthology.orchestra.run.smithi045.stdout:/usr/bin/ceph: stderr
2024-03-28T17:37:57.321+0000 7fe19f400700 1 -- 172.21.15.45:0/467368595 <== mon.0 v2:172.21.15.45:3300/0 2 ==== config(27 keys) v1 ==== 1140+0+0 (secure 0 0 0) 0x7fe19801a910 con 0x7fe1a807de30
2024-03-28T17:37:59.933 INFO:teuthology.orchestra.run.smithi045.stdout:/usr/bin/ceph: stderr
2024-03-28T17:37:57.321+0000 7fe19f400700 1 -- 172.21.15.45:0/467368595 <== mon.0 v2:172.21.15.45:3300/0 3 ==== mon_map magic: 0 v1 ==== 205+0+0 (secure 0 0 0) 0x7fe198024970 con 0x7fe1a807de30
2024-03-28T17:37:59.933 INFO:teuthology.orchestra.run.smithi045.stdout:/usr/bin/ceph: stderr
2024-03-28T17:37:57.321+0000 7fe1adc00700 1 -- 172.21.15.45:0/467368595 --> [v2:172.21.15.45:3300/0,v1:172.21.15.45:6789/0] -- mon_subscribe({osdmap=0}) v3 -- 0x7fe1a819e900 con 0x7fe1a807de30
2024-03-28T17:37:59.933 INFO:teuthology.orchestra.run.smithi045.stdout:/usr/bin/ceph: stderr
2024-03-28T17:37:57.322+0000 7fe19f400700 1 -- 172.21.15.45:0/467368595 <== mon.0 v2:172.21.15.45:3300/0 4 ==== mgrmap(e 8) v1 ==== 46106+0+0 (secure 0 0 0) 0x7fe198022020 con 0x7fe1a807de30
2024-03-28T17:37:59.933 INFO:teuthology.orchestra.run.smithi045.stdout:/usr/bin/ceph: stderr
2024-03-28T17:37:57.322+0000 7fe1adc00700 1 -- 172.21.15.45:0/467368595 --> [v2:172.21.15.45:3300/0,v1:172.21.15.45:6789/0] -- mon_command({"prefix": "get_command_descriptions"} v 0) v1 -- 0x7fe1a80637c0 con 0x7fe1a807de30
2024-03-28T17:37:59.933 INFO:teuthology.orchestra.run.smithi045.stdout:/usr/bin/ceph: stderr
2024-03-28T17:37:57.322+0000 7fe19f400700 1 --2- 172.21.15.45:0/467368595 >> [v2:172.21.15.45:6800/3951447106,v1:172.21.15.45:6801/3951447106] conn(0x7fe18c039110 0x7fe18c03b5d0 unknown :-1 s=NONE pgs=0 cs=0 l=1 rev1=0 crypto rx=0 tx=0 comp rx=0 tx=0).connect
2024-03-28T17:37:59.933 INFO:teuthology.orchestra.run.smithi045.stdout:/usr/bin/ceph: stderr
2024-03-28T17:37:57.322+0000 7fe19f400700 1 -- 172.21.15.45:0/467368595 <== mon.0 v2:172.21.15.45:3300/0 5 ==== osd_map(2..2 src has 1..2) v4 ==== 940+0+0 (secure 0 0 0) 0x7fe19804d130 con 0x7fe1a807de30
2024-03-28T17:37:59.933 INFO:teuthology.orchestra.run.smithi045.stdout:/usr/bin/ceph: stderr
2024-03-28T17:37:57.323+0000 7fe1a6000700 1 --2- 172.21.15.45:0/467368595 >> [v2:172.21.15.45:6800/3951447106,v1:172.21.15.45:6801/3951447106] conn(0x7fe18c039110 0x7fe18c03b5d0 unknown :-1 s=BANNER_CONNECTING pgs=0 cs=0 l=1 rev1=0 crypto rx=0 tx=0 comp rx=0 tx=0)._handle_peer_banner_payload supported=3 required=0
2024-03-28T17:37:59.934 INFO:teuthology.orchestra.run.smithi045.stdout:/usr/bin/ceph: stderr
2024-03-28T17:37:57.323+0000 7fe1a6000700 1 --2- 172.21.15.45:0/467368595 >> [v2:172.21.15.45:6800/3951447106,v1:172.21.15.45:6801/3951447106] conn(0x7fe18c039110 0x7fe18c03b5d0 secure :-1 s=READY pgs=16 cs=0 l=1 rev1=1 crypto rx=0x7fe194006fd0 tx=0x7fe194006e40 comp rx=0 tx=0).ready entity=mgr.14120 client_cookie=0 server_cookie=0 in_seq=0 out_seq=0
2024-03-28T17:37:59.934 INFO:teuthology.orchestra.run.smithi045.stdout:/usr/bin/ceph: stderr
2024-03-28T17:37:57.328+0000 7fe19f400700 1 -- 172.21.15.45:0/467368595 <== mon.0 v2:172.21.15.45:3300/0 6 ==== mon_command_ack([{"prefix": "get_command_descriptions"}]=0 v0) v1 ==== 72+0+186149 (secure 0 0 0) 0x7fe198019c70 con 0x7fe1a807de30
2024-03-28T17:37:59.934 INFO:teuthology.orchestra.run.smithi045.stdout:/usr/bin/ceph: stderr
2024-03-28T17:37:57.619+0000 7fe1adc00700 1 -- 172.21.15.45:0/467368595 --> [v2:172.21.15.45:3300/0,v1:172.21.15.45:6789/0] -- mon_command({"prefix": "mgr module enable", "module": "dashboard"} v 0) v1 -- 0x7fe1a81a1360 con 0x7fe1a807de30
2024-03-28T17:37:59.934 INFO:teuthology.orchestra.run.smithi045.stdout:/usr/bin/ceph: stderr
2024-03-28T17:37:58.350+0000 7fe19f400700 1 -- 172.21.15.45:0/467368595 <== mon.0 v2:172.21.15.45:3300/0 7 ==== mon_command_ack([{"prefix": "mgr module enable", "module": "dashboard"}]=0 v9) v1 ==== 88+0+0 (secure 0 0 0) 0x7fe19800bc40 con 0x7fe1a807de30
2024-03-28T17:37:59.934 INFO:teuthology.orchestra.run.smithi045.stdout:/usr/bin/ceph: stderr
2024-03-28T17:37:58.355+0000 7fe19f400700 1 -- 172.21.15.45:0/467368595 <== mon.0 v2:172.21.15.45:3300/0 8 ==== mgrmap(e 9) v1 ==== 46119+0+0 (secure 0 0 0) 0x7fe198024cd0 con 0x7fe1a807de30
2024-03-28T17:37:59.934 INFO:teuthology.orchestra.run.smithi045.stdout:/usr/bin/ceph: stderr
2024-03-28T17:37:58.356+0000 7fe1adc00700 1 -- 172.21.15.45:0/467368595 >> [v2:172.21.15.45:6800/3951447106,v1:172.21.15.45:6801/3951447106] conn(0x7fe18c039110 msgr2=0x7fe18c03b5d0 secure :-1 s=STATE_CONNECTION_ESTABLISHED l=1).mark_down
2024-03-28T17:37:59.934 INFO:teuthology.orchestra.run.smithi045.stdout:/usr/bin/ceph: stderr
2024-03-28T17:37:58.356+0000 7fe1adc00700 1 --2- 172.21.15.45:0/467368595 >> [v2:172.21.15.45:6800/3951447106,v1:172.21.15.45:6801/3951447106] conn(0x7fe18c039110 0x7fe18c03b5d0 secure :-1 s=READY pgs=16 cs=0 l=1 rev1=1 crypto rx=0x7fe194006fd0 tx=0x7fe194006e40 comp rx=0 tx=0).stop
2024-03-28T17:37:59.934 INFO:teuthology.orchestra.run.smithi045.stdout:/usr/bin/ceph: stderr
2024-03-28T17:37:58.356+0000 7fe1adc00700 1 -- 172.21.15.45:0/467368595 >> [v2:172.21.15.45:3300/0,v1:172.21.15.45:6789/0] conn(0x7fe1a807de30 msgr2=0x7fe1a819dcd0 secure :-1 s=STATE_CONNECTION_ESTABLISHED l=1).mark_down
2024-03-28T17:37:59.934 INFO:teuthology.orchestra.run.smithi045.stdout:/usr/bin/ceph: stderr
2024-03-28T17:37:58.356+0000 7fe1adc00700 1 --2- 172.21.15.45:0/467368595 >> [v2:172.21.15.45:3300/0,v1:172.21.15.45:6789/0] conn(0x7fe1a807de30 0x7fe1a819dcd0 secure :-1 s=READY pgs=56 cs=0 l=1 rev1=1 crypto rx=0x7fe198004660 tx=0x7fe198011ce0 comp rx=0 tx=0).stop
2024-03-28T17:37:59.934 INFO:teuthology.orchestra.run.smithi045.stdout:/usr/bin/ceph: stderr
2024-03-28T17:37:58.356+0000 7fe1adc00700 1 -- 172.21.15.45:0/467368595 shutdown_connections
2024-03-28T17:37:59.934 INFO:teuthology.orchestra.run.smithi045.stdout:/usr/bin/ceph: stderr
2024-03-28T17:37:58.356+0000 7fe1adc00700 1 --2- 172.21.15.45:0/467368595 >> [v2:172.21.15.45:6800/3951447106,v1:172.21.15.45:6801/3951447106] conn(0x7fe18c039110 0x7fe18c03b5d0 unknown :-1 s=CLOSED pgs=16 cs=0 l=1 rev1=1 crypto rx=0 tx=0 comp rx=0 tx=0).stop
2024-03-28T17:37:59.934 INFO:teuthology.orchestra.run.smithi045.stdout:/usr/bin/ceph: stderr
2024-03-28T17:37:58.356+0000 7fe1adc00700 1 --2- 172.21.15.45:0/467368595 >> [v2:172.21.15.45:3300/0,v1:172.21.15.45:6789/0] conn(0x7fe1a807de30 0x7fe1a819dcd0 unknown :-1 s=CLOSED pgs=56 cs=0 l=1 rev1=1 crypto rx=0 tx=0 comp rx=0 tx=0).stop
2024-03-28T17:37:59.934 INFO:teuthology.orchestra.run.smithi045.stdout:/usr/bin/ceph: stderr
2024-03-28T17:37:58.356+0000 7fe1adc00700 1 -- 172.21.15.45:0/467368595 >> 172.21.15.45:0/467368595 conn(0x7fe1a8103110 msgr2=0x7fe1a8103c00 unknown :-1 s=STATE_NONE l=0).mark_down
2024-03-28T17:37:59.934 INFO:teuthology.orchestra.run.smithi045.stdout:/usr/bin/ceph: stderr
2024-03-28T17:37:58.356+0000 7fe1adc00700 1 -- 172.21.15.45:0/467368595 shutdown_connections
2024-03-28T17:37:59.935 INFO:teuthology.orchestra.run.smithi045.stdout:/usr/bin/ceph: stderr
2024-03-28T17:37:58.356+0000 7fe1adc00700 1 -- 172.21.15.45:0/467368595 wait complete.
2024-03-28T17:38:00.230 INFO:journalctl@ceph.mgr.x.smithi045.stdout:Mar 28 17:38:00 smithi045 ceph-9f4888ec-ed29-11ee-95d0-87774f69a715-mgr-x[32001]:
2024-03-28T17:38:00.117+0000 7ffadd16e200 -1 mgr[py] Module zabbix has missing NOTIFY_TYPES member
2024-03-28T17:38:00.525 INFO:journalctl@ceph.mgr.x.smithi045.stdout:Mar 28 17:38:00 smithi045 ceph-9f4888ec-ed29-11ee-95d0-87774f69a715-mgr-x[32001]:
2024-03-28T17:38:00.246+0000 7ffadd16e200 -1 mgr[py] Module balancer has missing NOTIFY_TYPES member
2024-03-28T17:38:00.526 INFO:journalctl@ceph.mgr.x.smithi045.stdout:Mar 28 17:38:00 smithi045 ceph-9f4888ec-ed29-11ee-95d0-87774f69a715-mgr-x[32001]:
2024-03-28T17:38:00.439+0000 7ffadd16e200 -1 mgr[py] Module influx has missing NOTIFY_TYPES member
2024-03-28T17:38:00.830 INFO:journalctl@ceph.mgr.x.smithi045.stdout:Mar 28 17:38:00 smithi045 ceph-9f4888ec-ed29-11ee-95d0-87774f69a715-mgr-x[32001]:
2024-03-28T17:38:00.579+0000 7ffadd16e200 -1 mgr[py] Module alerts has missing NOTIFY_TYPES member
2024-03-28T17:38:00.831 INFO:journalctl@ceph.mgr.x.smithi045.stdout:Mar 28 17:38:00 smithi045 ceph-9f4888ec-ed29-11ee-95d0-87774f69a715-mgr-x[32001]:
2024-03-28T17:38:00.694+0000 7ffadd16e200 -1 mgr[py] Module iostat has missing NOTIFY_TYPES member
2024-03-28T17:38:01.149 INFO:journalctl@ceph.mon.a.smithi045.stdout:Mar 28 17:38:00 smithi045 ceph-mon[31773]: from='client.? 172.21.15.45:0/1301707641' entity='client.admin' cmd=[{"prefix": "mgr stat"}]: dispatch
2024-03-28T17:38:01.150 INFO:journalctl@ceph.mgr.x.smithi045.stdout:Mar 28 17:38:01 smithi045 ceph-9f4888ec-ed29-11ee-95d0-87774f69a715-mgr-x[32001]:
2024-03-28T17:38:01.039+0000 7ffadd16e200 -1 mgr[py] Module rgw has missing NOTIFY_TYPES member
2024-03-28T17:38:01.415 INFO:journalctl@ceph.mgr.x.smithi045.stdout:Mar 28 17:38:01 smithi045 ceph-9f4888ec-ed29-11ee-95d0-87774f69a715-mgr-x[32001]:
2024-03-28T17:38:01.188+0000 7ffadd16e200 -1 mgr[py] Module rbd_support has missing NOTIFY_TYPES member
2024-03-28T17:38:01.416 INFO:journalctl@ceph.mgr.x.smithi045.stdout:Mar 28 17:38:01 smithi045 ceph-9f4888ec-ed29-11ee-95d0-87774f69a715-mgr-x[32001]:
2024-03-28T17:38:01.304+0000 7ffadd16e200 -1 mgr[py] Module progress has missing NOTIFY_TYPES member
2024-03-28T17:38:01.507 INFO:teuthology.orchestra.run.smithi045.stdout:/usr/bin/ceph: stdout {
2024-03-28T17:38:01.507 INFO:teuthology.orchestra.run.smithi045.stdout:/usr/bin/ceph: stdout "epoch": 9,
2024-03-28T17:38:01.508 INFO:teuthology.orchestra.run.smithi045.stdout:/usr/bin/ceph: stdout "available": true,
2024-03-28T17:38:01.508 INFO:teuthology.orchestra.run.smithi045.stdout:/usr/bin/ceph: stdout "active_name": "x",
2024-03-28T17:38:01.508 INFO:teuthology.orchestra.run.smithi045.stdout:/usr/bin/ceph: stdout "num_standby": 0
2024-03-28T17:38:01.508 INFO:teuthology.orchestra.run.smithi045.stdout:/usr/bin/ceph: stdout }
2024-03-28T17:38:01.508 INFO:teuthology.orchestra.run.smithi045.stdout:/usr/bin/ceph: stderr
2024-03-28T17:38:00.523+0000 7f1a12a00700 1 Processor -- start
2024-03-28T17:38:01.508 INFO:teuthology.orchestra.run.smithi045.stdout:/usr/bin/ceph: stderr
2024-03-28T17:38:00.523+0000 7f1a12a00700 1 -- start start
2024-03-28T17:38:01.508 INFO:teuthology.orchestra.run.smithi045.stdout:/usr/bin/ceph: stderr
2024-03-28T17:38:00.524+0000 7f1a12a00700 1 --2- >> [v2:172.21.15.45:3300/0,v1:172.21.15.45:6789/0] conn(0x7f1a0c07de90 0x7f1a0c07c340 unknown :-1 s=NONE pgs=0 cs=0 l=0 rev1=0 crypto rx=0 tx=0 comp rx=0 tx=0).connect
2024-03-28T17:38:01.508 INFO:teuthology.orchestra.run.smithi045.stdout:/usr/bin/ceph: stderr
2024-03-28T17:38:00.524+0000 7f1a12a00700 1 -- --> [v2:172.21.15.45:3300/0,v1:172.21.15.45:6789/0] -- mon_getmap magic: 0 v1 -- 0x7f1a0c07c910 con 0x7f1a0c07de90
2024-03-28T17:38:01.508 INFO:teuthology.orchestra.run.smithi045.stdout:/usr/bin/ceph: stderr
2024-03-28T17:38:00.524+0000 7f1a0be00700 1 --2- >> [v2:172.21.15.45:3300/0,v1:172.21.15.45:6789/0] conn(0x7f1a0c07de90 0x7f1a0c07c340 unknown :-1 s=BANNER_CONNECTING pgs=0 cs=0 l=0 rev1=0 crypto rx=0 tx=0 comp rx=0 tx=0)._handle_peer_banner_payload supported=3 required=0
2024-03-28T17:38:01.508 INFO:teuthology.orchestra.run.smithi045.stdout:/usr/bin/ceph: stderr
2024-03-28T17:38:00.525+0000 7f1a0be00700 1 --2- >> [v2:172.21.15.45:3300/0,v1:172.21.15.45:6789/0] conn(0x7f1a0c07de90 0x7f1a0c07c340 unknown :-1 s=HELLO_CONNECTING pgs=0 cs=0 l=0 rev1=1 crypto rx=0 tx=0 comp rx=0 tx=0).handle_hello peer v2:172.21.15.45:3300/0 says I am v2:172.21.15.45:43932/0 (socket says 172.21.15.45:43932)
2024-03-28T17:38:01.508 INFO:teuthology.orchestra.run.smithi045.stdout:/usr/bin/ceph: stderr
2024-03-28T17:38:00.525+0000 7f1a0be00700 1 -- 172.21.15.45:0/2320163491 learned_addr learned my addr 172.21.15.45:0/2320163491 (peer_addr_for_me v2:172.21.15.45:0/0)
2024-03-28T17:38:01.508 INFO:teuthology.orchestra.run.smithi045.stdout:/usr/bin/ceph: stderr
2024-03-28T17:38:00.525+0000 7f1a0be00700 1 -- 172.21.15.45:0/2320163491 --> [v2:172.21.15.45:3300/0,v1:172.21.15.45:6789/0] -- mon_subscribe({config=0+,monmap=0+}) v3 -- 0x7f1a0c07ca90 con 0x7f1a0c07de90
2024-03-28T17:38:01.509 INFO:teuthology.orchestra.run.smithi045.stdout:/usr/bin/ceph: stderr
2024-03-28T17:38:00.526+0000 7f1a0be00700 1 --2- 172.21.15.45:0/2320163491 >> [v2:172.21.15.45:3300/0,v1:172.21.15.45:6789/0] conn(0x7f1a0c07de90 0x7f1a0c07c340 secure :-1 s=READY pgs=59 cs=0 l=1 rev1=1 crypto rx=0x7f19fc0098a0 tx=0x7f19fc009bb0 comp rx=0 tx=0).ready entity=mon.0 client_cookie=1c42478695c320aa server_cookie=0 in_seq=0 out_seq=0
2024-03-28T17:38:01.509 INFO:teuthology.orchestra.run.smithi045.stdout:/usr/bin/ceph: stderr
2024-03-28T17:38:00.526+0000 7f1a0aa00700 1 -- 172.21.15.45:0/2320163491 <== mon.0 v2:172.21.15.45:3300/0 1 ==== mon_map magic: 0 v1 ==== 205+0+0 (secure 0 0 0) 0x7f19fc004160 con 0x7f1a0c07de90
2024-03-28T17:38:01.509 INFO:teuthology.orchestra.run.smithi045.stdout:/usr/bin/ceph: stderr
2024-03-28T17:38:00.526+0000 7f1a0aa00700 1 -- 172.21.15.45:0/2320163491 <== mon.0 v2:172.21.15.45:3300/0 2 ==== config(27 keys) v1 ==== 1140+0+0 (secure 0 0 0) 0x7f19fc004300 con 0x7f1a0c07de90
2024-03-28T17:38:01.509 INFO:teuthology.orchestra.run.smithi045.stdout:/usr/bin/ceph: stderr
2024-03-28T17:38:00.526+0000 7f1a0aa00700 1 -- 172.21.15.45:0/2320163491 <== mon.0 v2:172.21.15.45:3300/0 3 ==== mon_map magic: 0 v1 ==== 205+0+0 (secure 0 0 0) 0x7f19fc011b20 con 0x7f1a0c07de90
2024-03-28T17:38:01.509 INFO:teuthology.orchestra.run.smithi045.stdout:/usr/bin/ceph: stderr
2024-03-28T17:38:00.527+0000 7f1a12a00700 1 -- 172.21.15.45:0/2320163491 >> [v2:172.21.15.45:3300/0,v1:172.21.15.45:6789/0] conn(0x7f1a0c07de90 msgr2=0x7f1a0c07c340 secure :-1 s=STATE_CONNECTION_ESTABLISHED l=1).mark_down
2024-03-28T17:38:01.509 INFO:teuthology.orchestra.run.smithi045.stdout:/usr/bin/ceph: stderr
2024-03-28T17:38:00.527+0000 7f1a12a00700 1 --2- 172.21.15.45:0/2320163491 >> [v2:172.21.15.45:3300/0,v1:172.21.15.45:6789/0] conn(0x7f1a0c07de90 0x7f1a0c07c340 secure :-1 s=READY pgs=59 cs=0 l=1 rev1=1 crypto rx=0x7f19fc0098a0 tx=0x7f19fc009bb0 comp rx=0 tx=0).stop
2024-03-28T17:38:01.509 INFO:teuthology.orchestra.run.smithi045.stdout:/usr/bin/ceph: stderr
2024-03-28T17:38:00.527+0000 7f1a12a00700 1 -- 172.21.15.45:0/2320163491 shutdown_connections
2024-03-28T17:38:01.509 INFO:teuthology.orchestra.run.smithi045.stdout:/usr/bin/ceph: stderr
2024-03-28T17:38:00.527+0000 7f1a12a00700 1 --2- 172.21.15.45:0/2320163491 >> [v2:172.21.15.45:3300/0,v1:172.21.15.45:6789/0] conn(0x7f1a0c07de90 0x7f1a0c07c340 unknown :-1 s=CLOSED pgs=59 cs=0 l=1 rev1=1 crypto rx=0 tx=0 comp rx=0 tx=0).stop
2024-03-28T17:38:01.509 INFO:teuthology.orchestra.run.smithi045.stdout:/usr/bin/ceph: stderr
2024-03-28T17:38:00.527+0000 7f1a12a00700 1 -- 172.21.15.45:0/2320163491 >> 172.21.15.45:0/2320163491 conn(0x7f1a0c1030f0 msgr2=0x7f1a0c105510 unknown :-1 s=STATE_NONE l=0).mark_down
2024-03-28T17:38:01.509 INFO:teuthology.orchestra.run.smithi045.stdout:/usr/bin/ceph: stderr
2024-03-28T17:38:00.527+0000 7f1a12a00700 1 -- 172.21.15.45:0/2320163491 shutdown_connections
2024-03-28T17:38:01.509 INFO:teuthology.orchestra.run.smithi045.stdout:/usr/bin/ceph: stderr
2024-03-28T17:38:00.527+0000 7f1a12a00700 1 -- 172.21.15.45:0/2320163491 wait complete.
2024-03-28T17:38:01.509 INFO:teuthology.orchestra.run.smithi045.stdout:/usr/bin/ceph: stderr
2024-03-28T17:38:00.528+0000 7f1a12a00700 1 Processor -- start
2024-03-28T17:38:01.509 INFO:teuthology.orchestra.run.smithi045.stdout:/usr/bin/ceph: stderr
2024-03-28T17:38:00.529+0000 7f1a12a00700 1 -- start start
2024-03-28T17:38:01.510 INFO:teuthology.orchestra.run.smithi045.stdout:/usr/bin/ceph: stderr
2024-03-28T17:38:00.529+0000 7f1a12a00700 1 --2- >> [v2:172.21.15.45:3300/0,v1:172.21.15.45:6789/0] conn(0x7f1a0c07de90 0x7f1a0c19dc30 unknown :-1 s=NONE pgs=0 cs=0 l=1 rev1=0 crypto rx=0 tx=0 comp rx=0 tx=0).connect
2024-03-28T17:38:01.510 INFO:teuthology.orchestra.run.smithi045.stdout:/usr/bin/ceph: stderr
2024-03-28T17:38:00.529+0000 7f1a12a00700 1 -- --> [v2:172.21.15.45:3300/0,v1:172.21.15.45:6789/0] -- mon_getmap magic: 0 v1 -- 0x7f1a0c10e150 con 0x7f1a0c07de90
2024-03-28T17:38:01.510 INFO:teuthology.orchestra.run.smithi045.stdout:/usr/bin/ceph: stderr
2024-03-28T17:38:00.529+0000 7f1a0be00700 1 --2- >> [v2:172.21.15.45:3300/0,v1:172.21.15.45:6789/0] conn(0x7f1a0c07de90 0x7f1a0c19dc30 unknown :-1 s=BANNER_CONNECTING pgs=0 cs=0 l=1 rev1=0 crypto rx=0 tx=0 comp rx=0 tx=0)._handle_peer_banner_payload supported=3 required=0
2024-03-28T17:38:01.510 INFO:teuthology.orchestra.run.smithi045.stdout:/usr/bin/ceph: stderr
2024-03-28T17:38:00.529+0000 7f1a0be00700 1 --2- >> [v2:172.21.15.45:3300/0,v1:172.21.15.45:6789/0] conn(0x7f1a0c07de90 0x7f1a0c19dc30 unknown :-1 s=HELLO_CONNECTING pgs=0 cs=0 l=1 rev1=1 crypto rx=0 tx=0 comp rx=0 tx=0).handle_hello peer v2:172.21.15.45:3300/0 says I am v2:172.21.15.45:43934/0 (socket says 172.21.15.45:43934)
2024-03-28T17:38:01.510 INFO:teuthology.orchestra.run.smithi045.stdout:/usr/bin/ceph: stderr
2024-03-28T17:38:00.529+0000 7f1a0be00700 1 -- 172.21.15.45:0/1301707641 learned_addr learned my addr 172.21.15.45:0/1301707641 (peer_addr_for_me v2:172.21.15.45:0/0)
2024-03-28T17:38:01.510 INFO:teuthology.orchestra.run.smithi045.stdout:/usr/bin/ceph: stderr
2024-03-28T17:38:00.530+0000 7f1a0be00700 1 -- 172.21.15.45:0/1301707641 --> [v2:172.21.15.45:3300/0,v1:172.21.15.45:6789/0] -- mon_subscribe({config=0+,monmap=0+}) v3 -- 0x7f1a0c19e170 con 0x7f1a0c07de90
2024-03-28T17:38:01.510 INFO:teuthology.orchestra.run.smithi045.stdout:/usr/bin/ceph: stderr
2024-03-28T17:38:00.530+0000 7f1a0be00700 1 --2- 172.21.15.45:0/1301707641 >> [v2:172.21.15.45:3300/0,v1:172.21.15.45:6789/0] conn(0x7f1a0c07de90 0x7f1a0c19dc30 secure :-1 s=READY pgs=60 cs=0 l=1 rev1=1 crypto rx=0x7f19fc0117e0 tx=0x7f19fc011ba0 comp rx=0 tx=0).ready entity=mon.0 client_cookie=0 server_cookie=0 in_seq=0 out_seq=0
2024-03-28T17:38:01.510 INFO:teuthology.orchestra.run.smithi045.stdout:/usr/bin/ceph: stderr
2024-03-28T17:38:00.530+0000 7f1a08c00700 1 -- 172.21.15.45:0/1301707641 <== mon.0 v2:172.21.15.45:3300/0 1 ==== mon_map magic: 0 v1 ==== 205+0+0 (secure 0 0 0) 0x7f19fc003ba0 con 0x7f1a0c07de90
2024-03-28T17:38:01.510 INFO:teuthology.orchestra.run.smithi045.stdout:/usr/bin/ceph: stderr
2024-03-28T17:38:00.530+0000 7f1a08c00700 1 -- 172.21.15.45:0/1301707641 <== mon.0 v2:172.21.15.45:3300/0 2 ==== config(27 keys) v1 ==== 1140+0+0 (secure 0 0 0) 0x7f19fc01a910 con 0x7f1a0c07de90
2024-03-28T17:38:01.510 INFO:teuthology.orchestra.run.smithi045.stdout:/usr/bin/ceph: stderr
2024-03-28T17:38:00.530+0000 7f1a12a00700 1 -- 172.21.15.45:0/1301707641 --> [v2:172.21.15.45:3300/0,v1:172.21.15.45:6789/0] -- mon_subscribe({mgrmap=0+}) v3 -- 0x7f1a0c19e400 con 0x7f1a0c07de90
2024-03-28T17:38:01.510 INFO:teuthology.orchestra.run.smithi045.stdout:/usr/bin/ceph: stderr
2024-03-28T17:38:00.530+0000 7f1a08c00700 1 -- 172.21.15.45:0/1301707641 <== mon.0 v2:172.21.15.45:3300/0 3 ==== mon_map magic: 0 v1 ==== 205+0+0 (secure 0 0 0) 0x7f19fc0248f0 con 0x7f1a0c07de90
2024-03-28T17:38:01.510 INFO:teuthology.orchestra.run.smithi045.stdout:/usr/bin/ceph: stderr
2024-03-28T17:38:00.531+0000 7f1a12a00700 1 -- 172.21.15.45:0/1301707641 --> [v2:172.21.15.45:3300/0,v1:172.21.15.45:6789/0] -- mon_subscribe({osdmap=0}) v3 -- 0x7f1a0c19e860 con 0x7f1a0c07de90
2024-03-28T17:38:01.510 INFO:teuthology.orchestra.run.smithi045.stdout:/usr/bin/ceph: stderr
2024-03-28T17:38:00.532+0000 7f1a08c00700 1 -- 172.21.15.45:0/1301707641 <== mon.0 v2:172.21.15.45:3300/0 4 ==== mgrmap(e 9) v1 ==== 46119+0+0 (secure 0 0 0) 0x7f19fc022020 con 0x7f1a0c07de90
2024-03-28T17:38:01.511 INFO:teuthology.orchestra.run.smithi045.stdout:/usr/bin/ceph: stderr
2024-03-28T17:38:00.532+0000 7f1a12a00700 1 -- 172.21.15.45:0/1301707641 --> [v2:172.21.15.45:3300/0,v1:172.21.15.45:6789/0] -- mon_command({"prefix": "get_command_descriptions"} v 0) v1 -- 0x7f1a0c0637c0 con 0x7f1a0c07de90
2024-03-28T17:38:01.511 INFO:teuthology.orchestra.run.smithi045.stdout:/usr/bin/ceph: stderr
2024-03-28T17:38:00.532+0000 7f1a08c00700 1 --2- 172.21.15.45:0/1301707641 >> [v2:172.21.15.45:6800/3951447106,v1:172.21.15.45:6801/3951447106] conn(0x7f19f0038f70 0x7f19f003b430 unknown :-1 s=NONE pgs=0 cs=0 l=1 rev1=0 crypto rx=0 tx=0 comp rx=0 tx=0).connect
2024-03-28T17:38:01.511 INFO:teuthology.orchestra.run.smithi045.stdout:/usr/bin/ceph: stderr
2024-03-28T17:38:00.532+0000 7f1a08c00700 1 -- 172.21.15.45:0/1301707641 <== mon.0 v2:172.21.15.45:3300/0 5 ==== osd_map(2..2 src has 1..2) v4 ==== 940+0+0 (secure 0 0 0) 0x7f19fc04d6e0 con 0x7f1a0c07de90
2024-03-28T17:38:01.511 INFO:teuthology.orchestra.run.smithi045.stdout:/usr/bin/ceph: stderr
2024-03-28T17:38:00.532+0000 7f1a0b400700 1 -- 172.21.15.45:0/1301707641 >> [v2:172.21.15.45:6800/3951447106,v1:172.21.15.45:6801/3951447106] conn(0x7f19f0038f70 msgr2=0x7f19f003b430 unknown :-1 s=STATE_CONNECTING_RE l=1).process reconnect failed to v2:172.21.15.45:6800/3951447106
2024-03-28T17:38:01.511 INFO:teuthology.orchestra.run.smithi045.stdout:/usr/bin/ceph: stderr
2024-03-28T17:38:00.533+0000 7f1a0b400700 1 --2- 172.21.15.45:0/1301707641 >> [v2:172.21.15.45:6800/3951447106,v1:172.21.15.45:6801/3951447106] conn(0x7f19f0038f70 0x7f19f003b430 unknown :-1 s=START_CONNECT pgs=0 cs=0 l=1 rev1=0 crypto rx=0 tx=0 comp rx=0 tx=0)._fault waiting 0.200000
2024-03-28T17:38:01.511 INFO:teuthology.orchestra.run.smithi045.stdout:/usr/bin/ceph: stderr
2024-03-28T17:38:00.538+0000 7f1a08c00700 1 -- 172.21.15.45:0/1301707641 <== mon.0 v2:172.21.15.45:3300/0 6 ==== mon_command_ack([{"prefix": "get_command_descriptions"}]=0 v0) v1 ==== 72+0+186149 (secure 0 0 0) 0x7f19fc00b3e0 con 0x7f1a0c07de90
2024-03-28T17:38:01.511 INFO:teuthology.orchestra.run.smithi045.stdout:/usr/bin/ceph: stderr
2024-03-28T17:38:00.734+0000 7f1a0b400700 1 -- 172.21.15.45:0/1301707641 >> [v2:172.21.15.45:6800/3951447106,v1:172.21.15.45:6801/3951447106] conn(0x7f19f0038f70 msgr2=0x7f19f003b430 unknown :-1 s=STATE_CONNECTING_RE l=1).process reconnect failed to v2:172.21.15.45:6800/3951447106
2024-03-28T17:38:01.511 INFO:teuthology.orchestra.run.smithi045.stdout:/usr/bin/ceph: stderr
2024-03-28T17:38:00.734+0000 7f1a0b400700 1 --2- 172.21.15.45:0/1301707641 >> [v2:172.21.15.45:6800/3951447106,v1:172.21.15.45:6801/3951447106] conn(0x7f19f0038f70 0x7f19f003b430 unknown :-1 s=START_CONNECT pgs=0 cs=0 l=1 rev1=0 crypto rx=0 tx=0 comp rx=0 tx=0)._fault waiting 0.400000
2024-03-28T17:38:01.513 INFO:teuthology.orchestra.run.smithi045.stdout:/usr/bin/ceph: stderr
2024-03-28T17:38:00.828+0000 7f1a12a00700 1 -- 172.21.15.45:0/1301707641 --> [v2:172.21.15.45:3300/0,v1:172.21.15.45:6789/0] -- mon_command({"prefix": "mgr stat"} v 0) v1 -- 0x7f1a0c1a16a0 con 0x7f1a0c07de90
2024-03-28T17:38:01.513 INFO:teuthology.orchestra.run.smithi045.stdout:/usr/bin/ceph: stderr
2024-03-28T17:38:00.829+0000 7f1a08c00700 1 -- 172.21.15.45:0/1301707641 <== mon.0 v2:172.21.15.45:3300/0 7 ==== mon_command_ack([{"prefix": "mgr stat"}]=0 v9) v1 ==== 56+0+88 (secure 0 0 0) 0x7f19fc0172b0 con 0x7f1a0c07de90
2024-03-28T17:38:01.513 INFO:teuthology.orchestra.run.smithi045.stdout:/usr/bin/ceph: stderr
2024-03-28T17:38:00.833+0000 7f1a12a00700 1 -- 172.21.15.45:0/1301707641 >> [v2:172.21.15.45:6800/3951447106,v1:172.21.15.45:6801/3951447106] conn(0x7f19f0038f70 msgr2=0x7f19f003b430 unknown :-1 s=STATE_CONNECTING l=1).mark_down
2024-03-28T17:38:01.513 INFO:teuthology.orchestra.run.smithi045.stdout:/usr/bin/ceph: stderr
2024-03-28T17:38:00.833+0000 7f1a12a00700 1 --2- 172.21.15.45:0/1301707641 >> [v2:172.21.15.45:6800/3951447106,v1:172.21.15.45:6801/3951447106] conn(0x7f19f0038f70 0x7f19f003b430 unknown :-1 s=START_CONNECT pgs=0 cs=0 l=1 rev1=0 crypto rx=0 tx=0 comp rx=0 tx=0).stop
2024-03-28T17:38:01.513 INFO:teuthology.orchestra.run.smithi045.stdout:/usr/bin/ceph: stderr
2024-03-28T17:38:00.833+0000 7f1a12a00700 1 -- 172.21.15.45:0/1301707641 >> [v2:172.21.15.45:3300/0,v1:172.21.15.45:6789/0] conn(0x7f1a0c07de90 msgr2=0x7f1a0c19dc30 secure :-1 s=STATE_CONNECTION_ESTABLISHED l=1).mark_down
2024-03-28T17:38:01.513 INFO:teuthology.orchestra.run.smithi045.stdout:/usr/bin/ceph: stderr
2024-03-28T17:38:00.833+0000 7f1a12a00700 1 --2- 172.21.15.45:0/1301707641 >> [v2:172.21.15.45:3300/0,v1:172.21.15.45:6789/0] conn(0x7f1a0c07de90 0x7f1a0c19dc30 secure :-1 s=READY pgs=60 cs=0 l=1 rev1=1 crypto rx=0x7f19fc0117e0 tx=0x7f19fc011ba0 comp rx=0 tx=0).stop
2024-03-28T17:38:01.514 INFO:teuthology.orchestra.run.smithi045.stdout:/usr/bin/ceph: stderr
2024-03-28T17:38:00.833+0000 7f1a12a00700 1 -- 172.21.15.45:0/1301707641 shutdown_connections
2024-03-28T17:38:01.514 INFO:teuthology.orchestra.run.smithi045.stdout:/usr/bin/ceph: stderr
2024-03-28T17:38:00.833+0000 7f1a12a00700 1 --2- 172.21.15.45:0/1301707641 >> [v2:172.21.15.45:6800/3951447106,v1:172.21.15.45:6801/3951447106] conn(0x7f19f0038f70 0x7f19f003b430 unknown :-1 s=CLOSED pgs=0 cs=0 l=1 rev1=0 crypto rx=0 tx=0 comp rx=0 tx=0).stop
2024-03-28T17:38:01.514 INFO:teuthology.orchestra.run.smithi045.stdout:/usr/bin/ceph: stderr
2024-03-28T17:38:00.833+0000 7f1a12a00700 1 --2- 172.21.15.45:0/1301707641 >> [v2:172.21.15.45:3300/0,v1:172.21.15.45:6789/0] conn(0x7f1a0c07de90 0x7f1a0c19dc30 unknown :-1 s=CLOSED pgs=60 cs=0 l=1 rev1=1 crypto rx=0 tx=0 comp rx=0 tx=0).stop
2024-03-28T17:38:01.514 INFO:teuthology.orchestra.run.smithi045.stdout:/usr/bin/ceph: stderr
2024-03-28T17:38:00.833+0000 7f1a12a00700 1 -- 172.21.15.45:0/1301707641 >> 172.21.15.45:0/1301707641 conn(0x7f1a0c1030f0 msgr2=0x7f1a0c103bc0 unknown :-1 s=STATE_NONE l=0).mark_down
2024-03-28T17:38:01.514 INFO:teuthology.orchestra.run.smithi045.stdout:/usr/bin/ceph: stderr
2024-03-28T17:38:00.833+0000 7f1a12a00700 1 -- 172.21.15.45:0/1301707641 shutdown_connections
2024-03-28T17:38:01.514 INFO:teuthology.orchestra.run.smithi045.stdout:/usr/bin/ceph: stderr
2024-03-28T17:38:00.833+0000 7f1a12a00700 1 -- 172.21.15.45:0/1301707641 wait complete.
2024-03-28T17:38:01.514 INFO:teuthology.orchestra.run.smithi045.stdout:Waiting for the mgr to restart...
2024-03-28T17:38:01.514 INFO:teuthology.orchestra.run.smithi045.stdout:Waiting for mgr epoch 9...
2024-03-28T17:38:01.691 INFO:journalctl@ceph.mgr.x.smithi045.stdout:Mar 28 17:38:01 smithi045 ceph-9f4888ec-ed29-11ee-95d0-87774f69a715-mgr-x[32001]:
2024-03-28T17:38:01.433+0000 7ffadd16e200 -1 mgr[py] Module pg_autoscaler has missing NOTIFY_TYPES member
2024-03-28T17:38:01.691 INFO:journalctl@ceph.mgr.x.smithi045.stdout:Mar 28 17:38:01 smithi045 ceph-9f4888ec-ed29-11ee-95d0-87774f69a715-mgr-x[32001]:
2024-03-28T17:38:01.661+0000 7ffadd16e200 -1 mgr[py] Module devicehealth has missing NOTIFY_TYPES member
2024-03-28T17:38:03.416 INFO:journalctl@ceph.mgr.x.smithi045.stdout:Mar 28 17:38:02 smithi045 ceph-9f4888ec-ed29-11ee-95d0-87774f69a715-mgr-x[32001]:
2024-03-28T17:38:02.985+0000 7ffadd16e200 -1 mgr[py] Module rook has missing NOTIFY_TYPES member
2024-03-28T17:38:03.416 INFO:journalctl@ceph.mgr.x.smithi045.stdout:Mar 28 17:38:03 smithi045 ceph-9f4888ec-ed29-11ee-95d0-87774f69a715-mgr-x[32001]:
2024-03-28T17:38:03.161+0000 7ffadd16e200 -1 mgr[py] Module diskprediction_local has missing NOTIFY_TYPES member
2024-03-28T17:38:03.916 INFO:journalctl@ceph.mgr.x.smithi045.stdout:Mar 28 17:38:03 smithi045 ceph-9f4888ec-ed29-11ee-95d0-87774f69a715-mgr-x[32001]:
2024-03-28T17:38:03.588+0000 7ffadd16e200 -1 mgr[py] Module selftest has missing NOTIFY_TYPES member
2024-03-28T17:38:03.917 INFO:journalctl@ceph.mgr.x.smithi045.stdout:Mar 28 17:38:03 smithi045 ceph-9f4888ec-ed29-11ee-95d0-87774f69a715-mgr-x[32001]:
2024-03-28T17:38:03.711+0000 7ffadd16e200 -1 mgr[py] Module telegraf has missing NOTIFY_TYPES member
2024-03-28T17:38:04.232 INFO:journalctl@ceph.mgr.x.smithi045.stdout:Mar 28 17:38:03 smithi045 ceph-9f4888ec-ed29-11ee-95d0-87774f69a715-mgr-x[32001]:
2024-03-28T17:38:03.978+0000 7ffadd16e200 -1 mgr[py] Module test_orchestrator has missing NOTIFY_TYPES member
2024-03-28T17:38:04.619 INFO:journalctl@ceph.mgr.x.smithi045.stdout:Mar 28 17:38:04 smithi045 ceph-9f4888ec-ed29-11ee-95d0-87774f69a715-mgr-x[32001]:
2024-03-28T17:38:04.231+0000 7ffadd16e200 -1 mgr[py] Module crash has missing NOTIFY_TYPES member
2024-03-28T17:38:04.915 INFO:journalctl@ceph.mgr.x.smithi045.stdout:Mar 28 17:38:04 smithi045 ceph-9f4888ec-ed29-11ee-95d0-87774f69a715-mgr-x[32001]:
2024-03-28T17:38:04.618+0000 7ffadd16e200 -1 mgr[py] Module orchestrator has missing NOTIFY_TYPES member
2024-03-28T17:38:05.258 INFO:journalctl@ceph.mgr.x.smithi045.stdout:Mar 28 17:38:04 smithi045 ceph-9f4888ec-ed29-11ee-95d0-87774f69a715-mgr-x[32001]:
2024-03-28T17:38:04.942+0000 7ffadd16e200 -1 mgr[py] Module osd_support has missing NOTIFY_TYPES member
2024-03-28T17:38:05.665 INFO:journalctl@ceph.mgr.x.smithi045.stdout:Mar 28 17:38:05 smithi045 ceph-9f4888ec-ed29-11ee-95d0-87774f69a715-mgr-x[32001]:
2024-03-28T17:38:05.256+0000 7ffadd16e200 -1 mgr[py] Module volumes has missing NOTIFY_TYPES member
2024-03-28T17:38:06.666 INFO:journalctl@ceph.mgr.x.smithi045.stdout:Mar 28 17:38:06 smithi045 ceph-9f4888ec-ed29-11ee-95d0-87774f69a715-mgr-x[32001]:
2024-03-28T17:38:06.324+0000 7ffadd16e200 -1 mgr[py] Module telemetry has missing NOTIFY_TYPES member
2024-03-28T17:38:07.416 INFO:journalctl@ceph.mgr.x.smithi045.stdout:Mar 28 17:38:07 smithi045 ceph-9f4888ec-ed29-11ee-95d0-87774f69a715-mgr-x[32001]:
2024-03-28T17:38:07.070+0000 7ffadd16e200 -1 mgr[py] Module prometheus has missing NOTIFY_TYPES member
2024-03-28T17:38:07.416 INFO:journalctl@ceph.mgr.x.smithi045.stdout:Mar 28 17:38:07 smithi045 ceph-9f4888ec-ed29-11ee-95d0-87774f69a715-mgr-x[32001]:
2024-03-28T17:38:07.204+0000 7ffadd16e200 -1 mgr[py] Module status has missing NOTIFY_TYPES member
2024-03-28T17:38:07.680 INFO:journalctl@ceph.mgr.x.smithi045.stdout:Mar 28 17:38:07 smithi045 ceph-9f4888ec-ed29-11ee-95d0-87774f69a715-mgr-x[32001]:
2024-03-28T17:38:07.501+0000 7ffadd16e200 -1 mgr[py] Module nfs has missing NOTIFY_TYPES member
2024-03-28T17:38:07.680 INFO:journalctl@ceph.mon.a.smithi045.stdout:Mar 28 17:38:07 smithi045 ceph-mon[31773]: Active manager daemon x restarted
2024-03-28T17:38:07.681 INFO:journalctl@ceph.mon.a.smithi045.stdout:Mar 28 17:38:07 smithi045 ceph-mon[31773]: Activating manager daemon x
2024-03-28T17:38:07.681 INFO:journalctl@ceph.mon.a.smithi045.stdout:Mar 28 17:38:07 smithi045 ceph-mon[31773]: osdmap e3: 0 total, 0 up, 0 in
2024-03-28T17:38:07.681 INFO:journalctl@ceph.mon.a.smithi045.stdout:Mar 28 17:38:07 smithi045 ceph-mon[31773]: mgrmap e10: x(active, starting, since 0.00898606s)
2024-03-28T17:38:07.681 INFO:journalctl@ceph.mon.a.smithi045.stdout:Mar 28 17:38:07 smithi045 ceph-mon[31773]: from='mgr.14152 172.21.15.45:0/3517204993' entity='mgr.x' cmd=[{"prefix": "mon metadata", "id": "a"}]: dispatch
2024-03-28T17:38:07.681 INFO:journalctl@ceph.mon.a.smithi045.stdout:Mar 28 17:38:07 smithi045 ceph-mon[31773]: from='mgr.14152 172.21.15.45:0/3517204993' entity='mgr.x' cmd=[{"prefix": "mgr metadata", "who": "x", "id": "x"}]: dispatch
2024-03-28T17:38:07.681 INFO:journalctl@ceph.mon.a.smithi045.stdout:Mar 28 17:38:07 smithi045 ceph-mon[31773]: from='mgr.14152 172.21.15.45:0/3517204993' entity='mgr.x' cmd=[{"prefix": "mds metadata"}]: dispatch
2024-03-28T17:38:07.681 INFO:journalctl@ceph.mon.a.smithi045.stdout:Mar 28 17:38:07 smithi045 ceph-mon[31773]: from='mgr.14152 172.21.15.45:0/3517204993' entity='mgr.x' cmd=[{"prefix": "osd metadata"}]: dispatch
2024-03-28T17:38:07.681 INFO:journalctl@ceph.mon.a.smithi045.stdout:Mar 28 17:38:07 smithi045 ceph-mon[31773]: from='mgr.14152 172.21.15.45:0/3517204993' entity='mgr.x' cmd=[{"prefix": "mon metadata"}]: dispatch
2024-03-28T17:38:07.681 INFO:journalctl@ceph.mon.a.smithi045.stdout:Mar 28 17:38:07 smithi045 ceph-mon[31773]: Manager daemon x is now available
2024-03-28T17:38:08.916 INFO:journalctl@ceph.mon.a.smithi045.stdout:Mar 28 17:38:08 smithi045 ceph-mon[31773]: from='mgr.14152 172.21.15.45:0/3517204993' entity='mgr.x' cmd=[{"prefix": "config dump", "format": "json"}]: dispatch
2024-03-28T17:38:08.916 INFO:journalctl@ceph.mon.a.smithi045.stdout:Mar 28 17:38:08 smithi045 ceph-mon[31773]: from='mgr.14152 172.21.15.45:0/3517204993' entity='mgr.x' cmd=[{"prefix": "config dump", "format": "json"}]: dispatch
2024-03-28T17:38:08.917 INFO:journalctl@ceph.mon.a.smithi045.stdout:Mar 28 17:38:08 smithi045 ceph-mon[31773]: from='mgr.14152 172.21.15.45:0/3517204993' entity='mgr.x' cmd=[{"prefix":"config rm","who":"mgr","name":"mgr/rbd_support/x/mirror_snapshot_schedule"}]: dispatch
2024-03-28T17:38:08.917 INFO:journalctl@ceph.mon.a.smithi045.stdout:Mar 28 17:38:08 smithi045 ceph-mon[31773]: from='mgr.14152 172.21.15.45:0/3517204993' entity='mgr.x' cmd=[{"prefix":"config rm","who":"mgr","name":"mgr/rbd_support/x/trash_purge_schedule"}]: dispatch
2024-03-28T17:38:08.917 INFO:journalctl@ceph.mon.a.smithi045.stdout:Mar 28 17:38:08 smithi045 ceph-mon[31773]: mgrmap e11: x(active, since 1.01209s)
2024-03-28T17:38:09.239 INFO:teuthology.orchestra.run.smithi045.stdout:/usr/bin/ceph: stdout {
2024-03-28T17:38:09.239 INFO:teuthology.orchestra.run.smithi045.stdout:/usr/bin/ceph: stdout "mgrmap_epoch": 11,
2024-03-28T17:38:09.239 INFO:teuthology.orchestra.run.smithi045.stdout:/usr/bin/ceph: stdout "initialized": true
2024-03-28T17:38:09.239 INFO:teuthology.orchestra.run.smithi045.stdout:/usr/bin/ceph: stdout }
2024-03-28T17:38:09.239 INFO:teuthology.orchestra.run.smithi045.stdout:/usr/bin/ceph: stderr
2024-03-28T17:38:02.097+0000 7f0d40200700 1 Processor -- start
2024-03-28T17:38:09.239 INFO:teuthology.orchestra.run.smithi045.stdout:/usr/bin/ceph: stderr
2024-03-28T17:38:02.098+0000 7f0d40200700 1 -- start start
2024-03-28T17:38:09.239 INFO:teuthology.orchestra.run.smithi045.stdout:/usr/bin/ceph: stderr
2024-03-28T17:38:02.098+0000 7f0d40200700 1 --2- >> [v2:172.21.15.45:3300/0,v1:172.21.15.45:6789/0] conn(0x7f0d38108600 0x7f0d3810a9f0 unknown :-1 s=NONE pgs=0 cs=0 l=0 rev1=0 crypto rx=0 tx=0 comp rx=0 tx=0).connect
2024-03-28T17:38:09.239 INFO:teuthology.orchestra.run.smithi045.stdout:/usr/bin/ceph: stderr
2024-03-28T17:38:02.098+0000 7f0d40200700 1 -- --> [v2:172.21.15.45:3300/0,v1:172.21.15.45:6789/0] -- mon_getmap magic: 0 v1 -- 0x7f0d3807be50 con 0x7f0d38108600
2024-03-28T17:38:09.239 INFO:teuthology.orchestra.run.smithi045.stdout:/usr/bin/ceph: stderr
2024-03-28T17:38:02.098+0000 7f0d3d800700 1 --2- >> [v2:172.21.15.45:3300/0,v1:172.21.15.45:6789/0] conn(0x7f0d38108600 0x7f0d3810a9f0 unknown :-1 s=BANNER_CONNECTING pgs=0 cs=0 l=0 rev1=0 crypto rx=0 tx=0 comp rx=0 tx=0)._handle_peer_banner_payload supported=3 required=0
2024-03-28T17:38:09.239 INFO:teuthology.orchestra.run.smithi045.stdout:/usr/bin/ceph: stderr
2024-03-28T17:38:02.099+0000 7f0d3d800700 1 --2- >> [v2:172.21.15.45:3300/0,v1:172.21.15.45:6789/0] conn(0x7f0d38108600 0x7f0d3810a9f0 unknown :-1 s=HELLO_CONNECTING pgs=0 cs=0 l=0 rev1=1 crypto rx=0 tx=0 comp rx=0 tx=0).handle_hello peer v2:172.21.15.45:3300/0 says I am v2:172.21.15.45:43942/0 (socket says 172.21.15.45:43942)
