2024-03-28T17:54:38.129+0000 7fb645e00700 1 -- 172.21.15.22:0/2106700769 --> [v2:172.21.15.22:3300/0,v1:172.21.15.22:6789/0] -- mon_subscribe({config=0+,monmap=0+}) v3 -- 0x7fb64819e280 con 0x7fb64807cd70
2024-03-28T17:54:39.110 INFO:teuthology.orchestra.run.smithi022.stdout:/usr/bin/ceph: stderr
2024-03-28T17:54:38.129+0000 7fb645e00700 1 --2- 172.21.15.22:0/2106700769 >> [v2:172.21.15.22:3300/0,v1:172.21.15.22:6789/0] conn(0x7fb64807cd70 0x7fb64819dd40 secure :-1 s=READY pgs=40 cs=0 l=1 rev1=1 crypto rx=0x7fb638004180 tx=0x7fb6380046a0 comp rx=0 tx=0).ready entity=mon.0 client_cookie=0 server_cookie=0 in_seq=0 out_seq=0
2024-03-28T17:54:39.110 INFO:teuthology.orchestra.run.smithi022.stdout:/usr/bin/ceph: stderr
2024-03-28T17:54:38.129+0000 7fb63ea00700 1 -- 172.21.15.22:0/2106700769 <== mon.0 v2:172.21.15.22:3300/0 1 ==== mon_map magic: 0 v1 ==== 205+0+0 (secure 0 0 0) 0x7fb6380039e0 con 0x7fb64807cd70
2024-03-28T17:54:39.110 INFO:teuthology.orchestra.run.smithi022.stdout:/usr/bin/ceph: stderr
2024-03-28T17:54:38.129+0000 7fb63ea00700 1 -- 172.21.15.22:0/2106700769 <== mon.0 v2:172.21.15.22:3300/0 2 ==== config(27 keys) v1 ==== 1105+0+0 (secure 0 0 0) 0x7fb638020070 con 0x7fb64807cd70
2024-03-28T17:54:39.110 INFO:teuthology.orchestra.run.smithi022.stdout:/usr/bin/ceph: stderr
2024-03-28T17:54:38.129+0000 7fb63ea00700 1 -- 172.21.15.22:0/2106700769 <== mon.0 v2:172.21.15.22:3300/0 3 ==== mon_map magic: 0 v1 ==== 205+0+0 (secure 0 0 0) 0x7fb6380193c0 con 0x7fb64807cd70
2024-03-28T17:54:39.110 INFO:teuthology.orchestra.run.smithi022.stdout:/usr/bin/ceph: stderr
2024-03-28T17:54:38.129+0000 7fb64ce00700 1 -- 172.21.15.22:0/2106700769 --> [v2:172.21.15.22:3300/0,v1:172.21.15.22:6789/0] -- mon_subscribe({mgrmap=0+}) v3 -- 0x7fb64819e510 con 0x7fb64807cd70
2024-03-28T17:54:39.110 INFO:teuthology.orchestra.run.smithi022.stdout:/usr/bin/ceph: stderr
2024-03-28T17:54:38.129+0000 7fb64ce00700 1 -- 172.21.15.22:0/2106700769 --> [v2:172.21.15.22:3300/0,v1:172.21.15.22:6789/0] -- mon_subscribe({osdmap=0}) v3 -- 0x7fb6481a1200 con 0x7fb64807cd70
2024-03-28T17:54:39.110 INFO:teuthology.orchestra.run.smithi022.stdout:/usr/bin/ceph: stderr
2024-03-28T17:54:38.131+0000 7fb64ce00700 1 -- 172.21.15.22:0/2106700769 --> [v2:172.21.15.22:3300/0,v1:172.21.15.22:6789/0] -- mon_command({"prefix": "get_command_descriptions"} v 0) v1 -- 0x7fb6480637c0 con 0x7fb64807cd70
2024-03-28T17:54:39.110 INFO:teuthology.orchestra.run.smithi022.stdout:/usr/bin/ceph: stderr
2024-03-28T17:54:38.131+0000 7fb63ea00700 1 -- 172.21.15.22:0/2106700769 <== mon.0 v2:172.21.15.22:3300/0 4 ==== mgrmap(e 8) v1 ==== 46106+0+0 (secure 0 0 0) 0x7fb63801a430 con 0x7fb64807cd70
2024-03-28T17:54:39.110 INFO:teuthology.orchestra.run.smithi022.stdout:/usr/bin/ceph: stderr
2024-03-28T17:54:38.131+0000 7fb63ea00700 1 --2- 172.21.15.22:0/2106700769 >> [v2:172.21.15.22:6800/730635939,v1:172.21.15.22:6801/730635939] conn(0x7fb62c038f20 0x7fb62c03b3e0 unknown :-1 s=NONE pgs=0 cs=0 l=1 rev1=0 crypto rx=0 tx=0 comp rx=0 tx=0).connect
2024-03-28T17:54:39.110 INFO:teuthology.orchestra.run.smithi022.stdout:/usr/bin/ceph: stderr
2024-03-28T17:54:38.131+0000 7fb63ea00700 1 -- 172.21.15.22:0/2106700769 <== mon.0 v2:172.21.15.22:3300/0 5 ==== osd_map(2..2 src has 1..2) v4 ==== 940+0+0 (secure 0 0 0) 0x7fb63804cfe0 con 0x7fb64807cd70
2024-03-28T17:54:39.111 INFO:teuthology.orchestra.run.smithi022.stdout:/usr/bin/ceph: stderr
2024-03-28T17:54:38.132+0000 7fb645400700 1 --2- 172.21.15.22:0/2106700769 >> [v2:172.21.15.22:6800/730635939,v1:172.21.15.22:6801/730635939] conn(0x7fb62c038f20 0x7fb62c03b3e0 unknown :-1 s=BANNER_CONNECTING pgs=0 cs=0 l=1 rev1=0 crypto rx=0 tx=0 comp rx=0 tx=0)._handle_peer_banner_payload supported=3 required=0
2024-03-28T17:54:39.111 INFO:teuthology.orchestra.run.smithi022.stdout:/usr/bin/ceph: stderr
2024-03-28T17:54:38.132+0000 7fb645400700 1 --2- 172.21.15.22:0/2106700769 >> [v2:172.21.15.22:6800/730635939,v1:172.21.15.22:6801/730635939] conn(0x7fb62c038f20 0x7fb62c03b3e0 secure :-1 s=READY pgs=8 cs=0 l=1 rev1=1 crypto rx=0x7fb634006fd0 tx=0x7fb634006e40 comp rx=0 tx=0).ready entity=mgr.14120 client_cookie=0 server_cookie=0 in_seq=0 out_seq=0
2024-03-28T17:54:39.111 INFO:teuthology.orchestra.run.smithi022.stdout:/usr/bin/ceph: stderr
2024-03-28T17:54:38.137+0000 7fb63ea00700 1 -- 172.21.15.22:0/2106700769 <== mon.0 v2:172.21.15.22:3300/0 6 ==== mon_command_ack([{"prefix": "get_command_descriptions"}]=0 v0) v1 ==== 72+0+186149 (secure 0 0 0) 0x7fb638021270 con 0x7fb64807cd70
2024-03-28T17:54:39.111 INFO:teuthology.orchestra.run.smithi022.stdout:/usr/bin/ceph: stderr
2024-03-28T17:54:38.363+0000 7fb64ce00700 1 -- 172.21.15.22:0/2106700769 --> [v2:172.21.15.22:6800/730635939,v1:172.21.15.22:6801/730635939] -- mgr_command(tid 0: {"prefix": "cephadm set-user", "user": "root", "target": ["mon-mgr", ""]}) v1 -- 0x7fb6481043c0 con 0x7fb62c038f20
2024-03-28T17:54:39.111 INFO:teuthology.orchestra.run.smithi022.stdout:/usr/bin/ceph: stderr
2024-03-28T17:54:38.365+0000 7fb63ea00700 1 -- 172.21.15.22:0/2106700769 <== mgr.14120 v2:172.21.15.22:6800/730635939 1 ==== mgr_command_reply(tid 0: 0 ) v1 ==== 8+0+16 (secure 0 0 0) 0x7fb6481043c0 con 0x7fb62c038f20
2024-03-28T17:54:39.111 INFO:teuthology.orchestra.run.smithi022.stdout:/usr/bin/ceph: stderr
2024-03-28T17:54:38.368+0000 7fb64ce00700 1 -- 172.21.15.22:0/2106700769 >> [v2:172.21.15.22:6800/730635939,v1:172.21.15.22:6801/730635939] conn(0x7fb62c038f20 msgr2=0x7fb62c03b3e0 secure :-1 s=STATE_CONNECTION_ESTABLISHED l=1).mark_down
2024-03-28T17:54:39.111 INFO:teuthology.orchestra.run.smithi022.stdout:/usr/bin/ceph: stderr
2024-03-28T17:54:38.368+0000 7fb64ce00700 1 --2- 172.21.15.22:0/2106700769 >> [v2:172.21.15.22:6800/730635939,v1:172.21.15.22:6801/730635939] conn(0x7fb62c038f20 0x7fb62c03b3e0 secure :-1 s=READY pgs=8 cs=0 l=1 rev1=1 crypto rx=0x7fb634006fd0 tx=0x7fb634006e40 comp rx=0 tx=0).stop
2024-03-28T17:54:39.111 INFO:teuthology.orchestra.run.smithi022.stdout:/usr/bin/ceph: stderr
2024-03-28T17:54:38.368+0000 7fb64ce00700 1 -- 172.21.15.22:0/2106700769 >> [v2:172.21.15.22:3300/0,v1:172.21.15.22:6789/0] conn(0x7fb64807cd70 msgr2=0x7fb64819dd40 secure :-1 s=STATE_CONNECTION_ESTABLISHED l=1).mark_down
2024-03-28T17:54:39.111 INFO:teuthology.orchestra.run.smithi022.stdout:/usr/bin/ceph: stderr
2024-03-28T17:54:38.368+0000 7fb64ce00700 1 --2- 172.21.15.22:0/2106700769 >> [v2:172.21.15.22:3300/0,v1:172.21.15.22:6789/0] conn(0x7fb64807cd70 0x7fb64819dd40 secure :-1 s=READY pgs=40 cs=0 l=1 rev1=1 crypto rx=0x7fb638004180 tx=0x7fb6380046a0 comp rx=0 tx=0).stop
2024-03-28T17:54:39.111 INFO:teuthology.orchestra.run.smithi022.stdout:/usr/bin/ceph: stderr
2024-03-28T17:54:38.369+0000 7fb64ce00700 1 -- 172.21.15.22:0/2106700769 shutdown_connections
2024-03-28T17:54:39.111 INFO:teuthology.orchestra.run.smithi022.stdout:/usr/bin/ceph: stderr
2024-03-28T17:54:38.369+0000 7fb64ce00700 1 --2- 172.21.15.22:0/2106700769 >> [v2:172.21.15.22:6800/730635939,v1:172.21.15.22:6801/730635939] conn(0x7fb62c038f20 0x7fb62c03b3e0 unknown :-1 s=CLOSED pgs=8 cs=0 l=1 rev1=1 crypto rx=0 tx=0 comp rx=0 tx=0).stop
2024-03-28T17:54:39.111 INFO:teuthology.orchestra.run.smithi022.stdout:/usr/bin/ceph: stderr
2024-03-28T17:54:38.369+0000 7fb64ce00700 1 --2- 172.21.15.22:0/2106700769 >> [v2:172.21.15.22:3300/0,v1:172.21.15.22:6789/0] conn(0x7fb64807cd70 0x7fb64819dd40 unknown :-1 s=CLOSED pgs=40 cs=0 l=1 rev1=1 crypto rx=0 tx=0 comp rx=0 tx=0).stop
2024-03-28T17:54:39.111 INFO:teuthology.orchestra.run.smithi022.stdout:/usr/bin/ceph: stderr
2024-03-28T17:54:38.369+0000 7fb64ce00700 1 -- 172.21.15.22:0/2106700769 >> 172.21.15.22:0/2106700769 conn(0x7fb648103100 msgr2=0x7fb648103cb0 unknown :-1 s=STATE_NONE l=0).mark_down
2024-03-28T17:54:39.111 INFO:teuthology.orchestra.run.smithi022.stdout:/usr/bin/ceph: stderr
2024-03-28T17:54:38.369+0000 7fb64ce00700 1 -- 172.21.15.22:0/2106700769 shutdown_connections
2024-03-28T17:54:39.111 INFO:teuthology.orchestra.run.smithi022.stdout:/usr/bin/ceph: stderr
2024-03-28T17:54:38.369+0000 7fb64ce00700 1 -- 172.21.15.22:0/2106700769 wait complete.
2024-03-28T17:54:39.112 INFO:teuthology.orchestra.run.smithi022.stdout:Generating ssh key...
2024-03-28T17:54:39.410 INFO:journalctl@ceph.mon.a.smithi022.stdout:Mar 28 17:54:39 smithi022 ceph-mon[31985]: from='client.14134 -' entity='client.admin' cmd=[{"prefix": "cephadm set-user", "user": "root", "target": ["mon-mgr", ""]}]: dispatch
2024-03-28T17:54:40.532 INFO:journalctl@ceph.mon.a.smithi022.stdout:Mar 28 17:54:40 smithi022 ceph-mon[31985]: from='client.14136 -' entity='client.admin' cmd=[{"prefix": "cephadm generate-key", "target": ["mon-mgr", ""]}]: dispatch
2024-03-28T17:54:40.532 INFO:journalctl@ceph.mon.a.smithi022.stdout:Mar 28 17:54:40 smithi022 ceph-mon[31985]: Generating ssh key...
2024-03-28T17:54:41.033 INFO:journalctl@ceph.mgr.x.smithi022.stdout:Mar 28 17:54:40 smithi022 ceph-fd220748-ed2b-11ee-95d0-87774f69a715-mgr-x[32211]: Generating public/private rsa key pair.
2024-03-28T17:54:41.033 INFO:journalctl@ceph.mgr.x.smithi022.stdout:Mar 28 17:54:40 smithi022 ceph-fd220748-ed2b-11ee-95d0-87774f69a715-mgr-x[32211]: Your identification has been saved in /tmp/tmpt__liez3/key.
2024-03-28T17:54:41.033 INFO:journalctl@ceph.mgr.x.smithi022.stdout:Mar 28 17:54:40 smithi022 ceph-fd220748-ed2b-11ee-95d0-87774f69a715-mgr-x[32211]: Your public key has been saved in /tmp/tmpt__liez3/key.pub.
2024-03-28T17:54:41.033 INFO:journalctl@ceph.mgr.x.smithi022.stdout:Mar 28 17:54:40 smithi022 ceph-fd220748-ed2b-11ee-95d0-87774f69a715-mgr-x[32211]: The key fingerprint is:
2024-03-28T17:54:41.033 INFO:journalctl@ceph.mgr.x.smithi022.stdout:Mar 28 17:54:40 smithi022 ceph-fd220748-ed2b-11ee-95d0-87774f69a715-mgr-x[32211]: SHA256:ZJTnCd/8U6w9RjY1TPpK3f8I+45Vy1bG1nbzjMcIU+E ceph-fd220748-ed2b-11ee-95d0-87774f69a715
2024-03-28T17:54:41.033 INFO:journalctl@ceph.mgr.x.smithi022.stdout:Mar 28 17:54:40 smithi022 ceph-fd220748-ed2b-11ee-95d0-87774f69a715-mgr-x[32211]: The key's randomart image is:
2024-03-28T17:54:41.033 INFO:journalctl@ceph.mgr.x.smithi022.stdout:Mar 28 17:54:40 smithi022 ceph-fd220748-ed2b-11ee-95d0-87774f69a715-mgr-x[32211]: +---[RSA 3072]----+
2024-03-28T17:54:41.034 INFO:journalctl@ceph.mgr.x.smithi022.stdout:Mar 28 17:54:40 smithi022 ceph-fd220748-ed2b-11ee-95d0-87774f69a715-mgr-x[32211]: | .. +. |
2024-03-28T17:54:41.034 INFO:journalctl@ceph.mgr.x.smithi022.stdout:Mar 28 17:54:40 smithi022 ceph-fd220748-ed2b-11ee-95d0-87774f69a715-mgr-x[32211]: | .o . ..+.|
2024-03-28T17:54:41.034 INFO:journalctl@ceph.mgr.x.smithi022.stdout:Mar 28 17:54:40 smithi022 ceph-fd220748-ed2b-11ee-95d0-87774f69a715-mgr-x[32211]: | o= + .E.o|
2024-03-28T17:54:41.034 INFO:journalctl@ceph.mgr.x.smithi022.stdout:Mar 28 17:54:40 smithi022 ceph-fd220748-ed2b-11ee-95d0-87774f69a715-mgr-x[32211]: | o + o.o==|
2024-03-28T17:54:41.034 INFO:journalctl@ceph.mgr.x.smithi022.stdout:Mar 28 17:54:40 smithi022 ceph-fd220748-ed2b-11ee-95d0-87774f69a715-mgr-x[32211]: | S oooB%|
2024-03-28T17:54:41.034 INFO:journalctl@ceph.mgr.x.smithi022.stdout:Mar 28 17:54:40 smithi022 ceph-fd220748-ed2b-11ee-95d0-87774f69a715-mgr-x[32211]: | .o*%O|
2024-03-28T17:54:41.034 INFO:journalctl@ceph.mgr.x.smithi022.stdout:Mar 28 17:54:40 smithi022 ceph-fd220748-ed2b-11ee-95d0-87774f69a715-mgr-x[32211]: | ..==B|
2024-03-28T17:54:41.034 INFO:journalctl@ceph.mgr.x.smithi022.stdout:Mar 28 17:54:40 smithi022 ceph-fd220748-ed2b-11ee-95d0-87774f69a715-mgr-x[32211]: | =.o.|
2024-03-28T17:54:41.034 INFO:journalctl@ceph.mgr.x.smithi022.stdout:Mar 28 17:54:40 smithi022 ceph-fd220748-ed2b-11ee-95d0-87774f69a715-mgr-x[32211]: | oo+ .|
2024-03-28T17:54:41.034 INFO:journalctl@ceph.mgr.x.smithi022.stdout:Mar 28 17:54:40 smithi022 ceph-fd220748-ed2b-11ee-95d0-87774f69a715-mgr-x[32211]: +----[SHA256]-----+
2024-03-28T17:54:41.404 INFO:teuthology.orchestra.run.smithi022.stdout:/usr/bin/ceph: stderr
2024-03-28T17:54:39.720+0000 7f8430c00700 1 Processor -- start
2024-03-28T17:54:41.406 INFO:teuthology.orchestra.run.smithi022.stdout:/usr/bin/ceph: stderr
2024-03-28T17:54:39.720+0000 7f8430c00700 1 -- start start
2024-03-28T17:54:41.406 INFO:teuthology.orchestra.run.smithi022.stdout:/usr/bin/ceph: stderr
2024-03-28T17:54:39.721+0000 7f8430c00700 1 --2- >> [v2:172.21.15.22:3300/0,v1:172.21.15.22:6789/0] conn(0x7f842c109d70 0x7f842c10a190 unknown :-1 s=NONE pgs=0 cs=0 l=0 rev1=0 crypto rx=0 tx=0 comp rx=0 tx=0).connect
2024-03-28T17:54:41.407 INFO:teuthology.orchestra.run.smithi022.stdout:/usr/bin/ceph: stderr
2024-03-28T17:54:39.721+0000 7f8430c00700 1 -- --> [v2:172.21.15.22:3300/0,v1:172.21.15.22:6789/0] -- mon_getmap magic: 0 v1 -- 0x7f842c10a760 con 0x7f842c109d70
2024-03-28T17:54:41.407 INFO:teuthology.orchestra.run.smithi022.stdout:/usr/bin/ceph: stderr
2024-03-28T17:54:39.721+0000 7f8429e00700 1 --2- >> [v2:172.21.15.22:3300/0,v1:172.21.15.22:6789/0] conn(0x7f842c109d70 0x7f842c10a190 unknown :-1 s=BANNER_CONNECTING pgs=0 cs=0 l=0 rev1=0 crypto rx=0 tx=0 comp rx=0 tx=0)._handle_peer_banner_payload supported=3 required=0
2024-03-28T17:54:41.407 INFO:teuthology.orchestra.run.smithi022.stdout:/usr/bin/ceph: stderr
2024-03-28T17:54:39.722+0000 7f8429e00700 1 --2- >> [v2:172.21.15.22:3300/0,v1:172.21.15.22:6789/0] conn(0x7f842c109d70 0x7f842c10a190 unknown :-1 s=HELLO_CONNECTING pgs=0 cs=0 l=0 rev1=1 crypto rx=0 tx=0 comp rx=0 tx=0).handle_hello peer v2:172.21.15.22:3300/0 says I am v2:172.21.15.22:45854/0 (socket says 172.21.15.22:45854)
2024-03-28T17:54:41.407 INFO:teuthology.orchestra.run.smithi022.stdout:/usr/bin/ceph: stderr
2024-03-28T17:54:39.722+0000 7f8429e00700 1 -- 172.21.15.22:0/3846413552 learned_addr learned my addr 172.21.15.22:0/3846413552 (peer_addr_for_me v2:172.21.15.22:0/0)
2024-03-28T17:54:41.407 INFO:teuthology.orchestra.run.smithi022.stdout:/usr/bin/ceph: stderr
2024-03-28T17:54:39.722+0000 7f8429e00700 1 -- 172.21.15.22:0/3846413552 --> [v2:172.21.15.22:3300/0,v1:172.21.15.22:6789/0] -- mon_subscribe({config=0+,monmap=0+}) v3 -- 0x7f842c10af70 con 0x7f842c109d70
2024-03-28T17:54:41.407 INFO:teuthology.orchestra.run.smithi022.stdout:/usr/bin/ceph: stderr
2024-03-28T17:54:39.722+0000 7f8429e00700 1 --2- 172.21.15.22:0/3846413552 >> [v2:172.21.15.22:3300/0,v1:172.21.15.22:6789/0] conn(0x7f842c109d70 0x7f842c10a190 secure :-1 s=READY pgs=41 cs=0 l=1 rev1=1 crypto rx=0x7f841c0098a0 tx=0x7f841c009bb0 comp rx=0 tx=0).ready entity=mon.0 client_cookie=3c474c4568a45db8 server_cookie=0 in_seq=0 out_seq=0
2024-03-28T17:54:41.407 INFO:teuthology.orchestra.run.smithi022.stdout:/usr/bin/ceph: stderr
2024-03-28T17:54:39.723+0000 7f8428a00700 1 -- 172.21.15.22:0/3846413552 <== mon.0 v2:172.21.15.22:3300/0 1 ==== mon_map magic: 0 v1 ==== 205+0+0 (secure 0 0 0) 0x7f841c004160 con 0x7f842c109d70
2024-03-28T17:54:41.407 INFO:teuthology.orchestra.run.smithi022.stdout:/usr/bin/ceph: stderr
2024-03-28T17:54:39.723+0000 7f8428a00700 1 -- 172.21.15.22:0/3846413552 <== mon.0 v2:172.21.15.22:3300/0 2 ==== config(27 keys) v1 ==== 1105+0+0 (secure 0 0 0) 0x7f841c004300 con 0x7f842c109d70
2024-03-28T17:54:41.407 INFO:teuthology.orchestra.run.smithi022.stdout:/usr/bin/ceph: stderr
2024-03-28T17:54:39.723+0000 7f8428a00700 1 -- 172.21.15.22:0/3846413552 <== mon.0 v2:172.21.15.22:3300/0 3 ==== mon_map magic: 0 v1 ==== 205+0+0 (secure 0 0 0) 0x7f841c011b40 con 0x7f842c109d70
2024-03-28T17:54:41.407 INFO:teuthology.orchestra.run.smithi022.stdout:/usr/bin/ceph: stderr
2024-03-28T17:54:39.723+0000 7f8430c00700 1 -- 172.21.15.22:0/3846413552 >> [v2:172.21.15.22:3300/0,v1:172.21.15.22:6789/0] conn(0x7f842c109d70 msgr2=0x7f842c10a190 secure :-1 s=STATE_CONNECTION_ESTABLISHED l=1).mark_down
2024-03-28T17:54:41.411 INFO:teuthology.orchestra.run.smithi022.stdout:/usr/bin/ceph: stderr
2024-03-28T17:54:39.723+0000 7f8430c00700 1 --2- 172.21.15.22:0/3846413552 >> [v2:172.21.15.22:3300/0,v1:172.21.15.22:6789/0] conn(0x7f842c109d70 0x7f842c10a190 secure :-1 s=READY pgs=41 cs=0 l=1 rev1=1 crypto rx=0x7f841c0098a0 tx=0x7f841c009bb0 comp rx=0 tx=0).stop
2024-03-28T17:54:41.411 INFO:teuthology.orchestra.run.smithi022.stdout:/usr/bin/ceph: stderr
2024-03-28T17:54:39.724+0000 7f8430c00700 1 -- 172.21.15.22:0/3846413552 shutdown_connections
2024-03-28T17:54:41.411 INFO:teuthology.orchestra.run.smithi022.stdout:/usr/bin/ceph: stderr
2024-03-28T17:54:39.724+0000 7f8430c00700 1 --2- 172.21.15.22:0/3846413552 >> [v2:172.21.15.22:3300/0,v1:172.21.15.22:6789/0] conn(0x7f842c109d70 0x7f842c10a190 unknown :-1 s=CLOSED pgs=41 cs=0 l=1 rev1=1 crypto rx=0 tx=0 comp rx=0 tx=0).stop
2024-03-28T17:54:41.411 INFO:teuthology.orchestra.run.smithi022.stdout:/usr/bin/ceph: stderr
2024-03-28T17:54:39.724+0000 7f8430c00700 1 -- 172.21.15.22:0/3846413552 >> 172.21.15.22:0/3846413552 conn(0x7f842c07d120 msgr2=0x7f842c07d570 unknown :-1 s=STATE_NONE l=0).mark_down
2024-03-28T17:54:41.411 INFO:teuthology.orchestra.run.smithi022.stdout:/usr/bin/ceph: stderr
2024-03-28T17:54:39.724+0000 7f8430c00700 1 -- 172.21.15.22:0/3846413552 shutdown_connections
2024-03-28T17:54:41.411 INFO:teuthology.orchestra.run.smithi022.stdout:/usr/bin/ceph: stderr
2024-03-28T17:54:39.724+0000 7f8430c00700 1 -- 172.21.15.22:0/3846413552 wait complete.
2024-03-28T17:54:41.411 INFO:teuthology.orchestra.run.smithi022.stdout:/usr/bin/ceph: stderr
2024-03-28T17:54:39.725+0000 7f8430c00700 1 Processor -- start
2024-03-28T17:54:41.411 INFO:teuthology.orchestra.run.smithi022.stdout:/usr/bin/ceph: stderr
2024-03-28T17:54:39.725+0000 7f8430c00700 1 -- start start
2024-03-28T17:54:41.412 INFO:teuthology.orchestra.run.smithi022.stdout:/usr/bin/ceph: stderr
2024-03-28T17:54:39.725+0000 7f8430c00700 1 --2- >> [v2:172.21.15.22:3300/0,v1:172.21.15.22:6789/0] conn(0x7f842c109d70 0x7f842c19dd60 unknown :-1 s=NONE pgs=0 cs=0 l=1 rev1=0 crypto rx=0 tx=0 comp rx=0 tx=0).connect
2024-03-28T17:54:41.412 INFO:teuthology.orchestra.run.smithi022.stdout:/usr/bin/ceph: stderr
2024-03-28T17:54:39.725+0000 7f8430c00700 1 -- --> [v2:172.21.15.22:3300/0,v1:172.21.15.22:6789/0] -- mon_getmap magic: 0 v1 -- 0x7f842c10e320 con 0x7f842c109d70
2024-03-28T17:54:41.412 INFO:teuthology.orchestra.run.smithi022.stdout:/usr/bin/ceph: stderr
2024-03-28T17:54:39.726+0000 7f8429e00700 1 --2- >> [v2:172.21.15.22:3300/0,v1:172.21.15.22:6789/0] conn(0x7f842c109d70 0x7f842c19dd60 unknown :-1 s=BANNER_CONNECTING pgs=0 cs=0 l=1 rev1=0 crypto rx=0 tx=0 comp rx=0 tx=0)._handle_peer_banner_payload supported=3 required=0
2024-03-28T17:54:41.412 INFO:teuthology.orchestra.run.smithi022.stdout:/usr/bin/ceph: stderr
2024-03-28T17:54:39.726+0000 7f8429e00700 1 --2- >> [v2:172.21.15.22:3300/0,v1:172.21.15.22:6789/0] conn(0x7f842c109d70 0x7f842c19dd60 unknown :-1 s=HELLO_CONNECTING pgs=0 cs=0 l=1 rev1=1 crypto rx=0 tx=0 comp rx=0 tx=0).handle_hello peer v2:172.21.15.22:3300/0 says I am v2:172.21.15.22:45860/0 (socket says 172.21.15.22:45860)
2024-03-28T17:54:41.412 INFO:teuthology.orchestra.run.smithi022.stdout:/usr/bin/ceph: stderr
2024-03-28T17:54:39.726+0000 7f8429e00700 1 -- 172.21.15.22:0/3743260601 learned_addr learned my addr 172.21.15.22:0/3743260601 (peer_addr_for_me v2:172.21.15.22:0/0)
2024-03-28T17:54:41.412 INFO:teuthology.orchestra.run.smithi022.stdout:/usr/bin/ceph: stderr
2024-03-28T17:54:39.726+0000 7f8429e00700 1 -- 172.21.15.22:0/3743260601 --> [v2:172.21.15.22:3300/0,v1:172.21.15.22:6789/0] -- mon_subscribe({config=0+,monmap=0+}) v3 -- 0x7f842c19e2a0 con 0x7f842c109d70
2024-03-28T17:54:41.412 INFO:teuthology.orchestra.run.smithi022.stdout:/usr/bin/ceph: stderr
2024-03-28T17:54:39.726+0000 7f8429e00700 1 --2- 172.21.15.22:0/3743260601 >> [v2:172.21.15.22:3300/0,v1:172.21.15.22:6789/0] conn(0x7f842c109d70 0x7f842c19dd60 secure :-1 s=READY pgs=42 cs=0 l=1 rev1=1 crypto rx=0x7f841c011840 tx=0x7f841c004230 comp rx=0 tx=0).ready entity=mon.0 client_cookie=0 server_cookie=0 in_seq=0 out_seq=0
2024-03-28T17:54:41.412 INFO:teuthology.orchestra.run.smithi022.stdout:/usr/bin/ceph: stderr
2024-03-28T17:54:39.727+0000 7f8422a00700 1 -- 172.21.15.22:0/3743260601 <== mon.0 v2:172.21.15.22:3300/0 1 ==== mon_map magic: 0 v1 ==== 205+0+0 (secure 0 0 0) 0x7f841c0038b0 con 0x7f842c109d70
2024-03-28T17:54:41.412 INFO:teuthology.orchestra.run.smithi022.stdout:/usr/bin/ceph: stderr
2024-03-28T17:54:39.727+0000 7f8422a00700 1 -- 172.21.15.22:0/3743260601 <== mon.0 v2:172.21.15.22:3300/0 2 ==== config(27 keys) v1 ==== 1105+0+0 (secure 0 0 0) 0x7f841c01a430 con 0x7f842c109d70
2024-03-28T17:54:41.412 INFO:teuthology.orchestra.run.smithi022.stdout:/usr/bin/ceph: stderr
2024-03-28T17:54:39.727+0000 7f8430c00700 1 -- 172.21.15.22:0/3743260601 --> [v2:172.21.15.22:3300/0,v1:172.21.15.22:6789/0] -- mon_subscribe({mgrmap=0+}) v3 -- 0x7f842c19e530 con 0x7f842c109d70
2024-03-28T17:54:41.412 INFO:teuthology.orchestra.run.smithi022.stdout:/usr/bin/ceph: stderr
2024-03-28T17:54:39.727+0000 7f8422a00700 1 -- 172.21.15.22:0/3743260601 <== mon.0 v2:172.21.15.22:3300/0 3 ==== mon_map magic: 0 v1 ==== 205+0+0 (secure 0 0 0) 0x7f841c024650 con 0x7f842c109d70
2024-03-28T17:54:41.412 INFO:teuthology.orchestra.run.smithi022.stdout:/usr/bin/ceph: stderr
2024-03-28T17:54:39.727+0000 7f8430c00700 1 -- 172.21.15.22:0/3743260601 --> [v2:172.21.15.22:3300/0,v1:172.21.15.22:6789/0] -- mon_subscribe({osdmap=0}) v3 -- 0x7f842c1a1220 con 0x7f842c109d70
2024-03-28T17:54:41.412 INFO:teuthology.orchestra.run.smithi022.stdout:/usr/bin/ceph: stderr
2024-03-28T17:54:39.728+0000 7f8422a00700 1 -- 172.21.15.22:0/3743260601 <== mon.0 v2:172.21.15.22:3300/0 4 ==== mgrmap(e 8) v1 ==== 46106+0+0 (secure 0 0 0) 0x7f841c022020 con 0x7f842c109d70
2024-03-28T17:54:41.412 INFO:teuthology.orchestra.run.smithi022.stdout:/usr/bin/ceph: stderr
2024-03-28T17:54:39.728+0000 7f8430c00700 1 -- 172.21.15.22:0/3743260601 --> [v2:172.21.15.22:3300/0,v1:172.21.15.22:6789/0] -- mon_command({"prefix": "get_command_descriptions"} v 0) v1 -- 0x7f842c0637c0 con 0x7f842c109d70
2024-03-28T17:54:41.412 INFO:teuthology.orchestra.run.smithi022.stdout:/usr/bin/ceph: stderr
2024-03-28T17:54:39.728+0000 7f8422a00700 1 --2- 172.21.15.22:0/3743260601 >> [v2:172.21.15.22:6800/730635939,v1:172.21.15.22:6801/730635939] conn(0x7f8410038f70 0x7f841003b430 unknown :-1 s=NONE pgs=0 cs=0 l=1 rev1=0 crypto rx=0 tx=0 comp rx=0 tx=0).connect
2024-03-28T17:54:41.412 INFO:teuthology.orchestra.run.smithi022.stdout:/usr/bin/ceph: stderr
2024-03-28T17:54:39.728+0000 7f8422a00700 1 -- 172.21.15.22:0/3743260601 <== mon.0 v2:172.21.15.22:3300/0 5 ==== osd_map(2..2 src has 1..2) v4 ==== 940+0+0 (secure 0 0 0) 0x7f841c04cc40 con 0x7f842c109d70
2024-03-28T17:54:41.413 INFO:teuthology.orchestra.run.smithi022.stdout:/usr/bin/ceph: stderr
2024-03-28T17:54:39.729+0000 7f8429400700 1 --2- 172.21.15.22:0/3743260601 >> [v2:172.21.15.22:6800/730635939,v1:172.21.15.22:6801/730635939] conn(0x7f8410038f70 0x7f841003b430 unknown :-1 s=BANNER_CONNECTING pgs=0 cs=0 l=1 rev1=0 crypto rx=0 tx=0 comp rx=0 tx=0)._handle_peer_banner_payload supported=3 required=0
2024-03-28T17:54:41.413 INFO:teuthology.orchestra.run.smithi022.stdout:/usr/bin/ceph: stderr
2024-03-28T17:54:39.729+0000 7f8429400700 1 --2- 172.21.15.22:0/3743260601 >> [v2:172.21.15.22:6800/730635939,v1:172.21.15.22:6801/730635939] conn(0x7f8410038f70 0x7f841003b430 secure :-1 s=READY pgs=9 cs=0 l=1 rev1=1 crypto rx=0x7f8418006fd0 tx=0x7f8418006e40 comp rx=0 tx=0).ready entity=mgr.14120 client_cookie=0 server_cookie=0 in_seq=0 out_seq=0
2024-03-28T17:54:41.413 INFO:teuthology.orchestra.run.smithi022.stdout:/usr/bin/ceph: stderr
2024-03-28T17:54:39.734+0000 7f8422a00700 1 -- 172.21.15.22:0/3743260601 <== mon.0 v2:172.21.15.22:3300/0 6 ==== mon_command_ack([{"prefix": "get_command_descriptions"}]=0 v0) v1 ==== 72+0+186149 (secure 0 0 0) 0x7f841c00e260 con 0x7f842c109d70
2024-03-28T17:54:41.413 INFO:teuthology.orchestra.run.smithi022.stdout:/usr/bin/ceph: stderr
2024-03-28T17:54:39.949+0000 7f8430c00700 1 -- 172.21.15.22:0/3743260601 --> [v2:172.21.15.22:6800/730635939,v1:172.21.15.22:6801/730635939] -- mgr_command(tid 0: {"prefix": "cephadm generate-key", "target": ["mon-mgr", ""]}) v1 -- 0x7f842c107c00 con 0x7f8410038f70
2024-03-28T17:54:41.413 INFO:teuthology.orchestra.run.smithi022.stdout:/usr/bin/ceph: stderr
2024-03-28T17:54:40.755+0000 7f8422a00700 1 -- 172.21.15.22:0/3743260601 <== mgr.14120 v2:172.21.15.22:6800/730635939 1 ==== mgr_command_reply(tid 0: 0 ) v1 ==== 8+0+0 (secure 0 0 0) 0x7f842c107c00 con 0x7f8410038f70
2024-03-28T17:54:41.413 INFO:teuthology.orchestra.run.smithi022.stdout:/usr/bin/ceph: stderr
2024-03-28T17:54:40.758+0000 7f8430c00700 1 -- 172.21.15.22:0/3743260601 >> [v2:172.21.15.22:6800/730635939,v1:172.21.15.22:6801/730635939] conn(0x7f8410038f70 msgr2=0x7f841003b430 secure :-1 s=STATE_CONNECTION_ESTABLISHED l=1).mark_down
2024-03-28T17:54:41.413 INFO:teuthology.orchestra.run.smithi022.stdout:/usr/bin/ceph: stderr
2024-03-28T17:54:40.758+0000 7f8430c00700 1 --2- 172.21.15.22:0/3743260601 >> [v2:172.21.15.22:6800/730635939,v1:172.21.15.22:6801/730635939] conn(0x7f8410038f70 0x7f841003b430 secure :-1 s=READY pgs=9 cs=0 l=1 rev1=1 crypto rx=0x7f8418006fd0 tx=0x7f8418006e40 comp rx=0 tx=0).stop
2024-03-28T17:54:41.413 INFO:teuthology.orchestra.run.smithi022.stdout:/usr/bin/ceph: stderr
2024-03-28T17:54:40.758+0000 7f8430c00700 1 -- 172.21.15.22:0/3743260601 >> [v2:172.21.15.22:3300/0,v1:172.21.15.22:6789/0] conn(0x7f842c109d70 msgr2=0x7f842c19dd60 secure :-1 s=STATE_CONNECTION_ESTABLISHED l=1).mark_down
2024-03-28T17:54:41.413 INFO:teuthology.orchestra.run.smithi022.stdout:/usr/bin/ceph: stderr
2024-03-28T17:54:40.758+0000 7f8430c00700 1 --2- 172.21.15.22:0/3743260601 >> [v2:172.21.15.22:3300/0,v1:172.21.15.22:6789/0] conn(0x7f842c109d70 0x7f842c19dd60 secure :-1 s=READY pgs=42 cs=0 l=1 rev1=1 crypto rx=0x7f841c011840 tx=0x7f841c004230 comp rx=0 tx=0).stop
2024-03-28T17:54:41.413 INFO:teuthology.orchestra.run.smithi022.stdout:/usr/bin/ceph: stderr
2024-03-28T17:54:40.758+0000 7f8430c00700 1 -- 172.21.15.22:0/3743260601 shutdown_connections
2024-03-28T17:54:41.413 INFO:teuthology.orchestra.run.smithi022.stdout:/usr/bin/ceph: stderr
2024-03-28T17:54:40.758+0000 7f8430c00700 1 --2- 172.21.15.22:0/3743260601 >> [v2:172.21.15.22:6800/730635939,v1:172.21.15.22:6801/730635939] conn(0x7f8410038f70 0x7f841003b430 unknown :-1 s=CLOSED pgs=9 cs=0 l=1 rev1=1 crypto rx=0 tx=0 comp rx=0 tx=0).stop
2024-03-28T17:54:41.414 INFO:teuthology.orchestra.run.smithi022.stdout:/usr/bin/ceph: stderr
2024-03-28T17:54:40.758+0000 7f8430c00700 1 --2- 172.21.15.22:0/3743260601 >> [v2:172.21.15.22:3300/0,v1:172.21.15.22:6789/0] conn(0x7f842c109d70 0x7f842c19dd60 unknown :-1 s=CLOSED pgs=42 cs=0 l=1 rev1=1 crypto rx=0 tx=0 comp rx=0 tx=0).stop
2024-03-28T17:54:41.414 INFO:teuthology.orchestra.run.smithi022.stdout:/usr/bin/ceph: stderr
2024-03-28T17:54:40.758+0000 7f8430c00700 1 -- 172.21.15.22:0/3743260601 >> 172.21.15.22:0/3743260601 conn(0x7f842c07d120 msgr2=0x7f842c1074f0 unknown :-1 s=STATE_NONE l=0).mark_down
2024-03-28T17:54:41.414 INFO:teuthology.orchestra.run.smithi022.stdout:/usr/bin/ceph: stderr
2024-03-28T17:54:40.758+0000 7f8430c00700 1 -- 172.21.15.22:0/3743260601 shutdown_connections
2024-03-28T17:54:41.414 INFO:teuthology.orchestra.run.smithi022.stdout:/usr/bin/ceph: stderr
2024-03-28T17:54:40.758+0000 7f8430c00700 1 -- 172.21.15.22:0/3743260601 wait complete.
2024-03-28T17:54:42.032 INFO:journalctl@ceph.mon.a.smithi022.stdout:Mar 28 17:54:41 smithi022 ceph-mon[31985]: from='mgr.14120 172.21.15.22:0/1493984472' entity='mgr.x'
2024-03-28T17:54:42.032 INFO:journalctl@ceph.mon.a.smithi022.stdout:Mar 28 17:54:41 smithi022 ceph-mon[31985]: from='mgr.14120 172.21.15.22:0/1493984472' entity='mgr.x'
2024-03-28T17:54:43.116 INFO:teuthology.orchestra.run.smithi022.stdout:/usr/bin/ceph: stdout ssh-rsa AAAAB3NzaC1yc2EAAAADAQABAAABgQDUi+jeSl5COOIlXQAk/lFBdgZWXIsZSspbsG9so++bg1fBAczn//xlfwOpRWKV+8NU3pC1kj15TfHrDeimhlKAjxRQFLaEDDFYlaKmiCVcjpdDzFhL4Dmv8fYmfwSKIdB+Y2UjHB3mf3h61Tk7oWagZwenEljWcSjAWDuPjRFYtefJOV/DfIVaUpcbHt+GzkbO96+XI17MnqFBT/Ms2kD4Ipb9IEg+tlEzde3zLCP1ZyIOpyHjFrsfGx5+HktyRHFxTrFonNfvWhRF4bpy9J47Qe7vGjUJD2lXOftS4741TJz7YBVRrFz2ukflvpwLR9volk6Rtava/3j/JI+2qqulshjsHhcMQ3pJ5jqCDfjj1DdK61Hzkb//S0gFWNi/X6zFgwSQ5sw6+m4A6OLFcw90bmac2HV0RwXzg8Svao51Xl9fu85aUVcp9h0CtnhtGrOc1GEfve5SwE/CW423P5vrz1q6XIqXxOVP2zPgc2AyQbz1RhLCWAzyKZwTRlLpOA0= ceph-fd220748-ed2b-11ee-95d0-87774f69a715
2024-03-28T17:54:43.118 INFO:teuthology.orchestra.run.smithi022.stdout:/usr/bin/ceph: stderr
2024-03-28T17:54:42.080+0000 7f9fc4000700 1 Processor -- start
2024-03-28T17:54:43.118 INFO:teuthology.orchestra.run.smithi022.stdout:/usr/bin/ceph: stderr
2024-03-28T17:54:42.081+0000 7f9fc4000700 1 -- start start
2024-03-28T17:54:43.118 INFO:teuthology.orchestra.run.smithi022.stdout:/usr/bin/ceph: stderr
2024-03-28T17:54:42.081+0000 7f9fc4000700 1 --2- >> [v2:172.21.15.22:3300/0,v1:172.21.15.22:6789/0] conn(0x7f9fbc1086f0 0x7f9fbc10aae0 unknown :-1 s=NONE pgs=0 cs=0 l=0 rev1=0 crypto rx=0 tx=0 comp rx=0 tx=0).connect
2024-03-28T17:54:43.118 INFO:teuthology.orchestra.run.smithi022.stdout:/usr/bin/ceph: stderr
2024-03-28T17:54:42.081+0000 7f9fc4000700 1 -- --> [v2:172.21.15.22:3300/0,v1:172.21.15.22:6789/0] -- mon_getmap magic: 0 v1 -- 0x7f9fbc075890 con 0x7f9fbc1086f0
2024-03-28T17:54:43.118 INFO:teuthology.orchestra.run.smithi022.stdout:/usr/bin/ceph: stderr
2024-03-28T17:54:42.082+0000 7f9fc1600700 1 --2- >> [v2:172.21.15.22:3300/0,v1:172.21.15.22:6789/0] conn(0x7f9fbc1086f0 0x7f9fbc10aae0 unknown :-1 s=BANNER_CONNECTING pgs=0 cs=0 l=0 rev1=0 crypto rx=0 tx=0 comp rx=0 tx=0)._handle_peer_banner_payload supported=3 required=0
2024-03-28T17:54:43.118 INFO:teuthology.orchestra.run.smithi022.stdout:/usr/bin/ceph: stderr
2024-03-28T17:54:42.082+0000 7f9fc1600700 1 --2- >> [v2:172.21.15.22:3300/0,v1:172.21.15.22:6789/0] conn(0x7f9fbc1086f0 0x7f9fbc10aae0 unknown :-1 s=HELLO_CONNECTING pgs=0 cs=0 l=0 rev1=1 crypto rx=0 tx=0 comp rx=0 tx=0).handle_hello peer v2:172.21.15.22:3300/0 says I am v2:172.21.15.22:45874/0 (socket says 172.21.15.22:45874)
2024-03-28T17:54:43.118 INFO:teuthology.orchestra.run.smithi022.stdout:/usr/bin/ceph: stderr
2024-03-28T17:54:42.082+0000 7f9fc1600700 1 -- 172.21.15.22:0/3462116138 learned_addr learned my addr 172.21.15.22:0/3462116138 (peer_addr_for_me v2:172.21.15.22:0/0)
2024-03-28T17:54:43.120 INFO:teuthology.orchestra.run.smithi022.stdout:/usr/bin/ceph: stderr
2024-03-28T17:54:42.083+0000 7f9fc1600700 1 -- 172.21.15.22:0/3462116138 --> [v2:172.21.15.22:3300/0,v1:172.21.15.22:6789/0] -- mon_subscribe({config=0+,monmap=0+}) v3 -- 0x7f9fbc10b020 con 0x7f9fbc1086f0
2024-03-28T17:54:43.120 INFO:teuthology.orchestra.run.smithi022.stdout:/usr/bin/ceph: stderr
2024-03-28T17:54:42.083+0000 7f9fc1600700 1 --2- 172.21.15.22:0/3462116138 >> [v2:172.21.15.22:3300/0,v1:172.21.15.22:6789/0] conn(0x7f9fbc1086f0 0x7f9fbc10aae0 secure :-1 s=READY pgs=43 cs=0 l=1 rev1=1 crypto rx=0x7f9fb00098a0 tx=0x7f9fb0009bb0 comp rx=0 tx=0).ready entity=mon.0 client_cookie=e307eec32f7c8861 server_cookie=0 in_seq=0 out_seq=0
2024-03-28T17:54:43.120 INFO:teuthology.orchestra.run.smithi022.stdout:/usr/bin/ceph: stderr
2024-03-28T17:54:42.083+0000 7f9fbbe00700 1 -- 172.21.15.22:0/3462116138 <== mon.0 v2:172.21.15.22:3300/0 1 ==== mon_map magic: 0 v1 ==== 205+0+0 (secure 0 0 0) 0x7f9fb0004160 con 0x7f9fbc1086f0
2024-03-28T17:54:43.120 INFO:teuthology.orchestra.run.smithi022.stdout:/usr/bin/ceph: stderr
2024-03-28T17:54:42.083+0000 7f9fbbe00700 1 -- 172.21.15.22:0/3462116138 <== mon.0 v2:172.21.15.22:3300/0 2 ==== config(27 keys) v1 ==== 1105+0+0 (secure 0 0 0) 0x7f9fb0004300 con 0x7f9fbc1086f0
2024-03-28T17:54:43.120 INFO:teuthology.orchestra.run.smithi022.stdout:/usr/bin/ceph: stderr
2024-03-28T17:54:42.083+0000 7f9fbbe00700 1 -- 172.21.15.22:0/3462116138 <== mon.0 v2:172.21.15.22:3300/0 3 ==== mon_map magic: 0 v1 ==== 205+0+0 (secure 0 0 0) 0x7f9fb0011b40 con 0x7f9fbc1086f0
2024-03-28T17:54:43.120 INFO:teuthology.orchestra.run.smithi022.stdout:/usr/bin/ceph: stderr
2024-03-28T17:54:42.084+0000 7f9fc4000700 1 -- 172.21.15.22:0/3462116138 >> [v2:172.21.15.22:3300/0,v1:172.21.15.22:6789/0] conn(0x7f9fbc1086f0 msgr2=0x7f9fbc10aae0 secure :-1 s=STATE_CONNECTION_ESTABLISHED l=1).mark_down
2024-03-28T17:54:43.120 INFO:teuthology.orchestra.run.smithi022.stdout:/usr/bin/ceph: stderr
2024-03-28T17:54:42.084+0000 7f9fc4000700 1 --2- 172.21.15.22:0/3462116138 >> [v2:172.21.15.22:3300/0,v1:172.21.15.22:6789/0] conn(0x7f9fbc1086f0 0x7f9fbc10aae0 secure :-1 s=READY pgs=43 cs=0 l=1 rev1=1 crypto rx=0x7f9fb00098a0 tx=0x7f9fb0009bb0 comp rx=0 tx=0).stop
2024-03-28T17:54:43.120 INFO:teuthology.orchestra.run.smithi022.stdout:/usr/bin/ceph: stderr
2024-03-28T17:54:42.084+0000 7f9fc4000700 1 -- 172.21.15.22:0/3462116138 shutdown_connections
2024-03-28T17:54:43.120 INFO:teuthology.orchestra.run.smithi022.stdout:/usr/bin/ceph: stderr
2024-03-28T17:54:42.084+0000 7f9fc4000700 1 --2- 172.21.15.22:0/3462116138 >> [v2:172.21.15.22:3300/0,v1:172.21.15.22:6789/0] conn(0x7f9fbc1086f0 0x7f9fbc10aae0 unknown :-1 s=CLOSED pgs=43 cs=0 l=1 rev1=1 crypto rx=0 tx=0 comp rx=0 tx=0).stop
2024-03-28T17:54:43.121 INFO:teuthology.orchestra.run.smithi022.stdout:/usr/bin/ceph: stderr
2024-03-28T17:54:42.084+0000 7f9fc4000700 1 -- 172.21.15.22:0/3462116138 >> 172.21.15.22:0/3462116138 conn(0x7f9fbc1020a0 msgr2=0x7f9fbc1044c0 unknown :-1 s=STATE_NONE l=0).mark_down
2024-03-28T17:54:43.121 INFO:teuthology.orchestra.run.smithi022.stdout:/usr/bin/ceph: stderr
2024-03-28T17:54:42.085+0000 7f9fc4000700 1 -- 172.21.15.22:0/3462116138 shutdown_connections
2024-03-28T17:54:43.121 INFO:teuthology.orchestra.run.smithi022.stdout:/usr/bin/ceph: stderr
2024-03-28T17:54:42.085+0000 7f9fc4000700 1 -- 172.21.15.22:0/3462116138 wait complete.
2024-03-28T17:54:43.121 INFO:teuthology.orchestra.run.smithi022.stdout:/usr/bin/ceph: stderr
2024-03-28T17:54:42.086+0000 7f9fc4000700 1 Processor -- start
2024-03-28T17:54:43.124 INFO:teuthology.orchestra.run.smithi022.stdout:/usr/bin/ceph: stderr
2024-03-28T17:54:42.086+0000 7f9fc4000700 1 -- start start
2024-03-28T17:54:43.125 INFO:teuthology.orchestra.run.smithi022.stdout:/usr/bin/ceph: stderr
2024-03-28T17:54:42.086+0000 7f9fc4000700 1 --2- >> [v2:172.21.15.22:3300/0,v1:172.21.15.22:6789/0] conn(0x7f9fbc1086f0 0x7f9fbc19bb60 unknown :-1 s=NONE pgs=0 cs=0 l=1 rev1=0 crypto rx=0 tx=0 comp rx=0 tx=0).connect
2024-03-28T17:54:43.125 INFO:teuthology.orchestra.run.smithi022.stdout:/usr/bin/ceph: stderr
2024-03-28T17:54:42.086+0000 7f9fc4000700 1 -- --> [v2:172.21.15.22:3300/0,v1:172.21.15.22:6789/0] -- mon_getmap magic: 0 v1 -- 0x7f9fbc10bf80 con 0x7f9fbc1086f0
2024-03-28T17:54:43.125 INFO:teuthology.orchestra.run.smithi022.stdout:/usr/bin/ceph: stderr
2024-03-28T17:54:42.086+0000 7f9fc1600700 1 --2- >> [v2:172.21.15.22:3300/0,v1:172.21.15.22:6789/0] conn(0x7f9fbc1086f0 0x7f9fbc19bb60 unknown :-1 s=BANNER_CONNECTING pgs=0 cs=0 l=1 rev1=0 crypto rx=0 tx=0 comp rx=0 tx=0)._handle_peer_banner_payload supported=3 required=0
2024-03-28T17:54:43.125 INFO:teuthology.orchestra.run.smithi022.stdout:/usr/bin/ceph: stderr
2024-03-28T17:54:42.086+0000 7f9fc1600700 1 --2- >> [v2:172.21.15.22:3300/0,v1:172.21.15.22:6789/0] conn(0x7f9fbc1086f0 0x7f9fbc19bb60 unknown :-1 s=HELLO_CONNECTING pgs=0 cs=0 l=1 rev1=1 crypto rx=0 tx=0 comp rx=0 tx=0).handle_hello peer v2:172.21.15.22:3300/0 says I am v2:172.21.15.22:45876/0 (socket says 172.21.15.22:45876)
2024-03-28T17:54:43.125 INFO:teuthology.orchestra.run.smithi022.stdout:/usr/bin/ceph: stderr
2024-03-28T17:54:42.086+0000 7f9fc1600700 1 -- 172.21.15.22:0/1949255521 learned_addr learned my addr 172.21.15.22:0/1949255521 (peer_addr_for_me v2:172.21.15.22:0/0)
2024-03-28T17:54:43.125 INFO:teuthology.orchestra.run.smithi022.stdout:/usr/bin/ceph: stderr
2024-03-28T17:54:42.087+0000 7f9fc1600700 1 -- 172.21.15.22:0/1949255521 --> [v2:172.21.15.22:3300/0,v1:172.21.15.22:6789/0] -- mon_subscribe({config=0+,monmap=0+}) v3 -- 0x7f9fbc19c0a0 con 0x7f9fbc1086f0
2024-03-28T17:54:43.125 INFO:teuthology.orchestra.run.smithi022.stdout:/usr/bin/ceph: stderr
2024-03-28T17:54:42.087+0000 7f9fc1600700 1 --2- 172.21.15.22:0/1949255521 >> [v2:172.21.15.22:3300/0,v1:172.21.15.22:6789/0] conn(0x7f9fbc1086f0 0x7f9fbc19bb60 secure :-1 s=READY pgs=44 cs=0 l=1 rev1=1 crypto rx=0x7f9fb0004180 tx=0x7f9fb00046a0 comp rx=0 tx=0).ready entity=mon.0 client_cookie=0 server_cookie=0 in_seq=0 out_seq=0
2024-03-28T17:54:43.125 INFO:teuthology.orchestra.run.smithi022.stdout:/usr/bin/ceph: stderr
2024-03-28T17:54:42.087+0000 7f9fba000700 1 -- 172.21.15.22:0/1949255521 <== mon.0 v2:172.21.15.22:3300/0 1 ==== mon_map magic: 0 v1 ==== 205+0+0 (secure 0 0 0) 0x7f9fb00039e0 con 0x7f9fbc1086f0
2024-03-28T17:54:43.125 INFO:teuthology.orchestra.run.smithi022.stdout:/usr/bin/ceph: stderr
2024-03-28T17:54:42.087+0000 7f9fba000700 1 -- 172.21.15.22:0/1949255521 <== mon.0 v2:172.21.15.22:3300/0 2 ==== config(27 keys) v1 ==== 1105+0+0 (secure 0 0 0) 0x7f9fb0020070 con 0x7f9fbc1086f0
2024-03-28T17:54:43.125 INFO:teuthology.orchestra.run.smithi022.stdout:/usr/bin/ceph: stderr
2024-03-28T17:54:42.087+0000 7f9fc4000700 1 -- 172.21.15.22:0/1949255521 --> [v2:172.21.15.22:3300/0,v1:172.21.15.22:6789/0] -- mon_subscribe({mgrmap=0+}) v3 -- 0x7f9fbc19c330 con 0x7f9fbc1086f0
2024-03-28T17:54:43.125 INFO:teuthology.orchestra.run.smithi022.stdout:/usr/bin/ceph: stderr
2024-03-28T17:54:42.087+0000 7f9fba000700 1 -- 172.21.15.22:0/1949255521 <== mon.0 v2:172.21.15.22:3300/0 3 ==== mon_map magic: 0 v1 ==== 205+0+0 (secure 0 0 0) 0x7f9fb00193c0 con 0x7f9fbc1086f0
2024-03-28T17:54:43.125 INFO:teuthology.orchestra.run.smithi022.stdout:/usr/bin/ceph: stderr
2024-03-28T17:54:42.088+0000 7f9fc4000700 1 -- 172.21.15.22:0/1949255521 --> [v2:172.21.15.22:3300/0,v1:172.21.15.22:6789/0] -- mon_subscribe({osdmap=0}) v3 -- 0x7f9fbc19f020 con 0x7f9fbc1086f0
2024-03-28T17:54:43.125 INFO:teuthology.orchestra.run.smithi022.stdout:/usr/bin/ceph: stderr
2024-03-28T17:54:42.089+0000 7f9fba000700 1 -- 172.21.15.22:0/1949255521 <== mon.0 v2:172.21.15.22:3300/0 4 ==== mgrmap(e 8) v1 ==== 46106+0+0 (secure 0 0 0) 0x7f9fb001a430 con 0x7f9fbc1086f0
2024-03-28T17:54:43.125 INFO:teuthology.orchestra.run.smithi022.stdout:/usr/bin/ceph: stderr
2024-03-28T17:54:42.089+0000 7f9faf400700 1 -- 172.21.15.22:0/1949255521 --> [v2:172.21.15.22:3300/0,v1:172.21.15.22:6789/0] -- mon_command({"prefix": "get_command_descriptions"} v 0) v1 -- 0x7f9f98005330 con 0x7f9fbc1086f0
2024-03-28T17:54:43.126 INFO:teuthology.orchestra.run.smithi022.stdout:/usr/bin/ceph: stderr
2024-03-28T17:54:42.089+0000 7f9fba000700 1 --2- 172.21.15.22:0/1949255521 >> [v2:172.21.15.22:6800/730635939,v1:172.21.15.22:6801/730635939] conn(0x7f9fa4038f70 0x7f9fa403b430 unknown :-1 s=NONE pgs=0 cs=0 l=1 rev1=0 crypto rx=0 tx=0 comp rx=0 tx=0).connect
2024-03-28T17:54:43.126 INFO:teuthology.orchestra.run.smithi022.stdout:/usr/bin/ceph: stderr
2024-03-28T17:54:42.089+0000 7f9fba000700 1 -- 172.21.15.22:0/1949255521 <== mon.0 v2:172.21.15.22:3300/0 5 ==== osd_map(2..2 src has 1..2) v4 ==== 940+0+0 (secure 0 0 0) 0x7f9fb004d0a0 con 0x7f9fbc1086f0
2024-03-28T17:54:43.126 INFO:teuthology.orchestra.run.smithi022.stdout:/usr/bin/ceph: stderr
2024-03-28T17:54:42.090+0000 7f9fc0c00700 1 --2- 172.21.15.22:0/1949255521 >> [v2:172.21.15.22:6800/730635939,v1:172.21.15.22:6801/730635939] conn(0x7f9fa4038f70 0x7f9fa403b430 unknown :-1 s=BANNER_CONNECTING pgs=0 cs=0 l=1 rev1=0 crypto rx=0 tx=0 comp rx=0 tx=0)._handle_peer_banner_payload supported=3 required=0
2024-03-28T17:54:43.126 INFO:teuthology.orchestra.run.smithi022.stdout:/usr/bin/ceph: stderr
2024-03-28T17:54:42.090+0000 7f9fc0c00700 1 --2- 172.21.15.22:0/1949255521 >> [v2:172.21.15.22:6800/730635939,v1:172.21.15.22:6801/730635939] conn(0x7f9fa4038f70 0x7f9fa403b430 secure :-1 s=READY pgs=10 cs=0 l=1 rev1=1 crypto rx=0x7f9fa8006fd0 tx=0x7f9fa8006e40 comp rx=0 tx=0).ready entity=mgr.14120 client_cookie=0 server_cookie=0 in_seq=0 out_seq=0
2024-03-28T17:54:43.126 INFO:teuthology.orchestra.run.smithi022.stdout:/usr/bin/ceph: stderr
2024-03-28T17:54:42.095+0000 7f9fba000700 1 -- 172.21.15.22:0/1949255521 <== mon.0 v2:172.21.15.22:3300/0 6 ==== mon_command_ack([{"prefix": "get_command_descriptions"}]=0 v0) v1 ==== 72+0+186149 (secure 0 0 0) 0x7f9fb0023370 con 0x7f9fbc1086f0
2024-03-28T17:54:43.126 INFO:teuthology.orchestra.run.smithi022.stdout:/usr/bin/ceph: stderr
2024-03-28T17:54:42.323+0000 7f9faf400700 1 -- 172.21.15.22:0/1949255521 --> [v2:172.21.15.22:6800/730635939,v1:172.21.15.22:6801/730635939] -- mgr_command(tid 0: {"prefix": "cephadm get-pub-key", "target": ["mon-mgr", ""]}) v1 -- 0x7f9f98000bc0 con 0x7f9fa4038f70
2024-03-28T17:54:43.126 INFO:teuthology.orchestra.run.smithi022.stdout:/usr/bin/ceph: stderr
2024-03-28T17:54:42.324+0000 7f9fba000700 1 -- 172.21.15.22:0/1949255521 <== mgr.14120 v2:172.21.15.22:6800/730635939 1 ==== mgr_command_reply(tid 0: 0 ) v1 ==== 8+0+595 (secure 0 0 0) 0x7f9f98000bc0 con 0x7f9fa4038f70
2024-03-28T17:54:43.126 INFO:teuthology.orchestra.run.smithi022.stdout:/usr/bin/ceph: stderr
2024-03-28T17:54:42.327+0000 7f9faf400700 1 -- 172.21.15.22:0/1949255521 >> [v2:172.21.15.22:6800/730635939,v1:172.21.15.22:6801/730635939] conn(0x7f9fa4038f70 msgr2=0x7f9fa403b430 secure :-1 s=STATE_CONNECTION_ESTABLISHED l=1).mark_down
2024-03-28T17:54:43.126 INFO:teuthology.orchestra.run.smithi022.stdout:/usr/bin/ceph: stderr
2024-03-28T17:54:42.327+0000 7f9faf400700 1 --2- 172.21.15.22:0/1949255521 >> [v2:172.21.15.22:6800/730635939,v1:172.21.15.22:6801/730635939] conn(0x7f9fa4038f70 0x7f9fa403b430 secure :-1 s=READY pgs=10 cs=0 l=1 rev1=1 crypto rx=0x7f9fa8006fd0 tx=0x7f9fa8006e40 comp rx=0 tx=0).stop
2024-03-28T17:54:43.126 INFO:teuthology.orchestra.run.smithi022.stdout:/usr/bin/ceph: stderr
2024-03-28T17:54:42.327+0000 7f9faf400700 1 -- 172.21.15.22:0/1949255521 >> [v2:172.21.15.22:3300/0,v1:172.21.15.22:6789/0] conn(0x7f9fbc1086f0 msgr2=0x7f9fbc19bb60 secure :-1 s=STATE_CONNECTION_ESTABLISHED l=1).mark_down
2024-03-28T17:54:43.126 INFO:teuthology.orchestra.run.smithi022.stdout:/usr/bin/ceph: stderr
2024-03-28T17:54:42.327+0000 7f9faf400700 1 --2- 172.21.15.22:0/1949255521 >> [v2:172.21.15.22:3300/0,v1:172.21.15.22:6789/0] conn(0x7f9fbc1086f0 0x7f9fbc19bb60 secure :-1 s=READY pgs=44 cs=0 l=1 rev1=1 crypto rx=0x7f9fb0004180 tx=0x7f9fb00046a0 comp rx=0 tx=0).stop
2024-03-28T17:54:43.126 INFO:teuthology.orchestra.run.smithi022.stdout:/usr/bin/ceph: stderr
2024-03-28T17:54:42.327+0000 7f9faf400700 1 -- 172.21.15.22:0/1949255521 shutdown_connections
2024-03-28T17:54:43.126 INFO:teuthology.orchestra.run.smithi022.stdout:/usr/bin/ceph: stderr
2024-03-28T17:54:42.327+0000 7f9faf400700 1 --2- 172.21.15.22:0/1949255521 >> [v2:172.21.15.22:6800/730635939,v1:172.21.15.22:6801/730635939] conn(0x7f9fa4038f70 0x7f9fa403b430 unknown :-1 s=CLOSED pgs=10 cs=0 l=1 rev1=1 crypto rx=0 tx=0 comp rx=0 tx=0).stop
2024-03-28T17:54:43.126 INFO:teuthology.orchestra.run.smithi022.stdout:/usr/bin/ceph: stderr
2024-03-28T17:54:42.327+0000 7f9faf400700 1 --2- 172.21.15.22:0/1949255521 >> [v2:172.21.15.22:3300/0,v1:172.21.15.22:6789/0] conn(0x7f9fbc1086f0 0x7f9fbc19bb60 unknown :-1 s=CLOSED pgs=44 cs=0 l=1 rev1=1 crypto rx=0 tx=0 comp rx=0 tx=0).stop
2024-03-28T17:54:43.126 INFO:teuthology.orchestra.run.smithi022.stdout:/usr/bin/ceph: stderr
2024-03-28T17:54:42.327+0000 7f9faf400700 1 -- 172.21.15.22:0/1949255521 >> 172.21.15.22:0/1949255521 conn(0x7f9fbc1020a0 msgr2=0x7f9fbc102bb0 unknown :-1 s=STATE_NONE l=0).mark_down
2024-03-28T17:54:43.127 INFO:teuthology.orchestra.run.smithi022.stdout:/usr/bin/ceph: stderr
2024-03-28T17:54:42.327+0000 7f9faf400700 1 -- 172.21.15.22:0/1949255521 shutdown_connections
2024-03-28T17:54:43.127 INFO:teuthology.orchestra.run.smithi022.stdout:/usr/bin/ceph: stderr
2024-03-28T17:54:42.327+0000 7f9faf400700 1 -- 172.21.15.22:0/1949255521 wait complete.
2024-03-28T17:54:43.127 INFO:teuthology.orchestra.run.smithi022.stdout:Wrote public SSH key to /home/ubuntu/cephtest/ceph.pub
2024-03-28T17:54:43.127 INFO:teuthology.orchestra.run.smithi022.stdout:Adding key to root@localhost authorized_keys...
2024-03-28T17:54:43.127 INFO:teuthology.orchestra.run.smithi022.stdout:Adding host smithi022...
2024-03-28T17:54:43.324 INFO:journalctl@ceph.mon.a.smithi022.stdout:Mar 28 17:54:43 smithi022 ceph-mon[31985]: from='client.14138 -' entity='client.admin' cmd=[{"prefix": "cephadm get-pub-key", "target": ["mon-mgr", ""]}]: dispatch
2024-03-28T17:54:45.489 INFO:journalctl@ceph.mon.a.smithi022.stdout:Mar 28 17:54:45 smithi022 ceph-mon[31985]: from='client.14140 -' entity='client.admin' cmd=[{"prefix": "orch host add", "hostname": "smithi022", "addr": "172.21.15.22", "target": ["mon-mgr", ""]}]: dispatch
2024-03-28T17:54:46.196 INFO:journalctl@ceph.mon.a.smithi022.stdout:Mar 28 17:54:46 smithi022 ceph-mon[31985]: Deploying cephadm binary to smithi022
2024-03-28T17:54:51.395 INFO:teuthology.orchestra.run.smithi022.stdout:/usr/bin/ceph: stdout Added host 'smithi022' with addr '172.21.15.22'
2024-03-28T17:54:51.395 INFO:teuthology.orchestra.run.smithi022.stdout:/usr/bin/ceph: stderr
2024-03-28T17:54:43.739+0000 7f0a7b200700 1 Processor -- start
2024-03-28T17:54:51.395 INFO:teuthology.orchestra.run.smithi022.stdout:/usr/bin/ceph: stderr
2024-03-28T17:54:43.739+0000 7f0a7b200700 1 -- start start
2024-03-28T17:54:51.395 INFO:teuthology.orchestra.run.smithi022.stdout:/usr/bin/ceph: stderr
2024-03-28T17:54:43.739+0000 7f0a7b200700 1 --2- >> [v2:172.21.15.22:3300/0,v1:172.21.15.22:6789/0] conn(0x7f0a7c109bc0 0x7f0a7c109fe0 unknown :-1 s=NONE pgs=0 cs=0 l=0 rev1=0 crypto rx=0 tx=0 comp rx=0 tx=0).connect
2024-03-28T17:54:51.395 INFO:teuthology.orchestra.run.smithi022.stdout:/usr/bin/ceph: stderr
2024-03-28T17:54:43.739+0000 7f0a7b200700 1 -- --> [v2:172.21.15.22:3300/0,v1:172.21.15.22:6789/0] -- mon_getmap magic: 0 v1 -- 0x7f0a7c10a5b0 con 0x7f0a7c109bc0
2024-03-28T17:54:51.395 INFO:teuthology.orchestra.run.smithi022.stdout:/usr/bin/ceph: stderr
2024-03-28T17:54:43.740+0000 7f0a79e00700 1 --2- >> [v2:172.21.15.22:3300/0,v1:172.21.15.22:6789/0] conn(0x7f0a7c109bc0 0x7f0a7c109fe0 unknown :-1 s=BANNER_CONNECTING pgs=0 cs=0 l=0 rev1=0 crypto rx=0 tx=0 comp rx=0 tx=0)._handle_peer_banner_payload supported=3 required=0
2024-03-28T17:54:51.395 INFO:teuthology.orchestra.run.smithi022.stdout:/usr/bin/ceph: stderr
2024-03-28T17:54:43.740+0000 7f0a79e00700 1 --2- >> [v2:172.21.15.22:3300/0,v1:172.21.15.22:6789/0] conn(0x7f0a7c109bc0 0x7f0a7c109fe0 unknown :-1 s=HELLO_CONNECTING pgs=0 cs=0 l=0 rev1=1 crypto rx=0 tx=0 comp rx=0 tx=0).handle_hello peer v2:172.21.15.22:3300/0 says I am v2:172.21.15.22:45880/0 (socket says 172.21.15.22:45880)
2024-03-28T17:54:51.395 INFO:teuthology.orchestra.run.smithi022.stdout:/usr/bin/ceph: stderr
2024-03-28T17:54:43.740+0000 7f0a79e00700 1 -- 172.21.15.22:0/1536798347 learned_addr learned my addr 172.21.15.22:0/1536798347 (peer_addr_for_me v2:172.21.15.22:0/0)
2024-03-28T17:54:51.396 INFO:teuthology.orchestra.run.smithi022.stdout:/usr/bin/ceph: stderr
2024-03-28T17:54:43.740+0000 7f0a79e00700 1 -- 172.21.15.22:0/1536798347 --> [v2:172.21.15.22:3300/0,v1:172.21.15.22:6789/0] -- mon_subscribe({config=0+,monmap=0+}) v3 -- 0x7f0a7c10ad70 con 0x7f0a7c109bc0
2024-03-28T17:54:51.396 INFO:teuthology.orchestra.run.smithi022.stdout:/usr/bin/ceph: stderr
2024-03-28T17:54:43.741+0000 7f0a79e00700 1 --2- 172.21.15.22:0/1536798347 >> [v2:172.21.15.22:3300/0,v1:172.21.15.22:6789/0] conn(0x7f0a7c109bc0 0x7f0a7c109fe0 secure :-1 s=READY pgs=45 cs=0 l=1 rev1=1 crypto rx=0x7f0a6c009e80 tx=0x7f0a6c00b330 comp rx=0 tx=0).ready entity=mon.0 client_cookie=531e146d6b274c02 server_cookie=0 in_seq=0 out_seq=0
2024-03-28T17:54:51.396 INFO:teuthology.orchestra.run.smithi022.stdout:/usr/bin/ceph: stderr
2024-03-28T17:54:43.741+0000 7f0a79400700 1 -- 172.21.15.22:0/1536798347 <== mon.0 v2:172.21.15.22:3300/0 1 ==== mon_map magic: 0 v1 ==== 205+0+0 (secure 0 0 0) 0x7f0a6c017070 con 0x7f0a7c109bc0
2024-03-28T17:54:51.396 INFO:teuthology.orchestra.run.smithi022.stdout:/usr/bin/ceph: stderr
2024-03-28T17:54:43.741+0000 7f0a79400700 1 -- 172.21.15.22:0/1536798347 <== mon.0 v2:172.21.15.22:3300/0 2 ==== config(27 keys) v1 ==== 1105+0+0 (secure 0 0 0) 0x7f0a6c00b8c0 con 0x7f0a7c109bc0
2024-03-28T17:54:51.396 INFO:teuthology.orchestra.run.smithi022.stdout:/usr/bin/ceph: stderr
2024-03-28T17:54:43.741+0000 7f0a79400700 1 -- 172.21.15.22:0/1536798347 <== mon.0 v2:172.21.15.22:3300/0 3 ==== mon_map magic: 0 v1 ==== 205+0+0 (secure 0 0 0) 0x7f0a6c0045a0 con 0x7f0a7c109bc0
2024-03-28T17:54:51.396 INFO:teuthology.orchestra.run.smithi022.stdout:/usr/bin/ceph: stderr
2024-03-28T17:54:43.742+0000 7f0a7b200700 1 -- 172.21.15.22:0/1536798347 >> [v2:172.21.15.22:3300/0,v1:172.21.15.22:6789/0] conn(0x7f0a7c109bc0 msgr2=0x7f0a7c109fe0 secure :-1 s=STATE_CONNECTION_ESTABLISHED l=1).mark_down
2024-03-28T17:54:51.396 INFO:teuthology.orchestra.run.smithi022.stdout:/usr/bin/ceph: stderr
2024-03-28T17:54:43.742+0000 7f0a7b200700 1 --2- 172.21.15.22:0/1536798347 >> [v2:172.21.15.22:3300/0,v1:172.21.15.22:6789/0] conn(0x7f0a7c109bc0 0x7f0a7c109fe0 secure :-1 s=READY pgs=45 cs=0 l=1 rev1=1 crypto rx=0x7f0a6c009e80 tx=0x7f0a6c00b330 comp rx=0 tx=0).stop
2024-03-28T17:54:51.396 INFO:teuthology.orchestra.run.smithi022.stdout:/usr/bin/ceph: stderr
2024-03-28T17:54:43.742+0000 7f0a7b200700 1 -- 172.21.15.22:0/1536798347 shutdown_connections
2024-03-28T17:54:51.396 INFO:teuthology.orchestra.run.smithi022.stdout:/usr/bin/ceph: stderr
2024-03-28T17:54:43.742+0000 7f0a7b200700 1 --2- 172.21.15.22:0/1536798347 >> [v2:172.21.15.22:3300/0,v1:172.21.15.22:6789/0] conn(0x7f0a7c109bc0 0x7f0a7c109fe0 unknown :-1 s=CLOSED pgs=45 cs=0 l=1 rev1=1 crypto rx=0 tx=0 comp rx=0 tx=0).stop
2024-03-28T17:54:51.396 INFO:teuthology.orchestra.run.smithi022.stdout:/usr/bin/ceph: stderr
2024-03-28T17:54:43.742+0000 7f0a7b200700 1 -- 172.21.15.22:0/1536798347 >> 172.21.15.22:0/1536798347 conn(0x7f0a7c07cfe0 msgr2=0x7f0a7c07d410 unknown :-1 s=STATE_NONE l=0).mark_down
2024-03-28T17:54:51.396 INFO:teuthology.orchestra.run.smithi022.stdout:/usr/bin/ceph: stderr
